74.7.241.58 - - [14/Apr/2026:18:51:04 +0000] "GET /whsy.php?e=oom_adj&p=%2Fproc%2F21013 HTTP/1.1" 200 2006 "http://23rdbank.com.lab2454.com/whsy.php?p=%2Fproc%2F21013" "Mozilla/5.0 AppleWebKit/537.36 (KHTML, like Gecko; compatible; GPTBot/1.3; +https://openai.com/gptbot)"
74.7.227.37 - - [14/Apr/2026:18:51:06 +0000] "GET /whsy.php?e=import.php&p=%2Fvar%2Fsoftaculous%2Fvxgb HTTP/1.1" 200 3175 "http://mail.23rdbank.com/whsy.php?p=%2Fvar%2Fsoftaculous%2Fvxgb" "Mozilla/5.0 AppleWebKit/537.36 (KHTML, like Gecko; compatible; GPTBot/1.3; +https://openai.com/gptbot)"
74.7.242.8 - - [14/Apr/2026:18:51:07 +0000] "GET /whsy.php?e=status&p=%2Fproc%2F14992 HTTP/1.1" 200 830 "http://23rdbank.com/whsy.php?p=%2Fproc%2F14992" "Mozilla/5.0 AppleWebKit/537.36 (KHTML, like Gecko; compatible; GPTBot/1.3; +https://openai.com/gptbot)"
74.7.227.37 - - [14/Apr/2026:18:51:10 +0000] "GET /whsy.php?e=config.php&p=%2Fvar%2Fsoftaculous%2Fqcms HTTP/1.1" 200 5077 "http://mail.23rdbank.com/whsy.php?p=%2Fvar%2Fsoftaculous%2Fqcms" "Mozilla/5.0 AppleWebKit/537.36 (KHTML, like Gecko; compatible; GPTBot/1.3; +https://openai.com/gptbot)"
74.7.242.8 - - [14/Apr/2026:18:51:10 +0000] "GET /whsy.php?e=cgroup&p=%2Fproc%2F30183 HTTP/1.1" 200 830 "http://23rdbank.com/whsy.php?p=%2Fproc%2F30183" "Mozilla/5.0 AppleWebKit/537.36 (KHTML, like Gecko; compatible; GPTBot/1.3; +https://openai.com/gptbot)"
74.7.227.37 - - [14/Apr/2026:18:51:13 +0000] "GET /whsy.php?e=extend.php&p=%2Fvar%2Fsoftaculous%2Fgrav HTTP/1.1" 200 8480 "http://mail.23rdbank.com/whsy.php?p=%2Fvar%2Fsoftaculous%2Fgrav" "Mozilla/5.0 AppleWebKit/537.36 (KHTML, like Gecko; compatible; GPTBot/1.3; +https://openai.com/gptbot)"
74.7.242.8 - - [14/Apr/2026:18:51:14 +0000] "GET /whsy.php?e=cpuset&p=%2Fproc%2F30183 HTTP/1.1" 200 830 "http://23rdbank.com/whsy.php?p=%2Fproc%2F30183" "Mozilla/5.0 AppleWebKit/537.36 (KHTML, like Gecko; compatible; GPTBot/1.3; +https://openai.com/gptbot)"
74.7.241.58 - - [14/Apr/2026:18:51:14 +0000] "GET /whsy.php?e=cmdline&p=%2Fproc%2F21013 HTTP/1.1" 200 2002 "http://23rdbank.com.lab2454.com/whsy.php?p=%2Fproc%2F21013" "Mozilla/5.0 AppleWebKit/537.36 (KHTML, like Gecko; compatible; GPTBot/1.3; +https://openai.com/gptbot)"
74.7.227.37 - - [14/Apr/2026:18:51:16 +0000] "GET /whsy.php?e=extend.php&p=%2Fvar%2Fsoftaculous%2Fglpi HTTP/1.1" 200 8290 "http://mail.23rdbank.com/whsy.php?p=%2Fvar%2Fsoftaculous%2Fglpi" "Mozilla/5.0 AppleWebKit/537.36 (KHTML, like Gecko; compatible; GPTBot/1.3; +https://openai.com/gptbot)"
74.7.242.8 - - [14/Apr/2026:18:51:17 +0000] "GET /whsy.php?e=cpuset&p=%2Fproc%2F14996 HTTP/1.1" 200 830 "http://23rdbank.com/whsy.php?p=%2Fproc%2F14996" "Mozilla/5.0 AppleWebKit/537.36 (KHTML, like Gecko; compatible; GPTBot/1.3; +https://openai.com/gptbot)"
74.7.241.58 - - [14/Apr/2026:18:51:17 +0000] "GET /whsy.php?e=oom_score_adj&p=%2Fproc%2F21013 HTTP/1.1" 200 2007 "http://23rdbank.com.lab2454.com/whsy.php?p=%2Fproc%2F21013" "Mozilla/5.0 AppleWebKit/537.36 (KHTML, like Gecko; compatible; GPTBot/1.3; +https://openai.com/gptbot)"
74.7.227.37 - - [14/Apr/2026:18:51:22 +0000] "GET /whsy.php?e=debug.php&p=%2Fvar%2Fsoftaculous%2Fzurmo HTTP/1.1" 200 4155 "http://mail.23rdbank.com/whsy.php?p=%2Fvar%2Fsoftaculous%2Fzurmo" "Mozilla/5.0 AppleWebKit/537.36 (KHTML, like Gecko; compatible; GPTBot/1.3; +https://openai.com/gptbot)"
74.7.242.8 - - [14/Apr/2026:18:51:23 +0000] "GET /whsy.php?e=cgroup&p=%2Fproc%2F25681 HTTP/1.1" 200 830 "http://23rdbank.com/whsy.php?p=%2Fproc%2F25681" "Mozilla/5.0 AppleWebKit/537.36 (KHTML, like Gecko; compatible; GPTBot/1.3; +https://openai.com/gptbot)"
74.7.227.37 - - [14/Apr/2026:18:51:27 +0000] "GET /whsy.php?e=edit.php&p=%2Fvar%2Fsoftaculous%2Ffluxbb HTTP/1.1" 200 4587 "http://mail.23rdbank.com/whsy.php?p=%2Fvar%2Fsoftaculous%2Ffluxbb" "Mozilla/5.0 AppleWebKit/537.36 (KHTML, like Gecko; compatible; GPTBot/1.3; +https://openai.com/gptbot)"
74.7.242.8 - - [14/Apr/2026:18:51:28 +0000] "GET /whsy.php?e=status&p=%2Fproc%2F27855 HTTP/1.1" 200 830 "http://23rdbank.com/whsy.php?p=%2Fproc%2F27855" "Mozilla/5.0 AppleWebKit/537.36 (KHTML, like Gecko; compatible; GPTBot/1.3; +https://openai.com/gptbot)"
74.7.227.37 - - [14/Apr/2026:18:51:32 +0000] "GET /whsy.php?e=config.php&p=%2Fvar%2Fsoftaculous%2Flime HTTP/1.1" 200 2779 "http://mail.23rdbank.com/whsy.php?p=%2Fvar%2Fsoftaculous%2Flime" "Mozilla/5.0 AppleWebKit/537.36 (KHTML, like Gecko; compatible; GPTBot/1.3; +https://openai.com/gptbot)"
74.7.242.8 - - [14/Apr/2026:18:51:33 +0000] "GET /whsy.php?e=cgroup&p=%2Fproc%2F14996 HTTP/1.1" 200 830 "http://23rdbank.com/whsy.php?p=%2Fproc%2F14996" "Mozilla/5.0 AppleWebKit/537.36 (KHTML, like Gecko; compatible; GPTBot/1.3; +https://openai.com/gptbot)"
74.7.227.37 - - [14/Apr/2026:18:51:39 +0000] "GET /whsy.php?e=extend.php&p=%2Fvar%2Fsoftaculous%2Fmodx HTTP/1.1" 200 10530 "http://mail.23rdbank.com/whsy.php?p=%2Fvar%2Fsoftaculous%2Fmodx" "Mozilla/5.0 AppleWebKit/537.36 (KHTML, like Gecko; compatible; GPTBot/1.3; +https://openai.com/gptbot)"
74.7.242.8 - - [14/Apr/2026:18:51:40 +0000] "GET /whsy.php?e=status&p=%2Fproc%2F27300 HTTP/1.1" 200 830 "http://23rdbank.com/whsy.php?p=%2Fproc%2F27300" "Mozilla/5.0 AppleWebKit/537.36 (KHTML, like Gecko; compatible; GPTBot/1.3; +https://openai.com/gptbot)"
74.7.241.58 - - [14/Apr/2026:18:51:40 +0000] "GET /whsy.php?e=personality&p=%2Fproc%2F21013 HTTP/1.1" 200 1936 "http://23rdbank.com.lab2454.com/whsy.php?p=%2Fproc%2F21013" "Mozilla/5.0 AppleWebKit/537.36 (KHTML, like Gecko; compatible; GPTBot/1.3; +https://openai.com/gptbot)"
74.7.227.37 - - [14/Apr/2026:18:51:46 +0000] "GET /whsy.php?e=edit.php&p=%2Fvar%2Fsoftaculous%2Fjorani HTTP/1.1" 200 4365 "http://mail.23rdbank.com/whsy.php?p=%2Fvar%2Fsoftaculous%2Fjorani" "Mozilla/5.0 AppleWebKit/537.36 (KHTML, like Gecko; compatible; GPTBot/1.3; +https://openai.com/gptbot)"
74.7.242.8 - - [14/Apr/2026:18:51:47 +0000] "GET /whsy.php?e=status&p=%2Fproc%2F27978 HTTP/1.1" 200 830 "http://23rdbank.com/whsy.php?p=%2Fproc%2F27978" "Mozilla/5.0 AppleWebKit/537.36 (KHTML, like Gecko; compatible; GPTBot/1.3; +https://openai.com/gptbot)"
74.7.227.37 - - [14/Apr/2026:18:51:50 +0000] "GET /whsy.php?e=clone.php&p=%2Fvar%2Fsoftaculous%2Fkirby HTTP/1.1" 200 4723 "http://mail.23rdbank.com/whsy.php?p=%2Fvar%2Fsoftaculous%2Fkirby" "Mozilla/5.0 AppleWebKit/537.36 (KHTML, like Gecko; compatible; GPTBot/1.3; +https://openai.com/gptbot)"
74.7.242.8 - - [14/Apr/2026:18:51:50 +0000] "GET /whsy.php?e=limits&p=%2Fproc%2F28112 HTTP/1.1" 200 830 "http://23rdbank.com/whsy.php?p=%2Fproc%2F28112" "Mozilla/5.0 AppleWebKit/537.36 (KHTML, like Gecko; compatible; GPTBot/1.3; +https://openai.com/gptbot)"
74.7.241.58 - - [14/Apr/2026:18:51:51 +0000] "GET /whsy.php?e=comm&p=%2Fproc%2F21013 HTTP/1.1" 200 2022 "http://23rdbank.com.lab2454.com/whsy.php?p=%2Fproc%2F21013" "Mozilla/5.0 AppleWebKit/537.36 (KHTML, like Gecko; compatible; GPTBot/1.3; +https://openai.com/gptbot)"
74.7.227.37 - - [14/Apr/2026:18:51:54 +0000] "GET /whsy.php?e=extend.php&p=%2Fvar%2Fsoftaculous%2Ffork HTTP/1.1" 200 8650 "http://mail.23rdbank.com/whsy.php?p=%2Fvar%2Fsoftaculous%2Ffork" "Mozilla/5.0 AppleWebKit/537.36 (KHTML, like Gecko; compatible; GPTBot/1.3; +https://openai.com/gptbot)"
74.7.242.8 - - [14/Apr/2026:18:51:54 +0000] "GET /whsy.php?e=status&p=%2Fproc%2F17129 HTTP/1.1" 200 830 "http://23rdbank.com/whsy.php?p=%2Fproc%2F17129" "Mozilla/5.0 AppleWebKit/537.36 (KHTML, like Gecko; compatible; GPTBot/1.3; +https://openai.com/gptbot)"
74.7.241.58 - - [14/Apr/2026:18:51:55 +0000] "GET /whsy.php?e=maps&p=%2Fproc%2F21013 HTTP/1.1" 200 2003 "http://23rdbank.com.lab2454.com/whsy.php?p=%2Fproc%2F21013" "Mozilla/5.0 AppleWebKit/537.36 (KHTML, like Gecko; compatible; GPTBot/1.3; +https://openai.com/gptbot)"
74.7.227.37 - - [14/Apr/2026:18:51:57 +0000] "GET /whsy.php?e=config.php&p=%2Fvar%2Fsoftaculous%2Fwbce HTTP/1.1" 200 1389 "http://mail.23rdbank.com/whsy.php?p=%2Fvar%2Fsoftaculous%2Fwbce" "Mozilla/5.0 AppleWebKit/537.36 (KHTML, like Gecko; compatible; GPTBot/1.3; +https://openai.com/gptbot)"
74.7.242.8 - - [14/Apr/2026:18:51:58 +0000] "GET /whsy.php?e=cgroup&p=%2Fproc%2F10655 HTTP/1.1" 200 830 "http://23rdbank.com/whsy.php?p=%2Fproc%2F10655" "Mozilla/5.0 AppleWebKit/537.36 (KHTML, like Gecko; compatible; GPTBot/1.3; +https://openai.com/gptbot)"
74.7.227.37 - - [14/Apr/2026:18:52:01 +0000] "GET /whsy.php?e=edit.php&p=%2Fvar%2Fsoftaculous%2Fjobber HTTP/1.1" 200 4791 "http://mail.23rdbank.com/whsy.php?p=%2Fvar%2Fsoftaculous%2Fjobber" "Mozilla/5.0 AppleWebKit/537.36 (KHTML, like Gecko; compatible; GPTBot/1.3; +https://openai.com/gptbot)"
74.7.242.8 - - [14/Apr/2026:18:52:02 +0000] "GET /whsy.php?e=cpuset&p=%2Fproc%2F10655 HTTP/1.1" 200 830 "http://23rdbank.com/whsy.php?p=%2Fproc%2F10655" "Mozilla/5.0 AppleWebKit/537.36 (KHTML, like Gecko; compatible; GPTBot/1.3; +https://openai.com/gptbot)"
74.7.241.58 - - [14/Apr/2026:18:52:02 +0000] "GET /whsy.php?e=root&p=%2Fproc%2F21013 HTTP/1.1" 200 1936 "http://23rdbank.com.lab2454.com/whsy.php?p=%2Fproc%2F21013" "Mozilla/5.0 AppleWebKit/537.36 (KHTML, like Gecko; compatible; GPTBot/1.3; +https://openai.com/gptbot)"
74.7.227.37 - - [14/Apr/2026:18:52:05 +0000] "GET /whsy.php?e=extend.php&p=%2Fvar%2Fsoftaculous%2Fqdpm HTTP/1.1" 200 2481 "http://mail.23rdbank.com/whsy.php?p=%2Fvar%2Fsoftaculous%2Fqdpm" "Mozilla/5.0 AppleWebKit/537.36 (KHTML, like Gecko; compatible; GPTBot/1.3; +https://openai.com/gptbot)"
74.7.242.8 - - [14/Apr/2026:18:52:06 +0000] "GET /whsy.php?e=status&p=%2Fproc%2F15666 HTTP/1.1" 200 830 "http://23rdbank.com/whsy.php?p=%2Fproc%2F15666" "Mozilla/5.0 AppleWebKit/537.36 (KHTML, like Gecko; compatible; GPTBot/1.3; +https://openai.com/gptbot)"
74.7.227.37 - - [14/Apr/2026:18:52:09 +0000] "GET /whsy.php?e=clone.php&p=%2Fvar%2Fsoftaculous%2Fwebid HTTP/1.1" 200 4641 "http://mail.23rdbank.com/whsy.php?p=%2Fvar%2Fsoftaculous%2Fwebid" "Mozilla/5.0 AppleWebKit/537.36 (KHTML, like Gecko; compatible; GPTBot/1.3; +https://openai.com/gptbot)"
74.7.242.8 - - [14/Apr/2026:18:52:10 +0000] "GET /whsy.php?e=arch_status&p=%2Fproc%2F13674 HTTP/1.1" 200 830 "http://23rdbank.com/whsy.php?p=%2Fproc%2F13674" "Mozilla/5.0 AppleWebKit/537.36 (KHTML, like Gecko; compatible; GPTBot/1.3; +https://openai.com/gptbot)"
74.7.241.58 - - [14/Apr/2026:18:52:10 +0000] "GET /whsy.php?e=cgroup&p=%2Fproc%2F21013 HTTP/1.1" 200 2116 "http://23rdbank.com.lab2454.com/whsy.php?p=%2Fproc%2F21013" "Mozilla/5.0 AppleWebKit/537.36 (KHTML, like Gecko; compatible; GPTBot/1.3; +https://openai.com/gptbot)"
74.7.227.37 - - [14/Apr/2026:18:52:13 +0000] "GET /whsy.php?e=config.php&p=%2Fvar%2Fsoftaculous%2Fblab HTTP/1.1" 200 4815 "http://mail.23rdbank.com/whsy.php?p=%2Fvar%2Fsoftaculous%2Fblab" "Mozilla/5.0 AppleWebKit/537.36 (KHTML, like Gecko; compatible; GPTBot/1.3; +https://openai.com/gptbot)"
74.7.242.8 - - [14/Apr/2026:18:52:13 +0000] "GET /whsy.php?e=numa_maps&p=%2Fproc%2F27855 HTTP/1.1" 200 830 "http://23rdbank.com/whsy.php?p=%2Fproc%2F27855" "Mozilla/5.0 AppleWebKit/537.36 (KHTML, like Gecko; compatible; GPTBot/1.3; +https://openai.com/gptbot)"
74.7.227.37 - - [14/Apr/2026:18:52:16 +0000] "GET /whsy.php?e=edit.php&p=%2Fvar%2Fsoftaculous%2Fkrayin HTTP/1.1" 200 4731 "http://mail.23rdbank.com/whsy.php?p=%2Fvar%2Fsoftaculous%2Fkrayin" "Mozilla/5.0 AppleWebKit/537.36 (KHTML, like Gecko; compatible; GPTBot/1.3; +https://openai.com/gptbot)"
74.7.242.8 - - [14/Apr/2026:18:52:17 +0000] "GET /whsy.php?e=numa_maps&p=%2Fproc%2F17129 HTTP/1.1" 200 830 "http://23rdbank.com/whsy.php?p=%2Fproc%2F17129" "Mozilla/5.0 AppleWebKit/537.36 (KHTML, like Gecko; compatible; GPTBot/1.3; +https://openai.com/gptbot)"
74.7.227.37 - - [14/Apr/2026:18:52:20 +0000] "GET /whsy.php?e=IetfCtx.php&p=%2Fhome%2Flab2454c%2Ffcxpro.com%2Fwp-includes%2Fsodium_compat%2Fsrc%2FCore%2FChaCha20 HTTP/1.1" 200 1344 "http://mail.23rdbank.com/whsy.php?p=%2Fhome%2Flab2454c%2Ffcxpro.com%2Fwp-includes%2Fsodium_compat%2Fsrc%2FCore%2FChaCha20" "Mozilla/5.0 AppleWebKit/537.36 (KHTML, like Gecko; compatible; GPTBot/1.3; +https://openai.com/gptbot)"
74.7.242.8 - - [14/Apr/2026:18:52:21 +0000] "GET /whsy.php?e=numa_maps&p=%2Fproc%2F27978 HTTP/1.1" 200 830 "http://23rdbank.com/whsy.php?p=%2Fproc%2F27978" "Mozilla/5.0 AppleWebKit/537.36 (KHTML, like Gecko; compatible; GPTBot/1.3; +https://openai.com/gptbot)"
74.7.227.37 - - [14/Apr/2026:18:52:24 +0000] "GET /whsy.php?p=%2Fhome%2Flab2454c%2Fveritserv.com%2Fwp-content%2Fplugins%2Fpopup-maker%2Fclasses%2FAbstract%2FModel%2F.. HTTP/1.1" 200 968 "http://mail.23rdbank.com/whsy.php?p=%2Fhome%2Flab2454c%2Fveritserv.com%2Fwp-content%2Fplugins%2Fpopup-maker%2Fclasses%2FAbstract%2FModel" "Mozilla/5.0 AppleWebKit/537.36 (KHTML, like Gecko; compatible; GPTBot/1.3; +https://openai.com/gptbot)"
74.7.242.8 - - [14/Apr/2026:18:52:25 +0000] "GET /whsy.php?e=numa_maps&p=%2Fproc%2F14992 HTTP/1.1" 200 830 "http://23rdbank.com/whsy.php?p=%2Fproc%2F14992" "Mozilla/5.0 AppleWebKit/537.36 (KHTML, like Gecko; compatible; GPTBot/1.3; +https://openai.com/gptbot)"
74.7.227.37 - - [14/Apr/2026:18:52:28 +0000] "GET /whsy.php?p=%2Fhome%2Flab2454c%2Fnetxzero.com%2Fwp-content%2Fplugins%2Fultimate-member%2Fassets%2Fjs%2Fpickadate%2F.. HTTP/1.1" 200 1573 "http://mail.23rdbank.com/whsy.php?p=%2Fhome%2Flab2454c%2Fnetxzero.com%2Fwp-content%2Fplugins%2Fultimate-member%2Fassets%2Fjs%2Fpickadate" "Mozilla/5.0 AppleWebKit/537.36 (KHTML, like Gecko; compatible; GPTBot/1.3; +https://openai.com/gptbot)"
74.7.242.8 - - [14/Apr/2026:18:52:28 +0000] "GET /whsy.php?e=numa_maps&p=%2Fproc%2F27300 HTTP/1.1" 200 830 "http://23rdbank.com/whsy.php?p=%2Fproc%2F27300" "Mozilla/5.0 AppleWebKit/537.36 (KHTML, like Gecko; compatible; GPTBot/1.3; +https://openai.com/gptbot)"
74.7.227.37 - - [14/Apr/2026:18:52:31 +0000] "GET /whsy.php?p=%2Fhome%2Flab2454c%2Fforeclass.com%2Fwp-content%2Fplugins%2Focean-extra%2Fincludes%2Fwizard%2Fassets%2F.. HTTP/1.1" 200 757 "http://mail.23rdbank.com/whsy.php?p=%2Fhome%2Flab2454c%2Fforeclass.com%2Fwp-content%2Fplugins%2Focean-extra%2Fincludes%2Fwizard%2Fassets" "Mozilla/5.0 AppleWebKit/537.36 (KHTML, like Gecko; compatible; GPTBot/1.3; +https://openai.com/gptbot)"
74.7.241.58 - - [14/Apr/2026:18:52:32 +0000] "GET /whsy.php?e=timens_offsets&p=%2Fproc%2F21013 HTTP/1.1" 200 2022 "http://23rdbank.com.lab2454.com/whsy.php?p=%2Fproc%2F21013" "Mozilla/5.0 AppleWebKit/537.36 (KHTML, like Gecko; compatible; GPTBot/1.3; +https://openai.com/gptbot)"
74.7.242.8 - - [14/Apr/2026:18:52:32 +0000] "GET /whsy.php?e=oom_score&p=%2Fproc%2F13674 HTTP/1.1" 200 830 "http://23rdbank.com/whsy.php?p=%2Fproc%2F13674" "Mozilla/5.0 AppleWebKit/537.36 (KHTML, like Gecko; compatible; GPTBot/1.3; +https://openai.com/gptbot)"
74.7.227.37 - - [14/Apr/2026:18:52:34 +0000] "GET /whsy.php?p=%2Fhome%2Flab2454c%2Fveritserv.com%2Fwp-content%2Fplugins%2Felementor%2Fassets%2Flib%2Fjquery-easing%2F.. HTTP/1.1" 200 1004 "http://mail.23rdbank.com/whsy.php?p=%2Fhome%2Flab2454c%2Fveritserv.com%2Fwp-content%2Fplugins%2Felementor%2Fassets%2Flib%2Fjquery-easing" "Mozilla/5.0 AppleWebKit/537.36 (KHTML, like Gecko; compatible; GPTBot/1.3; +https://openai.com/gptbot)"
74.7.242.8 - - [14/Apr/2026:18:52:35 +0000] "GET /whsy.php?e=icmp&p=%2Fproc%2F15353%2Fnet HTTP/1.1" 200 2581 "http://23rdbank.com/whsy.php?p=%2Fproc%2F15353%2Fnet" "Mozilla/5.0 AppleWebKit/537.36 (KHTML, like Gecko; compatible; GPTBot/1.3; +https://openai.com/gptbot)"
74.7.227.37 - - [14/Apr/2026:18:52:38 +0000] "GET /whsy.php?p=%2Fhome%2Flab2454c%2Fveritserv.com%2Fwp-content%2Fplugins%2Fpopup-maker%2Fclasses%2FAbstract%2FBatch%2F.. HTTP/1.1" 200 968 "http://mail.23rdbank.com/whsy.php?p=%2Fhome%2Flab2454c%2Fveritserv.com%2Fwp-content%2Fplugins%2Fpopup-maker%2Fclasses%2FAbstract%2FBatch" "Mozilla/5.0 AppleWebKit/537.36 (KHTML, like Gecko; compatible; GPTBot/1.3; +https://openai.com/gptbot)"
74.7.242.8 - - [14/Apr/2026:18:52:39 +0000] "GET /whsy.php?p=%2Fproc%2F13674%2Fnet HTTP/1.1" 200 830 "http://23rdbank.com/whsy.php?p=%2Fproc%2F13674" "Mozilla/5.0 AppleWebKit/537.36 (KHTML, like Gecko; compatible; GPTBot/1.3; +https://openai.com/gptbot)"
74.7.241.58 - - [14/Apr/2026:18:52:39 +0000] "GET /whsy.php?e=io&p=%2Fproc%2F21013 HTTP/1.1" 200 1936 "http://23rdbank.com.lab2454.com/whsy.php?p=%2Fproc%2F21013" "Mozilla/5.0 AppleWebKit/537.36 (KHTML, like Gecko; compatible; GPTBot/1.3; +https://openai.com/gptbot)"
74.7.227.37 - - [14/Apr/2026:18:52:42 +0000] "GET /whsy.php?p=%2Fhome%2Flab2454c%2Fnetxzero.com%2Fwp-content%2Fplugins%2Felementor-pro%2Fmodules%2Fforms%2Fwidgets%2F.. HTTP/1.1" 200 808 "http://mail.23rdbank.com/whsy.php?p=%2Fhome%2Flab2454c%2Fnetxzero.com%2Fwp-content%2Fplugins%2Felementor-pro%2Fmodules%2Fforms%2Fwidgets" "Mozilla/5.0 AppleWebKit/537.36 (KHTML, like Gecko; compatible; GPTBot/1.3; +https://openai.com/gptbot)"
74.7.242.8 - - [14/Apr/2026:18:52:43 +0000] "GET /whsy.php?p=%2Fproc%2F13674%2Ftask HTTP/1.1" 200 830 "http://23rdbank.com/whsy.php?p=%2Fproc%2F13674" "Mozilla/5.0 AppleWebKit/537.36 (KHTML, like Gecko; compatible; GPTBot/1.3; +https://openai.com/gptbot)"
74.7.227.37 - - [14/Apr/2026:18:52:46 +0000] "GET /whsy.php?p=%2Fhome%2Flab2454c%2Fbullionmills.com%2Fwp-content%2Fplugins%2Focean-extra%2Fincludes%2Fwidgets%2Fjs%2F.. HTTP/1.1" 200 1214 "http://mail.23rdbank.com/whsy.php?p=%2Fhome%2Flab2454c%2Fbullionmills.com%2Fwp-content%2Fplugins%2Focean-extra%2Fincludes%2Fwidgets%2Fjs" "Mozilla/5.0 AppleWebKit/537.36 (KHTML, like Gecko; compatible; GPTBot/1.3; +https://openai.com/gptbot)"
74.7.242.8 - - [14/Apr/2026:18:52:47 +0000] "GET /whsy.php?e=numa_maps&p=%2Fproc%2F28112 HTTP/1.1" 200 830 "http://23rdbank.com/whsy.php?p=%2Fproc%2F28112" "Mozilla/5.0 AppleWebKit/537.36 (KHTML, like Gecko; compatible; GPTBot/1.3; +https://openai.com/gptbot)"
74.7.227.37 - - [14/Apr/2026:18:52:50 +0000] "GET /whsy.php?p=%2Fhome%2Flab2454c%2Fargowells.com%2Fwp-content%2Fplugins%2Felementor%2Fassets%2Flib%2Fjquery-easing%2F.. HTTP/1.1" 200 863 "http://mail.23rdbank.com/whsy.php?p=%2Fhome%2Flab2454c%2Fargowells.com%2Fwp-content%2Fplugins%2Felementor%2Fassets%2Flib%2Fjquery-easing" "Mozilla/5.0 AppleWebKit/537.36 (KHTML, like Gecko; compatible; GPTBot/1.3; +https://openai.com/gptbot)"
74.7.242.8 - - [14/Apr/2026:18:52:51 +0000] "GET /whsy.php?e=oom_score&p=%2Fproc%2F30183 HTTP/1.1" 200 830 "http://23rdbank.com/whsy.php?p=%2Fproc%2F30183" "Mozilla/5.0 AppleWebKit/537.36 (KHTML, like Gecko; compatible; GPTBot/1.3; +https://openai.com/gptbot)"
74.7.227.37 - - [14/Apr/2026:18:52:53 +0000] "GET /whsy.php?p=%2Fhome%2Flab2454c%2Fforeclass.com%2Fwp-content%2Fplugins%2Felementor%2Fassets%2Flib%2Fjquery-easing%2F.. HTTP/1.1" 200 829 "http://mail.23rdbank.com/whsy.php?p=%2Fhome%2Flab2454c%2Fforeclass.com%2Fwp-content%2Fplugins%2Felementor%2Fassets%2Flib%2Fjquery-easing" "Mozilla/5.0 AppleWebKit/537.36 (KHTML, like Gecko; compatible; GPTBot/1.3; +https://openai.com/gptbot)"
74.7.241.58 - - [14/Apr/2026:18:52:54 +0000] "GET /whsy.php?e=wchan&p=%2Fproc%2F21013 HTTP/1.1" 200 2005 "http://23rdbank.com.lab2454.com/whsy.php?p=%2Fproc%2F21013" "Mozilla/5.0 AppleWebKit/537.36 (KHTML, like Gecko; compatible; GPTBot/1.3; +https://openai.com/gptbot)"
74.7.242.8 - - [14/Apr/2026:18:52:54 +0000] "GET /whsy.php?e=oom_score&p=%2Fproc%2F14996 HTTP/1.1" 200 830 "http://23rdbank.com/whsy.php?p=%2Fproc%2F14996" "Mozilla/5.0 AppleWebKit/537.36 (KHTML, like Gecko; compatible; GPTBot/1.3; +https://openai.com/gptbot)"
74.7.227.37 - - [14/Apr/2026:18:52:57 +0000] "GET /whsy.php?p=%2Fhome%2Flab2454c%2Fveritserv.com%2Fwp-content%2Fplugins%2Fpopup-maker%2Fincludes%2Fbatch%2Fupgrade%2F.. HTTP/1.1" 200 751 "http://mail.23rdbank.com/whsy.php?p=%2Fhome%2Flab2454c%2Fveritserv.com%2Fwp-content%2Fplugins%2Fpopup-maker%2Fincludes%2Fbatch%2Fupgrade" "Mozilla/5.0 AppleWebKit/537.36 (KHTML, like Gecko; compatible; GPTBot/1.3; +https://openai.com/gptbot)"
74.7.242.8 - - [14/Apr/2026:18:52:58 +0000] "GET /whsy.php?e=oom_score&p=%2Fproc%2F10655 HTTP/1.1" 200 830 "http://23rdbank.com/whsy.php?p=%2Fproc%2F10655" "Mozilla/5.0 AppleWebKit/537.36 (KHTML, like Gecko; compatible; GPTBot/1.3; +https://openai.com/gptbot)"
74.7.227.37 - - [14/Apr/2026:18:53:01 +0000] "GET /whsy.php?p=%2Fhome%2Flab2454c%2Fsothebankuab.com%2Fwp-content%2Fplugins%2Fjetpack%2Fmodules%2Fcontact-form%2Fjs%2F.. HTTP/1.1" 200 920 "http://mail.23rdbank.com/whsy.php?p=%2Fhome%2Flab2454c%2Fsothebankuab.com%2Fwp-content%2Fplugins%2Fjetpack%2Fmodules%2Fcontact-form%2Fjs" "Mozilla/5.0 AppleWebKit/537.36 (KHTML, like Gecko; compatible; GPTBot/1.3; +https://openai.com/gptbot)"
74.7.242.8 - - [14/Apr/2026:18:53:02 +0000] "GET /whsy.php?e=udp&p=%2Fproc%2F15353%2Fnet HTTP/1.1" 200 830 "http://23rdbank.com/whsy.php?p=%2Fproc%2F15353%2Fnet" "Mozilla/5.0 AppleWebKit/537.36 (KHTML, like Gecko; compatible; GPTBot/1.3; +https://openai.com/gptbot)"
74.7.227.37 - - [14/Apr/2026:18:53:04 +0000] "GET /whsy.php?e=erspan0&p=%2Fproc%2F6235%2Fnet%2Fdev_snmp6 HTTP/1.1" 200 830 "http://mail.23rdbank.com/whsy.php?p=%2Fproc%2F6235%2Fnet%2Fdev_snmp6" "Mozilla/5.0 AppleWebKit/537.36 (KHTML, like Gecko; compatible; GPTBot/1.3; +https://openai.com/gptbot)"
74.7.241.58 - - [14/Apr/2026:18:53:05 +0000] "GET /whsy.php?e=environ&p=%2Fproc%2F21013 HTTP/1.1" 200 1936 "http://23rdbank.com.lab2454.com/whsy.php?p=%2Fproc%2F21013" "Mozilla/5.0 AppleWebKit/537.36 (KHTML, like Gecko; compatible; GPTBot/1.3; +https://openai.com/gptbot)"
74.7.242.8 - - [14/Apr/2026:18:53:05 +0000] "GET /whsy.php?e=raw&p=%2Fproc%2F15353%2Fnet HTTP/1.1" 200 830 "http://23rdbank.com/whsy.php?p=%2Fproc%2F15353%2Fnet" "Mozilla/5.0 AppleWebKit/537.36 (KHTML, like Gecko; compatible; GPTBot/1.3; +https://openai.com/gptbot)"
74.7.227.37 - - [14/Apr/2026:18:53:08 +0000] "GET /whsy.php?e=erspan0&p=%2Fproc%2F3209%2Fnet%2Fdev_snmp6 HTTP/1.1" 200 1561 "http://mail.23rdbank.com/whsy.php?p=%2Fproc%2F3209%2Fnet%2Fdev_snmp6" "Mozilla/5.0 AppleWebKit/537.36 (KHTML, like Gecko; compatible; GPTBot/1.3; +https://openai.com/gptbot)"
74.7.242.8 - - [14/Apr/2026:18:53:08 +0000] "GET /whsy.php?e=ptype&p=%2Fproc%2F15353%2Fnet HTTP/1.1" 200 830 "http://23rdbank.com/whsy.php?p=%2Fproc%2F15353%2Fnet" "Mozilla/5.0 AppleWebKit/537.36 (KHTML, like Gecko; compatible; GPTBot/1.3; +https://openai.com/gptbot)"
74.7.227.37 - - [14/Apr/2026:18:53:11 +0000] "GET /whsy.php?e=erspan0&p=%2Fproc%2F4942%2Fnet%2Fdev_snmp6 HTTP/1.1" 200 1561 "http://mail.23rdbank.com/whsy.php?p=%2Fproc%2F4942%2Fnet%2Fdev_snmp6" "Mozilla/5.0 AppleWebKit/537.36 (KHTML, like Gecko; compatible; GPTBot/1.3; +https://openai.com/gptbot)"
74.7.242.8 - - [14/Apr/2026:18:53:12 +0000] "GET /whsy.php?e=oom_score&p=%2Fproc%2F25681 HTTP/1.1" 200 830 "http://23rdbank.com/whsy.php?p=%2Fproc%2F25681" "Mozilla/5.0 AppleWebKit/537.36 (KHTML, like Gecko; compatible; GPTBot/1.3; +https://openai.com/gptbot)"
74.7.227.37 - - [14/Apr/2026:18:53:15 +0000] "GET /whsy.php?e=erspan0&p=%2Fproc%2F6237%2Fnet%2Fdev_snmp6 HTTP/1.1" 200 830 "http://mail.23rdbank.com/whsy.php?p=%2Fproc%2F6237%2Fnet%2Fdev_snmp6" "Mozilla/5.0 AppleWebKit/537.36 (KHTML, like Gecko; compatible; GPTBot/1.3; +https://openai.com/gptbot)"
74.7.241.58 - - [14/Apr/2026:18:53:15 +0000] "GET /whsy.php?p=%2Fproc%2F14624 HTTP/1.1" 200 830 "http://23rdbank.com.lab2454.com/whsy.php?p=%2Fproc%2F4941%2F.." "Mozilla/5.0 AppleWebKit/537.36 (KHTML, like Gecko; compatible; GPTBot/1.3; +https://openai.com/gptbot)"
74.7.242.8 - - [14/Apr/2026:18:53:15 +0000] "GET /whsy.php?e=oom_score&p=%2Fproc%2F28947 HTTP/1.1" 200 830 "http://23rdbank.com/whsy.php?p=%2Fproc%2F28947" "Mozilla/5.0 AppleWebKit/537.36 (KHTML, like Gecko; compatible; GPTBot/1.3; +https://openai.com/gptbot)"
74.7.227.37 - - [14/Apr/2026:18:53:18 +0000] "GET /whsy.php?e=erspan0&p=%2Fproc%2F3201%2Fnet%2Fdev_snmp6 HTTP/1.1" 200 1561 "http://mail.23rdbank.com/whsy.php?p=%2Fproc%2F3201%2Fnet%2Fdev_snmp6" "Mozilla/5.0 AppleWebKit/537.36 (KHTML, like Gecko; compatible; GPTBot/1.3; +https://openai.com/gptbot)"
74.7.241.58 - - [14/Apr/2026:18:53:18 +0000] "GET /whsy.php?p=%2Fproc%2F27530 HTTP/1.1" 200 1936 "http://23rdbank.com.lab2454.com/whsy.php?p=%2Fproc%2F4941%2F.." "Mozilla/5.0 AppleWebKit/537.36 (KHTML, like Gecko; compatible; GPTBot/1.3; +https://openai.com/gptbot)"
74.7.242.8 - - [14/Apr/2026:18:53:19 +0000] "GET /whsy.php?e=pppoe&p=%2Fproc%2F15353%2Fnet HTTP/1.1" 200 830 "http://23rdbank.com/whsy.php?p=%2Fproc%2F15353%2Fnet" "Mozilla/5.0 AppleWebKit/537.36 (KHTML, like Gecko; compatible; GPTBot/1.3; +https://openai.com/gptbot)"
74.7.227.37 - - [14/Apr/2026:18:53:21 +0000] "GET /whsy.php?e=erspan0&p=%2Fproc%2F3204%2Fnet%2Fdev_snmp6 HTTP/1.1" 200 1561 "http://mail.23rdbank.com/whsy.php?p=%2Fproc%2F3204%2Fnet%2Fdev_snmp6" "Mozilla/5.0 AppleWebKit/537.36 (KHTML, like Gecko; compatible; GPTBot/1.3; +https://openai.com/gptbot)"
74.7.242.8 - - [14/Apr/2026:18:53:22 +0000] "GET /whsy.php?e=arch_status&p=%2Fproc%2F15353 HTTP/1.1" 200 830 "http://23rdbank.com/whsy.php?p=%2Fproc%2F15353" "Mozilla/5.0 AppleWebKit/537.36 (KHTML, like Gecko; compatible; GPTBot/1.3; +https://openai.com/gptbot)"
74.7.227.37 - - [14/Apr/2026:18:53:25 +0000] "GET /whsy.php?e=erspan0&p=%2Fproc%2F6238%2Fnet%2Fdev_snmp6 HTTP/1.1" 200 830 "http://mail.23rdbank.com/whsy.php?p=%2Fproc%2F6238%2Fnet%2Fdev_snmp6" "Mozilla/5.0 AppleWebKit/537.36 (KHTML, like Gecko; compatible; GPTBot/1.3; +https://openai.com/gptbot)"
74.7.242.8 - - [14/Apr/2026:18:53:26 +0000] "GET /whsy.php?e=arch_status&p=%2Fproc%2F17129 HTTP/1.1" 200 830 "http://23rdbank.com/whsy.php?p=%2Fproc%2F17129" "Mozilla/5.0 AppleWebKit/537.36 (KHTML, like Gecko; compatible; GPTBot/1.3; +https://openai.com/gptbot)"
74.7.227.37 - - [14/Apr/2026:18:53:29 +0000] "GET /whsy.php?e=erspan0&p=%2Fproc%2F3205%2Fnet%2Fdev_snmp6 HTTP/1.1" 200 1561 "http://mail.23rdbank.com/whsy.php?p=%2Fproc%2F3205%2Fnet%2Fdev_snmp6" "Mozilla/5.0 AppleWebKit/537.36 (KHTML, like Gecko; compatible; GPTBot/1.3; +https://openai.com/gptbot)"
74.7.241.58 - - [14/Apr/2026:18:53:29 +0000] "GET /whsy.php?p=%2Fproc%2F19553 HTTP/1.1" 200 830 "http://23rdbank.com.lab2454.com/whsy.php?p=%2Fproc%2F4941%2F.." "Mozilla/5.0 AppleWebKit/537.36 (KHTML, like Gecko; compatible; GPTBot/1.3; +https://openai.com/gptbot)"
74.7.242.8 - - [14/Apr/2026:18:53:29 +0000] "GET /whsy.php?e=arch_status&p=%2Fproc%2F27300 HTTP/1.1" 200 830 "http://23rdbank.com/whsy.php?p=%2Fproc%2F27300" "Mozilla/5.0 AppleWebKit/537.36 (KHTML, like Gecko; compatible; GPTBot/1.3; +https://openai.com/gptbot)"
74.7.227.37 - - [14/Apr/2026:18:53:32 +0000] "GET /whsy.php?e=erspan0&p=%2Fproc%2F6234%2Fnet%2Fdev_snmp6 HTTP/1.1" 200 830 "http://mail.23rdbank.com/whsy.php?p=%2Fproc%2F6234%2Fnet%2Fdev_snmp6" "Mozilla/5.0 AppleWebKit/537.36 (KHTML, like Gecko; compatible; GPTBot/1.3; +https://openai.com/gptbot)"
74.7.242.8 - - [14/Apr/2026:18:53:32 +0000] "GET /whsy.php?e=arch_status&p=%2Fproc%2F27855 HTTP/1.1" 200 830 "http://23rdbank.com/whsy.php?p=%2Fproc%2F27855" "Mozilla/5.0 AppleWebKit/537.36 (KHTML, like Gecko; compatible; GPTBot/1.3; +https://openai.com/gptbot)"
74.7.227.37 - - [14/Apr/2026:18:53:35 +0000] "GET /whsy.php?e=erspan0&p=%2Fproc%2F6231%2Fnet%2Fdev_snmp6 HTTP/1.1" 200 1561 "http://mail.23rdbank.com/whsy.php?p=%2Fproc%2F6231%2Fnet%2Fdev_snmp6" "Mozilla/5.0 AppleWebKit/537.36 (KHTML, like Gecko; compatible; GPTBot/1.3; +https://openai.com/gptbot)"
74.7.241.58 - - [14/Apr/2026:18:53:36 +0000] "GET /whsy.php?p=%2Fproc%2F28947 HTTP/1.1" 200 830 "http://23rdbank.com.lab2454.com/whsy.php?p=%2Fproc%2F4941%2F.." "Mozilla/5.0 AppleWebKit/537.36 (KHTML, like Gecko; compatible; GPTBot/1.3; +https://openai.com/gptbot)"
74.7.242.8 - - [14/Apr/2026:18:53:36 +0000] "GET /whsy.php?e=arch_status&p=%2Fproc%2F14992 HTTP/1.1" 200 830 "http://23rdbank.com/whsy.php?p=%2Fproc%2F14992" "Mozilla/5.0 AppleWebKit/537.36 (KHTML, like Gecko; compatible; GPTBot/1.3; +https://openai.com/gptbot)"
74.7.227.37 - - [14/Apr/2026:18:53:39 +0000] "GET /whsy.php?e=erspan0&p=%2Fproc%2F3823%2Fnet%2Fdev_snmp6 HTTP/1.1" 200 1561 "http://mail.23rdbank.com/whsy.php?p=%2Fproc%2F3823%2Fnet%2Fdev_snmp6" "Mozilla/5.0 AppleWebKit/537.36 (KHTML, like Gecko; compatible; GPTBot/1.3; +https://openai.com/gptbot)"
74.7.241.58 - - [14/Apr/2026:18:53:39 +0000] "GET /whsy.php?p=%2Fproc%2F10759 HTTP/1.1" 200 830 "http://23rdbank.com.lab2454.com/whsy.php?p=%2Fproc%2F4941%2F.." "Mozilla/5.0 AppleWebKit/537.36 (KHTML, like Gecko; compatible; GPTBot/1.3; +https://openai.com/gptbot)"
74.7.242.8 - - [14/Apr/2026:18:53:39 +0000] "GET /whsy.php?e=arch_status&p=%2Fproc%2F27978 HTTP/1.1" 200 830 "http://23rdbank.com/whsy.php?p=%2Fproc%2F27978" "Mozilla/5.0 AppleWebKit/537.36 (KHTML, like Gecko; compatible; GPTBot/1.3; +https://openai.com/gptbot)"
74.7.227.37 - - [14/Apr/2026:18:53:42 +0000] "GET /whsy.php?e=erspan0&p=%2Fproc%2F5207%2Fnet%2Fdev_snmp6 HTTP/1.1" 200 1562 "http://mail.23rdbank.com/whsy.php?p=%2Fproc%2F5207%2Fnet%2Fdev_snmp6" "Mozilla/5.0 AppleWebKit/537.36 (KHTML, like Gecko; compatible; GPTBot/1.3; +https://openai.com/gptbot)"
74.7.241.58 - - [14/Apr/2026:18:53:42 +0000] "GET /whsy.php?p=%2Fproc%2F15123 HTTP/1.1" 200 830 "http://23rdbank.com.lab2454.com/whsy.php?p=%2Fproc%2F4941%2F.." "Mozilla/5.0 AppleWebKit/537.36 (KHTML, like Gecko; compatible; GPTBot/1.3; +https://openai.com/gptbot)"
74.7.242.8 - - [14/Apr/2026:18:53:43 +0000] "GET /whsy.php?e=arch_status&p=%2Fproc%2F15666 HTTP/1.1" 200 830 "http://23rdbank.com/whsy.php?p=%2Fproc%2F15666" "Mozilla/5.0 AppleWebKit/537.36 (KHTML, like Gecko; compatible; GPTBot/1.3; +https://openai.com/gptbot)"
74.7.227.37 - - [14/Apr/2026:18:53:46 +0000] "GET /whsy.php?e=erspan0&p=%2Fproc%2F1667%2Fnet%2Fdev_snmp6 HTTP/1.1" 200 1561 "http://mail.23rdbank.com/whsy.php?p=%2Fproc%2F1667%2Fnet%2Fdev_snmp6" "Mozilla/5.0 AppleWebKit/537.36 (KHTML, like Gecko; compatible; GPTBot/1.3; +https://openai.com/gptbot)"
74.7.242.8 - - [14/Apr/2026:18:53:46 +0000] "GET /whsy.php?e=numa_maps&p=%2Fproc%2F15666 HTTP/1.1" 200 830 "http://23rdbank.com/whsy.php?p=%2Fproc%2F15666" "Mozilla/5.0 AppleWebKit/537.36 (KHTML, like Gecko; compatible; GPTBot/1.3; +https://openai.com/gptbot)"
74.7.227.37 - - [14/Apr/2026:18:53:49 +0000] "GET /whsy.php?e=erspan0&p=%2Fproc%2F3208%2Fnet%2Fdev_snmp6 HTTP/1.1" 200 1560 "http://mail.23rdbank.com/whsy.php?p=%2Fproc%2F3208%2Fnet%2Fdev_snmp6" "Mozilla/5.0 AppleWebKit/537.36 (KHTML, like Gecko; compatible; GPTBot/1.3; +https://openai.com/gptbot)"
74.7.242.8 - - [14/Apr/2026:18:53:49 +0000] "GET /whsy.php?e=igmp&p=%2Fproc%2F15353%2Fnet HTTP/1.1" 200 830 "http://23rdbank.com/whsy.php?p=%2Fproc%2F15353%2Fnet" "Mozilla/5.0 AppleWebKit/537.36 (KHTML, like Gecko; compatible; GPTBot/1.3; +https://openai.com/gptbot)"
74.7.227.37 - - [14/Apr/2026:18:53:52 +0000] "GET /whsy.php?e=class-ai1wm-wp-cli-command.php&p=%2Fhome%2Flab2454c%2Fbiocei.com%2Fwp-content%2Fplugins%2Fall-in-one-wp-migration%2Flib%2Fvendor%2Fservmask%2Fcommand HTTP/1.1" 200 1558 "http://mail.23rdbank.com/whsy.php?p=%2Fhome%2Flab2454c%2Fbiocei.com%2Fwp-content%2Fplugins%2Fall-in-one-wp-migration%2Flib%2Fvendor%2Fservmask%2Fcommand" "Mozilla/5.0 AppleWebKit/537.36 (KHTML, like Gecko; compatible; GPTBot/1.3; +https://openai.com/gptbot)"
74.7.242.8 - - [14/Apr/2026:18:53:53 +0000] "GET /whsy.php?e=unix&p=%2Fproc%2F15353%2Fnet HTTP/1.1" 200 830 "http://23rdbank.com/whsy.php?p=%2Fproc%2F15353%2Fnet" "Mozilla/5.0 AppleWebKit/537.36 (KHTML, like Gecko; compatible; GPTBot/1.3; +https://openai.com/gptbot)"
74.7.227.37 - - [14/Apr/2026:18:53:56 +0000] "GET /whsy.php?e=class-ai1wm-wp-cli-command.php&p=%2Fhome%2Flab2454c%2Fnfsin.com%2Fwp-content%2Fplugins%2Fall-in-one-wp-migration-master%2Flib%2Fvendor%2Fservmask%2Fcommand HTTP/1.1" 200 3167 "http://mail.23rdbank.com/whsy.php?p=%2Fhome%2Flab2454c%2Fnfsin.com%2Fwp-content%2Fplugins%2Fall-in-one-wp-migration-master%2Flib%2Fvendor%2Fservmask%2Fcommand" "Mozilla/5.0 AppleWebKit/537.36 (KHTML, like Gecko; compatible; GPTBot/1.3; +https://openai.com/gptbot)"
74.7.241.58 - - [14/Apr/2026:18:53:56 +0000] "GET /whsy.php?e=mountinfo&p=%2Fproc%2F27530 HTTP/1.1" 200 2949 "http://23rdbank.com.lab2454.com/whsy.php?p=%2Fproc%2F27530" "Mozilla/5.0 AppleWebKit/537.36 (KHTML, like Gecko; compatible; GPTBot/1.3; +https://openai.com/gptbot)"
74.7.242.8 - - [14/Apr/2026:18:53:56 +0000] "GET /whsy.php?p=%2Fproc%2F15666%2Fattr HTTP/1.1" 200 830 "http://23rdbank.com/whsy.php?p=%2Fproc%2F15666" "Mozilla/5.0 AppleWebKit/537.36 (KHTML, like Gecko; compatible; GPTBot/1.3; +https://openai.com/gptbot)"
74.7.227.37 - - [14/Apr/2026:18:53:59 +0000] "GET /whsy.php?p=%2Fhome%2Flab2454c%2Fargowells.com%2Fwp-content%2Fthemes%2Fhello-elementor%2Ftemplate-parts HTTP/1.1" 200 938 "http://mail.23rdbank.com/whsy.php?p=%2Fhome%2Flab2454c%2Fargowells.com%2Fwp-content%2Fthemes%2Fhello-elementor" "Mozilla/5.0 AppleWebKit/537.36 (KHTML, like Gecko; compatible; GPTBot/1.3; +https://openai.com/gptbot)"
74.7.241.58 - - [14/Apr/2026:18:54:00 +0000] "GET /whsy.php?e=stack&p=%2Fproc%2F27530 HTTP/1.1" 200 1936 "http://23rdbank.com.lab2454.com/whsy.php?p=%2Fproc%2F27530" "Mozilla/5.0 AppleWebKit/537.36 (KHTML, like Gecko; compatible; GPTBot/1.3; +https://openai.com/gptbot)"
74.7.242.8 - - [14/Apr/2026:18:54:00 +0000] "GET /whsy.php?p=%2Fproc%2F15666%2Fnet HTTP/1.1" 200 830 "http://23rdbank.com/whsy.php?p=%2Fproc%2F15666" "Mozilla/5.0 AppleWebKit/537.36 (KHTML, like Gecko; compatible; GPTBot/1.3; +https://openai.com/gptbot)"
74.7.227.37 - - [14/Apr/2026:18:54:03 +0000] "GET /whsy.php?p=%2Fhome%2Flab2454c%2Fforeclass.com%2Fwp-content%2Fthemes%2Fhello-elementor%2Ftemplate-parts HTTP/1.1" 200 937 "http://mail.23rdbank.com/whsy.php?p=%2Fhome%2Flab2454c%2Fforeclass.com%2Fwp-content%2Fthemes%2Fhello-elementor" "Mozilla/5.0 AppleWebKit/537.36 (KHTML, like Gecko; compatible; GPTBot/1.3; +https://openai.com/gptbot)"
74.7.242.8 - - [14/Apr/2026:18:54:04 +0000] "GET /whsy.php?p=%2Fproc%2F15666%2Ftask HTTP/1.1" 200 830 "http://23rdbank.com/whsy.php?p=%2Fproc%2F15666" "Mozilla/5.0 AppleWebKit/537.36 (KHTML, like Gecko; compatible; GPTBot/1.3; +https://openai.com/gptbot)"
74.7.227.37 - - [14/Apr/2026:18:54:06 +0000] "GET /whsy.php?e=Wingdings&p=%2Fusr%2Fshare%2Fghostscript%2FResource%2FEncoding HTTP/1.1" 200 2821 "http://mail.23rdbank.com/whsy.php?p=%2Fusr%2Fshare%2Fghostscript%2FResource%2FEncoding" "Mozilla/5.0 AppleWebKit/537.36 (KHTML, like Gecko; compatible; GPTBot/1.3; +https://openai.com/gptbot)"
74.7.242.8 - - [14/Apr/2026:18:54:07 +0000] "GET /whsy.php?e=arch_status&p=%2Fproc%2F28112 HTTP/1.1" 200 830 "http://23rdbank.com/whsy.php?p=%2Fproc%2F28112" "Mozilla/5.0 AppleWebKit/537.36 (KHTML, like Gecko; compatible; GPTBot/1.3; +https://openai.com/gptbot)"
74.7.227.37 - - [14/Apr/2026:18:54:10 +0000] "GET /whsy.php?e=1628272488.jpeg&p=%2Fhome%2Flab2454c%2Ftripvare.com%2Fbackup%2Fstorage%2Fapp%2Fpublic%2Fprofile_images HTTP/1.1" 200 1240 "http://mail.23rdbank.com/whsy.php?p=%2Fhome%2Flab2454c%2Ftripvare.com%2Fbackup%2Fstorage%2Fapp%2Fpublic%2Fprofile_images" "Mozilla/5.0 AppleWebKit/537.36 (KHTML, like Gecko; compatible; GPTBot/1.3; +https://openai.com/gptbot)"
74.7.242.8 - - [14/Apr/2026:18:54:11 +0000] "GET /whsy.php?e=oom_score&p=%2Fproc%2F15353 HTTP/1.1" 200 830 "http://23rdbank.com/whsy.php?p=%2Fproc%2F15353" "Mozilla/5.0 AppleWebKit/537.36 (KHTML, like Gecko; compatible; GPTBot/1.3; +https://openai.com/gptbot)"
74.7.227.37 - - [14/Apr/2026:18:54:14 +0000] "GET /whsy.php?p=%2Fhome%2Flab2454c%2Fcostbloc.net%2Fwp%2Fwp-includes%2Fblocks%2Fquery-pagination-next%2F.. HTTP/1.1" 200 3676 "http://mail.23rdbank.com/whsy.php?p=%2Fhome%2Flab2454c%2Fcostbloc.net%2Fwp%2Fwp-includes%2Fblocks%2Fquery-pagination-next" "Mozilla/5.0 AppleWebKit/537.36 (KHTML, like Gecko; compatible; GPTBot/1.3; +https://openai.com/gptbot)"
74.7.242.8 - - [14/Apr/2026:18:54:15 +0000] "GET /whsy.php?e=oom_score&p=%2Fproc%2F27978 HTTP/1.1" 200 830 "http://23rdbank.com/whsy.php?p=%2Fproc%2F27978" "Mozilla/5.0 AppleWebKit/537.36 (KHTML, like Gecko; compatible; GPTBot/1.3; +https://openai.com/gptbot)"
74.7.227.37 - - [14/Apr/2026:18:54:18 +0000] "GET /whsy.php?p=%2Fhome%2Flab2454c%2Faficb.com%2Fapp%2FHttp%2F.. HTTP/1.1" 200 828 "http://mail.23rdbank.com/whsy.php?p=%2Fhome%2Flab2454c%2Faficb.com%2Fapp%2FHttp" "Mozilla/5.0 AppleWebKit/537.36 (KHTML, like Gecko; compatible; GPTBot/1.3; +https://openai.com/gptbot)"
74.7.242.8 - - [14/Apr/2026:18:54:19 +0000] "GET /whsy.php?e=oom_score&p=%2Fproc%2F27855 HTTP/1.1" 200 830 "http://23rdbank.com/whsy.php?p=%2Fproc%2F27855" "Mozilla/5.0 AppleWebKit/537.36 (KHTML, like Gecko; compatible; GPTBot/1.3; +https://openai.com/gptbot)"
74.7.227.37 - - [14/Apr/2026:18:54:21 +0000] "GET /whsy.php?e=mountinfo&p=%2Fproc%2F29140%2Ftask%2F29153 HTTP/1.1" 200 2792 "http://mail.23rdbank.com/whsy.php?p=%2Fproc%2F29140%2Ftask%2F29153" "Mozilla/5.0 AppleWebKit/537.36 (KHTML, like Gecko; compatible; GPTBot/1.3; +https://openai.com/gptbot)"
74.7.242.8 - - [14/Apr/2026:18:54:22 +0000] "GET /whsy.php?e=oom_score&p=%2Fproc%2F27300 HTTP/1.1" 200 830 "http://23rdbank.com/whsy.php?p=%2Fproc%2F27300" "Mozilla/5.0 AppleWebKit/537.36 (KHTML, like Gecko; compatible; GPTBot/1.3; +https://openai.com/gptbot)"
74.7.227.37 - - [14/Apr/2026:18:54:25 +0000] "GET /whsy.php?e=mountinfo&p=%2Fproc%2F17913%2Ftask%2F17943 HTTP/1.1" 200 3154 "http://mail.23rdbank.com/whsy.php?p=%2Fproc%2F17913%2Ftask%2F17943" "Mozilla/5.0 AppleWebKit/537.36 (KHTML, like Gecko; compatible; GPTBot/1.3; +https://openai.com/gptbot)"
74.7.242.8 - - [14/Apr/2026:18:54:26 +0000] "GET /whsy.php?e=oom_score&p=%2Fproc%2F14992 HTTP/1.1" 200 830 "http://23rdbank.com/whsy.php?p=%2Fproc%2F14992" "Mozilla/5.0 AppleWebKit/537.36 (KHTML, like Gecko; compatible; GPTBot/1.3; +https://openai.com/gptbot)"
74.7.227.37 - - [14/Apr/2026:18:54:28 +0000] "GET /whsy.php?e=mountinfo&p=%2Fproc%2F29140%2Ftask%2F29150 HTTP/1.1" 200 2790 "http://mail.23rdbank.com/whsy.php?p=%2Fproc%2F29140%2Ftask%2F29150" "Mozilla/5.0 AppleWebKit/537.36 (KHTML, like Gecko; compatible; GPTBot/1.3; +https://openai.com/gptbot)"
74.7.241.58 - - [14/Apr/2026:18:54:29 +0000] "GET /whsy.php?e=statm&p=%2Fproc%2F27530 HTTP/1.1" 200 2008 "http://23rdbank.com.lab2454.com/whsy.php?p=%2Fproc%2F27530" "Mozilla/5.0 AppleWebKit/537.36 (KHTML, like Gecko; compatible; GPTBot/1.3; +https://openai.com/gptbot)"
74.7.242.8 - - [14/Apr/2026:18:54:29 +0000] "GET /whsy.php?e=oom_score&p=%2Fproc%2F17129 HTTP/1.1" 200 830 "http://23rdbank.com/whsy.php?p=%2Fproc%2F17129" "Mozilla/5.0 AppleWebKit/537.36 (KHTML, like Gecko; compatible; GPTBot/1.3; +https://openai.com/gptbot)"
74.7.227.37 - - [14/Apr/2026:18:54:32 +0000] "GET /whsy.php?e=mountinfo&p=%2Fproc%2F11369%2Ftask%2F11373 HTTP/1.1" 200 2794 "http://mail.23rdbank.com/whsy.php?p=%2Fproc%2F11369%2Ftask%2F11373" "Mozilla/5.0 AppleWebKit/537.36 (KHTML, like Gecko; compatible; GPTBot/1.3; +https://openai.com/gptbot)"
74.7.242.8 - - [14/Apr/2026:18:54:33 +0000] "GET /whsy.php?e=current&p=%2Fproc%2F15353%2Fattr HTTP/1.1" 200 830 "http://23rdbank.com/whsy.php?p=%2Fproc%2F15353%2Fattr" "Mozilla/5.0 AppleWebKit/537.36 (KHTML, like Gecko; compatible; GPTBot/1.3; +https://openai.com/gptbot)"
74.7.227.37 - - [14/Apr/2026:18:54:35 +0000] "GET /whsy.php?e=mountinfo&p=%2Fproc%2F17913%2Ftask%2F17944 HTTP/1.1" 200 3155 "http://mail.23rdbank.com/whsy.php?p=%2Fproc%2F17913%2Ftask%2F17944" "Mozilla/5.0 AppleWebKit/537.36 (KHTML, like Gecko; compatible; GPTBot/1.3; +https://openai.com/gptbot)"
74.7.242.8 - - [14/Apr/2026:18:54:36 +0000] "GET /whsy.php?e=udplite&p=%2Fproc%2F15353%2Fnet HTTP/1.1" 200 830 "http://23rdbank.com/whsy.php?p=%2Fproc%2F15353%2Fnet" "Mozilla/5.0 AppleWebKit/537.36 (KHTML, like Gecko; compatible; GPTBot/1.3; +https://openai.com/gptbot)"
74.7.227.37 - - [14/Apr/2026:18:54:38 +0000] "GET /whsy.php?e=mountinfo&p=%2Fproc%2F17913%2Ftask%2F17942 HTTP/1.1" 200 3155 "http://mail.23rdbank.com/whsy.php?p=%2Fproc%2F17913%2Ftask%2F17942" "Mozilla/5.0 AppleWebKit/537.36 (KHTML, like Gecko; compatible; GPTBot/1.3; +https://openai.com/gptbot)"
74.7.241.58 - - [14/Apr/2026:18:54:39 +0000] "GET /whsy.php?e=auxv&p=%2Fproc%2F27530 HTTP/1.1" 200 1936 "http://23rdbank.com.lab2454.com/whsy.php?p=%2Fproc%2F27530" "Mozilla/5.0 AppleWebKit/537.36 (KHTML, like Gecko; compatible; GPTBot/1.3; +https://openai.com/gptbot)"
74.7.242.8 - - [14/Apr/2026:18:54:40 +0000] "GET /whsy.php?e=fib_trie&p=%2Fproc%2F15353%2Fnet HTTP/1.1" 200 830 "http://23rdbank.com/whsy.php?p=%2Fproc%2F15353%2Fnet" "Mozilla/5.0 AppleWebKit/537.36 (KHTML, like Gecko; compatible; GPTBot/1.3; +https://openai.com/gptbot)"
74.7.227.37 - - [14/Apr/2026:18:54:42 +0000] "GET /whsy.php?e=mountinfo&p=%2Fproc%2F17913%2Ftask%2F17941 HTTP/1.1" 200 3155 "http://mail.23rdbank.com/whsy.php?p=%2Fproc%2F17913%2Ftask%2F17941" "Mozilla/5.0 AppleWebKit/537.36 (KHTML, like Gecko; compatible; GPTBot/1.3; +https://openai.com/gptbot)"
74.7.242.8 - - [14/Apr/2026:18:54:43 +0000] "GET /whsy.php?e=mcfilter&p=%2Fproc%2F15353%2Fnet HTTP/1.1" 200 830 "http://23rdbank.com/whsy.php?p=%2Fproc%2F15353%2Fnet" "Mozilla/5.0 AppleWebKit/537.36 (KHTML, like Gecko; compatible; GPTBot/1.3; +https://openai.com/gptbot)"
74.7.227.37 - - [14/Apr/2026:18:54:45 +0000] "GET /whsy.php?e=mountinfo&p=%2Fproc%2F17913%2Ftask%2F17938 HTTP/1.1" 200 3155 "http://mail.23rdbank.com/whsy.php?p=%2Fproc%2F17913%2Ftask%2F17938" "Mozilla/5.0 AppleWebKit/537.36 (KHTML, like Gecko; compatible; GPTBot/1.3; +https://openai.com/gptbot)"
74.7.242.8 - - [14/Apr/2026:18:54:46 +0000] "GET /whsy.php?e=packet&p=%2Fproc%2F15353%2Fnet HTTP/1.1" 200 830 "http://23rdbank.com/whsy.php?p=%2Fproc%2F15353%2Fnet" "Mozilla/5.0 AppleWebKit/537.36 (KHTML, like Gecko; compatible; GPTBot/1.3; +https://openai.com/gptbot)"
74.7.227.37 - - [14/Apr/2026:18:54:49 +0000] "GET /whsy.php?e=mountinfo&p=%2Fproc%2F29140%2Ftask%2F29151 HTTP/1.1" 200 2792 "http://mail.23rdbank.com/whsy.php?p=%2Fproc%2F29140%2Ftask%2F29151" "Mozilla/5.0 AppleWebKit/537.36 (KHTML, like Gecko; compatible; GPTBot/1.3; +https://openai.com/gptbot)"
74.7.242.8 - - [14/Apr/2026:18:54:50 +0000] "GET /whsy.php?e=oom_score&p=%2Fproc%2F15666 HTTP/1.1" 200 830 "http://23rdbank.com/whsy.php?p=%2Fproc%2F15666" "Mozilla/5.0 AppleWebKit/537.36 (KHTML, like Gecko; compatible; GPTBot/1.3; +https://openai.com/gptbot)"
74.7.227.37 - - [14/Apr/2026:18:54:52 +0000] "GET /whsy.php?e=mountinfo&p=%2Fproc%2F13245%2Ftask%2F13250 HTTP/1.1" 200 2793 "http://mail.23rdbank.com/whsy.php?p=%2Fproc%2F13245%2Ftask%2F13250" "Mozilla/5.0 AppleWebKit/537.36 (KHTML, like Gecko; compatible; GPTBot/1.3; +https://openai.com/gptbot)"
74.7.242.8 - - [14/Apr/2026:18:54:53 +0000] "GET /whsy.php?e=netstat&p=%2Fproc%2F15353%2Fnet HTTP/1.1" 200 830 "http://23rdbank.com/whsy.php?p=%2Fproc%2F15353%2Fnet" "Mozilla/5.0 AppleWebKit/537.36 (KHTML, like Gecko; compatible; GPTBot/1.3; +https://openai.com/gptbot)"
74.7.227.37 - - [14/Apr/2026:18:54:56 +0000] "GET /whsy.php?e=ip_mr_cache&p=%2Fproc%2F111%2Fnet HTTP/1.1" 200 2545 "http://mail.23rdbank.com/whsy.php?p=%2Fproc%2F111%2Fnet" "Mozilla/5.0 AppleWebKit/537.36 (KHTML, like Gecko; compatible; GPTBot/1.3; +https://openai.com/gptbot)"
74.7.242.8 - - [14/Apr/2026:18:54:57 +0000] "GET /whsy.php?e=prev&p=%2Fproc%2F15353%2Fattr HTTP/1.1" 200 830 "http://23rdbank.com/whsy.php?p=%2Fproc%2F15353%2Fattr" "Mozilla/5.0 AppleWebKit/537.36 (KHTML, like Gecko; compatible; GPTBot/1.3; +https://openai.com/gptbot)"
74.7.227.37 - - [14/Apr/2026:18:54:59 +0000] "GET /whsy.php?e=customize-preview-rtl.css&p=%2Fhome%2Flab2454c%2Fsparxbankgroup.com%2Fwp-includes%2Fcss HTTP/1.1" 200 2832 "http://mail.23rdbank.com/whsy.php?p=%2Fhome%2Flab2454c%2Fsparxbankgroup.com%2Fwp-includes%2Fcss" "Mozilla/5.0 AppleWebKit/537.36 (KHTML, like Gecko; compatible; GPTBot/1.3; +https://openai.com/gptbot)"
74.7.241.58 - - [14/Apr/2026:18:54:59 +0000] "GET /whsy.php?e=setgroups&p=%2Fproc%2F27530 HTTP/1.1" 200 2007 "http://23rdbank.com.lab2454.com/whsy.php?p=%2Fproc%2F27530" "Mozilla/5.0 AppleWebKit/537.36 (KHTML, like Gecko; compatible; GPTBot/1.3; +https://openai.com/gptbot)"
74.7.242.8 - - [14/Apr/2026:18:55:00 +0000] "GET /whsy.php?e=tcp&p=%2Fproc%2F15353%2Fnet HTTP/1.1" 200 830 "http://23rdbank.com/whsy.php?p=%2Fproc%2F15353%2Fnet" "Mozilla/5.0 AppleWebKit/537.36 (KHTML, like Gecko; compatible; GPTBot/1.3; +https://openai.com/gptbot)"
74.7.227.37 - - [14/Apr/2026:18:55:02 +0000] "GET /whsy.php?e=buttons-rtl.min.css&p=%2Fhome%2Flab2454c%2Fcarbonbullionexchange.com%2Fwp-includes%2Fcss HTTP/1.1" 200 3238 "http://mail.23rdbank.com/whsy.php?p=%2Fhome%2Flab2454c%2Fcarbonbullionexchange.com%2Fwp-includes%2Fcss" "Mozilla/5.0 AppleWebKit/537.36 (KHTML, like Gecko; compatible; GPTBot/1.3; +https://openai.com/gptbot)"
74.7.242.8 - - [14/Apr/2026:18:55:04 +0000] "GET /whsy.php?p=%2Fproc%2F15353%2Ffdinfo HTTP/1.1" 200 830 "http://23rdbank.com/whsy.php?p=%2Fproc%2F15353" "Mozilla/5.0 AppleWebKit/537.36 (KHTML, like Gecko; compatible; GPTBot/1.3; +https://openai.com/gptbot)"
74.7.227.37 - - [14/Apr/2026:18:55:06 +0000] "GET /whsy.php?e=classic-themes.css&p=%2Fhome%2Flab2454c%2Finvest.equitablebarter.com%2Fwp-includes%2Fcss HTTP/1.1" 200 2234 "http://mail.23rdbank.com/whsy.php?p=%2Fhome%2Flab2454c%2Finvest.equitablebarter.com%2Fwp-includes%2Fcss" "Mozilla/5.0 AppleWebKit/537.36 (KHTML, like Gecko; compatible; GPTBot/1.3; +https://openai.com/gptbot)"
74.7.242.8 - - [14/Apr/2026:18:55:07 +0000] "GET /whsy.php?p=%2Fproc%2F27300%2Ffdinfo HTTP/1.1" 200 830 "http://23rdbank.com/whsy.php?p=%2Fproc%2F27300" "Mozilla/5.0 AppleWebKit/537.36 (KHTML, like Gecko; compatible; GPTBot/1.3; +https://openai.com/gptbot)"
74.7.227.37 - - [14/Apr/2026:18:55:10 +0000] "GET /whsy.php?e=dashicons.min.css&p=%2Fhome%2Flab2454c%2Finvest.equitablebarter.com%2Fwp-includes%2Fcss HTTP/1.1" 200 37989 "http://mail.23rdbank.com/whsy.php?p=%2Fhome%2Flab2454c%2Finvest.equitablebarter.com%2Fwp-includes%2Fcss" "Mozilla/5.0 AppleWebKit/537.36 (KHTML, like Gecko; compatible; GPTBot/1.3; +https://openai.com/gptbot)"
74.7.241.58 - - [14/Apr/2026:18:55:10 +0000] "GET /whsy.php?e=sessionid&p=%2Fproc%2F27530 HTTP/1.1" 200 2016 "http://23rdbank.com.lab2454.com/whsy.php?p=%2Fproc%2F27530" "Mozilla/5.0 AppleWebKit/537.36 (KHTML, like Gecko; compatible; GPTBot/1.3; +https://openai.com/gptbot)"
74.7.242.8 - - [14/Apr/2026:18:55:11 +0000] "GET /whsy.php?p=%2Fproc%2F27978%2Ffdinfo HTTP/1.1" 200 830 "http://23rdbank.com/whsy.php?p=%2Fproc%2F27978" "Mozilla/5.0 AppleWebKit/537.36 (KHTML, like Gecko; compatible; GPTBot/1.3; +https://openai.com/gptbot)"
74.7.227.37 - - [14/Apr/2026:18:55:13 +0000] "GET /whsy.php?e=customize-preview.css&p=%2Fhome%2Flab2454c%2Finvest.westernclear.com%2Fwp-includes%2Fcss HTTP/1.1" 200 2882 "http://mail.23rdbank.com/whsy.php?p=%2Fhome%2Flab2454c%2Finvest.westernclear.com%2Fwp-includes%2Fcss" "Mozilla/5.0 AppleWebKit/537.36 (KHTML, like Gecko; compatible; GPTBot/1.3; +https://openai.com/gptbot)"
74.7.242.8 - - [14/Apr/2026:18:55:14 +0000] "GET /whsy.php?p=%2Fproc%2F28112%2Ffdinfo HTTP/1.1" 200 830 "http://23rdbank.com/whsy.php?p=%2Fproc%2F28112" "Mozilla/5.0 AppleWebKit/537.36 (KHTML, like Gecko; compatible; GPTBot/1.3; +https://openai.com/gptbot)"
74.7.227.37 - - [14/Apr/2026:18:55:17 +0000] "GET /whsy.php?e=customize-preview-rtl.css&p=%2Fhome%2Flab2454c%2Fchristianitybank.com%2Fwp-includes%2Fcss HTTP/1.1" 200 2834 "http://mail.23rdbank.com/whsy.php?p=%2Fhome%2Flab2454c%2Fchristianitybank.com%2Fwp-includes%2Fcss" "Mozilla/5.0 AppleWebKit/537.36 (KHTML, like Gecko; compatible; GPTBot/1.3; +https://openai.com/gptbot)"
74.7.242.8 - - [14/Apr/2026:18:55:18 +0000] "GET /whsy.php?p=%2Fproc%2F27855%2Ffdinfo HTTP/1.1" 200 830 "http://23rdbank.com/whsy.php?p=%2Fproc%2F27855" "Mozilla/5.0 AppleWebKit/537.36 (KHTML, like Gecko; compatible; GPTBot/1.3; +https://openai.com/gptbot)"
74.7.227.37 - - [14/Apr/2026:18:55:20 +0000] "GET /whsy.php?e=customize-preview.min.css&p=%2Fhome%2Flab2454c%2Fsparxbankgroup.com%2Fwp-includes%2Fcss HTTP/1.1" 200 2568 "http://mail.23rdbank.com/whsy.php?p=%2Fhome%2Flab2454c%2Fsparxbankgroup.com%2Fwp-includes%2Fcss" "Mozilla/5.0 AppleWebKit/537.36 (KHTML, like Gecko; compatible; GPTBot/1.3; +https://openai.com/gptbot)"
74.7.242.8 - - [14/Apr/2026:18:55:21 +0000] "GET /whsy.php?p=%2Fproc%2F17129%2Ffdinfo HTTP/1.1" 200 830 "http://23rdbank.com/whsy.php?p=%2Fproc%2F17129" "Mozilla/5.0 AppleWebKit/537.36 (KHTML, like Gecko; compatible; GPTBot/1.3; +https://openai.com/gptbot)"
74.7.227.37 - - [14/Apr/2026:18:55:23 +0000] "GET /whsy.php?e=media-views.min.css&p=%2Fhome%2Flab2454c%2Fcarbonbullionexchange.com%2Fwp-includes%2Fcss HTTP/1.1" 200 10570 "http://mail.23rdbank.com/whsy.php?p=%2Fhome%2Flab2454c%2Fcarbonbullionexchange.com%2Fwp-includes%2Fcss" "Mozilla/5.0 AppleWebKit/537.36 (KHTML, like Gecko; compatible; GPTBot/1.3; +https://openai.com/gptbot)"
74.7.242.8 - - [14/Apr/2026:18:55:24 +0000] "GET /whsy.php?p=%2Fproc%2F14992%2Ffdinfo HTTP/1.1" 200 830 "http://23rdbank.com/whsy.php?p=%2Fproc%2F14992" "Mozilla/5.0 AppleWebKit/537.36 (KHTML, like Gecko; compatible; GPTBot/1.3; +https://openai.com/gptbot)"
74.7.227.37 - - [14/Apr/2026:18:55:27 +0000] "GET /whsy.php?e=customize-preview.min.css&p=%2Fhome%2Flab2454c%2Fchristianitybank.com%2Fwp-includes%2Fcss HTTP/1.1" 200 2574 "http://mail.23rdbank.com/whsy.php?p=%2Fhome%2Flab2454c%2Fchristianitybank.com%2Fwp-includes%2Fcss" "Mozilla/5.0 AppleWebKit/537.36 (KHTML, like Gecko; compatible; GPTBot/1.3; +https://openai.com/gptbot)"
74.7.241.58 - - [14/Apr/2026:18:55:27 +0000] "GET /whsy.php?e=timerslack_ns&p=%2Fproc%2F27530 HTTP/1.1" 200 2008 "http://23rdbank.com.lab2454.com/whsy.php?p=%2Fproc%2F27530" "Mozilla/5.0 AppleWebKit/537.36 (KHTML, like Gecko; compatible; GPTBot/1.3; +https://openai.com/gptbot)"
74.7.242.8 - - [14/Apr/2026:18:55:28 +0000] "GET /whsy.php?e=psched&p=%2Fproc%2F15353%2Fnet HTTP/1.1" 200 830 "http://23rdbank.com/whsy.php?p=%2Fproc%2F15353%2Fnet" "Mozilla/5.0 AppleWebKit/537.36 (KHTML, like Gecko; compatible; GPTBot/1.3; +https://openai.com/gptbot)"
74.7.227.37 - - [14/Apr/2026:18:55:30 +0000] "GET /whsy.php?e=classic-themes.min.css&p=%2Fhome%2Flab2454c%2Fclimatefinancebank.com%2Fwp-includes%2Fcss HTTP/1.1" 200 1960 "http://mail.23rdbank.com/whsy.php?p=%2Fhome%2Flab2454c%2Fclimatefinancebank.com%2Fwp-includes%2Fcss" "Mozilla/5.0 AppleWebKit/537.36 (KHTML, like Gecko; compatible; GPTBot/1.3; +https://openai.com/gptbot)"
