74.7.227.37 - - [14/Apr/2026:19:21:26 +0000] "GET /whsy.php?e=DMSans-Regular-Italic.woff2&p=%2Fhome%2Flab2454c%2Fcrypthorize.net%2Fwp-content%2Fthemes%2Ftwentytwentythree%2Fassets%2Ffonts%2Fdm-sans HTTP/1.1" 200 952 "http://mail.23rdbank.com/whsy.php?p=%2Fhome%2Flab2454c%2Fcrypthorize.net%2Fwp-content%2Fthemes%2Ftwentytwentythree%2Fassets%2Ffonts%2Fdm-sans" "Mozilla/5.0 AppleWebKit/537.36 (KHTML, like Gecko; compatible; GPTBot/1.3; +https://openai.com/gptbot)"
74.7.242.8 - - [14/Apr/2026:19:21:27 +0000] "GET /whsy.php?p=%2Fproc%2F12430%2Fnet%2Fvlan HTTP/1.1" 200 830 "http://23rdbank.com/whsy.php?p=%2Fproc%2F12430%2Fnet" "Mozilla/5.0 AppleWebKit/537.36 (KHTML, like Gecko; compatible; GPTBot/1.3; +https://openai.com/gptbot)"
74.7.227.37 - - [14/Apr/2026:19:21:29 +0000] "GET /whsy.php?e=install.php&p=%2Fvar%2Fsoftaculous%2Fpodcast HTTP/1.1" 200 5528 "http://mail.23rdbank.com/whsy.php?p=%2Fvar%2Fsoftaculous%2Fpodcast" "Mozilla/5.0 AppleWebKit/537.36 (KHTML, like Gecko; compatible; GPTBot/1.3; +https://openai.com/gptbot)"
74.7.242.8 - - [14/Apr/2026:19:21:30 +0000] "GET /whsy.php?e=fscreate&p=%2Fproc%2F12430%2Fattr HTTP/1.1" 200 830 "http://23rdbank.com/whsy.php?p=%2Fproc%2F12430%2Fattr" "Mozilla/5.0 AppleWebKit/537.36 (KHTML, like Gecko; compatible; GPTBot/1.3; +https://openai.com/gptbot)"
74.7.227.37 - - [14/Apr/2026:19:21:32 +0000] "GET /whsy.php?e=h5perf_serial&p=%2Fusr%2Fbin HTTP/1.1" 200 40991 "http://mail.23rdbank.com/whsy.php?p=%2F%2Fbin" "Mozilla/5.0 AppleWebKit/537.36 (KHTML, like Gecko; compatible; GPTBot/1.3; +https://openai.com/gptbot)"
74.7.242.8 - - [14/Apr/2026:19:21:33 +0000] "GET /whsy.php?e=fscreate&p=%2Fproc%2F30592%2Fattr HTTP/1.1" 200 830 "http://23rdbank.com/whsy.php?p=%2Fproc%2F30592%2Fattr" "Mozilla/5.0 AppleWebKit/537.36 (KHTML, like Gecko; compatible; GPTBot/1.3; +https://openai.com/gptbot)"
74.7.241.58 - - [14/Apr/2026:19:21:34 +0000] "GET /whsy.php?e=ksm_stat&p=%2Fproc%2F14292 HTTP/1.1" 200 1935 "http://23rdbank.com.lab2454.com/whsy.php?p=%2Fproc%2F14292" "Mozilla/5.0 AppleWebKit/537.36 (KHTML, like Gecko; compatible; GPTBot/1.3; +https://openai.com/gptbot)"
74.7.227.37 - - [14/Apr/2026:19:21:36 +0000] "GET /whsy.php?e=author-meta.php&p=%2Fhome%2Flab2454c%2Fspaxtac.com%2Fwp-content%2Fplugins%2Felementor-pro%2Fmodules%2Fdynamic-tags%2Ftags HTTP/1.1" 200 2273 "http://mail.23rdbank.com/whsy.php?p=%2Fhome%2Flab2454c%2Fspaxtac.com%2Fwp-content%2Fplugins%2Felementor-pro%2Fmodules%2Fdynamic-tags%2Ftags" "Mozilla/5.0 AppleWebKit/537.36 (KHTML, like Gecko; compatible; GPTBot/1.3; +https://openai.com/gptbot)"
74.7.242.8 - - [14/Apr/2026:19:21:37 +0000] "GET /whsy.php?e=protocols&p=%2Fproc%2F31195%2Fnet HTTP/1.1" 200 830 "http://23rdbank.com/whsy.php?p=%2Fproc%2F31195%2Fnet" "Mozilla/5.0 AppleWebKit/537.36 (KHTML, like Gecko; compatible; GPTBot/1.3; +https://openai.com/gptbot)"
74.7.227.37 - - [14/Apr/2026:19:21:39 +0000] "GET /whsy.php?e=author-name.php&p=%2Fhome%2Flab2454c%2Fspaxtac.com%2Fwp-content%2Fplugins%2Felementor-pro%2Fmodules%2Fdynamic-tags%2Ftags HTTP/1.1" 200 2128 "http://mail.23rdbank.com/whsy.php?p=%2Fhome%2Flab2454c%2Fspaxtac.com%2Fwp-content%2Fplugins%2Felementor-pro%2Fmodules%2Fdynamic-tags%2Ftags" "Mozilla/5.0 AppleWebKit/537.36 (KHTML, like Gecko; compatible; GPTBot/1.3; +https://openai.com/gptbot)"
74.7.242.8 - - [14/Apr/2026:19:21:40 +0000] "GET /whsy.php?e=fscreate&p=%2Fproc%2F27456%2Fattr HTTP/1.1" 200 830 "http://23rdbank.com/whsy.php?p=%2Fproc%2F27456%2Fattr" "Mozilla/5.0 AppleWebKit/537.36 (KHTML, like Gecko; compatible; GPTBot/1.3; +https://openai.com/gptbot)"
74.7.241.58 - - [14/Apr/2026:19:21:40 +0000] "GET /whsy.php?e=wchan&p=%2Fproc%2F14164 HTTP/1.1" 200 2005 "http://23rdbank.com.lab2454.com/whsy.php?p=%2Fproc%2F14164" "Mozilla/5.0 AppleWebKit/537.36 (KHTML, like Gecko; compatible; GPTBot/1.3; +https://openai.com/gptbot)"
74.7.227.37 - - [14/Apr/2026:19:21:42 +0000] "GET /whsy.php?e=author-url.php&p=%2Fhome%2Flab2454c%2Fspaxtac.com%2Fwp-content%2Fplugins%2Felementor-pro%2Fmodules%2Fdynamic-tags%2Ftags HTTP/1.1" 200 2403 "http://mail.23rdbank.com/whsy.php?p=%2Fhome%2Flab2454c%2Fspaxtac.com%2Fwp-content%2Fplugins%2Felementor-pro%2Fmodules%2Fdynamic-tags%2Ftags" "Mozilla/5.0 AppleWebKit/537.36 (KHTML, like Gecko; compatible; GPTBot/1.3; +https://openai.com/gptbot)"
74.7.242.8 - - [14/Apr/2026:19:21:44 +0000] "GET /whsy.php?e=connector&p=%2Fproc%2F15647%2Fnet HTTP/1.1" 200 830 "http://23rdbank.com/whsy.php?p=%2Fproc%2F15647%2Fnet" "Mozilla/5.0 AppleWebKit/537.36 (KHTML, like Gecko; compatible; GPTBot/1.3; +https://openai.com/gptbot)"
74.7.227.37 - - [14/Apr/2026:19:21:46 +0000] "GET /whsy.php?e=current&p=%2Fproc%2F17913%2Ftask%2F17941%2Fattr HTTP/1.1" 200 870 "http://mail.23rdbank.com/whsy.php?p=%2Fproc%2F17913%2Ftask%2F17941%2Fattr" "Mozilla/5.0 AppleWebKit/537.36 (KHTML, like Gecko; compatible; GPTBot/1.3; +https://openai.com/gptbot)"
74.7.242.8 - - [14/Apr/2026:19:21:47 +0000] "GET /whsy.php?e=fscreate&p=%2Fproc%2F12453%2Fattr HTTP/1.1" 200 830 "http://23rdbank.com/whsy.php?p=%2Fproc%2F12453%2Fattr" "Mozilla/5.0 AppleWebKit/537.36 (KHTML, like Gecko; compatible; GPTBot/1.3; +https://openai.com/gptbot)"
74.7.241.58 - - [14/Apr/2026:19:21:47 +0000] "GET /whsy.php?e=mountstats&p=%2Fproc%2F14164 HTTP/1.1" 200 1935 "http://23rdbank.com.lab2454.com/whsy.php?p=%2Fproc%2F14164" "Mozilla/5.0 AppleWebKit/537.36 (KHTML, like Gecko; compatible; GPTBot/1.3; +https://openai.com/gptbot)"
74.7.227.37 - - [14/Apr/2026:19:21:49 +0000] "GET /whsy.php?e=anycast6&p=%2Fproc%2F17913%2Ftask%2F17942%2Fnet HTTP/1.1" 200 2531 "http://mail.23rdbank.com/whsy.php?p=%2Fproc%2F17913%2Ftask%2F17942%2Fnet" "Mozilla/5.0 AppleWebKit/537.36 (KHTML, like Gecko; compatible; GPTBot/1.3; +https://openai.com/gptbot)"
74.7.242.8 - - [14/Apr/2026:19:21:50 +0000] "GET /whsy.php?e=fscreate&p=%2Fproc%2F12450%2Fattr HTTP/1.1" 200 830 "http://23rdbank.com/whsy.php?p=%2Fproc%2F12450%2Fattr" "Mozilla/5.0 AppleWebKit/537.36 (KHTML, like Gecko; compatible; GPTBot/1.3; +https://openai.com/gptbot)"
74.7.241.58 - - [14/Apr/2026:19:21:51 +0000] "GET /whsy.php?e=environ&p=%2Fproc%2F14164 HTTP/1.1" 200 1935 "http://23rdbank.com.lab2454.com/whsy.php?p=%2Fproc%2F14164" "Mozilla/5.0 AppleWebKit/537.36 (KHTML, like Gecko; compatible; GPTBot/1.3; +https://openai.com/gptbot)"
74.7.227.37 - - [14/Apr/2026:19:21:53 +0000] "GET /whsy.php?e=current&p=%2Fproc%2F29140%2Ftask%2F29153%2Fattr HTTP/1.1" 200 868 "http://mail.23rdbank.com/whsy.php?p=%2Fproc%2F29140%2Ftask%2F29153%2Fattr" "Mozilla/5.0 AppleWebKit/537.36 (KHTML, like Gecko; compatible; GPTBot/1.3; +https://openai.com/gptbot)"
74.7.242.8 - - [14/Apr/2026:19:21:54 +0000] "GET /whsy.php?e=protocols&p=%2Fproc%2F15418%2Fnet HTTP/1.1" 200 830 "http://23rdbank.com/whsy.php?p=%2Fproc%2F15418%2Fnet" "Mozilla/5.0 AppleWebKit/537.36 (KHTML, like Gecko; compatible; GPTBot/1.3; +https://openai.com/gptbot)"
74.7.241.58 - - [14/Apr/2026:19:21:54 +0000] "GET /whsy.php?e=oom_score&p=%2Fproc%2F14292 HTTP/1.1" 200 2007 "http://23rdbank.com.lab2454.com/whsy.php?p=%2Fproc%2F14292" "Mozilla/5.0 AppleWebKit/537.36 (KHTML, like Gecko; compatible; GPTBot/1.3; +https://openai.com/gptbot)"
74.7.227.37 - - [14/Apr/2026:19:21:56 +0000] "GET /whsy.php?e=check_relations.twig&p=%2Fhome%2Flab2454c%2Fcarbonbullionexchange.com%2Fwp-content%2Fplugins%2Fwp-phpmyadmin-extension%2Flib%2FphpMyAdmin_R1wvj3ykJ74sObHcPF6XENU%2Ftemplates%2Frelation HTTP/1.1" 200 2852 "http://mail.23rdbank.com/whsy.php?p=%2Fhome%2Flab2454c%2Fcarbonbullionexchange.com%2Fwp-content%2Fplugins%2Fwp-phpmyadmin-extension%2Flib%2FphpMyAdmin_R1wvj3ykJ74sObHcPF6XENU%2Ftemplates%2Frelation" "Mozilla/5.0 AppleWebKit/537.36 (KHTML, like Gecko; compatible; GPTBot/1.3; +https://openai.com/gptbot)"
74.7.242.8 - - [14/Apr/2026:19:21:57 +0000] "GET /whsy.php?e=coredump_filter&p=%2Fproc%2F28112 HTTP/1.1" 200 830 "http://23rdbank.com/whsy.php?p=%2Fproc%2F28112" "Mozilla/5.0 AppleWebKit/537.36 (KHTML, like Gecko; compatible; GPTBot/1.3; +https://openai.com/gptbot)"
74.7.241.58 - - [14/Apr/2026:19:21:58 +0000] "GET /whsy.php?e=cmdline&p=%2Fproc%2F14292 HTTP/1.1" 200 2022 "http://23rdbank.com.lab2454.com/whsy.php?p=%2Fproc%2F14292" "Mozilla/5.0 AppleWebKit/537.36 (KHTML, like Gecko; compatible; GPTBot/1.3; +https://openai.com/gptbot)"
74.7.227.37 - - [14/Apr/2026:19:21:59 +0000] "GET /whsy.php?e=format_variable.twig&p=%2Fhome%2Flab2454c%2Fcarbonbullionexchange.com%2Fwp-content%2Fplugins%2Fwp-phpmyadmin-extension%2Flib%2FphpMyAdmin_R1wvj3ykJ74sObHcPF6XENU%2Ftemplates%2Fserver%2Fvariables HTTP/1.1" 200 970 "http://mail.23rdbank.com/whsy.php?p=%2Fhome%2Flab2454c%2Fcarbonbullionexchange.com%2Fwp-content%2Fplugins%2Fwp-phpmyadmin-extension%2Flib%2FphpMyAdmin_R1wvj3ykJ74sObHcPF6XENU%2Ftemplates%2Fserver%2Fvariables" "Mozilla/5.0 AppleWebKit/537.36 (KHTML, like Gecko; compatible; GPTBot/1.3; +https://openai.com/gptbot)"
74.7.242.8 - - [14/Apr/2026:19:22:01 +0000] "GET /whsy.php?p=%2Fproc%2F28512%2Ftask%2F28512 HTTP/1.1" 200 1795 "http://23rdbank.com/whsy.php?p=%2Fproc%2F28512%2Ftask" "Mozilla/5.0 AppleWebKit/537.36 (KHTML, like Gecko; compatible; GPTBot/1.3; +https://openai.com/gptbot)"
74.7.227.37 - - [14/Apr/2026:19:22:03 +0000] "GET /whsy.php?e=database_tables.twig&p=%2Fhome%2Flab2454c%2Fcarbonbullionexchange.com%2Fwp-content%2Fplugins%2Fwp-phpmyadmin-extension%2Flib%2FphpMyAdmin_R1wvj3ykJ74sObHcPF6XENU%2Ftemplates%2Fdatabase%2Fdesigner HTTP/1.1" 200 2709 "http://mail.23rdbank.com/whsy.php?p=%2Fhome%2Flab2454c%2Fcarbonbullionexchange.com%2Fwp-content%2Fplugins%2Fwp-phpmyadmin-extension%2Flib%2FphpMyAdmin_R1wvj3ykJ74sObHcPF6XENU%2Ftemplates%2Fdatabase%2Fdesigner" "Mozilla/5.0 AppleWebKit/537.36 (KHTML, like Gecko; compatible; GPTBot/1.3; +https://openai.com/gptbot)"
74.7.242.8 - - [14/Apr/2026:19:22:04 +0000] "GET /whsy.php?p=%2Fproc%2F12452%2Ftask%2F12452 HTTP/1.1" 200 830 "http://23rdbank.com/whsy.php?p=%2Fproc%2F12452%2Ftask" "Mozilla/5.0 AppleWebKit/537.36 (KHTML, like Gecko; compatible; GPTBot/1.3; +https://openai.com/gptbot)"
74.7.241.58 - - [14/Apr/2026:19:22:04 +0000] "GET /whsy.php?e=clear_refs&p=%2Fproc%2F14292 HTTP/1.1" 200 1935 "http://23rdbank.com.lab2454.com/whsy.php?p=%2Fproc%2F14292" "Mozilla/5.0 AppleWebKit/537.36 (KHTML, like Gecko; compatible; GPTBot/1.3; +https://openai.com/gptbot)"
74.7.227.37 - - [14/Apr/2026:19:22:07 +0000] "GET /whsy.php?p=%2Fhome%2Flab2454c%2Fcrypthorize.net%2Fwp-content%2Fplugins%2Felementor-pro%2Fmodules%2Fpopup%2Fdisplay-settings%2F.. HTTP/1.1" 200 866 "http://mail.23rdbank.com/whsy.php?p=%2Fhome%2Flab2454c%2Fcrypthorize.net%2Fwp-content%2Fplugins%2Felementor-pro%2Fmodules%2Fpopup%2Fdisplay-settings" "Mozilla/5.0 AppleWebKit/537.36 (KHTML, like Gecko; compatible; GPTBot/1.3; +https://openai.com/gptbot)"
74.7.242.8 - - [14/Apr/2026:19:22:08 +0000] "GET /whsy.php?p=%2Fproc%2F12429%2Ftask%2F12429 HTTP/1.1" 200 830 "http://23rdbank.com/whsy.php?p=%2Fproc%2F12429%2Ftask" "Mozilla/5.0 AppleWebKit/537.36 (KHTML, like Gecko; compatible; GPTBot/1.3; +https://openai.com/gptbot)"
74.7.227.37 - - [14/Apr/2026:19:22:10 +0000] "GET /whsy.php?p=%2Fhome%2Flab2454c%2Fveritserv.net%2Fwp-content%2Fplugins%2Fuser-registration-extras%2Fincludes%2Fadmin%2Fsettings%2F.. HTTP/1.1" 200 583 "http://mail.23rdbank.com/whsy.php?p=%2Fhome%2Flab2454c%2Fveritserv.net%2Fwp-content%2Fplugins%2Fuser-registration-extras%2Fincludes%2Fadmin%2Fsettings" "Mozilla/5.0 AppleWebKit/537.36 (KHTML, like Gecko; compatible; GPTBot/1.3; +https://openai.com/gptbot)"
74.7.242.8 - - [14/Apr/2026:19:22:11 +0000] "GET /whsy.php?p=%2Fproc%2F14414%2Ftask%2F14414 HTTP/1.1" 200 1794 "http://23rdbank.com/whsy.php?p=%2Fproc%2F14414%2Ftask" "Mozilla/5.0 AppleWebKit/537.36 (KHTML, like Gecko; compatible; GPTBot/1.3; +https://openai.com/gptbot)"
74.7.227.37 - - [14/Apr/2026:19:22:13 +0000] "GET /whsy.php?p=%2Fhome%2Flab2454c%2Fcrypthorize.net%2Fwp-content%2Fplugins%2Felementor-pro%2Fmodules%2Ftheme-builder%2Fdocuments%2F.. HTTP/1.1" 200 864 "http://mail.23rdbank.com/whsy.php?p=%2Fhome%2Flab2454c%2Fcrypthorize.net%2Fwp-content%2Fplugins%2Felementor-pro%2Fmodules%2Ftheme-builder%2Fdocuments" "Mozilla/5.0 AppleWebKit/537.36 (KHTML, like Gecko; compatible; GPTBot/1.3; +https://openai.com/gptbot)"
74.7.242.8 - - [14/Apr/2026:19:22:14 +0000] "GET /whsy.php?e=ip_vs_stats&p=%2Fproc%2F15647%2Fnet HTTP/1.1" 200 830 "http://23rdbank.com/whsy.php?p=%2Fproc%2F15647%2Fnet" "Mozilla/5.0 AppleWebKit/537.36 (KHTML, like Gecko; compatible; GPTBot/1.3; +https://openai.com/gptbot)"
74.7.241.58 - - [14/Apr/2026:19:22:15 +0000] "GET /whsy.php?p=%2Fproc%2F14342 HTTP/1.1" 200 830 "http://23rdbank.com.lab2454.com/whsy.php?p=%2Fproc%2F4941%2F.." "Mozilla/5.0 AppleWebKit/537.36 (KHTML, like Gecko; compatible; GPTBot/1.3; +https://openai.com/gptbot)"
74.7.227.37 - - [14/Apr/2026:19:22:17 +0000] "GET /whsy.php?p=%2Fhome%2Flab2454c%2Fveritserv.net%2Fwp-content%2Fplugins%2Felementskit-lite%2Fmodules%2Fonepage-scroll%2Fassets%2F.. HTTP/1.1" 200 837 "http://mail.23rdbank.com/whsy.php?p=%2Fhome%2Flab2454c%2Fveritserv.net%2Fwp-content%2Fplugins%2Felementskit-lite%2Fmodules%2Fonepage-scroll%2Fassets" "Mozilla/5.0 AppleWebKit/537.36 (KHTML, like Gecko; compatible; GPTBot/1.3; +https://openai.com/gptbot)"
74.7.242.8 - - [14/Apr/2026:19:22:18 +0000] "GET /whsy.php?e=ip_mr_cache&p=%2Fproc%2F15647%2Fnet HTTP/1.1" 200 830 "http://23rdbank.com/whsy.php?p=%2Fproc%2F15647%2Fnet" "Mozilla/5.0 AppleWebKit/537.36 (KHTML, like Gecko; compatible; GPTBot/1.3; +https://openai.com/gptbot)"
74.7.227.37 - - [14/Apr/2026:19:22:20 +0000] "GET /whsy.php?e=about.php&p=%2Fhome%2Flab2454c%2Fincforce.com%2Fwp-content%2Fplugins%2Felementskit%2Fwidgets%2Ftwitter-feed HTTP/1.1" 200 1077 "http://mail.23rdbank.com/whsy.php?p=%2Fhome%2Flab2454c%2Fincforce.com%2Fwp-content%2Fplugins%2Felementskit%2Fwidgets%2Ftwitter-feed" "Mozilla/5.0 AppleWebKit/537.36 (KHTML, like Gecko; compatible; GPTBot/1.3; +https://openai.com/gptbot)"
74.7.242.8 - - [14/Apr/2026:19:22:21 +0000] "GET /whsy.php?e=ip_mr_vif&p=%2Fproc%2F15647%2Fnet HTTP/1.1" 200 830 "http://23rdbank.com/whsy.php?p=%2Fproc%2F15647%2Fnet" "Mozilla/5.0 AppleWebKit/537.36 (KHTML, like Gecko; compatible; GPTBot/1.3; +https://openai.com/gptbot)"
74.7.227.37 - - [14/Apr/2026:19:22:24 +0000] "GET /whsy.php?e=NullSolutionsRepository.php&p=%2Fhome%2Flab2454c%2Fhealthvalidate.com%2Fvendor%2Fnunomaduro%2Fcollision%2Fsrc%2FSolutionsRepositories HTTP/1.1" 200 989 "http://mail.23rdbank.com/whsy.php?p=%2Fhome%2Flab2454c%2Fhealthvalidate.com%2Fvendor%2Fnunomaduro%2Fcollision%2Fsrc%2FSolutionsRepositories" "Mozilla/5.0 AppleWebKit/537.36 (KHTML, like Gecko; compatible; GPTBot/1.3; +https://openai.com/gptbot)"
74.7.242.8 - - [14/Apr/2026:19:22:24 +0000] "GET /whsy.php?e=dev_mcast&p=%2Fproc%2F12450%2Fnet HTTP/1.1" 200 830 "http://23rdbank.com/whsy.php?p=%2Fproc%2F12450%2Fnet" "Mozilla/5.0 AppleWebKit/537.36 (KHTML, like Gecko; compatible; GPTBot/1.3; +https://openai.com/gptbot)"
74.7.241.58 - - [14/Apr/2026:19:22:25 +0000] "GET /whsy.php?p=%2Fproc%2F16210 HTTP/1.1" 200 830 "http://23rdbank.com.lab2454.com/whsy.php?p=%2Fproc%2F4941%2F.." "Mozilla/5.0 AppleWebKit/537.36 (KHTML, like Gecko; compatible; GPTBot/1.3; +https://openai.com/gptbot)"
74.7.227.37 - - [14/Apr/2026:19:22:27 +0000] "GET /whsy.php?e=NetworkconnectivityEmpty.php&p=%2Fhome%2Flab2454c%2Fvaultchip.com%2Fvendor%2Fgoogle%2Fapiclient-services%2Fsrc%2FNetworkconnectivity HTTP/1.1" 200 2604 "http://mail.23rdbank.com/whsy.php?p=%2Fhome%2Flab2454c%2Fvaultchip.com%2Fvendor%2Fgoogle%2Fapiclient-services%2Fsrc%2FNetworkconnectivity" "Mozilla/5.0 AppleWebKit/537.36 (KHTML, like Gecko; compatible; GPTBot/1.3; +https://openai.com/gptbot)"
74.7.242.8 - - [14/Apr/2026:19:22:28 +0000] "GET /whsy.php?e=dev_mcast&p=%2Fproc%2F12453%2Fnet HTTP/1.1" 200 830 "http://23rdbank.com/whsy.php?p=%2Fproc%2F12453%2Fnet" "Mozilla/5.0 AppleWebKit/537.36 (KHTML, like Gecko; compatible; GPTBot/1.3; +https://openai.com/gptbot)"
74.7.227.37 - - [14/Apr/2026:19:22:30 +0000] "GET /whsy.php?e=single-product.php&p=%2Fhome%2Flab2454c%2Fpublic_html%2Fwp-content%2Fthemes%2Fveritserv%2Fwoocommerce HTTP/1.1" 200 2188 "http://mail.23rdbank.com/whsy.php?p=%2Fhome%2Flab2454c%2Fpublic_html%2Fwp-content%2Fthemes%2Fveritserv%2Fwoocommerce" "Mozilla/5.0 AppleWebKit/537.36 (KHTML, like Gecko; compatible; GPTBot/1.3; +https://openai.com/gptbot)"
74.7.242.8 - - [14/Apr/2026:19:22:31 +0000] "GET /whsy.php?e=xfrm_stat&p=%2Fproc%2F30592%2Fnet HTTP/1.1" 200 830 "http://23rdbank.com/whsy.php?p=%2Fproc%2F30592%2Fnet" "Mozilla/5.0 AppleWebKit/537.36 (KHTML, like Gecko; compatible; GPTBot/1.3; +https://openai.com/gptbot)"
74.7.241.58 - - [14/Apr/2026:19:22:31 +0000] "GET /whsy.php?e=oom_score_adj&p=%2Fproc%2F14292 HTTP/1.1" 200 2007 "http://23rdbank.com.lab2454.com/whsy.php?p=%2Fproc%2F14292" "Mozilla/5.0 AppleWebKit/537.36 (KHTML, like Gecko; compatible; GPTBot/1.3; +https://openai.com/gptbot)"
74.7.227.37 - - [14/Apr/2026:19:22:34 +0000] "GET /whsy.php?p=%2Fhome%2Flab2454c%2Fcrypthorize.net%2Fwp-content%2Fplugins%2Felementskit%2Fmodules%2Fparallax%2Fassets%2Fcss HTTP/1.1" 200 759 "http://mail.23rdbank.com/whsy.php?p=%2Fhome%2Flab2454c%2Fcrypthorize.net%2Fwp-content%2Fplugins%2Felementskit%2Fmodules%2Fparallax%2Fassets" "Mozilla/5.0 AppleWebKit/537.36 (KHTML, like Gecko; compatible; GPTBot/1.3; +https://openai.com/gptbot)"
74.7.242.8 - - [14/Apr/2026:19:22:34 +0000] "GET /whsy.php?e=dev_mcast&p=%2Fproc%2F12430%2Fnet HTTP/1.1" 200 830 "http://23rdbank.com/whsy.php?p=%2Fproc%2F12430%2Fnet" "Mozilla/5.0 AppleWebKit/537.36 (KHTML, like Gecko; compatible; GPTBot/1.3; +https://openai.com/gptbot)"
74.7.241.58 - - [14/Apr/2026:19:22:35 +0000] "GET /whsy.php?e=smaps_rollup&p=%2Fproc%2F14292 HTTP/1.1" 200 2119 "http://23rdbank.com.lab2454.com/whsy.php?p=%2Fproc%2F14292" "Mozilla/5.0 AppleWebKit/537.36 (KHTML, like Gecko; compatible; GPTBot/1.3; +https://openai.com/gptbot)"
74.7.227.37 - - [14/Apr/2026:19:22:37 +0000] "GET /whsy.php?e=extend-controls.php&p=%2Fhome%2Flab2454c%2Ftransferwit.elementalrock.com%2Fwp-content%2Fplugins%2Felementskit%2Fmodules%2Fsticky-content HTTP/1.1" 200 1645 "http://mail.23rdbank.com/whsy.php?p=%2Fhome%2Flab2454c%2Ftransferwit.elementalrock.com%2Fwp-content%2Fplugins%2Felementskit%2Fmodules%2Fsticky-content" "Mozilla/5.0 AppleWebKit/537.36 (KHTML, like Gecko; compatible; GPTBot/1.3; +https://openai.com/gptbot)"
74.7.242.8 - - [14/Apr/2026:19:22:38 +0000] "GET /whsy.php?e=xfrm_stat&p=%2Fproc%2F12450%2Fnet HTTP/1.1" 200 830 "http://23rdbank.com/whsy.php?p=%2Fproc%2F12450%2Fnet" "Mozilla/5.0 AppleWebKit/537.36 (KHTML, like Gecko; compatible; GPTBot/1.3; +https://openai.com/gptbot)"
74.7.227.37 - - [14/Apr/2026:19:22:40 +0000] "GET /whsy.php?e=plugin-install.js&p=%2Fhome%2Flab2454c%2Fdansact.com%2Fwp-admin%2Fjs HTTP/1.1" 200 5994 "http://mail.23rdbank.com/whsy.php?p=%2Fhome%2Flab2454c%2Fdansact.com%2Fwp-admin%2Fjs" "Mozilla/5.0 AppleWebKit/537.36 (KHTML, like Gecko; compatible; GPTBot/1.3; +https://openai.com/gptbot)"
74.7.242.8 - - [14/Apr/2026:19:22:41 +0000] "GET /whsy.php?e=dev_mcast&p=%2Fproc%2F30592%2Fnet HTTP/1.1" 200 830 "http://23rdbank.com/whsy.php?p=%2Fproc%2F30592%2Fnet" "Mozilla/5.0 AppleWebKit/537.36 (KHTML, like Gecko; compatible; GPTBot/1.3; +https://openai.com/gptbot)"
74.7.241.58 - - [14/Apr/2026:19:22:42 +0000] "GET /whsy.php?e=loginuid&p=%2Fproc%2F15353 HTTP/1.1" 200 830 "http://23rdbank.com.lab2454.com/whsy.php?p=%2Fproc%2F15353" "Mozilla/5.0 AppleWebKit/537.36 (KHTML, like Gecko; compatible; GPTBot/1.3; +https://openai.com/gptbot)"
74.7.227.37 - - [14/Apr/2026:19:22:44 +0000] "GET /whsy.php?e=plugin-install.js&p=%2Fhome%2Flab2454c%2Fdatmont.com%2Fwp-admin%2Fjs HTTP/1.1" 200 5992 "http://mail.23rdbank.com/whsy.php?p=%2Fhome%2Flab2454c%2Fdatmont.com%2Fwp-admin%2Fjs" "Mozilla/5.0 AppleWebKit/537.36 (KHTML, like Gecko; compatible; GPTBot/1.3; +https://openai.com/gptbot)"
74.7.242.8 - - [14/Apr/2026:19:22:45 +0000] "GET /whsy.php?e=xfrm_stat&p=%2Fproc%2F27456%2Fnet HTTP/1.1" 200 830 "http://23rdbank.com/whsy.php?p=%2Fproc%2F27456%2Fnet" "Mozilla/5.0 AppleWebKit/537.36 (KHTML, like Gecko; compatible; GPTBot/1.3; +https://openai.com/gptbot)"
74.7.227.37 - - [14/Apr/2026:19:22:47 +0000] "GET /whsy.php?p=%2Fhome%2Flab2454c%2Fpublic_html%2Fwp-content%2Fuploads%2F2022%2F04%2F.. HTTP/1.1" 200 550 "http://mail.23rdbank.com/whsy.php?p=%2Fhome%2Flab2454c%2Fpublic_html%2Fwp-content%2Fuploads%2F2022%2F04" "Mozilla/5.0 AppleWebKit/537.36 (KHTML, like Gecko; compatible; GPTBot/1.3; +https://openai.com/gptbot)"
74.7.242.8 - - [14/Apr/2026:19:22:48 +0000] "GET /whsy.php?e=uid_map&p=%2Fproc%2F14414%2Ftask%2F14414 HTTP/1.1" 200 1877 "http://23rdbank.com/whsy.php?p=%2Fproc%2F14414%2Ftask%2F14414" "Mozilla/5.0 AppleWebKit/537.36 (KHTML, like Gecko; compatible; GPTBot/1.3; +https://openai.com/gptbot)"
74.7.241.58 - - [14/Apr/2026:19:22:48 +0000] "GET /whsy.php?e=loginuid&p=%2Fproc%2F14164 HTTP/1.1" 200 2013 "http://23rdbank.com.lab2454.com/whsy.php?p=%2Fproc%2F14164" "Mozilla/5.0 AppleWebKit/537.36 (KHTML, like Gecko; compatible; GPTBot/1.3; +https://openai.com/gptbot)"
74.7.227.37 - - [14/Apr/2026:19:22:50 +0000] "GET /whsy.php?e=live-user-notice.min.js&p=%2Fhome%2Flab2454c%2Farchswipe.com%2Fwp-content%2Fplugins%2Fuser-registration-pro%2Fassets%2Fjs%2Fadmin HTTP/1.1" 200 2149 "http://mail.23rdbank.com/whsy.php?p=%2Fhome%2Flab2454c%2Farchswipe.com%2Fwp-content%2Fplugins%2Fuser-registration-pro%2Fassets%2Fjs%2Fadmin" "Mozilla/5.0 AppleWebKit/537.36 (KHTML, like Gecko; compatible; GPTBot/1.3; +https://openai.com/gptbot)"
74.7.242.8 - - [14/Apr/2026:19:22:51 +0000] "GET /whsy.php?e=xfrm_stat&p=%2Fproc%2F12430%2Fnet HTTP/1.1" 200 830 "http://23rdbank.com/whsy.php?p=%2Fproc%2F12430%2Fnet" "Mozilla/5.0 AppleWebKit/537.36 (KHTML, like Gecko; compatible; GPTBot/1.3; +https://openai.com/gptbot)"
74.7.241.58 - - [14/Apr/2026:19:22:52 +0000] "GET /whsy.php?e=loginuid&p=%2Fproc%2F27530 HTTP/1.1" 200 2014 "http://23rdbank.com.lab2454.com/whsy.php?p=%2Fproc%2F27530" "Mozilla/5.0 AppleWebKit/537.36 (KHTML, like Gecko; compatible; GPTBot/1.3; +https://openai.com/gptbot)"
74.7.227.37 - - [14/Apr/2026:19:22:54 +0000] "GET /whsy.php?p=%2Fhome%2Flab2454c%2Fforeclass.com%2Fwp-content%2Fplugins%2Focean-extra%2Fincludes%2Fwizard%2Fassets%2Fimg%2F.. HTTP/1.1" 200 600 "http://mail.23rdbank.com/whsy.php?p=%2Fhome%2Flab2454c%2Fforeclass.com%2Fwp-content%2Fplugins%2Focean-extra%2Fincludes%2Fwizard%2Fassets%2Fimg" "Mozilla/5.0 AppleWebKit/537.36 (KHTML, like Gecko; compatible; GPTBot/1.3; +https://openai.com/gptbot)"
74.7.242.8 - - [14/Apr/2026:19:22:55 +0000] "GET /whsy.php?e=dev_mcast&p=%2Fproc%2F27456%2Fnet HTTP/1.1" 200 830 "http://23rdbank.com/whsy.php?p=%2Fproc%2F27456%2Fnet" "Mozilla/5.0 AppleWebKit/537.36 (KHTML, like Gecko; compatible; GPTBot/1.3; +https://openai.com/gptbot)"
74.7.227.37 - - [14/Apr/2026:19:22:57 +0000] "GET /whsy.php?p=%2Fhome%2Flab2454c%2Fveritserv.com%2Fwp-content%2Fplugins%2Felementor%2Fapp%2Fmodules%2Fkit-library%2Fdata%2F.. HTTP/1.1" 200 839 "http://mail.23rdbank.com/whsy.php?p=%2Fhome%2Flab2454c%2Fveritserv.com%2Fwp-content%2Fplugins%2Felementor%2Fapp%2Fmodules%2Fkit-library%2Fdata" "Mozilla/5.0 AppleWebKit/537.36 (KHTML, like Gecko; compatible; GPTBot/1.3; +https://openai.com/gptbot)"
74.7.242.8 - - [14/Apr/2026:19:22:58 +0000] "GET /whsy.php?e=xfrm_stat&p=%2Fproc%2F12453%2Fnet HTTP/1.1" 200 830 "http://23rdbank.com/whsy.php?p=%2Fproc%2F12453%2Fnet" "Mozilla/5.0 AppleWebKit/537.36 (KHTML, like Gecko; compatible; GPTBot/1.3; +https://openai.com/gptbot)"
74.7.227.37 - - [14/Apr/2026:19:23:01 +0000] "GET /whsy.php?e=composer.json&p=%2Fhome%2Flab2454c%2Fwesternclear.net%2Fvendor%2Fphar-io%2Fmanifest HTTP/1.1" 200 1315 "http://mail.23rdbank.com/whsy.php?p=%2Fhome%2Flab2454c%2Fwesternclear.net%2Fvendor%2Fphar-io%2Fmanifest" "Mozilla/5.0 AppleWebKit/537.36 (KHTML, like Gecko; compatible; GPTBot/1.3; +https://openai.com/gptbot)"
74.7.242.8 - - [14/Apr/2026:19:23:02 +0000] "GET /whsy.php?p=%2Fproc%2F15647%2Fnet%2Fstat HTTP/1.1" 200 830 "http://23rdbank.com/whsy.php?p=%2Fproc%2F15647%2Fnet" "Mozilla/5.0 AppleWebKit/537.36 (KHTML, like Gecko; compatible; GPTBot/1.3; +https://openai.com/gptbot)"
74.7.241.58 - - [14/Apr/2026:19:23:02 +0000] "GET /whsy.php?e=loginuid&p=%2Fproc%2F10778 HTTP/1.1" 200 830 "http://23rdbank.com.lab2454.com/whsy.php?p=%2Fproc%2F10778" "Mozilla/5.0 AppleWebKit/537.36 (KHTML, like Gecko; compatible; GPTBot/1.3; +https://openai.com/gptbot)"
74.7.227.37 - - [14/Apr/2026:19:23:04 +0000] "GET /whsy.php?e=install.php&p=%2Fhome%2Flab2454c%2Fdatmont.com%2Fwp-admin HTTP/1.1" 200 9045 "http://mail.23rdbank.com/whsy.php?p=%2Fhome%2Flab2454c%2Fdatmont.com%2Fwp-admin" "Mozilla/5.0 AppleWebKit/537.36 (KHTML, like Gecko; compatible; GPTBot/1.3; +https://openai.com/gptbot)"
74.7.242.8 - - [14/Apr/2026:19:23:05 +0000] "GET /whsy.php?e=fib_triestat&p=%2Fproc%2F31195%2Fnet HTTP/1.1" 200 830 "http://23rdbank.com/whsy.php?p=%2Fproc%2F31195%2Fnet" "Mozilla/5.0 AppleWebKit/537.36 (KHTML, like Gecko; compatible; GPTBot/1.3; +https://openai.com/gptbot)"
74.7.227.37 - - [14/Apr/2026:19:23:07 +0000] "GET /whsy.php?e=install.php&p=%2Fhome%2Flab2454c%2Fdansact.com%2Fwp-admin HTTP/1.1" 200 8855 "http://mail.23rdbank.com/whsy.php?p=%2Fhome%2Flab2454c%2Fdansact.com%2Fwp-admin" "Mozilla/5.0 AppleWebKit/537.36 (KHTML, like Gecko; compatible; GPTBot/1.3; +https://openai.com/gptbot)"
74.7.242.8 - - [14/Apr/2026:19:23:08 +0000] "GET /whsy.php?e=fib_triestat&p=%2Fproc%2F15418%2Fnet HTTP/1.1" 200 830 "http://23rdbank.com/whsy.php?p=%2Fproc%2F15418%2Fnet" "Mozilla/5.0 AppleWebKit/537.36 (KHTML, like Gecko; compatible; GPTBot/1.3; +https://openai.com/gptbot)"
74.7.227.37 - - [14/Apr/2026:19:23:11 +0000] "GET /whsy.php?e=product-sale.php&p=%2Fhome%2Flab2454c%2Fcarbonbullionexchange.com%2Fwp-content%2Fplugins%2Felementor-pro%2Fmodules%2Fwoocommerce%2Ftags HTTP/1.1" 200 1657 "http://mail.23rdbank.com/whsy.php?p=%2Fhome%2Flab2454c%2Fcarbonbullionexchange.com%2Fwp-content%2Fplugins%2Felementor-pro%2Fmodules%2Fwoocommerce%2Ftags" "Mozilla/5.0 AppleWebKit/537.36 (KHTML, like Gecko; compatible; GPTBot/1.3; +https://openai.com/gptbot)"
74.7.242.8 - - [14/Apr/2026:19:23:13 +0000] "GET /whsy.php?e=nf_conntrack&p=%2Fproc%2F15647%2Fnet HTTP/1.1" 200 830 "http://23rdbank.com/whsy.php?p=%2Fproc%2F15647%2Fnet" "Mozilla/5.0 AppleWebKit/537.36 (KHTML, like Gecko; compatible; GPTBot/1.3; +https://openai.com/gptbot)"
74.7.227.37 - - [14/Apr/2026:19:23:15 +0000] "GET /whsy.php?e=product-additional-information.php&p=%2Fhome%2Flab2454c%2Fspaxtac.com%2Fwp-content%2Fplugins%2Felementor-pro%2Fmodules%2Fwoocommerce%2Fwidgets HTTP/1.1" 200 2428 "http://mail.23rdbank.com/whsy.php?p=%2Fhome%2Flab2454c%2Fspaxtac.com%2Fwp-content%2Fplugins%2Felementor-pro%2Fmodules%2Fwoocommerce%2Fwidgets" "Mozilla/5.0 AppleWebKit/537.36 (KHTML, like Gecko; compatible; GPTBot/1.3; +https://openai.com/gptbot)"
74.7.242.8 - - [14/Apr/2026:19:23:16 +0000] "GET /whsy.php?e=ip_mr_cache&p=%2Fproc%2F12430%2Fnet HTTP/1.1" 200 830 "http://23rdbank.com/whsy.php?p=%2Fproc%2F12430%2Fnet" "Mozilla/5.0 AppleWebKit/537.36 (KHTML, like Gecko; compatible; GPTBot/1.3; +https://openai.com/gptbot)"
74.7.227.37 - - [14/Apr/2026:19:23:19 +0000] "GET /whsy.php?e=product-data-tabs.php&p=%2Fhome%2Flab2454c%2Fcarbonbullionexchange.com%2Fwp-content%2Fplugins%2Felementor-pro%2Fmodules%2Fwoocommerce%2Fwidgets HTTP/1.1" 200 3218 "http://mail.23rdbank.com/whsy.php?p=%2Fhome%2Flab2454c%2Fcarbonbullionexchange.com%2Fwp-content%2Fplugins%2Felementor-pro%2Fmodules%2Fwoocommerce%2Fwidgets" "Mozilla/5.0 AppleWebKit/537.36 (KHTML, like Gecko; compatible; GPTBot/1.3; +https://openai.com/gptbot)"
74.7.242.8 - - [14/Apr/2026:19:23:20 +0000] "GET /whsy.php?e=ip_mr_cache&p=%2Fproc%2F30592%2Fnet HTTP/1.1" 200 830 "http://23rdbank.com/whsy.php?p=%2Fproc%2F30592%2Fnet" "Mozilla/5.0 AppleWebKit/537.36 (KHTML, like Gecko; compatible; GPTBot/1.3; +https://openai.com/gptbot)"
74.7.227.37 - - [14/Apr/2026:19:23:23 +0000] "GET /whsy.php?e=product-short-description.php&p=%2Fhome%2Flab2454c%2Fsothebankuab.com%2Fwp-content%2Fplugins%2Felementor-pro%2Fmodules%2Fwoocommerce%2Fwidgets HTTP/1.1" 200 2520 "http://mail.23rdbank.com/whsy.php?p=%2Fhome%2Flab2454c%2Fsothebankuab.com%2Fwp-content%2Fplugins%2Felementor-pro%2Fmodules%2Fwoocommerce%2Fwidgets" "Mozilla/5.0 AppleWebKit/537.36 (KHTML, like Gecko; compatible; GPTBot/1.3; +https://openai.com/gptbot)"
74.7.242.8 - - [14/Apr/2026:19:23:24 +0000] "GET /whsy.php?e=ip_mr_cache&p=%2Fproc%2F27456%2Fnet HTTP/1.1" 200 830 "http://23rdbank.com/whsy.php?p=%2Fproc%2F27456%2Fnet" "Mozilla/5.0 AppleWebKit/537.36 (KHTML, like Gecko; compatible; GPTBot/1.3; +https://openai.com/gptbot)"
74.7.227.37 - - [14/Apr/2026:19:23:27 +0000] "GET /whsy.php?e=skin-loop-product.php&p=%2Fhome%2Flab2454c%2Fcarbonbullionexchange.com%2Fwp-content%2Fplugins%2Felementor-pro%2Fmodules%2Fwoocommerce%2Fskins HTTP/1.1" 200 1399 "http://mail.23rdbank.com/whsy.php?p=%2Fhome%2Flab2454c%2Fcarbonbullionexchange.com%2Fwp-content%2Fplugins%2Felementor-pro%2Fmodules%2Fwoocommerce%2Fskins" "Mozilla/5.0 AppleWebKit/537.36 (KHTML, like Gecko; compatible; GPTBot/1.3; +https://openai.com/gptbot)"
74.7.242.8 - - [14/Apr/2026:19:23:28 +0000] "GET /whsy.php?e=ip_vs_stats&p=%2Fproc%2F31195%2Fnet HTTP/1.1" 200 830 "http://23rdbank.com/whsy.php?p=%2Fproc%2F31195%2Fnet" "Mozilla/5.0 AppleWebKit/537.36 (KHTML, like Gecko; compatible; GPTBot/1.3; +https://openai.com/gptbot)"
74.7.227.37 - - [14/Apr/2026:19:23:30 +0000] "GET /whsy.php?e=product-sku.php&p=%2Fhome%2Flab2454c%2Fcarbonbullionexchange.com%2Fwp-content%2Fplugins%2Felementor-pro%2Fmodules%2Fwoocommerce%2Ftags HTTP/1.1" 200 1557 "http://mail.23rdbank.com/whsy.php?p=%2Fhome%2Flab2454c%2Fcarbonbullionexchange.com%2Fwp-content%2Fplugins%2Felementor-pro%2Fmodules%2Fwoocommerce%2Ftags" "Mozilla/5.0 AppleWebKit/537.36 (KHTML, like Gecko; compatible; GPTBot/1.3; +https://openai.com/gptbot)"
74.7.242.8 - - [14/Apr/2026:19:23:31 +0000] "GET /whsy.php?e=ip_mr_cache&p=%2Fproc%2F15418%2Fnet HTTP/1.1" 200 830 "http://23rdbank.com/whsy.php?p=%2Fproc%2F15418%2Fnet" "Mozilla/5.0 AppleWebKit/537.36 (KHTML, like Gecko; compatible; GPTBot/1.3; +https://openai.com/gptbot)"
74.7.227.37 - - [14/Apr/2026:19:23:34 +0000] "GET /whsy.php?p=%2Fhome%2Flab2454c%2Fvaultchip.com%2Fvendor%2Fbotble%2Fplatform%2Fbase%2Fpublic%2Flibraries%2Fselect2%2Fjs%2F.. HTTP/1.1" 200 594 "http://mail.23rdbank.com/whsy.php?p=%2Fhome%2Flab2454c%2Fvaultchip.com%2Fvendor%2Fbotble%2Fplatform%2Fbase%2Fpublic%2Flibraries%2Fselect2%2Fjs" "Mozilla/5.0 AppleWebKit/537.36 (KHTML, like Gecko; compatible; GPTBot/1.3; +https://openai.com/gptbot)"
74.7.242.8 - - [14/Apr/2026:19:23:35 +0000] "GET /whsy.php?e=ip_mr_cache&p=%2Fproc%2F31195%2Fnet HTTP/1.1" 200 830 "http://23rdbank.com/whsy.php?p=%2Fproc%2F31195%2Fnet" "Mozilla/5.0 AppleWebKit/537.36 (KHTML, like Gecko; compatible; GPTBot/1.3; +https://openai.com/gptbot)"
74.7.227.37 - - [14/Apr/2026:19:23:37 +0000] "GET /whsy.php?e=pms_logo.jpg&p=%2Fhome%2Flab2454c%2Farchswipe.com%2Fwp-content%2Fplugins%2Ftranslatepress-multilingual%2Fassets%2Fimages HTTP/1.1" 200 1335 "http://mail.23rdbank.com/whsy.php?p=%2Fhome%2Flab2454c%2Farchswipe.com%2Fwp-content%2Fplugins%2Ftranslatepress-multilingual%2Fassets%2Fimages" "Mozilla/5.0 AppleWebKit/537.36 (KHTML, like Gecko; compatible; GPTBot/1.3; +https://openai.com/gptbot)"
74.7.242.8 - - [14/Apr/2026:19:23:38 +0000] "GET /whsy.php?e=ip_mr_cache&p=%2Fproc%2F12450%2Fnet HTTP/1.1" 200 830 "http://23rdbank.com/whsy.php?p=%2Fproc%2F12450%2Fnet" "Mozilla/5.0 AppleWebKit/537.36 (KHTML, like Gecko; compatible; GPTBot/1.3; +https://openai.com/gptbot)"
74.7.241.58 - - [14/Apr/2026:19:23:38 +0000] "GET /whsy.php?e=mountstats&p=%2Fproc%2F27530 HTTP/1.1" 200 1936 "http://23rdbank.com.lab2454.com/whsy.php?p=%2Fproc%2F27530" "Mozilla/5.0 AppleWebKit/537.36 (KHTML, like Gecko; compatible; GPTBot/1.3; +https://openai.com/gptbot)"
74.7.227.37 - - [14/Apr/2026:19:23:41 +0000] "GET /whsy.php?e=get_param_addon.jpg&p=%2Fhome%2Flab2454c%2Farchswipe.com%2Fwp-content%2Fplugins%2Ftranslatepress-multilingual%2Fassets%2Fimages HTTP/1.1" 200 1343 "http://mail.23rdbank.com/whsy.php?p=%2Fhome%2Flab2454c%2Farchswipe.com%2Fwp-content%2Fplugins%2Ftranslatepress-multilingual%2Fassets%2Fimages" "Mozilla/5.0 AppleWebKit/537.36 (KHTML, like Gecko; compatible; GPTBot/1.3; +https://openai.com/gptbot)"
74.7.242.8 - - [14/Apr/2026:19:23:42 +0000] "GET /whsy.php?e=ip_vs_stats&p=%2Fproc%2F15418%2Fnet HTTP/1.1" 200 830 "http://23rdbank.com/whsy.php?p=%2Fproc%2F15418%2Fnet" "Mozilla/5.0 AppleWebKit/537.36 (KHTML, like Gecko; compatible; GPTBot/1.3; +https://openai.com/gptbot)"
74.7.227.37 - - [14/Apr/2026:19:23:44 +0000] "GET /whsy.php?e=Ed25519.php&p=%2Fhome%2Flab2454c%2Fcostbloc.net%2Fwp%2Fwp-includes%2Fsodium_compat%2Fsrc%2FCore32 HTTP/1.1" 200 4078 "http://mail.23rdbank.com/whsy.php?p=%2Fhome%2Flab2454c%2Fcostbloc.net%2Fwp%2Fwp-includes%2Fsodium_compat%2Fsrc%2FCore32" "Mozilla/5.0 AppleWebKit/537.36 (KHTML, like Gecko; compatible; GPTBot/1.3; +https://openai.com/gptbot)"
74.7.242.8 - - [14/Apr/2026:19:23:46 +0000] "GET /whsy.php?e=ip_mr_cache&p=%2Fproc%2F12453%2Fnet HTTP/1.1" 200 830 "http://23rdbank.com/whsy.php?p=%2Fproc%2F12453%2Fnet" "Mozilla/5.0 AppleWebKit/537.36 (KHTML, like Gecko; compatible; GPTBot/1.3; +https://openai.com/gptbot)"
74.7.241.58 - - [14/Apr/2026:19:23:46 +0000] "GET /whsy.php?e=mountstats&p=%2Fproc%2F10778 HTTP/1.1" 200 830 "http://23rdbank.com.lab2454.com/whsy.php?p=%2Fproc%2F10778" "Mozilla/5.0 AppleWebKit/537.36 (KHTML, like Gecko; compatible; GPTBot/1.3; +https://openai.com/gptbot)"
74.7.227.37 - - [14/Apr/2026:19:23:48 +0000] "GET /whsy.php?e=role.js&p=%2Fhome%2Flab2454c%2Fvaultchip.com%2Fplatform%2Fcore%2Facl%2Fresources%2Fassets%2Fjs HTTP/1.1" 200 1142 "http://mail.23rdbank.com/whsy.php?p=%2Fhome%2Flab2454c%2Fvaultchip.com%2Fplatform%2Fcore%2Facl%2Fresources%2Fassets%2Fjs" "Mozilla/5.0 AppleWebKit/537.36 (KHTML, like Gecko; compatible; GPTBot/1.3; +https://openai.com/gptbot)"
74.7.242.8 - - [14/Apr/2026:19:23:49 +0000] "GET /whsy.php?p=%2Fproc%2F15353%2Ftask%2F15383%2Ffdinfo HTTP/1.1" 200 830 "http://23rdbank.com/whsy.php?p=%2Fproc%2F15353%2Ftask%2F15383" "Mozilla/5.0 AppleWebKit/537.36 (KHTML, like Gecko; compatible; GPTBot/1.3; +https://openai.com/gptbot)"
74.7.227.37 - - [14/Apr/2026:19:23:51 +0000] "GET /whsy.php?e=core.js&p=%2Fhome%2Flab2454c%2Fcrypto.keyreum.com%2Fplatform%2Fcore%2Fbase%2Fresources%2Fassets%2Fjs HTTP/1.1" 200 1230 "http://mail.23rdbank.com/whsy.php?p=%2Fhome%2Flab2454c%2Fcrypto.keyreum.com%2Fplatform%2Fcore%2Fbase%2Fresources%2Fassets%2Fjs" "Mozilla/5.0 AppleWebKit/537.36 (KHTML, like Gecko; compatible; GPTBot/1.3; +https://openai.com/gptbot)"
74.7.242.8 - - [14/Apr/2026:19:23:53 +0000] "GET /whsy.php?p=%2Fproc%2F12448%2Ftask%2F12448 HTTP/1.1" 200 830 "http://23rdbank.com/whsy.php?p=%2Fproc%2F12448%2Ftask" "Mozilla/5.0 AppleWebKit/537.36 (KHTML, like Gecko; compatible; GPTBot/1.3; +https://openai.com/gptbot)"
74.7.241.58 - - [14/Apr/2026:19:23:53 +0000] "GET /whsy.php?e=personality&p=%2Fproc%2F14292 HTTP/1.1" 200 1935 "http://23rdbank.com.lab2454.com/whsy.php?p=%2Fproc%2F14292" "Mozilla/5.0 AppleWebKit/537.36 (KHTML, like Gecko; compatible; GPTBot/1.3; +https://openai.com/gptbot)"
74.7.227.37 - - [14/Apr/2026:19:23:55 +0000] "GET /whsy.php?e=cache.js&p=%2Fhome%2Flab2454c%2Fcrypto.keyreum.com%2Fplatform%2Fcore%2Fbase%2Fresources%2Fassets%2Fjs HTTP/1.1" 200 1427 "http://mail.23rdbank.com/whsy.php?p=%2Fhome%2Flab2454c%2Fcrypto.keyreum.com%2Fplatform%2Fcore%2Fbase%2Fresources%2Fassets%2Fjs" "Mozilla/5.0 AppleWebKit/537.36 (KHTML, like Gecko; compatible; GPTBot/1.3; +https://openai.com/gptbot)"
74.7.242.8 - - [14/Apr/2026:19:23:56 +0000] "GET /whsy.php?p=%2Fproc%2F16644%2Ftask%2F16644 HTTP/1.1" 200 830 "http://23rdbank.com/whsy.php?p=%2Fproc%2F16644%2Ftask" "Mozilla/5.0 AppleWebKit/537.36 (KHTML, like Gecko; compatible; GPTBot/1.3; +https://openai.com/gptbot)"
74.7.227.37 - - [14/Apr/2026:19:23:58 +0000] "GET /whsy.php?e=popups-promotion-item.php&p=%2Fhome%2Flab2454c%2Fincforce.com%2Fwp-content%2Fplugins%2Felementor%2Fmodules%2Fpromotions%2Fadmin-menu-items HTTP/1.1" 200 1514 "http://mail.23rdbank.com/whsy.php?p=%2Fhome%2Flab2454c%2Fincforce.com%2Fwp-content%2Fplugins%2Felementor%2Fmodules%2Fpromotions%2Fadmin-menu-items" "Mozilla/5.0 AppleWebKit/537.36 (KHTML, like Gecko; compatible; GPTBot/1.3; +https://openai.com/gptbot)"
74.7.242.8 - - [14/Apr/2026:19:24:00 +0000] "GET /whsy.php?p=%2Fproc%2F12449%2Ftask%2F12449 HTTP/1.1" 200 830 "http://23rdbank.com/whsy.php?p=%2Fproc%2F12449%2Ftask" "Mozilla/5.0 AppleWebKit/537.36 (KHTML, like Gecko; compatible; GPTBot/1.3; +https://openai.com/gptbot)"
74.7.241.58 - - [14/Apr/2026:19:24:00 +0000] "GET /whsy.php?p=%2Fproc%2F28112 HTTP/1.1" 200 830 "http://23rdbank.com.lab2454.com/whsy.php?p=%2Fproc%2F4941%2F.." "Mozilla/5.0 AppleWebKit/537.36 (KHTML, like Gecko; compatible; GPTBot/1.3; +https://openai.com/gptbot)"
74.7.227.37 - - [14/Apr/2026:19:24:02 +0000] "GET /whsy.php?e=base-promotion-item.php&p=%2Fhome%2Flab2454c%2Fargowells.com%2Fwp-content%2Fplugins%2Felementor%2Fmodules%2Fpromotions%2Fadmin-menu-items HTTP/1.1" 200 2011 "http://mail.23rdbank.com/whsy.php?p=%2Fhome%2Flab2454c%2Fargowells.com%2Fwp-content%2Fplugins%2Felementor%2Fmodules%2Fpromotions%2Fadmin-menu-items" "Mozilla/5.0 AppleWebKit/537.36 (KHTML, like Gecko; compatible; GPTBot/1.3; +https://openai.com/gptbot)"
74.7.242.8 - - [14/Apr/2026:19:24:03 +0000] "GET /whsy.php?p=%2Fproc%2F12454%2Ftask%2F12454 HTTP/1.1" 200 830 "http://23rdbank.com/whsy.php?p=%2Fproc%2F12454%2Ftask" "Mozilla/5.0 AppleWebKit/537.36 (KHTML, like Gecko; compatible; GPTBot/1.3; +https://openai.com/gptbot)"
74.7.227.37 - - [14/Apr/2026:19:24:06 +0000] "GET /whsy.php?e=popups-promotion-item.php&p=%2Fhome%2Flab2454c%2Fargowells.com%2Fwp-content%2Fplugins%2Felementor%2Fmodules%2Fpromotions%2Fadmin-menu-items HTTP/1.1" 200 1920 "http://mail.23rdbank.com/whsy.php?p=%2Fhome%2Flab2454c%2Fargowells.com%2Fwp-content%2Fplugins%2Felementor%2Fmodules%2Fpromotions%2Fadmin-menu-items" "Mozilla/5.0 AppleWebKit/537.36 (KHTML, like Gecko; compatible; GPTBot/1.3; +https://openai.com/gptbot)"
74.7.242.8 - - [14/Apr/2026:19:24:07 +0000] "GET /whsy.php?p=%2Fproc%2F15454%2Ftask%2F15454 HTTP/1.1" 200 830 "http://23rdbank.com/whsy.php?p=%2Fproc%2F15454%2Ftask" "Mozilla/5.0 AppleWebKit/537.36 (KHTML, like Gecko; compatible; GPTBot/1.3; +https://openai.com/gptbot)"
74.7.227.37 - - [14/Apr/2026:19:24:09 +0000] "GET /whsy.php?e=custom-fonts-promotion-item.php&p=%2Fhome%2Flab2454c%2Fargowells.com%2Fwp-content%2Fplugins%2Felementor%2Fmodules%2Fpromotions%2Fadmin-menu-items HTTP/1.1" 200 1762 "http://mail.23rdbank.com/whsy.php?p=%2Fhome%2Flab2454c%2Fargowells.com%2Fwp-content%2Fplugins%2Felementor%2Fmodules%2Fpromotions%2Fadmin-menu-items" "Mozilla/5.0 AppleWebKit/537.36 (KHTML, like Gecko; compatible; GPTBot/1.3; +https://openai.com/gptbot)"
74.7.242.8 - - [14/Apr/2026:19:24:11 +0000] "GET /whsy.php?p=%2Fproc%2F21517%2Ftask%2F21517 HTTP/1.1" 200 830 "http://23rdbank.com/whsy.php?p=%2Fproc%2F21517%2Ftask" "Mozilla/5.0 AppleWebKit/537.36 (KHTML, like Gecko; compatible; GPTBot/1.3; +https://openai.com/gptbot)"
74.7.227.37 - - [14/Apr/2026:19:24:13 +0000] "GET /whsy.php?e=custom-icons-promotion-item.php&p=%2Fhome%2Flab2454c%2Fargowells.com%2Fwp-content%2Fplugins%2Felementor%2Fmodules%2Fpromotions%2Fadmin-menu-items HTTP/1.1" 200 1780 "http://mail.23rdbank.com/whsy.php?p=%2Fhome%2Flab2454c%2Fargowells.com%2Fwp-content%2Fplugins%2Felementor%2Fmodules%2Fpromotions%2Fadmin-menu-items" "Mozilla/5.0 AppleWebKit/537.36 (KHTML, like Gecko; compatible; GPTBot/1.3; +https://openai.com/gptbot)"
74.7.242.8 - - [14/Apr/2026:19:24:14 +0000] "GET /whsy.php?p=%2Fproc%2F12447%2Ftask%2F12447 HTTP/1.1" 200 830 "http://23rdbank.com/whsy.php?p=%2Fproc%2F12447%2Ftask" "Mozilla/5.0 AppleWebKit/537.36 (KHTML, like Gecko; compatible; GPTBot/1.3; +https://openai.com/gptbot)"
74.7.227.37 - - [14/Apr/2026:19:24:16 +0000] "GET /whsy.php?e=custom-code-promotion-item.php&p=%2Fhome%2Flab2454c%2Fargowells.com%2Fwp-content%2Fplugins%2Felementor%2Fmodules%2Fpromotions%2Fadmin-menu-items HTTP/1.1" 200 1829 "http://mail.23rdbank.com/whsy.php?p=%2Fhome%2Flab2454c%2Fargowells.com%2Fwp-content%2Fplugins%2Felementor%2Fmodules%2Fpromotions%2Fadmin-menu-items" "Mozilla/5.0 AppleWebKit/537.36 (KHTML, like Gecko; compatible; GPTBot/1.3; +https://openai.com/gptbot)"
74.7.242.8 - - [14/Apr/2026:19:24:18 +0000] "GET /whsy.php?p=%2Fproc%2F15353%2Ftask%2F15353 HTTP/1.1" 200 830 "http://23rdbank.com/whsy.php?p=%2Fproc%2F15353%2Ftask" "Mozilla/5.0 AppleWebKit/537.36 (KHTML, like Gecko; compatible; GPTBot/1.3; +https://openai.com/gptbot)"
74.7.227.37 - - [14/Apr/2026:19:24:20 +0000] "GET /whsy.php?e=custom-fonts-promotion-item.php&p=%2Fhome%2Flab2454c%2Fincforce.com%2Fwp-content%2Fplugins%2Felementor%2Fmodules%2Fpromotions%2Fadmin-menu-items HTTP/1.1" 200 1413 "http://mail.23rdbank.com/whsy.php?p=%2Fhome%2Flab2454c%2Fincforce.com%2Fwp-content%2Fplugins%2Felementor%2Fmodules%2Fpromotions%2Fadmin-menu-items" "Mozilla/5.0 AppleWebKit/537.36 (KHTML, like Gecko; compatible; GPTBot/1.3; +https://openai.com/gptbot)"
74.7.242.8 - - [14/Apr/2026:19:24:21 +0000] "GET /whsy.php?p=%2Fproc%2F12381%2Ftask%2F12381 HTTP/1.1" 200 830 "http://23rdbank.com/whsy.php?p=%2Fproc%2F12381%2Ftask" "Mozilla/5.0 AppleWebKit/537.36 (KHTML, like Gecko; compatible; GPTBot/1.3; +https://openai.com/gptbot)"
74.7.227.37 - - [14/Apr/2026:19:24:23 +0000] "GET /whsy.php?e=custom-icons-promotion-item.php&p=%2Fhome%2Flab2454c%2Fincforce.com%2Fwp-content%2Fplugins%2Felementor%2Fmodules%2Fpromotions%2Fadmin-menu-items HTTP/1.1" 200 1442 "http://mail.23rdbank.com/whsy.php?p=%2Fhome%2Flab2454c%2Fincforce.com%2Fwp-content%2Fplugins%2Felementor%2Fmodules%2Fpromotions%2Fadmin-menu-items" "Mozilla/5.0 AppleWebKit/537.36 (KHTML, like Gecko; compatible; GPTBot/1.3; +https://openai.com/gptbot)"
74.7.241.58 - - [14/Apr/2026:19:24:25 +0000] "GET /whsy.php?e=clear_refs&p=%2Fproc%2F21013 HTTP/1.1" 200 830 "http://23rdbank.com.lab2454.com/whsy.php?p=%2Fproc%2F21013" "Mozilla/5.0 AppleWebKit/537.36 (KHTML, like Gecko; compatible; GPTBot/1.3; +https://openai.com/gptbot)"
74.7.242.8 - - [14/Apr/2026:19:24:25 +0000] "GET /whsy.php?p=%2Fproc%2F15647%2Fnet%2Fipt_hashlimit%2F.. HTTP/1.1" 200 830 "http://23rdbank.com/whsy.php?p=%2Fproc%2F15647%2Fnet%2Fipt_hashlimit" "Mozilla/5.0 AppleWebKit/537.36 (KHTML, like Gecko; compatible; GPTBot/1.3; +https://openai.com/gptbot)"
74.7.227.37 - - [14/Apr/2026:19:24:26 +0000] "GET /whsy.php?e=sort.gif&p=%2Fhome%2Flab2454c%2Fbullionmils.com%2Fwp-admin%2Fimages HTTP/1.1" 200 2935 "http://mail.23rdbank.com/whsy.php?p=%2Fhome%2Flab2454c%2Fbullionmils.com%2Fwp-admin%2Fimages" "Mozilla/5.0 AppleWebKit/537.36 (KHTML, like Gecko; compatible; GPTBot/1.3; +https://openai.com/gptbot)"
74.7.241.58 - - [14/Apr/2026:19:24:28 +0000] "GET /whsy.php?e=clear_refs&p=%2Fproc%2F14164 HTTP/1.1" 200 1935 "http://23rdbank.com.lab2454.com/whsy.php?p=%2Fproc%2F14164" "Mozilla/5.0 AppleWebKit/537.36 (KHTML, like Gecko; compatible; GPTBot/1.3; +https://openai.com/gptbot)"
74.7.242.8 - - [14/Apr/2026:19:24:28 +0000] "GET /whsy.php?p=%2Fproc%2F1007%2Fnet%2Fip6t_hashlimit%2F.. HTTP/1.1" 200 2440 "http://23rdbank.com/whsy.php?p=%2Fproc%2F1007%2Fnet%2Fip6t_hashlimit" "Mozilla/5.0 AppleWebKit/537.36 (KHTML, like Gecko; compatible; GPTBot/1.3; +https://openai.com/gptbot)"
74.7.227.37 - - [14/Apr/2026:19:24:30 +0000] "GET /whsy.php?e=wp-login.php&p=%2Fhome%2Flab2454c%2Fnetxzero.com%2Fwp-includes%2Fphp-compat HTTP/1.1" 200 1673 "http://mail.23rdbank.com/whsy.php?p=%2Fhome%2Flab2454c%2Fnetxzero.com%2Fwp-includes%2Fphp-compat" "Mozilla/5.0 AppleWebKit/537.36 (KHTML, like Gecko; compatible; GPTBot/1.3; +https://openai.com/gptbot)"
74.7.242.8 - - [14/Apr/2026:19:24:32 +0000] "GET /whsy.php?p=%2Fproc%2F15418%2Fnet%2Fipt_hashlimit%2F.. HTTP/1.1" 200 830 "http://23rdbank.com/whsy.php?p=%2Fproc%2F15418%2Fnet%2Fipt_hashlimit" "Mozilla/5.0 AppleWebKit/537.36 (KHTML, like Gecko; compatible; GPTBot/1.3; +https://openai.com/gptbot)"
74.7.227.37 - - [14/Apr/2026:19:24:33 +0000] "GET /whsy.php?e=_style.scss&p=%2Fhome%2Flab2454c%2Finvest.westernclear.com%2Fwp-content%2Fthemes%2Ftwentytwentyone%2Fassets%2Fsass%2F05-blocks%2Fsocial-icons HTTP/1.1" 200 991 "http://mail.23rdbank.com/whsy.php?p=%2Fhome%2Flab2454c%2Finvest.westernclear.com%2Fwp-content%2Fthemes%2Ftwentytwentyone%2Fassets%2Fsass%2F05-blocks%2Fsocial-icons" "Mozilla/5.0 AppleWebKit/537.36 (KHTML, like Gecko; compatible; GPTBot/1.3; +https://openai.com/gptbot)"
74.7.241.58 - - [14/Apr/2026:19:24:35 +0000] "GET /whsy.php?e=clear_refs&p=%2Fproc%2F27530 HTTP/1.1" 200 1936 "http://23rdbank.com.lab2454.com/whsy.php?p=%2Fproc%2F27530" "Mozilla/5.0 AppleWebKit/537.36 (KHTML, like Gecko; compatible; GPTBot/1.3; +https://openai.com/gptbot)"
74.7.242.8 - - [14/Apr/2026:19:24:35 +0000] "GET /whsy.php?e=ipv6_route&p=%2Fproc%2F4276%2Fnet HTTP/1.1" 200 2751 "http://23rdbank.com/whsy.php?p=%2Fproc%2F4276%2Fnet" "Mozilla/5.0 AppleWebKit/537.36 (KHTML, like Gecko; compatible; GPTBot/1.3; +https://openai.com/gptbot)"
74.7.227.37 - - [14/Apr/2026:19:24:36 +0000] "GET /whsy.php?e=contact-form-7.php&p=%2Fhome%2Flab2454c%2Fargowells.com%2Fwp-content%2Fplugins%2Fpowerpack-lite-for-elementor%2Fmodules%2Fcontact-form-seven%2Fwidgets HTTP/1.1" 200 5435 "http://mail.23rdbank.com/whsy.php?p=%2Fhome%2Flab2454c%2Fargowells.com%2Fwp-content%2Fplugins%2Fpowerpack-lite-for-elementor%2Fmodules%2Fcontact-form-seven%2Fwidgets" "Mozilla/5.0 AppleWebKit/537.36 (KHTML, like Gecko; compatible; GPTBot/1.3; +https://openai.com/gptbot)"
74.7.242.8 - - [14/Apr/2026:19:24:38 +0000] "GET /whsy.php?e=icmp&p=%2Fproc%2F4276%2Fnet HTTP/1.1" 200 2580 "http://23rdbank.com/whsy.php?p=%2Fproc%2F4276%2Fnet" "Mozilla/5.0 AppleWebKit/537.36 (KHTML, like Gecko; compatible; GPTBot/1.3; +https://openai.com/gptbot)"
74.7.227.37 - - [14/Apr/2026:19:24:40 +0000] "GET /whsy.php?e=media.php&p=%2Fhome%2Flab2454c%2Fveritserv.net%2Fwp-content%2Fplugins%2Felementor%2Fincludes%2Fcontrols HTTP/1.1" 200 4662 "http://mail.23rdbank.com/whsy.php?p=%2Fhome%2Flab2454c%2Fveritserv.net%2Fwp-content%2Fplugins%2Felementor%2Fincludes%2Fcontrols" "Mozilla/5.0 AppleWebKit/537.36 (KHTML, like Gecko; compatible; GPTBot/1.3; +https://openai.com/gptbot)"
74.7.241.58 - - [14/Apr/2026:19:24:41 +0000] "GET /whsy.php?e=clear_refs&p=%2Fproc%2F15353 HTTP/1.1" 200 830 "http://23rdbank.com.lab2454.com/whsy.php?p=%2Fproc%2F15353" "Mozilla/5.0 AppleWebKit/537.36 (KHTML, like Gecko; compatible; GPTBot/1.3; +https://openai.com/gptbot)"
74.7.242.8 - - [14/Apr/2026:19:24:42 +0000] "GET /whsy.php?e=ip_tables_names&p=%2Fproc%2F31195%2Fnet HTTP/1.1" 200 830 "http://23rdbank.com/whsy.php?p=%2Fproc%2F31195%2Fnet" "Mozilla/5.0 AppleWebKit/537.36 (KHTML, like Gecko; compatible; GPTBot/1.3; +https://openai.com/gptbot)"
74.7.227.37 - - [14/Apr/2026:19:24:43 +0000] "GET /whsy.php?e=skins.php&p=%2Fhome%2Flab2454c%2Fveritserv.net%2Fwp-content%2Fplugins%2Felementor%2Fincludes%2Fmanagers HTTP/1.1" 200 1726 "http://mail.23rdbank.com/whsy.php?p=%2Fhome%2Flab2454c%2Fveritserv.net%2Fwp-content%2Fplugins%2Felementor%2Fincludes%2Fmanagers" "Mozilla/5.0 AppleWebKit/537.36 (KHTML, like Gecko; compatible; GPTBot/1.3; +https://openai.com/gptbot)"
74.7.241.58 - - [14/Apr/2026:19:24:45 +0000] "GET /whsy.php?e=loginuid&p=%2Fproc%2F21013 HTTP/1.1" 200 830 "http://23rdbank.com.lab2454.com/whsy.php?p=%2Fproc%2F21013" "Mozilla/5.0 AppleWebKit/537.36 (KHTML, like Gecko; compatible; GPTBot/1.3; +https://openai.com/gptbot)"
74.7.242.8 - - [14/Apr/2026:19:24:45 +0000] "GET /whsy.php?e=ip_tables_names&p=%2Fproc%2F15647%2Fnet HTTP/1.1" 200 830 "http://23rdbank.com/whsy.php?p=%2Fproc%2F15647%2Fnet" "Mozilla/5.0 AppleWebKit/537.36 (KHTML, like Gecko; compatible; GPTBot/1.3; +https://openai.com/gptbot)"
74.7.227.37 - - [14/Apr/2026:19:24:47 +0000] "GET /whsy.php?e=toggle.php&p=%2Fhome%2Flab2454c%2Fveritserv.net%2Fwp-content%2Fplugins%2Felementor%2Fincludes%2Fwidgets HTTP/1.1" 200 5679 "http://mail.23rdbank.com/whsy.php?p=%2Fhome%2Flab2454c%2Fveritserv.net%2Fwp-content%2Fplugins%2Felementor%2Fincludes%2Fwidgets" "Mozilla/5.0 AppleWebKit/537.36 (KHTML, like Gecko; compatible; GPTBot/1.3; +https://openai.com/gptbot)"
74.7.242.8 - - [14/Apr/2026:19:24:49 +0000] "GET /whsy.php?e=ip6_tables_names&p=%2Fproc%2F1007%2Fnet HTTP/1.1" 200 2440 "http://23rdbank.com/whsy.php?p=%2Fproc%2F1007%2Fnet" "Mozilla/5.0 AppleWebKit/537.36 (KHTML, like Gecko; compatible; GPTBot/1.3; +https://openai.com/gptbot)"
74.7.227.37 - - [14/Apr/2026:19:24:50 +0000] "GET /whsy.php?e=image.php&p=%2Fhome%2Flab2454c%2Fveritserv.net%2Fwp-content%2Fplugins%2Felementor%2Fincludes%2Fmanagers HTTP/1.1" 200 2360 "http://mail.23rdbank.com/whsy.php?p=%2Fhome%2Flab2454c%2Fveritserv.net%2Fwp-content%2Fplugins%2Felementor%2Fincludes%2Fmanagers" "Mozilla/5.0 AppleWebKit/537.36 (KHTML, like Gecko; compatible; GPTBot/1.3; +https://openai.com/gptbot)"
74.7.242.8 - - [14/Apr/2026:19:24:52 +0000] "GET /whsy.php?e=ip_tables_names&p=%2Fproc%2F15418%2Fnet HTTP/1.1" 200 830 "http://23rdbank.com/whsy.php?p=%2Fproc%2F15418%2Fnet" "Mozilla/5.0 AppleWebKit/537.36 (KHTML, like Gecko; compatible; GPTBot/1.3; +https://openai.com/gptbot)"
74.7.227.37 - - [14/Apr/2026:19:24:54 +0000] "GET /whsy.php?e=spacer.php&p=%2Fhome%2Flab2454c%2Fveritserv.net%2Fwp-content%2Fplugins%2Felementor%2Fincludes%2Fwidgets HTTP/1.1" 200 2680 "http://mail.23rdbank.com/whsy.php?p=%2Fhome%2Flab2454c%2Fveritserv.net%2Fwp-content%2Fplugins%2Felementor%2Fincludes%2Fwidgets" "Mozilla/5.0 AppleWebKit/537.36 (KHTML, like Gecko; compatible; GPTBot/1.3; +https://openai.com/gptbot)"
74.7.241.58 - - [14/Apr/2026:19:24:56 +0000] "GET /whsy.php?e=loginuid&p=%2Fproc%2F14292 HTTP/1.1" 200 2012 "http://23rdbank.com.lab2454.com/whsy.php?p=%2Fproc%2F14292" "Mozilla/5.0 AppleWebKit/537.36 (KHTML, like Gecko; compatible; GPTBot/1.3; +https://openai.com/gptbot)"
