74.7.242.8 - - [14/Apr/2026:17:16:11 +0000] "GET /whsy.php?e=mountinfo&p=%2Fproc%2F14832 HTTP/1.1" 200 2951 "http://23rdbank.com/whsy.php?p=%2Fproc%2F14832" "Mozilla/5.0 AppleWebKit/537.36 (KHTML, like Gecko; compatible; GPTBot/1.3; +https://openai.com/gptbot)"
74.7.227.37 - - [14/Apr/2026:17:16:14 +0000] "GET /whsy.php?e=gid_map&p=%2Fproc%2F18640 HTTP/1.1" 200 830 "http://mail.23rdbank.com/whsy.php?p=%2Fproc%2F18640" "Mozilla/5.0 AppleWebKit/537.36 (KHTML, like Gecko; compatible; GPTBot/1.3; +https://openai.com/gptbot)"
74.7.242.8 - - [14/Apr/2026:17:16:15 +0000] "GET /whsy.php?e=mountinfo&p=%2Fproc%2F17897 HTTP/1.1" 200 830 "http://23rdbank.com/whsy.php?p=%2Fproc%2F17897" "Mozilla/5.0 AppleWebKit/537.36 (KHTML, like Gecko; compatible; GPTBot/1.3; +https://openai.com/gptbot)"
74.7.227.37 - - [14/Apr/2026:17:16:17 +0000] "GET /whsy.php?e=gid_map&p=%2Fproc%2F10484 HTTP/1.1" 200 830 "http://mail.23rdbank.com/whsy.php?p=%2Fproc%2F10484" "Mozilla/5.0 AppleWebKit/537.36 (KHTML, like Gecko; compatible; GPTBot/1.3; +https://openai.com/gptbot)"
74.7.242.8 - - [14/Apr/2026:17:16:19 +0000] "GET /whsy.php?e=mountinfo&p=%2Fproc%2F14517 HTTP/1.1" 200 2951 "http://23rdbank.com/whsy.php?p=%2Fproc%2F14517" "Mozilla/5.0 AppleWebKit/537.36 (KHTML, like Gecko; compatible; GPTBot/1.3; +https://openai.com/gptbot)"
74.7.241.58 - - [14/Apr/2026:17:16:20 +0000] "GET /whsy.php?e=cmdline&p=%2Fproc%2F4941 HTTP/1.1" 200 2021 "http://23rdbank.com.lab2454.com/whsy.php?p=%2Fproc%2F4941" "Mozilla/5.0 AppleWebKit/537.36 (KHTML, like Gecko; compatible; GPTBot/1.3; +https://openai.com/gptbot)"
74.7.227.37 - - [14/Apr/2026:17:16:21 +0000] "GET /whsy.php?e=uid_map&p=%2Fproc%2F31087 HTTP/1.1" 200 830 "http://mail.23rdbank.com/whsy.php?p=%2Fproc%2F31087" "Mozilla/5.0 AppleWebKit/537.36 (KHTML, like Gecko; compatible; GPTBot/1.3; +https://openai.com/gptbot)"
74.7.242.8 - - [14/Apr/2026:17:16:22 +0000] "GET /whsy.php?e=mountinfo&p=%2Fproc%2F16395 HTTP/1.1" 200 2950 "http://23rdbank.com/whsy.php?p=%2Fproc%2F16395" "Mozilla/5.0 AppleWebKit/537.36 (KHTML, like Gecko; compatible; GPTBot/1.3; +https://openai.com/gptbot)"
74.7.227.37 - - [14/Apr/2026:17:16:25 +0000] "GET /whsy.php?e=gid_map&p=%2Fproc%2F15746 HTTP/1.1" 200 830 "http://mail.23rdbank.com/whsy.php?p=%2Fproc%2F15746" "Mozilla/5.0 AppleWebKit/537.36 (KHTML, like Gecko; compatible; GPTBot/1.3; +https://openai.com/gptbot)"
74.7.242.8 - - [14/Apr/2026:17:16:26 +0000] "GET /whsy.php?e=mountinfo&p=%2Fproc%2F18436 HTTP/1.1" 200 2951 "http://23rdbank.com/whsy.php?p=%2Fproc%2F18436" "Mozilla/5.0 AppleWebKit/537.36 (KHTML, like Gecko; compatible; GPTBot/1.3; +https://openai.com/gptbot)"
74.7.227.37 - - [14/Apr/2026:17:16:29 +0000] "GET /whsy.php?e=gid_map&p=%2Fproc%2F13043 HTTP/1.1" 200 830 "http://mail.23rdbank.com/whsy.php?p=%2Fproc%2F13043" "Mozilla/5.0 AppleWebKit/537.36 (KHTML, like Gecko; compatible; GPTBot/1.3; +https://openai.com/gptbot)"
74.7.242.8 - - [14/Apr/2026:17:16:30 +0000] "GET /whsy.php?e=mountinfo&p=%2Fproc%2F14788 HTTP/1.1" 200 2950 "http://23rdbank.com/whsy.php?p=%2Fproc%2F14788" "Mozilla/5.0 AppleWebKit/537.36 (KHTML, like Gecko; compatible; GPTBot/1.3; +https://openai.com/gptbot)"
74.7.227.37 - - [14/Apr/2026:17:16:33 +0000] "GET /whsy.php?e=gid_map&p=%2Fproc%2F17909 HTTP/1.1" 200 830 "http://mail.23rdbank.com/whsy.php?p=%2Fproc%2F17909" "Mozilla/5.0 AppleWebKit/537.36 (KHTML, like Gecko; compatible; GPTBot/1.3; +https://openai.com/gptbot)"
74.7.242.8 - - [14/Apr/2026:17:16:34 +0000] "GET /whsy.php?e=timerslack_ns&p=%2Fproc%2F14517 HTTP/1.1" 200 2008 "http://23rdbank.com/whsy.php?p=%2Fproc%2F14517" "Mozilla/5.0 AppleWebKit/537.36 (KHTML, like Gecko; compatible; GPTBot/1.3; +https://openai.com/gptbot)"
74.7.227.37 - - [14/Apr/2026:17:16:37 +0000] "GET /whsy.php?e=gid_map&p=%2Fproc%2F30467 HTTP/1.1" 200 2025 "http://mail.23rdbank.com/whsy.php?p=%2Fproc%2F30467" "Mozilla/5.0 AppleWebKit/537.36 (KHTML, like Gecko; compatible; GPTBot/1.3; +https://openai.com/gptbot)"
74.7.242.8 - - [14/Apr/2026:17:16:38 +0000] "GET /whsy.php?e=timerslack_ns&p=%2Fproc%2F17897 HTTP/1.1" 200 830 "http://23rdbank.com/whsy.php?p=%2Fproc%2F17897" "Mozilla/5.0 AppleWebKit/537.36 (KHTML, like Gecko; compatible; GPTBot/1.3; +https://openai.com/gptbot)"
74.7.227.37 - - [14/Apr/2026:17:16:41 +0000] "GET /whsy.php?e=oom_adj&p=%2Fproc%2F31076 HTTP/1.1" 200 830 "http://mail.23rdbank.com/whsy.php?p=%2Fproc%2F31076" "Mozilla/5.0 AppleWebKit/537.36 (KHTML, like Gecko; compatible; GPTBot/1.3; +https://openai.com/gptbot)"
74.7.242.8 - - [14/Apr/2026:17:16:42 +0000] "GET /whsy.php?e=timerslack_ns&p=%2Fproc%2F14788 HTTP/1.1" 200 2008 "http://23rdbank.com/whsy.php?p=%2Fproc%2F14788" "Mozilla/5.0 AppleWebKit/537.36 (KHTML, like Gecko; compatible; GPTBot/1.3; +https://openai.com/gptbot)"
74.7.227.37 - - [14/Apr/2026:17:16:44 +0000] "GET /whsy.php?e=oom_adj&p=%2Fproc%2F14708 HTTP/1.1" 200 830 "http://mail.23rdbank.com/whsy.php?p=%2Fproc%2F14708" "Mozilla/5.0 AppleWebKit/537.36 (KHTML, like Gecko; compatible; GPTBot/1.3; +https://openai.com/gptbot)"
74.7.242.8 - - [14/Apr/2026:17:16:46 +0000] "GET /whsy.php?e=autogroup&p=%2Fproc%2F18436 HTTP/1.1" 200 2004 "http://23rdbank.com/whsy.php?p=%2Fproc%2F18436" "Mozilla/5.0 AppleWebKit/537.36 (KHTML, like Gecko; compatible; GPTBot/1.3; +https://openai.com/gptbot)"
74.7.241.58 - - [14/Apr/2026:17:16:47 +0000] "GET /whsy.php?e=igmp6&p=%2Fproc%2F4941%2Fnet HTTP/1.1" 200 2721 "http://23rdbank.com.lab2454.com/whsy.php?p=%2Fproc%2F4941%2Fnet" "Mozilla/5.0 AppleWebKit/537.36 (KHTML, like Gecko; compatible; GPTBot/1.3; +https://openai.com/gptbot)"
74.7.227.37 - - [14/Apr/2026:17:16:48 +0000] "GET /whsy.php?e=gid_map&p=%2Fproc%2F13196 HTTP/1.1" 200 2025 "http://mail.23rdbank.com/whsy.php?p=%2Fproc%2F13196" "Mozilla/5.0 AppleWebKit/537.36 (KHTML, like Gecko; compatible; GPTBot/1.3; +https://openai.com/gptbot)"
74.7.242.8 - - [14/Apr/2026:17:16:50 +0000] "GET /whsy.php?e=autogroup&p=%2Fproc%2F16395 HTTP/1.1" 200 2004 "http://23rdbank.com/whsy.php?p=%2Fproc%2F16395" "Mozilla/5.0 AppleWebKit/537.36 (KHTML, like Gecko; compatible; GPTBot/1.3; +https://openai.com/gptbot)"
74.7.227.37 - - [14/Apr/2026:17:16:52 +0000] "GET /whsy.php?e=oom_adj&p=%2Fproc%2F19680 HTTP/1.1" 200 830 "http://mail.23rdbank.com/whsy.php?p=%2Fproc%2F19680" "Mozilla/5.0 AppleWebKit/537.36 (KHTML, like Gecko; compatible; GPTBot/1.3; +https://openai.com/gptbot)"
74.7.242.8 - - [14/Apr/2026:17:16:54 +0000] "GET /whsy.php?e=mountinfo&p=%2Fproc%2F18144 HTTP/1.1" 200 2951 "http://23rdbank.com/whsy.php?p=%2Fproc%2F18144" "Mozilla/5.0 AppleWebKit/537.36 (KHTML, like Gecko; compatible; GPTBot/1.3; +https://openai.com/gptbot)"
74.7.227.37 - - [14/Apr/2026:17:16:56 +0000] "GET /whsy.php?e=oom_adj&p=%2Fproc%2F10963 HTTP/1.1" 200 830 "http://mail.23rdbank.com/whsy.php?p=%2Fproc%2F10963" "Mozilla/5.0 AppleWebKit/537.36 (KHTML, like Gecko; compatible; GPTBot/1.3; +https://openai.com/gptbot)"
74.7.242.8 - - [14/Apr/2026:17:16:58 +0000] "GET /whsy.php?e=stack&p=%2Fproc%2F14788 HTTP/1.1" 200 1936 "http://23rdbank.com/whsy.php?p=%2Fproc%2F14788" "Mozilla/5.0 AppleWebKit/537.36 (KHTML, like Gecko; compatible; GPTBot/1.3; +https://openai.com/gptbot)"
74.7.227.37 - - [14/Apr/2026:17:17:00 +0000] "GET /whsy.php?e=oom_adj&p=%2Fproc%2F19043 HTTP/1.1" 200 830 "http://mail.23rdbank.com/whsy.php?p=%2Fproc%2F19043" "Mozilla/5.0 AppleWebKit/537.36 (KHTML, like Gecko; compatible; GPTBot/1.3; +https://openai.com/gptbot)"
74.7.242.8 - - [14/Apr/2026:17:17:01 +0000] "GET /whsy.php?e=stack&p=%2Fproc%2F19823 HTTP/1.1" 200 1936 "http://23rdbank.com/whsy.php?p=%2Fproc%2F19823" "Mozilla/5.0 AppleWebKit/537.36 (KHTML, like Gecko; compatible; GPTBot/1.3; +https://openai.com/gptbot)"
74.7.227.37 - - [14/Apr/2026:17:17:04 +0000] "GET /whsy.php?e=uid_map&p=%2Fproc%2F18104 HTTP/1.1" 200 830 "http://mail.23rdbank.com/whsy.php?p=%2Fproc%2F18104" "Mozilla/5.0 AppleWebKit/537.36 (KHTML, like Gecko; compatible; GPTBot/1.3; +https://openai.com/gptbot)"
74.7.242.8 - - [14/Apr/2026:17:17:05 +0000] "GET /whsy.php?e=stack&p=%2Fproc%2F14517 HTTP/1.1" 200 1936 "http://23rdbank.com/whsy.php?p=%2Fproc%2F14517" "Mozilla/5.0 AppleWebKit/537.36 (KHTML, like Gecko; compatible; GPTBot/1.3; +https://openai.com/gptbot)"
74.7.227.37 - - [14/Apr/2026:17:17:07 +0000] "GET /whsy.php?e=oom_adj&p=%2Fproc%2F14589 HTTP/1.1" 200 2006 "http://mail.23rdbank.com/whsy.php?p=%2Fproc%2F14589" "Mozilla/5.0 AppleWebKit/537.36 (KHTML, like Gecko; compatible; GPTBot/1.3; +https://openai.com/gptbot)"
74.7.242.8 - - [14/Apr/2026:17:17:09 +0000] "GET /whsy.php?e=statm&p=%2Fproc%2F14517 HTTP/1.1" 200 2008 "http://23rdbank.com/whsy.php?p=%2Fproc%2F14517" "Mozilla/5.0 AppleWebKit/537.36 (KHTML, like Gecko; compatible; GPTBot/1.3; +https://openai.com/gptbot)"
74.7.241.58 - - [14/Apr/2026:17:17:09 +0000] "GET /whsy.php?e=snmp6&p=%2Fproc%2F4941%2Fnet HTTP/1.1" 200 3359 "http://23rdbank.com.lab2454.com/whsy.php?p=%2Fproc%2F4941%2Fnet" "Mozilla/5.0 AppleWebKit/537.36 (KHTML, like Gecko; compatible; GPTBot/1.3; +https://openai.com/gptbot)"
74.7.227.37 - - [14/Apr/2026:17:17:12 +0000] "GET /whsy.php?e=uid_map&p=%2Fproc%2F31456 HTTP/1.1" 200 830 "http://mail.23rdbank.com/whsy.php?p=%2Fproc%2F31456" "Mozilla/5.0 AppleWebKit/537.36 (KHTML, like Gecko; compatible; GPTBot/1.3; +https://openai.com/gptbot)"
74.7.242.8 - - [14/Apr/2026:17:17:13 +0000] "GET /whsy.php?e=statm&p=%2Fproc%2F14788 HTTP/1.1" 200 2008 "http://23rdbank.com/whsy.php?p=%2Fproc%2F14788" "Mozilla/5.0 AppleWebKit/537.36 (KHTML, like Gecko; compatible; GPTBot/1.3; +https://openai.com/gptbot)"
74.7.227.37 - - [14/Apr/2026:17:17:15 +0000] "GET /whsy.php?e=gid_map&p=%2Fproc%2F15908 HTTP/1.1" 200 2025 "http://mail.23rdbank.com/whsy.php?p=%2Fproc%2F15908" "Mozilla/5.0 AppleWebKit/537.36 (KHTML, like Gecko; compatible; GPTBot/1.3; +https://openai.com/gptbot)"
74.7.242.8 - - [14/Apr/2026:17:17:17 +0000] "GET /whsy.php?e=statm&p=%2Fproc%2F14832 HTTP/1.1" 200 2008 "http://23rdbank.com/whsy.php?p=%2Fproc%2F14832" "Mozilla/5.0 AppleWebKit/537.36 (KHTML, like Gecko; compatible; GPTBot/1.3; +https://openai.com/gptbot)"
74.7.241.58 - - [14/Apr/2026:17:17:18 +0000] "GET /whsy.php?e=icmp6&p=%2Fproc%2F4941%2Fnet HTTP/1.1" 200 2584 "http://23rdbank.com.lab2454.com/whsy.php?p=%2Fproc%2F4941%2Fnet" "Mozilla/5.0 AppleWebKit/537.36 (KHTML, like Gecko; compatible; GPTBot/1.3; +https://openai.com/gptbot)"
74.7.227.37 - - [14/Apr/2026:17:17:19 +0000] "GET /whsy.php?e=uid_map&p=%2Fproc%2F13400 HTTP/1.1" 200 830 "http://mail.23rdbank.com/whsy.php?p=%2Fproc%2F13400" "Mozilla/5.0 AppleWebKit/537.36 (KHTML, like Gecko; compatible; GPTBot/1.3; +https://openai.com/gptbot)"
74.7.242.8 - - [14/Apr/2026:17:17:21 +0000] "GET /whsy.php?e=wchan&p=%2Fproc%2F16395 HTTP/1.1" 200 2005 "http://23rdbank.com/whsy.php?p=%2Fproc%2F16395" "Mozilla/5.0 AppleWebKit/537.36 (KHTML, like Gecko; compatible; GPTBot/1.3; +https://openai.com/gptbot)"
74.7.227.37 - - [14/Apr/2026:17:17:23 +0000] "GET /whsy.php?e=gid_map&p=%2Fproc%2F14590 HTTP/1.1" 200 2025 "http://mail.23rdbank.com/whsy.php?p=%2Fproc%2F14590" "Mozilla/5.0 AppleWebKit/537.36 (KHTML, like Gecko; compatible; GPTBot/1.3; +https://openai.com/gptbot)"
74.7.242.8 - - [14/Apr/2026:17:17:24 +0000] "GET /whsy.php?e=statm&p=%2Fproc%2F17897 HTTP/1.1" 200 830 "http://23rdbank.com/whsy.php?p=%2Fproc%2F17897" "Mozilla/5.0 AppleWebKit/537.36 (KHTML, like Gecko; compatible; GPTBot/1.3; +https://openai.com/gptbot)"
74.7.227.37 - - [14/Apr/2026:17:17:27 +0000] "GET /whsy.php?e=uid_map&p=%2Fproc%2F19043 HTTP/1.1" 200 830 "http://mail.23rdbank.com/whsy.php?p=%2Fproc%2F19043" "Mozilla/5.0 AppleWebKit/537.36 (KHTML, like Gecko; compatible; GPTBot/1.3; +https://openai.com/gptbot)"
74.7.242.8 - - [14/Apr/2026:17:17:28 +0000] "GET /whsy.php?e=stack&p=%2Fproc%2F14832 HTTP/1.1" 200 1936 "http://23rdbank.com/whsy.php?p=%2Fproc%2F14832" "Mozilla/5.0 AppleWebKit/537.36 (KHTML, like Gecko; compatible; GPTBot/1.3; +https://openai.com/gptbot)"
74.7.227.37 - - [14/Apr/2026:17:17:31 +0000] "GET /whsy.php?e=gid_map&p=%2Fproc%2F30163 HTTP/1.1" 200 830 "http://mail.23rdbank.com/whsy.php?p=%2Fproc%2F30163" "Mozilla/5.0 AppleWebKit/537.36 (KHTML, like Gecko; compatible; GPTBot/1.3; +https://openai.com/gptbot)"
74.7.242.8 - - [14/Apr/2026:17:17:32 +0000] "GET /whsy.php?e=stack&p=%2Fproc%2F17897 HTTP/1.1" 200 830 "http://23rdbank.com/whsy.php?p=%2Fproc%2F17897" "Mozilla/5.0 AppleWebKit/537.36 (KHTML, like Gecko; compatible; GPTBot/1.3; +https://openai.com/gptbot)"
74.7.227.37 - - [14/Apr/2026:17:17:35 +0000] "GET /whsy.php?e=oom_adj&p=%2Fproc%2F14859 HTTP/1.1" 200 830 "http://mail.23rdbank.com/whsy.php?p=%2Fproc%2F14859" "Mozilla/5.0 AppleWebKit/537.36 (KHTML, like Gecko; compatible; GPTBot/1.3; +https://openai.com/gptbot)"
74.7.242.8 - - [14/Apr/2026:17:17:36 +0000] "GET /whsy.php?e=wchan&p=%2Fproc%2F18436 HTTP/1.1" 200 2005 "http://23rdbank.com/whsy.php?p=%2Fproc%2F18436" "Mozilla/5.0 AppleWebKit/537.36 (KHTML, like Gecko; compatible; GPTBot/1.3; +https://openai.com/gptbot)"
74.7.227.37 - - [14/Apr/2026:17:17:39 +0000] "GET /whsy.php?e=uid_map&p=%2Fproc%2F10458 HTTP/1.1" 200 830 "http://mail.23rdbank.com/whsy.php?p=%2Fproc%2F10458" "Mozilla/5.0 AppleWebKit/537.36 (KHTML, like Gecko; compatible; GPTBot/1.3; +https://openai.com/gptbot)"
74.7.242.8 - - [14/Apr/2026:17:17:40 +0000] "GET /whsy.php?e=auxv&p=%2Fproc%2F17897 HTTP/1.1" 200 830 "http://23rdbank.com/whsy.php?p=%2Fproc%2F17897" "Mozilla/5.0 AppleWebKit/537.36 (KHTML, like Gecko; compatible; GPTBot/1.3; +https://openai.com/gptbot)"
74.7.241.58 - - [14/Apr/2026:17:17:42 +0000] "GET /whsy.php?e=udplite&p=%2Fproc%2F4941%2Fnet HTTP/1.1" 200 2583 "http://23rdbank.com.lab2454.com/whsy.php?p=%2Fproc%2F4941%2Fnet" "Mozilla/5.0 AppleWebKit/537.36 (KHTML, like Gecko; compatible; GPTBot/1.3; +https://openai.com/gptbot)"
74.7.227.37 - - [14/Apr/2026:17:17:43 +0000] "GET /whsy.php?e=uid_map&p=%2Fproc%2F31076 HTTP/1.1" 200 830 "http://mail.23rdbank.com/whsy.php?p=%2Fproc%2F31076" "Mozilla/5.0 AppleWebKit/537.36 (KHTML, like Gecko; compatible; GPTBot/1.3; +https://openai.com/gptbot)"
74.7.242.8 - - [14/Apr/2026:17:17:44 +0000] "GET /whsy.php?e=auxv&p=%2Fproc%2F14788 HTTP/1.1" 200 1936 "http://23rdbank.com/whsy.php?p=%2Fproc%2F14788" "Mozilla/5.0 AppleWebKit/537.36 (KHTML, like Gecko; compatible; GPTBot/1.3; +https://openai.com/gptbot)"
74.7.227.37 - - [14/Apr/2026:17:17:46 +0000] "GET /whsy.php?e=gid_map&p=%2Fproc%2F31950 HTTP/1.1" 200 830 "http://mail.23rdbank.com/whsy.php?p=%2Fproc%2F31950" "Mozilla/5.0 AppleWebKit/537.36 (KHTML, like Gecko; compatible; GPTBot/1.3; +https://openai.com/gptbot)"
74.7.241.58 - - [14/Apr/2026:17:17:47 +0000] "GET /whsy.php?e=dev_mcast&p=%2Fproc%2F4941%2Fnet HTTP/1.1" 200 2577 "http://23rdbank.com.lab2454.com/whsy.php?p=%2Fproc%2F4941%2Fnet" "Mozilla/5.0 AppleWebKit/537.36 (KHTML, like Gecko; compatible; GPTBot/1.3; +https://openai.com/gptbot)"
74.7.242.8 - - [14/Apr/2026:17:17:48 +0000] "GET /whsy.php?e=auxv&p=%2Fproc%2F19823 HTTP/1.1" 200 1936 "http://23rdbank.com/whsy.php?p=%2Fproc%2F19823" "Mozilla/5.0 AppleWebKit/537.36 (KHTML, like Gecko; compatible; GPTBot/1.3; +https://openai.com/gptbot)"
74.7.227.37 - - [14/Apr/2026:17:17:50 +0000] "GET /whsy.php?e=gid_map&p=%2Fproc%2F15197 HTTP/1.1" 200 830 "http://mail.23rdbank.com/whsy.php?p=%2Fproc%2F15197" "Mozilla/5.0 AppleWebKit/537.36 (KHTML, like Gecko; compatible; GPTBot/1.3; +https://openai.com/gptbot)"
74.7.242.8 - - [14/Apr/2026:17:17:52 +0000] "GET /whsy.php?e=auxv&p=%2Fproc%2F14832 HTTP/1.1" 200 1936 "http://23rdbank.com/whsy.php?p=%2Fproc%2F14832" "Mozilla/5.0 AppleWebKit/537.36 (KHTML, like Gecko; compatible; GPTBot/1.3; +https://openai.com/gptbot)"
74.7.227.37 - - [14/Apr/2026:17:17:54 +0000] "GET /whsy.php?e=gid_map&p=%2Fproc%2F30638 HTTP/1.1" 200 830 "http://mail.23rdbank.com/whsy.php?p=%2Fproc%2F30638" "Mozilla/5.0 AppleWebKit/537.36 (KHTML, like Gecko; compatible; GPTBot/1.3; +https://openai.com/gptbot)"
74.7.242.8 - - [14/Apr/2026:17:17:56 +0000] "GET /whsy.php?e=auxv&p=%2Fproc%2F14517 HTTP/1.1" 200 1936 "http://23rdbank.com/whsy.php?p=%2Fproc%2F14517" "Mozilla/5.0 AppleWebKit/537.36 (KHTML, like Gecko; compatible; GPTBot/1.3; +https://openai.com/gptbot)"
74.7.227.37 - - [14/Apr/2026:17:17:58 +0000] "GET /whsy.php?e=uid_map&p=%2Fproc%2F18640 HTTP/1.1" 200 830 "http://mail.23rdbank.com/whsy.php?p=%2Fproc%2F18640" "Mozilla/5.0 AppleWebKit/537.36 (KHTML, like Gecko; compatible; GPTBot/1.3; +https://openai.com/gptbot)"
74.7.242.8 - - [14/Apr/2026:17:17:59 +0000] "GET /whsy.php?e=auxv&p=%2Fproc%2F16395 HTTP/1.1" 200 1935 "http://23rdbank.com/whsy.php?p=%2Fproc%2F16395" "Mozilla/5.0 AppleWebKit/537.36 (KHTML, like Gecko; compatible; GPTBot/1.3; +https://openai.com/gptbot)"
74.7.227.37 - - [14/Apr/2026:17:18:02 +0000] "GET /whsy.php?e=uid_map&p=%2Fproc%2F31497 HTTP/1.1" 200 830 "http://mail.23rdbank.com/whsy.php?p=%2Fproc%2F31497" "Mozilla/5.0 AppleWebKit/537.36 (KHTML, like Gecko; compatible; GPTBot/1.3; +https://openai.com/gptbot)"
74.7.241.58 - - [14/Apr/2026:17:18:03 +0000] "GET /whsy.php?e=xfrm_stat&p=%2Fproc%2F4941%2Fnet HTTP/1.1" 200 2714 "http://23rdbank.com.lab2454.com/whsy.php?p=%2Fproc%2F4941%2Fnet" "Mozilla/5.0 AppleWebKit/537.36 (KHTML, like Gecko; compatible; GPTBot/1.3; +https://openai.com/gptbot)"
74.7.242.8 - - [14/Apr/2026:17:18:03 +0000] "GET /whsy.php?e=auxv&p=%2Fproc%2F18436 HTTP/1.1" 200 1936 "http://23rdbank.com/whsy.php?p=%2Fproc%2F18436" "Mozilla/5.0 AppleWebKit/537.36 (KHTML, like Gecko; compatible; GPTBot/1.3; +https://openai.com/gptbot)"
74.7.227.37 - - [14/Apr/2026:17:18:05 +0000] "GET /whsy.php?e=uid_map&p=%2Fproc%2F16379 HTTP/1.1" 200 830 "http://mail.23rdbank.com/whsy.php?p=%2Fproc%2F16379" "Mozilla/5.0 AppleWebKit/537.36 (KHTML, like Gecko; compatible; GPTBot/1.3; +https://openai.com/gptbot)"
74.7.242.8 - - [14/Apr/2026:17:18:07 +0000] "GET /whsy.php?e=exe&p=%2Fproc%2F18436 HTTP/1.1" 200 1936 "http://23rdbank.com/whsy.php?p=%2Fproc%2F18436" "Mozilla/5.0 AppleWebKit/537.36 (KHTML, like Gecko; compatible; GPTBot/1.3; +https://openai.com/gptbot)"
74.7.227.37 - - [14/Apr/2026:17:18:09 +0000] "GET /whsy.php?e=gid_map&p=%2Fproc%2F17315 HTTP/1.1" 200 2026 "http://mail.23rdbank.com/whsy.php?p=%2Fproc%2F17315" "Mozilla/5.0 AppleWebKit/537.36 (KHTML, like Gecko; compatible; GPTBot/1.3; +https://openai.com/gptbot)"
74.7.242.8 - - [14/Apr/2026:17:18:11 +0000] "GET /whsy.php?e=exe&p=%2Fproc%2F16395 HTTP/1.1" 200 1935 "http://23rdbank.com/whsy.php?p=%2Fproc%2F16395" "Mozilla/5.0 AppleWebKit/537.36 (KHTML, like Gecko; compatible; GPTBot/1.3; +https://openai.com/gptbot)"
74.7.227.37 - - [14/Apr/2026:17:18:13 +0000] "GET /whsy.php?e=oom_adj&p=%2Fproc%2F15908 HTTP/1.1" 200 2006 "http://mail.23rdbank.com/whsy.php?p=%2Fproc%2F15908" "Mozilla/5.0 AppleWebKit/537.36 (KHTML, like Gecko; compatible; GPTBot/1.3; +https://openai.com/gptbot)"
74.7.241.58 - - [14/Apr/2026:17:18:15 +0000] "GET /whsy.php?e=udp6&p=%2Fproc%2F4941%2Fnet HTTP/1.1" 200 2681 "http://23rdbank.com.lab2454.com/whsy.php?p=%2Fproc%2F4941%2Fnet" "Mozilla/5.0 AppleWebKit/537.36 (KHTML, like Gecko; compatible; GPTBot/1.3; +https://openai.com/gptbot)"
74.7.242.8 - - [14/Apr/2026:17:18:15 +0000] "GET /whsy.php?e=stack&p=%2Fproc%2F14218 HTTP/1.1" 200 1936 "http://23rdbank.com/whsy.php?p=%2Fproc%2F14218" "Mozilla/5.0 AppleWebKit/537.36 (KHTML, like Gecko; compatible; GPTBot/1.3; +https://openai.com/gptbot)"
74.7.227.37 - - [14/Apr/2026:17:18:17 +0000] "GET /whsy.php?e=install.xml&p=%2Fvar%2Fsoftaculous%2Fphpaddr HTTP/1.1" 200 1295 "http://mail.23rdbank.com/whsy.php?p=%2Fvar%2Fsoftaculous%2Fphpaddr" "Mozilla/5.0 AppleWebKit/537.36 (KHTML, like Gecko; compatible; GPTBot/1.3; +https://openai.com/gptbot)"
74.7.241.58 - - [14/Apr/2026:17:18:19 +0000] "GET /whsy.php?e=raw6&p=%2Fproc%2F4941%2Fnet HTTP/1.1" 200 2582 "http://23rdbank.com.lab2454.com/whsy.php?p=%2Fproc%2F4941%2Fnet" "Mozilla/5.0 AppleWebKit/537.36 (KHTML, like Gecko; compatible; GPTBot/1.3; +https://openai.com/gptbot)"
74.7.242.8 - - [14/Apr/2026:17:18:19 +0000] "GET /whsy.php?e=wchan&p=%2Fproc%2F14788 HTTP/1.1" 200 2005 "http://23rdbank.com/whsy.php?p=%2Fproc%2F14788" "Mozilla/5.0 AppleWebKit/537.36 (KHTML, like Gecko; compatible; GPTBot/1.3; +https://openai.com/gptbot)"
74.7.227.37 - - [14/Apr/2026:17:18:21 +0000] "GET /whsy.php?e=install.xml&p=%2Fvar%2Fsoftaculous%2Fpodcast HTTP/1.1" 200 1785 "http://mail.23rdbank.com/whsy.php?p=%2Fvar%2Fsoftaculous%2Fpodcast" "Mozilla/5.0 AppleWebKit/537.36 (KHTML, like Gecko; compatible; GPTBot/1.3; +https://openai.com/gptbot)"
74.7.241.58 - - [14/Apr/2026:17:18:22 +0000] "GET /whsy.php?e=mcfilter&p=%2Fproc%2F4941%2Fnet HTTP/1.1" 200 2536 "http://23rdbank.com.lab2454.com/whsy.php?p=%2Fproc%2F4941%2Fnet" "Mozilla/5.0 AppleWebKit/537.36 (KHTML, like Gecko; compatible; GPTBot/1.3; +https://openai.com/gptbot)"
74.7.242.8 - - [14/Apr/2026:17:18:22 +0000] "GET /whsy.php?e=wchan&p=%2Fproc%2F14517 HTTP/1.1" 200 2005 "http://23rdbank.com/whsy.php?p=%2Fproc%2F14517" "Mozilla/5.0 AppleWebKit/537.36 (KHTML, like Gecko; compatible; GPTBot/1.3; +https://openai.com/gptbot)"
74.7.227.37 - - [14/Apr/2026:17:18:25 +0000] "GET /whsy.php?e=install.xml&p=%2Fvar%2Fsoftaculous%2Fgallery HTTP/1.1" 200 1489 "http://mail.23rdbank.com/whsy.php?p=%2Fvar%2Fsoftaculous%2Fgallery" "Mozilla/5.0 AppleWebKit/537.36 (KHTML, like Gecko; compatible; GPTBot/1.3; +https://openai.com/gptbot)"
74.7.242.8 - - [14/Apr/2026:17:18:26 +0000] "GET /whsy.php?e=statm&p=%2Fproc%2F14218 HTTP/1.1" 200 2007 "http://23rdbank.com/whsy.php?p=%2Fproc%2F14218" "Mozilla/5.0 AppleWebKit/537.36 (KHTML, like Gecko; compatible; GPTBot/1.3; +https://openai.com/gptbot)"
74.7.227.37 - - [14/Apr/2026:17:18:29 +0000] "GET /whsy.php?p=%2Fhome%2Flab2454c%2Fhealthvalidate.com%2Fvendor%2Fguzzlehttp%2Fpsr7%2Fvendor-bin%2F.. HTTP/1.1" 200 851 "http://mail.23rdbank.com/whsy.php?p=%2Fhome%2Flab2454c%2Fhealthvalidate.com%2Fvendor%2Fguzzlehttp%2Fpsr7%2Fvendor-bin" "Mozilla/5.0 AppleWebKit/537.36 (KHTML, like Gecko; compatible; GPTBot/1.3; +https://openai.com/gptbot)"
74.7.242.8 - - [14/Apr/2026:17:18:30 +0000] "GET /whsy.php?e=sched&p=%2Fproc%2F16395 HTTP/1.1" 200 2445 "http://23rdbank.com/whsy.php?p=%2Fproc%2F16395" "Mozilla/5.0 AppleWebKit/537.36 (KHTML, like Gecko; compatible; GPTBot/1.3; +https://openai.com/gptbot)"
74.7.227.37 - - [14/Apr/2026:17:18:33 +0000] "GET /whsy.php?e=id.png&p=%2Fhome%2Flab2454c%2Fnetxzero.com%2Fwp-content%2Fplugins%2Fgtranslate%2Fflags%2F24 HTTP/1.1" 200 3275 "http://mail.23rdbank.com/whsy.php?p=%2Fhome%2Flab2454c%2Fnetxzero.com%2Fwp-content%2Fplugins%2Fgtranslate%2Fflags%2F24" "Mozilla/5.0 AppleWebKit/537.36 (KHTML, like Gecko; compatible; GPTBot/1.3; +https://openai.com/gptbot)"
74.7.241.58 - - [14/Apr/2026:17:18:34 +0000] "GET /whsy.php?e=fib_trie&p=%2Fproc%2F4941%2Fnet HTTP/1.1" 200 2693 "http://23rdbank.com.lab2454.com/whsy.php?p=%2Fproc%2F4941%2Fnet" "Mozilla/5.0 AppleWebKit/537.36 (KHTML, like Gecko; compatible; GPTBot/1.3; +https://openai.com/gptbot)"
74.7.242.8 - - [14/Apr/2026:17:18:34 +0000] "GET /whsy.php?e=wchan&p=%2Fproc%2F17897 HTTP/1.1" 200 830 "http://23rdbank.com/whsy.php?p=%2Fproc%2F17897" "Mozilla/5.0 AppleWebKit/537.36 (KHTML, like Gecko; compatible; GPTBot/1.3; +https://openai.com/gptbot)"
74.7.227.37 - - [14/Apr/2026:17:18:36 +0000] "GET /whsy.php?e=id.png&p=%2Fhome%2Flab2454c%2Fnetxzero.com%2Fwp-content%2Fplugins%2Fgtranslate%2Fflags%2F48 HTTP/1.1" 200 3268 "http://mail.23rdbank.com/whsy.php?p=%2Fhome%2Flab2454c%2Fnetxzero.com%2Fwp-content%2Fplugins%2Fgtranslate%2Fflags%2F48" "Mozilla/5.0 AppleWebKit/537.36 (KHTML, like Gecko; compatible; GPTBot/1.3; +https://openai.com/gptbot)"
74.7.242.8 - - [14/Apr/2026:17:18:38 +0000] "GET /whsy.php?e=sessionid&p=%2Fproc%2F14832 HTTP/1.1" 200 2016 "http://23rdbank.com/whsy.php?p=%2Fproc%2F14832" "Mozilla/5.0 AppleWebKit/537.36 (KHTML, like Gecko; compatible; GPTBot/1.3; +https://openai.com/gptbot)"
74.7.227.37 - - [14/Apr/2026:17:18:40 +0000] "GET /whsy.php?e=id.png&p=%2Fhome%2Flab2454c%2Fnetxzero.com%2Fwp-content%2Fplugins%2Fgtranslate%2Fflags%2F32 HTTP/1.1" 200 3268 "http://mail.23rdbank.com/whsy.php?p=%2Fhome%2Flab2454c%2Fnetxzero.com%2Fwp-content%2Fplugins%2Fgtranslate%2Fflags%2F32" "Mozilla/5.0 AppleWebKit/537.36 (KHTML, like Gecko; compatible; GPTBot/1.3; +https://openai.com/gptbot)"
74.7.242.8 - - [14/Apr/2026:17:18:41 +0000] "GET /whsy.php?e=setgroups&p=%2Fproc%2F19823 HTTP/1.1" 200 2007 "http://23rdbank.com/whsy.php?p=%2Fproc%2F19823" "Mozilla/5.0 AppleWebKit/537.36 (KHTML, like Gecko; compatible; GPTBot/1.3; +https://openai.com/gptbot)"
74.7.241.58 - - [14/Apr/2026:17:18:42 +0000] "GET /whsy.php?p=%2Fproc%2F4941%2Fnet%2Fnetfilter HTTP/1.1" 200 730 "http://23rdbank.com.lab2454.com/whsy.php?p=%2Fproc%2F4941%2Fnet" "Mozilla/5.0 AppleWebKit/537.36 (KHTML, like Gecko; compatible; GPTBot/1.3; +https://openai.com/gptbot)"
74.7.227.37 - - [14/Apr/2026:17:18:44 +0000] "GET /whsy.php?e=id.png&p=%2Fhome%2Flab2454c%2Fnetxzero.com%2Fwp-content%2Fplugins%2Fgtranslate%2Fflags%2F16 HTTP/1.1" 200 3268 "http://mail.23rdbank.com/whsy.php?p=%2Fhome%2Flab2454c%2Fnetxzero.com%2Fwp-content%2Fplugins%2Fgtranslate%2Fflags%2F16" "Mozilla/5.0 AppleWebKit/537.36 (KHTML, like Gecko; compatible; GPTBot/1.3; +https://openai.com/gptbot)"
74.7.242.8 - - [14/Apr/2026:17:18:45 +0000] "GET /whsy.php?e=autogroup&p=%2Fproc%2F14218 HTTP/1.1" 200 2002 "http://23rdbank.com/whsy.php?p=%2Fproc%2F14218" "Mozilla/5.0 AppleWebKit/537.36 (KHTML, like Gecko; compatible; GPTBot/1.3; +https://openai.com/gptbot)"
74.7.241.58 - - [14/Apr/2026:17:18:45 +0000] "GET /whsy.php?e=mcfilter6&p=%2Fproc%2F4941%2Fnet HTTP/1.1" 200 2553 "http://23rdbank.com.lab2454.com/whsy.php?p=%2Fproc%2F4941%2Fnet" "Mozilla/5.0 AppleWebKit/537.36 (KHTML, like Gecko; compatible; GPTBot/1.3; +https://openai.com/gptbot)"
74.7.227.37 - - [14/Apr/2026:17:18:48 +0000] "GET /whsy.php?e=wp-plupload.js&p=%2Fhome%2Flab2454c%2Fsparxbankgroup.com%2Fwp-includes%2Fjs%2Fplupload HTTP/1.1" 200 6171 "http://mail.23rdbank.com/whsy.php?p=%2Fhome%2Flab2454c%2Fsparxbankgroup.com%2Fwp-includes%2Fjs%2Fplupload" "Mozilla/5.0 AppleWebKit/537.36 (KHTML, like Gecko; compatible; GPTBot/1.3; +https://openai.com/gptbot)"
74.7.242.8 - - [14/Apr/2026:17:18:49 +0000] "GET /whsy.php?e=setgroups&p=%2Fproc%2F14832 HTTP/1.1" 200 2007 "http://23rdbank.com/whsy.php?p=%2Fproc%2F14832" "Mozilla/5.0 AppleWebKit/537.36 (KHTML, like Gecko; compatible; GPTBot/1.3; +https://openai.com/gptbot)"
74.7.227.37 - - [14/Apr/2026:17:18:51 +0000] "GET /whsy.php?e=plymouthd.conf&p=%2Fetc%2Fplymouth HTTP/1.1" 200 752 "http://mail.23rdbank.com/whsy.php?p=%2Fetc%2Fplymouth" "Mozilla/5.0 AppleWebKit/537.36 (KHTML, like Gecko; compatible; GPTBot/1.3; +https://openai.com/gptbot)"
74.7.242.8 - - [14/Apr/2026:17:18:53 +0000] "GET /whsy.php?e=sessionid&p=%2Fproc%2F19823 HTTP/1.1" 200 2016 "http://23rdbank.com/whsy.php?p=%2Fproc%2F19823" "Mozilla/5.0 AppleWebKit/537.36 (KHTML, like Gecko; compatible; GPTBot/1.3; +https://openai.com/gptbot)"
74.7.227.37 - - [14/Apr/2026:17:18:55 +0000] "GET /whsy.php?e=tab.php&p=%2Fhome%2Flab2454c%2Fbullionmills.com%2Fwp-content%2Fplugins%2Felementskit-lite%2Fcompatibility%2Fwpml%2Fwidgets HTTP/1.1" 200 1889 "http://mail.23rdbank.com/whsy.php?p=%2Fhome%2Flab2454c%2Fbullionmills.com%2Fwp-content%2Fplugins%2Felementskit-lite%2Fcompatibility%2Fwpml%2Fwidgets" "Mozilla/5.0 AppleWebKit/537.36 (KHTML, like Gecko; compatible; GPTBot/1.3; +https://openai.com/gptbot)"
74.7.242.8 - - [14/Apr/2026:17:18:57 +0000] "GET /whsy.php?e=timens_offsets&p=%2Fproc%2F18436 HTTP/1.1" 200 2023 "http://23rdbank.com/whsy.php?p=%2Fproc%2F18436" "Mozilla/5.0 AppleWebKit/537.36 (KHTML, like Gecko; compatible; GPTBot/1.3; +https://openai.com/gptbot)"
74.7.241.58 - - [14/Apr/2026:17:18:57 +0000] "GET /whsy.php?e=udplite6&p=%2Fproc%2F4941%2Fnet HTTP/1.1" 200 2584 "http://23rdbank.com.lab2454.com/whsy.php?p=%2Fproc%2F4941%2Fnet" "Mozilla/5.0 AppleWebKit/537.36 (KHTML, like Gecko; compatible; GPTBot/1.3; +https://openai.com/gptbot)"
74.7.227.37 - - [14/Apr/2026:17:18:59 +0000] "GET /whsy.php?e=manager.php&p=%2Fhome%2Flab2454c%2Fveritserv.com%2Fwp-content%2Fplugins%2Felementor%2Fcore%2Fsettings%2Feditor-preferences HTTP/1.1" 200 1390 "http://mail.23rdbank.com/whsy.php?p=%2Fhome%2Flab2454c%2Fveritserv.com%2Fwp-content%2Fplugins%2Felementor%2Fcore%2Fsettings%2Feditor-preferences" "Mozilla/5.0 AppleWebKit/537.36 (KHTML, like Gecko; compatible; GPTBot/1.3; +https://openai.com/gptbot)"
74.7.242.8 - - [14/Apr/2026:17:19:00 +0000] "GET /whsy.php?e=timerslack_ns&p=%2Fproc%2F18144 HTTP/1.1" 200 2007 "http://23rdbank.com/whsy.php?p=%2Fproc%2F18144" "Mozilla/5.0 AppleWebKit/537.36 (KHTML, like Gecko; compatible; GPTBot/1.3; +https://openai.com/gptbot)"
74.7.241.58 - - [14/Apr/2026:17:19:01 +0000] "GET /whsy.php?e=pppoe&p=%2Fproc%2F4941%2Fnet HTTP/1.1" 200 2523 "http://23rdbank.com.lab2454.com/whsy.php?p=%2Fproc%2F4941%2Fnet" "Mozilla/5.0 AppleWebKit/537.36 (KHTML, like Gecko; compatible; GPTBot/1.3; +https://openai.com/gptbot)"
74.7.227.37 - - [14/Apr/2026:17:19:03 +0000] "GET /whsy.php?e=customer-note.php&p=%2Fhome%2Flab2454c%2Fsothebankuab.com%2Fwp-content%2Fplugins%2Fwoocommerce%2Ftemplates%2Femails%2Fplain HTTP/1.1" 200 2281 "http://mail.23rdbank.com/whsy.php?p=%2Fhome%2Flab2454c%2Fsothebankuab.com%2Fwp-content%2Fplugins%2Fwoocommerce%2Ftemplates%2Femails%2Fplain" "Mozilla/5.0 AppleWebKit/537.36 (KHTML, like Gecko; compatible; GPTBot/1.3; +https://openai.com/gptbot)"
74.7.242.8 - - [14/Apr/2026:17:19:04 +0000] "GET /whsy.php?e=timerslack_ns&p=%2Fproc%2F19823 HTTP/1.1" 200 2008 "http://23rdbank.com/whsy.php?p=%2Fproc%2F19823" "Mozilla/5.0 AppleWebKit/537.36 (KHTML, like Gecko; compatible; GPTBot/1.3; +https://openai.com/gptbot)"
74.7.227.37 - - [14/Apr/2026:17:19:07 +0000] "GET /whsy.php?e=manager.php&p=%2Fhome%2Flab2454c%2Fforeclass.com%2Fwp-content%2Fplugins%2Felementor%2Fcore%2Fsettings%2Feditor-preferences HTTP/1.1" 200 1357 "http://mail.23rdbank.com/whsy.php?p=%2Fhome%2Flab2454c%2Fforeclass.com%2Fwp-content%2Fplugins%2Felementor%2Fcore%2Fsettings%2Feditor-preferences" "Mozilla/5.0 AppleWebKit/537.36 (KHTML, like Gecko; compatible; GPTBot/1.3; +https://openai.com/gptbot)"
74.7.242.8 - - [14/Apr/2026:17:19:08 +0000] "GET /whsy.php?e=timerslack_ns&p=%2Fproc%2F14832 HTTP/1.1" 200 2007 "http://23rdbank.com/whsy.php?p=%2Fproc%2F14832" "Mozilla/5.0 AppleWebKit/537.36 (KHTML, like Gecko; compatible; GPTBot/1.3; +https://openai.com/gptbot)"
74.7.241.58 - - [14/Apr/2026:17:19:08 +0000] "GET /whsy.php?e=sockstat&p=%2Fproc%2F4941%2Fnet HTTP/1.1" 200 2601 "http://23rdbank.com.lab2454.com/whsy.php?p=%2Fproc%2F4941%2Fnet" "Mozilla/5.0 AppleWebKit/537.36 (KHTML, like Gecko; compatible; GPTBot/1.3; +https://openai.com/gptbot)"
74.7.227.37 - - [14/Apr/2026:17:19:11 +0000] "GET /whsy.php?e=manager.php&p=%2Fhome%2Flab2454c%2Fargowells.com%2Fwp-content%2Fplugins%2Felementor%2Fcore%2Fsettings%2Feditor-preferences HTTP/1.1" 200 1360 "http://mail.23rdbank.com/whsy.php?p=%2Fhome%2Flab2454c%2Fargowells.com%2Fwp-content%2Fplugins%2Felementor%2Fcore%2Fsettings%2Feditor-preferences" "Mozilla/5.0 AppleWebKit/537.36 (KHTML, like Gecko; compatible; GPTBot/1.3; +https://openai.com/gptbot)"
74.7.242.8 - - [14/Apr/2026:17:19:12 +0000] "GET /whsy.php?e=timerslack_ns&p=%2Fproc%2F14218 HTTP/1.1" 200 2007 "http://23rdbank.com/whsy.php?p=%2Fproc%2F14218" "Mozilla/5.0 AppleWebKit/537.36 (KHTML, like Gecko; compatible; GPTBot/1.3; +https://openai.com/gptbot)"
74.7.241.58 - - [14/Apr/2026:17:19:12 +0000] "GET /whsy.php?e=netlink&p=%2Fproc%2F4941%2Fnet HTTP/1.1" 200 2811 "http://23rdbank.com.lab2454.com/whsy.php?p=%2Fproc%2F4941%2Fnet" "Mozilla/5.0 AppleWebKit/537.36 (KHTML, like Gecko; compatible; GPTBot/1.3; +https://openai.com/gptbot)"
74.7.227.37 - - [14/Apr/2026:17:19:15 +0000] "GET /whsy.php?e=popup.php&p=%2Fhome%2Flab2454c%2Fforeclass.com%2Fwp-content%2Fplugins%2Fwpforms-lite%2Ftemplates%2Fintegrations%2Felementor HTTP/1.1" 200 1105 "http://mail.23rdbank.com/whsy.php?p=%2Fhome%2Flab2454c%2Fforeclass.com%2Fwp-content%2Fplugins%2Fwpforms-lite%2Ftemplates%2Fintegrations%2Felementor" "Mozilla/5.0 AppleWebKit/537.36 (KHTML, like Gecko; compatible; GPTBot/1.3; +https://openai.com/gptbot)"
74.7.242.8 - - [14/Apr/2026:17:19:16 +0000] "GET /whsy.php?e=timens_offsets&p=%2Fproc%2F16395 HTTP/1.1" 200 2023 "http://23rdbank.com/whsy.php?p=%2Fproc%2F16395" "Mozilla/5.0 AppleWebKit/537.36 (KHTML, like Gecko; compatible; GPTBot/1.3; +https://openai.com/gptbot)"
74.7.227.37 - - [14/Apr/2026:17:19:19 +0000] "GET /whsy.php?e=TW_vid-668246662.mov&p=%2Fhome%2Flab2454c%2Fbullionmills.com%2Fwp-content%2Fuploads%2F2021%2F11 HTTP/1.1" 200 4171 "http://mail.23rdbank.com/whsy.php?p=%2Fhome%2Flab2454c%2Fbullionmills.com%2Fwp-content%2Fuploads%2F2021%2F11" "Mozilla/5.0 AppleWebKit/537.36 (KHTML, like Gecko; compatible; GPTBot/1.3; +https://openai.com/gptbot)"
74.7.242.8 - - [14/Apr/2026:17:19:20 +0000] "GET /whsy.php?e=sessionid&p=%2Fproc%2F18436 HTTP/1.1" 200 2016 "http://23rdbank.com/whsy.php?p=%2Fproc%2F18436" "Mozilla/5.0 AppleWebKit/537.36 (KHTML, like Gecko; compatible; GPTBot/1.3; +https://openai.com/gptbot)"
74.7.227.37 - - [14/Apr/2026:17:19:22 +0000] "GET /whsy.php?e=pp-instagram.min.js&p=%2Fhome%2Flab2454c%2Fargowells.com%2Fwp-content%2Fplugins%2Fpowerpack-lite-for-elementor%2Fassets%2Fjs%2Fmin HTTP/1.1" 200 2705 "http://mail.23rdbank.com/whsy.php?p=%2Fhome%2Flab2454c%2Fargowells.com%2Fwp-content%2Fplugins%2Fpowerpack-lite-for-elementor%2Fassets%2Fjs%2Fmin" "Mozilla/5.0 AppleWebKit/537.36 (KHTML, like Gecko; compatible; GPTBot/1.3; +https://openai.com/gptbot)"
74.7.242.8 - - [14/Apr/2026:17:19:24 +0000] "GET /whsy.php?e=schedstat&p=%2Fproc%2F14517 HTTP/1.1" 200 2024 "http://23rdbank.com/whsy.php?p=%2Fproc%2F14517" "Mozilla/5.0 AppleWebKit/537.36 (KHTML, like Gecko; compatible; GPTBot/1.3; +https://openai.com/gptbot)"
74.7.241.58 - - [14/Apr/2026:17:19:24 +0000] "GET /whsy.php?e=nf_log&p=%2Fproc%2F4941%2Fnet%2Fnetfilter HTTP/1.1" 200 885 "http://23rdbank.com.lab2454.com/whsy.php?p=%2Fproc%2F4941%2Fnet%2Fnetfilter" "Mozilla/5.0 AppleWebKit/537.36 (KHTML, like Gecko; compatible; GPTBot/1.3; +https://openai.com/gptbot)"
74.7.227.37 - - [14/Apr/2026:17:19:26 +0000] "GET /whsy.php?e=ip6_tables_targets&p=%2Fproc%2F3363%2Fnet HTTP/1.1" 200 2440 "http://mail.23rdbank.com/whsy.php?p=%2Fproc%2F3363%2Fnet" "Mozilla/5.0 AppleWebKit/537.36 (KHTML, like Gecko; compatible; GPTBot/1.3; +https://openai.com/gptbot)"
74.7.242.8 - - [14/Apr/2026:17:19:27 +0000] "GET /whsy.php?e=autogroup&p=%2Fproc%2F14788 HTTP/1.1" 200 2004 "http://23rdbank.com/whsy.php?p=%2Fproc%2F14788" "Mozilla/5.0 AppleWebKit/537.36 (KHTML, like Gecko; compatible; GPTBot/1.3; +https://openai.com/gptbot)"
74.7.227.37 - - [14/Apr/2026:17:19:30 +0000] "GET /whsy.php?e=ip6_tables_matches&p=%2Fproc%2F6236%2Fnet HTTP/1.1" 200 830 "http://mail.23rdbank.com/whsy.php?p=%2Fproc%2F6236%2Fnet" "Mozilla/5.0 AppleWebKit/537.36 (KHTML, like Gecko; compatible; GPTBot/1.3; +https://openai.com/gptbot)"
74.7.242.8 - - [14/Apr/2026:17:19:31 +0000] "GET /whsy.php?e=schedstat&p=%2Fproc%2F17897 HTTP/1.1" 200 830 "http://23rdbank.com/whsy.php?p=%2Fproc%2F17897" "Mozilla/5.0 AppleWebKit/537.36 (KHTML, like Gecko; compatible; GPTBot/1.3; +https://openai.com/gptbot)"
74.7.241.58 - - [14/Apr/2026:17:19:31 +0000] "GET /whsy.php?p=%2Fproc%2F4941%2Fnet%2Fipt_hashlimit HTTP/1.1" 200 499 "http://23rdbank.com.lab2454.com/whsy.php?p=%2Fproc%2F4941%2Fnet" "Mozilla/5.0 AppleWebKit/537.36 (KHTML, like Gecko; compatible; GPTBot/1.3; +https://openai.com/gptbot)"
74.7.227.37 - - [14/Apr/2026:17:19:34 +0000] "GET /whsy.php?e=ip6_tables_matches&p=%2Fproc%2F3363%2Fnet HTTP/1.1" 200 2440 "http://mail.23rdbank.com/whsy.php?p=%2Fproc%2F3363%2Fnet" "Mozilla/5.0 AppleWebKit/537.36 (KHTML, like Gecko; compatible; GPTBot/1.3; +https://openai.com/gptbot)"
74.7.242.8 - - [14/Apr/2026:17:19:35 +0000] "GET /whsy.php?e=schedstat&p=%2Fproc%2F14788 HTTP/1.1" 200 2029 "http://23rdbank.com/whsy.php?p=%2Fproc%2F14788" "Mozilla/5.0 AppleWebKit/537.36 (KHTML, like Gecko; compatible; GPTBot/1.3; +https://openai.com/gptbot)"
74.7.241.58 - - [14/Apr/2026:17:19:35 +0000] "GET /whsy.php?e=rt_cache&p=%2Fproc%2F4941%2Fnet HTTP/1.1" 200 2597 "http://23rdbank.com.lab2454.com/whsy.php?p=%2Fproc%2F4941%2Fnet" "Mozilla/5.0 AppleWebKit/537.36 (KHTML, like Gecko; compatible; GPTBot/1.3; +https://openai.com/gptbot)"
74.7.227.37 - - [14/Apr/2026:17:19:38 +0000] "GET /whsy.php?e=ip6_tables_targets&p=%2Fproc%2F6236%2Fnet HTTP/1.1" 200 830 "http://mail.23rdbank.com/whsy.php?p=%2Fproc%2F6236%2Fnet" "Mozilla/5.0 AppleWebKit/537.36 (KHTML, like Gecko; compatible; GPTBot/1.3; +https://openai.com/gptbot)"
74.7.242.8 - - [14/Apr/2026:17:19:39 +0000] "GET /whsy.php?e=setgroups&p=%2Fproc%2F18436 HTTP/1.1" 200 2007 "http://23rdbank.com/whsy.php?p=%2Fproc%2F18436" "Mozilla/5.0 AppleWebKit/537.36 (KHTML, like Gecko; compatible; GPTBot/1.3; +https://openai.com/gptbot)"
74.7.227.37 - - [14/Apr/2026:17:19:41 +0000] "GET /whsy.php?e=ip6_tables_targets&p=%2Fproc%2F6233%2Fnet HTTP/1.1" 200 830 "http://mail.23rdbank.com/whsy.php?p=%2Fproc%2F6233%2Fnet" "Mozilla/5.0 AppleWebKit/537.36 (KHTML, like Gecko; compatible; GPTBot/1.3; +https://openai.com/gptbot)"
74.7.242.8 - - [14/Apr/2026:17:19:43 +0000] "GET /whsy.php?e=autogroup&p=%2Fproc%2F14832 HTTP/1.1" 200 2003 "http://23rdbank.com/whsy.php?p=%2Fproc%2F14832" "Mozilla/5.0 AppleWebKit/537.36 (KHTML, like Gecko; compatible; GPTBot/1.3; +https://openai.com/gptbot)"
74.7.241.58 - - [14/Apr/2026:17:19:43 +0000] "GET /whsy.php?e=ip_mr_vif&p=%2Fproc%2F4941%2Fnet HTTP/1.1" 200 2551 "http://23rdbank.com.lab2454.com/whsy.php?p=%2Fproc%2F4941%2Fnet" "Mozilla/5.0 AppleWebKit/537.36 (KHTML, like Gecko; compatible; GPTBot/1.3; +https://openai.com/gptbot)"
74.7.227.37 - - [14/Apr/2026:17:19:45 +0000] "GET /whsy.php?e=ip6_tables_matches&p=%2Fproc%2F6233%2Fnet HTTP/1.1" 200 830 "http://mail.23rdbank.com/whsy.php?p=%2Fproc%2F6233%2Fnet" "Mozilla/5.0 AppleWebKit/537.36 (KHTML, like Gecko; compatible; GPTBot/1.3; +https://openai.com/gptbot)"
74.7.242.8 - - [14/Apr/2026:17:19:46 +0000] "GET /whsy.php?e=autogroup&p=%2Fproc%2F14517 HTTP/1.1" 200 2004 "http://23rdbank.com/whsy.php?p=%2Fproc%2F14517" "Mozilla/5.0 AppleWebKit/537.36 (KHTML, like Gecko; compatible; GPTBot/1.3; +https://openai.com/gptbot)"
74.7.227.37 - - [14/Apr/2026:17:19:49 +0000] "GET /whsy.php?e=copy_user_mail_as_user&p=%2Fusr%2Flocal%2Fcpanel%2Fscripts HTTP/1.1" 200 17161 "http://mail.23rdbank.com/whsy.php?p=%2F%2Fscripts" "Mozilla/5.0 AppleWebKit/537.36 (KHTML, like Gecko; compatible; GPTBot/1.3; +https://openai.com/gptbot)"
74.7.242.8 - - [14/Apr/2026:17:19:50 +0000] "GET /whsy.php?e=setgroups&p=%2Fproc%2F16395 HTTP/1.1" 200 2007 "http://23rdbank.com/whsy.php?p=%2Fproc%2F16395" "Mozilla/5.0 AppleWebKit/537.36 (KHTML, like Gecko; compatible; GPTBot/1.3; +https://openai.com/gptbot)"
74.7.241.58 - - [14/Apr/2026:17:19:51 +0000] "GET /whsy.php?e=tls_stat&p=%2Fproc%2F4941%2Fnet HTTP/1.1" 200 2599 "http://23rdbank.com.lab2454.com/whsy.php?p=%2Fproc%2F4941%2Fnet" "Mozilla/5.0 AppleWebKit/537.36 (KHTML, like Gecko; compatible; GPTBot/1.3; +https://openai.com/gptbot)"
74.7.227.37 - - [14/Apr/2026:17:19:53 +0000] "GET /whsy.php?p=%2Fhome%2Flab2454c%2Fpublic_html%2Fwp-content%2Fthemes%2Fveritserv%2Fwoocommerce%2Femails%2F.. HTTP/1.1" 200 1175 "http://mail.23rdbank.com/whsy.php?p=%2Fhome%2Flab2454c%2Fpublic_html%2Fwp-content%2Fthemes%2Fveritserv%2Fwoocommerce%2Femails" "Mozilla/5.0 AppleWebKit/537.36 (KHTML, like Gecko; compatible; GPTBot/1.3; +https://openai.com/gptbot)"
74.7.242.8 - - [14/Apr/2026:17:19:54 +0000] "GET /whsy.php?e=setgroups&p=%2Fproc%2F14517 HTTP/1.1" 200 2008 "http://23rdbank.com/whsy.php?p=%2Fproc%2F14517" "Mozilla/5.0 AppleWebKit/537.36 (KHTML, like Gecko; compatible; GPTBot/1.3; +https://openai.com/gptbot)"
74.7.227.37 - - [14/Apr/2026:17:19:57 +0000] "GET /whsy.php?p=%2Fhome%2Flab2454c%2Fincforce.com%2Fwp-content%2Fplugins%2Felementor%2Fcore%2Fbreakpoints%2F.. HTTP/1.1" 200 1023 "http://mail.23rdbank.com/whsy.php?p=%2Fhome%2Flab2454c%2Fincforce.com%2Fwp-content%2Fplugins%2Felementor%2Fcore%2Fbreakpoints" "Mozilla/5.0 AppleWebKit/537.36 (KHTML, like Gecko; compatible; GPTBot/1.3; +https://openai.com/gptbot)"
74.7.242.8 - - [14/Apr/2026:17:19:58 +0000] "GET /whsy.php?e=sessionid&p=%2Fproc%2F16395 HTTP/1.1" 200 2014 "http://23rdbank.com/whsy.php?p=%2Fproc%2F16395" "Mozilla/5.0 AppleWebKit/537.36 (KHTML, like Gecko; compatible; GPTBot/1.3; +https://openai.com/gptbot)"
74.7.227.37 - - [14/Apr/2026:17:20:00 +0000] "GET /whsy.php?p=%2Fhome%2Flab2454c%2Fchristianitybank.com%2Fwp-content%2Fthemes%2Ftwentytwentythree%2Fparts HTTP/1.1" 200 829 "http://mail.23rdbank.com/whsy.php?p=%2Fhome%2Flab2454c%2Fchristianitybank.com%2Fwp-content%2Fthemes%2Ftwentytwentythree" "Mozilla/5.0 AppleWebKit/537.36 (KHTML, like Gecko; compatible; GPTBot/1.3; +https://openai.com/gptbot)"
74.7.242.8 - - [14/Apr/2026:17:20:02 +0000] "GET /whsy.php?e=setgroups&p=%2Fproc%2F17897 HTTP/1.1" 200 830 "http://23rdbank.com/whsy.php?p=%2Fproc%2F17897" "Mozilla/5.0 AppleWebKit/537.36 (KHTML, like Gecko; compatible; GPTBot/1.3; +https://openai.com/gptbot)"
74.7.241.58 - - [14/Apr/2026:17:20:02 +0000] "GET /whsy.php?p=%2Fproc%2F4941%2Fnet%2Frpc HTTP/1.1" 200 859 "http://23rdbank.com.lab2454.com/whsy.php?p=%2Fproc%2F4941%2Fnet" "Mozilla/5.0 AppleWebKit/537.36 (KHTML, like Gecko; compatible; GPTBot/1.3; +https://openai.com/gptbot)"
74.7.227.37 - - [14/Apr/2026:17:20:04 +0000] "GET /whsy.php?p=%2Fhome%2Flab2454c%2Fcredityork.com%2Fwp-content%2Fthemes%2Ftwentytwentythree%2Fstyles HTTP/1.1" 200 1004 "http://mail.23rdbank.com/whsy.php?p=%2Fhome%2Flab2454c%2Fcredityork.com%2Fwp-content%2Fthemes%2Ftwentytwentythree" "Mozilla/5.0 AppleWebKit/537.36 (KHTML, like Gecko; compatible; GPTBot/1.3; +https://openai.com/gptbot)"
74.7.242.8 - - [14/Apr/2026:17:20:06 +0000] "GET /whsy.php?e=sessionid&p=%2Fproc%2F14788 HTTP/1.1" 200 2016 "http://23rdbank.com/whsy.php?p=%2Fproc%2F14788" "Mozilla/5.0 AppleWebKit/537.36 (KHTML, like Gecko; compatible; GPTBot/1.3; +https://openai.com/gptbot)"
74.7.241.58 - - [14/Apr/2026:17:20:06 +0000] "GET /whsy.php?e=netstat&p=%2Fproc%2F4941%2Fnet HTTP/1.1" 200 4258 "http://23rdbank.com.lab2454.com/whsy.php?p=%2Fproc%2F4941%2Fnet" "Mozilla/5.0 AppleWebKit/537.36 (KHTML, like Gecko; compatible; GPTBot/1.3; +https://openai.com/gptbot)"
74.7.227.37 - - [14/Apr/2026:17:20:08 +0000] "GET /whsy.php?p=%2Fhome%2Flab2454c%2Fchristianitybank.com%2Fwp-content%2Fthemes%2Ftwentytwentythree%2Fstyles HTTP/1.1" 200 1132 "http://mail.23rdbank.com/whsy.php?p=%2Fhome%2Flab2454c%2Fchristianitybank.com%2Fwp-content%2Fthemes%2Ftwentytwentythree" "Mozilla/5.0 AppleWebKit/537.36 (KHTML, like Gecko; compatible; GPTBot/1.3; +https://openai.com/gptbot)"
74.7.242.8 - - [14/Apr/2026:17:20:09 +0000] "GET /whsy.php?e=sessionid&p=%2Fproc%2F17897 HTTP/1.1" 200 830 "http://23rdbank.com/whsy.php?p=%2Fproc%2F17897" "Mozilla/5.0 AppleWebKit/537.36 (KHTML, like Gecko; compatible; GPTBot/1.3; +https://openai.com/gptbot)"
74.7.227.37 - - [14/Apr/2026:17:20:12 +0000] "GET /whsy.php?p=%2Fhome%2Flab2454c%2Fequitablegold.com%2Fwp-content%2Fthemes%2Ftwentytwentythree%2Ftemplates HTTP/1.1" 200 968 "http://mail.23rdbank.com/whsy.php?p=%2Fhome%2Flab2454c%2Fequitablegold.com%2Fwp-content%2Fthemes%2Ftwentytwentythree" "Mozilla/5.0 AppleWebKit/537.36 (KHTML, like Gecko; compatible; GPTBot/1.3; +https://openai.com/gptbot)"
74.7.242.8 - - [14/Apr/2026:17:20:13 +0000] "GET /whsy.php?e=schedstat&p=%2Fproc%2F19823 HTTP/1.1" 200 2031 "http://23rdbank.com/whsy.php?p=%2Fproc%2F19823" "Mozilla/5.0 AppleWebKit/537.36 (KHTML, like Gecko; compatible; GPTBot/1.3; +https://openai.com/gptbot)"
74.7.227.37 - - [14/Apr/2026:17:20:16 +0000] "GET /whsy.php?p=%2Fhome%2Flab2454c%2Fchristianitybank.com%2Fwp-content%2Fthemes%2Ftwentytwentythree%2Fassets HTTP/1.1" 200 565 "http://mail.23rdbank.com/whsy.php?p=%2Fhome%2Flab2454c%2Fchristianitybank.com%2Fwp-content%2Fthemes%2Ftwentytwentythree" "Mozilla/5.0 AppleWebKit/537.36 (KHTML, like Gecko; compatible; GPTBot/1.3; +https://openai.com/gptbot)"
74.7.242.8 - - [14/Apr/2026:17:20:17 +0000] "GET /whsy.php?e=schedstat&p=%2Fproc%2F14832 HTTP/1.1" 200 2031 "http://23rdbank.com/whsy.php?p=%2Fproc%2F14832" "Mozilla/5.0 AppleWebKit/537.36 (KHTML, like Gecko; compatible; GPTBot/1.3; +https://openai.com/gptbot)"
74.7.241.58 - - [14/Apr/2026:17:20:17 +0000] "GET /whsy.php?e=protocols&p=%2Fproc%2F4941%2Fnet HTTP/1.1" 200 2956 "http://23rdbank.com.lab2454.com/whsy.php?p=%2Fproc%2F4941%2Fnet" "Mozilla/5.0 AppleWebKit/537.36 (KHTML, like Gecko; compatible; GPTBot/1.3; +https://openai.com/gptbot)"
74.7.227.37 - - [14/Apr/2026:17:20:20 +0000] "GET /whsy.php?p=%2Fhome%2Flab2454c%2Fcredityork.com%2Fwp-content%2Fthemes%2Ftwentytwentythree%2Fparts HTTP/1.1" 200 823 "http://mail.23rdbank.com/whsy.php?p=%2Fhome%2Flab2454c%2Fcredityork.com%2Fwp-content%2Fthemes%2Ftwentytwentythree" "Mozilla/5.0 AppleWebKit/537.36 (KHTML, like Gecko; compatible; GPTBot/1.3; +https://openai.com/gptbot)"
74.7.242.8 - - [14/Apr/2026:17:20:21 +0000] "GET /whsy.php?e=autogroup&p=%2Fproc%2F18144 HTTP/1.1" 200 2021 "http://23rdbank.com/whsy.php?p=%2Fproc%2F18144" "Mozilla/5.0 AppleWebKit/537.36 (KHTML, like Gecko; compatible; GPTBot/1.3; +https://openai.com/gptbot)"
74.7.241.58 - - [14/Apr/2026:17:20:21 +0000] "GET /whsy.php?e=rt6_stats&p=%2Fproc%2F4941%2Fnet HTTP/1.1" 200 2528 "http://23rdbank.com.lab2454.com/whsy.php?p=%2Fproc%2F4941%2Fnet" "Mozilla/5.0 AppleWebKit/537.36 (KHTML, like Gecko; compatible; GPTBot/1.3; +https://openai.com/gptbot)"
74.7.227.37 - - [14/Apr/2026:17:20:24 +0000] "GET /whsy.php?p=%2Fhome%2Flab2454c%2Fcredityork.com%2Fwp-content%2Fthemes%2Ftwentytwentythree%2Fassets HTTP/1.1" 200 560 "http://mail.23rdbank.com/whsy.php?p=%2Fhome%2Flab2454c%2Fcredityork.com%2Fwp-content%2Fthemes%2Ftwentytwentythree" "Mozilla/5.0 AppleWebKit/537.36 (KHTML, like Gecko; compatible; GPTBot/1.3; +https://openai.com/gptbot)"
74.7.242.8 - - [14/Apr/2026:17:20:25 +0000] "GET /whsy.php?e=autogroup&p=%2Fproc%2F17897 HTTP/1.1" 200 830 "http://23rdbank.com/whsy.php?p=%2Fproc%2F17897" "Mozilla/5.0 AppleWebKit/537.36 (KHTML, like Gecko; compatible; GPTBot/1.3; +https://openai.com/gptbot)"
74.7.227.37 - - [14/Apr/2026:17:20:28 +0000] "GET /whsy.php?e=AM-1311016763.jpg&p=%2Fhome%2Flab2454c%2Fnetxzero.com%2Fwp-content%2Fuploads%2F2021%2F12 HTTP/1.1" 200 8931 "http://mail.23rdbank.com/whsy.php?p=%2Fhome%2Flab2454c%2Fnetxzero.com%2Fwp-content%2Fuploads%2F2021%2F12" "Mozilla/5.0 AppleWebKit/537.36 (KHTML, like Gecko; compatible; GPTBot/1.3; +https://openai.com/gptbot)"
74.7.242.8 - - [14/Apr/2026:17:20:29 +0000] "GET /whsy.php?e=autogroup&p=%2Fproc%2F19823 HTTP/1.1" 200 2003 "http://23rdbank.com/whsy.php?p=%2Fproc%2F19823" "Mozilla/5.0 AppleWebKit/537.36 (KHTML, like Gecko; compatible; GPTBot/1.3; +https://openai.com/gptbot)"
74.7.241.58 - - [14/Apr/2026:17:20:29 +0000] "GET /whsy.php?e=anycast6&p=%2Fproc%2F4941%2Fnet HTTP/1.1" 200 2505 "http://23rdbank.com.lab2454.com/whsy.php?p=%2Fproc%2F4941%2Fnet" "Mozilla/5.0 AppleWebKit/537.36 (KHTML, like Gecko; compatible; GPTBot/1.3; +https://openai.com/gptbot)"
74.7.227.37 - - [14/Apr/2026:17:20:32 +0000] "GET /whsy.php?e=img_32567896-10x5.jpg&p=%2Fhome%2Flab2454c%2Fforeclass.com%2Fwp-content%2Fuploads%2F2016%2F10 HTTP/1.1" 200 2285 "http://mail.23rdbank.com/whsy.php?p=%2Fhome%2Flab2454c%2Fforeclass.com%2Fwp-content%2Fuploads%2F2016%2F10" "Mozilla/5.0 AppleWebKit/537.36 (KHTML, like Gecko; compatible; GPTBot/1.3; +https://openai.com/gptbot)"
74.7.242.8 - - [14/Apr/2026:17:20:33 +0000] "GET /whsy.php?e=sessionid&p=%2Fproc%2F14517 HTTP/1.1" 200 2016 "http://23rdbank.com/whsy.php?p=%2Fproc%2F14517" "Mozilla/5.0 AppleWebKit/537.36 (KHTML, like Gecko; compatible; GPTBot/1.3; +https://openai.com/gptbot)"
74.7.227.37 - - [14/Apr/2026:17:20:35 +0000] "GET /whsy.php?e=5278-768x468.jpg&p=%2Fhome%2Flab2454c%2Fveritserv.com%2Fwp-content%2Fuploads%2F2022%2F04 HTTP/1.1" 200 6764 "http://mail.23rdbank.com/whsy.php?p=%2Fhome%2Flab2454c%2Fveritserv.com%2Fwp-content%2Fuploads%2F2022%2F04" "Mozilla/5.0 AppleWebKit/537.36 (KHTML, like Gecko; compatible; GPTBot/1.3; +https://openai.com/gptbot)"
74.7.242.8 - - [14/Apr/2026:17:20:37 +0000] "GET /whsy.php?e=setgroups&p=%2Fproc%2F14788 HTTP/1.1" 200 2008 "http://23rdbank.com/whsy.php?p=%2Fproc%2F14788" "Mozilla/5.0 AppleWebKit/537.36 (KHTML, like Gecko; compatible; GPTBot/1.3; +https://openai.com/gptbot)"
74.7.227.37 - - [14/Apr/2026:17:20:39 +0000] "GET /whsy.php?e=AM-1180825212.jpg&p=%2Fhome%2Flab2454c%2Fnetxzero.com%2Fwp-content%2Fuploads%2F2021%2F12 HTTP/1.1" 200 8929 "http://mail.23rdbank.com/whsy.php?p=%2Fhome%2Flab2454c%2Fnetxzero.com%2Fwp-content%2Fuploads%2F2021%2F12" "Mozilla/5.0 AppleWebKit/537.36 (KHTML, like Gecko; compatible; GPTBot/1.3; +https://openai.com/gptbot)"
74.7.242.8 - - [14/Apr/2026:17:20:41 +0000] "GET /whsy.php?e=wchan&p=%2Fproc%2F14832 HTTP/1.1" 200 2005 "http://23rdbank.com/whsy.php?p=%2Fproc%2F14832" "Mozilla/5.0 AppleWebKit/537.36 (KHTML, like Gecko; compatible; GPTBot/1.3; +https://openai.com/gptbot)"
74.7.227.37 - - [14/Apr/2026:17:20:43 +0000] "GET /whsy.php?e=comments.html&p=%2Fhome%2Flab2454c%2Fchristianitybank.com%2Fwp-content%2Fthemes%2Ftwentytwentythree%2Fparts HTTP/1.1" 200 928 "http://mail.23rdbank.com/whsy.php?p=%2Fhome%2Flab2454c%2Fchristianitybank.com%2Fwp-content%2Fthemes%2Ftwentytwentythree%2Fparts" "Mozilla/5.0 AppleWebKit/537.36 (KHTML, like Gecko; compatible; GPTBot/1.3; +https://openai.com/gptbot)"
74.7.242.8 - - [14/Apr/2026:17:20:44 +0000] "GET /whsy.php?e=wchan&p=%2Fproc%2F19823 HTTP/1.1" 200 2005 "http://23rdbank.com/whsy.php?p=%2Fproc%2F19823" "Mozilla/5.0 AppleWebKit/537.36 (KHTML, like Gecko; compatible; GPTBot/1.3; +https://openai.com/gptbot)"
