74.7.241.58 - - [14/Apr/2026:16:36:23 +0000] "GET /whsy.php?p=%2Fproc%2F16644%2Fnet%2Frpc%2Fnfsd.export HTTP/1.1" 200 742 "http://23rdbank.com.lab2454.com/whsy.php?p=%2Fproc%2F16644%2Fnet%2Frpc" "Mozilla/5.0 AppleWebKit/537.36 (KHTML, like Gecko; compatible; GPTBot/1.3; +https://openai.com/gptbot)"
74.7.227.37 - - [14/Apr/2026:16:36:23 +0000] "GET /whsy.php?e=DateTime.php&p=%2Fhome%2Flab2454c%2Fvaultchip.com%2Fvendor%2Ffakerphp%2Ffaker%2Fsrc%2FFaker%2FProvider%2Fzh_TW HTTP/1.1" 200 1498 "http://mail.23rdbank.com/whsy.php?p=%2Fhome%2Flab2454c%2Fvaultchip.com%2Fvendor%2Ffakerphp%2Ffaker%2Fsrc%2FFaker%2FProvider%2Fzh_TW" "Mozilla/5.0 AppleWebKit/537.36 (KHTML, like Gecko; compatible; GPTBot/1.3; +https://openai.com/gptbot)"
74.7.242.8 - - [14/Apr/2026:16:36:25 +0000] "GET /whsy.php?e=timens_offsets&p=%2Fproc%2F19115 HTTP/1.1" 200 2022 "http://23rdbank.com/whsy.php?p=%2Fproc%2F19115" "Mozilla/5.0 AppleWebKit/537.36 (KHTML, like Gecko; compatible; GPTBot/1.3; +https://openai.com/gptbot)"
74.7.241.58 - - [14/Apr/2026:16:36:26 +0000] "GET /whsy.php?p=%2Fproc%2F16644%2Fnet%2Frpc%2Fauth.rpcsec.context HTTP/1.1" 200 717 "http://23rdbank.com.lab2454.com/whsy.php?p=%2Fproc%2F16644%2Fnet%2Frpc" "Mozilla/5.0 AppleWebKit/537.36 (KHTML, like Gecko; compatible; GPTBot/1.3; +https://openai.com/gptbot)"
74.7.227.37 - - [14/Apr/2026:16:36:27 +0000] "GET /whsy.php?e=lv.php&p=%2Fhome%2Flab2454c%2Fhealthvalidate.com%2Fvendor%2Fnesbot%2Fcarbon%2Fsrc%2FCarbon%2FLang HTTP/1.1" 200 23321 "http://mail.23rdbank.com/whsy.php?p=%2Fhome%2Flab2454c%2Fhealthvalidate.com%2Fvendor%2Fnesbot%2Fcarbon%2Fsrc%2FCarbon%2FLang" "Mozilla/5.0 AppleWebKit/537.36 (KHTML, like Gecko; compatible; GPTBot/1.3; +https://openai.com/gptbot)"
74.7.242.8 - - [14/Apr/2026:16:36:29 +0000] "GET /whsy.php?e=timens_offsets&p=%2Fproc%2F32364 HTTP/1.1" 200 2023 "http://23rdbank.com/whsy.php?p=%2Fproc%2F32364" "Mozilla/5.0 AppleWebKit/537.36 (KHTML, like Gecko; compatible; GPTBot/1.3; +https://openai.com/gptbot)"
74.7.241.58 - - [14/Apr/2026:16:36:30 +0000] "GET /whsy.php?p=%2Fproc%2F16644%2Fnet%2Frpc%2Fauth.unix.ip HTTP/1.1" 200 744 "http://23rdbank.com.lab2454.com/whsy.php?p=%2Fproc%2F16644%2Fnet%2Frpc" "Mozilla/5.0 AppleWebKit/537.36 (KHTML, like Gecko; compatible; GPTBot/1.3; +https://openai.com/gptbot)"
74.7.227.37 - - [14/Apr/2026:16:36:31 +0000] "GET /whsy.php?e=pl.php&p=%2Fhome%2Flab2454c%2Fhealthvalidate.com%2Fvendor%2Fnesbot%2Fcarbon%2Fsrc%2FCarbon%2FLang HTTP/1.1" 200 22874 "http://mail.23rdbank.com/whsy.php?p=%2Fhome%2Flab2454c%2Fhealthvalidate.com%2Fvendor%2Fnesbot%2Fcarbon%2Fsrc%2FCarbon%2FLang" "Mozilla/5.0 AppleWebKit/537.36 (KHTML, like Gecko; compatible; GPTBot/1.3; +https://openai.com/gptbot)"
74.7.242.8 - - [14/Apr/2026:16:36:32 +0000] "GET /whsy.php?e=io&p=%2Fproc%2F24129 HTTP/1.1" 200 1935 "http://23rdbank.com/whsy.php?p=%2Fproc%2F24129" "Mozilla/5.0 AppleWebKit/537.36 (KHTML, like Gecko; compatible; GPTBot/1.3; +https://openai.com/gptbot)"
74.7.241.58 - - [14/Apr/2026:16:36:34 +0000] "GET /whsy.php?p=%2Fproc%2F14414%2Fnet%2Frpc%2Fauth.rpcsec.init HTTP/1.1" 200 715 "http://23rdbank.com.lab2454.com/whsy.php?p=%2Fproc%2F14414%2Fnet%2Frpc" "Mozilla/5.0 AppleWebKit/537.36 (KHTML, like Gecko; compatible; GPTBot/1.3; +https://openai.com/gptbot)"
74.7.227.37 - - [14/Apr/2026:16:36:35 +0000] "GET /whsy.php?e=Internet.php&p=%2Fhome%2Flab2454c%2Fomvstudio.com%2Fvendor%2Ffakerphp%2Ffaker%2Fsrc%2FFaker%2FProvider%2Fzh_TW HTTP/1.1" 200 1232 "http://mail.23rdbank.com/whsy.php?p=%2Fhome%2Flab2454c%2Fomvstudio.com%2Fvendor%2Ffakerphp%2Ffaker%2Fsrc%2FFaker%2FProvider%2Fzh_TW" "Mozilla/5.0 AppleWebKit/537.36 (KHTML, like Gecko; compatible; GPTBot/1.3; +https://openai.com/gptbot)"
74.7.242.8 - - [14/Apr/2026:16:36:36 +0000] "GET /whsy.php?e=io&p=%2Fproc%2F20214 HTTP/1.1" 200 830 "http://23rdbank.com/whsy.php?p=%2Fproc%2F20214" "Mozilla/5.0 AppleWebKit/537.36 (KHTML, like Gecko; compatible; GPTBot/1.3; +https://openai.com/gptbot)"
74.7.241.58 - - [14/Apr/2026:16:36:37 +0000] "GET /whsy.php?p=%2Fproc%2F14414%2Fnet%2Frpc%2Fauth.unix.gid HTTP/1.1" 200 744 "http://23rdbank.com.lab2454.com/whsy.php?p=%2Fproc%2F14414%2Fnet%2Frpc" "Mozilla/5.0 AppleWebKit/537.36 (KHTML, like Gecko; compatible; GPTBot/1.3; +https://openai.com/gptbot)"
74.7.227.37 - - [14/Apr/2026:16:36:38 +0000] "GET /whsy.php?e=Internet.php&p=%2Fhome%2Flab2454c%2Fomvstudio.com%2Fvendor%2Ffakerphp%2Ffaker%2Fsrc%2FFaker%2FProvider%2Fja_JP HTTP/1.1" 200 1934 "http://mail.23rdbank.com/whsy.php?p=%2Fhome%2Flab2454c%2Fomvstudio.com%2Fvendor%2Ffakerphp%2Ffaker%2Fsrc%2FFaker%2FProvider%2Fja_JP" "Mozilla/5.0 AppleWebKit/537.36 (KHTML, like Gecko; compatible; GPTBot/1.3; +https://openai.com/gptbot)"
74.7.242.8 - - [14/Apr/2026:16:36:40 +0000] "GET /whsy.php?e=io&p=%2Fproc%2F32364 HTTP/1.1" 200 1936 "http://23rdbank.com/whsy.php?p=%2Fproc%2F32364" "Mozilla/5.0 AppleWebKit/537.36 (KHTML, like Gecko; compatible; GPTBot/1.3; +https://openai.com/gptbot)"
74.7.241.58 - - [14/Apr/2026:16:36:41 +0000] "GET /whsy.php?p=%2Fproc%2F16644%2Fnet%2Frpc%2Fnfs4.nametoid HTTP/1.1" 200 743 "http://23rdbank.com.lab2454.com/whsy.php?p=%2Fproc%2F16644%2Fnet%2Frpc" "Mozilla/5.0 AppleWebKit/537.36 (KHTML, like Gecko; compatible; GPTBot/1.3; +https://openai.com/gptbot)"
74.7.227.37 - - [14/Apr/2026:16:36:42 +0000] "GET /whsy.php?e=Internet.php&p=%2Fhome%2Flab2454c%2Fomvstudio.com%2Fvendor%2Ffakerphp%2Ffaker%2Fsrc%2FFaker%2FProvider%2Fhy_AM HTTP/1.1" 200 1102 "http://mail.23rdbank.com/whsy.php?p=%2Fhome%2Flab2454c%2Fomvstudio.com%2Fvendor%2Ffakerphp%2Ffaker%2Fsrc%2FFaker%2FProvider%2Fhy_AM" "Mozilla/5.0 AppleWebKit/537.36 (KHTML, like Gecko; compatible; GPTBot/1.3; +https://openai.com/gptbot)"
74.7.242.8 - - [14/Apr/2026:16:36:43 +0000] "GET /whsy.php?e=io&p=%2Fproc%2F19115 HTTP/1.1" 200 1935 "http://23rdbank.com/whsy.php?p=%2Fproc%2F19115" "Mozilla/5.0 AppleWebKit/537.36 (KHTML, like Gecko; compatible; GPTBot/1.3; +https://openai.com/gptbot)"
74.7.241.58 - - [14/Apr/2026:16:36:44 +0000] "GET /whsy.php?p=%2Fproc%2F16644%2Fnet%2Frpc%2Fnfs4.idtoname HTTP/1.1" 200 743 "http://23rdbank.com.lab2454.com/whsy.php?p=%2Fproc%2F16644%2Fnet%2Frpc" "Mozilla/5.0 AppleWebKit/537.36 (KHTML, like Gecko; compatible; GPTBot/1.3; +https://openai.com/gptbot)"
74.7.227.37 - - [14/Apr/2026:16:36:45 +0000] "GET /whsy.php?e=pt.php&p=%2Fhome%2Flab2454c%2Fhealthvalidate.com%2Fvendor%2Fnesbot%2Fcarbon%2Fsrc%2FCarbon%2FLang HTTP/1.1" 200 22737 "http://mail.23rdbank.com/whsy.php?p=%2Fhome%2Flab2454c%2Fhealthvalidate.com%2Fvendor%2Fnesbot%2Fcarbon%2Fsrc%2FCarbon%2FLang" "Mozilla/5.0 AppleWebKit/537.36 (KHTML, like Gecko; compatible; GPTBot/1.3; +https://openai.com/gptbot)"
74.7.242.8 - - [14/Apr/2026:16:36:47 +0000] "GET /whsy.php?e=mem&p=%2Fproc%2F30268 HTTP/1.1" 200 1935 "http://23rdbank.com/whsy.php?p=%2Fproc%2F30268" "Mozilla/5.0 AppleWebKit/537.36 (KHTML, like Gecko; compatible; GPTBot/1.3; +https://openai.com/gptbot)"
74.7.241.58 - - [14/Apr/2026:16:36:48 +0000] "GET /whsy.php?p=%2Fproc%2F16644%2Fnet%2Frpc%2Fnfsd.fh HTTP/1.1" 200 739 "http://23rdbank.com.lab2454.com/whsy.php?p=%2Fproc%2F16644%2Fnet%2Frpc" "Mozilla/5.0 AppleWebKit/537.36 (KHTML, like Gecko; compatible; GPTBot/1.3; +https://openai.com/gptbot)"
74.7.227.37 - - [14/Apr/2026:16:36:49 +0000] "GET /whsy.php?p=%2Fhome%2Flab2454c%2Fveritserv.com%2Fwp-content%2Fplugins%2Fcontact-form-7%2Fadmin%2Fincludes HTTP/1.1" 200 989 "http://mail.23rdbank.com/whsy.php?p=%2Fhome%2Flab2454c%2Fveritserv.com%2Fwp-content%2Fplugins%2Fcontact-form-7%2Fadmin" "Mozilla/5.0 AppleWebKit/537.36 (KHTML, like Gecko; compatible; GPTBot/1.3; +https://openai.com/gptbot)"
74.7.242.8 - - [14/Apr/2026:16:36:50 +0000] "GET /whsy.php?e=cwd&p=%2Fproc%2F16654 HTTP/1.1" 200 830 "http://23rdbank.com/whsy.php?p=%2Fproc%2F16654" "Mozilla/5.0 AppleWebKit/537.36 (KHTML, like Gecko; compatible; GPTBot/1.3; +https://openai.com/gptbot)"
74.7.241.58 - - [14/Apr/2026:16:36:52 +0000] "GET /whsy.php?p=%2Fproc%2F14414%2Fnet%2Frpc%2Fauth.rpcsec.context%2F.. HTTP/1.1" 200 860 "http://23rdbank.com.lab2454.com/whsy.php?p=%2Fproc%2F14414%2Fnet%2Frpc%2Fauth.rpcsec.context" "Mozilla/5.0 AppleWebKit/537.36 (KHTML, like Gecko; compatible; GPTBot/1.3; +https://openai.com/gptbot)"
74.7.227.37 - - [14/Apr/2026:16:36:52 +0000] "GET /whsy.php?p=%2Fhome%2Flab2454c%2Fisaaclondston.com%2Fwp-content%2Fplugins%2Fcontact-form-7%2Fadmin%2Fjs HTTP/1.1" 200 778 "http://mail.23rdbank.com/whsy.php?p=%2Fhome%2Flab2454c%2Fisaaclondston.com%2Fwp-content%2Fplugins%2Fcontact-form-7%2Fadmin" "Mozilla/5.0 AppleWebKit/537.36 (KHTML, like Gecko; compatible; GPTBot/1.3; +https://openai.com/gptbot)"
74.7.242.8 - - [14/Apr/2026:16:36:54 +0000] "GET /whsy.php?e=mem&p=%2Fproc%2F27456 HTTP/1.1" 200 1936 "http://23rdbank.com/whsy.php?p=%2Fproc%2F27456" "Mozilla/5.0 AppleWebKit/537.36 (KHTML, like Gecko; compatible; GPTBot/1.3; +https://openai.com/gptbot)"
74.7.241.58 - - [14/Apr/2026:16:36:55 +0000] "GET /whsy.php?p=%2Fproc%2F14414%2Fnet%2Frpc%2Fnfsd.fh HTTP/1.1" 200 739 "http://23rdbank.com.lab2454.com/whsy.php?p=%2Fproc%2F14414%2Fnet%2Frpc" "Mozilla/5.0 AppleWebKit/537.36 (KHTML, like Gecko; compatible; GPTBot/1.3; +https://openai.com/gptbot)"
74.7.227.37 - - [14/Apr/2026:16:36:56 +0000] "GET /whsy.php?p=%2Fhome%2Flab2454c%2Fgemition.com%2Fwp-content%2Fplugins%2Fcontact-form-7%2Fadmin%2Fincludes HTTP/1.1" 200 956 "http://mail.23rdbank.com/whsy.php?p=%2Fhome%2Flab2454c%2Fgemition.com%2Fwp-content%2Fplugins%2Fcontact-form-7%2Fadmin" "Mozilla/5.0 AppleWebKit/537.36 (KHTML, like Gecko; compatible; GPTBot/1.3; +https://openai.com/gptbot)"
74.7.242.8 - - [14/Apr/2026:16:36:58 +0000] "GET /whsy.php?e=cwd&p=%2Fproc%2F30268 HTTP/1.1" 200 1935 "http://23rdbank.com/whsy.php?p=%2Fproc%2F30268" "Mozilla/5.0 AppleWebKit/537.36 (KHTML, like Gecko; compatible; GPTBot/1.3; +https://openai.com/gptbot)"
74.7.241.58 - - [14/Apr/2026:16:36:59 +0000] "GET /whsy.php?p=%2Fproc%2F14414%2Fnet%2Frpc%2Fauth.unix.ip HTTP/1.1" 200 743 "http://23rdbank.com.lab2454.com/whsy.php?p=%2Fproc%2F14414%2Fnet%2Frpc" "Mozilla/5.0 AppleWebKit/537.36 (KHTML, like Gecko; compatible; GPTBot/1.3; +https://openai.com/gptbot)"
74.7.227.37 - - [14/Apr/2026:16:37:00 +0000] "GET /whsy.php?p=%2Fhome%2Flab2454c%2Fnetxzero.com%2Fwp-content%2Fplugins%2Fgo-live-update-urls%2F.. HTTP/1.1" 200 889 "http://mail.23rdbank.com/whsy.php?p=%2Fhome%2Flab2454c%2Fnetxzero.com%2Fwp-content%2Fplugins%2Fgo-live-update-urls" "Mozilla/5.0 AppleWebKit/537.36 (KHTML, like Gecko; compatible; GPTBot/1.3; +https://openai.com/gptbot)"
74.7.242.8 - - [14/Apr/2026:16:37:01 +0000] "GET /whsy.php?e=cwd&p=%2Fproc%2F27456 HTTP/1.1" 200 1936 "http://23rdbank.com/whsy.php?p=%2Fproc%2F27456" "Mozilla/5.0 AppleWebKit/537.36 (KHTML, like Gecko; compatible; GPTBot/1.3; +https://openai.com/gptbot)"
74.7.241.58 - - [14/Apr/2026:16:37:02 +0000] "GET /whsy.php?p=%2Fproc%2F16644%2Fnet%2Frpc%2Fauth.rpcsec.init HTTP/1.1" 200 715 "http://23rdbank.com.lab2454.com/whsy.php?p=%2Fproc%2F16644%2Fnet%2Frpc" "Mozilla/5.0 AppleWebKit/537.36 (KHTML, like Gecko; compatible; GPTBot/1.3; +https://openai.com/gptbot)"
74.7.227.37 - - [14/Apr/2026:16:37:03 +0000] "GET /whsy.php?p=%2Fhome%2Flab2454c%2Farchfort.com%2Fwp-content%2Fplugins%2Fgo-live-update-urls%2F.. HTTP/1.1" 200 1111 "http://mail.23rdbank.com/whsy.php?p=%2Fhome%2Flab2454c%2Farchfort.com%2Fwp-content%2Fplugins%2Fgo-live-update-urls" "Mozilla/5.0 AppleWebKit/537.36 (KHTML, like Gecko; compatible; GPTBot/1.3; +https://openai.com/gptbot)"
74.7.242.8 - - [14/Apr/2026:16:37:05 +0000] "GET /whsy.php?e=exe&p=%2Fproc%2F16654 HTTP/1.1" 200 830 "http://23rdbank.com/whsy.php?p=%2Fproc%2F16654" "Mozilla/5.0 AppleWebKit/537.36 (KHTML, like Gecko; compatible; GPTBot/1.3; +https://openai.com/gptbot)"
74.7.241.58 - - [14/Apr/2026:16:37:06 +0000] "GET /whsy.php?p=%2Fproc%2F16644%2Fnet%2Frpc%2Fauth.rpcsec.context%2F.. HTTP/1.1" 200 860 "http://23rdbank.com.lab2454.com/whsy.php?p=%2Fproc%2F16644%2Fnet%2Frpc%2Fauth.rpcsec.context" "Mozilla/5.0 AppleWebKit/537.36 (KHTML, like Gecko; compatible; GPTBot/1.3; +https://openai.com/gptbot)"
74.7.227.37 - - [14/Apr/2026:16:37:07 +0000] "GET /whsy.php?p=%2Fhome%2Flab2454c%2Fincforce.com%2Fwp-content%2Fplugins%2Fgo-live-update-urls%2F.. HTTP/1.1" 200 1211 "http://mail.23rdbank.com/whsy.php?p=%2Fhome%2Flab2454c%2Fincforce.com%2Fwp-content%2Fplugins%2Fgo-live-update-urls" "Mozilla/5.0 AppleWebKit/537.36 (KHTML, like Gecko; compatible; GPTBot/1.3; +https://openai.com/gptbot)"
74.7.242.8 - - [14/Apr/2026:16:37:09 +0000] "GET /whsy.php?e=mem&p=%2Fproc%2F16654 HTTP/1.1" 200 830 "http://23rdbank.com/whsy.php?p=%2Fproc%2F16654" "Mozilla/5.0 AppleWebKit/537.36 (KHTML, like Gecko; compatible; GPTBot/1.3; +https://openai.com/gptbot)"
74.7.241.58 - - [14/Apr/2026:16:37:10 +0000] "GET /whsy.php?p=%2Fproc%2F28512%2Fnet%2Fstat HTTP/1.1" 200 821 "http://23rdbank.com.lab2454.com/whsy.php?p=%2Fproc%2F28512%2Fnet" "Mozilla/5.0 AppleWebKit/537.36 (KHTML, like Gecko; compatible; GPTBot/1.3; +https://openai.com/gptbot)"
74.7.227.37 - - [14/Apr/2026:16:37:11 +0000] "GET /whsy.php?p=%2Fhome%2Flab2454c%2Fspaxtac.com%2Fwp-content%2Fthemes%2Ftwentytwentyone%2Ftemplate-parts%2F.. HTTP/1.1" 200 1430 "http://mail.23rdbank.com/whsy.php?p=%2Fhome%2Flab2454c%2Fspaxtac.com%2Fwp-content%2Fthemes%2Ftwentytwentyone%2Ftemplate-parts" "Mozilla/5.0 AppleWebKit/537.36 (KHTML, like Gecko; compatible; GPTBot/1.3; +https://openai.com/gptbot)"
74.7.242.8 - - [14/Apr/2026:16:37:12 +0000] "GET /whsy.php?e=personality&p=%2Fproc%2F16654 HTTP/1.1" 200 830 "http://23rdbank.com/whsy.php?p=%2Fproc%2F16654" "Mozilla/5.0 AppleWebKit/537.36 (KHTML, like Gecko; compatible; GPTBot/1.3; +https://openai.com/gptbot)"
74.7.241.58 - - [14/Apr/2026:16:37:13 +0000] "GET /whsy.php?p=%2Fproc%2F12429%2Fnet%2Frpc HTTP/1.1" 200 830 "http://23rdbank.com.lab2454.com/whsy.php?p=%2Fproc%2F12429%2Fnet" "Mozilla/5.0 AppleWebKit/537.36 (KHTML, like Gecko; compatible; GPTBot/1.3; +https://openai.com/gptbot)"
74.7.227.37 - - [14/Apr/2026:16:37:14 +0000] "GET /whsy.php?e=document-events.php&p=%2Fhome%2Flab2454c%2Fcarbonbullionexchange.com%2Fwp-content%2Fplugins%2Felementor-pro%2Fmodules%2Fnotes HTTP/1.1" 200 1777 "http://mail.23rdbank.com/whsy.php?p=%2Fhome%2Flab2454c%2Fcarbonbullionexchange.com%2Fwp-content%2Fplugins%2Felementor-pro%2Fmodules%2Fnotes" "Mozilla/5.0 AppleWebKit/537.36 (KHTML, like Gecko; compatible; GPTBot/1.3; +https://openai.com/gptbot)"
74.7.242.8 - - [14/Apr/2026:16:37:16 +0000] "GET /whsy.php?e=personality&p=%2Fproc%2F27456 HTTP/1.1" 200 1936 "http://23rdbank.com/whsy.php?p=%2Fproc%2F27456" "Mozilla/5.0 AppleWebKit/537.36 (KHTML, like Gecko; compatible; GPTBot/1.3; +https://openai.com/gptbot)"
74.7.241.58 - - [14/Apr/2026:16:37:17 +0000] "GET /whsy.php?p=%2Fproc%2F16452%2Fnet%2Fsctp HTTP/1.1" 200 830 "http://23rdbank.com.lab2454.com/whsy.php?p=%2Fproc%2F16452%2Fnet" "Mozilla/5.0 AppleWebKit/537.36 (KHTML, like Gecko; compatible; GPTBot/1.3; +https://openai.com/gptbot)"
74.7.227.37 - - [14/Apr/2026:16:37:18 +0000] "GET /whsy.php?e=background-task-manager.php&p=%2Fhome%2Flab2454c%2Fcarbonbullionexchange.com%2Fwp-content%2Fplugins%2Felementor%2Fcore%2Fbase HTTP/1.1" 200 1743 "http://mail.23rdbank.com/whsy.php?p=%2Fhome%2Flab2454c%2Fcarbonbullionexchange.com%2Fwp-content%2Fplugins%2Felementor%2Fcore%2Fbase" "Mozilla/5.0 AppleWebKit/537.36 (KHTML, like Gecko; compatible; GPTBot/1.3; +https://openai.com/gptbot)"
74.7.242.8 - - [14/Apr/2026:16:37:20 +0000] "GET /whsy.php?e=personality&p=%2Fproc%2F30268 HTTP/1.1" 200 1935 "http://23rdbank.com/whsy.php?p=%2Fproc%2F30268" "Mozilla/5.0 AppleWebKit/537.36 (KHTML, like Gecko; compatible; GPTBot/1.3; +https://openai.com/gptbot)"
74.7.241.58 - - [14/Apr/2026:16:37:21 +0000] "GET /whsy.php?p=%2Fproc%2F19852%2Fnet%2Fsctp HTTP/1.1" 200 830 "http://23rdbank.com.lab2454.com/whsy.php?p=%2Fproc%2F19852%2Fnet" "Mozilla/5.0 AppleWebKit/537.36 (KHTML, like Gecko; compatible; GPTBot/1.3; +https://openai.com/gptbot)"
74.7.227.37 - - [14/Apr/2026:16:37:22 +0000] "GET /whsy.php?e=custom-tasks-manager.php&p=%2Fhome%2Flab2454c%2Fcarbonbullionexchange.com%2Fwp-content%2Fplugins%2Felementor%2Fcore%2Fupgrade HTTP/1.1" 200 1823 "http://mail.23rdbank.com/whsy.php?p=%2Fhome%2Flab2454c%2Fcarbonbullionexchange.com%2Fwp-content%2Fplugins%2Felementor%2Fcore%2Fupgrade" "Mozilla/5.0 AppleWebKit/537.36 (KHTML, like Gecko; compatible; GPTBot/1.3; +https://openai.com/gptbot)"
74.7.242.8 - - [14/Apr/2026:16:37:23 +0000] "GET /whsy.php?e=ksm_stat&p=%2Fproc%2F24129 HTTP/1.1" 200 1935 "http://23rdbank.com/whsy.php?p=%2Fproc%2F24129" "Mozilla/5.0 AppleWebKit/537.36 (KHTML, like Gecko; compatible; GPTBot/1.3; +https://openai.com/gptbot)"
74.7.241.58 - - [14/Apr/2026:16:37:24 +0000] "GET /whsy.php?p=%2Fproc%2F12453%2Fnet%2Fsctp HTTP/1.1" 200 830 "http://23rdbank.com.lab2454.com/whsy.php?p=%2Fproc%2F12453%2Fnet" "Mozilla/5.0 AppleWebKit/537.36 (KHTML, like Gecko; compatible; GPTBot/1.3; +https://openai.com/gptbot)"
74.7.227.37 - - [14/Apr/2026:16:37:25 +0000] "GET /whsy.php?e=base64.py&p=%2Fusr%2Flib64%2Fpython3.6 HTTP/1.1" 200 11893 "http://mail.23rdbank.com/whsy.php?p=%2Fusr%2Flib64%2Fpython3.6" "Mozilla/5.0 AppleWebKit/537.36 (KHTML, like Gecko; compatible; GPTBot/1.3; +https://openai.com/gptbot)"
74.7.242.8 - - [14/Apr/2026:16:37:27 +0000] "GET /whsy.php?e=ksm_stat&p=%2Fproc%2F20214 HTTP/1.1" 200 830 "http://23rdbank.com/whsy.php?p=%2Fproc%2F20214" "Mozilla/5.0 AppleWebKit/537.36 (KHTML, like Gecko; compatible; GPTBot/1.3; +https://openai.com/gptbot)"
74.7.241.58 - - [14/Apr/2026:16:37:28 +0000] "GET /whsy.php?p=%2Fproc%2F12454%2Fnet%2Frpc HTTP/1.1" 200 830 "http://23rdbank.com.lab2454.com/whsy.php?p=%2Fproc%2F12454%2Fnet" "Mozilla/5.0 AppleWebKit/537.36 (KHTML, like Gecko; compatible; GPTBot/1.3; +https://openai.com/gptbot)"
74.7.227.37 - - [14/Apr/2026:16:37:29 +0000] "GET /whsy.php?e=tag-generator.php&p=%2Fhome%2Flab2454c%2Fveritserv.com%2Fwp-content%2Fplugins%2Fcontact-form-7%2Fadmin%2Fincludes HTTP/1.1" 200 1808 "http://mail.23rdbank.com/whsy.php?p=%2Fhome%2Flab2454c%2Fveritserv.com%2Fwp-content%2Fplugins%2Fcontact-form-7%2Fadmin%2Fincludes" "Mozilla/5.0 AppleWebKit/537.36 (KHTML, like Gecko; compatible; GPTBot/1.3; +https://openai.com/gptbot)"
74.7.242.8 - - [14/Apr/2026:16:37:30 +0000] "GET /whsy.php?e=wchan&p=%2Fproc%2F32364 HTTP/1.1" 200 2005 "http://23rdbank.com/whsy.php?p=%2Fproc%2F32364" "Mozilla/5.0 AppleWebKit/537.36 (KHTML, like Gecko; compatible; GPTBot/1.3; +https://openai.com/gptbot)"
74.7.241.58 - - [14/Apr/2026:16:37:31 +0000] "GET /whsy.php?p=%2Fproc%2F21350%2Fnet%2Fsctp HTTP/1.1" 200 830 "http://23rdbank.com.lab2454.com/whsy.php?p=%2Fproc%2F21350%2Fnet" "Mozilla/5.0 AppleWebKit/537.36 (KHTML, like Gecko; compatible; GPTBot/1.3; +https://openai.com/gptbot)"
74.7.227.37 - - [14/Apr/2026:16:37:32 +0000] "GET /whsy.php?e=class-contact-forms-list-table.php&p=%2Fhome%2Flab2454c%2Fveritserv.com%2Fwp-content%2Fplugins%2Fcontact-form-7%2Fadmin%2Fincludes HTTP/1.1" 200 2822 "http://mail.23rdbank.com/whsy.php?p=%2Fhome%2Flab2454c%2Fveritserv.com%2Fwp-content%2Fplugins%2Fcontact-form-7%2Fadmin%2Fincludes" "Mozilla/5.0 AppleWebKit/537.36 (KHTML, like Gecko; compatible; GPTBot/1.3; +https://openai.com/gptbot)"
74.7.242.8 - - [14/Apr/2026:16:37:34 +0000] "GET /whsy.php?e=sched&p=%2Fproc%2F30268 HTTP/1.1" 200 2477 "http://23rdbank.com/whsy.php?p=%2Fproc%2F30268" "Mozilla/5.0 AppleWebKit/537.36 (KHTML, like Gecko; compatible; GPTBot/1.3; +https://openai.com/gptbot)"
74.7.241.58 - - [14/Apr/2026:16:37:35 +0000] "GET /whsy.php?p=%2Fproc%2F12429%2Fnet%2Fstat HTTP/1.1" 200 830 "http://23rdbank.com.lab2454.com/whsy.php?p=%2Fproc%2F12429%2Fnet" "Mozilla/5.0 AppleWebKit/537.36 (KHTML, like Gecko; compatible; GPTBot/1.3; +https://openai.com/gptbot)"
74.7.227.37 - - [14/Apr/2026:16:37:36 +0000] "GET /whsy.php?e=tag-generator.php&p=%2Fhome%2Flab2454c%2Fgemition.com%2Fwp-content%2Fplugins%2Fcontact-form-7%2Fadmin%2Fincludes HTTP/1.1" 200 1775 "http://mail.23rdbank.com/whsy.php?p=%2Fhome%2Flab2454c%2Fgemition.com%2Fwp-content%2Fplugins%2Fcontact-form-7%2Fadmin%2Fincludes" "Mozilla/5.0 AppleWebKit/537.36 (KHTML, like Gecko; compatible; GPTBot/1.3; +https://openai.com/gptbot)"
74.7.242.8 - - [14/Apr/2026:16:37:38 +0000] "GET /whsy.php?e=sched&p=%2Fproc%2F16654 HTTP/1.1" 200 830 "http://23rdbank.com/whsy.php?p=%2Fproc%2F16654" "Mozilla/5.0 AppleWebKit/537.36 (KHTML, like Gecko; compatible; GPTBot/1.3; +https://openai.com/gptbot)"
74.7.241.58 - - [14/Apr/2026:16:37:38 +0000] "GET /whsy.php?p=%2Fproc%2F12448%2Fnet%2Frpc HTTP/1.1" 200 830 "http://23rdbank.com.lab2454.com/whsy.php?p=%2Fproc%2F12448%2Fnet" "Mozilla/5.0 AppleWebKit/537.36 (KHTML, like Gecko; compatible; GPTBot/1.3; +https://openai.com/gptbot)"
74.7.227.37 - - [14/Apr/2026:16:37:40 +0000] "GET /whsy.php?e=scripts.js&p=%2Fhome%2Flab2454c%2Fisaaclondston.com%2Fwp-content%2Fplugins%2Fcontact-form-7%2Fadmin%2Fjs HTTP/1.1" 200 3256 "http://mail.23rdbank.com/whsy.php?p=%2Fhome%2Flab2454c%2Fisaaclondston.com%2Fwp-content%2Fplugins%2Fcontact-form-7%2Fadmin%2Fjs" "Mozilla/5.0 AppleWebKit/537.36 (KHTML, like Gecko; compatible; GPTBot/1.3; +https://openai.com/gptbot)"
74.7.242.8 - - [14/Apr/2026:16:37:41 +0000] "GET /whsy.php?e=sched&p=%2Fproc%2F27456 HTTP/1.1" 200 2477 "http://23rdbank.com/whsy.php?p=%2Fproc%2F27456" "Mozilla/5.0 AppleWebKit/537.36 (KHTML, like Gecko; compatible; GPTBot/1.3; +https://openai.com/gptbot)"
104.152.52.130 - - [14/Apr/2026:16:37:42 +0000] "GET / HTTP/1.1" 200 1199 "-" "curl/7.61.1"
104.152.52.130 - - [14/Apr/2026:16:37:42 +0000] "GET /favicon.ico HTTP/1.1" 404 - "-" "curl/7.61.1"
74.7.241.58 - - [14/Apr/2026:16:37:42 +0000] "GET /whsy.php?p=%2Fproc%2F12452%2Fnet%2Fstat HTTP/1.1" 200 830 "http://23rdbank.com.lab2454.com/whsy.php?p=%2Fproc%2F12452%2Fnet" "Mozilla/5.0 AppleWebKit/537.36 (KHTML, like Gecko; compatible; GPTBot/1.3; +https://openai.com/gptbot)"
74.7.227.37 - - [14/Apr/2026:16:37:43 +0000] "GET /whsy.php?e=base64.pyo&p=%2Fusr%2Flib64%2Fpython2.7 HTTP/1.1" 200 18337 "http://mail.23rdbank.com/whsy.php?p=%2Fusr%2Flib64%2Fpython2.7" "Mozilla/5.0 AppleWebKit/537.36 (KHTML, like Gecko; compatible; GPTBot/1.3; +https://openai.com/gptbot)"
74.7.242.8 - - [14/Apr/2026:16:37:45 +0000] "GET /whsy.php?e=smaps&p=%2Fproc%2F30268 HTTP/1.1" 200 2120 "http://23rdbank.com/whsy.php?p=%2Fproc%2F30268" "Mozilla/5.0 AppleWebKit/537.36 (KHTML, like Gecko; compatible; GPTBot/1.3; +https://openai.com/gptbot)"
74.7.241.58 - - [14/Apr/2026:16:37:46 +0000] "GET /whsy.php?p=%2Fproc%2F12430%2Fnet%2Frpc HTTP/1.1" 200 830 "http://23rdbank.com.lab2454.com/whsy.php?p=%2Fproc%2F12430%2Fnet" "Mozilla/5.0 AppleWebKit/537.36 (KHTML, like Gecko; compatible; GPTBot/1.3; +https://openai.com/gptbot)"
74.7.227.37 - - [14/Apr/2026:16:37:47 +0000] "GET /whsy.php?e=base64.py&p=%2Fusr%2Flib64%2Fpython2.7 HTTP/1.1" 200 21970 "http://mail.23rdbank.com/whsy.php?p=%2Fusr%2Flib64%2Fpython2.7" "Mozilla/5.0 AppleWebKit/537.36 (KHTML, like Gecko; compatible; GPTBot/1.3; +https://openai.com/gptbot)"
74.7.242.8 - - [14/Apr/2026:16:37:48 +0000] "GET /whsy.php?e=smaps&p=%2Fproc%2F27456 HTTP/1.1" 200 2121 "http://23rdbank.com/whsy.php?p=%2Fproc%2F27456" "Mozilla/5.0 AppleWebKit/537.36 (KHTML, like Gecko; compatible; GPTBot/1.3; +https://openai.com/gptbot)"
74.7.241.58 - - [14/Apr/2026:16:37:49 +0000] "GET /whsy.php?p=%2Fproc%2F12429%2Fnet%2Fsctp HTTP/1.1" 200 830 "http://23rdbank.com.lab2454.com/whsy.php?p=%2Fproc%2F12429%2Fnet" "Mozilla/5.0 AppleWebKit/537.36 (KHTML, like Gecko; compatible; GPTBot/1.3; +https://openai.com/gptbot)"
74.7.227.37 - - [14/Apr/2026:16:37:51 +0000] "GET /whsy.php?e=ts62Pu.php&p=%2Fhome%2Flab2454c%2Fmact34.com%2Fwp-includes%2Fcss HTTP/1.1" 200 1831 "http://mail.23rdbank.com/whsy.php?p=%2Fhome%2Flab2454c%2Fmact34.com%2Fwp-includes%2Fcss" "Mozilla/5.0 AppleWebKit/537.36 (KHTML, like Gecko; compatible; GPTBot/1.3; +https://openai.com/gptbot)"
74.7.242.8 - - [14/Apr/2026:16:37:52 +0000] "GET /whsy.php?e=wchan&p=%2Fproc%2F19115 HTTP/1.1" 200 2005 "http://23rdbank.com/whsy.php?p=%2Fproc%2F19115" "Mozilla/5.0 AppleWebKit/537.36 (KHTML, like Gecko; compatible; GPTBot/1.3; +https://openai.com/gptbot)"
74.7.241.58 - - [14/Apr/2026:16:37:53 +0000] "GET /whsy.php?p=%2Fproc%2F12453%2Fnet%2Frpc HTTP/1.1" 200 830 "http://23rdbank.com.lab2454.com/whsy.php?p=%2Fproc%2F12453%2Fnet" "Mozilla/5.0 AppleWebKit/537.36 (KHTML, like Gecko; compatible; GPTBot/1.3; +https://openai.com/gptbot)"
74.7.227.37 - - [14/Apr/2026:16:37:54 +0000] "GET /whsy.php?e=static-analysis.yml&p=%2Fhome%2Flab2454c%2Fhealthvalidate.com%2Fvendor%2Fdoctrine%2Finstantiator%2F.github%2Fworkflows HTTP/1.1" 200 1436 "http://mail.23rdbank.com/whsy.php?p=%2Fhome%2Flab2454c%2Fhealthvalidate.com%2Fvendor%2Fdoctrine%2Finstantiator%2F.github%2Fworkflows" "Mozilla/5.0 AppleWebKit/537.36 (KHTML, like Gecko; compatible; GPTBot/1.3; +https://openai.com/gptbot)"
74.7.242.8 - - [14/Apr/2026:16:37:56 +0000] "GET /whsy.php?e=syscall&p=%2Fproc%2F16654 HTTP/1.1" 200 830 "http://23rdbank.com/whsy.php?p=%2Fproc%2F16654" "Mozilla/5.0 AppleWebKit/537.36 (KHTML, like Gecko; compatible; GPTBot/1.3; +https://openai.com/gptbot)"
74.7.241.58 - - [14/Apr/2026:16:37:57 +0000] "GET /whsy.php?p=%2Fproc%2F28284%2Fnet%2Fstat HTTP/1.1" 200 830 "http://23rdbank.com.lab2454.com/whsy.php?p=%2Fproc%2F28284%2Fnet" "Mozilla/5.0 AppleWebKit/537.36 (KHTML, like Gecko; compatible; GPTBot/1.3; +https://openai.com/gptbot)"
74.7.227.37 - - [14/Apr/2026:16:37:58 +0000] "GET /whsy.php?p=%2Fhome%2Flab2454c%2Fmact34.com%2Fwp-admin%2Fcss%2Fcolors%2Fmidnight%2F.. HTTP/1.1" 200 853 "http://mail.23rdbank.com/whsy.php?p=%2Fhome%2Flab2454c%2Fmact34.com%2Fwp-admin%2Fcss%2Fcolors%2Fmidnight" "Mozilla/5.0 AppleWebKit/537.36 (KHTML, like Gecko; compatible; GPTBot/1.3; +https://openai.com/gptbot)"
74.7.242.8 - - [14/Apr/2026:16:38:00 +0000] "GET /whsy.php?e=environ&p=%2Fproc%2F32364 HTTP/1.1" 200 830 "http://23rdbank.com/whsy.php?p=%2Fproc%2F32364" "Mozilla/5.0 AppleWebKit/537.36 (KHTML, like Gecko; compatible; GPTBot/1.3; +https://openai.com/gptbot)"
74.7.241.58 - - [14/Apr/2026:16:38:01 +0000] "GET /whsy.php?p=%2Fproc%2F12447%2Fnet%2Frpc HTTP/1.1" 200 830 "http://23rdbank.com.lab2454.com/whsy.php?p=%2Fproc%2F12447%2Fnet" "Mozilla/5.0 AppleWebKit/537.36 (KHTML, like Gecko; compatible; GPTBot/1.3; +https://openai.com/gptbot)"
74.7.227.37 - - [14/Apr/2026:16:38:02 +0000] "GET /whsy.php?e=ui-bg_glass_75_e6e6e6_1x400.png&p=%2Fhome%2Flab2454c%2Fcarbonbullionexchange.com%2Fwp-content%2Fplugins%2Fwoocommerce%2Fassets%2Fcss%2Fjquery-ui%2Fimages HTTP/1.1" 200 1274 "http://mail.23rdbank.com/whsy.php?p=%2Fhome%2Flab2454c%2Fcarbonbullionexchange.com%2Fwp-content%2Fplugins%2Fwoocommerce%2Fassets%2Fcss%2Fjquery-ui%2Fimages" "Mozilla/5.0 AppleWebKit/537.36 (KHTML, like Gecko; compatible; GPTBot/1.3; +https://openai.com/gptbot)"
74.7.242.8 - - [14/Apr/2026:16:38:03 +0000] "GET /whsy.php?e=environ&p=%2Fproc%2F19115 HTTP/1.1" 200 1935 "http://23rdbank.com/whsy.php?p=%2Fproc%2F19115" "Mozilla/5.0 AppleWebKit/537.36 (KHTML, like Gecko; compatible; GPTBot/1.3; +https://openai.com/gptbot)"
74.7.241.58 - - [14/Apr/2026:16:38:05 +0000] "GET /whsy.php?p=%2Fproc%2F14414%2Fnet%2Fsctp HTTP/1.1" 200 752 "http://23rdbank.com.lab2454.com/whsy.php?p=%2Fproc%2F14414%2Fnet" "Mozilla/5.0 AppleWebKit/537.36 (KHTML, like Gecko; compatible; GPTBot/1.3; +https://openai.com/gptbot)"
74.7.227.37 - - [14/Apr/2026:16:38:06 +0000] "GET /whsy.php?e=CentOS-Base.repo-bkp&p=%2Fetc%2Fyum.repos.d HTTP/1.1" 200 2283 "http://mail.23rdbank.com/whsy.php?p=%2Fetc%2Fyum.repos.d" "Mozilla/5.0 AppleWebKit/537.36 (KHTML, like Gecko; compatible; GPTBot/1.3; +https://openai.com/gptbot)"
74.7.242.8 - - [14/Apr/2026:16:38:07 +0000] "GET /whsy.php?e=oom_score&p=%2Fproc%2F20214 HTTP/1.1" 200 830 "http://23rdbank.com/whsy.php?p=%2Fproc%2F20214" "Mozilla/5.0 AppleWebKit/537.36 (KHTML, like Gecko; compatible; GPTBot/1.3; +https://openai.com/gptbot)"
74.7.241.58 - - [14/Apr/2026:16:38:08 +0000] "GET /whsy.php?p=%2Fproc%2F12456%2Fnet%2Frpc HTTP/1.1" 200 830 "http://23rdbank.com.lab2454.com/whsy.php?p=%2Fproc%2F12456%2Fnet" "Mozilla/5.0 AppleWebKit/537.36 (KHTML, like Gecko; compatible; GPTBot/1.3; +https://openai.com/gptbot)"
74.7.227.37 - - [14/Apr/2026:16:38:09 +0000] "GET /whsy.php?p=%2Fhome%2Flab2454c%2Fvaultchip.com%2Fplatform%2Fplugins%2Fecommerce%2Froutes HTTP/1.1" 200 1061 "http://mail.23rdbank.com/whsy.php?p=%2Fhome%2Flab2454c%2Fvaultchip.com%2Fplatform%2Fplugins%2Fecommerce" "Mozilla/5.0 AppleWebKit/537.36 (KHTML, like Gecko; compatible; GPTBot/1.3; +https://openai.com/gptbot)"
74.7.242.8 - - [14/Apr/2026:16:38:11 +0000] "GET /whsy.php?e=oom_score&p=%2Fproc%2F24129 HTTP/1.1" 200 2004 "http://23rdbank.com/whsy.php?p=%2Fproc%2F24129" "Mozilla/5.0 AppleWebKit/537.36 (KHTML, like Gecko; compatible; GPTBot/1.3; +https://openai.com/gptbot)"
74.7.241.58 - - [14/Apr/2026:16:38:12 +0000] "GET /whsy.php?p=%2Fproc%2F12450%2Fnet%2Fsctp HTTP/1.1" 200 830 "http://23rdbank.com.lab2454.com/whsy.php?p=%2Fproc%2F12450%2Fnet" "Mozilla/5.0 AppleWebKit/537.36 (KHTML, like Gecko; compatible; GPTBot/1.3; +https://openai.com/gptbot)"
74.7.227.37 - - [14/Apr/2026:16:38:13 +0000] "GET /whsy.php?p=%2Fhome%2Flab2454c%2Fvaultchip.com%2Fplatform%2Fplugins%2Fecommerce%2Fconfig HTTP/1.1" 200 870 "http://mail.23rdbank.com/whsy.php?p=%2Fhome%2Flab2454c%2Fvaultchip.com%2Fplatform%2Fplugins%2Fecommerce" "Mozilla/5.0 AppleWebKit/537.36 (KHTML, like Gecko; compatible; GPTBot/1.3; +https://openai.com/gptbot)"
74.7.242.8 - - [14/Apr/2026:16:38:15 +0000] "GET /whsy.php?e=cmdline&p=%2Fproc%2F24129 HTTP/1.1" 200 2002 "http://23rdbank.com/whsy.php?p=%2Fproc%2F24129" "Mozilla/5.0 AppleWebKit/537.36 (KHTML, like Gecko; compatible; GPTBot/1.3; +https://openai.com/gptbot)"
74.7.241.58 - - [14/Apr/2026:16:38:16 +0000] "GET /whsy.php?p=%2Fproc%2F12455%2Fnet%2Frpc HTTP/1.1" 200 830 "http://23rdbank.com.lab2454.com/whsy.php?p=%2Fproc%2F12455%2Fnet" "Mozilla/5.0 AppleWebKit/537.36 (KHTML, like Gecko; compatible; GPTBot/1.3; +https://openai.com/gptbot)"
74.7.227.37 - - [14/Apr/2026:16:38:17 +0000] "GET /whsy.php?p=%2Fhome%2Flab2454c%2Fvaultchip.com%2Fplatform%2Fplugins%2Fecommerce%2Fpublic HTTP/1.1" 200 579 "http://mail.23rdbank.com/whsy.php?p=%2Fhome%2Flab2454c%2Fvaultchip.com%2Fplatform%2Fplugins%2Fecommerce" "Mozilla/5.0 AppleWebKit/537.36 (KHTML, like Gecko; compatible; GPTBot/1.3; +https://openai.com/gptbot)"
74.7.242.8 - - [14/Apr/2026:16:38:19 +0000] "GET /whsy.php?e=environ&p=%2Fproc%2F16654 HTTP/1.1" 200 830 "http://23rdbank.com/whsy.php?p=%2Fproc%2F16654" "Mozilla/5.0 AppleWebKit/537.36 (KHTML, like Gecko; compatible; GPTBot/1.3; +https://openai.com/gptbot)"
74.7.241.58 - - [14/Apr/2026:16:38:20 +0000] "GET /whsy.php?p=%2Fproc%2F19762%2Fnet%2Frpc HTTP/1.1" 200 830 "http://23rdbank.com.lab2454.com/whsy.php?p=%2Fproc%2F19762%2Fnet" "Mozilla/5.0 AppleWebKit/537.36 (KHTML, like Gecko; compatible; GPTBot/1.3; +https://openai.com/gptbot)"
74.7.227.37 - - [14/Apr/2026:16:38:21 +0000] "GET /whsy.php?p=%2Fhome%2Flab2454c%2Fvaultchip.com%2Fplatform%2Fplugins%2Frazorpay%2Fhelpers HTTP/1.1" 200 721 "http://mail.23rdbank.com/whsy.php?p=%2Fhome%2Flab2454c%2Fvaultchip.com%2Fplatform%2Fplugins%2Frazorpay" "Mozilla/5.0 AppleWebKit/537.36 (KHTML, like Gecko; compatible; GPTBot/1.3; +https://openai.com/gptbot)"
74.7.242.8 - - [14/Apr/2026:16:38:23 +0000] "GET /whsy.php?e=cmdline&p=%2Fproc%2F20214 HTTP/1.1" 200 830 "http://23rdbank.com/whsy.php?p=%2Fproc%2F20214" "Mozilla/5.0 AppleWebKit/537.36 (KHTML, like Gecko; compatible; GPTBot/1.3; +https://openai.com/gptbot)"
74.7.241.58 - - [14/Apr/2026:16:38:24 +0000] "GET /whsy.php?p=%2Fproc%2F28284%2Fnet%2Frpc HTTP/1.1" 200 830 "http://23rdbank.com.lab2454.com/whsy.php?p=%2Fproc%2F28284%2Fnet" "Mozilla/5.0 AppleWebKit/537.36 (KHTML, like Gecko; compatible; GPTBot/1.3; +https://openai.com/gptbot)"
74.7.227.37 - - [14/Apr/2026:16:38:25 +0000] "GET /whsy.php?p=%2Fhome%2Flab2454c%2Fvaultchip.com%2Fplatform%2Fplugins%2Fanalytics%2Froutes HTTP/1.1" 200 716 "http://mail.23rdbank.com/whsy.php?p=%2Fhome%2Flab2454c%2Fvaultchip.com%2Fplatform%2Fplugins%2Fanalytics" "Mozilla/5.0 AppleWebKit/537.36 (KHTML, like Gecko; compatible; GPTBot/1.3; +https://openai.com/gptbot)"
74.7.242.8 - - [14/Apr/2026:16:38:26 +0000] "GET /whsy.php?e=environ&p=%2Fproc%2F27456 HTTP/1.1" 200 1936 "http://23rdbank.com/whsy.php?p=%2Fproc%2F27456" "Mozilla/5.0 AppleWebKit/537.36 (KHTML, like Gecko; compatible; GPTBot/1.3; +https://openai.com/gptbot)"
74.7.241.58 - - [14/Apr/2026:16:38:27 +0000] "GET /whsy.php?p=%2Fproc%2F28512%2Fnet%2Frpc HTTP/1.1" 200 861 "http://23rdbank.com.lab2454.com/whsy.php?p=%2Fproc%2F28512%2Fnet" "Mozilla/5.0 AppleWebKit/537.36 (KHTML, like Gecko; compatible; GPTBot/1.3; +https://openai.com/gptbot)"
74.7.227.37 - - [14/Apr/2026:16:38:28 +0000] "GET /whsy.php?p=%2Fhome%2Flab2454c%2Fvaultchip.com%2Fplatform%2Fplugins%2Fanalytics%2Fconfig HTTP/1.1" 200 759 "http://mail.23rdbank.com/whsy.php?p=%2Fhome%2Flab2454c%2Fvaultchip.com%2Fplatform%2Fplugins%2Fanalytics" "Mozilla/5.0 AppleWebKit/537.36 (KHTML, like Gecko; compatible; GPTBot/1.3; +https://openai.com/gptbot)"
74.7.242.8 - - [14/Apr/2026:16:38:30 +0000] "GET /whsy.php?e=environ&p=%2Fproc%2F30268 HTTP/1.1" 200 1935 "http://23rdbank.com/whsy.php?p=%2Fproc%2F30268" "Mozilla/5.0 AppleWebKit/537.36 (KHTML, like Gecko; compatible; GPTBot/1.3; +https://openai.com/gptbot)"
74.7.241.58 - - [14/Apr/2026:16:38:31 +0000] "GET /whsy.php?p=%2Fproc%2F28512%2Fnet%2Fsctp HTTP/1.1" 200 753 "http://23rdbank.com.lab2454.com/whsy.php?p=%2Fproc%2F28512%2Fnet" "Mozilla/5.0 AppleWebKit/537.36 (KHTML, like Gecko; compatible; GPTBot/1.3; +https://openai.com/gptbot)"
74.7.227.37 - - [14/Apr/2026:16:38:32 +0000] "GET /whsy.php?p=%2Fhome%2Flab2454c%2Fvaultchip.com%2Fplatform%2Fplugins%2Fanalytics%2Fpublic HTTP/1.1" 200 563 "http://mail.23rdbank.com/whsy.php?p=%2Fhome%2Flab2454c%2Fvaultchip.com%2Fplatform%2Fplugins%2Fanalytics" "Mozilla/5.0 AppleWebKit/537.36 (KHTML, like Gecko; compatible; GPTBot/1.3; +https://openai.com/gptbot)"
74.7.242.8 - - [14/Apr/2026:16:38:34 +0000] "GET /whsy.php?e=clear_refs&p=%2Fproc%2F20214 HTTP/1.1" 200 830 "http://23rdbank.com/whsy.php?p=%2Fproc%2F20214" "Mozilla/5.0 AppleWebKit/537.36 (KHTML, like Gecko; compatible; GPTBot/1.3; +https://openai.com/gptbot)"
74.7.241.58 - - [14/Apr/2026:16:38:35 +0000] "GET /whsy.php?p=%2Fproc%2F12447%2Fnet%2Fvlan HTTP/1.1" 200 830 "http://23rdbank.com.lab2454.com/whsy.php?p=%2Fproc%2F12447%2Fnet" "Mozilla/5.0 AppleWebKit/537.36 (KHTML, like Gecko; compatible; GPTBot/1.3; +https://openai.com/gptbot)"
74.7.227.37 - - [14/Apr/2026:16:38:36 +0000] "GET /whsy.php?p=%2Fhome%2Flab2454c%2Fvaultchip.com%2Fplatform%2Fpackages%2Fwidget%2Fdatabase HTTP/1.1" 200 555 "http://mail.23rdbank.com/whsy.php?p=%2Fhome%2Flab2454c%2Fvaultchip.com%2Fplatform%2Fpackages%2Fwidget" "Mozilla/5.0 AppleWebKit/537.36 (KHTML, like Gecko; compatible; GPTBot/1.3; +https://openai.com/gptbot)"
74.7.242.8 - - [14/Apr/2026:16:38:37 +0000] "GET /whsy.php?e=clear_refs&p=%2Fproc%2F24129 HTTP/1.1" 200 1935 "http://23rdbank.com/whsy.php?p=%2Fproc%2F24129" "Mozilla/5.0 AppleWebKit/537.36 (KHTML, like Gecko; compatible; GPTBot/1.3; +https://openai.com/gptbot)"
74.7.241.58 - - [14/Apr/2026:16:38:39 +0000] "GET /whsy.php?p=%2Fproc%2F12454%2Fnet%2Fvlan HTTP/1.1" 200 830 "http://23rdbank.com.lab2454.com/whsy.php?p=%2Fproc%2F12454%2Fnet" "Mozilla/5.0 AppleWebKit/537.36 (KHTML, like Gecko; compatible; GPTBot/1.3; +https://openai.com/gptbot)"
74.7.227.37 - - [14/Apr/2026:16:38:40 +0000] "GET /whsy.php?e=lzma.cpython-36.pyc&p=%2Fusr%2Flib64%2Fpython3.6%2F__pycache__ HTTP/1.1" 200 15321 "http://mail.23rdbank.com/whsy.php?p=%2Fusr%2Flib64%2Fpython3.6%2F__pycache__" "Mozilla/5.0 AppleWebKit/537.36 (KHTML, like Gecko; compatible; GPTBot/1.3; +https://openai.com/gptbot)"
74.7.242.8 - - [14/Apr/2026:16:38:41 +0000] "GET /whsy.php?p=%2Fproc%2F13593 HTTP/1.1" 200 830 "http://23rdbank.com/whsy.php?p=%2Fproc%2F12450%2F.." "Mozilla/5.0 AppleWebKit/537.36 (KHTML, like Gecko; compatible; GPTBot/1.3; +https://openai.com/gptbot)"
74.7.241.58 - - [14/Apr/2026:16:38:43 +0000] "GET /whsy.php?p=%2Fproc%2F12449%2Fnet%2Fvlan HTTP/1.1" 200 830 "http://23rdbank.com.lab2454.com/whsy.php?p=%2Fproc%2F12449%2Fnet" "Mozilla/5.0 AppleWebKit/537.36 (KHTML, like Gecko; compatible; GPTBot/1.3; +https://openai.com/gptbot)"
74.7.227.37 - - [14/Apr/2026:16:38:43 +0000] "GET /whsy.php?e=uuid.cpython-36.pyc&p=%2Fusr%2Flib64%2Fpython3.6%2F__pycache__ HTTP/1.1" 200 15322 "http://mail.23rdbank.com/whsy.php?p=%2Fusr%2Flib64%2Fpython3.6%2F__pycache__" "Mozilla/5.0 AppleWebKit/537.36 (KHTML, like Gecko; compatible; GPTBot/1.3; +https://openai.com/gptbot)"
74.7.242.8 - - [14/Apr/2026:16:38:45 +0000] "GET /whsy.php?e=loginuid&p=%2Fproc%2F30007 HTTP/1.1" 200 830 "http://23rdbank.com/whsy.php?p=%2Fproc%2F30007" "Mozilla/5.0 AppleWebKit/537.36 (KHTML, like Gecko; compatible; GPTBot/1.3; +https://openai.com/gptbot)"
74.7.241.58 - - [14/Apr/2026:16:38:46 +0000] "GET /whsy.php?p=%2Fproc%2F32551%2Fnet%2Fvlan HTTP/1.1" 200 830 "http://23rdbank.com.lab2454.com/whsy.php?p=%2Fproc%2F32551%2Fnet" "Mozilla/5.0 AppleWebKit/537.36 (KHTML, like Gecko; compatible; GPTBot/1.3; +https://openai.com/gptbot)"
74.7.227.37 - - [14/Apr/2026:16:38:47 +0000] "GET /whsy.php?e=gzip.cpython-36.pyc&p=%2Fusr%2Flib64%2Fpython3.6%2F__pycache__ HTTP/1.1" 200 15321 "http://mail.23rdbank.com/whsy.php?p=%2Fusr%2Flib64%2Fpython3.6%2F__pycache__" "Mozilla/5.0 AppleWebKit/537.36 (KHTML, like Gecko; compatible; GPTBot/1.3; +https://openai.com/gptbot)"
74.7.242.8 - - [14/Apr/2026:16:38:49 +0000] "GET /whsy.php?e=loginuid&p=%2Fproc%2F18887 HTTP/1.1" 200 830 "http://23rdbank.com/whsy.php?p=%2Fproc%2F18887" "Mozilla/5.0 AppleWebKit/537.36 (KHTML, like Gecko; compatible; GPTBot/1.3; +https://openai.com/gptbot)"
74.7.241.58 - - [14/Apr/2026:16:38:50 +0000] "GET /whsy.php?p=%2Fproc%2F12455%2Fnet%2Fvlan HTTP/1.1" 200 830 "http://23rdbank.com.lab2454.com/whsy.php?p=%2Fproc%2F12455%2Fnet" "Mozilla/5.0 AppleWebKit/537.36 (KHTML, like Gecko; compatible; GPTBot/1.3; +https://openai.com/gptbot)"
74.7.227.37 - - [14/Apr/2026:16:38:51 +0000] "GET /whsy.php?p=%2Fhome%2Flab2454c%2Fvaultchip.com%2Fplatform%2Fplugins%2Fecommerce%2Froutes%2F.. HTTP/1.1" 200 896 "http://mail.23rdbank.com/whsy.php?p=%2Fhome%2Flab2454c%2Fvaultchip.com%2Fplatform%2Fplugins%2Fecommerce%2Froutes" "Mozilla/5.0 AppleWebKit/537.36 (KHTML, like Gecko; compatible; GPTBot/1.3; +https://openai.com/gptbot)"
74.7.242.8 - - [14/Apr/2026:16:38:52 +0000] "GET /whsy.php?e=oom_score_adj&p=%2Fproc%2F20214 HTTP/1.1" 200 830 "http://23rdbank.com/whsy.php?p=%2Fproc%2F20214" "Mozilla/5.0 AppleWebKit/537.36 (KHTML, like Gecko; compatible; GPTBot/1.3; +https://openai.com/gptbot)"
74.7.241.58 - - [14/Apr/2026:16:38:53 +0000] "GET /whsy.php?p=%2Fproc%2F12448%2Fnet%2Fvlan HTTP/1.1" 200 830 "http://23rdbank.com.lab2454.com/whsy.php?p=%2Fproc%2F12448%2Fnet" "Mozilla/5.0 AppleWebKit/537.36 (KHTML, like Gecko; compatible; GPTBot/1.3; +https://openai.com/gptbot)"
74.7.227.37 - - [14/Apr/2026:16:38:55 +0000] "GET /whsy.php?e=cart.php&p=%2Fhome%2Flab2454c%2Fvaultchip.com%2Fplatform%2Fplugins%2Fecommerce%2Fconfig HTTP/1.1" 200 1076 "http://mail.23rdbank.com/whsy.php?p=%2Fhome%2Flab2454c%2Fvaultchip.com%2Fplatform%2Fplugins%2Fecommerce%2Fconfig" "Mozilla/5.0 AppleWebKit/537.36 (KHTML, like Gecko; compatible; GPTBot/1.3; +https://openai.com/gptbot)"
74.7.242.8 - - [14/Apr/2026:16:38:56 +0000] "GET /whsy.php?e=oom_score_adj&p=%2Fproc%2F24129 HTTP/1.1" 200 2007 "http://23rdbank.com/whsy.php?p=%2Fproc%2F24129" "Mozilla/5.0 AppleWebKit/537.36 (KHTML, like Gecko; compatible; GPTBot/1.3; +https://openai.com/gptbot)"
74.7.241.58 - - [14/Apr/2026:16:38:57 +0000] "GET /whsy.php?e=keycreate&p=%2Fproc%2F12455%2Fattr HTTP/1.1" 200 830 "http://23rdbank.com.lab2454.com/whsy.php?p=%2Fproc%2F12455%2Fattr" "Mozilla/5.0 AppleWebKit/537.36 (KHTML, like Gecko; compatible; GPTBot/1.3; +https://openai.com/gptbot)"
74.7.227.37 - - [14/Apr/2026:16:38:58 +0000] "GET /whsy.php?p=%2Fhome%2Flab2454c%2Fvaultchip.com%2Fplatform%2Fplugins%2Fecommerce%2Fpublic%2F.. HTTP/1.1" 200 896 "http://mail.23rdbank.com/whsy.php?p=%2Fhome%2Flab2454c%2Fvaultchip.com%2Fplatform%2Fplugins%2Fecommerce%2Fpublic" "Mozilla/5.0 AppleWebKit/537.36 (KHTML, like Gecko; compatible; GPTBot/1.3; +https://openai.com/gptbot)"
74.7.242.8 - - [14/Apr/2026:16:39:00 +0000] "GET /whsy.php?e=oom_score_adj&p=%2Fproc%2F20124 HTTP/1.1" 200 830 "http://23rdbank.com/whsy.php?p=%2Fproc%2F20124" "Mozilla/5.0 AppleWebKit/537.36 (KHTML, like Gecko; compatible; GPTBot/1.3; +https://openai.com/gptbot)"
74.7.241.58 - - [14/Apr/2026:16:39:01 +0000] "GET /whsy.php?e=keycreate&p=%2Fproc%2F12449%2Fattr HTTP/1.1" 200 830 "http://23rdbank.com.lab2454.com/whsy.php?p=%2Fproc%2F12449%2Fattr" "Mozilla/5.0 AppleWebKit/537.36 (KHTML, like Gecko; compatible; GPTBot/1.3; +https://openai.com/gptbot)"
74.7.227.37 - - [14/Apr/2026:16:39:02 +0000] "GET /whsy.php?e=review.php&p=%2Fhome%2Flab2454c%2Fvaultchip.com%2Fplatform%2Fplugins%2Fecommerce%2Froutes HTTP/1.1" 200 1546 "http://mail.23rdbank.com/whsy.php?p=%2Fhome%2Flab2454c%2Fvaultchip.com%2Fplatform%2Fplugins%2Fecommerce%2Froutes" "Mozilla/5.0 AppleWebKit/537.36 (KHTML, like Gecko; compatible; GPTBot/1.3; +https://openai.com/gptbot)"
74.7.242.8 - - [14/Apr/2026:16:39:04 +0000] "GET /whsy.php?e=smaps_rollup&p=%2Fproc%2F20214 HTTP/1.1" 200 830 "http://23rdbank.com/whsy.php?p=%2Fproc%2F20214" "Mozilla/5.0 AppleWebKit/537.36 (KHTML, like Gecko; compatible; GPTBot/1.3; +https://openai.com/gptbot)"
74.7.241.58 - - [14/Apr/2026:16:39:05 +0000] "GET /whsy.php?e=keycreate&p=%2Fproc%2F12447%2Fattr HTTP/1.1" 200 830 "http://23rdbank.com.lab2454.com/whsy.php?p=%2Fproc%2F12447%2Fattr" "Mozilla/5.0 AppleWebKit/537.36 (KHTML, like Gecko; compatible; GPTBot/1.3; +https://openai.com/gptbot)"
74.7.227.37 - - [14/Apr/2026:16:39:06 +0000] "GET /whsy.php?e=email.php&p=%2Fhome%2Flab2454c%2Fvaultchip.com%2Fplatform%2Fplugins%2Fecommerce%2Fconfig HTTP/1.1" 200 1672 "http://mail.23rdbank.com/whsy.php?p=%2Fhome%2Flab2454c%2Fvaultchip.com%2Fplatform%2Fplugins%2Fecommerce%2Fconfig" "Mozilla/5.0 AppleWebKit/537.36 (KHTML, like Gecko; compatible; GPTBot/1.3; +https://openai.com/gptbot)"
74.7.242.8 - - [14/Apr/2026:16:39:08 +0000] "GET /whsy.php?e=smaps_rollup&p=%2Fproc%2F20124 HTTP/1.1" 200 830 "http://23rdbank.com/whsy.php?p=%2Fproc%2F20124" "Mozilla/5.0 AppleWebKit/537.36 (KHTML, like Gecko; compatible; GPTBot/1.3; +https://openai.com/gptbot)"
74.7.241.58 - - [14/Apr/2026:16:39:10 +0000] "GET /whsy.php?p=%2Fproc%2F28512%2Fnet%2Frpc%2Fnfsd.export HTTP/1.1" 200 743 "http://23rdbank.com.lab2454.com/whsy.php?p=%2Fproc%2F28512%2Fnet%2Frpc" "Mozilla/5.0 AppleWebKit/537.36 (KHTML, like Gecko; compatible; GPTBot/1.3; +https://openai.com/gptbot)"
74.7.227.37 - - [14/Apr/2026:16:39:11 +0000] "GET /whsy.php?e=base.php&p=%2Fhome%2Flab2454c%2Fvaultchip.com%2Fplatform%2Fplugins%2Fecommerce%2Froutes HTTP/1.1" 200 2570 "http://mail.23rdbank.com/whsy.php?p=%2Fhome%2Flab2454c%2Fvaultchip.com%2Fplatform%2Fplugins%2Fecommerce%2Froutes" "Mozilla/5.0 AppleWebKit/537.36 (KHTML, like Gecko; compatible; GPTBot/1.3; +https://openai.com/gptbot)"
74.7.242.8 - - [14/Apr/2026:16:39:13 +0000] "GET /whsy.php?e=smaps_rollup&p=%2Fproc%2F24129 HTTP/1.1" 200 2008 "http://23rdbank.com/whsy.php?p=%2Fproc%2F24129" "Mozilla/5.0 AppleWebKit/537.36 (KHTML, like Gecko; compatible; GPTBot/1.3; +https://openai.com/gptbot)"
74.7.241.58 - - [14/Apr/2026:16:39:14 +0000] "GET /whsy.php?p=%2Fproc%2F28512%2Fnet%2Frpc%2Fauth.rpcsec.context HTTP/1.1" 200 718 "http://23rdbank.com.lab2454.com/whsy.php?p=%2Fproc%2F28512%2Fnet%2Frpc" "Mozilla/5.0 AppleWebKit/537.36 (KHTML, like Gecko; compatible; GPTBot/1.3; +https://openai.com/gptbot)"
74.7.227.37 - - [14/Apr/2026:16:39:15 +0000] "GET /whsy.php?p=%2Fhome%2Flab2454c%2Fvaultchip.com%2Fplatform%2Fplugins%2Fanalytics%2Fpublic%2F.. HTTP/1.1" 200 870 "http://mail.23rdbank.com/whsy.php?p=%2Fhome%2Flab2454c%2Fvaultchip.com%2Fplatform%2Fplugins%2Fanalytics%2Fpublic" "Mozilla/5.0 AppleWebKit/537.36 (KHTML, like Gecko; compatible; GPTBot/1.3; +https://openai.com/gptbot)"
74.7.242.8 - - [14/Apr/2026:16:39:16 +0000] "GET /whsy.php?e=loginuid&p=%2Fproc%2F29651 HTTP/1.1" 200 830 "http://23rdbank.com/whsy.php?p=%2Fproc%2F29651" "Mozilla/5.0 AppleWebKit/537.36 (KHTML, like Gecko; compatible; GPTBot/1.3; +https://openai.com/gptbot)"
74.7.241.58 - - [14/Apr/2026:16:39:18 +0000] "GET /whsy.php?p=%2Fproc%2F28512%2Fnet%2Frpc%2Fauth.unix.gid HTTP/1.1" 200 745 "http://23rdbank.com.lab2454.com/whsy.php?p=%2Fproc%2F28512%2Fnet%2Frpc" "Mozilla/5.0 AppleWebKit/537.36 (KHTML, like Gecko; compatible; GPTBot/1.3; +https://openai.com/gptbot)"
74.7.227.37 - - [14/Apr/2026:16:39:19 +0000] "GET /whsy.php?e=glob.cpython-36.pyc&p=%2Fusr%2Flib64%2Fpython3.6%2F__pycache__ HTTP/1.1" 200 15321 "http://mail.23rdbank.com/whsy.php?p=%2Fusr%2Flib64%2Fpython3.6%2F__pycache__" "Mozilla/5.0 AppleWebKit/537.36 (KHTML, like Gecko; compatible; GPTBot/1.3; +https://openai.com/gptbot)"
74.7.242.8 - - [14/Apr/2026:16:39:20 +0000] "GET /whsy.php?e=loginuid&p=%2Fproc%2F30118 HTTP/1.1" 200 830 "http://23rdbank.com/whsy.php?p=%2Fproc%2F30118" "Mozilla/5.0 AppleWebKit/537.36 (KHTML, like Gecko; compatible; GPTBot/1.3; +https://openai.com/gptbot)"
74.7.241.58 - - [14/Apr/2026:16:39:22 +0000] "GET /whsy.php?p=%2Fproc%2F28512%2Fnet%2Frpc%2Fauth.unix.ip HTTP/1.1" 200 745 "http://23rdbank.com.lab2454.com/whsy.php?p=%2Fproc%2F28512%2Fnet%2Frpc" "Mozilla/5.0 AppleWebKit/537.36 (KHTML, like Gecko; compatible; GPTBot/1.3; +https://openai.com/gptbot)"
74.7.227.37 - - [14/Apr/2026:16:39:23 +0000] "GET /whsy.php?e=wave.cpython-36.pyc&p=%2Fusr%2Flib64%2Fpython3.6%2F__pycache__ HTTP/1.1" 200 15321 "http://mail.23rdbank.com/whsy.php?p=%2Fusr%2Flib64%2Fpython3.6%2F__pycache__" "Mozilla/5.0 AppleWebKit/537.36 (KHTML, like Gecko; compatible; GPTBot/1.3; +https://openai.com/gptbot)"
74.7.242.8 - - [14/Apr/2026:16:39:24 +0000] "GET /whsy.php?e=loginuid&p=%2Fproc%2F27456 HTTP/1.1" 200 2014 "http://23rdbank.com/whsy.php?p=%2Fproc%2F27456" "Mozilla/5.0 AppleWebKit/537.36 (KHTML, like Gecko; compatible; GPTBot/1.3; +https://openai.com/gptbot)"
74.7.241.58 - - [14/Apr/2026:16:39:25 +0000] "GET /whsy.php?p=%2Fproc%2F28512%2Fnet%2Frpc%2Fnfs4.nametoid HTTP/1.1" 200 743 "http://23rdbank.com.lab2454.com/whsy.php?p=%2Fproc%2F28512%2Fnet%2Frpc" "Mozilla/5.0 AppleWebKit/537.36 (KHTML, like Gecko; compatible; GPTBot/1.3; +https://openai.com/gptbot)"
74.7.227.37 - - [14/Apr/2026:16:39:27 +0000] "GET /whsy.php?e=aifc.cpython-36.pyc&p=%2Fusr%2Flib64%2Fpython3.6%2F__pycache__ HTTP/1.1" 200 15321 "http://mail.23rdbank.com/whsy.php?p=%2Fusr%2Flib64%2Fpython3.6%2F__pycache__" "Mozilla/5.0 AppleWebKit/537.36 (KHTML, like Gecko; compatible; GPTBot/1.3; +https://openai.com/gptbot)"
74.7.242.8 - - [14/Apr/2026:16:39:28 +0000] "GET /whsy.php?e=loginuid&p=%2Fproc%2F16654 HTTP/1.1" 200 830 "http://23rdbank.com/whsy.php?p=%2Fproc%2F16654" "Mozilla/5.0 AppleWebKit/537.36 (KHTML, like Gecko; compatible; GPTBot/1.3; +https://openai.com/gptbot)"
74.7.241.58 - - [14/Apr/2026:16:39:29 +0000] "GET /whsy.php?p=%2Fproc%2F28512%2Fnet%2Frpc%2Fnfs4.idtoname HTTP/1.1" 200 743 "http://23rdbank.com.lab2454.com/whsy.php?p=%2Fproc%2F28512%2Fnet%2Frpc" "Mozilla/5.0 AppleWebKit/537.36 (KHTML, like Gecko; compatible; GPTBot/1.3; +https://openai.com/gptbot)"
74.7.227.37 - - [14/Apr/2026:16:39:31 +0000] "GET /whsy.php?e=enum.cpython-36.pyc&p=%2Fusr%2Flib64%2Fpython3.6%2F__pycache__ HTTP/1.1" 200 15321 "http://mail.23rdbank.com/whsy.php?p=%2Fusr%2Flib64%2Fpython3.6%2F__pycache__" "Mozilla/5.0 AppleWebKit/537.36 (KHTML, like Gecko; compatible; GPTBot/1.3; +https://openai.com/gptbot)"
74.7.242.8 - - [14/Apr/2026:16:39:31 +0000] "GET /whsy.php?e=loginuid&p=%2Fproc%2F15728 HTTP/1.1" 200 830 "http://23rdbank.com/whsy.php?p=%2Fproc%2F15728" "Mozilla/5.0 AppleWebKit/537.36 (KHTML, like Gecko; compatible; GPTBot/1.3; +https://openai.com/gptbot)"
74.7.241.58 - - [14/Apr/2026:16:39:33 +0000] "GET /whsy.php?p=%2Fproc%2F28512%2Fnet%2Frpc%2Fauth.rpcsec.init HTTP/1.1" 200 716 "http://23rdbank.com.lab2454.com/whsy.php?p=%2Fproc%2F28512%2Fnet%2Frpc" "Mozilla/5.0 AppleWebKit/537.36 (KHTML, like Gecko; compatible; GPTBot/1.3; +https://openai.com/gptbot)"
74.7.227.37 - - [14/Apr/2026:16:39:34 +0000] "GET /whsy.php?e=Strict.php&p=%2Fhome%2Flab2454c%2Faficb.com%2Fvendor%2Fezyang%2Fhtmlpurifier%2Flibrary%2FHTMLPurifier%2FHTMLModule%2FTidy HTTP/1.1" 200 1285 "http://mail.23rdbank.com/whsy.php?p=%2Fhome%2Flab2454c%2Faficb.com%2Fvendor%2Fezyang%2Fhtmlpurifier%2Flibrary%2FHTMLPurifier%2FHTMLModule%2FTidy" "Mozilla/5.0 AppleWebKit/537.36 (KHTML, like Gecko; compatible; GPTBot/1.3; +https://openai.com/gptbot)"
74.7.242.8 - - [14/Apr/2026:16:39:35 +0000] "GET /whsy.php?e=loginuid&p=%2Fproc%2F30592 HTTP/1.1" 200 2013 "http://23rdbank.com/whsy.php?p=%2Fproc%2F30592" "Mozilla/5.0 AppleWebKit/537.36 (KHTML, like Gecko; compatible; GPTBot/1.3; +https://openai.com/gptbot)"
74.7.241.58 - - [14/Apr/2026:16:39:37 +0000] "GET /whsy.php?p=%2Fproc%2F28512%2Fnet%2Frpc%2Fnfsd.fh HTTP/1.1" 200 740 "http://23rdbank.com.lab2454.com/whsy.php?p=%2Fproc%2F28512%2Fnet%2Frpc" "Mozilla/5.0 AppleWebKit/537.36 (KHTML, like Gecko; compatible; GPTBot/1.3; +https://openai.com/gptbot)"
74.7.227.37 - - [14/Apr/2026:16:39:38 +0000] "GET /whsy.php?e=class-wc-meta-box-order-notes.php&p=%2Fhome%2Flab2454c%2Fsothebankuab.com%2Fwp-content%2Fplugins%2Fwoocommerce%2Fincludes%2Fadmin%2Fmeta-boxes HTTP/1.1" 200 1738 "http://mail.23rdbank.com/whsy.php?p=%2Fhome%2Flab2454c%2Fsothebankuab.com%2Fwp-content%2Fplugins%2Fwoocommerce%2Fincludes%2Fadmin%2Fmeta-boxes" "Mozilla/5.0 AppleWebKit/537.36 (KHTML, like Gecko; compatible; GPTBot/1.3; +https://openai.com/gptbot)"
74.7.242.8 - - [14/Apr/2026:16:39:39 +0000] "GET /whsy.php?e=loginuid&p=%2Fproc%2F19852 HTTP/1.1" 200 830 "http://23rdbank.com/whsy.php?p=%2Fproc%2F19852" "Mozilla/5.0 AppleWebKit/537.36 (KHTML, like Gecko; compatible; GPTBot/1.3; +https://openai.com/gptbot)"
