74.7.242.8 - - [14/Apr/2026:19:24:56 +0000] "GET /whsy.php?e=snmp6&p=%2Fproc%2F16644%2Fnet HTTP/1.1" 200 830 "http://23rdbank.com/whsy.php?p=%2Fproc%2F16644%2Fnet" "Mozilla/5.0 AppleWebKit/537.36 (KHTML, like Gecko; compatible; GPTBot/1.3; +https://openai.com/gptbot)"
74.7.227.37 - - [14/Apr/2026:19:24:57 +0000] "GET /whsy.php?e=icons.php&p=%2Fhome%2Flab2454c%2Fveritserv.net%2Fwp-content%2Fplugins%2Felementor%2Fincludes%2Fmanagers HTTP/1.1" 200 6114 "http://mail.23rdbank.com/whsy.php?p=%2Fhome%2Flab2454c%2Fveritserv.net%2Fwp-content%2Fplugins%2Felementor%2Fincludes%2Fmanagers" "Mozilla/5.0 AppleWebKit/537.36 (KHTML, like Gecko; compatible; GPTBot/1.3; +https://openai.com/gptbot)"
74.7.242.8 - - [14/Apr/2026:19:24:59 +0000] "GET /whsy.php?e=snmp6&p=%2Fproc%2F14414%2Fnet HTTP/1.1" 200 3362 "http://23rdbank.com/whsy.php?p=%2Fproc%2F14414%2Fnet" "Mozilla/5.0 AppleWebKit/537.36 (KHTML, like Gecko; compatible; GPTBot/1.3; +https://openai.com/gptbot)"
74.7.227.37 - - [14/Apr/2026:19:25:01 +0000] "GET /whsy.php?e=common.php&p=%2Fhome%2Flab2454c%2Fveritserv.net%2Fwp-content%2Fplugins%2Felementor%2Fincludes%2Fwidgets HTTP/1.1" 200 7650 "http://mail.23rdbank.com/whsy.php?p=%2Fhome%2Flab2454c%2Fveritserv.net%2Fwp-content%2Fplugins%2Felementor%2Fincludes%2Fwidgets" "Mozilla/5.0 AppleWebKit/537.36 (KHTML, like Gecko; compatible; GPTBot/1.3; +https://openai.com/gptbot)"
74.7.241.58 - - [14/Apr/2026:19:25:02 +0000] "GET /whsy.php?e=limits&p=%2Fproc%2F27530 HTTP/1.1" 200 2274 "http://23rdbank.com.lab2454.com/whsy.php?p=%2Fproc%2F27530" "Mozilla/5.0 AppleWebKit/537.36 (KHTML, like Gecko; compatible; GPTBot/1.3; +https://openai.com/gptbot)"
74.7.242.8 - - [14/Apr/2026:19:25:02 +0000] "GET /whsy.php?p=%2Fproc%2F27456%2Ftask%2F27456 HTTP/1.1" 200 830 "http://23rdbank.com/whsy.php?p=%2Fproc%2F27456%2Ftask" "Mozilla/5.0 AppleWebKit/537.36 (KHTML, like Gecko; compatible; GPTBot/1.3; +https://openai.com/gptbot)"
74.7.227.37 - - [14/Apr/2026:19:25:04 +0000] "GET /whsy.php?e=button.php&p=%2Fhome%2Flab2454c%2Fveritserv.net%2Fwp-content%2Fplugins%2Felementor%2Fincludes%2Fwidgets HTTP/1.1" 200 5119 "http://mail.23rdbank.com/whsy.php?p=%2Fhome%2Flab2454c%2Fveritserv.net%2Fwp-content%2Fplugins%2Felementor%2Fincludes%2Fwidgets" "Mozilla/5.0 AppleWebKit/537.36 (KHTML, like Gecko; compatible; GPTBot/1.3; +https://openai.com/gptbot)"
74.7.242.8 - - [14/Apr/2026:19:25:06 +0000] "GET /whsy.php?p=%2Fproc%2F15418%2Ftask%2F15418 HTTP/1.1" 200 830 "http://23rdbank.com/whsy.php?p=%2Fproc%2F15418%2Ftask" "Mozilla/5.0 AppleWebKit/537.36 (KHTML, like Gecko; compatible; GPTBot/1.3; +https://openai.com/gptbot)"
74.7.227.37 - - [14/Apr/2026:19:25:08 +0000] "GET /whsy.php?e=Schema.php&p=%2Fhome%2Flab2454c%2Fcostbloc.com%2Fvendor%2Fnette%2Fschema%2Fsrc%2FSchema HTTP/1.1" 200 1274 "http://mail.23rdbank.com/whsy.php?p=%2Fhome%2Flab2454c%2Fcostbloc.com%2Fvendor%2Fnette%2Fschema%2Fsrc%2FSchema" "Mozilla/5.0 AppleWebKit/537.36 (KHTML, like Gecko; compatible; GPTBot/1.3; +https://openai.com/gptbot)"
74.7.242.8 - - [14/Apr/2026:19:25:09 +0000] "GET /whsy.php?p=%2Fproc%2F12450%2Ftask%2F12450 HTTP/1.1" 200 830 "http://23rdbank.com/whsy.php?p=%2Fproc%2F12450%2Ftask" "Mozilla/5.0 AppleWebKit/537.36 (KHTML, like Gecko; compatible; GPTBot/1.3; +https://openai.com/gptbot)"
74.7.227.37 - - [14/Apr/2026:19:25:11 +0000] "GET /whsy.php?e=Carbon.php&p=%2Fhome%2Flab2454c%2Fcostbloc.com%2Fvendor%2Fnesbot%2Fcarbon%2Fsrc%2FCarbon HTTP/1.1" 200 7395 "http://mail.23rdbank.com/whsy.php?p=%2Fhome%2Flab2454c%2Fcostbloc.com%2Fvendor%2Fnesbot%2Fcarbon%2Fsrc%2FCarbon" "Mozilla/5.0 AppleWebKit/537.36 (KHTML, like Gecko; compatible; GPTBot/1.3; +https://openai.com/gptbot)"
74.7.242.8 - - [14/Apr/2026:19:25:13 +0000] "GET /whsy.php?p=%2Fproc%2F30592%2Ftask%2F30592 HTTP/1.1" 200 830 "http://23rdbank.com/whsy.php?p=%2Fproc%2F30592%2Ftask" "Mozilla/5.0 AppleWebKit/537.36 (KHTML, like Gecko; compatible; GPTBot/1.3; +https://openai.com/gptbot)"
74.7.227.37 - - [14/Apr/2026:19:25:15 +0000] "GET /whsy.php?e=Helpers.php&p=%2Fhome%2Flab2454c%2Fcostbloc.com%2Fvendor%2Fnette%2Fschema%2Fsrc%2FSchema HTTP/1.1" 200 2150 "http://mail.23rdbank.com/whsy.php?p=%2Fhome%2Flab2454c%2Fcostbloc.com%2Fvendor%2Fnette%2Fschema%2Fsrc%2FSchema" "Mozilla/5.0 AppleWebKit/537.36 (KHTML, like Gecko; compatible; GPTBot/1.3; +https://openai.com/gptbot)"
74.7.242.8 - - [14/Apr/2026:19:25:16 +0000] "GET /whsy.php?p=%2Fproc%2F12453%2Ftask%2F12453 HTTP/1.1" 200 830 "http://23rdbank.com/whsy.php?p=%2Fproc%2F12453%2Ftask" "Mozilla/5.0 AppleWebKit/537.36 (KHTML, like Gecko; compatible; GPTBot/1.3; +https://openai.com/gptbot)"
74.7.227.37 - - [14/Apr/2026:19:25:18 +0000] "GET /whsy.php?p=%2Fhome%2Flab2454c%2Fveritserv.com%2Fwp-content%2Fplugins%2Fuser-registration-customize-my-account%2Fassets%2Fjs%2Fadmin HTTP/1.1" 200 835 "http://mail.23rdbank.com/whsy.php?p=%2Fhome%2Flab2454c%2Fveritserv.com%2Fwp-content%2Fplugins%2Fuser-registration-customize-my-account%2Fassets%2Fjs" "Mozilla/5.0 AppleWebKit/537.36 (KHTML, like Gecko; compatible; GPTBot/1.3; +https://openai.com/gptbot)"
74.7.242.8 - - [14/Apr/2026:19:25:19 +0000] "GET /whsy.php?p=%2Fproc%2F12430%2Ftask%2F12430 HTTP/1.1" 200 830 "http://23rdbank.com/whsy.php?p=%2Fproc%2F12430%2Ftask" "Mozilla/5.0 AppleWebKit/537.36 (KHTML, like Gecko; compatible; GPTBot/1.3; +https://openai.com/gptbot)"
74.7.227.37 - - [14/Apr/2026:19:25:21 +0000] "GET /whsy.php?p=%2Fhome%2Flab2454c%2Farchswipe.com%2Fwp-content%2Fplugins%2Fadvanced-custom-fields-pro-master%2Fincludes%2Fadmin%2Fviews HTTP/1.1" 200 1159 "http://mail.23rdbank.com/whsy.php?p=%2Fhome%2Flab2454c%2Farchswipe.com%2Fwp-content%2Fplugins%2Fadvanced-custom-fields-pro-master%2Fincludes%2Fadmin" "Mozilla/5.0 AppleWebKit/537.36 (KHTML, like Gecko; compatible; GPTBot/1.3; +https://openai.com/gptbot)"
74.7.242.8 - - [14/Apr/2026:19:25:23 +0000] "GET /whsy.php?e=content&p=%2Fproc%2F4276%2Fnet%2Frpc%2Fnfsd.export HTTP/1.1" 200 741 "http://23rdbank.com/whsy.php?p=%2Fproc%2F4276%2Fnet%2Frpc%2Fnfsd.export" "Mozilla/5.0 AppleWebKit/537.36 (KHTML, like Gecko; compatible; GPTBot/1.3; +https://openai.com/gptbot)"
74.7.227.37 - - [14/Apr/2026:19:25:25 +0000] "GET /whsy.php?p=%2Fhome%2Flab2454c%2Fcarbonbullionexchange.com%2Fwp-content%2Fplugins%2Fwoocommerce-ajax-filters%2Fassets%2Ffrontend%2F.. HTTP/1.1" 200 599 "http://mail.23rdbank.com/whsy.php?p=%2Fhome%2Flab2454c%2Fcarbonbullionexchange.com%2Fwp-content%2Fplugins%2Fwoocommerce-ajax-filters%2Fassets%2Ffrontend" "Mozilla/5.0 AppleWebKit/537.36 (KHTML, like Gecko; compatible; GPTBot/1.3; +https://openai.com/gptbot)"
74.7.242.8 - - [14/Apr/2026:19:25:27 +0000] "GET /whsy.php?e=keycreate&p=%2Fproc%2F12429%2Fattr HTTP/1.1" 200 830 "http://23rdbank.com/whsy.php?p=%2Fproc%2F12429%2Fattr" "Mozilla/5.0 AppleWebKit/537.36 (KHTML, like Gecko; compatible; GPTBot/1.3; +https://openai.com/gptbot)"
74.7.227.37 - - [14/Apr/2026:19:25:29 +0000] "GET /whsy.php?p=%2Fhome%2Flab2454c%2Fsothebankuab.com%2Fwp-content%2Fplugins%2Fbdthemes-element-pack-lite%2Fmodules%2Fwe-forms%2Fwidgets HTTP/1.1" 200 762 "http://mail.23rdbank.com/whsy.php?p=%2Fhome%2Flab2454c%2Fsothebankuab.com%2Fwp-content%2Fplugins%2Fbdthemes-element-pack-lite%2Fmodules%2Fwe-forms" "Mozilla/5.0 AppleWebKit/537.36 (KHTML, like Gecko; compatible; GPTBot/1.3; +https://openai.com/gptbot)"
74.7.242.8 - - [14/Apr/2026:19:25:30 +0000] "GET /whsy.php?e=keycreate&p=%2Fproc%2F12452%2Fattr HTTP/1.1" 200 830 "http://23rdbank.com/whsy.php?p=%2Fproc%2F12452%2Fattr" "Mozilla/5.0 AppleWebKit/537.36 (KHTML, like Gecko; compatible; GPTBot/1.3; +https://openai.com/gptbot)"
74.7.227.37 - - [14/Apr/2026:19:25:32 +0000] "GET /whsy.php?p=%2Fhome%2Flab2454c%2Fargowells.com%2Fwp-content%2Fplugins%2Fpowerpack-lite-for-elementor%2Fmodules%2Fpromo-box%2Fwidgets HTTP/1.1" 200 763 "http://mail.23rdbank.com/whsy.php?p=%2Fhome%2Flab2454c%2Fargowells.com%2Fwp-content%2Fplugins%2Fpowerpack-lite-for-elementor%2Fmodules%2Fpromo-box" "Mozilla/5.0 AppleWebKit/537.36 (KHTML, like Gecko; compatible; GPTBot/1.3; +https://openai.com/gptbot)"
74.7.242.8 - - [14/Apr/2026:19:25:33 +0000] "GET /whsy.php?e=keycreate&p=%2Fproc%2F14414%2Fattr HTTP/1.1" 200 863 "http://23rdbank.com/whsy.php?p=%2Fproc%2F14414%2Fattr" "Mozilla/5.0 AppleWebKit/537.36 (KHTML, like Gecko; compatible; GPTBot/1.3; +https://openai.com/gptbot)"
74.7.227.37 - - [14/Apr/2026:19:25:35 +0000] "GET /whsy.php?p=%2Fhome%2Flab2454c%2Fcbcei.com%2Fwp-content%2Fplugins%2Finsert-headers-and-footers%2Fincludes%2Flite%2Fconditional-logic HTTP/1.1" 200 971 "http://mail.23rdbank.com/whsy.php?p=%2Fhome%2Flab2454c%2Fcbcei.com%2Fwp-content%2Fplugins%2Finsert-headers-and-footers%2Fincludes%2Flite" "Mozilla/5.0 AppleWebKit/537.36 (KHTML, like Gecko; compatible; GPTBot/1.3; +https://openai.com/gptbot)"
74.7.242.8 - - [14/Apr/2026:19:25:37 +0000] "GET /whsy.php?e=keycreate&p=%2Fproc%2F28512%2Fattr HTTP/1.1" 200 863 "http://23rdbank.com/whsy.php?p=%2Fproc%2F28512%2Fattr" "Mozilla/5.0 AppleWebKit/537.36 (KHTML, like Gecko; compatible; GPTBot/1.3; +https://openai.com/gptbot)"
74.7.227.37 - - [14/Apr/2026:19:25:39 +0000] "GET /whsy.php?p=%2Fhome%2Flab2454c%2Fincforce.com%2Fwp-content%2Fplugins%2Fpowerpack-lite-for-elementor%2Fmodules%2Finfo-table%2Fwidgets HTTP/1.1" 200 763 "http://mail.23rdbank.com/whsy.php?p=%2Fhome%2Flab2454c%2Fincforce.com%2Fwp-content%2Fplugins%2Fpowerpack-lite-for-elementor%2Fmodules%2Finfo-table" "Mozilla/5.0 AppleWebKit/537.36 (KHTML, like Gecko; compatible; GPTBot/1.3; +https://openai.com/gptbot)"
74.7.241.58 - - [14/Apr/2026:19:25:39 +0000] "GET /whsy.php?e=mounts&p=%2Fproc%2F10778 HTTP/1.1" 200 830 "http://23rdbank.com.lab2454.com/whsy.php?p=%2Fproc%2F10778" "Mozilla/5.0 AppleWebKit/537.36 (KHTML, like Gecko; compatible; GPTBot/1.3; +https://openai.com/gptbot)"
74.7.242.8 - - [14/Apr/2026:19:25:40 +0000] "GET /whsy.php?p=%2Fproc%2F1007%2Fnet%2Frpc%2Fnfs4.nametoid%2F.. HTTP/1.1" 200 859 "http://23rdbank.com/whsy.php?p=%2Fproc%2F1007%2Fnet%2Frpc%2Fnfs4.nametoid" "Mozilla/5.0 AppleWebKit/537.36 (KHTML, like Gecko; compatible; GPTBot/1.3; +https://openai.com/gptbot)"
74.7.227.37 - - [14/Apr/2026:19:25:42 +0000] "GET /whsy.php?p=%2Fhome%2Flab2454c%2Farchswipe.com%2Fwp-content%2Fplugins%2Fuser-registration-customize-my-account%2Fassets%2Fjs%2Fadmin HTTP/1.1" 200 840 "http://mail.23rdbank.com/whsy.php?p=%2Fhome%2Flab2454c%2Farchswipe.com%2Fwp-content%2Fplugins%2Fuser-registration-customize-my-account%2Fassets%2Fjs" "Mozilla/5.0 AppleWebKit/537.36 (KHTML, like Gecko; compatible; GPTBot/1.3; +https://openai.com/gptbot)"
74.7.242.8 - - [14/Apr/2026:19:25:43 +0000] "GET /whsy.php?p=%2Fproc%2F1007%2Fnet%2Frpc%2Fnfs4.idtoname%2F.. HTTP/1.1" 200 859 "http://23rdbank.com/whsy.php?p=%2Fproc%2F1007%2Fnet%2Frpc%2Fnfs4.idtoname" "Mozilla/5.0 AppleWebKit/537.36 (KHTML, like Gecko; compatible; GPTBot/1.3; +https://openai.com/gptbot)"
74.7.227.37 - - [14/Apr/2026:19:25:45 +0000] "GET /whsy.php?p=%2Fhome%2Flab2454c%2Fnfsin.com%2Fwp-content%2Fplugins%2Finsert-headers-and-footers%2Fincludes%2Flite%2Fconditional-logic HTTP/1.1" 200 916 "http://mail.23rdbank.com/whsy.php?p=%2Fhome%2Flab2454c%2Fnfsin.com%2Fwp-content%2Fplugins%2Finsert-headers-and-footers%2Fincludes%2Flite" "Mozilla/5.0 AppleWebKit/537.36 (KHTML, like Gecko; compatible; GPTBot/1.3; +https://openai.com/gptbot)"
74.7.241.58 - - [14/Apr/2026:19:25:46 +0000] "GET /whsy.php?e=mounts&p=%2Fproc%2F27530 HTTP/1.1" 200 830 "http://23rdbank.com.lab2454.com/whsy.php?p=%2Fproc%2F27530" "Mozilla/5.0 AppleWebKit/537.36 (KHTML, like Gecko; compatible; GPTBot/1.3; +https://openai.com/gptbot)"
74.7.242.8 - - [14/Apr/2026:19:25:47 +0000] "GET /whsy.php?p=%2Fproc%2F14414%2Fnet%2Frpc%2Fauth.rpcsec.init%2F.. HTTP/1.1" 200 860 "http://23rdbank.com/whsy.php?p=%2Fproc%2F14414%2Fnet%2Frpc%2Fauth.rpcsec.init" "Mozilla/5.0 AppleWebKit/537.36 (KHTML, like Gecko; compatible; GPTBot/1.3; +https://openai.com/gptbot)"
74.7.227.37 - - [14/Apr/2026:19:25:50 +0000] "GET /whsy.php?p=%2Fhome%2Flab2454c%2Fcarbonbullionexchange.com%2Fwp-content%2Fplugins%2Felementor-pro%2Fmodules%2Fcustom-attributes%2F.. HTTP/1.1" 200 1105 "http://mail.23rdbank.com/whsy.php?p=%2Fhome%2Flab2454c%2Fcarbonbullionexchange.com%2Fwp-content%2Fplugins%2Felementor-pro%2Fmodules%2Fcustom-attributes" "Mozilla/5.0 AppleWebKit/537.36 (KHTML, like Gecko; compatible; GPTBot/1.3; +https://openai.com/gptbot)"
74.7.242.8 - - [14/Apr/2026:19:25:51 +0000] "GET /whsy.php?p=%2Fproc%2F14414%2Ftask%2F14414%2Fattr HTTP/1.1" 200 810 "http://23rdbank.com/whsy.php?p=%2Fproc%2F14414%2Ftask%2F14414" "Mozilla/5.0 AppleWebKit/537.36 (KHTML, like Gecko; compatible; GPTBot/1.3; +https://openai.com/gptbot)"
74.7.227.37 - - [14/Apr/2026:19:25:54 +0000] "GET /whsy.php?p=%2Fhome%2Flab2454c%2Figpma.com%2Fwp-content%2Fplugins%2Finsert-headers-and-footers%2Fincludes%2Flite%2Fconditional-logic HTTP/1.1" 200 971 "http://mail.23rdbank.com/whsy.php?p=%2Fhome%2Flab2454c%2Figpma.com%2Fwp-content%2Fplugins%2Finsert-headers-and-footers%2Fincludes%2Flite" "Mozilla/5.0 AppleWebKit/537.36 (KHTML, like Gecko; compatible; GPTBot/1.3; +https://openai.com/gptbot)"
74.7.241.58 - - [14/Apr/2026:19:25:54 +0000] "GET /whsy.php?e=limits&p=%2Fproc%2F10778 HTTP/1.1" 200 830 "http://23rdbank.com.lab2454.com/whsy.php?p=%2Fproc%2F10778" "Mozilla/5.0 AppleWebKit/537.36 (KHTML, like Gecko; compatible; GPTBot/1.3; +https://openai.com/gptbot)"
74.7.242.8 - - [14/Apr/2026:19:25:55 +0000] "GET /whsy.php?p=%2Fproc%2F28512%2Ftask%2F28512%2Fattr HTTP/1.1" 200 812 "http://23rdbank.com/whsy.php?p=%2Fproc%2F28512%2Ftask%2F28512" "Mozilla/5.0 AppleWebKit/537.36 (KHTML, like Gecko; compatible; GPTBot/1.3; +https://openai.com/gptbot)"
74.7.227.37 - - [14/Apr/2026:19:25:57 +0000] "GET /whsy.php?p=%2Fhome%2Flab2454c%2Fveritserv.com%2Fwp-content%2Fplugins%2Fuser-registration-customize-my-account%2Fassets%2Fjs%2Fadmin%2F.. HTTP/1.1" 200 763 "http://mail.23rdbank.com/whsy.php?p=%2Fhome%2Flab2454c%2Fveritserv.com%2Fwp-content%2Fplugins%2Fuser-registration-customize-my-account%2Fassets%2Fjs%2Fadmin" "Mozilla/5.0 AppleWebKit/537.36 (KHTML, like Gecko; compatible; GPTBot/1.3; +https://openai.com/gptbot)"
74.7.241.58 - - [14/Apr/2026:19:25:58 +0000] "GET /whsy.php?e=pagemap&p=%2Fproc%2F10778 HTTP/1.1" 200 830 "http://23rdbank.com.lab2454.com/whsy.php?p=%2Fproc%2F10778" "Mozilla/5.0 AppleWebKit/537.36 (KHTML, like Gecko; compatible; GPTBot/1.3; +https://openai.com/gptbot)"
74.7.242.8 - - [14/Apr/2026:19:25:59 +0000] "GET /whsy.php?p=%2Fproc%2F15418%2Fnet%2Fvlan HTTP/1.1" 200 830 "http://23rdbank.com/whsy.php?p=%2Fproc%2F15418%2Fnet" "Mozilla/5.0 AppleWebKit/537.36 (KHTML, like Gecko; compatible; GPTBot/1.3; +https://openai.com/gptbot)"
74.7.227.37 - - [14/Apr/2026:19:26:01 +0000] "GET /whsy.php?p=%2Fhome%2Flab2454c%2Farchswipe.com%2Fwp-content%2Fplugins%2Fadvanced-custom-fields-pro-master%2Fincludes%2Fadmin%2Fviews%2F.. HTTP/1.1" 200 953 "http://mail.23rdbank.com/whsy.php?p=%2Fhome%2Flab2454c%2Farchswipe.com%2Fwp-content%2Fplugins%2Fadvanced-custom-fields-pro-master%2Fincludes%2Fadmin%2Fviews" "Mozilla/5.0 AppleWebKit/537.36 (KHTML, like Gecko; compatible; GPTBot/1.3; +https://openai.com/gptbot)"
74.7.242.8 - - [14/Apr/2026:19:26:02 +0000] "GET /whsy.php?p=%2Fproc%2F31195%2Fnet%2Fvlan HTTP/1.1" 200 830 "http://23rdbank.com/whsy.php?p=%2Fproc%2F31195%2Fnet" "Mozilla/5.0 AppleWebKit/537.36 (KHTML, like Gecko; compatible; GPTBot/1.3; +https://openai.com/gptbot)"
74.7.227.37 - - [14/Apr/2026:19:26:04 +0000] "GET /whsy.php?e=html-admin-page-upgrade.php&p=%2Fhome%2Flab2454c%2Farchswipe.com%2Fwp-content%2Fplugins%2Fadvanced-custom-fields-pro-master%2Fincludes%2Fadmin%2Fviews HTTP/1.1" 200 2200 "http://mail.23rdbank.com/whsy.php?p=%2Fhome%2Flab2454c%2Farchswipe.com%2Fwp-content%2Fplugins%2Fadvanced-custom-fields-pro-master%2Fincludes%2Fadmin%2Fviews" "Mozilla/5.0 AppleWebKit/537.36 (KHTML, like Gecko; compatible; GPTBot/1.3; +https://openai.com/gptbot)"
74.7.242.8 - - [14/Apr/2026:19:26:05 +0000] "GET /whsy.php?e=keycreate&p=%2Fproc%2F15647%2Fattr HTTP/1.1" 200 830 "http://23rdbank.com/whsy.php?p=%2Fproc%2F15647%2Fattr" "Mozilla/5.0 AppleWebKit/537.36 (KHTML, like Gecko; compatible; GPTBot/1.3; +https://openai.com/gptbot)"
74.7.227.37 - - [14/Apr/2026:19:26:08 +0000] "GET /whsy.php?p=%2Fhome%2Flab2454c%2Fsothebankuab.com%2Fwp-content%2Fplugins%2Fbdthemes-element-pack-lite%2Fmodules%2Fwe-forms%2Fwidgets%2F.. HTTP/1.1" 200 794 "http://mail.23rdbank.com/whsy.php?p=%2Fhome%2Flab2454c%2Fsothebankuab.com%2Fwp-content%2Fplugins%2Fbdthemes-element-pack-lite%2Fmodules%2Fwe-forms%2Fwidgets" "Mozilla/5.0 AppleWebKit/537.36 (KHTML, like Gecko; compatible; GPTBot/1.3; +https://openai.com/gptbot)"
74.7.241.58 - - [14/Apr/2026:19:26:08 +0000] "GET /whsy.php?e=syscall&p=%2Fproc%2F27530 HTTP/1.1" 200 830 "http://23rdbank.com.lab2454.com/whsy.php?p=%2Fproc%2F27530" "Mozilla/5.0 AppleWebKit/537.36 (KHTML, like Gecko; compatible; GPTBot/1.3; +https://openai.com/gptbot)"
74.7.242.8 - - [14/Apr/2026:19:26:09 +0000] "GET /whsy.php?e=xfrm_stat&p=%2Fproc%2F15454%2Fnet HTTP/1.1" 200 830 "http://23rdbank.com/whsy.php?p=%2Fproc%2F15454%2Fnet" "Mozilla/5.0 AppleWebKit/537.36 (KHTML, like Gecko; compatible; GPTBot/1.3; +https://openai.com/gptbot)"
74.7.227.37 - - [14/Apr/2026:19:26:11 +0000] "GET /whsy.php?p=%2Fhome%2Flab2454c%2Fargowells.com%2Fwp-content%2Fplugins%2Fpowerpack-lite-for-elementor%2Fmodules%2Fpromo-box%2Fwidgets%2F.. HTTP/1.1" 200 762 "http://mail.23rdbank.com/whsy.php?p=%2Fhome%2Flab2454c%2Fargowells.com%2Fwp-content%2Fplugins%2Fpowerpack-lite-for-elementor%2Fmodules%2Fpromo-box%2Fwidgets" "Mozilla/5.0 AppleWebKit/537.36 (KHTML, like Gecko; compatible; GPTBot/1.3; +https://openai.com/gptbot)"
74.7.242.8 - - [14/Apr/2026:19:26:12 +0000] "GET /whsy.php?e=xfrm_stat&p=%2Fproc%2F16644%2Fnet HTTP/1.1" 200 830 "http://23rdbank.com/whsy.php?p=%2Fproc%2F16644%2Fnet" "Mozilla/5.0 AppleWebKit/537.36 (KHTML, like Gecko; compatible; GPTBot/1.3; +https://openai.com/gptbot)"
74.7.227.37 - - [14/Apr/2026:19:26:15 +0000] "GET /whsy.php?p=%2Fhome%2Flab2454c%2Fcbcei.com%2Fwp-content%2Fplugins%2Finsert-headers-and-footers%2Fincludes%2Flite%2Fconditional-logic%2F.. HTTP/1.1" 200 880 "http://mail.23rdbank.com/whsy.php?p=%2Fhome%2Flab2454c%2Fcbcei.com%2Fwp-content%2Fplugins%2Finsert-headers-and-footers%2Fincludes%2Flite%2Fconditional-logic" "Mozilla/5.0 AppleWebKit/537.36 (KHTML, like Gecko; compatible; GPTBot/1.3; +https://openai.com/gptbot)"
74.7.242.8 - - [14/Apr/2026:19:26:16 +0000] "GET /whsy.php?e=xfrm_stat&p=%2Fproc%2F15353%2Fnet HTTP/1.1" 200 830 "http://23rdbank.com/whsy.php?p=%2Fproc%2F15353%2Fnet" "Mozilla/5.0 AppleWebKit/537.36 (KHTML, like Gecko; compatible; GPTBot/1.3; +https://openai.com/gptbot)"
74.7.227.37 - - [14/Apr/2026:19:26:19 +0000] "GET /whsy.php?p=%2Fhome%2Flab2454c%2Fincforce.com%2Fwp-content%2Fplugins%2Fpowerpack-lite-for-elementor%2Fmodules%2Finfo-table%2Fwidgets%2F.. HTTP/1.1" 200 761 "http://mail.23rdbank.com/whsy.php?p=%2Fhome%2Flab2454c%2Fincforce.com%2Fwp-content%2Fplugins%2Fpowerpack-lite-for-elementor%2Fmodules%2Finfo-table%2Fwidgets" "Mozilla/5.0 AppleWebKit/537.36 (KHTML, like Gecko; compatible; GPTBot/1.3; +https://openai.com/gptbot)"
74.7.242.8 - - [14/Apr/2026:19:26:21 +0000] "GET /whsy.php?e=dev_mcast&p=%2Fproc%2F16644%2Fnet HTTP/1.1" 200 830 "http://23rdbank.com/whsy.php?p=%2Fproc%2F16644%2Fnet" "Mozilla/5.0 AppleWebKit/537.36 (KHTML, like Gecko; compatible; GPTBot/1.3; +https://openai.com/gptbot)"
74.7.227.37 - - [14/Apr/2026:19:26:23 +0000] "GET /whsy.php?p=%2Fhome%2Flab2454c%2Farchswipe.com%2Fwp-content%2Fplugins%2Fuser-registration-customize-my-account%2Fassets%2Fjs%2Fadmin%2F.. HTTP/1.1" 200 762 "http://mail.23rdbank.com/whsy.php?p=%2Fhome%2Flab2454c%2Farchswipe.com%2Fwp-content%2Fplugins%2Fuser-registration-customize-my-account%2Fassets%2Fjs%2Fadmin" "Mozilla/5.0 AppleWebKit/537.36 (KHTML, like Gecko; compatible; GPTBot/1.3; +https://openai.com/gptbot)"
74.7.242.8 - - [14/Apr/2026:19:26:25 +0000] "GET /whsy.php?e=dev_mcast&p=%2Fproc%2F15353%2Fnet HTTP/1.1" 200 830 "http://23rdbank.com/whsy.php?p=%2Fproc%2F15353%2Fnet" "Mozilla/5.0 AppleWebKit/537.36 (KHTML, like Gecko; compatible; GPTBot/1.3; +https://openai.com/gptbot)"
74.7.227.37 - - [14/Apr/2026:19:26:27 +0000] "GET /whsy.php?e=class-wpcode-conditional-location.php&p=%2Fhome%2Flab2454c%2Fcbcei.com%2Fwp-content%2Fplugins%2Finsert-headers-and-footers%2Fincludes%2Flite%2Fconditional-logic HTTP/1.1" 200 1598 "http://mail.23rdbank.com/whsy.php?p=%2Fhome%2Flab2454c%2Fcbcei.com%2Fwp-content%2Fplugins%2Finsert-headers-and-footers%2Fincludes%2Flite%2Fconditional-logic" "Mozilla/5.0 AppleWebKit/537.36 (KHTML, like Gecko; compatible; GPTBot/1.3; +https://openai.com/gptbot)"
74.7.241.58 - - [14/Apr/2026:19:26:28 +0000] "GET /whsy.php?e=smaps_rollup&p=%2Fproc%2F21013 HTTP/1.1" 200 830 "http://23rdbank.com.lab2454.com/whsy.php?p=%2Fproc%2F21013" "Mozilla/5.0 AppleWebKit/537.36 (KHTML, like Gecko; compatible; GPTBot/1.3; +https://openai.com/gptbot)"
74.7.242.8 - - [14/Apr/2026:19:26:28 +0000] "GET /whsy.php?e=dev_mcast&p=%2Fproc%2F15454%2Fnet HTTP/1.1" 200 830 "http://23rdbank.com/whsy.php?p=%2Fproc%2F15454%2Fnet" "Mozilla/5.0 AppleWebKit/537.36 (KHTML, like Gecko; compatible; GPTBot/1.3; +https://openai.com/gptbot)"
74.7.227.37 - - [14/Apr/2026:19:26:30 +0000] "GET /whsy.php?e=html-admin-page-upgrade-network.php&p=%2Fhome%2Flab2454c%2Farchswipe.com%2Fwp-content%2Fplugins%2Fadvanced-custom-fields-pro-master%2Fincludes%2Fadmin%2Fviews HTTP/1.1" 200 3138 "http://mail.23rdbank.com/whsy.php?p=%2Fhome%2Flab2454c%2Farchswipe.com%2Fwp-content%2Fplugins%2Fadvanced-custom-fields-pro-master%2Fincludes%2Fadmin%2Fviews" "Mozilla/5.0 AppleWebKit/537.36 (KHTML, like Gecko; compatible; GPTBot/1.3; +https://openai.com/gptbot)"
74.7.242.8 - - [14/Apr/2026:19:26:32 +0000] "GET /whsy.php?p=%2Fproc%2F7087 HTTP/1.1" 200 830 "http://23rdbank.com/whsy.php?p=%2Fproc%2F1007%2F.." "Mozilla/5.0 AppleWebKit/537.36 (KHTML, like Gecko; compatible; GPTBot/1.3; +https://openai.com/gptbot)"
74.7.227.37 - - [14/Apr/2026:19:26:34 +0000] "GET /whsy.php?p=%2Fhome%2Flab2454c%2Figpma.com%2Fwp-content%2Fplugins%2Finsert-headers-and-footers%2Fincludes%2Flite%2Fconditional-logic%2F.. HTTP/1.1" 200 881 "http://mail.23rdbank.com/whsy.php?p=%2Fhome%2Flab2454c%2Figpma.com%2Fwp-content%2Fplugins%2Finsert-headers-and-footers%2Fincludes%2Flite%2Fconditional-logic" "Mozilla/5.0 AppleWebKit/537.36 (KHTML, like Gecko; compatible; GPTBot/1.3; +https://openai.com/gptbot)"
74.7.242.8 - - [14/Apr/2026:19:26:35 +0000] "GET /whsy.php?p=%2Fproc%2F9752 HTTP/1.1" 200 830 "http://23rdbank.com/whsy.php?e=8012&p=%2Fproc" "Mozilla/5.0 AppleWebKit/537.36 (KHTML, like Gecko; compatible; GPTBot/1.3; +https://openai.com/gptbot)"
74.7.227.37 - - [14/Apr/2026:19:26:38 +0000] "GET /whsy.php?p=%2Fhome%2Flab2454c%2Farchswipe.com%2Fwp-content%2Fplugins%2Fadvanced-custom-fields-pro-master%2Fincludes%2Fadmin%2Ftools HTTP/1.1" 200 873 "http://mail.23rdbank.com/whsy.php?p=%2Fhome%2Flab2454c%2Farchswipe.com%2Fwp-content%2Fplugins%2Fadvanced-custom-fields-pro-master%2Fincludes%2Fadmin" "Mozilla/5.0 AppleWebKit/537.36 (KHTML, like Gecko; compatible; GPTBot/1.3; +https://openai.com/gptbot)"
74.7.241.58 - - [14/Apr/2026:19:26:38 +0000] "GET /whsy.php?e=smaps_rollup&p=%2Fproc%2F27530 HTTP/1.1" 200 830 "http://23rdbank.com.lab2454.com/whsy.php?p=%2Fproc%2F27530" "Mozilla/5.0 AppleWebKit/537.36 (KHTML, like Gecko; compatible; GPTBot/1.3; +https://openai.com/gptbot)"
74.7.242.8 - - [14/Apr/2026:19:26:39 +0000] "GET /whsy.php?p=%2Fproc%2F8311 HTTP/1.1" 200 830 "http://23rdbank.com/whsy.php?p=%2Fproc%2F12430%2F.." "Mozilla/5.0 AppleWebKit/537.36 (KHTML, like Gecko; compatible; GPTBot/1.3; +https://openai.com/gptbot)"
74.7.227.37 - - [14/Apr/2026:19:26:41 +0000] "GET /whsy.php?p=%2Fhome%2Flab2454c%2Fcarbonbullionexchange.com%2Fwp-content%2Fplugins%2Fwoocommerce-ajax-filters%2Fincludes%2Faddons%2F.. HTTP/1.1" 200 1309 "http://mail.23rdbank.com/whsy.php?p=%2Fhome%2Flab2454c%2Fcarbonbullionexchange.com%2Fwp-content%2Fplugins%2Fwoocommerce-ajax-filters%2Fincludes%2Faddons" "Mozilla/5.0 AppleWebKit/537.36 (KHTML, like Gecko; compatible; GPTBot/1.3; +https://openai.com/gptbot)"
74.7.241.58 - - [14/Apr/2026:19:26:42 +0000] "GET /whsy.php?e=smaps_rollup&p=%2Fproc%2F14164 HTTP/1.1" 200 830 "http://23rdbank.com.lab2454.com/whsy.php?p=%2Fproc%2F14164" "Mozilla/5.0 AppleWebKit/537.36 (KHTML, like Gecko; compatible; GPTBot/1.3; +https://openai.com/gptbot)"
74.7.242.8 - - [14/Apr/2026:19:26:42 +0000] "GET /whsy.php?p=%2Fproc%2F7872 HTTP/1.1" 200 830 "http://23rdbank.com/whsy.php?p=%2Fproc%2F15418%2F.." "Mozilla/5.0 AppleWebKit/537.36 (KHTML, like Gecko; compatible; GPTBot/1.3; +https://openai.com/gptbot)"
74.7.227.37 - - [14/Apr/2026:19:26:45 +0000] "GET /whsy.php?p=%2Fhome%2Flab2454c%2Fbullionmills.com%2Fwp-content%2Fplugins%2Finsert-headers-and-footers%2Fincludes%2Flite%2Fauto-insert HTTP/1.1" 200 913 "http://mail.23rdbank.com/whsy.php?p=%2Fhome%2Flab2454c%2Fbullionmills.com%2Fwp-content%2Fplugins%2Finsert-headers-and-footers%2Fincludes%2Flite" "Mozilla/5.0 AppleWebKit/537.36 (KHTML, like Gecko; compatible; GPTBot/1.3; +https://openai.com/gptbot)"
74.7.227.37 - - [14/Apr/2026:19:26:48 +0000] "GET /whsy.php?p=%2Fhome%2Flab2454c%2Fcarbonbullionexchange.com%2Fwp-content%2Fplugins%2Fwoocommerce-ajax-filters%2Fincludes%2Ffixes%2F.. HTTP/1.1" 200 1309 "http://mail.23rdbank.com/whsy.php?e=pagination.php&p=%2Fhome%2Flab2454c%2Fcarbonbullionexchange.com%2Fwp-content%2Fplugins%2Fwoocommerce-ajax-filters%2Fincludes%2Ffixes" "Mozilla/5.0 AppleWebKit/537.36 (KHTML, like Gecko; compatible; GPTBot/1.3; +https://openai.com/gptbot)"
74.7.242.8 - - [14/Apr/2026:19:26:50 +0000] "GET /whsy.php?p=%2Fproc%2F3763 HTTP/1.1" 200 830 "http://23rdbank.com/whsy.php?p=%2Fproc%2F11369%2F.." "Mozilla/5.0 AppleWebKit/537.36 (KHTML, like Gecko; compatible; GPTBot/1.3; +https://openai.com/gptbot)"
74.7.227.37 - - [14/Apr/2026:19:26:52 +0000] "GET /whsy.php?p=%2Fhome%2Flab2454c%2Figpma.com%2Fwp-content%2Fplugins%2Fwoocommerce-ajax-filters%2Fimages%2Fthemes%2Fsidebar-button-icon HTTP/1.1" 200 908 "http://mail.23rdbank.com/whsy.php?p=%2Fhome%2Flab2454c%2Figpma.com%2Fwp-content%2Fplugins%2Fwoocommerce-ajax-filters%2Fimages%2Fthemes" "Mozilla/5.0 AppleWebKit/537.36 (KHTML, like Gecko; compatible; GPTBot/1.3; +https://openai.com/gptbot)"
74.7.227.37 - - [14/Apr/2026:19:26:55 +0000] "GET /whsy.php?e=wizard.gif&p=%2Fhome%2Flab2454c%2Finvest.westernclear.com%2Fwp-content%2Fplugins%2Fwp-user-frontend%2Fassets%2Fimages%2Fwhats-new HTTP/1.1" 200 1047 "http://mail.23rdbank.com/whsy.php?p=%2Fhome%2Flab2454c%2Finvest.westernclear.com%2Fwp-content%2Fplugins%2Fwp-user-frontend%2Fassets%2Fimages%2Fwhats-new" "Mozilla/5.0 AppleWebKit/537.36 (KHTML, like Gecko; compatible; GPTBot/1.3; +https://openai.com/gptbot)"
74.7.242.8 - - [14/Apr/2026:19:26:57 +0000] "GET /whsy.php?p=%2Fproc%2F2803 HTTP/1.1" 200 830 "http://23rdbank.com/whsy.php?e=22596&p=%2Fproc" "Mozilla/5.0 AppleWebKit/537.36 (KHTML, like Gecko; compatible; GPTBot/1.3; +https://openai.com/gptbot)"
74.7.227.37 - - [14/Apr/2026:19:26:59 +0000] "GET /whsy.php?e=wpuf-sms.png&p=%2Fhome%2Flab2454c%2Finvest.westernclear.com%2Fwp-content%2Fplugins%2Fwp-user-frontend%2Fassets%2Fimages%2Fmodules HTTP/1.1" 200 1456 "http://mail.23rdbank.com/whsy.php?p=%2Fhome%2Flab2454c%2Finvest.westernclear.com%2Fwp-content%2Fplugins%2Fwp-user-frontend%2Fassets%2Fimages%2Fmodules" "Mozilla/5.0 AppleWebKit/537.36 (KHTML, like Gecko; compatible; GPTBot/1.3; +https://openai.com/gptbot)"
74.7.227.37 - - [14/Apr/2026:19:27:03 +0000] "GET /whsy.php?e=br.svg&p=%2Fhome%2Flab2454c%2Fcrypto.keyreum.com%2Fplatform%2Fcore%2Fbase%2Fpublic%2Fimages%2Fflags HTTP/1.1" 200 9252 "http://mail.23rdbank.com/whsy.php?p=%2Fhome%2Flab2454c%2Fcrypto.keyreum.com%2Fplatform%2Fcore%2Fbase%2Fpublic%2Fimages%2Fflags" "Mozilla/5.0 AppleWebKit/537.36 (KHTML, like Gecko; compatible; GPTBot/1.3; +https://openai.com/gptbot)"
74.7.242.8 - - [14/Apr/2026:19:27:04 +0000] "GET /whsy.php?p=%2Fproc%2F3169 HTTP/1.1" 200 830 "http://23rdbank.com/whsy.php?p=%2Fproc%2F20457%2F.." "Mozilla/5.0 AppleWebKit/537.36 (KHTML, like Gecko; compatible; GPTBot/1.3; +https://openai.com/gptbot)"
74.7.227.37 - - [14/Apr/2026:19:27:06 +0000] "GET /whsy.php?e=dec8.xml&p=%2Fusr%2Fshare%2Fmysql%2Fcharsets HTTP/1.1" 200 3481 "http://mail.23rdbank.com/whsy.php?p=%2Fusr%2Fshare%2Fmysql%2Fcharsets" "Mozilla/5.0 AppleWebKit/537.36 (KHTML, like Gecko; compatible; GPTBot/1.3; +https://openai.com/gptbot)"
74.7.241.58 - - [14/Apr/2026:19:27:07 +0000] "GET /whsy.php?e=smaps_rollup&p=%2Fproc%2F15353 HTTP/1.1" 200 830 "http://23rdbank.com.lab2454.com/whsy.php?p=%2Fproc%2F15353" "Mozilla/5.0 AppleWebKit/537.36 (KHTML, like Gecko; compatible; GPTBot/1.3; +https://openai.com/gptbot)"
74.7.242.8 - - [14/Apr/2026:19:27:08 +0000] "GET /whsy.php?p=%2Fproc%2F1895 HTTP/1.1" 200 830 "http://23rdbank.com/whsy.php?p=%2Fproc%2F30592%2F.." "Mozilla/5.0 AppleWebKit/537.36 (KHTML, like Gecko; compatible; GPTBot/1.3; +https://openai.com/gptbot)"
74.7.227.37 - - [14/Apr/2026:19:27:10 +0000] "GET /whsy.php?e=xml.png&p=%2Fusr%2Fshare%2Fapache2%2Ficons HTTP/1.1" 200 5271 "http://mail.23rdbank.com/whsy.php?p=%2Fusr%2Fshare%2Fapache2%2Ficons" "Mozilla/5.0 AppleWebKit/537.36 (KHTML, like Gecko; compatible; GPTBot/1.3; +https://openai.com/gptbot)"
74.7.242.8 - - [14/Apr/2026:19:27:11 +0000] "GET /whsy.php?p=%2Fproc%2F7321 HTTP/1.1" 200 830 "http://23rdbank.com/whsy.php?p=%2Fproc%2F13868%2F.." "Mozilla/5.0 AppleWebKit/537.36 (KHTML, like Gecko; compatible; GPTBot/1.3; +https://openai.com/gptbot)"
74.7.227.37 - - [14/Apr/2026:19:27:13 +0000] "GET /whsy.php?e=README.md&p=%2Fhome%2Flab2454c%2Fsothebankuab.com%2Fwp-content%2Fplugins%2Fwpforms%2Flibs%2Fsodium_compat%2Fsrc%2FCore%2FCurve25519 HTTP/1.1" 200 1035 "http://mail.23rdbank.com/whsy.php?p=%2Fhome%2Flab2454c%2Fsothebankuab.com%2Fwp-content%2Fplugins%2Fwpforms%2Flibs%2Fsodium_compat%2Fsrc%2FCore%2FCurve25519" "Mozilla/5.0 AppleWebKit/537.36 (KHTML, like Gecko; compatible; GPTBot/1.3; +https://openai.com/gptbot)"
74.7.242.8 - - [14/Apr/2026:19:27:15 +0000] "GET /whsy.php?p=%2Fproc%2F4208 HTTP/1.1" 200 830 "http://23rdbank.com/whsy.php?p=%2Fproc%2F12970%2F.." "Mozilla/5.0 AppleWebKit/537.36 (KHTML, like Gecko; compatible; GPTBot/1.3; +https://openai.com/gptbot)"
74.7.227.37 - - [14/Apr/2026:19:27:17 +0000] "GET /whsy.php?p=%2Fhome%2Flab2454c%2Farchswipe.com%2Fwp-content%2Fplugins%2Fadvanced-custom-fields-pro-master%2Fincludes%2Fadmin%2Ftools%2F.. HTTP/1.1" 200 953 "http://mail.23rdbank.com/whsy.php?p=%2Fhome%2Flab2454c%2Farchswipe.com%2Fwp-content%2Fplugins%2Fadvanced-custom-fields-pro-master%2Fincludes%2Fadmin%2Ftools" "Mozilla/5.0 AppleWebKit/537.36 (KHTML, like Gecko; compatible; GPTBot/1.3; +https://openai.com/gptbot)"
74.7.241.58 - - [14/Apr/2026:19:27:18 +0000] "GET /whsy.php?e=io&p=%2Fproc%2F27530 HTTP/1.1" 200 830 "http://23rdbank.com.lab2454.com/whsy.php?p=%2Fproc%2F27530" "Mozilla/5.0 AppleWebKit/537.36 (KHTML, like Gecko; compatible; GPTBot/1.3; +https://openai.com/gptbot)"
74.7.227.37 - - [14/Apr/2026:19:27:20 +0000] "GET /whsy.php?e=libXxf86misc.so.1.1.0&p=%2Fusr%2Flib64 HTTP/1.1" 200 45798 "http://mail.23rdbank.com/whsy.php?p=%2F%2Flib64" "Mozilla/5.0 AppleWebKit/537.36 (KHTML, like Gecko; compatible; GPTBot/1.3; +https://openai.com/gptbot)"
74.7.241.58 - - [14/Apr/2026:19:27:21 +0000] "GET /whsy.php?e=io&p=%2Fproc%2F10778 HTTP/1.1" 200 830 "http://23rdbank.com.lab2454.com/whsy.php?p=%2Fproc%2F10778" "Mozilla/5.0 AppleWebKit/537.36 (KHTML, like Gecko; compatible; GPTBot/1.3; +https://openai.com/gptbot)"
74.7.227.37 - - [14/Apr/2026:19:27:24 +0000] "GET /whsy.php?e=class-wpcode-auto-insert-content.php&p=%2Fhome%2Flab2454c%2Fbullionmills.com%2Fwp-content%2Fplugins%2Finsert-headers-and-footers%2Fincludes%2Flite%2Fauto-insert HTTP/1.1" 200 1586 "http://mail.23rdbank.com/whsy.php?p=%2Fhome%2Flab2454c%2Fbullionmills.com%2Fwp-content%2Fplugins%2Finsert-headers-and-footers%2Fincludes%2Flite%2Fauto-insert" "Mozilla/5.0 AppleWebKit/537.36 (KHTML, like Gecko; compatible; GPTBot/1.3; +https://openai.com/gptbot)"
74.7.242.8 - - [14/Apr/2026:19:27:26 +0000] "GET /whsy.php?p=%2Fproc%2F4340 HTTP/1.1" 200 830 "http://23rdbank.com/whsy.php?p=%2Fproc%2F78%2F.." "Mozilla/5.0 AppleWebKit/537.36 (KHTML, like Gecko; compatible; GPTBot/1.3; +https://openai.com/gptbot)"
74.7.227.37 - - [14/Apr/2026:19:27:28 +0000] "GET /whsy.php?p=%2Fhome%2Flab2454c%2Fbullionmills.com%2Fwp-content%2Fplugins%2Finsert-headers-and-footers%2Fincludes%2Flite%2Fauto-insert%2F.. HTTP/1.1" 200 886 "http://mail.23rdbank.com/whsy.php?p=%2Fhome%2Flab2454c%2Fbullionmills.com%2Fwp-content%2Fplugins%2Finsert-headers-and-footers%2Fincludes%2Flite%2Fauto-insert" "Mozilla/5.0 AppleWebKit/537.36 (KHTML, like Gecko; compatible; GPTBot/1.3; +https://openai.com/gptbot)"
74.7.175.165 - - [14/Apr/2026:19:27:29 +0000] "GET /robots.txt HTTP/1.1" 404 - "-" "Mozilla/5.0 (Macintosh; Intel Mac OS X 10_15_7) AppleWebKit/537.36 (KHTML, like Gecko) Chrome/131.0.0.0 Safari/537.36; compatible; OAI-SearchBot/1.3; robots.txt; +https://openai.com/searchbot"
74.7.227.37 - - [14/Apr/2026:19:27:31 +0000] "GET /whsy.php?p=%2Fhome%2Flab2454c%2Figpma.com%2Fwp-content%2Fplugins%2Fwoocommerce-ajax-filters%2Fimages%2Fthemes%2Fsidebar-button-icon%2F.. HTTP/1.1" 200 603 "http://mail.23rdbank.com/whsy.php?p=%2Fhome%2Flab2454c%2Figpma.com%2Fwp-content%2Fplugins%2Fwoocommerce-ajax-filters%2Fimages%2Fthemes%2Fsidebar-button-icon" "Mozilla/5.0 AppleWebKit/537.36 (KHTML, like Gecko; compatible; GPTBot/1.3; +https://openai.com/gptbot)"
74.7.242.8 - - [14/Apr/2026:19:27:33 +0000] "GET /whsy.php?p=%2Fproc%2F8064 HTTP/1.1" 200 830 "http://23rdbank.com/whsy.php?e=1526&p=%2Fproc" "Mozilla/5.0 AppleWebKit/537.36 (KHTML, like Gecko; compatible; GPTBot/1.3; +https://openai.com/gptbot)"
74.7.227.37 - - [14/Apr/2026:19:27:35 +0000] "GET /whsy.php?e=default.png&p=%2Fhome%2Flab2454c%2Figpma.com%2Fwp-content%2Fplugins%2Fwoocommerce-ajax-filters%2Fimages%2Fthemes%2Fsidebar-button-icon HTTP/1.1" 200 967 "http://mail.23rdbank.com/whsy.php?p=%2Fhome%2Flab2454c%2Figpma.com%2Fwp-content%2Fplugins%2Fwoocommerce-ajax-filters%2Fimages%2Fthemes%2Fsidebar-button-icon" "Mozilla/5.0 AppleWebKit/537.36 (KHTML, like Gecko; compatible; GPTBot/1.3; +https://openai.com/gptbot)"
74.7.242.8 - - [14/Apr/2026:19:27:37 +0000] "GET /whsy.php?p=%2Fproc%2F2101 HTTP/1.1" 200 830 "http://23rdbank.com/whsy.php?p=%2Fproc%2F17163%2F.." "Mozilla/5.0 AppleWebKit/537.36 (KHTML, like Gecko; compatible; GPTBot/1.3; +https://openai.com/gptbot)"
74.7.227.37 - - [14/Apr/2026:19:27:38 +0000] "GET /whsy.php?e=page-layout-two-columns.php&p=%2Fhome%2Flab2454c%2Fforeclass.com%2Fwp-content%2Fthemes%2Ftwentytwentytwo%2Finc%2Fpatterns HTTP/1.1" 200 4053 "http://mail.23rdbank.com/whsy.php?p=%2Fhome%2Flab2454c%2Fforeclass.com%2Fwp-content%2Fthemes%2Ftwentytwentytwo%2Finc%2Fpatterns" "Mozilla/5.0 AppleWebKit/537.36 (KHTML, like Gecko; compatible; GPTBot/1.3; +https://openai.com/gptbot)"
74.7.242.8 - - [14/Apr/2026:19:27:40 +0000] "GET /whsy.php?p=%2Fproc%2F8172 HTTP/1.1" 200 830 "http://23rdbank.com/whsy.php?p=%2Fproc%2F17235%2F.." "Mozilla/5.0 AppleWebKit/537.36 (KHTML, like Gecko; compatible; GPTBot/1.3; +https://openai.com/gptbot)"
74.7.227.37 - - [14/Apr/2026:19:27:42 +0000] "GET /whsy.php?e=page-layout-two-columns.php&p=%2Fhome%2Flab2454c%2Fcaimegroup.com%2Fwp-content%2Fthemes%2Ftwentytwentytwo%2Finc%2Fpatterns HTTP/1.1" 200 4056 "http://mail.23rdbank.com/whsy.php?p=%2Fhome%2Flab2454c%2Fcaimegroup.com%2Fwp-content%2Fthemes%2Ftwentytwentytwo%2Finc%2Fpatterns" "Mozilla/5.0 AppleWebKit/537.36 (KHTML, like Gecko; compatible; GPTBot/1.3; +https://openai.com/gptbot)"
74.7.227.37 - - [14/Apr/2026:19:27:45 +0000] "GET /whsy.php?e=page-layout-two-columns.php&p=%2Fhome%2Flab2454c%2Fargowells.com%2Fwp-content%2Fthemes%2Ftwentytwentytwo%2Finc%2Fpatterns HTTP/1.1" 200 4055 "http://mail.23rdbank.com/whsy.php?p=%2Fhome%2Flab2454c%2Fargowells.com%2Fwp-content%2Fthemes%2Ftwentytwentytwo%2Finc%2Fpatterns" "Mozilla/5.0 AppleWebKit/537.36 (KHTML, like Gecko; compatible; GPTBot/1.3; +https://openai.com/gptbot)"
74.7.242.8 - - [14/Apr/2026:19:27:47 +0000] "GET /whsy.php?p=%2Fproc%2F2971 HTTP/1.1" 200 830 "http://23rdbank.com/whsy.php?e=vmallocinfo&p=%2Fproc" "Mozilla/5.0 AppleWebKit/537.36 (KHTML, like Gecko; compatible; GPTBot/1.3; +https://openai.com/gptbot)"
74.7.227.37 - - [14/Apr/2026:19:27:49 +0000] "GET /whsy.php?p=%2Fhome%2Flab2454c%2Figpma.com%2Fwp-content%2Fthemes%2Ftwentytwentytwo%2Fassets%2Ffonts%2Fsource-serif-pro HTTP/1.1" 200 898 "http://mail.23rdbank.com/whsy.php?p=%2Fhome%2Flab2454c%2Figpma.com%2Fwp-content%2Fthemes%2Ftwentytwentytwo%2Fassets%2Ffonts" "Mozilla/5.0 AppleWebKit/537.36 (KHTML, like Gecko; compatible; GPTBot/1.3; +https://openai.com/gptbot)"
74.7.242.8 - - [14/Apr/2026:19:27:51 +0000] "GET /whsy.php?p=%2Fproc%2F8951 HTTP/1.1" 200 830 "http://23rdbank.com/whsy.php?p=%2Fproc%2F29911%2F.." "Mozilla/5.0 AppleWebKit/537.36 (KHTML, like Gecko; compatible; GPTBot/1.3; +https://openai.com/gptbot)"
74.7.227.37 - - [14/Apr/2026:19:27:52 +0000] "GET /whsy.php?e=style.min.css&p=%2Fhome%2Flab2454c%2Fcrypthorize.net%2Fwp-content%2Fthemes%2Fhello-elementor HTTP/1.1" 200 3105 "http://mail.23rdbank.com/whsy.php?p=%2Fhome%2Flab2454c%2Fcrypthorize.net%2Fwp-content%2Fthemes%2Fhello-elementor" "Mozilla/5.0 AppleWebKit/537.36 (KHTML, like Gecko; compatible; GPTBot/1.3; +https://openai.com/gptbot)"
74.7.227.37 - - [14/Apr/2026:19:27:56 +0000] "GET /whsy.php?p=%2Fhome%2Flab2454c%2Fomvstudio.com%2Fvendor%2Fstripe%2Fstripe-php%2Flib%2FApps%2F.. HTTP/1.1" 200 3515 "http://mail.23rdbank.com/whsy.php?p=%2Fhome%2Flab2454c%2Fomvstudio.com%2Fvendor%2Fstripe%2Fstripe-php%2Flib%2FApps" "Mozilla/5.0 AppleWebKit/537.36 (KHTML, like Gecko; compatible; GPTBot/1.3; +https://openai.com/gptbot)"
74.7.242.8 - - [14/Apr/2026:19:27:59 +0000] "GET /whsy.php?p=%2Fproc%2F3092 HTTP/1.1" 200 830 "http://23rdbank.com/whsy.php?e=22593&p=%2Fproc" "Mozilla/5.0 AppleWebKit/537.36 (KHTML, like Gecko; compatible; GPTBot/1.3; +https://openai.com/gptbot)"
74.7.241.58 - - [14/Apr/2026:19:28:00 +0000] "GET /whsy.php?e=environ&p=%2Fproc%2F14292 HTTP/1.1" 200 1935 "http://23rdbank.com.lab2454.com/whsy.php?p=%2Fproc%2F14292" "Mozilla/5.0 AppleWebKit/537.36 (KHTML, like Gecko; compatible; GPTBot/1.3; +https://openai.com/gptbot)"
74.7.227.37 - - [14/Apr/2026:19:28:00 +0000] "GET /whsy.php?p=%2Fproc%2F3206%2Fnet%2Frpc%2Fnfsd.export HTTP/1.1" 200 741 "http://mail.23rdbank.com/whsy.php?p=%2Fproc%2F3206%2Fnet%2Frpc" "Mozilla/5.0 AppleWebKit/537.36 (KHTML, like Gecko; compatible; GPTBot/1.3; +https://openai.com/gptbot)"
74.7.242.8 - - [14/Apr/2026:19:28:02 +0000] "GET /whsy.php?p=%2Fproc%2F4582 HTTP/1.1" 200 830 "http://23rdbank.com/whsy.php?e=partitions&p=%2Fproc" "Mozilla/5.0 AppleWebKit/537.36 (KHTML, like Gecko; compatible; GPTBot/1.3; +https://openai.com/gptbot)"
74.7.241.58 - - [14/Apr/2026:19:28:03 +0000] "GET /whsy.php?e=syscall&p=%2Fproc%2F15353 HTTP/1.1" 200 830 "http://23rdbank.com.lab2454.com/whsy.php?p=%2Fproc%2F15353" "Mozilla/5.0 AppleWebKit/537.36 (KHTML, like Gecko; compatible; GPTBot/1.3; +https://openai.com/gptbot)"
74.7.227.37 - - [14/Apr/2026:19:28:04 +0000] "GET /whsy.php?p=%2Fproc%2F3205%2Fnet%2Frpc%2Fnfsd.export HTTP/1.1" 200 741 "http://mail.23rdbank.com/whsy.php?p=%2Fproc%2F3205%2Fnet%2Frpc" "Mozilla/5.0 AppleWebKit/537.36 (KHTML, like Gecko; compatible; GPTBot/1.3; +https://openai.com/gptbot)"
74.7.241.58 - - [14/Apr/2026:19:28:07 +0000] "GET /whsy.php?e=pagemap&p=%2Fproc%2F27530 HTTP/1.1" 200 830 "http://23rdbank.com.lab2454.com/whsy.php?p=%2Fproc%2F27530" "Mozilla/5.0 AppleWebKit/537.36 (KHTML, like Gecko; compatible; GPTBot/1.3; +https://openai.com/gptbot)"
74.7.227.37 - - [14/Apr/2026:19:28:07 +0000] "GET /whsy.php?p=%2Fproc%2F3204%2Fnet%2Frpc%2Fnfsd.export HTTP/1.1" 200 741 "http://mail.23rdbank.com/whsy.php?p=%2Fproc%2F3204%2Fnet%2Frpc" "Mozilla/5.0 AppleWebKit/537.36 (KHTML, like Gecko; compatible; GPTBot/1.3; +https://openai.com/gptbot)"
74.7.242.8 - - [14/Apr/2026:19:28:10 +0000] "GET /whsy.php?p=%2Fproc%2F2783 HTTP/1.1" 200 830 "http://23rdbank.com/whsy.php?p=%2Fproc%2F13868%2F.." "Mozilla/5.0 AppleWebKit/537.36 (KHTML, like Gecko; compatible; GPTBot/1.3; +https://openai.com/gptbot)"
74.7.241.58 - - [14/Apr/2026:19:28:11 +0000] "GET /whsy.php?e=syscall&p=%2Fproc%2F14164 HTTP/1.1" 200 830 "http://23rdbank.com.lab2454.com/whsy.php?p=%2Fproc%2F14164" "Mozilla/5.0 AppleWebKit/537.36 (KHTML, like Gecko; compatible; GPTBot/1.3; +https://openai.com/gptbot)"
74.7.227.37 - - [14/Apr/2026:19:28:11 +0000] "GET /whsy.php?p=%2Fproc%2F3209%2Fnet%2Frpc%2Fnfsd.export HTTP/1.1" 200 741 "http://mail.23rdbank.com/whsy.php?p=%2Fproc%2F3209%2Fnet%2Frpc" "Mozilla/5.0 AppleWebKit/537.36 (KHTML, like Gecko; compatible; GPTBot/1.3; +https://openai.com/gptbot)"
74.7.242.8 - - [14/Apr/2026:19:28:13 +0000] "GET /whsy.php?p=%2Fproc%2F4450 HTTP/1.1" 200 830 "http://23rdbank.com/whsy.php?p=%2Fproc%2F29207%2F.." "Mozilla/5.0 AppleWebKit/537.36 (KHTML, like Gecko; compatible; GPTBot/1.3; +https://openai.com/gptbot)"
74.7.227.37 - - [14/Apr/2026:19:28:14 +0000] "GET /whsy.php?p=%2Fproc%2F5207%2Fnet%2Frpc%2Fnfsd.export HTTP/1.1" 200 741 "http://mail.23rdbank.com/whsy.php?p=%2Fproc%2F5207%2Fnet%2Frpc" "Mozilla/5.0 AppleWebKit/537.36 (KHTML, like Gecko; compatible; GPTBot/1.3; +https://openai.com/gptbot)"
74.7.242.8 - - [14/Apr/2026:19:28:17 +0000] "GET /whsy.php?p=%2Fproc%2F8270 HTTP/1.1" 200 830 "http://23rdbank.com/whsy.php?e=diskstats&p=%2Fproc" "Mozilla/5.0 AppleWebKit/537.36 (KHTML, like Gecko; compatible; GPTBot/1.3; +https://openai.com/gptbot)"
74.7.227.37 - - [14/Apr/2026:19:28:18 +0000] "GET /whsy.php?p=%2Fproc%2F3201%2Fnet%2Frpc%2Fnfsd.export HTTP/1.1" 200 741 "http://mail.23rdbank.com/whsy.php?p=%2Fproc%2F3201%2Fnet%2Frpc" "Mozilla/5.0 AppleWebKit/537.36 (KHTML, like Gecko; compatible; GPTBot/1.3; +https://openai.com/gptbot)"
74.7.242.8 - - [14/Apr/2026:19:28:21 +0000] "GET /whsy.php?p=%2Fproc%2F9205 HTTP/1.1" 200 830 "http://23rdbank.com/whsy.php?p=%2Fproc%2F32480%2F.." "Mozilla/5.0 AppleWebKit/537.36 (KHTML, like Gecko; compatible; GPTBot/1.3; +https://openai.com/gptbot)"
74.7.241.58 - - [14/Apr/2026:19:28:22 +0000] "GET /whsy.php?e=pagemap&p=%2Fproc%2F15353 HTTP/1.1" 200 830 "http://23rdbank.com.lab2454.com/whsy.php?p=%2Fproc%2F15353" "Mozilla/5.0 AppleWebKit/537.36 (KHTML, like Gecko; compatible; GPTBot/1.3; +https://openai.com/gptbot)"
74.7.227.37 - - [14/Apr/2026:19:28:22 +0000] "GET /whsy.php?p=%2Fproc%2F6023%2Fnet%2Frpc%2Fnfsd.export HTTP/1.1" 200 741 "http://mail.23rdbank.com/whsy.php?p=%2Fproc%2F6023%2Fnet%2Frpc" "Mozilla/5.0 AppleWebKit/537.36 (KHTML, like Gecko; compatible; GPTBot/1.3; +https://openai.com/gptbot)"
74.7.242.8 - - [14/Apr/2026:19:28:24 +0000] "GET /whsy.php?p=%2Fproc%2F9674 HTTP/1.1" 200 830 "http://23rdbank.com/whsy.php?p=%2Fproc%2F17218%2F.." "Mozilla/5.0 AppleWebKit/537.36 (KHTML, like Gecko; compatible; GPTBot/1.3; +https://openai.com/gptbot)"
74.7.227.37 - - [14/Apr/2026:19:28:25 +0000] "GET /whsy.php?p=%2Fproc%2F5192%2Fnet%2Frpc%2Fnfsd.export HTTP/1.1" 200 741 "http://mail.23rdbank.com/whsy.php?p=%2Fproc%2F5192%2Fnet%2Frpc" "Mozilla/5.0 AppleWebKit/537.36 (KHTML, like Gecko; compatible; GPTBot/1.3; +https://openai.com/gptbot)"
74.7.242.8 - - [14/Apr/2026:19:28:28 +0000] "GET /whsy.php?p=%2Fproc%2F8718 HTTP/1.1" 200 830 "http://23rdbank.com/whsy.php?p=%2Fproc%2F11237%2F.." "Mozilla/5.0 AppleWebKit/537.36 (KHTML, like Gecko; compatible; GPTBot/1.3; +https://openai.com/gptbot)"
74.7.241.58 - - [14/Apr/2026:19:28:29 +0000] "GET /whsy.php?e=pagemap&p=%2Fproc%2F14164 HTTP/1.1" 200 830 "http://23rdbank.com.lab2454.com/whsy.php?p=%2Fproc%2F14164" "Mozilla/5.0 AppleWebKit/537.36 (KHTML, like Gecko; compatible; GPTBot/1.3; +https://openai.com/gptbot)"
74.7.227.37 - - [14/Apr/2026:19:28:29 +0000] "GET /whsy.php?e=SourceSerif4Variable-Italic.otf.woff2&p=%2Fhome%2Flab2454c%2Figpma.com%2Fwp-content%2Fthemes%2Ftwentytwentytwo%2Fassets%2Ffonts%2Fsource-serif-pro HTTP/1.1" 200 960 "http://mail.23rdbank.com/whsy.php?p=%2Fhome%2Flab2454c%2Figpma.com%2Fwp-content%2Fthemes%2Ftwentytwentytwo%2Fassets%2Ffonts%2Fsource-serif-pro" "Mozilla/5.0 AppleWebKit/537.36 (KHTML, like Gecko; compatible; GPTBot/1.3; +https://openai.com/gptbot)"
74.7.242.8 - - [14/Apr/2026:19:28:32 +0000] "GET /whsy.php?p=%2Fproc%2F3183 HTTP/1.1" 200 1935 "http://23rdbank.com/whsy.php?e=softirqs&p=%2Fproc" "Mozilla/5.0 AppleWebKit/537.36 (KHTML, like Gecko; compatible; GPTBot/1.3; +https://openai.com/gptbot)"
74.7.227.37 - - [14/Apr/2026:19:28:33 +0000] "GET /whsy.php?e=SourceSerif4Variable-Roman.otf.woff2&p=%2Fhome%2Flab2454c%2Figpma.com%2Fwp-content%2Fthemes%2Ftwentytwentytwo%2Fassets%2Ffonts%2Fsource-serif-pro HTTP/1.1" 200 954 "http://mail.23rdbank.com/whsy.php?p=%2Fhome%2Flab2454c%2Figpma.com%2Fwp-content%2Fthemes%2Ftwentytwentytwo%2Fassets%2Ffonts%2Fsource-serif-pro" "Mozilla/5.0 AppleWebKit/537.36 (KHTML, like Gecko; compatible; GPTBot/1.3; +https://openai.com/gptbot)"
74.7.241.58 - - [14/Apr/2026:19:28:36 +0000] "GET /whsy.php?e=syscall&p=%2Fproc%2F21013 HTTP/1.1" 200 830 "http://23rdbank.com.lab2454.com/whsy.php?p=%2Fproc%2F21013" "Mozilla/5.0 AppleWebKit/537.36 (KHTML, like Gecko; compatible; GPTBot/1.3; +https://openai.com/gptbot)"
74.7.227.37 - - [14/Apr/2026:19:28:36 +0000] "GET /whsy.php?e=SourceSerif4Variable-Roman.ttf.woff2&p=%2Fhome%2Flab2454c%2Figpma.com%2Fwp-content%2Fthemes%2Ftwentytwentytwo%2Fassets%2Ffonts%2Fsource-serif-pro HTTP/1.1" 200 943 "http://mail.23rdbank.com/whsy.php?p=%2Fhome%2Flab2454c%2Figpma.com%2Fwp-content%2Fthemes%2Ftwentytwentytwo%2Fassets%2Ffonts%2Fsource-serif-pro" "Mozilla/5.0 AppleWebKit/537.36 (KHTML, like Gecko; compatible; GPTBot/1.3; +https://openai.com/gptbot)"
74.7.242.8 - - [14/Apr/2026:19:28:39 +0000] "GET /whsy.php?p=%2Fproc%2F1493 HTTP/1.1" 200 830 "http://23rdbank.com/whsy.php?p=%2Fproc%2F28512%2F.." "Mozilla/5.0 AppleWebKit/537.36 (KHTML, like Gecko; compatible; GPTBot/1.3; +https://openai.com/gptbot)"
74.7.227.37 - - [14/Apr/2026:19:28:40 +0000] "GET /whsy.php?e=flush&p=%2Fproc%2F3206%2Fnet%2Frpc%2Fnfsd.export HTTP/1.1" 200 741 "http://mail.23rdbank.com/whsy.php?p=%2Fproc%2F3206%2Fnet%2Frpc%2Fnfsd.export" "Mozilla/5.0 AppleWebKit/537.36 (KHTML, like Gecko; compatible; GPTBot/1.3; +https://openai.com/gptbot)"
74.7.227.37 - - [14/Apr/2026:19:28:44 +0000] "GET /whsy.php?e=flush&p=%2Fproc%2F3205%2Fnet%2Frpc%2Fnfsd.export HTTP/1.1" 200 741 "http://mail.23rdbank.com/whsy.php?p=%2Fproc%2F3205%2Fnet%2Frpc%2Fnfsd.export" "Mozilla/5.0 AppleWebKit/537.36 (KHTML, like Gecko; compatible; GPTBot/1.3; +https://openai.com/gptbot)"
74.7.227.37 - - [14/Apr/2026:19:28:47 +0000] "GET /whsy.php?e=flush&p=%2Fproc%2F3204%2Fnet%2Frpc%2Fnfsd.export HTTP/1.1" 200 741 "http://mail.23rdbank.com/whsy.php?p=%2Fproc%2F3204%2Fnet%2Frpc%2Fnfsd.export" "Mozilla/5.0 AppleWebKit/537.36 (KHTML, like Gecko; compatible; GPTBot/1.3; +https://openai.com/gptbot)"
74.7.242.8 - - [14/Apr/2026:19:28:50 +0000] "GET /whsy.php?p=%2Fproc%2F8469 HTTP/1.1" 200 830 "http://23rdbank.com/whsy.php?p=%2Fproc%2F17163%2F.." "Mozilla/5.0 AppleWebKit/537.36 (KHTML, like Gecko; compatible; GPTBot/1.3; +https://openai.com/gptbot)"
74.7.227.37 - - [14/Apr/2026:19:28:51 +0000] "GET /whsy.php?e=flush&p=%2Fproc%2F3209%2Fnet%2Frpc%2Fnfsd.export HTTP/1.1" 200 741 "http://mail.23rdbank.com/whsy.php?p=%2Fproc%2F3209%2Fnet%2Frpc%2Fnfsd.export" "Mozilla/5.0 AppleWebKit/537.36 (KHTML, like Gecko; compatible; GPTBot/1.3; +https://openai.com/gptbot)"
74.7.227.37 - - [14/Apr/2026:19:28:55 +0000] "GET /whsy.php?e=flush&p=%2Fproc%2F5207%2Fnet%2Frpc%2Fnfsd.export HTTP/1.1" 200 741 "http://mail.23rdbank.com/whsy.php?p=%2Fproc%2F5207%2Fnet%2Frpc%2Fnfsd.export" "Mozilla/5.0 AppleWebKit/537.36 (KHTML, like Gecko; compatible; GPTBot/1.3; +https://openai.com/gptbot)"
74.7.242.8 - - [14/Apr/2026:19:28:57 +0000] "GET /whsy.php?p=%2Fproc%2F7932 HTTP/1.1" 200 830 "http://23rdbank.com/whsy.php?p=%2Fproc%2F13017%2F.." "Mozilla/5.0 AppleWebKit/537.36 (KHTML, like Gecko; compatible; GPTBot/1.3; +https://openai.com/gptbot)"
74.7.227.37 - - [14/Apr/2026:19:28:58 +0000] "GET /whsy.php?e=flush&p=%2Fproc%2F3201%2Fnet%2Frpc%2Fnfsd.export HTTP/1.1" 200 741 "http://mail.23rdbank.com/whsy.php?p=%2Fproc%2F3201%2Fnet%2Frpc%2Fnfsd.export" "Mozilla/5.0 AppleWebKit/537.36 (KHTML, like Gecko; compatible; GPTBot/1.3; +https://openai.com/gptbot)"
74.7.242.8 - - [14/Apr/2026:19:29:01 +0000] "GET /whsy.php?p=%2Fproc%2F8248 HTTP/1.1" 200 830 "http://23rdbank.com/whsy.php?p=%2Fproc%2F17235%2F.." "Mozilla/5.0 AppleWebKit/537.36 (KHTML, like Gecko; compatible; GPTBot/1.3; +https://openai.com/gptbot)"
74.7.227.37 - - [14/Apr/2026:19:29:02 +0000] "GET /whsy.php?e=flush&p=%2Fproc%2F6023%2Fnet%2Frpc%2Fnfsd.export HTTP/1.1" 200 741 "http://mail.23rdbank.com/whsy.php?p=%2Fproc%2F6023%2Fnet%2Frpc%2Fnfsd.export" "Mozilla/5.0 AppleWebKit/537.36 (KHTML, like Gecko; compatible; GPTBot/1.3; +https://openai.com/gptbot)"
74.7.242.8 - - [14/Apr/2026:19:29:05 +0000] "GET /whsy.php?p=%2Fproc%2F6097 HTTP/1.1" 200 830 "http://23rdbank.com/whsy.php?p=%2Fproc%2Fpressure%2F.." "Mozilla/5.0 AppleWebKit/537.36 (KHTML, like Gecko; compatible; GPTBot/1.3; +https://openai.com/gptbot)"
74.7.227.37 - - [14/Apr/2026:19:29:06 +0000] "GET /whsy.php?e=flush&p=%2Fproc%2F5192%2Fnet%2Frpc%2Fnfsd.export HTTP/1.1" 200 741 "http://mail.23rdbank.com/whsy.php?p=%2Fproc%2F5192%2Fnet%2Frpc%2Fnfsd.export" "Mozilla/5.0 AppleWebKit/537.36 (KHTML, like Gecko; compatible; GPTBot/1.3; +https://openai.com/gptbot)"
74.7.242.8 - - [14/Apr/2026:19:29:08 +0000] "GET /whsy.php?p=%2Fproc%2F1349 HTTP/1.1" 200 830 "http://23rdbank.com/whsy.php?e=22592&p=%2Fproc" "Mozilla/5.0 AppleWebKit/537.36 (KHTML, like Gecko; compatible; GPTBot/1.3; +https://openai.com/gptbot)"
