74.7.242.8 - - [14/Apr/2026:18:33:17 +0000] "GET /whsy.php?e=autogroup&p=%2Fproc%2F28947 HTTP/1.1" 200 2003 "http://23rdbank.com/whsy.php?p=%2Fproc%2F28947" "Mozilla/5.0 AppleWebKit/537.36 (KHTML, like Gecko; compatible; GPTBot/1.3; +https://openai.com/gptbot)"
74.7.227.37 - - [14/Apr/2026:18:33:19 +0000] "GET /whsy.php?e=cp864.cpython-36.pyc&p=%2Fusr%2Flib64%2Fpython3.6%2Fencodings%2F__pycache__ HTTP/1.1" 200 11030 "http://mail.23rdbank.com/whsy.php?p=%2Fusr%2Flib64%2Fpython3.6%2Fencodings%2F__pycache__" "Mozilla/5.0 AppleWebKit/537.36 (KHTML, like Gecko; compatible; GPTBot/1.3; +https://openai.com/gptbot)"
74.7.242.8 - - [14/Apr/2026:18:33:21 +0000] "GET /whsy.php?e=schedstat&p=%2Fproc%2F28947 HTTP/1.1" 200 2032 "http://23rdbank.com/whsy.php?p=%2Fproc%2F28947" "Mozilla/5.0 AppleWebKit/537.36 (KHTML, like Gecko; compatible; GPTBot/1.3; +https://openai.com/gptbot)"
74.7.227.37 - - [14/Apr/2026:18:33:23 +0000] "GET /whsy.php?e=cp437.cpython-36.pyc&p=%2Fusr%2Flib64%2Fpython3.6%2Fencodings%2F__pycache__ HTTP/1.1" 200 11028 "http://mail.23rdbank.com/whsy.php?p=%2Fusr%2Flib64%2Fpython3.6%2Fencodings%2F__pycache__" "Mozilla/5.0 AppleWebKit/537.36 (KHTML, like Gecko; compatible; GPTBot/1.3; +https://openai.com/gptbot)"
74.7.241.58 - - [14/Apr/2026:18:33:24 +0000] "GET /whsy.php?e=statm&p=%2Fproc%2F10778 HTTP/1.1" 200 2008 "http://23rdbank.com.lab2454.com/whsy.php?p=%2Fproc%2F10778" "Mozilla/5.0 AppleWebKit/537.36 (KHTML, like Gecko; compatible; GPTBot/1.3; +https://openai.com/gptbot)"
74.7.242.8 - - [14/Apr/2026:18:33:25 +0000] "GET /whsy.php?e=autogroup&p=%2Fproc%2F25681 HTTP/1.1" 200 2003 "http://23rdbank.com/whsy.php?p=%2Fproc%2F25681" "Mozilla/5.0 AppleWebKit/537.36 (KHTML, like Gecko; compatible; GPTBot/1.3; +https://openai.com/gptbot)"
74.7.227.37 - - [14/Apr/2026:18:33:27 +0000] "GET /whsy.php?e=base64.cpython-36.opt-1.pyc&p=%2Fusr%2Flib64%2Fpython3.6%2F__pycache__ HTTP/1.1" 200 15319 "http://mail.23rdbank.com/whsy.php?p=%2Fusr%2Flib64%2Fpython3.6%2F__pycache__" "Mozilla/5.0 AppleWebKit/537.36 (KHTML, like Gecko; compatible; GPTBot/1.3; +https://openai.com/gptbot)"
74.7.242.8 - - [14/Apr/2026:18:33:28 +0000] "GET /whsy.php?e=wchan&p=%2Fproc%2F28947 HTTP/1.1" 200 2006 "http://23rdbank.com/whsy.php?p=%2Fproc%2F28947" "Mozilla/5.0 AppleWebKit/537.36 (KHTML, like Gecko; compatible; GPTBot/1.3; +https://openai.com/gptbot)"
74.7.227.37 - - [14/Apr/2026:18:33:30 +0000] "GET /whsy.php?e=cp862.cpython-36.pyc&p=%2Fusr%2Flib64%2Fpython3.6%2Fencodings%2F__pycache__ HTTP/1.1" 200 11033 "http://mail.23rdbank.com/whsy.php?p=%2Fusr%2Flib64%2Fpython3.6%2Fencodings%2F__pycache__" "Mozilla/5.0 AppleWebKit/537.36 (KHTML, like Gecko; compatible; GPTBot/1.3; +https://openai.com/gptbot)"
74.7.241.58 - - [14/Apr/2026:18:33:32 +0000] "GET /whsy.php?e=stack&p=%2Fproc%2F10778 HTTP/1.1" 200 1936 "http://23rdbank.com.lab2454.com/whsy.php?p=%2Fproc%2F10778" "Mozilla/5.0 AppleWebKit/537.36 (KHTML, like Gecko; compatible; GPTBot/1.3; +https://openai.com/gptbot)"
74.7.242.8 - - [14/Apr/2026:18:33:32 +0000] "GET /whsy.php?e=wchan&p=%2Fproc%2F25681 HTTP/1.1" 200 2006 "http://23rdbank.com/whsy.php?p=%2Fproc%2F25681" "Mozilla/5.0 AppleWebKit/537.36 (KHTML, like Gecko; compatible; GPTBot/1.3; +https://openai.com/gptbot)"
74.7.227.37 - - [14/Apr/2026:18:33:34 +0000] "GET /whsy.php?e=cp273.cpython-36.pyc&p=%2Fusr%2Flib64%2Fpython3.6%2Fencodings%2F__pycache__ HTTP/1.1" 200 11030 "http://mail.23rdbank.com/whsy.php?p=%2Fusr%2Flib64%2Fpython3.6%2Fencodings%2F__pycache__" "Mozilla/5.0 AppleWebKit/537.36 (KHTML, like Gecko; compatible; GPTBot/1.3; +https://openai.com/gptbot)"
74.7.242.8 - - [14/Apr/2026:18:33:36 +0000] "GET /whsy.php?e=oom_adj&p=%2Fproc%2F28947 HTTP/1.1" 200 2006 "http://23rdbank.com/whsy.php?p=%2Fproc%2F28947" "Mozilla/5.0 AppleWebKit/537.36 (KHTML, like Gecko; compatible; GPTBot/1.3; +https://openai.com/gptbot)"
74.7.227.37 - - [14/Apr/2026:18:33:38 +0000] "GET /whsy.php?e=cp856.cpython-36.pyc&p=%2Fusr%2Flib64%2Fpython3.6%2Fencodings%2F__pycache__ HTTP/1.1" 200 11030 "http://mail.23rdbank.com/whsy.php?p=%2Fusr%2Flib64%2Fpython3.6%2Fencodings%2F__pycache__" "Mozilla/5.0 AppleWebKit/537.36 (KHTML, like Gecko; compatible; GPTBot/1.3; +https://openai.com/gptbot)"
74.7.242.8 - - [14/Apr/2026:18:33:39 +0000] "GET /whsy.php?e=gid_map&p=%2Fproc%2F28947 HTTP/1.1" 200 2026 "http://23rdbank.com/whsy.php?p=%2Fproc%2F28947" "Mozilla/5.0 AppleWebKit/537.36 (KHTML, like Gecko; compatible; GPTBot/1.3; +https://openai.com/gptbot)"
74.7.227.37 - - [14/Apr/2026:18:33:41 +0000] "GET /whsy.php?p=%2Fhome%2Flab2454c%2Fsothebankuab.com%2Fwp-content%2Fplugins%2Fmojo-marketplace-wp-plugin%2Fassets%2Fcss HTTP/1.1" 200 749 "http://mail.23rdbank.com/whsy.php?p=%2Fhome%2Flab2454c%2Fsothebankuab.com%2Fwp-content%2Fplugins%2Fmojo-marketplace-wp-plugin%2Fassets" "Mozilla/5.0 AppleWebKit/537.36 (KHTML, like Gecko; compatible; GPTBot/1.3; +https://openai.com/gptbot)"
74.7.242.8 - - [14/Apr/2026:18:33:43 +0000] "GET /whsy.php?e=uid_map&p=%2Fproc%2F25681 HTTP/1.1" 200 2023 "http://23rdbank.com/whsy.php?p=%2Fproc%2F25681" "Mozilla/5.0 AppleWebKit/537.36 (KHTML, like Gecko; compatible; GPTBot/1.3; +https://openai.com/gptbot)"
74.7.227.37 - - [14/Apr/2026:18:33:45 +0000] "GET /whsy.php?e=php-7.svg&p=%2Fhome%2Flab2454c%2Fsothebankuab.com%2Fwp-content%2Fplugins%2Fmojo-marketplace-wp-plugin%2Fimages HTTP/1.1" 200 2017 "http://mail.23rdbank.com/whsy.php?p=%2Fhome%2Flab2454c%2Fsothebankuab.com%2Fwp-content%2Fplugins%2Fmojo-marketplace-wp-plugin%2Fimages" "Mozilla/5.0 AppleWebKit/537.36 (KHTML, like Gecko; compatible; GPTBot/1.3; +https://openai.com/gptbot)"
74.7.242.8 - - [14/Apr/2026:18:33:46 +0000] "GET /whsy.php?e=uid_map&p=%2Fproc%2F28947 HTTP/1.1" 200 2023 "http://23rdbank.com/whsy.php?p=%2Fproc%2F28947" "Mozilla/5.0 AppleWebKit/537.36 (KHTML, like Gecko; compatible; GPTBot/1.3; +https://openai.com/gptbot)"
74.7.227.37 - - [14/Apr/2026:18:33:48 +0000] "GET /whsy.php?e=cp860.cpython-36.pyc&p=%2Fusr%2Flib64%2Fpython3.6%2Fencodings%2F__pycache__ HTTP/1.1" 200 11030 "http://mail.23rdbank.com/whsy.php?p=%2Fusr%2Flib64%2Fpython3.6%2Fencodings%2F__pycache__" "Mozilla/5.0 AppleWebKit/537.36 (KHTML, like Gecko; compatible; GPTBot/1.3; +https://openai.com/gptbot)"
74.7.241.58 - - [14/Apr/2026:18:33:49 +0000] "GET /whsy.php?e=auxv&p=%2Fproc%2F10778 HTTP/1.1" 200 1936 "http://23rdbank.com.lab2454.com/whsy.php?p=%2Fproc%2F10778" "Mozilla/5.0 AppleWebKit/537.36 (KHTML, like Gecko; compatible; GPTBot/1.3; +https://openai.com/gptbot)"
74.7.242.8 - - [14/Apr/2026:18:33:50 +0000] "GET /whsy.php?e=gid_map&p=%2Fproc%2F25681 HTTP/1.1" 200 2026 "http://23rdbank.com/whsy.php?p=%2Fproc%2F25681" "Mozilla/5.0 AppleWebKit/537.36 (KHTML, like Gecko; compatible; GPTBot/1.3; +https://openai.com/gptbot)"
74.7.227.37 - - [14/Apr/2026:18:33:52 +0000] "GET /whsy.php?e=cp720.cpython-36.pyc&p=%2Fusr%2Flib64%2Fpython3.6%2Fencodings%2F__pycache__ HTTP/1.1" 200 11031 "http://mail.23rdbank.com/whsy.php?p=%2Fusr%2Flib64%2Fpython3.6%2Fencodings%2F__pycache__" "Mozilla/5.0 AppleWebKit/537.36 (KHTML, like Gecko; compatible; GPTBot/1.3; +https://openai.com/gptbot)"
74.7.242.8 - - [14/Apr/2026:18:33:53 +0000] "GET /whsy.php?e=oom_adj&p=%2Fproc%2F25681 HTTP/1.1" 200 2006 "http://23rdbank.com/whsy.php?p=%2Fproc%2F25681" "Mozilla/5.0 AppleWebKit/537.36 (KHTML, like Gecko; compatible; GPTBot/1.3; +https://openai.com/gptbot)"
74.7.227.37 - - [14/Apr/2026:18:33:56 +0000] "GET /whsy.php?p=%2Fhome%2Flab2454c%2Fsothebankuab.com%2Fwp-content%2Fplugins%2Fmojo-marketplace-wp-plugin%2Fvendor%2Fcomposer HTTP/1.1" 200 987 "http://mail.23rdbank.com/whsy.php?p=%2Fhome%2Flab2454c%2Fsothebankuab.com%2Fwp-content%2Fplugins%2Fmojo-marketplace-wp-plugin%2Fvendor" "Mozilla/5.0 AppleWebKit/537.36 (KHTML, like Gecko; compatible; GPTBot/1.3; +https://openai.com/gptbot)"
74.7.242.8 - - [14/Apr/2026:18:33:57 +0000] "GET /whsy.php?e=stat&p=%2Fproc%2F25681 HTTP/1.1" 200 2104 "http://23rdbank.com/whsy.php?p=%2Fproc%2F25681" "Mozilla/5.0 AppleWebKit/537.36 (KHTML, like Gecko; compatible; GPTBot/1.3; +https://openai.com/gptbot)"
74.7.227.37 - - [14/Apr/2026:18:33:59 +0000] "GET /whsy.php?p=%2Fhome%2Flab2454c%2Fsothebankuab.com%2Fwp-content%2Fplugins%2Fmojo-marketplace-wp-plugin%2Fvendor%2Fbluehost HTTP/1.1" 200 669 "http://mail.23rdbank.com/whsy.php?p=%2Fhome%2Flab2454c%2Fsothebankuab.com%2Fwp-content%2Fplugins%2Fmojo-marketplace-wp-plugin%2Fvendor" "Mozilla/5.0 AppleWebKit/537.36 (KHTML, like Gecko; compatible; GPTBot/1.3; +https://openai.com/gptbot)"
74.7.242.8 - - [14/Apr/2026:18:34:01 +0000] "GET /whsy.php?e=stat&p=%2Fproc%2F28947 HTTP/1.1" 200 2103 "http://23rdbank.com/whsy.php?p=%2Fproc%2F28947" "Mozilla/5.0 AppleWebKit/537.36 (KHTML, like Gecko; compatible; GPTBot/1.3; +https://openai.com/gptbot)"
74.7.227.37 - - [14/Apr/2026:18:34:03 +0000] "GET /whsy.php?p=%2Fhome%2Flab2454c%2Fsothebankuab.com%2Fwp-content%2Fplugins%2Fmojo-marketplace-wp-plugin%2Fvendor%2Fpsr HTTP/1.1" 200 584 "http://mail.23rdbank.com/whsy.php?p=%2Fhome%2Flab2454c%2Fsothebankuab.com%2Fwp-content%2Fplugins%2Fmojo-marketplace-wp-plugin%2Fvendor" "Mozilla/5.0 AppleWebKit/537.36 (KHTML, like Gecko; compatible; GPTBot/1.3; +https://openai.com/gptbot)"
74.7.242.8 - - [14/Apr/2026:18:34:04 +0000] "GET /whsy.php?e=exe&p=%2Fproc%2F28947 HTTP/1.1" 200 1936 "http://23rdbank.com/whsy.php?p=%2Fproc%2F28947" "Mozilla/5.0 AppleWebKit/537.36 (KHTML, like Gecko; compatible; GPTBot/1.3; +https://openai.com/gptbot)"
74.7.227.37 - - [14/Apr/2026:18:34:07 +0000] "GET /whsy.php?e=autoload.php&p=%2Fhome%2Flab2454c%2Fsothebankuab.com%2Fwp-content%2Fplugins%2Fmojo-marketplace-wp-plugin%2Fvendor HTTP/1.1" 200 961 "http://mail.23rdbank.com/whsy.php?p=%2Fhome%2Flab2454c%2Fsothebankuab.com%2Fwp-content%2Fplugins%2Fmojo-marketplace-wp-plugin%2Fvendor" "Mozilla/5.0 AppleWebKit/537.36 (KHTML, like Gecko; compatible; GPTBot/1.3; +https://openai.com/gptbot)"
74.7.242.8 - - [14/Apr/2026:18:34:08 +0000] "GET /whsy.php?e=exe&p=%2Fproc%2F25681 HTTP/1.1" 200 1936 "http://23rdbank.com/whsy.php?p=%2Fproc%2F25681" "Mozilla/5.0 AppleWebKit/537.36 (KHTML, like Gecko; compatible; GPTBot/1.3; +https://openai.com/gptbot)"
74.7.227.37 - - [14/Apr/2026:18:34:10 +0000] "GET /whsy.php?p=%2Fhome%2Flab2454c%2Fsothebankuab.com%2Fwp-content%2Fplugins%2Fmojo-marketplace-wp-plugin%2Fvendor%2Fwpscholar HTTP/1.1" 200 602 "http://mail.23rdbank.com/whsy.php?p=%2Fhome%2Flab2454c%2Fsothebankuab.com%2Fwp-content%2Fplugins%2Fmojo-marketplace-wp-plugin%2Fvendor" "Mozilla/5.0 AppleWebKit/537.36 (KHTML, like Gecko; compatible; GPTBot/1.3; +https://openai.com/gptbot)"
74.7.241.58 - - [14/Apr/2026:18:34:10 +0000] "GET /whsy.php?e=wchan&p=%2Fproc%2F10778 HTTP/1.1" 200 2005 "http://23rdbank.com.lab2454.com/whsy.php?p=%2Fproc%2F10778" "Mozilla/5.0 AppleWebKit/537.36 (KHTML, like Gecko; compatible; GPTBot/1.3; +https://openai.com/gptbot)"
74.7.242.8 - - [14/Apr/2026:18:34:12 +0000] "GET /whsy.php?e=ksm_stat&p=%2Fproc%2F28947 HTTP/1.1" 200 1936 "http://23rdbank.com/whsy.php?p=%2Fproc%2F28947" "Mozilla/5.0 AppleWebKit/537.36 (KHTML, like Gecko; compatible; GPTBot/1.3; +https://openai.com/gptbot)"
74.7.227.37 - - [14/Apr/2026:18:34:14 +0000] "GET /whsy.php?e=cp852.cpython-36.pyc&p=%2Fusr%2Flib64%2Fpython3.6%2Fencodings%2F__pycache__ HTTP/1.1" 200 11031 "http://mail.23rdbank.com/whsy.php?p=%2Fusr%2Flib64%2Fpython3.6%2Fencodings%2F__pycache__" "Mozilla/5.0 AppleWebKit/537.36 (KHTML, like Gecko; compatible; GPTBot/1.3; +https://openai.com/gptbot)"
74.7.242.8 - - [14/Apr/2026:18:34:15 +0000] "GET /whsy.php?e=ksm_stat&p=%2Fproc%2F25681 HTTP/1.1" 200 1936 "http://23rdbank.com/whsy.php?p=%2Fproc%2F25681" "Mozilla/5.0 AppleWebKit/537.36 (KHTML, like Gecko; compatible; GPTBot/1.3; +https://openai.com/gptbot)"
74.7.227.37 - - [14/Apr/2026:18:34:18 +0000] "GET /whsy.php?e=base64.cpython-36.opt-2.pyc&p=%2Fusr%2Flib64%2Fpython3.6%2F__pycache__ HTTP/1.1" 200 15322 "http://mail.23rdbank.com/whsy.php?p=%2Fusr%2Flib64%2Fpython3.6%2F__pycache__" "Mozilla/5.0 AppleWebKit/537.36 (KHTML, like Gecko; compatible; GPTBot/1.3; +https://openai.com/gptbot)"
74.7.242.8 - - [14/Apr/2026:18:34:19 +0000] "GET /whsy.php?e=root&p=%2Fproc%2F28947 HTTP/1.1" 200 1936 "http://23rdbank.com/whsy.php?p=%2Fproc%2F28947" "Mozilla/5.0 AppleWebKit/537.36 (KHTML, like Gecko; compatible; GPTBot/1.3; +https://openai.com/gptbot)"
74.7.227.37 - - [14/Apr/2026:18:34:22 +0000] "GET /whsy.php?e=cp737.cpython-36.pyc&p=%2Fusr%2Flib64%2Fpython3.6%2Fencodings%2F__pycache__ HTTP/1.1" 200 11028 "http://mail.23rdbank.com/whsy.php?p=%2Fusr%2Flib64%2Fpython3.6%2Fencodings%2F__pycache__" "Mozilla/5.0 AppleWebKit/537.36 (KHTML, like Gecko; compatible; GPTBot/1.3; +https://openai.com/gptbot)"
74.7.242.8 - - [14/Apr/2026:18:34:23 +0000] "GET /whsy.php?e=root&p=%2Fproc%2F25681 HTTP/1.1" 200 1936 "http://23rdbank.com/whsy.php?p=%2Fproc%2F25681" "Mozilla/5.0 AppleWebKit/537.36 (KHTML, like Gecko; compatible; GPTBot/1.3; +https://openai.com/gptbot)"
74.7.227.37 - - [14/Apr/2026:18:34:25 +0000] "GET /whsy.php?e=cp861.cpython-36.pyc&p=%2Fusr%2Flib64%2Fpython3.6%2Fencodings%2F__pycache__ HTTP/1.1" 200 11031 "http://mail.23rdbank.com/whsy.php?p=%2Fusr%2Flib64%2Fpython3.6%2Fencodings%2F__pycache__" "Mozilla/5.0 AppleWebKit/537.36 (KHTML, like Gecko; compatible; GPTBot/1.3; +https://openai.com/gptbot)"
74.7.242.8 - - [14/Apr/2026:18:34:27 +0000] "GET /whsy.php?e=oom_score_adj&p=%2Fproc%2F25681 HTTP/1.1" 200 2008 "http://23rdbank.com/whsy.php?p=%2Fproc%2F25681" "Mozilla/5.0 AppleWebKit/537.36 (KHTML, like Gecko; compatible; GPTBot/1.3; +https://openai.com/gptbot)"
74.7.227.37 - - [14/Apr/2026:18:34:29 +0000] "GET /whsy.php?e=cp863.cpython-36.pyc&p=%2Fusr%2Flib64%2Fpython3.6%2Fencodings%2F__pycache__ HTTP/1.1" 200 11030 "http://mail.23rdbank.com/whsy.php?p=%2Fusr%2Flib64%2Fpython3.6%2Fencodings%2F__pycache__" "Mozilla/5.0 AppleWebKit/537.36 (KHTML, like Gecko; compatible; GPTBot/1.3; +https://openai.com/gptbot)"
74.7.242.8 - - [14/Apr/2026:18:34:30 +0000] "GET /whsy.php?e=oom_score_adj&p=%2Fproc%2F28947 HTTP/1.1" 200 2008 "http://23rdbank.com/whsy.php?p=%2Fproc%2F28947" "Mozilla/5.0 AppleWebKit/537.36 (KHTML, like Gecko; compatible; GPTBot/1.3; +https://openai.com/gptbot)"
74.7.227.37 - - [14/Apr/2026:18:34:33 +0000] "GET /whsy.php?e=cp865.cpython-36.pyc&p=%2Fusr%2Flib64%2Fpython3.6%2Fencodings%2F__pycache__ HTTP/1.1" 200 11030 "http://mail.23rdbank.com/whsy.php?p=%2Fusr%2Flib64%2Fpython3.6%2Fencodings%2F__pycache__" "Mozilla/5.0 AppleWebKit/537.36 (KHTML, like Gecko; compatible; GPTBot/1.3; +https://openai.com/gptbot)"
74.7.242.8 - - [14/Apr/2026:18:34:34 +0000] "GET /whsy.php?e=timens_offsets&p=%2Fproc%2F28947 HTTP/1.1" 200 2024 "http://23rdbank.com/whsy.php?p=%2Fproc%2F28947" "Mozilla/5.0 AppleWebKit/537.36 (KHTML, like Gecko; compatible; GPTBot/1.3; +https://openai.com/gptbot)"
74.7.227.37 - - [14/Apr/2026:18:34:37 +0000] "GET /whsy.php?e=LICENSE&p=%2Fhome%2Flab2454c%2Fsothebankuab.com%2Fwp-content%2Fplugins%2Fmojo-marketplace-wp-plugin%2Fvendor%2Fcomposer HTTP/1.1" 200 1707 "http://mail.23rdbank.com/whsy.php?p=%2Fhome%2Flab2454c%2Fsothebankuab.com%2Fwp-content%2Fplugins%2Fmojo-marketplace-wp-plugin%2Fvendor%2Fcomposer" "Mozilla/5.0 AppleWebKit/537.36 (KHTML, like Gecko; compatible; GPTBot/1.3; +https://openai.com/gptbot)"
74.7.242.8 - - [14/Apr/2026:18:34:38 +0000] "GET /whsy.php?e=timens_offsets&p=%2Fproc%2F25681 HTTP/1.1" 200 2024 "http://23rdbank.com/whsy.php?p=%2Fproc%2F25681" "Mozilla/5.0 AppleWebKit/537.36 (KHTML, like Gecko; compatible; GPTBot/1.3; +https://openai.com/gptbot)"
74.7.227.37 - - [14/Apr/2026:18:34:40 +0000] "GET /whsy.php?p=%2Fhome%2Flab2454c%2Fsothebankuab.com%2Fwp-content%2Fplugins%2Fmojo-marketplace-wp-plugin%2Fvendor%2Fbluehost%2Fendurance-wp-plugin-updater HTTP/1.1" 200 808 "http://mail.23rdbank.com/whsy.php?p=%2Fhome%2Flab2454c%2Fsothebankuab.com%2Fwp-content%2Fplugins%2Fmojo-marketplace-wp-plugin%2Fvendor%2Fbluehost" "Mozilla/5.0 AppleWebKit/537.36 (KHTML, like Gecko; compatible; GPTBot/1.3; +https://openai.com/gptbot)"
74.7.242.8 - - [14/Apr/2026:18:34:41 +0000] "GET /whsy.php?e=cmdline&p=%2Fproc%2F25681 HTTP/1.1" 200 2002 "http://23rdbank.com/whsy.php?p=%2Fproc%2F25681" "Mozilla/5.0 AppleWebKit/537.36 (KHTML, like Gecko; compatible; GPTBot/1.3; +https://openai.com/gptbot)"
74.7.241.58 - - [14/Apr/2026:18:34:43 +0000] "GET /whsy.php?e=timerslack_ns&p=%2Fproc%2F15353 HTTP/1.1" 200 2008 "http://23rdbank.com.lab2454.com/whsy.php?p=%2Fproc%2F15353" "Mozilla/5.0 AppleWebKit/537.36 (KHTML, like Gecko; compatible; GPTBot/1.3; +https://openai.com/gptbot)"
74.7.227.37 - - [14/Apr/2026:18:34:44 +0000] "GET /whsy.php?e=ClassLoader.php&p=%2Fhome%2Flab2454c%2Fsothebankuab.com%2Fwp-content%2Fplugins%2Fmojo-marketplace-wp-plugin%2Fvendor%2Fcomposer HTTP/1.1" 200 4009 "http://mail.23rdbank.com/whsy.php?p=%2Fhome%2Flab2454c%2Fsothebankuab.com%2Fwp-content%2Fplugins%2Fmojo-marketplace-wp-plugin%2Fvendor%2Fcomposer" "Mozilla/5.0 AppleWebKit/537.36 (KHTML, like Gecko; compatible; GPTBot/1.3; +https://openai.com/gptbot)"
74.7.242.8 - - [14/Apr/2026:18:34:45 +0000] "GET /whsy.php?e=cmdline&p=%2Fproc%2F28947 HTTP/1.1" 200 2002 "http://23rdbank.com/whsy.php?p=%2Fproc%2F28947" "Mozilla/5.0 AppleWebKit/537.36 (KHTML, like Gecko; compatible; GPTBot/1.3; +https://openai.com/gptbot)"
74.7.227.37 - - [14/Apr/2026:18:34:47 +0000] "GET /whsy.php?p=%2Fhome%2Flab2454c%2Fsothebankuab.com%2Fwp-content%2Fplugins%2Fmojo-marketplace-wp-plugin%2Fvendor%2Fpsr%2Fcontainer HTTP/1.1" 200 774 "http://mail.23rdbank.com/whsy.php?p=%2Fhome%2Flab2454c%2Fsothebankuab.com%2Fwp-content%2Fplugins%2Fmojo-marketplace-wp-plugin%2Fvendor%2Fpsr" "Mozilla/5.0 AppleWebKit/537.36 (KHTML, like Gecko; compatible; GPTBot/1.3; +https://openai.com/gptbot)"
74.7.242.8 - - [14/Apr/2026:18:34:49 +0000] "GET /whsy.php?e=mem&p=%2Fproc%2F28947 HTTP/1.1" 200 1936 "http://23rdbank.com/whsy.php?p=%2Fproc%2F28947" "Mozilla/5.0 AppleWebKit/537.36 (KHTML, like Gecko; compatible; GPTBot/1.3; +https://openai.com/gptbot)"
74.7.241.58 - - [14/Apr/2026:18:34:50 +0000] "GET /whsy.php?e=sessionid&p=%2Fproc%2F10778 HTTP/1.1" 200 2016 "http://23rdbank.com.lab2454.com/whsy.php?p=%2Fproc%2F10778" "Mozilla/5.0 AppleWebKit/537.36 (KHTML, like Gecko; compatible; GPTBot/1.3; +https://openai.com/gptbot)"
74.7.227.37 - - [14/Apr/2026:18:34:51 +0000] "GET /whsy.php?e=cp932.cpython-36.pyc&p=%2Fusr%2Flib64%2Fpython3.6%2Fencodings%2F__pycache__ HTTP/1.1" 200 11032 "http://mail.23rdbank.com/whsy.php?p=%2Fusr%2Flib64%2Fpython3.6%2Fencodings%2F__pycache__" "Mozilla/5.0 AppleWebKit/537.36 (KHTML, like Gecko; compatible; GPTBot/1.3; +https://openai.com/gptbot)"
74.7.242.8 - - [14/Apr/2026:18:34:52 +0000] "GET /whsy.php?e=cwd&p=%2Fproc%2F25681 HTTP/1.1" 200 1936 "http://23rdbank.com/whsy.php?p=%2Fproc%2F25681" "Mozilla/5.0 AppleWebKit/537.36 (KHTML, like Gecko; compatible; GPTBot/1.3; +https://openai.com/gptbot)"
74.7.241.58 - - [14/Apr/2026:18:34:54 +0000] "GET /whsy.php?e=schedstat&p=%2Fproc%2F10778 HTTP/1.1" 200 2031 "http://23rdbank.com.lab2454.com/whsy.php?p=%2Fproc%2F10778" "Mozilla/5.0 AppleWebKit/537.36 (KHTML, like Gecko; compatible; GPTBot/1.3; +https://openai.com/gptbot)"
74.7.227.37 - - [14/Apr/2026:18:34:54 +0000] "GET /whsy.php?e=cp949.cpython-36.pyc&p=%2Fusr%2Flib64%2Fpython3.6%2Fencodings%2F__pycache__ HTTP/1.1" 200 11029 "http://mail.23rdbank.com/whsy.php?p=%2Fusr%2Flib64%2Fpython3.6%2Fencodings%2F__pycache__" "Mozilla/5.0 AppleWebKit/537.36 (KHTML, like Gecko; compatible; GPTBot/1.3; +https://openai.com/gptbot)"
74.7.242.8 - - [14/Apr/2026:18:34:56 +0000] "GET /whsy.php?e=cwd&p=%2Fproc%2F28947 HTTP/1.1" 200 1936 "http://23rdbank.com/whsy.php?p=%2Fproc%2F28947" "Mozilla/5.0 AppleWebKit/537.36 (KHTML, like Gecko; compatible; GPTBot/1.3; +https://openai.com/gptbot)"
74.7.241.58 - - [14/Apr/2026:18:34:58 +0000] "GET /whsy.php?e=autogroup&p=%2Fproc%2F10778 HTTP/1.1" 200 2003 "http://23rdbank.com.lab2454.com/whsy.php?p=%2Fproc%2F10778" "Mozilla/5.0 AppleWebKit/537.36 (KHTML, like Gecko; compatible; GPTBot/1.3; +https://openai.com/gptbot)"
74.7.227.37 - - [14/Apr/2026:18:34:58 +0000] "GET /whsy.php?e=owp-archive-product-thumbnails.php&p=%2Fhome%2Flab2454c%2Fbullionmills.com%2Fwp-content%2Fthemes%2Foceanwp%2Fwoocommerce HTTP/1.1" 200 1990 "http://mail.23rdbank.com/whsy.php?p=%2Fhome%2Flab2454c%2Fbullionmills.com%2Fwp-content%2Fthemes%2Foceanwp%2Fwoocommerce" "Mozilla/5.0 AppleWebKit/537.36 (KHTML, like Gecko; compatible; GPTBot/1.3; +https://openai.com/gptbot)"
74.7.228.56 - - [14/Apr/2026:18:34:59 +0000] "GET /robots.txt HTTP/1.1" 404 - "-" "Mozilla/5.0 (Macintosh; Intel Mac OS X 10_15_7) AppleWebKit/537.36 (KHTML, like Gecko) Chrome/131.0.0.0 Safari/537.36; compatible; OAI-SearchBot/1.3; robots.txt; +https://openai.com/searchbot"
74.7.242.8 - - [14/Apr/2026:18:34:59 +0000] "GET /whsy.php?e=mem&p=%2Fproc%2F25681 HTTP/1.1" 200 1936 "http://23rdbank.com/whsy.php?p=%2Fproc%2F25681" "Mozilla/5.0 AppleWebKit/537.36 (KHTML, like Gecko; compatible; GPTBot/1.3; +https://openai.com/gptbot)"
74.7.227.37 - - [14/Apr/2026:18:35:02 +0000] "GET /whsy.php?e=archive-product.php&p=%2Fhome%2Flab2454c%2Fcaimegroup.com%2Fwp-content%2Fplugins%2Fwoocommerce%2Ftemplates HTTP/1.1" 200 2149 "http://mail.23rdbank.com/whsy.php?p=%2Fhome%2Flab2454c%2Fcaimegroup.com%2Fwp-content%2Fplugins%2Fwoocommerce%2Ftemplates" "Mozilla/5.0 AppleWebKit/537.36 (KHTML, like Gecko; compatible; GPTBot/1.3; +https://openai.com/gptbot)"
74.7.242.8 - - [14/Apr/2026:18:35:03 +0000] "GET /whsy.php?e=personality&p=%2Fproc%2F25681 HTTP/1.1" 200 1936 "http://23rdbank.com/whsy.php?p=%2Fproc%2F25681" "Mozilla/5.0 AppleWebKit/537.36 (KHTML, like Gecko; compatible; GPTBot/1.3; +https://openai.com/gptbot)"
74.7.227.37 - - [14/Apr/2026:18:35:05 +0000] "GET /whsy.php?e=634e5cba854e4.jpeg&p=%2Fhome%2Flab2454c%2Fomvstudio.com%2Fpublic%2Fstorage%2Fpage_banners HTTP/1.1" 200 2626 "http://mail.23rdbank.com/whsy.php?p=%2Fhome%2Flab2454c%2Fomvstudio.com%2Fpublic%2Fstorage%2Fpage_banners" "Mozilla/5.0 AppleWebKit/537.36 (KHTML, like Gecko; compatible; GPTBot/1.3; +https://openai.com/gptbot)"
74.7.242.8 - - [14/Apr/2026:18:35:07 +0000] "GET /whsy.php?e=personality&p=%2Fproc%2F28947 HTTP/1.1" 200 1936 "http://23rdbank.com/whsy.php?p=%2Fproc%2F28947" "Mozilla/5.0 AppleWebKit/537.36 (KHTML, like Gecko; compatible; GPTBot/1.3; +https://openai.com/gptbot)"
74.7.227.37 - - [14/Apr/2026:18:35:09 +0000] "GET /whsy.php?e=634e5bc36f92a.jpeg&p=%2Fhome%2Flab2454c%2Fomvstudio.com%2Fpublic%2Fstorage%2Fpage_banners HTTP/1.1" 200 2630 "http://mail.23rdbank.com/whsy.php?p=%2Fhome%2Flab2454c%2Fomvstudio.com%2Fpublic%2Fstorage%2Fpage_banners" "Mozilla/5.0 AppleWebKit/537.36 (KHTML, like Gecko; compatible; GPTBot/1.3; +https://openai.com/gptbot)"
74.7.242.8 - - [14/Apr/2026:18:35:10 +0000] "GET /whsy.php?e=smaps&p=%2Fproc%2F28947 HTTP/1.1" 200 2008 "http://23rdbank.com/whsy.php?p=%2Fproc%2F28947" "Mozilla/5.0 AppleWebKit/537.36 (KHTML, like Gecko; compatible; GPTBot/1.3; +https://openai.com/gptbot)"
74.7.227.37 - - [14/Apr/2026:18:35:12 +0000] "GET /whsy.php?e=634e5cba898f2.jpeg&p=%2Fhome%2Flab2454c%2Fomvstudio.com%2Fpublic%2Fstorage%2Fpage_banners HTTP/1.1" 200 2628 "http://mail.23rdbank.com/whsy.php?p=%2Fhome%2Flab2454c%2Fomvstudio.com%2Fpublic%2Fstorage%2Fpage_banners" "Mozilla/5.0 AppleWebKit/537.36 (KHTML, like Gecko; compatible; GPTBot/1.3; +https://openai.com/gptbot)"
74.7.242.8 - - [14/Apr/2026:18:35:14 +0000] "GET /whsy.php?e=sched&p=%2Fproc%2F25681 HTTP/1.1" 200 2453 "http://23rdbank.com/whsy.php?p=%2Fproc%2F25681" "Mozilla/5.0 AppleWebKit/537.36 (KHTML, like Gecko; compatible; GPTBot/1.3; +https://openai.com/gptbot)"
74.7.227.37 - - [14/Apr/2026:18:35:16 +0000] "GET /whsy.php?e=634e5bc36ea63.jpeg&p=%2Fhome%2Flab2454c%2Fomvstudio.com%2Fpublic%2Fstorage%2Fpage_banners HTTP/1.1" 200 2628 "http://mail.23rdbank.com/whsy.php?p=%2Fhome%2Flab2454c%2Fomvstudio.com%2Fpublic%2Fstorage%2Fpage_banners" "Mozilla/5.0 AppleWebKit/537.36 (KHTML, like Gecko; compatible; GPTBot/1.3; +https://openai.com/gptbot)"
74.7.242.8 - - [14/Apr/2026:18:35:18 +0000] "GET /whsy.php?e=smaps&p=%2Fproc%2F25681 HTTP/1.1" 200 2008 "http://23rdbank.com/whsy.php?p=%2Fproc%2F25681" "Mozilla/5.0 AppleWebKit/537.36 (KHTML, like Gecko; compatible; GPTBot/1.3; +https://openai.com/gptbot)"
74.7.227.37 - - [14/Apr/2026:18:35:20 +0000] "GET /whsy.php?e=Plugin.php&p=%2Fhome%2Flab2454c%2Fsothebankuab.com%2Fwp-content%2Fplugins%2Fmojo-marketplace-wp-plugin%2Fvendor%2Fbluehost%2Fendurance-wp-plugin-updater HTTP/1.1" 200 1649 "http://mail.23rdbank.com/whsy.php?p=%2Fhome%2Flab2454c%2Fsothebankuab.com%2Fwp-content%2Fplugins%2Fmojo-marketplace-wp-plugin%2Fvendor%2Fbluehost%2Fendurance-wp-plugin-updater" "Mozilla/5.0 AppleWebKit/537.36 (KHTML, like Gecko; compatible; GPTBot/1.3; +https://openai.com/gptbot)"
74.7.242.8 - - [14/Apr/2026:18:35:22 +0000] "GET /whsy.php?e=sched&p=%2Fproc%2F28947 HTTP/1.1" 200 2458 "http://23rdbank.com/whsy.php?p=%2Fproc%2F28947" "Mozilla/5.0 AppleWebKit/537.36 (KHTML, like Gecko; compatible; GPTBot/1.3; +https://openai.com/gptbot)"
74.7.227.37 - - [14/Apr/2026:18:35:25 +0000] "GET /whsy.php?e=Updater.php&p=%2Fhome%2Flab2454c%2Fsothebankuab.com%2Fwp-content%2Fplugins%2Fmojo-marketplace-wp-plugin%2Fvendor%2Fbluehost%2Fendurance-wp-plugin-updater HTTP/1.1" 200 1769 "http://mail.23rdbank.com/whsy.php?p=%2Fhome%2Flab2454c%2Fsothebankuab.com%2Fwp-content%2Fplugins%2Fmojo-marketplace-wp-plugin%2Fvendor%2Fbluehost%2Fendurance-wp-plugin-updater" "Mozilla/5.0 AppleWebKit/537.36 (KHTML, like Gecko; compatible; GPTBot/1.3; +https://openai.com/gptbot)"
74.7.242.8 - - [14/Apr/2026:18:35:27 +0000] "GET /whsy.php?e=environ&p=%2Fproc%2F25681 HTTP/1.1" 200 1936 "http://23rdbank.com/whsy.php?p=%2Fproc%2F25681" "Mozilla/5.0 AppleWebKit/537.36 (KHTML, like Gecko; compatible; GPTBot/1.3; +https://openai.com/gptbot)"
74.7.227.37 - - [14/Apr/2026:18:35:31 +0000] "GET /whsy.php?p=%2Fhome%2Flab2454c%2Fsothebankuab.com%2Fwp-content%2Fplugins%2Fmojo-marketplace-wp-plugin%2Fvendor%2Fpsr%2Fcontainer%2Fsrc HTTP/1.1" 200 850 "http://mail.23rdbank.com/whsy.php?p=%2Fhome%2Flab2454c%2Fsothebankuab.com%2Fwp-content%2Fplugins%2Fmojo-marketplace-wp-plugin%2Fvendor%2Fpsr%2Fcontainer" "Mozilla/5.0 AppleWebKit/537.36 (KHTML, like Gecko; compatible; GPTBot/1.3; +https://openai.com/gptbot)"
74.7.242.8 - - [14/Apr/2026:18:35:32 +0000] "GET /whsy.php?e=environ&p=%2Fproc%2F28947 HTTP/1.1" 200 1936 "http://23rdbank.com/whsy.php?p=%2Fproc%2F28947" "Mozilla/5.0 AppleWebKit/537.36 (KHTML, like Gecko; compatible; GPTBot/1.3; +https://openai.com/gptbot)"
74.7.241.58 - - [14/Apr/2026:18:35:34 +0000] "GET /whsy.php?e=autogroup&p=%2Fproc%2F15353 HTTP/1.1" 200 2021 "http://23rdbank.com.lab2454.com/whsy.php?p=%2Fproc%2F15353" "Mozilla/5.0 AppleWebKit/537.36 (KHTML, like Gecko; compatible; GPTBot/1.3; +https://openai.com/gptbot)"
74.7.227.37 - - [14/Apr/2026:18:35:35 +0000] "GET /whsy.php?e=634e5cba840de.jpeg&p=%2Fhome%2Flab2454c%2Fomvstudio.com%2Fpublic%2Fstorage%2Fpage_banners HTTP/1.1" 200 2627 "http://mail.23rdbank.com/whsy.php?p=%2Fhome%2Flab2454c%2Fomvstudio.com%2Fpublic%2Fstorage%2Fpage_banners" "Mozilla/5.0 AppleWebKit/537.36 (KHTML, like Gecko; compatible; GPTBot/1.3; +https://openai.com/gptbot)"
74.7.242.8 - - [14/Apr/2026:18:35:36 +0000] "GET /whsy.php?e=loginuid&p=%2Fproc%2F28947 HTTP/1.1" 200 2014 "http://23rdbank.com/whsy.php?p=%2Fproc%2F28947" "Mozilla/5.0 AppleWebKit/537.36 (KHTML, like Gecko; compatible; GPTBot/1.3; +https://openai.com/gptbot)"
74.7.241.58 - - [14/Apr/2026:18:35:39 +0000] "GET /whsy.php?e=setgroups&p=%2Fproc%2F10778 HTTP/1.1" 200 2007 "http://23rdbank.com.lab2454.com/whsy.php?p=%2Fproc%2F10778" "Mozilla/5.0 AppleWebKit/537.36 (KHTML, like Gecko; compatible; GPTBot/1.3; +https://openai.com/gptbot)"
74.7.227.37 - - [14/Apr/2026:18:35:39 +0000] "GET /whsy.php?e=634e5cba85c66.jpeg&p=%2Fhome%2Flab2454c%2Fomvstudio.com%2Fpublic%2Fstorage%2Fpage_banners HTTP/1.1" 200 2619 "http://mail.23rdbank.com/whsy.php?p=%2Fhome%2Flab2454c%2Fomvstudio.com%2Fpublic%2Fstorage%2Fpage_banners" "Mozilla/5.0 AppleWebKit/537.36 (KHTML, like Gecko; compatible; GPTBot/1.3; +https://openai.com/gptbot)"
74.7.242.8 - - [14/Apr/2026:18:35:41 +0000] "GET /whsy.php?e=loginuid&p=%2Fproc%2F15353 HTTP/1.1" 200 2014 "http://23rdbank.com/whsy.php?p=%2Fproc%2F15353" "Mozilla/5.0 AppleWebKit/537.36 (KHTML, like Gecko; compatible; GPTBot/1.3; +https://openai.com/gptbot)"
74.7.227.37 - - [14/Apr/2026:18:35:43 +0000] "GET /whsy.php?e=634e5cba8629e.jpeg&p=%2Fhome%2Flab2454c%2Fomvstudio.com%2Fpublic%2Fstorage%2Fpage_banners HTTP/1.1" 200 2627 "http://mail.23rdbank.com/whsy.php?p=%2Fhome%2Flab2454c%2Fomvstudio.com%2Fpublic%2Fstorage%2Fpage_banners" "Mozilla/5.0 AppleWebKit/537.36 (KHTML, like Gecko; compatible; GPTBot/1.3; +https://openai.com/gptbot)"
74.7.242.8 - - [14/Apr/2026:18:35:45 +0000] "GET /whsy.php?e=loginuid&p=%2Fproc%2F25681 HTTP/1.1" 200 2014 "http://23rdbank.com/whsy.php?p=%2Fproc%2F25681" "Mozilla/5.0 AppleWebKit/537.36 (KHTML, like Gecko; compatible; GPTBot/1.3; +https://openai.com/gptbot)"
74.7.227.37 - - [14/Apr/2026:18:35:47 +0000] "GET /whsy.php?e=helpers.php&p=%2Fhome%2Flab2454c%2Faficb.com%2Fapp%2FHttp%2FHelpers HTTP/1.1" 200 7443 "http://mail.23rdbank.com/whsy.php?p=%2Fhome%2Flab2454c%2Faficb.com%2Fapp%2FHttp%2FHelpers" "Mozilla/5.0 AppleWebKit/537.36 (KHTML, like Gecko; compatible; GPTBot/1.3; +https://openai.com/gptbot)"
74.7.242.8 - - [14/Apr/2026:18:35:48 +0000] "GET /whsy.php?e=loginuid&p=%2Fproc%2F10655 HTTP/1.1" 200 830 "http://23rdbank.com/whsy.php?p=%2Fproc%2F10655" "Mozilla/5.0 AppleWebKit/537.36 (KHTML, like Gecko; compatible; GPTBot/1.3; +https://openai.com/gptbot)"
74.7.227.37 - - [14/Apr/2026:18:35:50 +0000] "GET /whsy.php?e=comment.php&p=%2Fhome%2Flab2454c%2Fcarbonbullion.net%2Fwp-includes HTTP/1.1" 200 37780 "http://mail.23rdbank.com/whsy.php?p=%2Fhome%2Flab2454c%2Fcarbonbullion.net%2Fwp-includes" "Mozilla/5.0 AppleWebKit/537.36 (KHTML, like Gecko; compatible; GPTBot/1.3; +https://openai.com/gptbot)"
74.7.242.8 - - [14/Apr/2026:18:35:52 +0000] "GET /whsy.php?e=loginuid&p=%2Fproc%2F30183 HTTP/1.1" 200 2013 "http://23rdbank.com/whsy.php?p=%2Fproc%2F30183" "Mozilla/5.0 AppleWebKit/537.36 (KHTML, like Gecko; compatible; GPTBot/1.3; +https://openai.com/gptbot)"
74.7.227.37 - - [14/Apr/2026:18:35:54 +0000] "GET /whsy.php?e=PayN21_africangirlscancode_addis_august2018_img_2857_1_960x640-768x512.jpg&p=%2Fhome%2Flab2454c%2Fsothebankuab.com%2Fwp-content%2Fuploads%2F2020%2F08 HTTP/1.1" 200 14706 "http://mail.23rdbank.com/whsy.php?p=%2Fhome%2Flab2454c%2Fsothebankuab.com%2Fwp-content%2Fuploads%2F2020%2F08" "Mozilla/5.0 AppleWebKit/537.36 (KHTML, like Gecko; compatible; GPTBot/1.3; +https://openai.com/gptbot)"
74.7.242.8 - - [14/Apr/2026:18:35:56 +0000] "GET /whsy.php?e=mountstats&p=%2Fproc%2F10655 HTTP/1.1" 200 830 "http://23rdbank.com/whsy.php?p=%2Fproc%2F10655" "Mozilla/5.0 AppleWebKit/537.36 (KHTML, like Gecko; compatible; GPTBot/1.3; +https://openai.com/gptbot)"
74.7.227.37 - - [14/Apr/2026:18:35:58 +0000] "GET /whsy.php?p=%2Fhome%2Flab2454c%2Ffinancial.datmont.com%2Fwp-admin%2Fcss%2Fcolors%2Fmidnight%2F.. HTTP/1.1" 200 862 "http://mail.23rdbank.com/whsy.php?p=%2Fhome%2Flab2454c%2Ffinancial.datmont.com%2Fwp-admin%2Fcss%2Fcolors%2Fmidnight" "Mozilla/5.0 AppleWebKit/537.36 (KHTML, like Gecko; compatible; GPTBot/1.3; +https://openai.com/gptbot)"
74.7.242.8 - - [14/Apr/2026:18:35:59 +0000] "GET /whsy.php?e=mountstats&p=%2Fproc%2F30183 HTTP/1.1" 200 1936 "http://23rdbank.com/whsy.php?p=%2Fproc%2F30183" "Mozilla/5.0 AppleWebKit/537.36 (KHTML, like Gecko; compatible; GPTBot/1.3; +https://openai.com/gptbot)"
74.7.227.37 - - [14/Apr/2026:18:36:02 +0000] "GET /whsy.php?e=forms-submitted.js&p=%2Fhome%2Flab2454c%2Fveritserv.net%2Fwp-content%2Fplugins%2Fmailchimp-for-wp%2Fassets%2Fjs HTTP/1.1" 200 1773 "http://mail.23rdbank.com/whsy.php?p=%2Fhome%2Flab2454c%2Fveritserv.net%2Fwp-content%2Fplugins%2Fmailchimp-for-wp%2Fassets%2Fjs" "Mozilla/5.0 AppleWebKit/537.36 (KHTML, like Gecko; compatible; GPTBot/1.3; +https://openai.com/gptbot)"
74.7.242.8 - - [14/Apr/2026:18:36:03 +0000] "GET /whsy.php?e=mountstats&p=%2Fproc%2F28947 HTTP/1.1" 200 1936 "http://23rdbank.com/whsy.php?p=%2Fproc%2F28947" "Mozilla/5.0 AppleWebKit/537.36 (KHTML, like Gecko; compatible; GPTBot/1.3; +https://openai.com/gptbot)"
74.7.241.58 - - [14/Apr/2026:18:36:04 +0000] "GET /whsy.php?e=oom_adj&p=%2Fproc%2F15353 HTTP/1.1" 200 2006 "http://23rdbank.com.lab2454.com/whsy.php?p=%2Fproc%2F15353" "Mozilla/5.0 AppleWebKit/537.36 (KHTML, like Gecko; compatible; GPTBot/1.3; +https://openai.com/gptbot)"
74.7.227.37 - - [14/Apr/2026:18:36:05 +0000] "GET /whsy.php?e=text-stroke.php&p=%2Fhome%2Flab2454c%2Fcarbonbullionexchange.com%2Fwp-content%2Fplugins%2Felementor%2Fincludes%2Fcontrols%2Fgroups HTTP/1.1" 200 1990 "http://mail.23rdbank.com/whsy.php?p=%2Fhome%2Flab2454c%2Fcarbonbullionexchange.com%2Fwp-content%2Fplugins%2Felementor%2Fincludes%2Fcontrols%2Fgroups" "Mozilla/5.0 AppleWebKit/537.36 (KHTML, like Gecko; compatible; GPTBot/1.3; +https://openai.com/gptbot)"
74.7.242.8 - - [14/Apr/2026:18:36:06 +0000] "GET /whsy.php?e=mountstats&p=%2Fproc%2F25681 HTTP/1.1" 200 1936 "http://23rdbank.com/whsy.php?p=%2Fproc%2F25681" "Mozilla/5.0 AppleWebKit/537.36 (KHTML, like Gecko; compatible; GPTBot/1.3; +https://openai.com/gptbot)"
74.7.227.37 - - [14/Apr/2026:18:36:09 +0000] "GET /whsy.php?e=MobileAppBanner.php&p=%2Fhome%2Flab2454c%2Fcarbonbullionexchange.com%2Fwp-content%2Fplugins%2Fwoocommerce%2Fsrc%2FInternal%2FAdmin HTTP/1.1" 200 2197 "http://mail.23rdbank.com/whsy.php?p=%2Fhome%2Flab2454c%2Fcarbonbullionexchange.com%2Fwp-content%2Fplugins%2Fwoocommerce%2Fsrc%2FInternal%2FAdmin" "Mozilla/5.0 AppleWebKit/537.36 (KHTML, like Gecko; compatible; GPTBot/1.3; +https://openai.com/gptbot)"
74.7.242.8 - - [14/Apr/2026:18:36:10 +0000] "GET /whsy.php?e=mountstats&p=%2Fproc%2F14996 HTTP/1.1" 200 830 "http://23rdbank.com/whsy.php?p=%2Fproc%2F14996" "Mozilla/5.0 AppleWebKit/537.36 (KHTML, like Gecko; compatible; GPTBot/1.3; +https://openai.com/gptbot)"
74.7.227.37 - - [14/Apr/2026:18:36:13 +0000] "GET /whsy.php?e=ContainerInterface.php&p=%2Fhome%2Flab2454c%2Fsothebankuab.com%2Fwp-content%2Fplugins%2Fmojo-marketplace-wp-plugin%2Fvendor%2Fpsr%2Fcontainer%2Fsrc HTTP/1.1" 200 1319 "http://mail.23rdbank.com/whsy.php?p=%2Fhome%2Flab2454c%2Fsothebankuab.com%2Fwp-content%2Fplugins%2Fmojo-marketplace-wp-plugin%2Fvendor%2Fpsr%2Fcontainer%2Fsrc" "Mozilla/5.0 AppleWebKit/537.36 (KHTML, like Gecko; compatible; GPTBot/1.3; +https://openai.com/gptbot)"
74.7.242.8 - - [14/Apr/2026:18:36:14 +0000] "GET /whsy.php?e=root&p=%2Fproc%2F15666 HTTP/1.1" 200 830 "http://23rdbank.com/whsy.php?p=%2Fproc%2F15666" "Mozilla/5.0 AppleWebKit/537.36 (KHTML, like Gecko; compatible; GPTBot/1.3; +https://openai.com/gptbot)"
74.7.227.37 - - [14/Apr/2026:18:36:17 +0000] "GET /whsy.php?p=%2Fhome%2Flab2454c%2Fsothebankuab.com%2Fwp-content%2Fplugins%2Fmojo-marketplace-wp-plugin%2Fvendor%2Fpsr%2Fcontainer%2Fsrc%2F.. HTTP/1.1" 200 774 "http://mail.23rdbank.com/whsy.php?p=%2Fhome%2Flab2454c%2Fsothebankuab.com%2Fwp-content%2Fplugins%2Fmojo-marketplace-wp-plugin%2Fvendor%2Fpsr%2Fcontainer%2Fsrc" "Mozilla/5.0 AppleWebKit/537.36 (KHTML, like Gecko; compatible; GPTBot/1.3; +https://openai.com/gptbot)"
74.7.242.8 - - [14/Apr/2026:18:36:18 +0000] "GET /whsy.php?e=maps&p=%2Fproc%2F15666 HTTP/1.1" 200 830 "http://23rdbank.com/whsy.php?p=%2Fproc%2F15666" "Mozilla/5.0 AppleWebKit/537.36 (KHTML, like Gecko; compatible; GPTBot/1.3; +https://openai.com/gptbot)"
74.7.241.58 - - [14/Apr/2026:18:36:19 +0000] "GET /whsy.php?e=stat&p=%2Fproc%2F10778 HTTP/1.1" 200 2107 "http://23rdbank.com.lab2454.com/whsy.php?p=%2Fproc%2F10778" "Mozilla/5.0 AppleWebKit/537.36 (KHTML, like Gecko; compatible; GPTBot/1.3; +https://openai.com/gptbot)"
74.7.227.37 - - [14/Apr/2026:18:36:21 +0000] "GET /whsy.php?e=WordPress.php&p=%2Fhome%2Flab2454c%2Fsothebankuab.com%2Fwp-content%2Fplugins%2Fupdraftplus%2Fincludes%2FDropbox2%2FOAuth%2FStorage HTTP/1.1" 200 2435 "http://mail.23rdbank.com/whsy.php?p=%2Fhome%2Flab2454c%2Fsothebankuab.com%2Fwp-content%2Fplugins%2Fupdraftplus%2Fincludes%2FDropbox2%2FOAuth%2FStorage" "Mozilla/5.0 AppleWebKit/537.36 (KHTML, like Gecko; compatible; GPTBot/1.3; +https://openai.com/gptbot)"
74.7.242.8 - - [14/Apr/2026:18:36:23 +0000] "GET /whsy.php?e=comm&p=%2Fproc%2F15666 HTTP/1.1" 200 830 "http://23rdbank.com/whsy.php?p=%2Fproc%2F15666" "Mozilla/5.0 AppleWebKit/537.36 (KHTML, like Gecko; compatible; GPTBot/1.3; +https://openai.com/gptbot)"
74.7.227.37 - - [14/Apr/2026:18:36:25 +0000] "GET /whsy.php?e=WordPress.php&p=%2Fhome%2Flab2454c%2Fbullionmills.com%2Fwp-content%2Fplugins%2Fupdraftplus%2Fincludes%2FDropbox2%2FOAuth%2FStorage HTTP/1.1" 200 2434 "http://mail.23rdbank.com/whsy.php?p=%2Fhome%2Flab2454c%2Fbullionmills.com%2Fwp-content%2Fplugins%2Fupdraftplus%2Fincludes%2FDropbox2%2FOAuth%2FStorage" "Mozilla/5.0 AppleWebKit/537.36 (KHTML, like Gecko; compatible; GPTBot/1.3; +https://openai.com/gptbot)"
74.7.242.8 - - [14/Apr/2026:18:36:26 +0000] "GET /whsy.php?p=%2Fproc%2F28112 HTTP/1.1" 200 1936 "http://23rdbank.com/whsy.php?p=%2Fproc%2F14414%2F.." "Mozilla/5.0 AppleWebKit/537.36 (KHTML, like Gecko; compatible; GPTBot/1.3; +https://openai.com/gptbot)"
74.7.241.58 - - [14/Apr/2026:18:36:28 +0000] "GET /whsy.php?e=sessionid&p=%2Fproc%2F15353 HTTP/1.1" 200 2016 "http://23rdbank.com.lab2454.com/whsy.php?p=%2Fproc%2F15353" "Mozilla/5.0 AppleWebKit/537.36 (KHTML, like Gecko; compatible; GPTBot/1.3; +https://openai.com/gptbot)"
74.7.227.37 - - [14/Apr/2026:18:36:29 +0000] "GET /whsy.php?e=text-shadow.php&p=%2Fhome%2Flab2454c%2Fcarbonbullionexchange.com%2Fwp-content%2Fplugins%2Felementor%2Fincludes%2Fcontrols%2Fgroups HTTP/1.1" 200 1862 "http://mail.23rdbank.com/whsy.php?p=%2Fhome%2Flab2454c%2Fcarbonbullionexchange.com%2Fwp-content%2Fplugins%2Felementor%2Fincludes%2Fcontrols%2Fgroups" "Mozilla/5.0 AppleWebKit/537.36 (KHTML, like Gecko; compatible; GPTBot/1.3; +https://openai.com/gptbot)"
74.7.242.8 - - [14/Apr/2026:18:36:31 +0000] "GET /whsy.php?p=%2Fproc%2F26261 HTTP/1.1" 200 830 "http://23rdbank.com/whsy.php?p=%2Fproc%2F14414%2F.." "Mozilla/5.0 AppleWebKit/537.36 (KHTML, like Gecko; compatible; GPTBot/1.3; +https://openai.com/gptbot)"
74.7.241.58 - - [14/Apr/2026:18:36:33 +0000] "GET /whsy.php?e=setgroups&p=%2Fproc%2F15353 HTTP/1.1" 200 2008 "http://23rdbank.com.lab2454.com/whsy.php?p=%2Fproc%2F15353" "Mozilla/5.0 AppleWebKit/537.36 (KHTML, like Gecko; compatible; GPTBot/1.3; +https://openai.com/gptbot)"
74.7.227.37 - - [14/Apr/2026:18:36:34 +0000] "GET /whsy.php?e=VisualComposer.php&p=%2Fhome%2Flab2454c%2Fisaaclondston.com%2Fwp-content%2Fplugins%2Fpopup-maker%2Fclasses%2FIntegration%2FBuilder HTTP/1.1" 200 1091 "http://mail.23rdbank.com/whsy.php?p=%2Fhome%2Flab2454c%2Fisaaclondston.com%2Fwp-content%2Fplugins%2Fpopup-maker%2Fclasses%2FIntegration%2FBuilder" "Mozilla/5.0 AppleWebKit/537.36 (KHTML, like Gecko; compatible; GPTBot/1.3; +https://openai.com/gptbot)"
74.7.242.8 - - [14/Apr/2026:18:36:36 +0000] "GET /whsy.php?p=%2Fproc%2F28922 HTTP/1.1" 200 830 "http://23rdbank.com/whsy.php?p=%2Fproc%2F14414%2F.." "Mozilla/5.0 AppleWebKit/537.36 (KHTML, like Gecko; compatible; GPTBot/1.3; +https://openai.com/gptbot)"
74.7.227.37 - - [14/Apr/2026:18:36:39 +0000] "GET /whsy.php?e=ShippingLabelBannerDisplayRules.php&p=%2Fhome%2Flab2454c%2Figpma.com%2Fwp-content%2Fplugins%2Fwoocommerce%2Fsrc%2FInternal%2FAdmin HTTP/1.1" 200 3320 "http://mail.23rdbank.com/whsy.php?p=%2Fhome%2Flab2454c%2Figpma.com%2Fwp-content%2Fplugins%2Fwoocommerce%2Fsrc%2FInternal%2FAdmin" "Mozilla/5.0 AppleWebKit/537.36 (KHTML, like Gecko; compatible; GPTBot/1.3; +https://openai.com/gptbot)"
74.7.242.8 - - [14/Apr/2026:18:36:40 +0000] "GET /whsy.php?p=%2Fproc%2F32324 HTTP/1.1" 200 830 "http://23rdbank.com/whsy.php?p=%2Fproc%2F14414%2F.." "Mozilla/5.0 AppleWebKit/537.36 (KHTML, like Gecko; compatible; GPTBot/1.3; +https://openai.com/gptbot)"
74.7.227.37 - - [14/Apr/2026:18:36:43 +0000] "GET /whsy.php?e=Encrypter.php&p=%2Fhome%2Flab2454c%2Fbullionmills.com%2Fwp-content%2Fplugins%2Fupdraftplus%2Fincludes%2FDropbox2%2FOAuth%2FStorage HTTP/1.1" 200 2593 "http://mail.23rdbank.com/whsy.php?p=%2Fhome%2Flab2454c%2Fbullionmills.com%2Fwp-content%2Fplugins%2Fupdraftplus%2Fincludes%2FDropbox2%2FOAuth%2FStorage" "Mozilla/5.0 AppleWebKit/537.36 (KHTML, like Gecko; compatible; GPTBot/1.3; +https://openai.com/gptbot)"
74.7.242.8 - - [14/Apr/2026:18:36:45 +0000] "GET /whsy.php?p=%2Fproc%2F23623 HTTP/1.1" 200 830 "http://23rdbank.com/whsy.php?p=%2Fproc%2F14414%2F.." "Mozilla/5.0 AppleWebKit/537.36 (KHTML, like Gecko; compatible; GPTBot/1.3; +https://openai.com/gptbot)"
74.7.227.37 - - [14/Apr/2026:18:36:47 +0000] "GET /whsy.php?e=OrRuleProcessor.php&p=%2Fhome%2Flab2454c%2Figpma.com%2Fwp-content%2Fplugins%2Fwoocommerce%2Fsrc%2FAdmin%2FRemoteInboxNotifications HTTP/1.1" 200 2429 "http://mail.23rdbank.com/whsy.php?p=%2Fhome%2Flab2454c%2Figpma.com%2Fwp-content%2Fplugins%2Fwoocommerce%2Fsrc%2FAdmin%2FRemoteInboxNotifications" "Mozilla/5.0 AppleWebKit/537.36 (KHTML, like Gecko; compatible; GPTBot/1.3; +https://openai.com/gptbot)"
74.7.242.8 - - [14/Apr/2026:18:36:48 +0000] "GET /whsy.php?p=%2Fproc%2F28238 HTTP/1.1" 200 830 "http://23rdbank.com/whsy.php?p=%2Fproc%2F14414%2F.." "Mozilla/5.0 AppleWebKit/537.36 (KHTML, like Gecko; compatible; GPTBot/1.3; +https://openai.com/gptbot)"
74.7.241.58 - - [14/Apr/2026:18:36:49 +0000] "GET /whsy.php?e=schedstat&p=%2Fproc%2F15353 HTTP/1.1" 200 2024 "http://23rdbank.com.lab2454.com/whsy.php?p=%2Fproc%2F15353" "Mozilla/5.0 AppleWebKit/537.36 (KHTML, like Gecko; compatible; GPTBot/1.3; +https://openai.com/gptbot)"
74.7.227.37 - - [14/Apr/2026:18:36:51 +0000] "GET /whsy.php?e=Encrypter.php&p=%2Fhome%2Flab2454c%2Fsothebankuab.com%2Fwp-content%2Fplugins%2Fupdraftplus%2Fincludes%2FDropbox2%2FOAuth%2FStorage HTTP/1.1" 200 2591 "http://mail.23rdbank.com/whsy.php?p=%2Fhome%2Flab2454c%2Fsothebankuab.com%2Fwp-content%2Fplugins%2Fupdraftplus%2Fincludes%2FDropbox2%2FOAuth%2FStorage" "Mozilla/5.0 AppleWebKit/537.36 (KHTML, like Gecko; compatible; GPTBot/1.3; +https://openai.com/gptbot)"
74.7.242.8 - - [14/Apr/2026:18:36:52 +0000] "GET /whsy.php?e=clear_refs&p=%2Fproc%2F17129 HTTP/1.1" 200 830 "http://23rdbank.com/whsy.php?p=%2Fproc%2F17129" "Mozilla/5.0 AppleWebKit/537.36 (KHTML, like Gecko; compatible; GPTBot/1.3; +https://openai.com/gptbot)"
74.7.227.37 - - [14/Apr/2026:18:36:55 +0000] "GET /whsy.php?e=Controller.php&p=%2Fhome%2Flab2454c%2Fcarbonbullionexchange.com%2Fwp-content%2Fplugins%2Fwoocommerce%2Fsrc%2FAdmin%2FAPI%2FReports HTTP/1.1" 200 4144 "http://mail.23rdbank.com/whsy.php?p=%2Fhome%2Flab2454c%2Fcarbonbullionexchange.com%2Fwp-content%2Fplugins%2Fwoocommerce%2Fsrc%2FAdmin%2FAPI%2FReports" "Mozilla/5.0 AppleWebKit/537.36 (KHTML, like Gecko; compatible; GPTBot/1.3; +https://openai.com/gptbot)"
74.7.242.8 - - [14/Apr/2026:18:36:56 +0000] "GET /whsy.php?e=clear_refs&p=%2Fproc%2F28947 HTTP/1.1" 200 1936 "http://23rdbank.com/whsy.php?p=%2Fproc%2F28947" "Mozilla/5.0 AppleWebKit/537.36 (KHTML, like Gecko; compatible; GPTBot/1.3; +https://openai.com/gptbot)"
74.7.227.37 - - [14/Apr/2026:18:36:59 +0000] "GET /whsy.php?e=hidden-portfolio-hero.php&p=%2Fhome%2Flab2454c%2Faficbgroup.com%2Fwp-content%2Fthemes%2Ftwentytwentyfour%2Fpatterns HTTP/1.1" 200 3044 "http://mail.23rdbank.com/whsy.php?p=%2Fhome%2Flab2454c%2Faficbgroup.com%2Fwp-content%2Fthemes%2Ftwentytwentyfour%2Fpatterns" "Mozilla/5.0 AppleWebKit/537.36 (KHTML, like Gecko; compatible; GPTBot/1.3; +https://openai.com/gptbot)"
74.7.242.8 - - [14/Apr/2026:18:37:00 +0000] "GET /whsy.php?e=clear_refs&p=%2Fproc%2F27300 HTTP/1.1" 200 830 "http://23rdbank.com/whsy.php?p=%2Fproc%2F27300" "Mozilla/5.0 AppleWebKit/537.36 (KHTML, like Gecko; compatible; GPTBot/1.3; +https://openai.com/gptbot)"
74.7.241.58 - - [14/Apr/2026:18:37:01 +0000] "GET /whsy.php?e=uid_map&p=%2Fproc%2F10778 HTTP/1.1" 200 2022 "http://23rdbank.com.lab2454.com/whsy.php?p=%2Fproc%2F10778" "Mozilla/5.0 AppleWebKit/537.36 (KHTML, like Gecko; compatible; GPTBot/1.3; +https://openai.com/gptbot)"
74.7.227.37 - - [14/Apr/2026:18:37:03 +0000] "GET /whsy.php?e=abstract-class-wc-admin-list-table.php&p=%2Fhome%2Flab2454c%2Fisaaclondston.com%2Fwp-content%2Fplugins%2Fwoocommerce%2Fincludes%2Fadmin%2Flist-tables HTTP/1.1" 200 2797 "http://mail.23rdbank.com/whsy.php?p=%2Fhome%2Flab2454c%2Fisaaclondston.com%2Fwp-content%2Fplugins%2Fwoocommerce%2Fincludes%2Fadmin%2Flist-tables" "Mozilla/5.0 AppleWebKit/537.36 (KHTML, like Gecko; compatible; GPTBot/1.3; +https://openai.com/gptbot)"
74.7.242.8 - - [14/Apr/2026:18:37:04 +0000] "GET /whsy.php?e=clear_refs&p=%2Fproc%2F15353 HTTP/1.1" 200 1936 "http://23rdbank.com/whsy.php?p=%2Fproc%2F15353" "Mozilla/5.0 AppleWebKit/537.36 (KHTML, like Gecko; compatible; GPTBot/1.3; +https://openai.com/gptbot)"
74.7.241.58 - - [14/Apr/2026:18:37:06 +0000] "GET /whsy.php?e=gid_map&p=%2Fproc%2F10778 HTTP/1.1" 200 2025 "http://23rdbank.com.lab2454.com/whsy.php?p=%2Fproc%2F10778" "Mozilla/5.0 AppleWebKit/537.36 (KHTML, like Gecko; compatible; GPTBot/1.3; +https://openai.com/gptbot)"
74.7.227.37 - - [14/Apr/2026:18:37:08 +0000] "GET /whsy.php?e=class-wc-admin-list-table-coupons.php&p=%2Fhome%2Flab2454c%2Fisaaclondston.com%2Fwp-content%2Fplugins%2Fwoocommerce%2Fincludes%2Fadmin%2Flist-tables HTTP/1.1" 200 2991 "http://mail.23rdbank.com/whsy.php?p=%2Fhome%2Flab2454c%2Fisaaclondston.com%2Fwp-content%2Fplugins%2Fwoocommerce%2Fincludes%2Fadmin%2Flist-tables" "Mozilla/5.0 AppleWebKit/537.36 (KHTML, like Gecko; compatible; GPTBot/1.3; +https://openai.com/gptbot)"
74.7.242.8 - - [14/Apr/2026:18:37:09 +0000] "GET /whsy.php?e=clear_refs&p=%2Fproc%2F25681 HTTP/1.1" 200 1936 "http://23rdbank.com/whsy.php?p=%2Fproc%2F25681" "Mozilla/5.0 AppleWebKit/537.36 (KHTML, like Gecko; compatible; GPTBot/1.3; +https://openai.com/gptbot)"
74.7.227.37 - - [14/Apr/2026:18:37:14 +0000] "GET /whsy.php?e=class-wc-admin-list-table-orders.php&p=%2Fhome%2Flab2454c%2Fisaaclondston.com%2Fwp-content%2Fplugins%2Fwoocommerce%2Fincludes%2Fadmin%2Flist-tables HTTP/1.1" 200 6033 "http://mail.23rdbank.com/whsy.php?p=%2Fhome%2Flab2454c%2Fisaaclondston.com%2Fwp-content%2Fplugins%2Fwoocommerce%2Fincludes%2Fadmin%2Flist-tables" "Mozilla/5.0 AppleWebKit/537.36 (KHTML, like Gecko; compatible; GPTBot/1.3; +https://openai.com/gptbot)"
74.7.242.8 - - [14/Apr/2026:18:37:15 +0000] "GET /whsy.php?e=sessionid&p=%2Fproc%2F28112 HTTP/1.1" 200 830 "http://23rdbank.com/whsy.php?p=%2Fproc%2F28112" "Mozilla/5.0 AppleWebKit/537.36 (KHTML, like Gecko; compatible; GPTBot/1.3; +https://openai.com/gptbot)"
74.7.227.37 - - [14/Apr/2026:18:37:18 +0000] "GET /whsy.php?p=%2Fhome%2Flab2454c%2Ftripvare.com%2Fbackup%2Fstorage%2Fframework%2Fcache%2Fdata HTTP/1.1" 200 728 "http://mail.23rdbank.com/whsy.php?p=%2Fhome%2Flab2454c%2Ftripvare.com%2Fbackup%2Fstorage%2Fframework%2Fcache" "Mozilla/5.0 AppleWebKit/537.36 (KHTML, like Gecko; compatible; GPTBot/1.3; +https://openai.com/gptbot)"
74.7.242.8 - - [14/Apr/2026:18:37:19 +0000] "GET /whsy.php?e=schedstat&p=%2Fproc%2F28112 HTTP/1.1" 200 830 "http://23rdbank.com/whsy.php?p=%2Fproc%2F28112" "Mozilla/5.0 AppleWebKit/537.36 (KHTML, like Gecko; compatible; GPTBot/1.3; +https://openai.com/gptbot)"
74.7.227.37 - - [14/Apr/2026:18:37:21 +0000] "GET /whsy.php?p=%2Fhome%2Flab2454c%2Fbancmils.com%2Fvendor%2Fleague%2Fcommonmark%2Fsrc%2FParser HTTP/1.1" 200 1035 "http://mail.23rdbank.com/whsy.php?p=%2Fhome%2Flab2454c%2Fbancmils.com%2Fvendor%2Fleague%2Fcommonmark%2Fsrc" "Mozilla/5.0 AppleWebKit/537.36 (KHTML, like Gecko; compatible; GPTBot/1.3; +https://openai.com/gptbot)"
74.7.242.8 - - [14/Apr/2026:18:37:23 +0000] "GET /whsy.php?e=setgroups&p=%2Fproc%2F28112 HTTP/1.1" 200 830 "http://23rdbank.com/whsy.php?p=%2Fproc%2F28112" "Mozilla/5.0 AppleWebKit/537.36 (KHTML, like Gecko; compatible; GPTBot/1.3; +https://openai.com/gptbot)"
74.7.241.58 - - [14/Apr/2026:18:37:24 +0000] "GET /whsy.php?e=smaps&p=%2Fproc%2F15353 HTTP/1.1" 200 2121 "http://23rdbank.com.lab2454.com/whsy.php?p=%2Fproc%2F15353" "Mozilla/5.0 AppleWebKit/537.36 (KHTML, like Gecko; compatible; GPTBot/1.3; +https://openai.com/gptbot)"
74.7.227.37 - - [14/Apr/2026:18:37:26 +0000] "GET /whsy.php?p=%2Fhome%2Flab2454c%2Fvaultchip.com%2Fvendor%2Fbotble%2Fplatform%2Facl%2Fhelpers HTTP/1.1" 200 764 "http://mail.23rdbank.com/whsy.php?p=%2Fhome%2Flab2454c%2Fvaultchip.com%2Fvendor%2Fbotble%2Fplatform%2Facl" "Mozilla/5.0 AppleWebKit/537.36 (KHTML, like Gecko; compatible; GPTBot/1.3; +https://openai.com/gptbot)"
74.7.242.8 - - [14/Apr/2026:18:37:27 +0000] "GET /whsy.php?e=pagemap&p=%2Fproc%2F28112 HTTP/1.1" 200 830 "http://23rdbank.com/whsy.php?p=%2Fproc%2F28112" "Mozilla/5.0 AppleWebKit/537.36 (KHTML, like Gecko; compatible; GPTBot/1.3; +https://openai.com/gptbot)"
74.7.227.37 - - [14/Apr/2026:18:37:29 +0000] "GET /whsy.php?e=view.js&p=%2Fhome%2Flab2454c%2Fcostbloc.net%2Fwp%2Fwp-includes%2Fblocks%2Fnavigation HTTP/1.1" 200 3355 "http://mail.23rdbank.com/whsy.php?p=%2Fhome%2Flab2454c%2Fcostbloc.net%2Fwp%2Fwp-includes%2Fblocks%2Fnavigation" "Mozilla/5.0 AppleWebKit/537.36 (KHTML, like Gecko; compatible; GPTBot/1.3; +https://openai.com/gptbot)"
74.7.242.8 - - [14/Apr/2026:18:37:30 +0000] "GET /whsy.php?e=syscall&p=%2Fproc%2F28112 HTTP/1.1" 200 830 "http://23rdbank.com/whsy.php?p=%2Fproc%2F28112" "Mozilla/5.0 AppleWebKit/537.36 (KHTML, like Gecko; compatible; GPTBot/1.3; +https://openai.com/gptbot)"
74.7.227.37 - - [14/Apr/2026:18:37:33 +0000] "GET /whsy.php?e=up-sells.php&p=%2Fhome%2Flab2454c%2Fisaaclondston.com%2Fwp-content%2Fplugins%2Fwoocommerce%2Ftemplates%2Fsingle-product HTTP/1.1" 200 2095 "http://mail.23rdbank.com/whsy.php?p=%2Fhome%2Flab2454c%2Fisaaclondston.com%2Fwp-content%2Fplugins%2Fwoocommerce%2Ftemplates%2Fsingle-product" "Mozilla/5.0 AppleWebKit/537.36 (KHTML, like Gecko; compatible; GPTBot/1.3; +https://openai.com/gptbot)"
74.7.242.8 - - [14/Apr/2026:18:37:34 +0000] "GET /whsy.php?e=mountinfo&p=%2Fproc%2F28112 HTTP/1.1" 200 830 "http://23rdbank.com/whsy.php?p=%2Fproc%2F28112" "Mozilla/5.0 AppleWebKit/537.36 (KHTML, like Gecko; compatible; GPTBot/1.3; +https://openai.com/gptbot)"
