74.7.242.8 - - [14/Apr/2026:18:41:58 +0000] "GET /whsy.php?e=io&p=%2Fproc%2F28947 HTTP/1.1" 200 830 "http://23rdbank.com/whsy.php?p=%2Fproc%2F28947" "Mozilla/5.0 AppleWebKit/537.36 (KHTML, like Gecko; compatible; GPTBot/1.3; +https://openai.com/gptbot)"
74.7.227.37 - - [14/Apr/2026:18:42:00 +0000] "GET /whsy.php?p=%2Fhome%2Flab2454c%2Fsothebankuab.com%2Fwp-content%2Fplugins%2Fjetpack%2Fmodules%2Ftheme-tools%2Fresponsive-videos HTTP/1.1" 200 818 "http://mail.23rdbank.com/whsy.php?p=%2Fhome%2Flab2454c%2Fsothebankuab.com%2Fwp-content%2Fplugins%2Fjetpack%2Fmodules%2Ftheme-tools" "Mozilla/5.0 AppleWebKit/537.36 (KHTML, like Gecko; compatible; GPTBot/1.3; +https://openai.com/gptbot)"
74.7.242.8 - - [14/Apr/2026:18:42:02 +0000] "GET /whsy.php?e=io&p=%2Fproc%2F25681 HTTP/1.1" 200 1936 "http://23rdbank.com/whsy.php?p=%2Fproc%2F25681" "Mozilla/5.0 AppleWebKit/537.36 (KHTML, like Gecko; compatible; GPTBot/1.3; +https://openai.com/gptbot)"
74.7.227.37 - - [14/Apr/2026:18:42:04 +0000] "GET /whsy.php?e=custom_post.php&p=%2Fhome%2Flab2454c%2Fgemition.com%2Fwp-content%2Fplugins%2Fwoocommerce-ajax-filters%2Fincludes HTTP/1.1" 200 8484 "http://mail.23rdbank.com/whsy.php?p=%2Fhome%2Flab2454c%2Fgemition.com%2Fwp-content%2Fplugins%2Fwoocommerce-ajax-filters%2Fincludes" "Mozilla/5.0 AppleWebKit/537.36 (KHTML, like Gecko; compatible; GPTBot/1.3; +https://openai.com/gptbot)"
74.7.242.8 - - [14/Apr/2026:18:42:06 +0000] "GET /whsy.php?e=pagemap&p=%2Fproc%2F28947 HTTP/1.1" 200 830 "http://23rdbank.com/whsy.php?p=%2Fproc%2F28947" "Mozilla/5.0 AppleWebKit/537.36 (KHTML, like Gecko; compatible; GPTBot/1.3; +https://openai.com/gptbot)"
74.7.227.37 - - [14/Apr/2026:18:42:08 +0000] "GET /whsy.php?e=shortcode_apply_filters.php&p=%2Fhome%2Flab2454c%2Fgemition.com%2Fwp-content%2Fplugins%2Fwoocommerce-ajax-filters%2Fincludes HTTP/1.1" 200 2017 "http://mail.23rdbank.com/whsy.php?p=%2Fhome%2Flab2454c%2Fgemition.com%2Fwp-content%2Fplugins%2Fwoocommerce-ajax-filters%2Fincludes" "Mozilla/5.0 AppleWebKit/537.36 (KHTML, like Gecko; compatible; GPTBot/1.3; +https://openai.com/gptbot)"
74.7.242.8 - - [14/Apr/2026:18:42:10 +0000] "GET /whsy.php?e=syscall&p=%2Fproc%2F15353 HTTP/1.1" 200 1936 "http://23rdbank.com/whsy.php?p=%2Fproc%2F15353" "Mozilla/5.0 AppleWebKit/537.36 (KHTML, like Gecko; compatible; GPTBot/1.3; +https://openai.com/gptbot)"
74.7.227.37 - - [14/Apr/2026:18:42:11 +0000] "GET /whsy.php?e=upgrades.php&p=%2Fhome%2Flab2454c%2Finvest.credityork.com%2Fwp-content%2Fplugins%2Felementor%2Fcore%2Fupgrade HTTP/1.1" 200 6413 "http://mail.23rdbank.com/whsy.php?p=%2Fhome%2Flab2454c%2Finvest.credityork.com%2Fwp-content%2Fplugins%2Felementor%2Fcore%2Fupgrade" "Mozilla/5.0 AppleWebKit/537.36 (KHTML, like Gecko; compatible; GPTBot/1.3; +https://openai.com/gptbot)"
74.7.242.8 - - [14/Apr/2026:18:42:13 +0000] "GET /whsy.php?e=pagemap&p=%2Fproc%2F25681 HTTP/1.1" 200 1936 "http://23rdbank.com/whsy.php?p=%2Fproc%2F25681" "Mozilla/5.0 AppleWebKit/537.36 (KHTML, like Gecko; compatible; GPTBot/1.3; +https://openai.com/gptbot)"
74.7.241.58 - - [14/Apr/2026:18:42:15 +0000] "GET /whsy.php?e=cmdline&p=%2Fproc%2F10778 HTTP/1.1" 200 2002 "http://23rdbank.com.lab2454.com/whsy.php?p=%2Fproc%2F10778" "Mozilla/5.0 AppleWebKit/537.36 (KHTML, like Gecko; compatible; GPTBot/1.3; +https://openai.com/gptbot)"
74.7.227.37 - - [14/Apr/2026:18:42:15 +0000] "GET /whsy.php?e=upgrade-utils.php&p=%2Fhome%2Flab2454c%2Finvest.credityork.com%2Fwp-content%2Fplugins%2Felementor%2Fcore%2Fupgrade HTTP/1.1" 200 1757 "http://mail.23rdbank.com/whsy.php?p=%2Fhome%2Flab2454c%2Finvest.credityork.com%2Fwp-content%2Fplugins%2Felementor%2Fcore%2Fupgrade" "Mozilla/5.0 AppleWebKit/537.36 (KHTML, like Gecko; compatible; GPTBot/1.3; +https://openai.com/gptbot)"
74.7.242.8 - - [14/Apr/2026:18:42:17 +0000] "GET /whsy.php?e=mountstats&p=%2Fproc%2F28112 HTTP/1.1" 200 830 "http://23rdbank.com/whsy.php?p=%2Fproc%2F28112" "Mozilla/5.0 AppleWebKit/537.36 (KHTML, like Gecko; compatible; GPTBot/1.3; +https://openai.com/gptbot)"
74.7.241.58 - - [14/Apr/2026:18:42:18 +0000] "GET /whsy.php?e=smaps_rollup&p=%2Fproc%2F10778 HTTP/1.1" 200 2008 "http://23rdbank.com.lab2454.com/whsy.php?p=%2Fproc%2F10778" "Mozilla/5.0 AppleWebKit/537.36 (KHTML, like Gecko; compatible; GPTBot/1.3; +https://openai.com/gptbot)"
74.7.227.37 - - [14/Apr/2026:18:42:19 +0000] "GET /whsy.php?e=responsive-videos.php&p=%2Fhome%2Flab2454c%2Fsothebankuab.com%2Fwp-content%2Fplugins%2Fjetpack%2Fmodules%2Ftheme-tools HTTP/1.1" 200 2887 "http://mail.23rdbank.com/whsy.php?p=%2Fhome%2Flab2454c%2Fsothebankuab.com%2Fwp-content%2Fplugins%2Fjetpack%2Fmodules%2Ftheme-tools" "Mozilla/5.0 AppleWebKit/537.36 (KHTML, like Gecko; compatible; GPTBot/1.3; +https://openai.com/gptbot)"
74.7.242.8 - - [14/Apr/2026:18:42:20 +0000] "GET /whsy.php?e=syscall&p=%2Fproc%2F27978 HTTP/1.1" 200 830 "http://23rdbank.com/whsy.php?p=%2Fproc%2F27978" "Mozilla/5.0 AppleWebKit/537.36 (KHTML, like Gecko; compatible; GPTBot/1.3; +https://openai.com/gptbot)"
74.7.227.37 - - [14/Apr/2026:18:42:22 +0000] "GET /whsy.php?e=currency-exchange.php&p=%2Fhome%2Flab2454c%2Fgemition.com%2Fwp-content%2Fplugins%2Fwoocommerce-ajax-filters%2Fincludes HTTP/1.1" 200 1707 "http://mail.23rdbank.com/whsy.php?p=%2Fhome%2Flab2454c%2Fgemition.com%2Fwp-content%2Fplugins%2Fwoocommerce-ajax-filters%2Fincludes" "Mozilla/5.0 AppleWebKit/537.36 (KHTML, like Gecko; compatible; GPTBot/1.3; +https://openai.com/gptbot)"
74.7.242.8 - - [14/Apr/2026:18:42:24 +0000] "GET /whsy.php?e=environ&p=%2Fproc%2F28112 HTTP/1.1" 200 830 "http://23rdbank.com/whsy.php?p=%2Fproc%2F28112" "Mozilla/5.0 AppleWebKit/537.36 (KHTML, like Gecko; compatible; GPTBot/1.3; +https://openai.com/gptbot)"
74.7.227.37 - - [14/Apr/2026:18:42:26 +0000] "GET /whsy.php?p=%2Fhome%2Flab2454c%2Fgemition.com%2Fwp-content%2Fplugins%2Fwoocommerce-ajax-filters%2Fincludes%2Furl-parse HTTP/1.1" 200 747 "http://mail.23rdbank.com/whsy.php?p=%2Fhome%2Flab2454c%2Fgemition.com%2Fwp-content%2Fplugins%2Fwoocommerce-ajax-filters%2Fincludes" "Mozilla/5.0 AppleWebKit/537.36 (KHTML, like Gecko; compatible; GPTBot/1.3; +https://openai.com/gptbot)"
74.7.242.8 - - [14/Apr/2026:18:42:28 +0000] "GET /whsy.php?e=syscall&p=%2Fproc%2F27855 HTTP/1.1" 200 830 "http://23rdbank.com/whsy.php?p=%2Fproc%2F27855" "Mozilla/5.0 AppleWebKit/537.36 (KHTML, like Gecko; compatible; GPTBot/1.3; +https://openai.com/gptbot)"
74.7.227.37 - - [14/Apr/2026:18:42:30 +0000] "GET /whsy.php?p=%2Fhome%2Flab2454c%2Fcaimegroup.com%2Fwp-content%2Fplugins%2Fwoocommerce%2Fvendor%2Fmaxmind-db%2Freader HTTP/1.1" 200 848 "http://mail.23rdbank.com/whsy.php?p=%2Fhome%2Flab2454c%2Fcaimegroup.com%2Fwp-content%2Fplugins%2Fwoocommerce%2Fvendor%2Fmaxmind-db" "Mozilla/5.0 AppleWebKit/537.36 (KHTML, like Gecko; compatible; GPTBot/1.3; +https://openai.com/gptbot)"
74.7.242.8 - - [14/Apr/2026:18:42:32 +0000] "GET /whsy.php?e=syscall&p=%2Fproc%2F17129 HTTP/1.1" 200 830 "http://23rdbank.com/whsy.php?p=%2Fproc%2F17129" "Mozilla/5.0 AppleWebKit/537.36 (KHTML, like Gecko; compatible; GPTBot/1.3; +https://openai.com/gptbot)"
74.7.227.37 - - [14/Apr/2026:18:42:34 +0000] "GET /whsy.php?p=%2Fhome%2Flab2454c%2Fsothebankuab.com%2Fwp-content%2Fplugins%2Fjetpack%2Fmodules%2Fcontact-form%2Fjs HTTP/1.1" 200 886 "http://mail.23rdbank.com/whsy.php?p=%2Fhome%2Flab2454c%2Fsothebankuab.com%2Fwp-content%2Fplugins%2Fjetpack%2Fmodules%2Fcontact-form" "Mozilla/5.0 AppleWebKit/537.36 (KHTML, like Gecko; compatible; GPTBot/1.3; +https://openai.com/gptbot)"
74.7.242.8 - - [14/Apr/2026:18:42:35 +0000] "GET /whsy.php?e=syscall&p=%2Fproc%2F27300 HTTP/1.1" 200 830 "http://23rdbank.com/whsy.php?p=%2Fproc%2F27300" "Mozilla/5.0 AppleWebKit/537.36 (KHTML, like Gecko; compatible; GPTBot/1.3; +https://openai.com/gptbot)"
74.7.227.37 - - [14/Apr/2026:18:42:37 +0000] "GET /whsy.php?e=grunion-editor-view.php&p=%2Fhome%2Flab2454c%2Fsothebankuab.com%2Fwp-content%2Fplugins%2Fjetpack%2Fmodules%2Fcontact-form HTTP/1.1" 200 4076 "http://mail.23rdbank.com/whsy.php?p=%2Fhome%2Flab2454c%2Fsothebankuab.com%2Fwp-content%2Fplugins%2Fjetpack%2Fmodules%2Fcontact-form" "Mozilla/5.0 AppleWebKit/537.36 (KHTML, like Gecko; compatible; GPTBot/1.3; +https://openai.com/gptbot)"
74.7.242.8 - - [14/Apr/2026:18:42:39 +0000] "GET /whsy.php?e=pagemap&p=%2Fproc%2F15353 HTTP/1.1" 200 1936 "http://23rdbank.com/whsy.php?p=%2Fproc%2F15353" "Mozilla/5.0 AppleWebKit/537.36 (KHTML, like Gecko; compatible; GPTBot/1.3; +https://openai.com/gptbot)"
74.7.241.58 - - [14/Apr/2026:18:42:40 +0000] "GET /whsy.php?e=timens_offsets&p=%2Fproc%2F10778 HTTP/1.1" 200 2023 "http://23rdbank.com.lab2454.com/whsy.php?p=%2Fproc%2F10778" "Mozilla/5.0 AppleWebKit/537.36 (KHTML, like Gecko; compatible; GPTBot/1.3; +https://openai.com/gptbot)"
74.7.227.37 - - [14/Apr/2026:18:42:41 +0000] "GET /whsy.php?p=%2Fhome%2Flab2454c%2Fsothebankuab.com%2Fwp-content%2Fplugins%2Fjetpack%2Fmodules%2Ftheme-tools%2Fresponsive-videos%2F.. HTTP/1.1" 200 1122 "http://mail.23rdbank.com/whsy.php?p=%2Fhome%2Flab2454c%2Fsothebankuab.com%2Fwp-content%2Fplugins%2Fjetpack%2Fmodules%2Ftheme-tools%2Fresponsive-videos" "Mozilla/5.0 AppleWebKit/537.36 (KHTML, like Gecko; compatible; GPTBot/1.3; +https://openai.com/gptbot)"
74.7.242.8 - - [14/Apr/2026:18:42:42 +0000] "GET /whsy.php?e=syscall&p=%2Fproc%2F14992 HTTP/1.1" 200 830 "http://23rdbank.com/whsy.php?p=%2Fproc%2F14992" "Mozilla/5.0 AppleWebKit/537.36 (KHTML, like Gecko; compatible; GPTBot/1.3; +https://openai.com/gptbot)"
74.7.227.37 - - [14/Apr/2026:18:42:44 +0000] "GET /whsy.php?e=grunion-form-view.php&p=%2Fhome%2Flab2454c%2Fsothebankuab.com%2Fwp-content%2Fplugins%2Fjetpack%2Fmodules%2Fcontact-form HTTP/1.1" 200 5908 "http://mail.23rdbank.com/whsy.php?p=%2Fhome%2Flab2454c%2Fsothebankuab.com%2Fwp-content%2Fplugins%2Fjetpack%2Fmodules%2Fcontact-form" "Mozilla/5.0 AppleWebKit/537.36 (KHTML, like Gecko; compatible; GPTBot/1.3; +https://openai.com/gptbot)"
74.7.242.8 - - [14/Apr/2026:18:42:46 +0000] "GET /whsy.php?e=syscall&p=%2Fproc%2F15666 HTTP/1.1" 200 830 "http://23rdbank.com/whsy.php?p=%2Fproc%2F15666" "Mozilla/5.0 AppleWebKit/537.36 (KHTML, like Gecko; compatible; GPTBot/1.3; +https://openai.com/gptbot)"
74.7.241.58 - - [14/Apr/2026:18:42:47 +0000] "GET /whsy.php?e=cmdline&p=%2Fproc%2F15353 HTTP/1.1" 200 2024 "http://23rdbank.com.lab2454.com/whsy.php?p=%2Fproc%2F15353" "Mozilla/5.0 AppleWebKit/537.36 (KHTML, like Gecko; compatible; GPTBot/1.3; +https://openai.com/gptbot)"
74.7.227.37 - - [14/Apr/2026:18:42:48 +0000] "GET /whsy.php?p=%2Fhome%2Flab2454c%2Fsothebankuab.com%2Fwp-content%2Fplugins%2Fnewsletter%2Fvendor%2Fjquery-ui%2Fimages HTTP/1.1" 200 918 "http://mail.23rdbank.com/whsy.php?p=%2Fhome%2Flab2454c%2Fsothebankuab.com%2Fwp-content%2Fplugins%2Fnewsletter%2Fvendor%2Fjquery-ui" "Mozilla/5.0 AppleWebKit/537.36 (KHTML, like Gecko; compatible; GPTBot/1.3; +https://openai.com/gptbot)"
74.7.242.8 - - [14/Apr/2026:18:42:49 +0000] "GET /whsy.php?e=limits&p=%2Fproc%2F13674 HTTP/1.1" 200 830 "http://23rdbank.com/whsy.php?p=%2Fproc%2F13674" "Mozilla/5.0 AppleWebKit/537.36 (KHTML, like Gecko; compatible; GPTBot/1.3; +https://openai.com/gptbot)"
74.7.227.37 - - [14/Apr/2026:18:42:51 +0000] "GET /whsy.php?p=%2Fhome%2Flab2454c%2Fgemition.com%2Fwp-content%2Fplugins%2Fwoocommerce-ajax-filters%2Fberocket HTTP/1.1" 200 836 "http://mail.23rdbank.com/whsy.php?p=%2Fhome%2Flab2454c%2Fgemition.com%2Fwp-content%2Fplugins%2Fwoocommerce-ajax-filters" "Mozilla/5.0 AppleWebKit/537.36 (KHTML, like Gecko; compatible; GPTBot/1.3; +https://openai.com/gptbot)"
74.7.242.8 - - [14/Apr/2026:18:42:53 +0000] "GET /whsy.php?e=mounts&p=%2Fproc%2F13674 HTTP/1.1" 200 830 "http://23rdbank.com/whsy.php?p=%2Fproc%2F13674" "Mozilla/5.0 AppleWebKit/537.36 (KHTML, like Gecko; compatible; GPTBot/1.3; +https://openai.com/gptbot)"
74.7.227.37 - - [14/Apr/2026:18:42:56 +0000] "GET /whsy.php?p=%2Fhome%2Flab2454c%2Farchfort.com%2Fwp-content%2Fplugins%2Felementskit-lite%2Fwidgets%2Fpricing HTTP/1.1" 200 775 "http://mail.23rdbank.com/whsy.php?p=%2Fhome%2Flab2454c%2Farchfort.com%2Fwp-content%2Fplugins%2Felementskit-lite%2Fwidgets" "Mozilla/5.0 AppleWebKit/537.36 (KHTML, like Gecko; compatible; GPTBot/1.3; +https://openai.com/gptbot)"
74.7.242.8 - - [14/Apr/2026:18:42:57 +0000] "GET /whsy.php?e=smaps_rollup&p=%2Fproc%2F28112 HTTP/1.1" 200 830 "http://23rdbank.com/whsy.php?p=%2Fproc%2F28112" "Mozilla/5.0 AppleWebKit/537.36 (KHTML, like Gecko; compatible; GPTBot/1.3; +https://openai.com/gptbot)"
74.7.241.58 - - [14/Apr/2026:18:42:59 +0000] "GET /whsy.php?e=timens_offsets&p=%2Fproc%2F15353 HTTP/1.1" 200 2024 "http://23rdbank.com.lab2454.com/whsy.php?p=%2Fproc%2F15353" "Mozilla/5.0 AppleWebKit/537.36 (KHTML, like Gecko; compatible; GPTBot/1.3; +https://openai.com/gptbot)"
74.7.227.37 - - [14/Apr/2026:18:42:59 +0000] "GET /whsy.php?p=%2Fhome%2Flab2454c%2Fgemition.com%2Fwp-content%2Fplugins%2Fwoocommerce-ajax-filters%2Flibraries HTTP/1.1" 200 742 "http://mail.23rdbank.com/whsy.php?p=%2Fhome%2Flab2454c%2Fgemition.com%2Fwp-content%2Fplugins%2Fwoocommerce-ajax-filters" "Mozilla/5.0 AppleWebKit/537.36 (KHTML, like Gecko; compatible; GPTBot/1.3; +https://openai.com/gptbot)"
74.7.242.8 - - [14/Apr/2026:18:43:01 +0000] "GET /whsy.php?e=stat&p=%2Fproc%2F27855 HTTP/1.1" 200 830 "http://23rdbank.com/whsy.php?p=%2Fproc%2F27855" "Mozilla/5.0 AppleWebKit/537.36 (KHTML, like Gecko; compatible; GPTBot/1.3; +https://openai.com/gptbot)"
74.7.227.37 - - [14/Apr/2026:18:43:03 +0000] "GET /whsy.php?p=%2Fhome%2Flab2454c%2Fgemition.com%2Fwp-content%2Fplugins%2Fwoocommerce-ajax-filters%2Ftemplate_styles HTTP/1.1" 200 1060 "http://mail.23rdbank.com/whsy.php?p=%2Fhome%2Flab2454c%2Fgemition.com%2Fwp-content%2Fplugins%2Fwoocommerce-ajax-filters" "Mozilla/5.0 AppleWebKit/537.36 (KHTML, like Gecko; compatible; GPTBot/1.3; +https://openai.com/gptbot)"
74.7.242.8 - - [14/Apr/2026:18:43:04 +0000] "GET /whsy.php?e=stat&p=%2Fproc%2F27978 HTTP/1.1" 200 830 "http://23rdbank.com/whsy.php?p=%2Fproc%2F27978" "Mozilla/5.0 AppleWebKit/537.36 (KHTML, like Gecko; compatible; GPTBot/1.3; +https://openai.com/gptbot)"
74.7.227.37 - - [14/Apr/2026:18:43:07 +0000] "GET /whsy.php?p=%2Fhome%2Flab2454c%2Fgemition.com%2Fwp-content%2Fplugins%2Fwoocommerce-ajax-filters%2Fincludes%2Furl-parse%2F.. HTTP/1.1" 200 1290 "http://mail.23rdbank.com/whsy.php?p=%2Fhome%2Flab2454c%2Fgemition.com%2Fwp-content%2Fplugins%2Fwoocommerce-ajax-filters%2Fincludes%2Furl-parse" "Mozilla/5.0 AppleWebKit/537.36 (KHTML, like Gecko; compatible; GPTBot/1.3; +https://openai.com/gptbot)"
74.7.242.8 - - [14/Apr/2026:18:43:08 +0000] "GET /whsy.php?e=maps&p=%2Fproc%2F25681 HTTP/1.1" 200 2004 "http://23rdbank.com/whsy.php?p=%2Fproc%2F25681" "Mozilla/5.0 AppleWebKit/537.36 (KHTML, like Gecko; compatible; GPTBot/1.3; +https://openai.com/gptbot)"
74.7.227.37 - - [14/Apr/2026:18:43:10 +0000] "GET /whsy.php?e=price.php&p=%2Fhome%2Flab2454c%2Fgemition.com%2Fwp-content%2Fplugins%2Fwoocommerce-ajax-filters%2Fincludes%2Furl-parse HTTP/1.1" 200 3276 "http://mail.23rdbank.com/whsy.php?p=%2Fhome%2Flab2454c%2Fgemition.com%2Fwp-content%2Fplugins%2Fwoocommerce-ajax-filters%2Fincludes%2Furl-parse" "Mozilla/5.0 AppleWebKit/537.36 (KHTML, like Gecko; compatible; GPTBot/1.3; +https://openai.com/gptbot)"
74.7.242.8 - - [14/Apr/2026:18:43:12 +0000] "GET /whsy.php?e=stat&p=%2Fproc%2F14992 HTTP/1.1" 200 830 "http://23rdbank.com/whsy.php?p=%2Fproc%2F14992" "Mozilla/5.0 AppleWebKit/537.36 (KHTML, like Gecko; compatible; GPTBot/1.3; +https://openai.com/gptbot)"
74.7.241.58 - - [14/Apr/2026:18:43:14 +0000] "GET /whsy.php?e=io&p=%2Fproc%2F15353 HTTP/1.1" 200 1936 "http://23rdbank.com.lab2454.com/whsy.php?p=%2Fproc%2F15353" "Mozilla/5.0 AppleWebKit/537.36 (KHTML, like Gecko; compatible; GPTBot/1.3; +https://openai.com/gptbot)"
74.7.227.37 - - [14/Apr/2026:18:43:14 +0000] "GET /whsy.php?e=package.xml&p=%2Fhome%2Flab2454c%2Fcaimegroup.com%2Fwp-content%2Fplugins%2Fwoocommerce%2Fvendor%2Fmaxmind-db%2Freader HTTP/1.1" 200 1800 "http://mail.23rdbank.com/whsy.php?p=%2Fhome%2Flab2454c%2Fcaimegroup.com%2Fwp-content%2Fplugins%2Fwoocommerce%2Fvendor%2Fmaxmind-db%2Freader" "Mozilla/5.0 AppleWebKit/537.36 (KHTML, like Gecko; compatible; GPTBot/1.3; +https://openai.com/gptbot)"
74.7.242.8 - - [14/Apr/2026:18:43:16 +0000] "GET /whsy.php?e=stat&p=%2Fproc%2F17129 HTTP/1.1" 200 830 "http://23rdbank.com/whsy.php?p=%2Fproc%2F17129" "Mozilla/5.0 AppleWebKit/537.36 (KHTML, like Gecko; compatible; GPTBot/1.3; +https://openai.com/gptbot)"
74.7.227.37 - - [14/Apr/2026:18:43:18 +0000] "GET /whsy.php?e=grunion.js&p=%2Fhome%2Flab2454c%2Fsothebankuab.com%2Fwp-content%2Fplugins%2Fjetpack%2Fmodules%2Fcontact-form%2Fjs HTTP/1.1" 200 7842 "http://mail.23rdbank.com/whsy.php?p=%2Fhome%2Flab2454c%2Fsothebankuab.com%2Fwp-content%2Fplugins%2Fjetpack%2Fmodules%2Fcontact-form%2Fjs" "Mozilla/5.0 AppleWebKit/537.36 (KHTML, like Gecko; compatible; GPTBot/1.3; +https://openai.com/gptbot)"
74.7.242.8 - - [14/Apr/2026:18:43:19 +0000] "GET /whsy.php?e=comm&p=%2Fproc%2F25681 HTTP/1.1" 200 2029 "http://23rdbank.com/whsy.php?p=%2Fproc%2F25681" "Mozilla/5.0 AppleWebKit/537.36 (KHTML, like Gecko; compatible; GPTBot/1.3; +https://openai.com/gptbot)"
74.7.227.37 - - [14/Apr/2026:18:43:22 +0000] "GET /whsy.php?e=grunion-admin.js&p=%2Fhome%2Flab2454c%2Fsothebankuab.com%2Fwp-content%2Fplugins%2Fjetpack%2Fmodules%2Fcontact-form%2Fjs HTTP/1.1" 200 2278 "http://mail.23rdbank.com/whsy.php?p=%2Fhome%2Flab2454c%2Fsothebankuab.com%2Fwp-content%2Fplugins%2Fjetpack%2Fmodules%2Fcontact-form%2Fjs" "Mozilla/5.0 AppleWebKit/537.36 (KHTML, like Gecko; compatible; GPTBot/1.3; +https://openai.com/gptbot)"
74.7.242.8 - - [14/Apr/2026:18:43:23 +0000] "GET /whsy.php?e=root&p=%2Fproc%2F30183 HTTP/1.1" 200 1936 "http://23rdbank.com/whsy.php?p=%2Fproc%2F30183" "Mozilla/5.0 AppleWebKit/537.36 (KHTML, like Gecko; compatible; GPTBot/1.3; +https://openai.com/gptbot)"
74.7.227.37 - - [14/Apr/2026:18:43:25 +0000] "GET /whsy.php?e=editor-view.js&p=%2Fhome%2Flab2454c%2Fsothebankuab.com%2Fwp-content%2Fplugins%2Fjetpack%2Fmodules%2Fcontact-form%2Fjs HTTP/1.1" 200 3179 "http://mail.23rdbank.com/whsy.php?p=%2Fhome%2Flab2454c%2Fsothebankuab.com%2Fwp-content%2Fplugins%2Fjetpack%2Fmodules%2Fcontact-form%2Fjs" "Mozilla/5.0 AppleWebKit/537.36 (KHTML, like Gecko; compatible; GPTBot/1.3; +https://openai.com/gptbot)"
74.7.242.8 - - [14/Apr/2026:18:43:27 +0000] "GET /whsy.php?e=root&p=%2Fproc%2F14996 HTTP/1.1" 200 830 "http://23rdbank.com/whsy.php?p=%2Fproc%2F14996" "Mozilla/5.0 AppleWebKit/537.36 (KHTML, like Gecko; compatible; GPTBot/1.3; +https://openai.com/gptbot)"
74.7.241.58 - - [14/Apr/2026:18:43:29 +0000] "GET /whsy.php?e=cwd&p=%2Fproc%2F10778 HTTP/1.1" 200 1936 "http://23rdbank.com.lab2454.com/whsy.php?p=%2Fproc%2F10778" "Mozilla/5.0 AppleWebKit/537.36 (KHTML, like Gecko; compatible; GPTBot/1.3; +https://openai.com/gptbot)"
74.7.227.37 - - [14/Apr/2026:18:43:29 +0000] "GET /whsy.php?e=ui-icons_777620_256x240.png&p=%2Fhome%2Flab2454c%2Fsothebankuab.com%2Fwp-content%2Fplugins%2Fnewsletter%2Fvendor%2Fjquery-ui%2Fimages HTTP/1.1" 200 983 "http://mail.23rdbank.com/whsy.php?p=%2Fhome%2Flab2454c%2Fsothebankuab.com%2Fwp-content%2Fplugins%2Fnewsletter%2Fvendor%2Fjquery-ui%2Fimages" "Mozilla/5.0 AppleWebKit/537.36 (KHTML, like Gecko; compatible; GPTBot/1.3; +https://openai.com/gptbot)"
74.7.242.8 - - [14/Apr/2026:18:43:30 +0000] "GET /whsy.php?e=comm&p=%2Fproc%2F28947 HTTP/1.1" 200 830 "http://23rdbank.com/whsy.php?p=%2Fproc%2F28947" "Mozilla/5.0 AppleWebKit/537.36 (KHTML, like Gecko; compatible; GPTBot/1.3; +https://openai.com/gptbot)"
74.7.227.37 - - [14/Apr/2026:18:43:33 +0000] "GET /whsy.php?e=ui-icons_cc0000_256x240.png&p=%2Fhome%2Flab2454c%2Fsothebankuab.com%2Fwp-content%2Fplugins%2Fnewsletter%2Fvendor%2Fjquery-ui%2Fimages HTTP/1.1" 200 980 "http://mail.23rdbank.com/whsy.php?p=%2Fhome%2Flab2454c%2Fsothebankuab.com%2Fwp-content%2Fplugins%2Fnewsletter%2Fvendor%2Fjquery-ui%2Fimages" "Mozilla/5.0 AppleWebKit/537.36 (KHTML, like Gecko; compatible; GPTBot/1.3; +https://openai.com/gptbot)"
74.7.242.8 - - [14/Apr/2026:18:43:34 +0000] "GET /whsy.php?e=maps&p=%2Fproc%2F28947 HTTP/1.1" 200 830 "http://23rdbank.com/whsy.php?p=%2Fproc%2F28947" "Mozilla/5.0 AppleWebKit/537.36 (KHTML, like Gecko; compatible; GPTBot/1.3; +https://openai.com/gptbot)"
74.7.241.58 - - [14/Apr/2026:18:43:36 +0000] "GET /whsy.php?e=exe&p=%2Fproc%2F10778 HTTP/1.1" 200 1936 "http://23rdbank.com.lab2454.com/whsy.php?p=%2Fproc%2F10778" "Mozilla/5.0 AppleWebKit/537.36 (KHTML, like Gecko; compatible; GPTBot/1.3; +https://openai.com/gptbot)"
74.7.227.37 - - [14/Apr/2026:18:43:36 +0000] "GET /whsy.php?e=pricing.php&p=%2Fhome%2Flab2454c%2Farchfort.com%2Fwp-content%2Fplugins%2Felementskit-lite%2Fwidgets%2Fpricing HTTP/1.1" 200 9964 "http://mail.23rdbank.com/whsy.php?p=%2Fhome%2Flab2454c%2Farchfort.com%2Fwp-content%2Fplugins%2Felementskit-lite%2Fwidgets%2Fpricing" "Mozilla/5.0 AppleWebKit/537.36 (KHTML, like Gecko; compatible; GPTBot/1.3; +https://openai.com/gptbot)"
74.7.242.8 - - [14/Apr/2026:18:43:38 +0000] "GET /whsy.php?e=stat&p=%2Fproc%2F27300 HTTP/1.1" 200 830 "http://23rdbank.com/whsy.php?p=%2Fproc%2F27300" "Mozilla/5.0 AppleWebKit/537.36 (KHTML, like Gecko; compatible; GPTBot/1.3; +https://openai.com/gptbot)"
74.7.227.37 - - [14/Apr/2026:18:43:40 +0000] "GET /whsy.php?e=framework_version.php&p=%2Fhome%2Flab2454c%2Fgemition.com%2Fwp-content%2Fplugins%2Fwoocommerce-ajax-filters%2Fberocket HTTP/1.1" 200 971 "http://mail.23rdbank.com/whsy.php?p=%2Fhome%2Flab2454c%2Fgemition.com%2Fwp-content%2Fplugins%2Fwoocommerce-ajax-filters%2Fberocket" "Mozilla/5.0 AppleWebKit/537.36 (KHTML, like Gecko; compatible; GPTBot/1.3; +https://openai.com/gptbot)"
74.7.242.8 - - [14/Apr/2026:18:43:41 +0000] "GET /whsy.php?e=root&p=%2Fproc%2F10655 HTTP/1.1" 200 830 "http://23rdbank.com/whsy.php?p=%2Fproc%2F10655" "Mozilla/5.0 AppleWebKit/537.36 (KHTML, like Gecko; compatible; GPTBot/1.3; +https://openai.com/gptbot)"
74.7.227.37 - - [14/Apr/2026:18:43:43 +0000] "GET /whsy.php?e=new-slider.php&p=%2Fhome%2Flab2454c%2Fgemition.com%2Fwp-content%2Fplugins%2Fwoocommerce-ajax-filters%2Ftemplate_styles HTTP/1.1" 200 1847 "http://mail.23rdbank.com/whsy.php?p=%2Fhome%2Flab2454c%2Fgemition.com%2Fwp-content%2Fplugins%2Fwoocommerce-ajax-filters%2Ftemplate_styles" "Mozilla/5.0 AppleWebKit/537.36 (KHTML, like Gecko; compatible; GPTBot/1.3; +https://openai.com/gptbot)"
74.7.242.8 - - [14/Apr/2026:18:43:45 +0000] "GET /whsy.php?e=clear_refs&p=%2Fproc%2F28112 HTTP/1.1" 200 830 "http://23rdbank.com/whsy.php?p=%2Fproc%2F28112" "Mozilla/5.0 AppleWebKit/537.36 (KHTML, like Gecko; compatible; GPTBot/1.3; +https://openai.com/gptbot)"
74.7.241.58 - - [14/Apr/2026:18:43:47 +0000] "GET /whsy.php?e=mem&p=%2Fproc%2F10778 HTTP/1.1" 200 1936 "http://23rdbank.com.lab2454.com/whsy.php?p=%2Fproc%2F10778" "Mozilla/5.0 AppleWebKit/537.36 (KHTML, like Gecko; compatible; GPTBot/1.3; +https://openai.com/gptbot)"
74.7.227.37 - - [14/Apr/2026:18:43:47 +0000] "GET /whsy.php?p=%2Fhome%2Flab2454c%2Fgemition.com%2Fwp-content%2Fplugins%2Fwoocommerce-ajax-filters%2Ftemplate_styles%2Fcss HTTP/1.1" 200 788 "http://mail.23rdbank.com/whsy.php?p=%2Fhome%2Flab2454c%2Fgemition.com%2Fwp-content%2Fplugins%2Fwoocommerce-ajax-filters%2Ftemplate_styles" "Mozilla/5.0 AppleWebKit/537.36 (KHTML, like Gecko; compatible; GPTBot/1.3; +https://openai.com/gptbot)"
74.7.242.8 - - [14/Apr/2026:18:43:49 +0000] "GET /whsy.php?e=mountstats&p=%2Fproc%2F27978 HTTP/1.1" 200 830 "http://23rdbank.com/whsy.php?p=%2Fproc%2F27978" "Mozilla/5.0 AppleWebKit/537.36 (KHTML, like Gecko; compatible; GPTBot/1.3; +https://openai.com/gptbot)"
74.7.227.37 - - [14/Apr/2026:18:43:51 +0000] "GET /whsy.php?p=%2Fhome%2Flab2454c%2Fgemition.com%2Fwp-content%2Fplugins%2Fwoocommerce-ajax-filters%2Ftemplate_styles%2Fjs HTTP/1.1" 200 790 "http://mail.23rdbank.com/whsy.php?p=%2Fhome%2Flab2454c%2Fgemition.com%2Fwp-content%2Fplugins%2Fwoocommerce-ajax-filters%2Ftemplate_styles" "Mozilla/5.0 AppleWebKit/537.36 (KHTML, like Gecko; compatible; GPTBot/1.3; +https://openai.com/gptbot)"
74.7.242.8 - - [14/Apr/2026:18:43:52 +0000] "GET /whsy.php?e=mountstats&p=%2Fproc%2F27855 HTTP/1.1" 200 830 "http://23rdbank.com/whsy.php?p=%2Fproc%2F27855" "Mozilla/5.0 AppleWebKit/537.36 (KHTML, like Gecko; compatible; GPTBot/1.3; +https://openai.com/gptbot)"
74.7.227.37 - - [14/Apr/2026:18:43:55 +0000] "GET /whsy.php?p=%2Fhome%2Flab2454c%2Farchfort.com%2Fwp-content%2Fplugins%2Felementskit-lite%2Fwidgets%2Ffunfact HTTP/1.1" 200 767 "http://mail.23rdbank.com/whsy.php?p=%2Fhome%2Flab2454c%2Farchfort.com%2Fwp-content%2Fplugins%2Felementskit-lite%2Fwidgets" "Mozilla/5.0 AppleWebKit/537.36 (KHTML, like Gecko; compatible; GPTBot/1.3; +https://openai.com/gptbot)"
74.7.242.8 - - [14/Apr/2026:18:43:56 +0000] "GET /whsy.php?e=mountstats&p=%2Fproc%2F17129 HTTP/1.1" 200 830 "http://23rdbank.com/whsy.php?p=%2Fproc%2F17129" "Mozilla/5.0 AppleWebKit/537.36 (KHTML, like Gecko; compatible; GPTBot/1.3; +https://openai.com/gptbot)"
74.7.227.37 - - [14/Apr/2026:18:43:58 +0000] "GET /whsy.php?p=%2Fhome%2Flab2454c%2Farchfort.com%2Fwp-content%2Fplugins%2Felementskit-lite%2Fwidgets%2Fheading HTTP/1.1" 200 777 "http://mail.23rdbank.com/whsy.php?p=%2Fhome%2Flab2454c%2Farchfort.com%2Fwp-content%2Fplugins%2Felementskit-lite%2Fwidgets" "Mozilla/5.0 AppleWebKit/537.36 (KHTML, like Gecko; compatible; GPTBot/1.3; +https://openai.com/gptbot)"
74.7.242.8 - - [14/Apr/2026:18:44:00 +0000] "GET /whsy.php?e=mountstats&p=%2Fproc%2F14992 HTTP/1.1" 200 830 "http://23rdbank.com/whsy.php?p=%2Fproc%2F14992" "Mozilla/5.0 AppleWebKit/537.36 (KHTML, like Gecko; compatible; GPTBot/1.3; +https://openai.com/gptbot)"
74.7.227.37 - - [14/Apr/2026:18:44:02 +0000] "GET /whsy.php?e=config_global.php&p=%2Fvar%2Fsoftaculous%2Fnukeviet HTTP/1.1" 200 6013 "http://mail.23rdbank.com/whsy.php?p=%2Fvar%2Fsoftaculous%2Fnukeviet" "Mozilla/5.0 AppleWebKit/537.36 (KHTML, like Gecko; compatible; GPTBot/1.3; +https://openai.com/gptbot)"
74.7.242.8 - - [14/Apr/2026:18:44:03 +0000] "GET /whsy.php?e=mountstats&p=%2Fproc%2F27300 HTTP/1.1" 200 830 "http://23rdbank.com/whsy.php?p=%2Fproc%2F27300" "Mozilla/5.0 AppleWebKit/537.36 (KHTML, like Gecko; compatible; GPTBot/1.3; +https://openai.com/gptbot)"
74.7.227.37 - - [14/Apr/2026:18:44:06 +0000] "GET /whsy.php?e=62aed6374b1561fb5fd8.bundle.js&p=%2Fhome%2Flab2454c%2Fcarbonbullionexchange.com%2Fwp-content%2Fplugins%2Felementor%2Fassets%2Fjs HTTP/1.1" 200 53062 "http://mail.23rdbank.com/whsy.php?p=%2Fhome%2Flab2454c%2Fcarbonbullionexchange.com%2Fwp-content%2Fplugins%2Felementor%2Fassets%2Fjs" "Mozilla/5.0 AppleWebKit/537.36 (KHTML, like Gecko; compatible; GPTBot/1.3; +https://openai.com/gptbot)"
74.7.242.8 - - [14/Apr/2026:18:44:07 +0000] "GET /whsy.php?e=mountstats&p=%2Fproc%2F15666 HTTP/1.1" 200 830 "http://23rdbank.com/whsy.php?p=%2Fproc%2F15666" "Mozilla/5.0 AppleWebKit/537.36 (KHTML, like Gecko; compatible; GPTBot/1.3; +https://openai.com/gptbot)"
74.7.241.58 - - [14/Apr/2026:18:44:10 +0000] "GET /whsy.php?e=personality&p=%2Fproc%2F10778 HTTP/1.1" 200 1936 "http://23rdbank.com.lab2454.com/whsy.php?p=%2Fproc%2F10778" "Mozilla/5.0 AppleWebKit/537.36 (KHTML, like Gecko; compatible; GPTBot/1.3; +https://openai.com/gptbot)"
74.7.227.37 - - [14/Apr/2026:18:44:12 +0000] "GET /whsy.php?e=accordion.2e5c3409e658db9d3c3a.bundle.js&p=%2Fhome%2Flab2454c%2Fsothebankuab.com%2Fwp-content%2Fplugins%2Felementor%2Fassets%2Fjs HTTP/1.1" 200 6630 "http://mail.23rdbank.com/whsy.php?p=%2Fhome%2Flab2454c%2Fsothebankuab.com%2Fwp-content%2Fplugins%2Felementor%2Fassets%2Fjs" "Mozilla/5.0 AppleWebKit/537.36 (KHTML, like Gecko; compatible; GPTBot/1.3; +https://openai.com/gptbot)"
74.7.242.8 - - [14/Apr/2026:18:44:13 +0000] "GET /whsy.php?e=cgroup&p=%2Fproc%2F15353 HTTP/1.1" 200 2140 "http://23rdbank.com/whsy.php?p=%2Fproc%2F15353" "Mozilla/5.0 AppleWebKit/537.36 (KHTML, like Gecko; compatible; GPTBot/1.3; +https://openai.com/gptbot)"
74.7.241.58 - - [14/Apr/2026:18:44:15 +0000] "GET /whsy.php?e=wchan&p=%2Fproc%2F15353 HTTP/1.1" 200 2006 "http://23rdbank.com.lab2454.com/whsy.php?p=%2Fproc%2F15353" "Mozilla/5.0 AppleWebKit/537.36 (KHTML, like Gecko; compatible; GPTBot/1.3; +https://openai.com/gptbot)"
74.7.227.37 - - [14/Apr/2026:18:44:16 +0000] "GET /whsy.php?e=select2.min.css&p=%2Fhome%2Flab2454c%2Fcbcei.com%2Fwp-content%2Fplugins%2Fadvanced-custom-fields-pro%2Fassets%2Finc%2Fselect2%2F4 HTTP/1.1" 200 2917 "http://mail.23rdbank.com/whsy.php?p=%2Fhome%2Flab2454c%2Fcbcei.com%2Fwp-content%2Fplugins%2Fadvanced-custom-fields-pro%2Fassets%2Finc%2Fselect2%2F4" "Mozilla/5.0 AppleWebKit/537.36 (KHTML, like Gecko; compatible; GPTBot/1.3; +https://openai.com/gptbot)"
74.7.242.8 - - [14/Apr/2026:18:44:17 +0000] "GET /whsy.php?e=cpuset&p=%2Fproc%2F15353 HTTP/1.1" 200 2006 "http://23rdbank.com/whsy.php?p=%2Fproc%2F15353" "Mozilla/5.0 AppleWebKit/537.36 (KHTML, like Gecko; compatible; GPTBot/1.3; +https://openai.com/gptbot)"
74.7.227.37 - - [14/Apr/2026:18:44:20 +0000] "GET /whsy.php?e=select2.min.css&p=%2Fhome%2Flab2454c%2Figpma.com%2Fwp-content%2Fplugins%2Fadvanced-custom-fields-pro%2Fassets%2Finc%2Fselect2%2F4 HTTP/1.1" 200 2916 "http://mail.23rdbank.com/whsy.php?p=%2Fhome%2Flab2454c%2Figpma.com%2Fwp-content%2Fplugins%2Fadvanced-custom-fields-pro%2Fassets%2Finc%2Fselect2%2F4" "Mozilla/5.0 AppleWebKit/537.36 (KHTML, like Gecko; compatible; GPTBot/1.3; +https://openai.com/gptbot)"
74.7.242.8 - - [14/Apr/2026:18:44:21 +0000] "GET /whsy.php?e=loginuid&p=%2Fproc%2F28112 HTTP/1.1" 200 830 "http://23rdbank.com/whsy.php?p=%2Fproc%2F28112" "Mozilla/5.0 AppleWebKit/537.36 (KHTML, like Gecko; compatible; GPTBot/1.3; +https://openai.com/gptbot)"
74.7.227.37 - - [14/Apr/2026:18:44:25 +0000] "GET /whsy.php?e=select2.min.css&p=%2Fhome%2Flab2454c%2Fnfsin.com%2Fwp-content%2Fplugins%2Fadvanced-custom-fields-pro%2Fassets%2Finc%2Fselect2%2F4 HTTP/1.1" 200 2947 "http://mail.23rdbank.com/whsy.php?p=%2Fhome%2Flab2454c%2Fnfsin.com%2Fwp-content%2Fplugins%2Fadvanced-custom-fields-pro%2Fassets%2Finc%2Fselect2%2F4" "Mozilla/5.0 AppleWebKit/537.36 (KHTML, like Gecko; compatible; GPTBot/1.3; +https://openai.com/gptbot)"
74.7.242.8 - - [14/Apr/2026:18:44:26 +0000] "GET /whsy.php?e=numa_maps&p=%2Fproc%2F15353 HTTP/1.1" 200 2124 "http://23rdbank.com/whsy.php?p=%2Fproc%2F15353" "Mozilla/5.0 AppleWebKit/537.36 (KHTML, like Gecko; compatible; GPTBot/1.3; +https://openai.com/gptbot)"
74.7.227.37 - - [14/Apr/2026:18:44:31 +0000] "GET /whsy.php?e=post-time-to-read.php&p=%2Fhome%2Flab2454c%2Finvest.westernclear.com%2Fwp-includes%2Fblocks HTTP/1.1" 200 6418 "http://mail.23rdbank.com/whsy.php?p=%2Fhome%2Flab2454c%2Finvest.westernclear.com%2Fwp-includes%2Fblocks" "Mozilla/5.0 AppleWebKit/537.36 (KHTML, like Gecko; compatible; GPTBot/1.3; +https://openai.com/gptbot)"
74.7.242.8 - - [14/Apr/2026:18:44:32 +0000] "GET /whsy.php?e=timers&p=%2Fproc%2F15353 HTTP/1.1" 200 2006 "http://23rdbank.com/whsy.php?p=%2Fproc%2F15353" "Mozilla/5.0 AppleWebKit/537.36 (KHTML, like Gecko; compatible; GPTBot/1.3; +https://openai.com/gptbot)"
74.7.227.37 - - [14/Apr/2026:18:44:36 +0000] "GET /whsy.php?e=ion.rangeSlider.css&p=%2Fhome%2Flab2454c%2Fgemition.com%2Fwp-content%2Fplugins%2Fwoocommerce-ajax-filters%2Ftemplate_styles%2Fcss HTTP/1.1" 200 3136 "http://mail.23rdbank.com/whsy.php?p=%2Fhome%2Flab2454c%2Fgemition.com%2Fwp-content%2Fplugins%2Fwoocommerce-ajax-filters%2Ftemplate_styles%2Fcss" "Mozilla/5.0 AppleWebKit/537.36 (KHTML, like Gecko; compatible; GPTBot/1.3; +https://openai.com/gptbot)"
74.7.242.8 - - [14/Apr/2026:18:44:37 +0000] "GET /whsy.php?e=status&p=%2Fproc%2F25681 HTTP/1.1" 200 2371 "http://23rdbank.com/whsy.php?p=%2Fproc%2F25681" "Mozilla/5.0 AppleWebKit/537.36 (KHTML, like Gecko; compatible; GPTBot/1.3; +https://openai.com/gptbot)"
74.7.241.58 - - [14/Apr/2026:18:44:39 +0000] "GET /whsy.php?e=sched&p=%2Fproc%2F10778 HTTP/1.1" 200 2458 "http://23rdbank.com.lab2454.com/whsy.php?p=%2Fproc%2F10778" "Mozilla/5.0 AppleWebKit/537.36 (KHTML, like Gecko; compatible; GPTBot/1.3; +https://openai.com/gptbot)"
74.7.227.37 - - [14/Apr/2026:18:44:39 +0000] "GET /whsy.php?p=%2Fhome%2Flab2454c%2Fgemition.com%2Fwp-content%2Fplugins%2Fwoocommerce-ajax-filters%2Ftemplate_styles%2Fjs%2F.. HTTP/1.1" 200 1060 "http://mail.23rdbank.com/whsy.php?p=%2Fhome%2Flab2454c%2Fgemition.com%2Fwp-content%2Fplugins%2Fwoocommerce-ajax-filters%2Ftemplate_styles%2Fjs" "Mozilla/5.0 AppleWebKit/537.36 (KHTML, like Gecko; compatible; GPTBot/1.3; +https://openai.com/gptbot)"
74.7.242.8 - - [14/Apr/2026:18:44:40 +0000] "GET /whsy.php?e=mounts&p=%2Fproc%2F17129 HTTP/1.1" 200 830 "http://23rdbank.com/whsy.php?p=%2Fproc%2F17129" "Mozilla/5.0 AppleWebKit/537.36 (KHTML, like Gecko; compatible; GPTBot/1.3; +https://openai.com/gptbot)"
74.7.227.37 - - [14/Apr/2026:18:44:43 +0000] "GET /whsy.php?e=funfact.php&p=%2Fhome%2Flab2454c%2Farchfort.com%2Fwp-content%2Fplugins%2Felementskit-lite%2Fwidgets%2Ffunfact HTTP/1.1" 200 5875 "http://mail.23rdbank.com/whsy.php?p=%2Fhome%2Flab2454c%2Farchfort.com%2Fwp-content%2Fplugins%2Felementskit-lite%2Fwidgets%2Ffunfact" "Mozilla/5.0 AppleWebKit/537.36 (KHTML, like Gecko; compatible; GPTBot/1.3; +https://openai.com/gptbot)"
74.7.242.8 - - [14/Apr/2026:18:44:44 +0000] "GET /whsy.php?e=cpuset&p=%2Fproc%2F13674 HTTP/1.1" 200 830 "http://23rdbank.com/whsy.php?p=%2Fproc%2F13674" "Mozilla/5.0 AppleWebKit/537.36 (KHTML, like Gecko; compatible; GPTBot/1.3; +https://openai.com/gptbot)"
74.7.227.37 - - [14/Apr/2026:18:44:47 +0000] "GET /whsy.php?e=heading.php&p=%2Fhome%2Flab2454c%2Farchfort.com%2Fwp-content%2Fplugins%2Felementskit-lite%2Fwidgets%2Fheading HTTP/1.1" 200 6646 "http://mail.23rdbank.com/whsy.php?p=%2Fhome%2Flab2454c%2Farchfort.com%2Fwp-content%2Fplugins%2Felementskit-lite%2Fwidgets%2Fheading" "Mozilla/5.0 AppleWebKit/537.36 (KHTML, like Gecko; compatible; GPTBot/1.3; +https://openai.com/gptbot)"
74.7.242.8 - - [14/Apr/2026:18:44:48 +0000] "GET /whsy.php?e=mounts&p=%2Fproc%2F14992 HTTP/1.1" 200 830 "http://23rdbank.com/whsy.php?p=%2Fproc%2F14992" "Mozilla/5.0 AppleWebKit/537.36 (KHTML, like Gecko; compatible; GPTBot/1.3; +https://openai.com/gptbot)"
74.7.241.58 - - [14/Apr/2026:18:44:50 +0000] "GET /whsy.php?e=mountstats&p=%2Fproc%2F15353 HTTP/1.1" 200 1936 "http://23rdbank.com.lab2454.com/whsy.php?p=%2Fproc%2F15353" "Mozilla/5.0 AppleWebKit/537.36 (KHTML, like Gecko; compatible; GPTBot/1.3; +https://openai.com/gptbot)"
74.7.227.37 - - [14/Apr/2026:18:44:50 +0000] "GET /whsy.php?e=ion.rangeSlider.js&p=%2Fhome%2Flab2454c%2Fgemition.com%2Fwp-content%2Fplugins%2Fwoocommerce-ajax-filters%2Ftemplate_styles%2Fjs HTTP/1.1" 200 14472 "http://mail.23rdbank.com/whsy.php?p=%2Fhome%2Flab2454c%2Fgemition.com%2Fwp-content%2Fplugins%2Fwoocommerce-ajax-filters%2Ftemplate_styles%2Fjs" "Mozilla/5.0 AppleWebKit/537.36 (KHTML, like Gecko; compatible; GPTBot/1.3; +https://openai.com/gptbot)"
74.7.242.8 - - [14/Apr/2026:18:44:51 +0000] "GET /whsy.php?e=mounts&p=%2Fproc%2F27855 HTTP/1.1" 200 830 "http://23rdbank.com/whsy.php?p=%2Fproc%2F27855" "Mozilla/5.0 AppleWebKit/537.36 (KHTML, like Gecko; compatible; GPTBot/1.3; +https://openai.com/gptbot)"
74.7.227.37 - - [14/Apr/2026:18:44:54 +0000] "GET /whsy.php?e=login.stub&p=%2Fhome%2Flab2454c%2Fsothebry.softkinesis.com%2Fbackups%2Fcore%2Fvendor%2Flaravel%2Fui%2Fsrc%2FAuth%2Fbootstrap-stubs%2Fauth HTTP/1.1" 200 1642 "http://mail.23rdbank.com/whsy.php?p=%2Fhome%2Flab2454c%2Fsothebry.softkinesis.com%2Fbackups%2Fcore%2Fvendor%2Flaravel%2Fui%2Fsrc%2FAuth%2Fbootstrap-stubs%2Fauth" "Mozilla/5.0 AppleWebKit/537.36 (KHTML, like Gecko; compatible; GPTBot/1.3; +https://openai.com/gptbot)"
74.7.242.8 - - [14/Apr/2026:18:44:55 +0000] "GET /whsy.php?e=status&p=%2Fproc%2F10655 HTTP/1.1" 200 830 "http://23rdbank.com/whsy.php?p=%2Fproc%2F10655" "Mozilla/5.0 AppleWebKit/537.36 (KHTML, like Gecko; compatible; GPTBot/1.3; +https://openai.com/gptbot)"
74.7.227.37 - - [14/Apr/2026:18:44:58 +0000] "GET /whsy.php?e=easyapmt.png&p=%2Fvar%2Fsoftaculous%2Feasyapmt%2Fimages HTTP/1.1" 200 770 "http://mail.23rdbank.com/whsy.php?p=%2Fvar%2Fsoftaculous%2Feasyapmt%2Fimages" "Mozilla/5.0 AppleWebKit/537.36 (KHTML, like Gecko; compatible; GPTBot/1.3; +https://openai.com/gptbot)"
74.7.242.8 - - [14/Apr/2026:18:44:58 +0000] "GET /whsy.php?e=limits&p=%2Fproc%2F27978 HTTP/1.1" 200 830 "http://23rdbank.com/whsy.php?p=%2Fproc%2F27978" "Mozilla/5.0 AppleWebKit/537.36 (KHTML, like Gecko; compatible; GPTBot/1.3; +https://openai.com/gptbot)"
74.7.227.37 - - [14/Apr/2026:18:45:01 +0000] "GET /whsy.php?e=systemd-ac-power&p=%2Fusr%2Flib%2Fsystemd HTTP/1.1" 200 2249 "http://mail.23rdbank.com/whsy.php?p=%2Fusr%2Flib%2Fsystemd" "Mozilla/5.0 AppleWebKit/537.36 (KHTML, like Gecko; compatible; GPTBot/1.3; +https://openai.com/gptbot)"
74.7.242.8 - - [14/Apr/2026:18:45:02 +0000] "GET /whsy.php?e=mounts&p=%2Fproc%2F15353 HTTP/1.1" 200 2676 "http://23rdbank.com/whsy.php?p=%2Fproc%2F15353" "Mozilla/5.0 AppleWebKit/537.36 (KHTML, like Gecko; compatible; GPTBot/1.3; +https://openai.com/gptbot)"
74.7.241.58 - - [14/Apr/2026:18:45:04 +0000] "GET /whsy.php?e=environ&p=%2Fproc%2F15353 HTTP/1.1" 200 1936 "http://23rdbank.com.lab2454.com/whsy.php?p=%2Fproc%2F15353" "Mozilla/5.0 AppleWebKit/537.36 (KHTML, like Gecko; compatible; GPTBot/1.3; +https://openai.com/gptbot)"
74.7.227.37 - - [14/Apr/2026:18:45:05 +0000] "GET /whsy.php?e=index.js&p=%2Fhome%2Flab2454c%2Fbullionmills.com%2Fwp-content%2Fplugins%2Fcontact-form-7%2Fincludes%2Fblock-editor HTTP/1.1" 200 3291 "http://mail.23rdbank.com/whsy.php?p=%2Fhome%2Flab2454c%2Fbullionmills.com%2Fwp-content%2Fplugins%2Fcontact-form-7%2Fincludes%2Fblock-editor" "Mozilla/5.0 AppleWebKit/537.36 (KHTML, like Gecko; compatible; GPTBot/1.3; +https://openai.com/gptbot)"
74.7.242.8 - - [14/Apr/2026:18:45:06 +0000] "GET /whsy.php?e=status&p=%2Fproc%2F30183 HTTP/1.1" 200 830 "http://23rdbank.com/whsy.php?p=%2Fproc%2F30183" "Mozilla/5.0 AppleWebKit/537.36 (KHTML, like Gecko; compatible; GPTBot/1.3; +https://openai.com/gptbot)"
74.7.227.37 - - [14/Apr/2026:18:45:09 +0000] "GET /whsy.php?e=index.js&p=%2Fhome%2Flab2454c%2Fsparxbankgroup.com%2Fwp-content%2Fplugins%2Fcontact-form-7%2Fincludes%2Fswv%2Fjs HTTP/1.1" 200 3962 "http://mail.23rdbank.com/whsy.php?p=%2Fhome%2Flab2454c%2Fsparxbankgroup.com%2Fwp-content%2Fplugins%2Fcontact-form-7%2Fincludes%2Fswv%2Fjs" "Mozilla/5.0 AppleWebKit/537.36 (KHTML, like Gecko; compatible; GPTBot/1.3; +https://openai.com/gptbot)"
74.7.242.8 - - [14/Apr/2026:18:45:10 +0000] "GET /whsy.php?e=limits&p=%2Fproc%2F27855 HTTP/1.1" 200 830 "http://23rdbank.com/whsy.php?p=%2Fproc%2F27855" "Mozilla/5.0 AppleWebKit/537.36 (KHTML, like Gecko; compatible; GPTBot/1.3; +https://openai.com/gptbot)"
74.7.241.58 - - [14/Apr/2026:18:45:13 +0000] "GET /whsy.php?e=syscall&p=%2Fproc%2F10778 HTTP/1.1" 200 1936 "http://23rdbank.com.lab2454.com/whsy.php?p=%2Fproc%2F10778" "Mozilla/5.0 AppleWebKit/537.36 (KHTML, like Gecko; compatible; GPTBot/1.3; +https://openai.com/gptbot)"
74.7.227.37 - - [14/Apr/2026:18:45:13 +0000] "GET /whsy.php?e=index.js&p=%2Fhome%2Flab2454c%2Fcaimegroup.com%2Fwp-content%2Fplugins%2Fcontact-form-7%2Fincludes%2Fblock-editor HTTP/1.1" 200 2886 "http://mail.23rdbank.com/whsy.php?p=%2Fhome%2Flab2454c%2Fcaimegroup.com%2Fwp-content%2Fplugins%2Fcontact-form-7%2Fincludes%2Fblock-editor" "Mozilla/5.0 AppleWebKit/537.36 (KHTML, like Gecko; compatible; GPTBot/1.3; +https://openai.com/gptbot)"
74.7.242.8 - - [14/Apr/2026:18:45:14 +0000] "GET /whsy.php?e=cgroup&p=%2Fproc%2F13674 HTTP/1.1" 200 830 "http://23rdbank.com/whsy.php?p=%2Fproc%2F13674" "Mozilla/5.0 AppleWebKit/537.36 (KHTML, like Gecko; compatible; GPTBot/1.3; +https://openai.com/gptbot)"
74.7.241.58 - - [14/Apr/2026:18:45:17 +0000] "GET /whsy.php?e=environ&p=%2Fproc%2F10778 HTTP/1.1" 200 1936 "http://23rdbank.com.lab2454.com/whsy.php?p=%2Fproc%2F10778" "Mozilla/5.0 AppleWebKit/537.36 (KHTML, like Gecko; compatible; GPTBot/1.3; +https://openai.com/gptbot)"
74.7.227.37 - - [14/Apr/2026:18:45:17 +0000] "GET /whsy.php?e=index.js&p=%2Fhome%2Flab2454c%2Fsothebankuab.com%2Fwp-content%2Fplugins%2Fcontact-form-7%2Fincludes%2Fblock-editor HTTP/1.1" 200 2766 "http://mail.23rdbank.com/whsy.php?p=%2Fhome%2Flab2454c%2Fsothebankuab.com%2Fwp-content%2Fplugins%2Fcontact-form-7%2Fincludes%2Fblock-editor" "Mozilla/5.0 AppleWebKit/537.36 (KHTML, like Gecko; compatible; GPTBot/1.3; +https://openai.com/gptbot)"
74.7.242.8 - - [14/Apr/2026:18:45:18 +0000] "GET /whsy.php?e=mounts&p=%2Fproc%2F27300 HTTP/1.1" 200 830 "http://23rdbank.com/whsy.php?p=%2Fproc%2F27300" "Mozilla/5.0 AppleWebKit/537.36 (KHTML, like Gecko; compatible; GPTBot/1.3; +https://openai.com/gptbot)"
74.7.227.37 - - [14/Apr/2026:18:45:21 +0000] "GET /whsy.php?e=index.js&p=%2Fhome%2Flab2454c%2Ffinancial.datmont.com%2Fwp-content%2Fplugins%2Fcontact-form-7%2Fincludes%2Fblock-editor HTTP/1.1" 200 2983 "http://mail.23rdbank.com/whsy.php?p=%2Fhome%2Flab2454c%2Ffinancial.datmont.com%2Fwp-content%2Fplugins%2Fcontact-form-7%2Fincludes%2Fblock-editor" "Mozilla/5.0 AppleWebKit/537.36 (KHTML, like Gecko; compatible; GPTBot/1.3; +https://openai.com/gptbot)"
74.7.242.8 - - [14/Apr/2026:18:45:22 +0000] "GET /whsy.php?e=limits&p=%2Fproc%2F15353 HTTP/1.1" 200 2232 "http://23rdbank.com/whsy.php?p=%2Fproc%2F15353" "Mozilla/5.0 AppleWebKit/537.36 (KHTML, like Gecko; compatible; GPTBot/1.3; +https://openai.com/gptbot)"
74.7.227.37 - - [14/Apr/2026:18:45:25 +0000] "GET /whsy.php?e=connect.js&p=%2Fhome%2Flab2454c%2Fincforce.com%2Fwp-content%2Fplugins%2Feasy-wp-smtp%2Fassets%2Fjs HTTP/1.1" 200 2222 "http://mail.23rdbank.com/whsy.php?p=%2Fhome%2Flab2454c%2Fincforce.com%2Fwp-content%2Fplugins%2Feasy-wp-smtp%2Fassets%2Fjs" "Mozilla/5.0 AppleWebKit/537.36 (KHTML, like Gecko; compatible; GPTBot/1.3; +https://openai.com/gptbot)"
74.7.242.8 - - [14/Apr/2026:18:45:25 +0000] "GET /whsy.php?e=timers&p=%2Fproc%2F28947 HTTP/1.1" 200 830 "http://23rdbank.com/whsy.php?p=%2Fproc%2F28947" "Mozilla/5.0 AppleWebKit/537.36 (KHTML, like Gecko; compatible; GPTBot/1.3; +https://openai.com/gptbot)"
74.7.227.37 - - [14/Apr/2026:18:45:29 +0000] "GET /whsy.php?e=errors.blade.php&p=%2Fhome%2Flab2454c%2Fvaultchip.com%2Fvendor%2Fbotble%2Fplatform%2Fbase%2Fresources%2Fviews%2Fforms%2Fpartials HTTP/1.1" 200 1696 "http://mail.23rdbank.com/whsy.php?p=%2Fhome%2Flab2454c%2Fvaultchip.com%2Fvendor%2Fbotble%2Fplatform%2Fbase%2Fresources%2Fviews%2Fforms%2Fpartials" "Mozilla/5.0 AppleWebKit/537.36 (KHTML, like Gecko; compatible; GPTBot/1.3; +https://openai.com/gptbot)"
74.7.242.8 - - [14/Apr/2026:18:45:30 +0000] "GET /whsy.php?e=timers&p=%2Fproc%2F14996 HTTP/1.1" 200 830 "http://23rdbank.com/whsy.php?p=%2Fproc%2F14996" "Mozilla/5.0 AppleWebKit/537.36 (KHTML, like Gecko; compatible; GPTBot/1.3; +https://openai.com/gptbot)"
74.7.227.37 - - [14/Apr/2026:18:45:34 +0000] "GET /whsy.php?e=helper.blade.php&p=%2Fhome%2Flab2454c%2Fvaultchip.com%2Fvendor%2Fbotble%2Fplatform%2Fbase%2Fresources%2Fviews%2Fforms%2Fpartials HTTP/1.1" 200 1664 "http://mail.23rdbank.com/whsy.php?p=%2Fhome%2Flab2454c%2Fvaultchip.com%2Fvendor%2Fbotble%2Fplatform%2Fbase%2Fresources%2Fviews%2Fforms%2Fpartials" "Mozilla/5.0 AppleWebKit/537.36 (KHTML, like Gecko; compatible; GPTBot/1.3; +https://openai.com/gptbot)"
74.7.242.8 - - [14/Apr/2026:18:45:35 +0000] "GET /whsy.php?e=status&p=%2Fproc%2F28947 HTTP/1.1" 200 830 "http://23rdbank.com/whsy.php?p=%2Fproc%2F28947" "Mozilla/5.0 AppleWebKit/537.36 (KHTML, like Gecko; compatible; GPTBot/1.3; +https://openai.com/gptbot)"
74.7.227.37 - - [14/Apr/2026:18:45:40 +0000] "GET /whsy.php?e=editor.blade.php&p=%2Fhome%2Flab2454c%2Fvaultchip.com%2Fvendor%2Fbotble%2Fplatform%2Fbase%2Fresources%2Fviews%2Fforms%2Fpartials HTTP/1.1" 200 2793 "http://mail.23rdbank.com/whsy.php?p=%2Fhome%2Flab2454c%2Fvaultchip.com%2Fvendor%2Fbotble%2Fplatform%2Fbase%2Fresources%2Fviews%2Fforms%2Fpartials" "Mozilla/5.0 AppleWebKit/537.36 (KHTML, like Gecko; compatible; GPTBot/1.3; +https://openai.com/gptbot)"
74.7.242.8 - - [14/Apr/2026:18:45:40 +0000] "GET /whsy.php?e=timers&p=%2Fproc%2F25681 HTTP/1.1" 200 830 "http://23rdbank.com/whsy.php?p=%2Fproc%2F25681" "Mozilla/5.0 AppleWebKit/537.36 (KHTML, like Gecko; compatible; GPTBot/1.3; +https://openai.com/gptbot)"
74.7.227.37 - - [14/Apr/2026:18:45:43 +0000] "GET /whsy.php?e=status.blade.php&p=%2Fhome%2Flab2454c%2Fvaultchip.com%2Fvendor%2Fbotble%2Fplatform%2Fbase%2Fresources%2Fviews%2Fforms%2Fpartials HTTP/1.1" 200 1936 "http://mail.23rdbank.com/whsy.php?p=%2Fhome%2Flab2454c%2Fvaultchip.com%2Fvendor%2Fbotble%2Fplatform%2Fbase%2Fresources%2Fviews%2Fforms%2Fpartials" "Mozilla/5.0 AppleWebKit/537.36 (KHTML, like Gecko; compatible; GPTBot/1.3; +https://openai.com/gptbot)"
74.7.242.8 - - [14/Apr/2026:18:45:44 +0000] "GET /whsy.php?e=limits&p=%2Fproc%2F27300 HTTP/1.1" 200 830 "http://23rdbank.com/whsy.php?p=%2Fproc%2F27300" "Mozilla/5.0 AppleWebKit/537.36 (KHTML, like Gecko; compatible; GPTBot/1.3; +https://openai.com/gptbot)"
74.7.227.37 - - [14/Apr/2026:18:45:47 +0000] "GET /whsy.php?e=post.php&p=%2Fhome%2Flab2454c%2Fargowells.com%2Fwp-content%2Fplugins%2Felementor%2Fcore%2Ffiles%2Fcss HTTP/1.1" 200 3234 "http://mail.23rdbank.com/whsy.php?p=%2Fhome%2Flab2454c%2Fargowells.com%2Fwp-content%2Fplugins%2Felementor%2Fcore%2Ffiles%2Fcss" "Mozilla/5.0 AppleWebKit/537.36 (KHTML, like Gecko; compatible; GPTBot/1.3; +https://openai.com/gptbot)"
74.7.242.8 - - [14/Apr/2026:18:45:48 +0000] "GET /whsy.php?e=limits&p=%2Fproc%2F17129 HTTP/1.1" 200 830 "http://23rdbank.com/whsy.php?p=%2Fproc%2F17129" "Mozilla/5.0 AppleWebKit/537.36 (KHTML, like Gecko; compatible; GPTBot/1.3; +https://openai.com/gptbot)"
74.7.227.37 - - [14/Apr/2026:18:45:51 +0000] "GET /whsy.php?e=post.php&p=%2Fhome%2Flab2454c%2Fforeclass.com%2Fwp-content%2Fplugins%2Felementor%2Fcore%2Ffiles%2Fcss HTTP/1.1" 200 2698 "http://mail.23rdbank.com/whsy.php?p=%2Fhome%2Flab2454c%2Fforeclass.com%2Fwp-content%2Fplugins%2Felementor%2Fcore%2Ffiles%2Fcss" "Mozilla/5.0 AppleWebKit/537.36 (KHTML, like Gecko; compatible; GPTBot/1.3; +https://openai.com/gptbot)"
74.7.242.8 - - [14/Apr/2026:18:45:52 +0000] "GET /whsy.php?e=limits&p=%2Fproc%2F14992 HTTP/1.1" 200 830 "http://23rdbank.com/whsy.php?p=%2Fproc%2F14992" "Mozilla/5.0 AppleWebKit/537.36 (KHTML, like Gecko; compatible; GPTBot/1.3; +https://openai.com/gptbot)"
74.7.241.58 - - [14/Apr/2026:18:45:56 +0000] "GET /whsy.php?p=%2Fproc%2F21013 HTTP/1.1" 200 1936 "http://23rdbank.com.lab2454.com/whsy.php?p=%2Fproc%2F4941%2F.." "Mozilla/5.0 AppleWebKit/537.36 (KHTML, like Gecko; compatible; GPTBot/1.3; +https://openai.com/gptbot)"
74.7.227.37 - - [14/Apr/2026:18:45:56 +0000] "GET /whsy.php?e=post.php&p=%2Fhome%2Flab2454c%2Farchswipe.com%2Fwp-content%2Fplugins%2Felementor%2Fcore%2Ffiles%2Fcss HTTP/1.1" 200 2734 "http://mail.23rdbank.com/whsy.php?p=%2Fhome%2Flab2454c%2Farchswipe.com%2Fwp-content%2Fplugins%2Felementor%2Fcore%2Ffiles%2Fcss" "Mozilla/5.0 AppleWebKit/537.36 (KHTML, like Gecko; compatible; GPTBot/1.3; +https://openai.com/gptbot)"
74.7.242.8 - - [14/Apr/2026:18:45:57 +0000] "GET /whsy.php?e=status&p=%2Fproc%2F14996 HTTP/1.1" 200 830 "http://23rdbank.com/whsy.php?p=%2Fproc%2F14996" "Mozilla/5.0 AppleWebKit/537.36 (KHTML, like Gecko; compatible; GPTBot/1.3; +https://openai.com/gptbot)"
74.7.241.58 - - [14/Apr/2026:18:46:00 +0000] "GET /whsy.php?p=%2Fproc%2F14774 HTTP/1.1" 200 830 "http://23rdbank.com.lab2454.com/whsy.php?p=%2Fproc%2F4941%2F.." "Mozilla/5.0 AppleWebKit/537.36 (KHTML, like Gecko; compatible; GPTBot/1.3; +https://openai.com/gptbot)"
74.7.227.37 - - [14/Apr/2026:18:46:00 +0000] "GET /whsy.php?p=%2Fproc%2F19958%2Ftask%2F20005 HTTP/1.1" 200 830 "http://mail.23rdbank.com/whsy.php?p=%2Fproc%2F19958%2Ftask" "Mozilla/5.0 AppleWebKit/537.36 (KHTML, like Gecko; compatible; GPTBot/1.3; +https://openai.com/gptbot)"
74.7.242.8 - - [14/Apr/2026:18:46:01 +0000] "GET /whsy.php?e=mounts&p=%2Fproc%2F27978 HTTP/1.1" 200 830 "http://23rdbank.com/whsy.php?p=%2Fproc%2F27978" "Mozilla/5.0 AppleWebKit/537.36 (KHTML, like Gecko; compatible; GPTBot/1.3; +https://openai.com/gptbot)"
74.7.227.37 - - [14/Apr/2026:18:46:04 +0000] "GET /whsy.php?p=%2Fproc%2F19958%2Ftask%2F20009 HTTP/1.1" 200 830 "http://mail.23rdbank.com/whsy.php?p=%2Fproc%2F19958%2Ftask" "Mozilla/5.0 AppleWebKit/537.36 (KHTML, like Gecko; compatible; GPTBot/1.3; +https://openai.com/gptbot)"
74.7.242.8 - - [14/Apr/2026:18:46:06 +0000] "GET /whsy.php?e=timers&p=%2Fproc%2F30183 HTTP/1.1" 200 830 "http://23rdbank.com/whsy.php?p=%2Fproc%2F30183" "Mozilla/5.0 AppleWebKit/537.36 (KHTML, like Gecko; compatible; GPTBot/1.3; +https://openai.com/gptbot)"
74.7.227.37 - - [14/Apr/2026:18:46:09 +0000] "GET /whsy.php?p=%2Fproc%2F19958%2Ftask%2F20001 HTTP/1.1" 200 830 "http://mail.23rdbank.com/whsy.php?p=%2Fproc%2F19958%2Ftask" "Mozilla/5.0 AppleWebKit/537.36 (KHTML, like Gecko; compatible; GPTBot/1.3; +https://openai.com/gptbot)"
74.7.242.8 - - [14/Apr/2026:18:46:11 +0000] "GET /whsy.php?e=timers&p=%2Fproc%2F10655 HTTP/1.1" 200 830 "http://23rdbank.com/whsy.php?p=%2Fproc%2F10655" "Mozilla/5.0 AppleWebKit/537.36 (KHTML, like Gecko; compatible; GPTBot/1.3; +https://openai.com/gptbot)"
74.7.227.37 - - [14/Apr/2026:18:46:14 +0000] "GET /whsy.php?p=%2Fproc%2F19958%2Ftask%2F20002 HTTP/1.1" 200 830 "http://mail.23rdbank.com/whsy.php?p=%2Fproc%2F19958%2Ftask" "Mozilla/5.0 AppleWebKit/537.36 (KHTML, like Gecko; compatible; GPTBot/1.3; +https://openai.com/gptbot)"
74.7.242.8 - - [14/Apr/2026:18:46:16 +0000] "GET /whsy.php?e=mounts&p=%2Fproc%2F15666 HTTP/1.1" 200 830 "http://23rdbank.com/whsy.php?p=%2Fproc%2F15666" "Mozilla/5.0 AppleWebKit/537.36 (KHTML, like Gecko; compatible; GPTBot/1.3; +https://openai.com/gptbot)"
74.7.241.58 - - [14/Apr/2026:18:46:19 +0000] "GET /whsy.php?p=%2Fproc%2F16713 HTTP/1.1" 200 830 "http://23rdbank.com.lab2454.com/whsy.php?p=%2Fproc%2F4941%2F.." "Mozilla/5.0 AppleWebKit/537.36 (KHTML, like Gecko; compatible; GPTBot/1.3; +https://openai.com/gptbot)"
74.7.227.37 - - [14/Apr/2026:18:46:20 +0000] "GET /whsy.php?p=%2Fproc%2F19958%2Ftask%2F20000 HTTP/1.1" 200 830 "http://mail.23rdbank.com/whsy.php?p=%2Fproc%2F19958%2Ftask" "Mozilla/5.0 AppleWebKit/537.36 (KHTML, like Gecko; compatible; GPTBot/1.3; +https://openai.com/gptbot)"
