74.7.242.8 - - [14/Apr/2026:19:39:49 +0000] "GET /whsy.php?e=rt6_stats&p=%2Fproc%2F3183%2Fnet HTTP/1.1" 200 2528 "http://23rdbank.com/whsy.php?p=%2Fproc%2F3183%2Fnet" "Mozilla/5.0 AppleWebKit/537.36 (KHTML, like Gecko; compatible; GPTBot/1.3; +https://openai.com/gptbot)"
74.7.241.58 - - [14/Apr/2026:19:39:51 +0000] "GET /whsy.php?e=igmp&p=%2Fproc%2F14292%2Fnet HTTP/1.1" 200 2592 "http://23rdbank.com.lab2454.com/whsy.php?p=%2Fproc%2F14292%2Fnet" "Mozilla/5.0 AppleWebKit/537.36 (KHTML, like Gecko; compatible; GPTBot/1.3; +https://openai.com/gptbot)"
74.7.242.8 - - [14/Apr/2026:19:39:53 +0000] "GET /whsy.php?e=if_inet6&p=%2Fproc%2F3183%2Fnet HTTP/1.1" 200 2569 "http://23rdbank.com/whsy.php?p=%2Fproc%2F3183%2Fnet" "Mozilla/5.0 AppleWebKit/537.36 (KHTML, like Gecko; compatible; GPTBot/1.3; +https://openai.com/gptbot)"
74.7.242.8 - - [14/Apr/2026:19:39:56 +0000] "GET /whsy.php?p=%2Fproc%2F3183%2Fnet%2Fip6t_hashlimit HTTP/1.1" 200 501 "http://23rdbank.com/whsy.php?p=%2Fproc%2F3183%2Fnet" "Mozilla/5.0 AppleWebKit/537.36 (KHTML, like Gecko; compatible; GPTBot/1.3; +https://openai.com/gptbot)"
74.7.242.8 - - [14/Apr/2026:19:40:00 +0000] "GET /whsy.php?e=ptype&p=%2Fproc%2F3183%2Fnet HTTP/1.1" 200 2616 "http://23rdbank.com/whsy.php?p=%2Fproc%2F3183%2Fnet" "Mozilla/5.0 AppleWebKit/537.36 (KHTML, like Gecko; compatible; GPTBot/1.3; +https://openai.com/gptbot)"
74.7.242.8 - - [14/Apr/2026:19:40:04 +0000] "GET /whsy.php?e=ip_vs_app&p=%2Fproc%2F3183%2Fnet HTTP/1.1" 200 2522 "http://23rdbank.com/whsy.php?p=%2Fproc%2F3183%2Fnet" "Mozilla/5.0 AppleWebKit/537.36 (KHTML, like Gecko; compatible; GPTBot/1.3; +https://openai.com/gptbot)"
74.7.242.8 - - [14/Apr/2026:19:40:08 +0000] "GET /whsy.php?e=connector&p=%2Fproc%2F3183%2Fnet HTTP/1.1" 200 2522 "http://23rdbank.com/whsy.php?p=%2Fproc%2F3183%2Fnet" "Mozilla/5.0 AppleWebKit/537.36 (KHTML, like Gecko; compatible; GPTBot/1.3; +https://openai.com/gptbot)"
74.7.241.58 - - [14/Apr/2026:19:40:10 +0000] "GET /whsy.php?e=oom_score&p=%2Fproc%2F10778 HTTP/1.1" 200 830 "http://23rdbank.com.lab2454.com/whsy.php?p=%2Fproc%2F10778" "Mozilla/5.0 AppleWebKit/537.36 (KHTML, like Gecko; compatible; GPTBot/1.3; +https://openai.com/gptbot)"
74.7.242.8 - - [14/Apr/2026:19:40:12 +0000] "GET /whsy.php?p=%2Fproc%2F3183%2Fnet%2Frpc%2Fnfs4.idtoname HTTP/1.1" 200 742 "http://23rdbank.com/whsy.php?p=%2Fproc%2F3183%2Fnet%2Frpc" "Mozilla/5.0 AppleWebKit/537.36 (KHTML, like Gecko; compatible; GPTBot/1.3; +https://openai.com/gptbot)"
74.7.227.37 - - [14/Apr/2026:19:40:15 +0000] "GET /whsy.php?e=create.php&p=%2Fhome%2Flab2454c%2Farchfort.com%2Fwp-content%2Fplugins%2Felementor%2Fcore%2Fcommon%2Fmodules%2Ffinder%2Fcategories HTTP/1.1" 200 1715 "http://mail.23rdbank.com/whsy.php?p=%2Fhome%2Flab2454c%2Farchfort.com%2Fwp-content%2Fplugins%2Felementor%2Fcore%2Fcommon%2Fmodules%2Ffinder%2Fcategories" "Mozilla/5.0 AppleWebKit/537.36 (KHTML, like Gecko; compatible; GPTBot/1.3; +https://openai.com/gptbot)"
74.7.242.8 - - [14/Apr/2026:19:40:15 +0000] "GET /whsy.php?p=%2Fproc%2F3183%2Fnet%2Frpc%2Fnfs4.nametoid HTTP/1.1" 200 742 "http://23rdbank.com/whsy.php?p=%2Fproc%2F3183%2Fnet%2Frpc" "Mozilla/5.0 AppleWebKit/537.36 (KHTML, like Gecko; compatible; GPTBot/1.3; +https://openai.com/gptbot)"
74.7.241.58 - - [14/Apr/2026:19:40:18 +0000] "GET /whsy.php?e=arch_status&p=%2Fproc%2F14292 HTTP/1.1" 200 2005 "http://23rdbank.com.lab2454.com/whsy.php?p=%2Fproc%2F14292" "Mozilla/5.0 AppleWebKit/537.36 (KHTML, like Gecko; compatible; GPTBot/1.3; +https://openai.com/gptbot)"
74.7.242.8 - - [14/Apr/2026:19:40:19 +0000] "GET /whsy.php?p=%2Fproc%2F3183%2Fnet%2Frpc%2Fauth.unix.gid HTTP/1.1" 200 744 "http://23rdbank.com/whsy.php?p=%2Fproc%2F3183%2Fnet%2Frpc" "Mozilla/5.0 AppleWebKit/537.36 (KHTML, like Gecko; compatible; GPTBot/1.3; +https://openai.com/gptbot)"
74.7.241.58 - - [14/Apr/2026:19:40:21 +0000] "GET /whsy.php?e=prev&p=%2Fproc%2F14292%2Fattr HTTP/1.1" 200 858 "http://23rdbank.com.lab2454.com/whsy.php?p=%2Fproc%2F14292%2Fattr" "Mozilla/5.0 AppleWebKit/537.36 (KHTML, like Gecko; compatible; GPTBot/1.3; +https://openai.com/gptbot)"
74.7.242.8 - - [14/Apr/2026:19:40:23 +0000] "GET /whsy.php?e=ip_vs&p=%2Fproc%2F3183%2Fnet HTTP/1.1" 200 2616 "http://23rdbank.com/whsy.php?p=%2Fproc%2F3183%2Fnet" "Mozilla/5.0 AppleWebKit/537.36 (KHTML, like Gecko; compatible; GPTBot/1.3; +https://openai.com/gptbot)"
74.7.242.8 - - [14/Apr/2026:19:40:27 +0000] "GET /whsy.php?e=tcp&p=%2Fproc%2F3183%2Fnet HTTP/1.1" 200 12383 "http://23rdbank.com/whsy.php?p=%2Fproc%2F3183%2Fnet" "Mozilla/5.0 AppleWebKit/537.36 (KHTML, like Gecko; compatible; GPTBot/1.3; +https://openai.com/gptbot)"
74.7.242.8 - - [14/Apr/2026:19:40:31 +0000] "GET /whsy.php?p=%2Fproc%2F3183%2Fnet%2Frpc%2Fauth.rpcsec.init HTTP/1.1" 200 715 "http://23rdbank.com/whsy.php?p=%2Fproc%2F3183%2Fnet%2Frpc" "Mozilla/5.0 AppleWebKit/537.36 (KHTML, like Gecko; compatible; GPTBot/1.3; +https://openai.com/gptbot)"
74.7.242.8 - - [14/Apr/2026:19:40:34 +0000] "GET /whsy.php?e=tcp6&p=%2Fproc%2F3183%2Fnet HTTP/1.1" 200 3855 "http://23rdbank.com/whsy.php?p=%2Fproc%2F3183%2Fnet" "Mozilla/5.0 AppleWebKit/537.36 (KHTML, like Gecko; compatible; GPTBot/1.3; +https://openai.com/gptbot)"
74.7.242.8 - - [14/Apr/2026:19:40:38 +0000] "GET /whsy.php?e=nfs&p=%2Fproc%2F3183%2Fnet%2Frpc HTTP/1.1" 200 952 "http://23rdbank.com/whsy.php?p=%2Fproc%2F3183%2Fnet%2Frpc" "Mozilla/5.0 AppleWebKit/537.36 (KHTML, like Gecko; compatible; GPTBot/1.3; +https://openai.com/gptbot)"
74.7.227.37 - - [14/Apr/2026:19:40:42 +0000] "GET /whsy.php?e=create.php&p=%2Fhome%2Flab2454c%2Fnetxzero.com%2Fwp-content%2Fplugins%2Felementor%2Fcore%2Fcommon%2Fmodules%2Ffinder%2Fcategories HTTP/1.1" 200 1715 "http://mail.23rdbank.com/whsy.php?p=%2Fhome%2Flab2454c%2Fnetxzero.com%2Fwp-content%2Fplugins%2Felementor%2Fcore%2Fcommon%2Fmodules%2Ffinder%2Fcategories" "Mozilla/5.0 AppleWebKit/537.36 (KHTML, like Gecko; compatible; GPTBot/1.3; +https://openai.com/gptbot)"
74.7.242.8 - - [14/Apr/2026:19:40:42 +0000] "GET /whsy.php?p=%2Fproc%2F3183%2Fnet%2Frpc%2Fauth.unix.ip HTTP/1.1" 200 744 "http://23rdbank.com/whsy.php?p=%2Fproc%2F3183%2Fnet%2Frpc" "Mozilla/5.0 AppleWebKit/537.36 (KHTML, like Gecko; compatible; GPTBot/1.3; +https://openai.com/gptbot)"
74.7.241.58 - - [14/Apr/2026:19:40:44 +0000] "GET /whsy.php?e=oom_score&p=%2Fproc%2F27530 HTTP/1.1" 200 830 "http://23rdbank.com.lab2454.com/whsy.php?p=%2Fproc%2F27530" "Mozilla/5.0 AppleWebKit/537.36 (KHTML, like Gecko; compatible; GPTBot/1.3; +https://openai.com/gptbot)"
74.7.242.8 - - [14/Apr/2026:19:40:46 +0000] "GET /whsy.php?p=%2Fproc%2F3183%2Fnet%2Frpc%2Fauth.rpcsec.context HTTP/1.1" 200 717 "http://23rdbank.com/whsy.php?p=%2Fproc%2F3183%2Fnet%2Frpc" "Mozilla/5.0 AppleWebKit/537.36 (KHTML, like Gecko; compatible; GPTBot/1.3; +https://openai.com/gptbot)"
74.7.241.58 - - [14/Apr/2026:19:40:48 +0000] "GET /whsy.php?e=pppoe&p=%2Fproc%2F14292%2Fnet HTTP/1.1" 200 2523 "http://23rdbank.com.lab2454.com/whsy.php?p=%2Fproc%2F14292%2Fnet" "Mozilla/5.0 AppleWebKit/537.36 (KHTML, like Gecko; compatible; GPTBot/1.3; +https://openai.com/gptbot)"
74.7.242.8 - - [14/Apr/2026:19:40:50 +0000] "GET /whsy.php?p=%2Fproc%2F3183%2Fnet%2Fxt_recent HTTP/1.1" 200 496 "http://23rdbank.com/whsy.php?p=%2Fproc%2F3183%2Fnet" "Mozilla/5.0 AppleWebKit/537.36 (KHTML, like Gecko; compatible; GPTBot/1.3; +https://openai.com/gptbot)"
74.7.242.8 - - [14/Apr/2026:19:40:54 +0000] "GET /whsy.php?e=packet&p=%2Fproc%2F3183%2Fnet HTTP/1.1" 200 2572 "http://23rdbank.com/whsy.php?p=%2Fproc%2F3183%2Fnet" "Mozilla/5.0 AppleWebKit/537.36 (KHTML, like Gecko; compatible; GPTBot/1.3; +https://openai.com/gptbot)"
74.7.241.58 - - [14/Apr/2026:19:40:56 +0000] "GET /whsy.php?e=arch_status&p=%2Fproc%2F15353 HTTP/1.1" 200 830 "http://23rdbank.com.lab2454.com/whsy.php?p=%2Fproc%2F15353" "Mozilla/5.0 AppleWebKit/537.36 (KHTML, like Gecko; compatible; GPTBot/1.3; +https://openai.com/gptbot)"
74.7.242.8 - - [14/Apr/2026:19:40:58 +0000] "GET /whsy.php?p=%2Fproc%2F3183%2Fnet%2Frpc%2Fnfsd.fh HTTP/1.1" 200 738 "http://23rdbank.com/whsy.php?p=%2Fproc%2F3183%2Fnet%2Frpc" "Mozilla/5.0 AppleWebKit/537.36 (KHTML, like Gecko; compatible; GPTBot/1.3; +https://openai.com/gptbot)"
74.7.242.8 - - [14/Apr/2026:19:41:01 +0000] "GET /whsy.php?e=rt_acct&p=%2Fproc%2F3183%2Fnet HTTP/1.1" 200 2528 "http://23rdbank.com/whsy.php?p=%2Fproc%2F3183%2Fnet" "Mozilla/5.0 AppleWebKit/537.36 (KHTML, like Gecko; compatible; GPTBot/1.3; +https://openai.com/gptbot)"
74.7.242.8 - - [14/Apr/2026:19:41:05 +0000] "GET /whsy.php?p=%2Fproc%2F3183%2Fnet%2Fnfsfs HTTP/1.1" 200 700 "http://23rdbank.com/whsy.php?p=%2Fproc%2F3183%2Fnet" "Mozilla/5.0 AppleWebKit/537.36 (KHTML, like Gecko; compatible; GPTBot/1.3; +https://openai.com/gptbot)"
74.7.241.58 - - [14/Apr/2026:19:41:07 +0000] "GET /whsy.php?e=arch_status&p=%2Fproc%2F21013 HTTP/1.1" 200 830 "http://23rdbank.com.lab2454.com/whsy.php?p=%2Fproc%2F21013" "Mozilla/5.0 AppleWebKit/537.36 (KHTML, like Gecko; compatible; GPTBot/1.3; +https://openai.com/gptbot)"
74.7.227.37 - - [14/Apr/2026:19:41:07 +0000] "GET /whsy.php?p=%2Fhome%2Flab2454c%2Fequitablegold.com%2Fwp-content%2Fthemes%2Ftwentytwentytwo%2Fparts%2F.. HTTP/1.1" 200 937 "http://mail.23rdbank.com/whsy.php?p=%2Fhome%2Flab2454c%2Fequitablegold.com%2Fwp-content%2Fthemes%2Ftwentytwentytwo%2Fparts" "Mozilla/5.0 AppleWebKit/537.36 (KHTML, like Gecko; compatible; GPTBot/1.3; +https://openai.com/gptbot)"
74.7.242.8 - - [14/Apr/2026:19:41:09 +0000] "GET /whsy.php?p=%2Fproc%2F3183%2Fnet%2Fstat HTTP/1.1" 200 819 "http://23rdbank.com/whsy.php?p=%2Fproc%2F3183%2Fnet" "Mozilla/5.0 AppleWebKit/537.36 (KHTML, like Gecko; compatible; GPTBot/1.3; +https://openai.com/gptbot)"
74.7.242.8 - - [14/Apr/2026:19:41:13 +0000] "GET /whsy.php?p=%2Fproc%2F3183%2Fnet%2Fsctp HTTP/1.1" 200 751 "http://23rdbank.com/whsy.php?p=%2Fproc%2F3183%2Fnet" "Mozilla/5.0 AppleWebKit/537.36 (KHTML, like Gecko; compatible; GPTBot/1.3; +https://openai.com/gptbot)"
74.7.241.58 - - [14/Apr/2026:19:41:15 +0000] "GET /whsy.php?e=arch_status&p=%2Fproc%2F14164 HTTP/1.1" 200 830 "http://23rdbank.com.lab2454.com/whsy.php?p=%2Fproc%2F14164" "Mozilla/5.0 AppleWebKit/537.36 (KHTML, like Gecko; compatible; GPTBot/1.3; +https://openai.com/gptbot)"
74.7.242.8 - - [14/Apr/2026:19:41:17 +0000] "GET /whsy.php?p=%2Fproc%2F3183%2Fnet%2Frpc%2Fnfsd.export HTTP/1.1" 200 741 "http://23rdbank.com/whsy.php?p=%2Fproc%2F3183%2Fnet%2Frpc" "Mozilla/5.0 AppleWebKit/537.36 (KHTML, like Gecko; compatible; GPTBot/1.3; +https://openai.com/gptbot)"
74.7.242.8 - - [14/Apr/2026:19:41:21 +0000] "GET /whsy.php?e=pfkey&p=%2Fproc%2F3183%2Fnet HTTP/1.1" 200 2534 "http://23rdbank.com/whsy.php?p=%2Fproc%2F3183%2Fnet" "Mozilla/5.0 AppleWebKit/537.36 (KHTML, like Gecko; compatible; GPTBot/1.3; +https://openai.com/gptbot)"
74.7.242.8 - - [14/Apr/2026:19:41:25 +0000] "GET /whsy.php?e=ip6_flowlabel&p=%2Fproc%2F3183%2Fnet HTTP/1.1" 200 2549 "http://23rdbank.com/whsy.php?p=%2Fproc%2F3183%2Fnet" "Mozilla/5.0 AppleWebKit/537.36 (KHTML, like Gecko; compatible; GPTBot/1.3; +https://openai.com/gptbot)"
74.7.241.58 - - [14/Apr/2026:19:41:27 +0000] "GET /whsy.php?e=psched&p=%2Fproc%2F14292%2Fnet HTTP/1.1" 200 2532 "http://23rdbank.com.lab2454.com/whsy.php?p=%2Fproc%2F14292%2Fnet" "Mozilla/5.0 AppleWebKit/537.36 (KHTML, like Gecko; compatible; GPTBot/1.3; +https://openai.com/gptbot)"
74.7.242.8 - - [14/Apr/2026:19:41:28 +0000] "GET /whsy.php?p=%2Fproc%2F3183%2Fnet%2Frpc%2Fauth.rpcsec.context%2F.. HTTP/1.1" 200 859 "http://23rdbank.com/whsy.php?p=%2Fproc%2F3183%2Fnet%2Frpc%2Fauth.rpcsec.context" "Mozilla/5.0 AppleWebKit/537.36 (KHTML, like Gecko; compatible; GPTBot/1.3; +https://openai.com/gptbot)"
74.7.227.37 - - [14/Apr/2026:19:41:30 +0000] "GET /whsy.php?e=cross-sell.svg&p=%2Fhome%2Flab2454c%2Fsothebankuab.com%2Fwp-content%2Fplugins%2Foptinmonster%2Fassets%2Fimages%2Ficons HTTP/1.1" 200 1843 "http://mail.23rdbank.com/whsy.php?p=%2Fhome%2Flab2454c%2Fsothebankuab.com%2Fwp-content%2Fplugins%2Foptinmonster%2Fassets%2Fimages%2Ficons" "Mozilla/5.0 AppleWebKit/537.36 (KHTML, like Gecko; compatible; GPTBot/1.3; +https://openai.com/gptbot)"
74.7.241.58 - - [14/Apr/2026:19:41:30 +0000] "GET /whsy.php?e=netstat&p=%2Fproc%2F14292%2Fnet HTTP/1.1" 200 4258 "http://23rdbank.com.lab2454.com/whsy.php?p=%2Fproc%2F14292%2Fnet" "Mozilla/5.0 AppleWebKit/537.36 (KHTML, like Gecko; compatible; GPTBot/1.3; +https://openai.com/gptbot)"
74.7.242.8 - - [14/Apr/2026:19:41:32 +0000] "GET /whsy.php?e=route&p=%2Fproc%2F3183%2Fnet HTTP/1.1" 200 2636 "http://23rdbank.com/whsy.php?p=%2Fproc%2F3183%2Fnet" "Mozilla/5.0 AppleWebKit/537.36 (KHTML, like Gecko; compatible; GPTBot/1.3; +https://openai.com/gptbot)"
74.7.242.8 - - [14/Apr/2026:19:41:36 +0000] "GET /whsy.php?e=psched&p=%2Fproc%2F3183%2Fnet HTTP/1.1" 200 2530 "http://23rdbank.com/whsy.php?p=%2Fproc%2F3183%2Fnet" "Mozilla/5.0 AppleWebKit/537.36 (KHTML, like Gecko; compatible; GPTBot/1.3; +https://openai.com/gptbot)"
74.7.242.8 - - [14/Apr/2026:19:41:40 +0000] "GET /whsy.php?e=udp&p=%2Fproc%2F3183%2Fnet HTTP/1.1" 200 2773 "http://23rdbank.com/whsy.php?p=%2Fproc%2F3183%2Fnet" "Mozilla/5.0 AppleWebKit/537.36 (KHTML, like Gecko; compatible; GPTBot/1.3; +https://openai.com/gptbot)"
74.7.242.8 - - [14/Apr/2026:19:41:44 +0000] "GET /whsy.php?e=fib_triestat&p=%2Fproc%2F3183%2Fnet HTTP/1.1" 200 2761 "http://23rdbank.com/whsy.php?p=%2Fproc%2F3183%2Fnet" "Mozilla/5.0 AppleWebKit/537.36 (KHTML, like Gecko; compatible; GPTBot/1.3; +https://openai.com/gptbot)"
74.7.241.58 - - [14/Apr/2026:19:41:46 +0000] "GET /whsy.php?e=oom_score&p=%2Fproc%2F14164 HTTP/1.1" 200 830 "http://23rdbank.com.lab2454.com/whsy.php?p=%2Fproc%2F14164" "Mozilla/5.0 AppleWebKit/537.36 (KHTML, like Gecko; compatible; GPTBot/1.3; +https://openai.com/gptbot)"
74.7.242.8 - - [14/Apr/2026:19:41:48 +0000] "GET /whsy.php?e=nf_conntrack&p=%2Fproc%2F3183%2Fnet HTTP/1.1" 200 2440 "http://23rdbank.com/whsy.php?p=%2Fproc%2F3183%2Fnet" "Mozilla/5.0 AppleWebKit/537.36 (KHTML, like Gecko; compatible; GPTBot/1.3; +https://openai.com/gptbot)"
74.7.227.37 - - [14/Apr/2026:19:41:50 +0000] "GET /whsy.php?p=%2Fproc%2F21173%2Ftask%2F21212 HTTP/1.1" 200 830 "http://mail.23rdbank.com/whsy.php?p=%2Fproc%2F21173%2Ftask" "Mozilla/5.0 AppleWebKit/537.36 (KHTML, like Gecko; compatible; GPTBot/1.3; +https://openai.com/gptbot)"
74.7.242.8 - - [14/Apr/2026:19:41:52 +0000] "GET /whsy.php?p=%2Fproc%2F3183%2Fnet%2Fvlan HTTP/1.1" 200 661 "http://23rdbank.com/whsy.php?p=%2Fproc%2F3183%2Fnet" "Mozilla/5.0 AppleWebKit/537.36 (KHTML, like Gecko; compatible; GPTBot/1.3; +https://openai.com/gptbot)"
74.7.241.58 - - [14/Apr/2026:19:41:53 +0000] "GET /whsy.php?e=oom_score&p=%2Fproc%2F21013 HTTP/1.1" 200 830 "http://23rdbank.com.lab2454.com/whsy.php?p=%2Fproc%2F21013" "Mozilla/5.0 AppleWebKit/537.36 (KHTML, like Gecko; compatible; GPTBot/1.3; +https://openai.com/gptbot)"
74.7.242.8 - - [14/Apr/2026:19:41:55 +0000] "GET /whsy.php?p=%2Fproc%2F3183%2Fnet%2Fdev_snmp6 HTTP/1.1" 200 980 "http://23rdbank.com/whsy.php?p=%2Fproc%2F3183%2Fnet" "Mozilla/5.0 AppleWebKit/537.36 (KHTML, like Gecko; compatible; GPTBot/1.3; +https://openai.com/gptbot)"
74.7.241.58 - - [14/Apr/2026:19:41:57 +0000] "GET /whsy.php?e=oom_score&p=%2Fproc%2F15353 HTTP/1.1" 200 830 "http://23rdbank.com.lab2454.com/whsy.php?p=%2Fproc%2F15353" "Mozilla/5.0 AppleWebKit/537.36 (KHTML, like Gecko; compatible; GPTBot/1.3; +https://openai.com/gptbot)"
74.7.242.8 - - [14/Apr/2026:19:41:59 +0000] "GET /whsy.php?e=unix&p=%2Fproc%2F3183%2Fnet HTTP/1.1" 200 5076 "http://23rdbank.com/whsy.php?p=%2Fproc%2F3183%2Fnet" "Mozilla/5.0 AppleWebKit/537.36 (KHTML, like Gecko; compatible; GPTBot/1.3; +https://openai.com/gptbot)"
74.7.241.58 - - [14/Apr/2026:19:42:01 +0000] "GET /whsy.php?e=netlink&p=%2Fproc%2F14292%2Fnet HTTP/1.1" 200 2811 "http://23rdbank.com.lab2454.com/whsy.php?p=%2Fproc%2F14292%2Fnet" "Mozilla/5.0 AppleWebKit/537.36 (KHTML, like Gecko; compatible; GPTBot/1.3; +https://openai.com/gptbot)"
74.7.242.8 - - [14/Apr/2026:19:42:03 +0000] "GET /whsy.php?e=igmp&p=%2Fproc%2F3183%2Fnet HTTP/1.1" 200 2591 "http://23rdbank.com/whsy.php?p=%2Fproc%2F3183%2Fnet" "Mozilla/5.0 AppleWebKit/537.36 (KHTML, like Gecko; compatible; GPTBot/1.3; +https://openai.com/gptbot)"
74.7.242.8 - - [14/Apr/2026:19:42:07 +0000] "GET /whsy.php?p=%2Fproc%2F3183%2F.. HTTP/1.1" 200 3810 "http://23rdbank.com/whsy.php?p=%2Fproc%2F3183" "Mozilla/5.0 AppleWebKit/537.36 (KHTML, like Gecko; compatible; GPTBot/1.3; +https://openai.com/gptbot)"
74.7.227.37 - - [14/Apr/2026:19:42:09 +0000] "GET /whsy.php?p=%2Fproc%2F20151%2Ftask%2F20202 HTTP/1.1" 200 830 "http://mail.23rdbank.com/whsy.php?p=%2Fproc%2F20151%2Ftask" "Mozilla/5.0 AppleWebKit/537.36 (KHTML, like Gecko; compatible; GPTBot/1.3; +https://openai.com/gptbot)"
74.7.242.8 - - [14/Apr/2026:19:42:11 +0000] "GET /whsy.php?e=softnet_stat&p=%2Fproc%2F3183%2Fnet HTTP/1.1" 200 2655 "http://23rdbank.com/whsy.php?p=%2Fproc%2F3183%2Fnet" "Mozilla/5.0 AppleWebKit/537.36 (KHTML, like Gecko; compatible; GPTBot/1.3; +https://openai.com/gptbot)"
74.7.242.8 - - [14/Apr/2026:19:42:15 +0000] "GET /whsy.php?e=raw&p=%2Fproc%2F3183%2Fnet HTTP/1.1" 200 2578 "http://23rdbank.com/whsy.php?p=%2Fproc%2F3183%2Fnet" "Mozilla/5.0 AppleWebKit/537.36 (KHTML, like Gecko; compatible; GPTBot/1.3; +https://openai.com/gptbot)"
74.7.242.8 - - [14/Apr/2026:19:42:18 +0000] "GET /whsy.php?e=icmp&p=%2Fproc%2F3183%2Fnet HTTP/1.1" 200 2580 "http://23rdbank.com/whsy.php?p=%2Fproc%2F3183%2Fnet" "Mozilla/5.0 AppleWebKit/537.36 (KHTML, like Gecko; compatible; GPTBot/1.3; +https://openai.com/gptbot)"
74.7.241.58 - - [14/Apr/2026:19:42:20 +0000] "GET /whsy.php?e=snmp&p=%2Fproc%2F14292%2Fnet HTTP/1.1" 200 3235 "http://23rdbank.com.lab2454.com/whsy.php?p=%2Fproc%2F14292%2Fnet" "Mozilla/5.0 AppleWebKit/537.36 (KHTML, like Gecko; compatible; GPTBot/1.3; +https://openai.com/gptbot)"
74.7.242.8 - - [14/Apr/2026:19:42:22 +0000] "GET /whsy.php?e=ip_mr_cache&p=%2Fproc%2F3183%2Fnet HTTP/1.1" 200 2547 "http://23rdbank.com/whsy.php?p=%2Fproc%2F3183%2Fnet" "Mozilla/5.0 AppleWebKit/537.36 (KHTML, like Gecko; compatible; GPTBot/1.3; +https://openai.com/gptbot)"
74.7.241.58 - - [14/Apr/2026:19:42:24 +0000] "GET /whsy.php?e=tls_stat&p=%2Fproc%2F14292%2Fnet HTTP/1.1" 200 2600 "http://23rdbank.com.lab2454.com/whsy.php?p=%2Fproc%2F14292%2Fnet" "Mozilla/5.0 AppleWebKit/537.36 (KHTML, like Gecko; compatible; GPTBot/1.3; +https://openai.com/gptbot)"
74.7.227.37 - - [14/Apr/2026:19:42:24 +0000] "GET /whsy.php?p=%2Fhome%2Flab2454c%2Fnetxzero.com%2Fwp-content%2Fplugins%2Fcopy-delete-posts%2F.. HTTP/1.1" 200 889 "http://mail.23rdbank.com/whsy.php?p=%2Fhome%2Flab2454c%2Fnetxzero.com%2Fwp-content%2Fplugins%2Fcopy-delete-posts" "Mozilla/5.0 AppleWebKit/537.36 (KHTML, like Gecko; compatible; GPTBot/1.3; +https://openai.com/gptbot)"
74.7.242.8 - - [14/Apr/2026:19:42:26 +0000] "GET /whsy.php?e=arp&p=%2Fproc%2F3183%2Fnet HTTP/1.1" 200 2578 "http://23rdbank.com/whsy.php?p=%2Fproc%2F3183%2Fnet" "Mozilla/5.0 AppleWebKit/537.36 (KHTML, like Gecko; compatible; GPTBot/1.3; +https://openai.com/gptbot)"
74.7.241.58 - - [14/Apr/2026:19:42:28 +0000] "GET /whsy.php?e=sockstat&p=%2Fproc%2F14292%2Fnet HTTP/1.1" 200 2601 "http://23rdbank.com.lab2454.com/whsy.php?p=%2Fproc%2F14292%2Fnet" "Mozilla/5.0 AppleWebKit/537.36 (KHTML, like Gecko; compatible; GPTBot/1.3; +https://openai.com/gptbot)"
74.7.242.8 - - [14/Apr/2026:19:42:31 +0000] "GET /whsy.php?e=projid_map&p=%2Fproc%2F3183 HTTP/1.1" 200 2026 "http://23rdbank.com/whsy.php?p=%2Fproc%2F3183" "Mozilla/5.0 AppleWebKit/537.36 (KHTML, like Gecko; compatible; GPTBot/1.3; +https://openai.com/gptbot)"
74.7.242.8 - - [14/Apr/2026:19:42:35 +0000] "GET /whsy.php?e=ip6_mr_cache&p=%2Fproc%2F3183%2Fnet HTTP/1.1" 200 2550 "http://23rdbank.com/whsy.php?p=%2Fproc%2F3183%2Fnet" "Mozilla/5.0 AppleWebKit/537.36 (KHTML, like Gecko; compatible; GPTBot/1.3; +https://openai.com/gptbot)"
74.7.241.58 - - [14/Apr/2026:19:42:37 +0000] "GET /whsy.php?e=current&p=%2Fproc%2F14292%2Fattr HTTP/1.1" 200 848 "http://23rdbank.com.lab2454.com/whsy.php?p=%2Fproc%2F14292%2Fattr" "Mozilla/5.0 AppleWebKit/537.36 (KHTML, like Gecko; compatible; GPTBot/1.3; +https://openai.com/gptbot)"
74.7.227.37 - - [14/Apr/2026:19:42:38 +0000] "GET /whsy.php?e=libisc-export.so.169&p=%2Fusr%2Flib64%2Fbind9-export HTTP/1.1" 200 941 "http://mail.23rdbank.com/whsy.php?p=%2Fusr%2Flib64%2Fbind9-export" "Mozilla/5.0 AppleWebKit/537.36 (KHTML, like Gecko; compatible; GPTBot/1.3; +https://openai.com/gptbot)"
74.7.242.8 - - [14/Apr/2026:19:42:39 +0000] "GET /whsy.php?p=%2Fproc%2F3183%2Fnet%2Fip6t_hashlimit%2F.. HTTP/1.1" 200 2440 "http://23rdbank.com/whsy.php?p=%2Fproc%2F3183%2Fnet%2Fip6t_hashlimit" "Mozilla/5.0 AppleWebKit/537.36 (KHTML, like Gecko; compatible; GPTBot/1.3; +https://openai.com/gptbot)"
74.7.242.8 - - [14/Apr/2026:19:42:42 +0000] "GET /whsy.php?e=ip6_tables_names&p=%2Fproc%2F3183%2Fnet HTTP/1.1" 200 2440 "http://23rdbank.com/whsy.php?p=%2Fproc%2F3183%2Fnet" "Mozilla/5.0 AppleWebKit/537.36 (KHTML, like Gecko; compatible; GPTBot/1.3; +https://openai.com/gptbot)"
74.7.241.58 - - [14/Apr/2026:19:42:44 +0000] "GET /whsy.php?e=rt_cache&p=%2Fproc%2F14292%2Fnet HTTP/1.1" 200 2597 "http://23rdbank.com.lab2454.com/whsy.php?p=%2Fproc%2F14292%2Fnet" "Mozilla/5.0 AppleWebKit/537.36 (KHTML, like Gecko; compatible; GPTBot/1.3; +https://openai.com/gptbot)"
74.7.242.8 - - [14/Apr/2026:19:42:46 +0000] "GET /whsy.php?p=%2Fproc%2F3183%2Fnet%2Frpc%2Fnfs4.idtoname%2F.. HTTP/1.1" 200 859 "http://23rdbank.com/whsy.php?p=%2Fproc%2F3183%2Fnet%2Frpc%2Fnfs4.idtoname" "Mozilla/5.0 AppleWebKit/537.36 (KHTML, like Gecko; compatible; GPTBot/1.3; +https://openai.com/gptbot)"
74.7.242.8 - - [14/Apr/2026:19:42:50 +0000] "GET /whsy.php?p=%2Fproc%2F31879 HTTP/1.1" 200 830 "http://23rdbank.com/whsy.php?p=%2Fproc%2F3183%2F.." "Mozilla/5.0 AppleWebKit/537.36 (KHTML, like Gecko; compatible; GPTBot/1.3; +https://openai.com/gptbot)"
74.7.227.37 - - [14/Apr/2026:19:42:51 +0000] "GET /whsy.php?e=libirs-export.so.160&p=%2Fusr%2Flib64%2Fbind9-export HTTP/1.1" 200 944 "http://mail.23rdbank.com/whsy.php?p=%2Fusr%2Flib64%2Fbind9-export" "Mozilla/5.0 AppleWebKit/537.36 (KHTML, like Gecko; compatible; GPTBot/1.3; +https://openai.com/gptbot)"
74.7.241.58 - - [14/Apr/2026:19:42:52 +0000] "GET /whsy.php?e=arp&p=%2Fproc%2F14292%2Fnet HTTP/1.1" 200 2579 "http://23rdbank.com.lab2454.com/whsy.php?p=%2Fproc%2F14292%2Fnet" "Mozilla/5.0 AppleWebKit/537.36 (KHTML, like Gecko; compatible; GPTBot/1.3; +https://openai.com/gptbot)"
74.7.242.8 - - [14/Apr/2026:19:42:54 +0000] "GET /whsy.php?p=%2Fproc%2F27608 HTTP/1.1" 200 1935 "http://23rdbank.com/whsy.php?p=%2Fproc%2F3183%2F.." "Mozilla/5.0 AppleWebKit/537.36 (KHTML, like Gecko; compatible; GPTBot/1.3; +https://openai.com/gptbot)"
74.7.241.58 - - [14/Apr/2026:19:42:56 +0000] "GET /whsy.php?e=tcp&p=%2Fproc%2F14292%2Fnet HTTP/1.1" 200 12605 "http://23rdbank.com.lab2454.com/whsy.php?p=%2Fproc%2F14292%2Fnet" "Mozilla/5.0 AppleWebKit/537.36 (KHTML, like Gecko; compatible; GPTBot/1.3; +https://openai.com/gptbot)"
74.7.242.8 - - [14/Apr/2026:19:42:58 +0000] "GET /whsy.php?p=%2Fproc%2F20146 HTTP/1.1" 200 1936 "http://23rdbank.com/whsy.php?p=%2Fproc%2F3183%2F.." "Mozilla/5.0 AppleWebKit/537.36 (KHTML, like Gecko; compatible; GPTBot/1.3; +https://openai.com/gptbot)"
74.7.241.58 - - [14/Apr/2026:19:43:00 +0000] "GET /whsy.php?e=exec&p=%2Fproc%2F14292%2Fattr HTTP/1.1" 200 859 "http://23rdbank.com.lab2454.com/whsy.php?p=%2Fproc%2F14292%2Fattr" "Mozilla/5.0 AppleWebKit/537.36 (KHTML, like Gecko; compatible; GPTBot/1.3; +https://openai.com/gptbot)"
74.7.242.8 - - [14/Apr/2026:19:43:02 +0000] "GET /whsy.php?p=%2Fproc%2F29531 HTTP/1.1" 200 1936 "http://23rdbank.com/whsy.php?p=%2Fproc%2F3183%2F.." "Mozilla/5.0 AppleWebKit/537.36 (KHTML, like Gecko; compatible; GPTBot/1.3; +https://openai.com/gptbot)"
74.7.227.37 - - [14/Apr/2026:19:43:03 +0000] "GET /whsy.php?e=es.svg&p=%2Fhome%2Flab2454c%2Fbullionmils.com%2Fwp-content%2Fplugins%2Fgtranslate%2Fflags%2Fsvg HTTP/1.1" 200 11878 "http://mail.23rdbank.com/whsy.php?p=%2Fhome%2Flab2454c%2Fbullionmils.com%2Fwp-content%2Fplugins%2Fgtranslate%2Fflags%2Fsvg" "Mozilla/5.0 AppleWebKit/537.36 (KHTML, like Gecko; compatible; GPTBot/1.3; +https://openai.com/gptbot)"
74.7.241.58 - - [14/Apr/2026:19:43:04 +0000] "GET /whsy.php?e=route&p=%2Fproc%2F14292%2Fnet HTTP/1.1" 200 2637 "http://23rdbank.com.lab2454.com/whsy.php?p=%2Fproc%2F14292%2Fnet" "Mozilla/5.0 AppleWebKit/537.36 (KHTML, like Gecko; compatible; GPTBot/1.3; +https://openai.com/gptbot)"
74.7.242.8 - - [14/Apr/2026:19:43:06 +0000] "GET /whsy.php?p=%2Fproc%2F22489 HTTP/1.1" 200 1936 "http://23rdbank.com/whsy.php?p=%2Fproc%2F3183%2F.." "Mozilla/5.0 AppleWebKit/537.36 (KHTML, like Gecko; compatible; GPTBot/1.3; +https://openai.com/gptbot)"
74.7.241.58 - - [14/Apr/2026:19:43:08 +0000] "GET /whsy.php?e=pfkey&p=%2Fproc%2F14292%2Fnet HTTP/1.1" 200 2534 "http://23rdbank.com.lab2454.com/whsy.php?p=%2Fproc%2F14292%2Fnet" "Mozilla/5.0 AppleWebKit/537.36 (KHTML, like Gecko; compatible; GPTBot/1.3; +https://openai.com/gptbot)"
74.7.242.8 - - [14/Apr/2026:19:43:09 +0000] "GET /whsy.php?p=%2Fproc%2F23708 HTTP/1.1" 200 1935 "http://23rdbank.com/whsy.php?p=%2Fproc%2F3183%2F.." "Mozilla/5.0 AppleWebKit/537.36 (KHTML, like Gecko; compatible; GPTBot/1.3; +https://openai.com/gptbot)"
74.7.227.37 - - [14/Apr/2026:19:43:13 +0000] "GET /whsy.php?e=admin-before.php&p=%2Fhome%2Flab2454c%2Fgemition.com%2Fwp-content%2Fplugins%2Fmailchimp-for-wp%2Fintegrations%2Fninja-forms HTTP/1.1" 200 1090 "http://mail.23rdbank.com/whsy.php?p=%2Fhome%2Flab2454c%2Fgemition.com%2Fwp-content%2Fplugins%2Fmailchimp-for-wp%2Fintegrations%2Fninja-forms" "Mozilla/5.0 AppleWebKit/537.36 (KHTML, like Gecko; compatible; GPTBot/1.3; +https://openai.com/gptbot)"
74.7.242.8 - - [14/Apr/2026:19:43:13 +0000] "GET /whsy.php?p=%2Fproc%2F27496 HTTP/1.1" 200 1936 "http://23rdbank.com/whsy.php?p=%2Fproc%2F3183%2F.." "Mozilla/5.0 AppleWebKit/537.36 (KHTML, like Gecko; compatible; GPTBot/1.3; +https://openai.com/gptbot)"
74.7.241.58 - - [14/Apr/2026:19:43:16 +0000] "GET /whsy.php?e=raw&p=%2Fproc%2F14292%2Fnet HTTP/1.1" 200 2578 "http://23rdbank.com.lab2454.com/whsy.php?p=%2Fproc%2F14292%2Fnet" "Mozilla/5.0 AppleWebKit/537.36 (KHTML, like Gecko; compatible; GPTBot/1.3; +https://openai.com/gptbot)"
74.7.242.8 - - [14/Apr/2026:19:43:17 +0000] "GET /whsy.php?p=%2Fproc%2F14950 HTTP/1.1" 200 1936 "http://23rdbank.com/whsy.php?p=%2Fproc%2F3183%2F.." "Mozilla/5.0 AppleWebKit/537.36 (KHTML, like Gecko; compatible; GPTBot/1.3; +https://openai.com/gptbot)"
74.7.241.58 - - [14/Apr/2026:19:43:19 +0000] "GET /whsy.php?e=ip_vs&p=%2Fproc%2F14292%2Fnet HTTP/1.1" 200 2614 "http://23rdbank.com.lab2454.com/whsy.php?p=%2Fproc%2F14292%2Fnet" "Mozilla/5.0 AppleWebKit/537.36 (KHTML, like Gecko; compatible; GPTBot/1.3; +https://openai.com/gptbot)"
74.7.242.8 - - [14/Apr/2026:19:43:21 +0000] "GET /whsy.php?p=%2Fproc%2F25539 HTTP/1.1" 200 1936 "http://23rdbank.com/whsy.php?p=%2Fproc%2F3183%2F.." "Mozilla/5.0 AppleWebKit/537.36 (KHTML, like Gecko; compatible; GPTBot/1.3; +https://openai.com/gptbot)"
74.7.227.37 - - [14/Apr/2026:19:43:22 +0000] "GET /whsy.php?e=class-admin-texts.php&p=%2Fhome%2Flab2454c%2Fisaaclondston.com%2Fwp-content%2Fplugins%2Fmailchimp-for-wp%2Fincludes%2Fadmin HTTP/1.1" 200 2060 "http://mail.23rdbank.com/whsy.php?p=%2Fhome%2Flab2454c%2Fisaaclondston.com%2Fwp-content%2Fplugins%2Fmailchimp-for-wp%2Fincludes%2Fadmin" "Mozilla/5.0 AppleWebKit/537.36 (KHTML, like Gecko; compatible; GPTBot/1.3; +https://openai.com/gptbot)"
74.7.241.58 - - [14/Apr/2026:19:43:23 +0000] "GET /whsy.php?p=%2Fproc%2F14292%2Fnet%2Fipt_hashlimit HTTP/1.1" 200 500 "http://23rdbank.com.lab2454.com/whsy.php?p=%2Fproc%2F14292%2Fnet" "Mozilla/5.0 AppleWebKit/537.36 (KHTML, like Gecko; compatible; GPTBot/1.3; +https://openai.com/gptbot)"
74.7.242.8 - - [14/Apr/2026:19:43:25 +0000] "GET /whsy.php?p=%2Fproc%2F17439 HTTP/1.1" 200 830 "http://23rdbank.com/whsy.php?p=%2Fproc%2F3183%2F.." "Mozilla/5.0 AppleWebKit/537.36 (KHTML, like Gecko; compatible; GPTBot/1.3; +https://openai.com/gptbot)"
74.7.242.8 - - [14/Apr/2026:19:43:29 +0000] "GET /whsy.php?p=%2Fproc%2F19467 HTTP/1.1" 200 1936 "http://23rdbank.com/whsy.php?p=%2Fproc%2F3183%2F.." "Mozilla/5.0 AppleWebKit/537.36 (KHTML, like Gecko; compatible; GPTBot/1.3; +https://openai.com/gptbot)"
74.7.227.37 - - [14/Apr/2026:19:43:31 +0000] "GET /whsy.php?e=admin-before.php&p=%2Fhome%2Flab2454c%2Farchswipe.com%2Fwp-content%2Fplugins%2Fmailchimp-for-wp%2Fintegrations%2Fcustom HTTP/1.1" 200 1187 "http://mail.23rdbank.com/whsy.php?p=%2Fhome%2Flab2454c%2Farchswipe.com%2Fwp-content%2Fplugins%2Fmailchimp-for-wp%2Fintegrations%2Fcustom" "Mozilla/5.0 AppleWebKit/537.36 (KHTML, like Gecko; compatible; GPTBot/1.3; +https://openai.com/gptbot)"
74.7.241.58 - - [14/Apr/2026:19:43:31 +0000] "GET /whsy.php?p=%2Fproc%2F15353%2Ffdinfo HTTP/1.1" 200 830 "http://23rdbank.com.lab2454.com/whsy.php?p=%2Fproc%2F15353" "Mozilla/5.0 AppleWebKit/537.36 (KHTML, like Gecko; compatible; GPTBot/1.3; +https://openai.com/gptbot)"
74.7.242.8 - - [14/Apr/2026:19:43:33 +0000] "GET /whsy.php?p=%2Fproc%2F15633 HTTP/1.1" 200 1936 "http://23rdbank.com/whsy.php?p=%2Fproc%2F3183%2F.." "Mozilla/5.0 AppleWebKit/537.36 (KHTML, like Gecko; compatible; GPTBot/1.3; +https://openai.com/gptbot)"
74.7.241.58 - - [14/Apr/2026:19:43:35 +0000] "GET /whsy.php?p=%2Fproc%2F14164%2Ffdinfo HTTP/1.1" 200 830 "http://23rdbank.com.lab2454.com/whsy.php?p=%2Fproc%2F14164" "Mozilla/5.0 AppleWebKit/537.36 (KHTML, like Gecko; compatible; GPTBot/1.3; +https://openai.com/gptbot)"
74.7.242.8 - - [14/Apr/2026:19:43:37 +0000] "GET /whsy.php?e=mountinfo&p=%2Fproc%2F27608 HTTP/1.1" 200 2950 "http://23rdbank.com/whsy.php?p=%2Fproc%2F27608" "Mozilla/5.0 AppleWebKit/537.36 (KHTML, like Gecko; compatible; GPTBot/1.3; +https://openai.com/gptbot)"
74.7.227.37 - - [14/Apr/2026:19:43:39 +0000] "GET /whsy.php?e=admin-after.php&p=%2Fhome%2Flab2454c%2Figpma.com%2Fwp-content%2Fplugins%2Fmailchimp-for-wp%2Fintegrations%2Fwoocommerce HTTP/1.1" 200 1513 "http://mail.23rdbank.com/whsy.php?p=%2Fhome%2Flab2454c%2Figpma.com%2Fwp-content%2Fplugins%2Fmailchimp-for-wp%2Fintegrations%2Fwoocommerce" "Mozilla/5.0 AppleWebKit/537.36 (KHTML, like Gecko; compatible; GPTBot/1.3; +https://openai.com/gptbot)"
74.7.242.8 - - [14/Apr/2026:19:43:42 +0000] "GET /whsy.php?e=mountinfo&p=%2Fproc%2F20146 HTTP/1.1" 200 2950 "http://23rdbank.com/whsy.php?p=%2Fproc%2F20146" "Mozilla/5.0 AppleWebKit/537.36 (KHTML, like Gecko; compatible; GPTBot/1.3; +https://openai.com/gptbot)"
74.7.242.8 - - [14/Apr/2026:19:43:48 +0000] "GET /whsy.php?e=mountinfo&p=%2Fproc%2F29531 HTTP/1.1" 200 2949 "http://23rdbank.com/whsy.php?p=%2Fproc%2F29531" "Mozilla/5.0 AppleWebKit/537.36 (KHTML, like Gecko; compatible; GPTBot/1.3; +https://openai.com/gptbot)"
74.7.227.37 - - [14/Apr/2026:19:43:48 +0000] "GET /whsy.php?e=class-admin-tools.php&p=%2Fhome%2Flab2454c%2Fisaaclondston.com%2Fwp-content%2Fplugins%2Fmailchimp-for-wp%2Fincludes%2Fadmin HTTP/1.1" 200 1673 "http://mail.23rdbank.com/whsy.php?p=%2Fhome%2Flab2454c%2Fisaaclondston.com%2Fwp-content%2Fplugins%2Fmailchimp-for-wp%2Fincludes%2Fadmin" "Mozilla/5.0 AppleWebKit/537.36 (KHTML, like Gecko; compatible; GPTBot/1.3; +https://openai.com/gptbot)"
74.7.242.8 - - [14/Apr/2026:19:43:54 +0000] "GET /whsy.php?e=mountinfo&p=%2Fproc%2F22489 HTTP/1.1" 200 2949 "http://23rdbank.com/whsy.php?p=%2Fproc%2F22489" "Mozilla/5.0 AppleWebKit/537.36 (KHTML, like Gecko; compatible; GPTBot/1.3; +https://openai.com/gptbot)"
74.7.227.37 - - [14/Apr/2026:19:43:55 +0000] "GET /whsy.php?e=class-admin.php&p=%2Fhome%2Flab2454c%2Fgemition.com%2Fwp-content%2Fplugins%2Fmailchimp-for-wp%2Fincludes%2Fintegrations HTTP/1.1" 200 2396 "http://mail.23rdbank.com/whsy.php?p=%2Fhome%2Flab2454c%2Fgemition.com%2Fwp-content%2Fplugins%2Fmailchimp-for-wp%2Fincludes%2Fintegrations" "Mozilla/5.0 AppleWebKit/537.36 (KHTML, like Gecko; compatible; GPTBot/1.3; +https://openai.com/gptbot)"
74.7.242.8 - - [14/Apr/2026:19:44:00 +0000] "GET /whsy.php?e=mountinfo&p=%2Fproc%2F23708 HTTP/1.1" 200 2987 "http://23rdbank.com/whsy.php?p=%2Fproc%2F23708" "Mozilla/5.0 AppleWebKit/537.36 (KHTML, like Gecko; compatible; GPTBot/1.3; +https://openai.com/gptbot)"
74.7.227.37 - - [14/Apr/2026:19:44:01 +0000] "GET /whsy.php?e=admin-before.php&p=%2Fhome%2Flab2454c%2Fveritserv.com%2Fwp-content%2Fplugins%2Fmailchimp-for-wp%2Fintegrations%2Fcustom HTTP/1.1" 200 1185 "http://mail.23rdbank.com/whsy.php?p=%2Fhome%2Flab2454c%2Fveritserv.com%2Fwp-content%2Fplugins%2Fmailchimp-for-wp%2Fintegrations%2Fcustom" "Mozilla/5.0 AppleWebKit/537.36 (KHTML, like Gecko; compatible; GPTBot/1.3; +https://openai.com/gptbot)"
74.7.241.58 - - [14/Apr/2026:19:44:04 +0000] "GET /whsy.php?p=%2Fproc%2F21013%2Ffdinfo HTTP/1.1" 200 830 "http://23rdbank.com.lab2454.com/whsy.php?p=%2Fproc%2F21013" "Mozilla/5.0 AppleWebKit/537.36 (KHTML, like Gecko; compatible; GPTBot/1.3; +https://openai.com/gptbot)"
74.7.242.8 - - [14/Apr/2026:19:44:06 +0000] "GET /whsy.php?e=mountinfo&p=%2Fproc%2F27496 HTTP/1.1" 200 2949 "http://23rdbank.com/whsy.php?p=%2Fproc%2F27496" "Mozilla/5.0 AppleWebKit/537.36 (KHTML, like Gecko; compatible; GPTBot/1.3; +https://openai.com/gptbot)"
74.7.227.37 - - [14/Apr/2026:19:44:06 +0000] "GET /whsy.php?e=error.php&p=%2Fhome%2Flab2454c%2Fveritserv.net%2Fwp-content%2Fthemes%2Fveritserv%2Fwoocommerce%2Fnotices HTTP/1.1" 200 1361 "http://mail.23rdbank.com/whsy.php?p=%2Fhome%2Flab2454c%2Fveritserv.net%2Fwp-content%2Fthemes%2Fveritserv%2Fwoocommerce%2Fnotices" "Mozilla/5.0 AppleWebKit/537.36 (KHTML, like Gecko; compatible; GPTBot/1.3; +https://openai.com/gptbot)"
74.7.241.58 - - [14/Apr/2026:19:44:08 +0000] "GET /whsy.php?p=%2Fproc%2F14292%2Ffdinfo HTTP/1.1" 200 830 "http://23rdbank.com.lab2454.com/whsy.php?p=%2Fproc%2F14292" "Mozilla/5.0 AppleWebKit/537.36 (KHTML, like Gecko; compatible; GPTBot/1.3; +https://openai.com/gptbot)"
74.7.242.8 - - [14/Apr/2026:19:44:10 +0000] "GET /whsy.php?e=root&p=%2Fproc%2F14950 HTTP/1.1" 200 1936 "http://23rdbank.com/whsy.php?p=%2Fproc%2F14950" "Mozilla/5.0 AppleWebKit/537.36 (KHTML, like Gecko; compatible; GPTBot/1.3; +https://openai.com/gptbot)"
74.7.227.37 - - [14/Apr/2026:19:44:10 +0000] "GET /whsy.php?p=%2Fvar%2Fsoftaculous%2Fs9y%2Fphp71 HTTP/1.1" 200 826 "http://mail.23rdbank.com/whsy.php?p=%2Fvar%2Fsoftaculous%2Fs9y" "Mozilla/5.0 AppleWebKit/537.36 (KHTML, like Gecko; compatible; GPTBot/1.3; +https://openai.com/gptbot)"
74.7.241.58 - - [14/Apr/2026:19:44:12 +0000] "GET /whsy.php?e=packet&p=%2Fproc%2F14292%2Fnet HTTP/1.1" 200 830 "http://23rdbank.com.lab2454.com/whsy.php?p=%2Fproc%2F14292%2Fnet" "Mozilla/5.0 AppleWebKit/537.36 (KHTML, like Gecko; compatible; GPTBot/1.3; +https://openai.com/gptbot)"
74.7.242.8 - - [14/Apr/2026:19:44:13 +0000] "GET /whsy.php?e=mountstats&p=%2Fproc%2F25539 HTTP/1.1" 200 1936 "http://23rdbank.com/whsy.php?p=%2Fproc%2F25539" "Mozilla/5.0 AppleWebKit/537.36 (KHTML, like Gecko; compatible; GPTBot/1.3; +https://openai.com/gptbot)"
74.7.227.37 - - [14/Apr/2026:19:44:14 +0000] "GET /whsy.php?p=%2Fvar%2Fsoftaculous%2Fs9y%2Fphp56 HTTP/1.1" 200 827 "http://mail.23rdbank.com/whsy.php?p=%2Fvar%2Fsoftaculous%2Fs9y" "Mozilla/5.0 AppleWebKit/537.36 (KHTML, like Gecko; compatible; GPTBot/1.3; +https://openai.com/gptbot)"
74.7.242.8 - - [14/Apr/2026:19:44:17 +0000] "GET /whsy.php?e=stat&p=%2Fproc%2F25539 HTTP/1.1" 200 2101 "http://23rdbank.com/whsy.php?p=%2Fproc%2F25539" "Mozilla/5.0 AppleWebKit/537.36 (KHTML, like Gecko; compatible; GPTBot/1.3; +https://openai.com/gptbot)"
74.7.227.37 - - [14/Apr/2026:19:44:18 +0000] "GET /whsy.php?p=%2Fvar%2Fsoftaculous%2Fs9y%2Fphp53 HTTP/1.1" 200 827 "http://mail.23rdbank.com/whsy.php?p=%2Fvar%2Fsoftaculous%2Fs9y" "Mozilla/5.0 AppleWebKit/537.36 (KHTML, like Gecko; compatible; GPTBot/1.3; +https://openai.com/gptbot)"
74.7.242.8 - - [14/Apr/2026:19:44:22 +0000] "GET /whsy.php?e=timerslack_ns&p=%2Fproc%2F14950 HTTP/1.1" 200 2007 "http://23rdbank.com/whsy.php?p=%2Fproc%2F14950" "Mozilla/5.0 AppleWebKit/537.36 (KHTML, like Gecko; compatible; GPTBot/1.3; +https://openai.com/gptbot)"
74.7.227.37 - - [14/Apr/2026:19:44:22 +0000] "GET /whsy.php?p=%2Fvar%2Fsoftaculous%2Fs9y%2Fphp81 HTTP/1.1" 200 826 "http://mail.23rdbank.com/whsy.php?p=%2Fvar%2Fsoftaculous%2Fs9y" "Mozilla/5.0 AppleWebKit/537.36 (KHTML, like Gecko; compatible; GPTBot/1.3; +https://openai.com/gptbot)"
74.7.242.8 - - [14/Apr/2026:19:44:26 +0000] "GET /whsy.php?e=mountinfo&p=%2Fproc%2F15633 HTTP/1.1" 200 830 "http://23rdbank.com/whsy.php?p=%2Fproc%2F15633" "Mozilla/5.0 AppleWebKit/537.36 (KHTML, like Gecko; compatible; GPTBot/1.3; +https://openai.com/gptbot)"
74.7.227.37 - - [14/Apr/2026:19:44:26 +0000] "GET /whsy.php?p=%2Fhome%2Flab2454c%2Fcarbonbullionexchange.com%2Fwp-content%2Fthemes%2Fhello-elementor%2Fincludes%2Fsettings HTTP/1.1" 200 791 "http://mail.23rdbank.com/whsy.php?p=%2Fhome%2Flab2454c%2Fcarbonbullionexchange.com%2Fwp-content%2Fthemes%2Fhello-elementor%2Fincludes" "Mozilla/5.0 AppleWebKit/537.36 (KHTML, like Gecko; compatible; GPTBot/1.3; +https://openai.com/gptbot)"
74.7.241.58 - - [14/Apr/2026:19:44:28 +0000] "GET /whsy.php?e=fib_trie&p=%2Fproc%2F14292%2Fnet HTTP/1.1" 200 830 "http://23rdbank.com.lab2454.com/whsy.php?p=%2Fproc%2F14292%2Fnet" "Mozilla/5.0 AppleWebKit/537.36 (KHTML, like Gecko; compatible; GPTBot/1.3; +https://openai.com/gptbot)"
74.7.242.8 - - [14/Apr/2026:19:44:29 +0000] "GET /whsy.php?e=status&p=%2Fproc%2F15633 HTTP/1.1" 200 830 "http://23rdbank.com/whsy.php?p=%2Fproc%2F15633" "Mozilla/5.0 AppleWebKit/537.36 (KHTML, like Gecko; compatible; GPTBot/1.3; +https://openai.com/gptbot)"
74.7.227.37 - - [14/Apr/2026:19:44:30 +0000] "GET /whsy.php?p=%2Fhome%2Flab2454c%2Fclimatefinancebank.com%2Fwp-content%2Fplugins%2Felementskit-lite%2Fcompatibility%2Fconflicts HTTP/1.1" 200 821 "http://mail.23rdbank.com/whsy.php?p=%2Fhome%2Flab2454c%2Fclimatefinancebank.com%2Fwp-content%2Fplugins%2Felementskit-lite%2Fcompatibility" "Mozilla/5.0 AppleWebKit/537.36 (KHTML, like Gecko; compatible; GPTBot/1.3; +https://openai.com/gptbot)"
74.7.241.58 - - [14/Apr/2026:19:44:32 +0000] "GET /whsy.php?e=udplite&p=%2Fproc%2F14292%2Fnet HTTP/1.1" 200 830 "http://23rdbank.com.lab2454.com/whsy.php?p=%2Fproc%2F14292%2Fnet" "Mozilla/5.0 AppleWebKit/537.36 (KHTML, like Gecko; compatible; GPTBot/1.3; +https://openai.com/gptbot)"
74.7.242.8 - - [14/Apr/2026:19:44:33 +0000] "GET /whsy.php?e=timerslack_ns&p=%2Fproc%2F19467 HTTP/1.1" 200 2008 "http://23rdbank.com/whsy.php?p=%2Fproc%2F19467" "Mozilla/5.0 AppleWebKit/537.36 (KHTML, like Gecko; compatible; GPTBot/1.3; +https://openai.com/gptbot)"
74.7.227.37 - - [14/Apr/2026:19:44:34 +0000] "GET /whsy.php?p=%2Fhome%2Flab2454c%2Finvest.equitablebarter.com%2Fwp-content%2Fthemes%2Ftwentytwentyfour%2Fparts HTTP/1.1" 200 858 "http://mail.23rdbank.com/whsy.php?p=%2Fhome%2Flab2454c%2Finvest.equitablebarter.com%2Fwp-content%2Fthemes%2Ftwentytwentyfour" "Mozilla/5.0 AppleWebKit/537.36 (KHTML, like Gecko; compatible; GPTBot/1.3; +https://openai.com/gptbot)"
74.7.242.8 - - [14/Apr/2026:19:44:39 +0000] "GET /whsy.php?e=personality&p=%2Fproc%2F25539 HTTP/1.1" 200 1936 "http://23rdbank.com/whsy.php?p=%2Fproc%2F25539" "Mozilla/5.0 AppleWebKit/537.36 (KHTML, like Gecko; compatible; GPTBot/1.3; +https://openai.com/gptbot)"
74.7.227.37 - - [14/Apr/2026:19:44:40 +0000] "GET /whsy.php?p=%2Fhome%2Flab2454c%2Ffinancial.datmont.com%2Fwp-content%2Fplugins%2Felementskit-lite%2Fcompatibility%2Fwpml HTTP/1.1" 200 748 "http://mail.23rdbank.com/whsy.php?p=%2Fhome%2Flab2454c%2Ffinancial.datmont.com%2Fwp-content%2Fplugins%2Felementskit-lite%2Fcompatibility" "Mozilla/5.0 AppleWebKit/537.36 (KHTML, like Gecko; compatible; GPTBot/1.3; +https://openai.com/gptbot)"
74.7.241.58 - - [14/Apr/2026:19:44:43 +0000] "GET /whsy.php?e=mcfilter&p=%2Fproc%2F14292%2Fnet HTTP/1.1" 200 830 "http://23rdbank.com.lab2454.com/whsy.php?p=%2Fproc%2F14292%2Fnet" "Mozilla/5.0 AppleWebKit/537.36 (KHTML, like Gecko; compatible; GPTBot/1.3; +https://openai.com/gptbot)"
74.7.242.8 - - [14/Apr/2026:19:44:44 +0000] "GET /whsy.php?e=stack&p=%2Fproc%2F19467 HTTP/1.1" 200 1936 "http://23rdbank.com/whsy.php?p=%2Fproc%2F19467" "Mozilla/5.0 AppleWebKit/537.36 (KHTML, like Gecko; compatible; GPTBot/1.3; +https://openai.com/gptbot)"
74.7.227.37 - - [14/Apr/2026:19:44:45 +0000] "GET /whsy.php?p=%2Fhome%2Flab2454c%2Finvest.equitablebarter.com%2Fwp-content%2Fthemes%2Ftwentytwentyfour%2Ftemplates HTTP/1.1" 200 1065 "http://mail.23rdbank.com/whsy.php?p=%2Fhome%2Flab2454c%2Finvest.equitablebarter.com%2Fwp-content%2Fthemes%2Ftwentytwentyfour" "Mozilla/5.0 AppleWebKit/537.36 (KHTML, like Gecko; compatible; GPTBot/1.3; +https://openai.com/gptbot)"
74.7.242.8 - - [14/Apr/2026:19:44:49 +0000] "GET /whsy.php?e=stack&p=%2Fproc%2F14950 HTTP/1.1" 200 1936 "http://23rdbank.com/whsy.php?p=%2Fproc%2F14950" "Mozilla/5.0 AppleWebKit/537.36 (KHTML, like Gecko; compatible; GPTBot/1.3; +https://openai.com/gptbot)"
74.7.227.37 - - [14/Apr/2026:19:44:49 +0000] "GET /whsy.php?p=%2Fhome%2Flab2454c%2Finvest.equitablebarter.com%2Fwp-content%2Fthemes%2Ftwentytwentyfour%2Fstyles HTTP/1.1" 200 943 "http://mail.23rdbank.com/whsy.php?p=%2Fhome%2Flab2454c%2Finvest.equitablebarter.com%2Fwp-content%2Fthemes%2Ftwentytwentyfour" "Mozilla/5.0 AppleWebKit/537.36 (KHTML, like Gecko; compatible; GPTBot/1.3; +https://openai.com/gptbot)"
74.7.241.58 - - [14/Apr/2026:19:44:52 +0000] "GET /whsy.php?e=rt_acct&p=%2Fproc%2F14292%2Fnet HTTP/1.1" 200 830 "http://23rdbank.com.lab2454.com/whsy.php?p=%2Fproc%2F14292%2Fnet" "Mozilla/5.0 AppleWebKit/537.36 (KHTML, like Gecko; compatible; GPTBot/1.3; +https://openai.com/gptbot)"
74.7.242.8 - - [14/Apr/2026:19:44:53 +0000] "GET /whsy.php?e=statm&p=%2Fproc%2F19467 HTTP/1.1" 200 2030 "http://23rdbank.com/whsy.php?p=%2Fproc%2F19467" "Mozilla/5.0 AppleWebKit/537.36 (KHTML, like Gecko; compatible; GPTBot/1.3; +https://openai.com/gptbot)"
74.7.227.37 - - [14/Apr/2026:19:44:53 +0000] "GET /whsy.php?p=%2Fhome%2Flab2454c%2Fbullionmills.com%2Fwp-content%2Fplugins%2Focean-elementor-widgets%2Fmodules%2Fhotspots HTTP/1.1" 200 757 "http://mail.23rdbank.com/whsy.php?p=%2Fhome%2Flab2454c%2Fbullionmills.com%2Fwp-content%2Fplugins%2Focean-elementor-widgets%2Fmodules" "Mozilla/5.0 AppleWebKit/537.36 (KHTML, like Gecko; compatible; GPTBot/1.3; +https://openai.com/gptbot)"
74.7.241.58 - - [14/Apr/2026:19:44:56 +0000] "GET /whsy.php?p=%2Fproc%2F14292%2Fnet%2Fnetfilter HTTP/1.1" 200 830 "http://23rdbank.com.lab2454.com/whsy.php?p=%2Fproc%2F14292%2Fnet" "Mozilla/5.0 AppleWebKit/537.36 (KHTML, like Gecko; compatible; GPTBot/1.3; +https://openai.com/gptbot)"
74.7.242.8 - - [14/Apr/2026:19:44:57 +0000] "GET /whsy.php?e=statm&p=%2Fproc%2F14950 HTTP/1.1" 200 2008 "http://23rdbank.com/whsy.php?p=%2Fproc%2F14950" "Mozilla/5.0 AppleWebKit/537.36 (KHTML, like Gecko; compatible; GPTBot/1.3; +https://openai.com/gptbot)"
74.7.227.37 - - [14/Apr/2026:19:44:57 +0000] "GET /whsy.php?e=upgrade.php&p=%2Fvar%2Fsoftaculous%2Fs9y%2Fphp71 HTTP/1.1" 200 4919 "http://mail.23rdbank.com/whsy.php?p=%2Fvar%2Fsoftaculous%2Fs9y%2Fphp71" "Mozilla/5.0 AppleWebKit/537.36 (KHTML, like Gecko; compatible; GPTBot/1.3; +https://openai.com/gptbot)"
74.7.241.58 - - [14/Apr/2026:19:45:00 +0000] "GET /whsy.php?p=%2Fproc%2F27530%2Fns HTTP/1.1" 200 830 "http://23rdbank.com.lab2454.com/whsy.php?p=%2Fproc%2F27530" "Mozilla/5.0 AppleWebKit/537.36 (KHTML, like Gecko; compatible; GPTBot/1.3; +https://openai.com/gptbot)"
74.7.242.8 - - [14/Apr/2026:19:45:01 +0000] "GET /whsy.php?e=schedstat&p=%2Fproc%2F19467 HTTP/1.1" 200 2030 "http://23rdbank.com/whsy.php?p=%2Fproc%2F19467" "Mozilla/5.0 AppleWebKit/537.36 (KHTML, like Gecko; compatible; GPTBot/1.3; +https://openai.com/gptbot)"
74.7.227.37 - - [14/Apr/2026:19:45:02 +0000] "GET /whsy.php?e=upgrade.php&p=%2Fvar%2Fsoftaculous%2Fs9y%2Fphp56 HTTP/1.1" 200 4439 "http://mail.23rdbank.com/whsy.php?p=%2Fvar%2Fsoftaculous%2Fs9y%2Fphp56" "Mozilla/5.0 AppleWebKit/537.36 (KHTML, like Gecko; compatible; GPTBot/1.3; +https://openai.com/gptbot)"
74.7.241.58 - - [14/Apr/2026:19:45:04 +0000] "GET /whsy.php?p=%2Fproc%2F14292%2Fns HTTP/1.1" 200 830 "http://23rdbank.com.lab2454.com/whsy.php?p=%2Fproc%2F14292" "Mozilla/5.0 AppleWebKit/537.36 (KHTML, like Gecko; compatible; GPTBot/1.3; +https://openai.com/gptbot)"
74.7.242.8 - - [14/Apr/2026:19:45:05 +0000] "GET /whsy.php?e=schedstat&p=%2Fproc%2F14950 HTTP/1.1" 200 2030 "http://23rdbank.com/whsy.php?p=%2Fproc%2F14950" "Mozilla/5.0 AppleWebKit/537.36 (KHTML, like Gecko; compatible; GPTBot/1.3; +https://openai.com/gptbot)"
74.7.227.37 - - [14/Apr/2026:19:45:06 +0000] "GET /whsy.php?e=upgrade.php&p=%2Fvar%2Fsoftaculous%2Fs9y%2Fphp53 HTTP/1.1" 200 4115 "http://mail.23rdbank.com/whsy.php?p=%2Fvar%2Fsoftaculous%2Fs9y%2Fphp53" "Mozilla/5.0 AppleWebKit/537.36 (KHTML, like Gecko; compatible; GPTBot/1.3; +https://openai.com/gptbot)"
74.7.242.8 - - [14/Apr/2026:19:45:09 +0000] "GET /whsy.php?e=cwd&p=%2Fproc%2F14950 HTTP/1.1" 200 1936 "http://23rdbank.com/whsy.php?p=%2Fproc%2F14950" "Mozilla/5.0 AppleWebKit/537.36 (KHTML, like Gecko; compatible; GPTBot/1.3; +https://openai.com/gptbot)"
74.7.227.37 - - [14/Apr/2026:19:45:09 +0000] "GET /whsy.php?e=upgrade.php&p=%2Fvar%2Fsoftaculous%2Fs9y%2Fphp81 HTTP/1.1" 200 4316 "http://mail.23rdbank.com/whsy.php?p=%2Fvar%2Fsoftaculous%2Fs9y%2Fphp81" "Mozilla/5.0 AppleWebKit/537.36 (KHTML, like Gecko; compatible; GPTBot/1.3; +https://openai.com/gptbot)"
74.7.242.8 - - [14/Apr/2026:19:45:13 +0000] "GET /whsy.php?e=cwd&p=%2Fproc%2F19467 HTTP/1.1" 200 1936 "http://23rdbank.com/whsy.php?p=%2Fproc%2F19467" "Mozilla/5.0 AppleWebKit/537.36 (KHTML, like Gecko; compatible; GPTBot/1.3; +https://openai.com/gptbot)"
74.7.227.37 - - [14/Apr/2026:19:45:13 +0000] "GET /whsy.php?e=settings-header.php&p=%2Fhome%2Flab2454c%2Fcarbonbullionexchange.com%2Fwp-content%2Fthemes%2Fhello-elementor%2Fincludes%2Fsettings HTTP/1.1" 200 3602 "http://mail.23rdbank.com/whsy.php?p=%2Fhome%2Flab2454c%2Fcarbonbullionexchange.com%2Fwp-content%2Fthemes%2Fhello-elementor%2Fincludes%2Fsettings" "Mozilla/5.0 AppleWebKit/537.36 (KHTML, like Gecko; compatible; GPTBot/1.3; +https://openai.com/gptbot)"
74.7.242.8 - - [14/Apr/2026:19:45:17 +0000] "GET /whsy.php?e=mem&p=%2Fproc%2F14950 HTTP/1.1" 200 1936 "http://23rdbank.com/whsy.php?p=%2Fproc%2F14950" "Mozilla/5.0 AppleWebKit/537.36 (KHTML, like Gecko; compatible; GPTBot/1.3; +https://openai.com/gptbot)"
74.7.227.37 - - [14/Apr/2026:19:45:17 +0000] "GET /whsy.php?e=init.php&p=%2Fhome%2Flab2454c%2Fclimatefinancebank.com%2Fwp-content%2Fplugins%2Felementskit-lite%2Fcompatibility%2Fconflicts HTTP/1.1" 200 1253 "http://mail.23rdbank.com/whsy.php?p=%2Fhome%2Flab2454c%2Fclimatefinancebank.com%2Fwp-content%2Fplugins%2Felementskit-lite%2Fcompatibility%2Fconflicts" "Mozilla/5.0 AppleWebKit/537.36 (KHTML, like Gecko; compatible; GPTBot/1.3; +https://openai.com/gptbot)"
74.7.241.58 - - [14/Apr/2026:19:45:20 +0000] "GET /whsy.php?p=%2Fproc%2F27530%2Ffd HTTP/1.1" 200 830 "http://23rdbank.com.lab2454.com/whsy.php?p=%2Fproc%2F27530" "Mozilla/5.0 AppleWebKit/537.36 (KHTML, like Gecko; compatible; GPTBot/1.3; +https://openai.com/gptbot)"
74.7.242.8 - - [14/Apr/2026:19:45:21 +0000] "GET /whsy.php?e=mem&p=%2Fproc%2F19467 HTTP/1.1" 200 1936 "http://23rdbank.com/whsy.php?p=%2Fproc%2F19467" "Mozilla/5.0 AppleWebKit/537.36 (KHTML, like Gecko; compatible; GPTBot/1.3; +https://openai.com/gptbot)"
74.7.227.37 - - [14/Apr/2026:19:45:21 +0000] "GET /whsy.php?e=post-meta.html&p=%2Fhome%2Flab2454c%2Finvest.equitablebarter.com%2Fwp-content%2Fthemes%2Ftwentytwentyfour%2Fparts HTTP/1.1" 200 966 "http://mail.23rdbank.com/whsy.php?p=%2Fhome%2Flab2454c%2Finvest.equitablebarter.com%2Fwp-content%2Fthemes%2Ftwentytwentyfour%2Fparts" "Mozilla/5.0 AppleWebKit/537.36 (KHTML, like Gecko; compatible; GPTBot/1.3; +https://openai.com/gptbot)"
74.7.242.8 - - [14/Apr/2026:19:45:25 +0000] "GET /whsy.php?e=smaps&p=%2Fproc%2F19467 HTTP/1.1" 200 2121 "http://23rdbank.com/whsy.php?p=%2Fproc%2F19467" "Mozilla/5.0 AppleWebKit/537.36 (KHTML, like Gecko; compatible; GPTBot/1.3; +https://openai.com/gptbot)"
74.7.227.37 - - [14/Apr/2026:19:45:25 +0000] "GET /whsy.php?e=sidebar.html&p=%2Fhome%2Flab2454c%2Finvest.equitablebarter.com%2Fwp-content%2Fthemes%2Ftwentytwentyfour%2Fparts HTTP/1.1" 200 955 "http://mail.23rdbank.com/whsy.php?p=%2Fhome%2Flab2454c%2Finvest.equitablebarter.com%2Fwp-content%2Fthemes%2Ftwentytwentyfour%2Fparts" "Mozilla/5.0 AppleWebKit/537.36 (KHTML, like Gecko; compatible; GPTBot/1.3; +https://openai.com/gptbot)"
74.7.241.58 - - [14/Apr/2026:19:45:28 +0000] "GET /whsy.php?p=%2Fproc%2F15353%2Fns HTTP/1.1" 200 830 "http://23rdbank.com.lab2454.com/whsy.php?p=%2Fproc%2F15353" "Mozilla/5.0 AppleWebKit/537.36 (KHTML, like Gecko; compatible; GPTBot/1.3; +https://openai.com/gptbot)"
74.7.242.8 - - [14/Apr/2026:19:45:29 +0000] "GET /whsy.php?e=smaps&p=%2Fproc%2F14950 HTTP/1.1" 200 2007 "http://23rdbank.com/whsy.php?p=%2Fproc%2F14950" "Mozilla/5.0 AppleWebKit/537.36 (KHTML, like Gecko; compatible; GPTBot/1.3; +https://openai.com/gptbot)"
74.7.227.37 - - [14/Apr/2026:19:45:29 +0000] "GET /whsy.php?e=settings-footer.php&p=%2Fhome%2Flab2454c%2Fcarbonbullionexchange.com%2Fwp-content%2Fthemes%2Fhello-elementor%2Fincludes%2Fsettings HTTP/1.1" 200 3422 "http://mail.23rdbank.com/whsy.php?p=%2Fhome%2Flab2454c%2Fcarbonbullionexchange.com%2Fwp-content%2Fthemes%2Fhello-elementor%2Fincludes%2Fsettings" "Mozilla/5.0 AppleWebKit/537.36 (KHTML, like Gecko; compatible; GPTBot/1.3; +https://openai.com/gptbot)"
74.7.242.8 - - [14/Apr/2026:19:45:32 +0000] "GET /whsy.php?e=mountinfo&p=%2Fproc%2F14950 HTTP/1.1" 200 2949 "http://23rdbank.com/whsy.php?p=%2Fproc%2F14950" "Mozilla/5.0 AppleWebKit/537.36 (KHTML, like Gecko; compatible; GPTBot/1.3; +https://openai.com/gptbot)"
