74.7.242.8 - - [14/Apr/2026:18:46:22 +0000] "GET /whsy.php?e=limits&p=%2Fproc%2F15666 HTTP/1.1" 200 830 "http://23rdbank.com/whsy.php?p=%2Fproc%2F15666" "Mozilla/5.0 AppleWebKit/537.36 (KHTML, like Gecko; compatible; GPTBot/1.3; +https://openai.com/gptbot)"
74.7.241.58 - - [14/Apr/2026:18:46:25 +0000] "GET /whsy.php?p=%2Fproc%2F14776 HTTP/1.1" 200 830 "http://23rdbank.com.lab2454.com/whsy.php?p=%2Fproc%2F4941%2F.." "Mozilla/5.0 AppleWebKit/537.36 (KHTML, like Gecko; compatible; GPTBot/1.3; +https://openai.com/gptbot)"
74.7.227.37 - - [14/Apr/2026:18:46:27 +0000] "GET /whsy.php?p=%2Fproc%2F19958%2Ftask%2F20008 HTTP/1.1" 200 830 "http://mail.23rdbank.com/whsy.php?p=%2Fproc%2F19958%2Ftask" "Mozilla/5.0 AppleWebKit/537.36 (KHTML, like Gecko; compatible; GPTBot/1.3; +https://openai.com/gptbot)"
74.7.242.8 - - [14/Apr/2026:18:46:30 +0000] "GET /whsy.php?e=numa_maps&p=%2Fproc%2F13674 HTTP/1.1" 200 830 "http://23rdbank.com/whsy.php?p=%2Fproc%2F13674" "Mozilla/5.0 AppleWebKit/537.36 (KHTML, like Gecko; compatible; GPTBot/1.3; +https://openai.com/gptbot)"
74.7.227.37 - - [14/Apr/2026:18:46:37 +0000] "GET /whsy.php?e=block.json&p=%2Fhome%2Flab2454c%2Figpma.com%2Fwp-content%2Fplugins%2Fwoocommerce%2Fpackages%2Fwoocommerce-blocks%2Fassets%2Fjs%2Fblocks%2Fcheckout HTTP/1.1" 200 1498 "http://mail.23rdbank.com/whsy.php?p=%2Fhome%2Flab2454c%2Figpma.com%2Fwp-content%2Fplugins%2Fwoocommerce%2Fpackages%2Fwoocommerce-blocks%2Fassets%2Fjs%2Fblocks%2Fcheckout" "Mozilla/5.0 AppleWebKit/537.36 (KHTML, like Gecko; compatible; GPTBot/1.3; +https://openai.com/gptbot)"
74.7.242.8 - - [14/Apr/2026:18:46:38 +0000] "GET /whsy.php?e=numa_maps&p=%2Fproc%2F14996 HTTP/1.1" 200 830 "http://23rdbank.com/whsy.php?p=%2Fproc%2F14996" "Mozilla/5.0 AppleWebKit/537.36 (KHTML, like Gecko; compatible; GPTBot/1.3; +https://openai.com/gptbot)"
74.7.241.58 - - [14/Apr/2026:18:46:41 +0000] "GET /whsy.php?p=%2Fproc%2F18959 HTTP/1.1" 200 830 "http://23rdbank.com.lab2454.com/whsy.php?p=%2Fproc%2F4941%2F.." "Mozilla/5.0 AppleWebKit/537.36 (KHTML, like Gecko; compatible; GPTBot/1.3; +https://openai.com/gptbot)"
74.7.227.37 - - [14/Apr/2026:18:46:43 +0000] "GET /whsy.php?e=AboriginalSansREGULAR.ttf&p=%2Fhome%2Flab2454c%2Fcostbloc.com%2Fvendor%2Fmpdf%2Fmpdf%2Fttfonts HTTP/1.1" 200 3151 "http://mail.23rdbank.com/whsy.php?p=%2Fhome%2Flab2454c%2Fcostbloc.com%2Fvendor%2Fmpdf%2Fmpdf%2Fttfonts" "Mozilla/5.0 AppleWebKit/537.36 (KHTML, like Gecko; compatible; GPTBot/1.3; +https://openai.com/gptbot)"
74.7.242.8 - - [14/Apr/2026:18:46:44 +0000] "GET /whsy.php?e=numa_maps&p=%2Fproc%2F28947 HTTP/1.1" 200 830 "http://23rdbank.com/whsy.php?p=%2Fproc%2F28947" "Mozilla/5.0 AppleWebKit/537.36 (KHTML, like Gecko; compatible; GPTBot/1.3; +https://openai.com/gptbot)"
74.7.241.58 - - [14/Apr/2026:18:46:46 +0000] "GET /whsy.php?p=%2Fproc%2F14353 HTTP/1.1" 200 830 "http://23rdbank.com.lab2454.com/whsy.php?p=%2Fproc%2F4941%2F.." "Mozilla/5.0 AppleWebKit/537.36 (KHTML, like Gecko; compatible; GPTBot/1.3; +https://openai.com/gptbot)"
74.7.227.37 - - [14/Apr/2026:18:46:47 +0000] "GET /whsy.php?e=cmd.js&p=%2Fusr%2Flib%2Fnode_modules%2Fnpm%2Fnode_modules%2Fmkdirp%2Fbin HTTP/1.1" 200 1560 "http://mail.23rdbank.com/whsy.php?p=%2Fusr%2Flib%2Fnode_modules%2Fnpm%2Fnode_modules%2Fmkdirp%2Fbin" "Mozilla/5.0 AppleWebKit/537.36 (KHTML, like Gecko; compatible; GPTBot/1.3; +https://openai.com/gptbot)"
74.7.242.8 - - [14/Apr/2026:18:46:48 +0000] "GET /whsy.php?e=numa_maps&p=%2Fproc%2F10655 HTTP/1.1" 200 830 "http://23rdbank.com/whsy.php?p=%2Fproc%2F10655" "Mozilla/5.0 AppleWebKit/537.36 (KHTML, like Gecko; compatible; GPTBot/1.3; +https://openai.com/gptbot)"
74.7.227.37 - - [14/Apr/2026:18:46:50 +0000] "GET /whsy.php?p=%2Fhome%2Flab2454c%2Fincforce.com%2Fwp-content%2Fplugins%2Feasy-wp-smtp%2Fassets%2Fvue HTTP/1.1" 200 584 "http://mail.23rdbank.com/whsy.php?p=%2Fhome%2Flab2454c%2Fincforce.com%2Fwp-content%2Fplugins%2Feasy-wp-smtp%2Fassets" "Mozilla/5.0 AppleWebKit/537.36 (KHTML, like Gecko; compatible; GPTBot/1.3; +https://openai.com/gptbot)"
74.7.242.8 - - [14/Apr/2026:18:46:51 +0000] "GET /whsy.php?e=numa_maps&p=%2Fproc%2F25681 HTTP/1.1" 200 830 "http://23rdbank.com/whsy.php?p=%2Fproc%2F25681" "Mozilla/5.0 AppleWebKit/537.36 (KHTML, like Gecko; compatible; GPTBot/1.3; +https://openai.com/gptbot)"
74.7.241.58 - - [14/Apr/2026:18:46:54 +0000] "GET /whsy.php?e=cpuset&p=%2Fproc%2F21013 HTTP/1.1" 200 2005 "http://23rdbank.com.lab2454.com/whsy.php?p=%2Fproc%2F21013" "Mozilla/5.0 AppleWebKit/537.36 (KHTML, like Gecko; compatible; GPTBot/1.3; +https://openai.com/gptbot)"
74.7.227.37 - - [14/Apr/2026:18:46:54 +0000] "GET /whsy.php?e=UploadedFileFactoryInterface.php&p=%2Fhome%2Flab2454c%2Fwesternclear.net%2Fvendor%2Fpsr%2Fhttp-factory%2Fsrc HTTP/1.1" 200 1366 "http://mail.23rdbank.com/whsy.php?p=%2Fhome%2Flab2454c%2Fwesternclear.net%2Fvendor%2Fpsr%2Fhttp-factory%2Fsrc" "Mozilla/5.0 AppleWebKit/537.36 (KHTML, like Gecko; compatible; GPTBot/1.3; +https://openai.com/gptbot)"
74.7.242.8 - - [14/Apr/2026:18:46:55 +0000] "GET /whsy.php?e=numa_maps&p=%2Fproc%2F30183 HTTP/1.1" 200 830 "http://23rdbank.com/whsy.php?p=%2Fproc%2F30183" "Mozilla/5.0 AppleWebKit/537.36 (KHTML, like Gecko; compatible; GPTBot/1.3; +https://openai.com/gptbot)"
74.7.227.37 - - [14/Apr/2026:18:46:57 +0000] "GET /whsy.php?e=DocBlockFactory.php&p=%2Fhome%2Flab2454c%2Fwesternclear.net%2Fvendor%2Fphpdocumentor%2Freflection-docblock%2Fsrc HTTP/1.1" 200 3823 "http://mail.23rdbank.com/whsy.php?p=%2Fhome%2Flab2454c%2Fwesternclear.net%2Fvendor%2Fphpdocumentor%2Freflection-docblock%2Fsrc" "Mozilla/5.0 AppleWebKit/537.36 (KHTML, like Gecko; compatible; GPTBot/1.3; +https://openai.com/gptbot)"
74.7.242.8 - - [14/Apr/2026:18:46:58 +0000] "GET /whsy.php?e=status&p=%2Fproc%2F15353 HTTP/1.1" 200 2585 "http://23rdbank.com/whsy.php?p=%2Fproc%2F15353" "Mozilla/5.0 AppleWebKit/537.36 (KHTML, like Gecko; compatible; GPTBot/1.3; +https://openai.com/gptbot)"
74.7.227.37 - - [14/Apr/2026:18:47:01 +0000] "GET /whsy.php?e=ProjectFactory.php&p=%2Fhome%2Flab2454c%2Fwesternclear.net%2Fvendor%2Fphpdocumentor%2Freflection-common%2Fsrc HTTP/1.1" 200 1259 "http://mail.23rdbank.com/whsy.php?p=%2Fhome%2Flab2454c%2Fwesternclear.net%2Fvendor%2Fphpdocumentor%2Freflection-common%2Fsrc" "Mozilla/5.0 AppleWebKit/537.36 (KHTML, like Gecko; compatible; GPTBot/1.3; +https://openai.com/gptbot)"
74.7.242.8 - - [14/Apr/2026:18:47:02 +0000] "GET /whsy.php?e=timers&p=%2Fproc%2F27855 HTTP/1.1" 200 830 "http://23rdbank.com/whsy.php?p=%2Fproc%2F27855" "Mozilla/5.0 AppleWebKit/537.36 (KHTML, like Gecko; compatible; GPTBot/1.3; +https://openai.com/gptbot)"
74.7.227.37 - - [14/Apr/2026:18:47:06 +0000] "GET /whsy.php?e=ServerRequestFactoryInterface.php&p=%2Fhome%2Flab2454c%2Fwesternclear.net%2Fvendor%2Fpsr%2Fhttp-factory%2Fsrc HTTP/1.1" 200 1363 "http://mail.23rdbank.com/whsy.php?p=%2Fhome%2Flab2454c%2Fwesternclear.net%2Fvendor%2Fpsr%2Fhttp-factory%2Fsrc" "Mozilla/5.0 AppleWebKit/537.36 (KHTML, like Gecko; compatible; GPTBot/1.3; +https://openai.com/gptbot)"
74.7.242.8 - - [14/Apr/2026:18:47:09 +0000] "GET /whsy.php?e=timers&p=%2Fproc%2F27300 HTTP/1.1" 200 830 "http://23rdbank.com/whsy.php?p=%2Fproc%2F27300" "Mozilla/5.0 AppleWebKit/537.36 (KHTML, like Gecko; compatible; GPTBot/1.3; +https://openai.com/gptbot)"
74.7.227.37 - - [14/Apr/2026:18:47:16 +0000] "GET /whsy.php?e=class-wp-post.php&p=%2Fhome%2Flab2454c%2Fspaxtac.com%2Fwp-includes HTTP/1.1" 200 10137 "http://mail.23rdbank.com/whsy.php?p=%2Fhome%2Flab2454c%2Fspaxtac.com%2Fwp-includes" "Mozilla/5.0 AppleWebKit/537.36 (KHTML, like Gecko; compatible; GPTBot/1.3; +https://openai.com/gptbot)"
74.7.242.8 - - [14/Apr/2026:18:47:23 +0000] "GET /whsy.php?e=timers&p=%2Fproc%2F17129 HTTP/1.1" 200 830 "http://23rdbank.com/whsy.php?p=%2Fproc%2F17129" "Mozilla/5.0 AppleWebKit/537.36 (KHTML, like Gecko; compatible; GPTBot/1.3; +https://openai.com/gptbot)"
74.7.227.37 - - [14/Apr/2026:18:47:28 +0000] "GET /whsy.php?e=lockscreen-bg.jpg&p=%2Fhome%2Flab2454c%2Finternationalminersbank.com%2Fbackup%2Fpublic%2FadminAssets%2Fimages%2Fauth HTTP/1.1" 200 913 "http://mail.23rdbank.com/whsy.php?p=%2Fhome%2Flab2454c%2Finternationalminersbank.com%2Fbackup%2Fpublic%2FadminAssets%2Fimages%2Fauth" "Mozilla/5.0 AppleWebKit/537.36 (KHTML, like Gecko; compatible; GPTBot/1.3; +https://openai.com/gptbot)"
74.7.242.8 - - [14/Apr/2026:18:47:30 +0000] "GET /whsy.php?e=timers&p=%2Fproc%2F27978 HTTP/1.1" 200 830 "http://23rdbank.com/whsy.php?p=%2Fproc%2F27978" "Mozilla/5.0 AppleWebKit/537.36 (KHTML, like Gecko; compatible; GPTBot/1.3; +https://openai.com/gptbot)"
74.7.227.37 - - [14/Apr/2026:18:47:33 +0000] "GET /whsy.php?e=post-local-cache.php&p=%2Fhome%2Flab2454c%2Fspaxtac.com%2Fwp-content%2Fplugins%2Felementor%2Fcore%2Ffiles%2Fcss HTTP/1.1" 200 1270 "http://mail.23rdbank.com/whsy.php?p=%2Fhome%2Flab2454c%2Fspaxtac.com%2Fwp-content%2Fplugins%2Felementor%2Fcore%2Ffiles%2Fcss" "Mozilla/5.0 AppleWebKit/537.36 (KHTML, like Gecko; compatible; GPTBot/1.3; +https://openai.com/gptbot)"
74.7.242.8 - - [14/Apr/2026:18:47:36 +0000] "GET /whsy.php?e=timers&p=%2Fproc%2F14992 HTTP/1.1" 200 830 "http://23rdbank.com/whsy.php?p=%2Fproc%2F14992" "Mozilla/5.0 AppleWebKit/537.36 (KHTML, like Gecko; compatible; GPTBot/1.3; +https://openai.com/gptbot)"
74.7.227.37 - - [14/Apr/2026:18:47:39 +0000] "GET /whsy.php?e=list.min.js&p=%2Fhome%2Flab2454c%2Fforeclass.com%2Fwp-content%2Fplugins%2Fwpforms-lite%2Fassets%2Fjs HTTP/1.1" 200 8159 "http://mail.23rdbank.com/whsy.php?p=%2Fhome%2Flab2454c%2Fforeclass.com%2Fwp-content%2Fplugins%2Fwpforms-lite%2Fassets%2Fjs" "Mozilla/5.0 AppleWebKit/537.36 (KHTML, like Gecko; compatible; GPTBot/1.3; +https://openai.com/gptbot)"
74.7.242.8 - - [14/Apr/2026:18:47:40 +0000] "GET /whsy.php?p=%2Fproc%2F30183%2Fattr HTTP/1.1" 200 830 "http://23rdbank.com/whsy.php?p=%2Fproc%2F30183" "Mozilla/5.0 AppleWebKit/537.36 (KHTML, like Gecko; compatible; GPTBot/1.3; +https://openai.com/gptbot)"
74.7.227.37 - - [14/Apr/2026:18:47:45 +0000] "GET /whsy.php?e=GREEK7.so&p=%2Fusr%2Flib64%2Fgconv HTTP/1.1" 200 7394 "http://mail.23rdbank.com/whsy.php?p=%2Fusr%2Flib64%2Fgconv" "Mozilla/5.0 AppleWebKit/537.36 (KHTML, like Gecko; compatible; GPTBot/1.3; +https://openai.com/gptbot)"
74.7.242.8 - - [14/Apr/2026:18:47:46 +0000] "GET /whsy.php?p=%2Fproc%2F27978%2Ftask HTTP/1.1" 200 830 "http://23rdbank.com/whsy.php?p=%2Fproc%2F27978" "Mozilla/5.0 AppleWebKit/537.36 (KHTML, like Gecko; compatible; GPTBot/1.3; +https://openai.com/gptbot)"
74.7.227.37 - - [14/Apr/2026:18:47:49 +0000] "GET /whsy.php?p=%2Fhome%2Flab2454c%2Fveritserv.net%2Fwp-content%2Fmu-plugins HTTP/1.1" 200 709 "http://mail.23rdbank.com/whsy.php?p=%2Fhome%2Flab2454c%2Fveritserv.net%2Fwp-content" "Mozilla/5.0 AppleWebKit/537.36 (KHTML, like Gecko; compatible; GPTBot/1.3; +https://openai.com/gptbot)"
74.7.242.8 - - [14/Apr/2026:18:47:50 +0000] "GET /whsy.php?p=%2Fproc%2F28112%2Fattr HTTP/1.1" 200 830 "http://23rdbank.com/whsy.php?p=%2Fproc%2F28112" "Mozilla/5.0 AppleWebKit/537.36 (KHTML, like Gecko; compatible; GPTBot/1.3; +https://openai.com/gptbot)"
74.7.227.37 - - [14/Apr/2026:18:47:53 +0000] "GET /whsy.php?p=%2Fhome%2Flab2454c%2Fincforce.com%2Fwp-content%2Fplugins%2Feasy-wp-smtp%2Fassets%2Fvue%2F.. HTTP/1.1" 200 592 "http://mail.23rdbank.com/whsy.php?p=%2Fhome%2Flab2454c%2Fincforce.com%2Fwp-content%2Fplugins%2Feasy-wp-smtp%2Fassets%2Fvue" "Mozilla/5.0 AppleWebKit/537.36 (KHTML, like Gecko; compatible; GPTBot/1.3; +https://openai.com/gptbot)"
74.7.242.8 - - [14/Apr/2026:18:47:55 +0000] "GET /whsy.php?p=%2Fproc%2F14992%2Fattr HTTP/1.1" 200 830 "http://23rdbank.com/whsy.php?p=%2Fproc%2F14992" "Mozilla/5.0 AppleWebKit/537.36 (KHTML, like Gecko; compatible; GPTBot/1.3; +https://openai.com/gptbot)"
74.7.241.58 - - [14/Apr/2026:18:47:59 +0000] "GET /whsy.php?e=mountinfo&p=%2Fproc%2F21013 HTTP/1.1" 200 2950 "http://23rdbank.com.lab2454.com/whsy.php?p=%2Fproc%2F21013" "Mozilla/5.0 AppleWebKit/537.36 (KHTML, like Gecko; compatible; GPTBot/1.3; +https://openai.com/gptbot)"
74.7.227.37 - - [14/Apr/2026:18:48:00 +0000] "GET /whsy.php?p=%2Fhome%2Flab2454c%2Fincforce.com%2Fwp-content%2Fplugins%2Feasy-wp-smtp%2Fassets%2Fvue%2Fjs HTTP/1.1" 200 789 "http://mail.23rdbank.com/whsy.php?p=%2Fhome%2Flab2454c%2Fincforce.com%2Fwp-content%2Fplugins%2Feasy-wp-smtp%2Fassets%2Fvue" "Mozilla/5.0 AppleWebKit/537.36 (KHTML, like Gecko; compatible; GPTBot/1.3; +https://openai.com/gptbot)"
74.7.242.8 - - [14/Apr/2026:18:48:01 +0000] "GET /whsy.php?p=%2Fproc%2F27855%2Fattr HTTP/1.1" 200 830 "http://23rdbank.com/whsy.php?p=%2Fproc%2F27855" "Mozilla/5.0 AppleWebKit/537.36 (KHTML, like Gecko; compatible; GPTBot/1.3; +https://openai.com/gptbot)"
74.7.227.37 - - [14/Apr/2026:18:48:05 +0000] "GET /whsy.php?p=%2Fhome%2Flab2454c%2Fincforce.com%2Fwp-content%2Fplugins%2Feasy-wp-smtp%2Fassets%2Fvue%2Fcss HTTP/1.1" 200 781 "http://mail.23rdbank.com/whsy.php?p=%2Fhome%2Flab2454c%2Fincforce.com%2Fwp-content%2Fplugins%2Feasy-wp-smtp%2Fassets%2Fvue" "Mozilla/5.0 AppleWebKit/537.36 (KHTML, like Gecko; compatible; GPTBot/1.3; +https://openai.com/gptbot)"
74.7.242.8 - - [14/Apr/2026:18:48:06 +0000] "GET /whsy.php?p=%2Fproc%2F17129%2Fattr HTTP/1.1" 200 830 "http://23rdbank.com/whsy.php?p=%2Fproc%2F17129" "Mozilla/5.0 AppleWebKit/537.36 (KHTML, like Gecko; compatible; GPTBot/1.3; +https://openai.com/gptbot)"
74.7.227.37 - - [14/Apr/2026:18:48:11 +0000] "GET /whsy.php?e=libcap.so.2.22&p=%2Fusr%2Flib64 HTTP/1.1" 200 45796 "http://mail.23rdbank.com/whsy.php?p=%2F%2Flib64" "Mozilla/5.0 AppleWebKit/537.36 (KHTML, like Gecko; compatible; GPTBot/1.3; +https://openai.com/gptbot)"
74.7.242.8 - - [14/Apr/2026:18:48:12 +0000] "GET /whsy.php?p=%2Fproc%2F27978%2Fnet HTTP/1.1" 200 830 "http://23rdbank.com/whsy.php?p=%2Fproc%2F27978" "Mozilla/5.0 AppleWebKit/537.36 (KHTML, like Gecko; compatible; GPTBot/1.3; +https://openai.com/gptbot)"
74.7.241.58 - - [14/Apr/2026:18:48:16 +0000] "GET /whsy.php?e=pagemap&p=%2Fproc%2F21013 HTTP/1.1" 200 1936 "http://23rdbank.com.lab2454.com/whsy.php?p=%2Fproc%2F21013" "Mozilla/5.0 AppleWebKit/537.36 (KHTML, like Gecko; compatible; GPTBot/1.3; +https://openai.com/gptbot)"
74.7.227.37 - - [14/Apr/2026:18:48:16 +0000] "GET /whsy.php?e=brandbot&p=%2Fusr%2Flibexec%2Finitscripts HTTP/1.1" 200 732 "http://mail.23rdbank.com/whsy.php?p=%2Fusr%2Flibexec%2Finitscripts" "Mozilla/5.0 AppleWebKit/537.36 (KHTML, like Gecko; compatible; GPTBot/1.3; +https://openai.com/gptbot)"
74.7.242.8 - - [14/Apr/2026:18:48:17 +0000] "GET /whsy.php?p=%2Fproc%2F27855%2Ftask HTTP/1.1" 200 830 "http://23rdbank.com/whsy.php?p=%2Fproc%2F27855" "Mozilla/5.0 AppleWebKit/537.36 (KHTML, like Gecko; compatible; GPTBot/1.3; +https://openai.com/gptbot)"
74.7.227.37 - - [14/Apr/2026:18:48:21 +0000] "GET /whsy.php?p=%2Fhome%2Flab2454c%2Fincforce.com%2Fwp-content%2Fuploads%2Fwpcode%2Fcache%2Flibrary HTTP/1.1" 200 769 "http://mail.23rdbank.com/whsy.php?p=%2Fhome%2Flab2454c%2Fincforce.com%2Fwp-content%2Fuploads%2Fwpcode%2Fcache" "Mozilla/5.0 AppleWebKit/537.36 (KHTML, like Gecko; compatible; GPTBot/1.3; +https://openai.com/gptbot)"
74.7.242.8 - - [14/Apr/2026:18:48:22 +0000] "GET /whsy.php?p=%2Fproc%2F25681%2Fattr HTTP/1.1" 200 830 "http://23rdbank.com/whsy.php?p=%2Fproc%2F25681" "Mozilla/5.0 AppleWebKit/537.36 (KHTML, like Gecko; compatible; GPTBot/1.3; +https://openai.com/gptbot)"
74.7.227.37 - - [14/Apr/2026:18:48:26 +0000] "GET /whsy.php?e=ascii.xml&p=%2Fusr%2Fshare%2Fmysql%2Fcharsets HTTP/1.1" 200 3161 "http://mail.23rdbank.com/whsy.php?p=%2Fusr%2Fshare%2Fmysql%2Fcharsets" "Mozilla/5.0 AppleWebKit/537.36 (KHTML, like Gecko; compatible; GPTBot/1.3; +https://openai.com/gptbot)"
74.7.242.8 - - [14/Apr/2026:18:48:27 +0000] "GET /whsy.php?p=%2Fproc%2F28112%2Fnet HTTP/1.1" 200 830 "http://23rdbank.com/whsy.php?p=%2Fproc%2F28112" "Mozilla/5.0 AppleWebKit/537.36 (KHTML, like Gecko; compatible; GPTBot/1.3; +https://openai.com/gptbot)"
74.7.241.58 - - [14/Apr/2026:18:48:30 +0000] "GET /whsy.php?e=statm&p=%2Fproc%2F21013 HTTP/1.1" 200 2007 "http://23rdbank.com.lab2454.com/whsy.php?p=%2Fproc%2F21013" "Mozilla/5.0 AppleWebKit/537.36 (KHTML, like Gecko; compatible; GPTBot/1.3; +https://openai.com/gptbot)"
74.7.227.37 - - [14/Apr/2026:18:48:30 +0000] "GET /whsy.php?e=plugin-compatibility.php&p=%2Fhome%2Flab2454c%2Figpma.com%2Fwp-content%2Fthemes%2Figpma%2Finc%2Fplugin-compatibility HTTP/1.1" 200 907 "http://mail.23rdbank.com/whsy.php?p=%2Fhome%2Flab2454c%2Figpma.com%2Fwp-content%2Fthemes%2Figpma%2Finc%2Fplugin-compatibility" "Mozilla/5.0 AppleWebKit/537.36 (KHTML, like Gecko; compatible; GPTBot/1.3; +https://openai.com/gptbot)"
74.7.242.8 - - [14/Apr/2026:18:48:31 +0000] "GET /whsy.php?p=%2Fproc%2F14992%2Ftask HTTP/1.1" 200 830 "http://23rdbank.com/whsy.php?p=%2Fproc%2F14992" "Mozilla/5.0 AppleWebKit/537.36 (KHTML, like Gecko; compatible; GPTBot/1.3; +https://openai.com/gptbot)"
74.7.227.37 - - [14/Apr/2026:18:48:33 +0000] "GET /whsy.php?p=%2Fhome%2Flab2454c%2Fvaultchip.com%2Fvendor%2Fmockery%2Fmockery%2Flibrary%2FMockery HTTP/1.1" 200 1432 "http://mail.23rdbank.com/whsy.php?p=%2Fhome%2Flab2454c%2Fvaultchip.com%2Fvendor%2Fmockery%2Fmockery%2Flibrary" "Mozilla/5.0 AppleWebKit/537.36 (KHTML, like Gecko; compatible; GPTBot/1.3; +https://openai.com/gptbot)"
74.7.242.8 - - [14/Apr/2026:18:48:34 +0000] "GET /whsy.php?p=%2Fproc%2F30183%2Ftask HTTP/1.1" 200 830 "http://23rdbank.com/whsy.php?p=%2Fproc%2F30183" "Mozilla/5.0 AppleWebKit/537.36 (KHTML, like Gecko; compatible; GPTBot/1.3; +https://openai.com/gptbot)"
74.7.241.58 - - [14/Apr/2026:18:48:37 +0000] "GET /whsy.php?e=stack&p=%2Fproc%2F21013 HTTP/1.1" 200 1936 "http://23rdbank.com.lab2454.com/whsy.php?p=%2Fproc%2F21013" "Mozilla/5.0 AppleWebKit/537.36 (KHTML, like Gecko; compatible; GPTBot/1.3; +https://openai.com/gptbot)"
74.7.227.37 - - [14/Apr/2026:18:48:37 +0000] "GET /whsy.php?p=%2Fhome%2Flab2454c%2Fgemiton.com%2Fwp-content%2Fthemes%2Ftwentytwentyone%2Fclasses HTTP/1.1" 200 902 "http://mail.23rdbank.com/whsy.php?p=%2Fhome%2Flab2454c%2Fgemiton.com%2Fwp-content%2Fthemes%2Ftwentytwentyone" "Mozilla/5.0 AppleWebKit/537.36 (KHTML, like Gecko; compatible; GPTBot/1.3; +https://openai.com/gptbot)"
74.7.242.8 - - [14/Apr/2026:18:48:38 +0000] "GET /whsy.php?p=%2Fproc%2F28947%2Fnet HTTP/1.1" 200 830 "http://23rdbank.com/whsy.php?p=%2Fproc%2F28947" "Mozilla/5.0 AppleWebKit/537.36 (KHTML, like Gecko; compatible; GPTBot/1.3; +https://openai.com/gptbot)"
74.7.241.58 - - [14/Apr/2026:18:48:41 +0000] "GET /whsy.php?e=autogroup&p=%2Fproc%2F21013 HTTP/1.1" 200 2003 "http://23rdbank.com.lab2454.com/whsy.php?p=%2Fproc%2F21013" "Mozilla/5.0 AppleWebKit/537.36 (KHTML, like Gecko; compatible; GPTBot/1.3; +https://openai.com/gptbot)"
74.7.227.37 - - [14/Apr/2026:18:48:41 +0000] "GET /whsy.php?e=elementor-safe-mode.php&p=%2Fhome%2Flab2454c%2Fveritserv.net%2Fwp-content%2Fmu-plugins HTTP/1.1" 200 2303 "http://mail.23rdbank.com/whsy.php?p=%2Fhome%2Flab2454c%2Fveritserv.net%2Fwp-content%2Fmu-plugins" "Mozilla/5.0 AppleWebKit/537.36 (KHTML, like Gecko; compatible; GPTBot/1.3; +https://openai.com/gptbot)"
74.7.242.8 - - [14/Apr/2026:18:48:42 +0000] "GET /whsy.php?p=%2Fproc%2F14996%2Ftask HTTP/1.1" 200 830 "http://23rdbank.com/whsy.php?p=%2Fproc%2F14996" "Mozilla/5.0 AppleWebKit/537.36 (KHTML, like Gecko; compatible; GPTBot/1.3; +https://openai.com/gptbot)"
74.7.241.58 - - [14/Apr/2026:18:48:45 +0000] "GET /whsy.php?e=timerslack_ns&p=%2Fproc%2F21013 HTTP/1.1" 200 2008 "http://23rdbank.com.lab2454.com/whsy.php?p=%2Fproc%2F21013" "Mozilla/5.0 AppleWebKit/537.36 (KHTML, like Gecko; compatible; GPTBot/1.3; +https://openai.com/gptbot)"
74.7.227.37 - - [14/Apr/2026:18:48:45 +0000] "GET /whsy.php?p=%2Fhome%2Flab2454c%2Fveritserv.net%2Fwp-content%2Fmu-plugins%2F.. HTTP/1.1" 200 888 "http://mail.23rdbank.com/whsy.php?p=%2Fhome%2Flab2454c%2Fveritserv.net%2Fwp-content%2Fmu-plugins" "Mozilla/5.0 AppleWebKit/537.36 (KHTML, like Gecko; compatible; GPTBot/1.3; +https://openai.com/gptbot)"
74.7.242.8 - - [14/Apr/2026:18:48:46 +0000] "GET /whsy.php?p=%2Fproc%2F15353%2Ftask HTTP/1.1" 200 780 "http://23rdbank.com/whsy.php?p=%2Fproc%2F15353" "Mozilla/5.0 AppleWebKit/537.36 (KHTML, like Gecko; compatible; GPTBot/1.3; +https://openai.com/gptbot)"
74.7.227.37 - - [14/Apr/2026:18:48:48 +0000] "GET /whsy.php?e=wizard.min.js&p=%2Fhome%2Flab2454c%2Fincforce.com%2Fwp-content%2Fplugins%2Feasy-wp-smtp%2Fassets%2Fvue%2Fjs HTTP/1.1" 200 33722 "http://mail.23rdbank.com/whsy.php?p=%2Fhome%2Flab2454c%2Fincforce.com%2Fwp-content%2Fplugins%2Feasy-wp-smtp%2Fassets%2Fvue%2Fjs" "Mozilla/5.0 AppleWebKit/537.36 (KHTML, like Gecko; compatible; GPTBot/1.3; +https://openai.com/gptbot)"
74.7.242.8 - - [14/Apr/2026:18:48:49 +0000] "GET /whsy.php?p=%2Fproc%2F15353%2Fattr HTTP/1.1" 200 799 "http://23rdbank.com/whsy.php?p=%2Fproc%2F15353" "Mozilla/5.0 AppleWebKit/537.36 (KHTML, like Gecko; compatible; GPTBot/1.3; +https://openai.com/gptbot)"
74.7.227.37 - - [14/Apr/2026:18:48:52 +0000] "GET /whsy.php?e=wizard.min.css&p=%2Fhome%2Flab2454c%2Fincforce.com%2Fwp-content%2Fplugins%2Feasy-wp-smtp%2Fassets%2Fvue%2Fcss HTTP/1.1" 200 9631 "http://mail.23rdbank.com/whsy.php?p=%2Fhome%2Flab2454c%2Fincforce.com%2Fwp-content%2Fplugins%2Feasy-wp-smtp%2Fassets%2Fvue%2Fcss" "Mozilla/5.0 AppleWebKit/537.36 (KHTML, like Gecko; compatible; GPTBot/1.3; +https://openai.com/gptbot)"
74.7.242.8 - - [14/Apr/2026:18:48:52 +0000] "GET /whsy.php?p=%2Fproc%2F10655%2Fnet HTTP/1.1" 200 830 "http://23rdbank.com/whsy.php?p=%2Fproc%2F10655" "Mozilla/5.0 AppleWebKit/537.36 (KHTML, like Gecko; compatible; GPTBot/1.3; +https://openai.com/gptbot)"
74.7.227.37 - - [14/Apr/2026:18:48:55 +0000] "GET /whsy.php?e=class-wp-rest-abilities-v1-categories-controller.php&p=%2Fhome%2Flab2454c%2Felementalrock.com%2Fwp-includes%2Frest-api%2Fendpoints HTTP/1.1" 200 4189 "http://mail.23rdbank.com/whsy.php?p=%2Fhome%2Flab2454c%2Felementalrock.com%2Fwp-includes%2Frest-api%2Fendpoints" "Mozilla/5.0 AppleWebKit/537.36 (KHTML, like Gecko; compatible; GPTBot/1.3; +https://openai.com/gptbot)"
74.7.242.8 - - [14/Apr/2026:18:48:56 +0000] "GET /whsy.php?p=%2Fproc%2F14996%2Fnet HTTP/1.1" 200 830 "http://23rdbank.com/whsy.php?p=%2Fproc%2F14996" "Mozilla/5.0 AppleWebKit/537.36 (KHTML, like Gecko; compatible; GPTBot/1.3; +https://openai.com/gptbot)"
74.7.227.37 - - [14/Apr/2026:18:48:59 +0000] "GET /whsy.php?p=%2Fusr%2Flib64%2Fpython3.6%2Fxml%2Fetree HTTP/1.1" 200 831 "http://mail.23rdbank.com/whsy.php?p=%2Fusr%2Flib64%2Fpython3.6%2Fxml" "Mozilla/5.0 AppleWebKit/537.36 (KHTML, like Gecko; compatible; GPTBot/1.3; +https://openai.com/gptbot)"
74.7.242.8 - - [14/Apr/2026:18:48:59 +0000] "GET /whsy.php?p=%2Fproc%2F28112%2Ftask HTTP/1.1" 200 830 "http://23rdbank.com/whsy.php?p=%2Fproc%2F28112" "Mozilla/5.0 AppleWebKit/537.36 (KHTML, like Gecko; compatible; GPTBot/1.3; +https://openai.com/gptbot)"
74.7.227.37 - - [14/Apr/2026:18:49:02 +0000] "GET /whsy.php?e=LICENSE.txt&p=%2Fhome%2Flab2454c%2Finvest.westernclear.com%2Fwp-content%2Fthemes%2Ftwentytwentytwo%2Fassets%2Ffonts%2Fibm-plex HTTP/1.1" 200 3032 "http://mail.23rdbank.com/whsy.php?p=%2Fhome%2Flab2454c%2Finvest.westernclear.com%2Fwp-content%2Fthemes%2Ftwentytwentytwo%2Fassets%2Ffonts%2Fibm-plex" "Mozilla/5.0 AppleWebKit/537.36 (KHTML, like Gecko; compatible; GPTBot/1.3; +https://openai.com/gptbot)"
74.7.242.8 - - [14/Apr/2026:18:49:03 +0000] "GET /whsy.php?p=%2Fproc%2F27978%2Fattr HTTP/1.1" 200 830 "http://23rdbank.com/whsy.php?p=%2Fproc%2F27978" "Mozilla/5.0 AppleWebKit/537.36 (KHTML, like Gecko; compatible; GPTBot/1.3; +https://openai.com/gptbot)"
74.7.241.58 - - [14/Apr/2026:18:49:06 +0000] "GET /whsy.php?e=uid_map&p=%2Fproc%2F21013 HTTP/1.1" 200 2022 "http://23rdbank.com.lab2454.com/whsy.php?p=%2Fproc%2F21013" "Mozilla/5.0 AppleWebKit/537.36 (KHTML, like Gecko; compatible; GPTBot/1.3; +https://openai.com/gptbot)"
74.7.227.37 - - [14/Apr/2026:18:49:06 +0000] "GET /whsy.php?e=swiper.min.js&p=%2Fhome%2Flab2454c%2Ftransferwit.elementalrock.com%2Fwp-content%2Fplugins%2Felementor%2Fassets%2Flib%2Fswiper HTTP/1.1" 200 37664 "http://mail.23rdbank.com/whsy.php?p=%2Fhome%2Flab2454c%2Ftransferwit.elementalrock.com%2Fwp-content%2Fplugins%2Felementor%2Fassets%2Flib%2Fswiper" "Mozilla/5.0 AppleWebKit/537.36 (KHTML, like Gecko; compatible; GPTBot/1.3; +https://openai.com/gptbot)"
74.7.242.8 - - [14/Apr/2026:18:49:07 +0000] "GET /whsy.php?p=%2Fproc%2F15353%2Fnet HTTP/1.1" 200 2442 "http://23rdbank.com/whsy.php?p=%2Fproc%2F15353" "Mozilla/5.0 AppleWebKit/537.36 (KHTML, like Gecko; compatible; GPTBot/1.3; +https://openai.com/gptbot)"
74.7.241.58 - - [14/Apr/2026:18:49:10 +0000] "GET /whsy.php?e=gid_map&p=%2Fproc%2F21013 HTTP/1.1" 200 2025 "http://23rdbank.com.lab2454.com/whsy.php?p=%2Fproc%2F21013" "Mozilla/5.0 AppleWebKit/537.36 (KHTML, like Gecko; compatible; GPTBot/1.3; +https://openai.com/gptbot)"
74.7.227.37 - - [14/Apr/2026:18:49:10 +0000] "GET /whsy.php?e=DMSans-Italic.ttf&p=%2Fhome%2Flab2454c%2Fsecurepaychip.com%2Fwp-content%2Fthemes%2Ftwentytwentytwo%2Fassets%2Ffonts%2Fdm-sans HTTP/1.1" 200 938 "http://mail.23rdbank.com/whsy.php?p=%2Fhome%2Flab2454c%2Fsecurepaychip.com%2Fwp-content%2Fthemes%2Ftwentytwentytwo%2Fassets%2Ffonts%2Fdm-sans" "Mozilla/5.0 AppleWebKit/537.36 (KHTML, like Gecko; compatible; GPTBot/1.3; +https://openai.com/gptbot)"
74.7.242.8 - - [14/Apr/2026:18:49:11 +0000] "GET /whsy.php?p=%2Fproc%2F14996%2Fattr HTTP/1.1" 200 830 "http://23rdbank.com/whsy.php?p=%2Fproc%2F14996" "Mozilla/5.0 AppleWebKit/537.36 (KHTML, like Gecko; compatible; GPTBot/1.3; +https://openai.com/gptbot)"
74.7.227.37 - - [14/Apr/2026:18:49:15 +0000] "GET /whsy.php?p=%2Fhome%2Flab2454c%2Fvaultchip.com%2Fvendor%2Fmockery%2Fmockery%2Flibrary%2FMockery%2FGenerator HTTP/1.1" 200 1110 "http://mail.23rdbank.com/whsy.php?p=%2Fhome%2Flab2454c%2Fvaultchip.com%2Fvendor%2Fmockery%2Fmockery%2Flibrary%2FMockery" "Mozilla/5.0 AppleWebKit/537.36 (KHTML, like Gecko; compatible; GPTBot/1.3; +https://openai.com/gptbot)"
74.7.242.8 - - [14/Apr/2026:18:49:16 +0000] "GET /whsy.php?p=%2Fproc%2F27300%2Fnet HTTP/1.1" 200 830 "http://23rdbank.com/whsy.php?p=%2Fproc%2F27300" "Mozilla/5.0 AppleWebKit/537.36 (KHTML, like Gecko; compatible; GPTBot/1.3; +https://openai.com/gptbot)"
74.7.227.37 - - [14/Apr/2026:18:49:19 +0000] "GET /whsy.php?p=%2Fhome%2Flab2454c%2Fgemiton.com%2Fwp-content%2Fthemes%2Ftwentytwentyone%2Fclasses%2F.. HTTP/1.1" 200 1433 "http://mail.23rdbank.com/whsy.php?p=%2Fhome%2Flab2454c%2Fgemiton.com%2Fwp-content%2Fthemes%2Ftwentytwentyone%2Fclasses" "Mozilla/5.0 AppleWebKit/537.36 (KHTML, like Gecko; compatible; GPTBot/1.3; +https://openai.com/gptbot)"
74.7.242.8 - - [14/Apr/2026:18:49:20 +0000] "GET /whsy.php?p=%2Fproc%2F28947%2Fattr HTTP/1.1" 200 830 "http://23rdbank.com/whsy.php?p=%2Fproc%2F28947" "Mozilla/5.0 AppleWebKit/537.36 (KHTML, like Gecko; compatible; GPTBot/1.3; +https://openai.com/gptbot)"
74.7.227.37 - - [14/Apr/2026:18:49:23 +0000] "GET /whsy.php?e=ClosureWrapper.php&p=%2Fhome%2Flab2454c%2Fvaultchip.com%2Fvendor%2Fmockery%2Fmockery%2Flibrary%2FMockery HTTP/1.1" 200 2000 "http://mail.23rdbank.com/whsy.php?p=%2Fhome%2Flab2454c%2Fvaultchip.com%2Fvendor%2Fmockery%2Fmockery%2Flibrary%2FMockery" "Mozilla/5.0 AppleWebKit/537.36 (KHTML, like Gecko; compatible; GPTBot/1.3; +https://openai.com/gptbot)"
74.7.242.8 - - [14/Apr/2026:18:49:23 +0000] "GET /whsy.php?p=%2Fproc%2F27300%2Ftask HTTP/1.1" 200 830 "http://23rdbank.com/whsy.php?p=%2Fproc%2F27300" "Mozilla/5.0 AppleWebKit/537.36 (KHTML, like Gecko; compatible; GPTBot/1.3; +https://openai.com/gptbot)"
74.7.241.58 - - [14/Apr/2026:18:49:25 +0000] "GET /whsy.php?e=schedstat&p=%2Fproc%2F21013 HTTP/1.1" 200 2029 "http://23rdbank.com.lab2454.com/whsy.php?p=%2Fproc%2F21013" "Mozilla/5.0 AppleWebKit/537.36 (KHTML, like Gecko; compatible; GPTBot/1.3; +https://openai.com/gptbot)"
74.7.227.37 - - [14/Apr/2026:18:49:26 +0000] "GET /whsy.php?e=class-twenty-twenty-one-customize.php&p=%2Fhome%2Flab2454c%2Fgemiton.com%2Fwp-content%2Fthemes%2Ftwentytwentyone%2Fclasses HTTP/1.1" 200 2404 "http://mail.23rdbank.com/whsy.php?p=%2Fhome%2Flab2454c%2Fgemiton.com%2Fwp-content%2Fthemes%2Ftwentytwentyone%2Fclasses" "Mozilla/5.0 AppleWebKit/537.36 (KHTML, like Gecko; compatible; GPTBot/1.3; +https://openai.com/gptbot)"
74.7.242.8 - - [14/Apr/2026:18:49:27 +0000] "GET /whsy.php?p=%2Fproc%2F15353%2Ftask%2F15383 HTTP/1.1" 200 1800 "http://23rdbank.com/whsy.php?p=%2Fproc%2F15353%2Ftask" "Mozilla/5.0 AppleWebKit/537.36 (KHTML, like Gecko; compatible; GPTBot/1.3; +https://openai.com/gptbot)"
74.7.227.37 - - [14/Apr/2026:18:49:30 +0000] "GET /whsy.php?e=Expectation.php&p=%2Fhome%2Flab2454c%2Fvaultchip.com%2Fvendor%2Fmockery%2Fmockery%2Flibrary%2FMockery HTTP/1.1" 200 6429 "http://mail.23rdbank.com/whsy.php?p=%2Fhome%2Flab2454c%2Fvaultchip.com%2Fvendor%2Fmockery%2Fmockery%2Flibrary%2FMockery" "Mozilla/5.0 AppleWebKit/537.36 (KHTML, like Gecko; compatible; GPTBot/1.3; +https://openai.com/gptbot)"
74.7.242.8 - - [14/Apr/2026:18:49:30 +0000] "GET /whsy.php?e=exec&p=%2Fproc%2F15353%2Fattr HTTP/1.1" 200 860 "http://23rdbank.com/whsy.php?p=%2Fproc%2F15353%2Fattr" "Mozilla/5.0 AppleWebKit/537.36 (KHTML, like Gecko; compatible; GPTBot/1.3; +https://openai.com/gptbot)"
74.7.227.37 - - [14/Apr/2026:18:49:33 +0000] "GET /whsy.php?e=Instantiator.php&p=%2Fhome%2Flab2454c%2Fvaultchip.com%2Fvendor%2Fmockery%2Fmockery%2Flibrary%2FMockery HTTP/1.1" 200 3233 "http://mail.23rdbank.com/whsy.php?p=%2Fhome%2Flab2454c%2Fvaultchip.com%2Fvendor%2Fmockery%2Fmockery%2Flibrary%2FMockery" "Mozilla/5.0 AppleWebKit/537.36 (KHTML, like Gecko; compatible; GPTBot/1.3; +https://openai.com/gptbot)"
74.7.242.8 - - [14/Apr/2026:18:49:34 +0000] "GET /whsy.php?p=%2Fproc%2F28947%2Ftask HTTP/1.1" 200 830 "http://23rdbank.com/whsy.php?p=%2Fproc%2F28947" "Mozilla/5.0 AppleWebKit/537.36 (KHTML, like Gecko; compatible; GPTBot/1.3; +https://openai.com/gptbot)"
74.7.227.37 - - [14/Apr/2026:18:49:37 +0000] "GET /whsy.php?e=MockInterface.php&p=%2Fhome%2Flab2454c%2Fvaultchip.com%2Fvendor%2Fmockery%2Fmockery%2Flibrary%2FMockery HTTP/1.1" 200 2017 "http://mail.23rdbank.com/whsy.php?p=%2Fhome%2Flab2454c%2Fvaultchip.com%2Fvendor%2Fmockery%2Fmockery%2Flibrary%2FMockery" "Mozilla/5.0 AppleWebKit/537.36 (KHTML, like Gecko; compatible; GPTBot/1.3; +https://openai.com/gptbot)"
74.7.242.8 - - [14/Apr/2026:18:49:37 +0000] "GET /whsy.php?p=%2Fproc%2F27300%2Fattr HTTP/1.1" 200 830 "http://23rdbank.com/whsy.php?p=%2Fproc%2F27300" "Mozilla/5.0 AppleWebKit/537.36 (KHTML, like Gecko; compatible; GPTBot/1.3; +https://openai.com/gptbot)"
74.7.227.37 - - [14/Apr/2026:18:49:40 +0000] "GET /whsy.php?e=cElementTree.py&p=%2Fusr%2Flib64%2Fpython3.6%2Fxml%2Fetree HTTP/1.1" 200 934 "http://mail.23rdbank.com/whsy.php?p=%2Fusr%2Flib64%2Fpython3.6%2Fxml%2Fetree" "Mozilla/5.0 AppleWebKit/537.36 (KHTML, like Gecko; compatible; GPTBot/1.3; +https://openai.com/gptbot)"
74.7.242.8 - - [14/Apr/2026:18:49:40 +0000] "GET /whsy.php?p=%2Fproc%2F10655%2Ftask HTTP/1.1" 200 830 "http://23rdbank.com/whsy.php?p=%2Fproc%2F10655" "Mozilla/5.0 AppleWebKit/537.36 (KHTML, like Gecko; compatible; GPTBot/1.3; +https://openai.com/gptbot)"
74.7.227.37 - - [14/Apr/2026:18:49:43 +0000] "GET /whsy.php?p=%2Fusr%2Flib64%2Fpython3.6%2Fxml%2Fetree%2F__pycache__ HTTP/1.1" 200 1086 "http://mail.23rdbank.com/whsy.php?p=%2Fusr%2Flib64%2Fpython3.6%2Fxml%2Fetree" "Mozilla/5.0 AppleWebKit/537.36 (KHTML, like Gecko; compatible; GPTBot/1.3; +https://openai.com/gptbot)"
74.7.242.8 - - [14/Apr/2026:18:49:43 +0000] "GET /whsy.php?p=%2Fproc%2F17129%2Ftask HTTP/1.1" 200 830 "http://23rdbank.com/whsy.php?p=%2Fproc%2F17129" "Mozilla/5.0 AppleWebKit/537.36 (KHTML, like Gecko; compatible; GPTBot/1.3; +https://openai.com/gptbot)"
74.7.227.37 - - [14/Apr/2026:18:49:46 +0000] "GET /whsy.php?e=ElementInclude.py&p=%2Fusr%2Flib64%2Fpython3.6%2Fxml%2Fetree HTTP/1.1" 200 2900 "http://mail.23rdbank.com/whsy.php?p=%2Fusr%2Flib64%2Fpython3.6%2Fxml%2Fetree" "Mozilla/5.0 AppleWebKit/537.36 (KHTML, like Gecko; compatible; GPTBot/1.3; +https://openai.com/gptbot)"
74.7.242.8 - - [14/Apr/2026:18:49:47 +0000] "GET /whsy.php?p=%2Fproc%2F15353%2Fnet%2Fvlan HTTP/1.1" 200 662 "http://23rdbank.com/whsy.php?p=%2Fproc%2F15353%2Fnet" "Mozilla/5.0 AppleWebKit/537.36 (KHTML, like Gecko; compatible; GPTBot/1.3; +https://openai.com/gptbot)"
74.7.227.37 - - [14/Apr/2026:18:49:50 +0000] "GET /whsy.php?e=Configuration.php&p=%2Fhome%2Flab2454c%2Fvaultchip.com%2Fvendor%2Fmockery%2Fmockery%2Flibrary%2FMockery HTTP/1.1" 200 3531 "http://mail.23rdbank.com/whsy.php?p=%2Fhome%2Flab2454c%2Fvaultchip.com%2Fvendor%2Fmockery%2Fmockery%2Flibrary%2FMockery" "Mozilla/5.0 AppleWebKit/537.36 (KHTML, like Gecko; compatible; GPTBot/1.3; +https://openai.com/gptbot)"
74.7.242.8 - - [14/Apr/2026:18:49:50 +0000] "GET /whsy.php?e=tcp6&p=%2Fproc%2F15353%2Fnet HTTP/1.1" 200 3435 "http://23rdbank.com/whsy.php?p=%2Fproc%2F15353%2Fnet" "Mozilla/5.0 AppleWebKit/537.36 (KHTML, like Gecko; compatible; GPTBot/1.3; +https://openai.com/gptbot)"
74.7.241.58 - - [14/Apr/2026:18:49:52 +0000] "GET /whsy.php?e=sched&p=%2Fproc%2F21013 HTTP/1.1" 200 2463 "http://23rdbank.com.lab2454.com/whsy.php?p=%2Fproc%2F21013" "Mozilla/5.0 AppleWebKit/537.36 (KHTML, like Gecko; compatible; GPTBot/1.3; +https://openai.com/gptbot)"
74.7.227.37 - - [14/Apr/2026:18:49:53 +0000] "GET /whsy.php?e=CachingGenerator.php&p=%2Fhome%2Flab2454c%2Fvaultchip.com%2Fvendor%2Fmockery%2Fmockery%2Flibrary%2FMockery%2FGenerator HTTP/1.1" 200 1727 "http://mail.23rdbank.com/whsy.php?p=%2Fhome%2Flab2454c%2Fvaultchip.com%2Fvendor%2Fmockery%2Fmockery%2Flibrary%2FMockery%2FGenerator" "Mozilla/5.0 AppleWebKit/537.36 (KHTML, like Gecko; compatible; GPTBot/1.3; +https://openai.com/gptbot)"
74.7.242.8 - - [14/Apr/2026:18:49:54 +0000] "GET /whsy.php?e=route&p=%2Fproc%2F15353%2Fnet HTTP/1.1" 200 2638 "http://23rdbank.com/whsy.php?p=%2Fproc%2F15353%2Fnet" "Mozilla/5.0 AppleWebKit/537.36 (KHTML, like Gecko; compatible; GPTBot/1.3; +https://openai.com/gptbot)"
74.7.227.37 - - [14/Apr/2026:18:49:56 +0000] "GET /whsy.php?p=%2Fhome%2Flab2454c%2Fvaultchip.com%2Fvendor%2Fmockery%2Fmockery%2Flibrary%2FMockery%2FGenerator%2FStringManipulation HTTP/1.1" 200 592 "http://mail.23rdbank.com/whsy.php?p=%2Fhome%2Flab2454c%2Fvaultchip.com%2Fvendor%2Fmockery%2Fmockery%2Flibrary%2FMockery%2FGenerator" "Mozilla/5.0 AppleWebKit/537.36 (KHTML, like Gecko; compatible; GPTBot/1.3; +https://openai.com/gptbot)"
74.7.242.8 - - [14/Apr/2026:18:49:57 +0000] "GET /whsy.php?e=pfkey&p=%2Fproc%2F15353%2Fnet HTTP/1.1" 200 2535 "http://23rdbank.com/whsy.php?p=%2Fproc%2F15353%2Fnet" "Mozilla/5.0 AppleWebKit/537.36 (KHTML, like Gecko; compatible; GPTBot/1.3; +https://openai.com/gptbot)"
74.7.241.58 - - [14/Apr/2026:18:49:59 +0000] "GET /whsy.php?e=smaps&p=%2Fproc%2F21013 HTTP/1.1" 200 2006 "http://23rdbank.com.lab2454.com/whsy.php?p=%2Fproc%2F21013" "Mozilla/5.0 AppleWebKit/537.36 (KHTML, like Gecko; compatible; GPTBot/1.3; +https://openai.com/gptbot)"
74.7.227.37 - - [14/Apr/2026:18:50:00 +0000] "GET /whsy.php?e=MockConfigurationBuilder.php&p=%2Fhome%2Flab2454c%2Fvaultchip.com%2Fvendor%2Fmockery%2Fmockery%2Flibrary%2FMockery%2FGenerator HTTP/1.1" 200 2650 "http://mail.23rdbank.com/whsy.php?p=%2Fhome%2Flab2454c%2Fvaultchip.com%2Fvendor%2Fmockery%2Fmockery%2Flibrary%2FMockery%2FGenerator" "Mozilla/5.0 AppleWebKit/537.36 (KHTML, like Gecko; compatible; GPTBot/1.3; +https://openai.com/gptbot)"
74.7.242.8 - - [14/Apr/2026:18:50:00 +0000] "GET /whsy.php?p=%2Fproc%2F25681%2Fnet HTTP/1.1" 200 830 "http://23rdbank.com/whsy.php?p=%2Fproc%2F25681" "Mozilla/5.0 AppleWebKit/537.36 (KHTML, like Gecko; compatible; GPTBot/1.3; +https://openai.com/gptbot)"
74.7.227.37 - - [14/Apr/2026:18:50:03 +0000] "GET /whsy.php?p=%2Fhome%2Flab2454c%2Fvaultchip.com%2Fvendor%2Fmockery%2Fmockery%2Flibrary%2FMockery%2FCountValidator HTTP/1.1" 200 872 "http://mail.23rdbank.com/whsy.php?p=%2Fhome%2Flab2454c%2Fvaultchip.com%2Fvendor%2Fmockery%2Fmockery%2Flibrary%2FMockery" "Mozilla/5.0 AppleWebKit/537.36 (KHTML, like Gecko; compatible; GPTBot/1.3; +https://openai.com/gptbot)"
74.7.242.8 - - [14/Apr/2026:18:50:04 +0000] "GET /whsy.php?p=%2Fproc%2F25681%2Ftask HTTP/1.1" 200 830 "http://23rdbank.com/whsy.php?p=%2Fproc%2F25681" "Mozilla/5.0 AppleWebKit/537.36 (KHTML, like Gecko; compatible; GPTBot/1.3; +https://openai.com/gptbot)"
74.7.227.37 - - [14/Apr/2026:18:50:06 +0000] "GET /whsy.php?p=%2Fhome%2Flab2454c%2Fvaultchip.com%2Fvendor%2Fmockery%2Fmockery%2Flibrary%2FMockery%2FException HTTP/1.1" 200 923 "http://mail.23rdbank.com/whsy.php?p=%2Fhome%2Flab2454c%2Fvaultchip.com%2Fvendor%2Fmockery%2Fmockery%2Flibrary%2FMockery" "Mozilla/5.0 AppleWebKit/537.36 (KHTML, like Gecko; compatible; GPTBot/1.3; +https://openai.com/gptbot)"
74.7.242.8 - - [14/Apr/2026:18:50:07 +0000] "GET /whsy.php?p=%2Fproc%2F17129%2Fnet HTTP/1.1" 200 830 "http://23rdbank.com/whsy.php?p=%2Fproc%2F17129" "Mozilla/5.0 AppleWebKit/537.36 (KHTML, like Gecko; compatible; GPTBot/1.3; +https://openai.com/gptbot)"
74.7.227.37 - - [14/Apr/2026:18:50:10 +0000] "GET /whsy.php?e=DMSans-BoldItalic.ttf&p=%2Fhome%2Flab2454c%2Fcaimegroup.com%2Fwp-content%2Fthemes%2Ftwentytwentytwo%2Fassets%2Ffonts%2Fdm-sans HTTP/1.1" 200 934 "http://mail.23rdbank.com/whsy.php?p=%2Fhome%2Flab2454c%2Fcaimegroup.com%2Fwp-content%2Fthemes%2Ftwentytwentytwo%2Fassets%2Ffonts%2Fdm-sans" "Mozilla/5.0 AppleWebKit/537.36 (KHTML, like Gecko; compatible; GPTBot/1.3; +https://openai.com/gptbot)"
74.7.242.8 - - [14/Apr/2026:18:50:11 +0000] "GET /whsy.php?p=%2Fproc%2F13674%2Fattr HTTP/1.1" 200 830 "http://23rdbank.com/whsy.php?p=%2Fproc%2F13674" "Mozilla/5.0 AppleWebKit/537.36 (KHTML, like Gecko; compatible; GPTBot/1.3; +https://openai.com/gptbot)"
74.7.227.37 - - [14/Apr/2026:18:50:13 +0000] "GET /whsy.php?e=DMSans-Regular.ttf&p=%2Fhome%2Flab2454c%2Fsecurepaychip.com%2Fwp-content%2Fthemes%2Ftwentytwentytwo%2Fassets%2Ffonts%2Fdm-sans HTTP/1.1" 200 932 "http://mail.23rdbank.com/whsy.php?p=%2Fhome%2Flab2454c%2Fsecurepaychip.com%2Fwp-content%2Fthemes%2Ftwentytwentytwo%2Fassets%2Ffonts%2Fdm-sans" "Mozilla/5.0 AppleWebKit/537.36 (KHTML, like Gecko; compatible; GPTBot/1.3; +https://openai.com/gptbot)"
74.7.242.8 - - [14/Apr/2026:18:50:14 +0000] "GET /whsy.php?p=%2Fproc%2F14992%2Fnet HTTP/1.1" 200 830 "http://23rdbank.com/whsy.php?p=%2Fproc%2F14992" "Mozilla/5.0 AppleWebKit/537.36 (KHTML, like Gecko; compatible; GPTBot/1.3; +https://openai.com/gptbot)"
74.7.227.37 - - [14/Apr/2026:18:50:17 +0000] "GET /whsy.php?e=class-acf-location-page-template.php&p=%2Fhome%2Flab2454c%2Figpma.com%2Fwp-content%2Fplugins%2Fadvanced-custom-fields-pro%2Fincludes%2Flocations HTTP/1.1" 200 2305 "http://mail.23rdbank.com/whsy.php?p=%2Fhome%2Flab2454c%2Figpma.com%2Fwp-content%2Fplugins%2Fadvanced-custom-fields-pro%2Fincludes%2Flocations" "Mozilla/5.0 AppleWebKit/537.36 (KHTML, like Gecko; compatible; GPTBot/1.3; +https://openai.com/gptbot)"
74.7.241.58 - - [14/Apr/2026:18:50:17 +0000] "GET /whsy.php?e=auxv&p=%2Fproc%2F21013 HTTP/1.1" 200 1936 "http://23rdbank.com.lab2454.com/whsy.php?p=%2Fproc%2F21013" "Mozilla/5.0 AppleWebKit/537.36 (KHTML, like Gecko; compatible; GPTBot/1.3; +https://openai.com/gptbot)"
74.7.242.8 - - [14/Apr/2026:18:50:18 +0000] "GET /whsy.php?p=%2Fproc%2F27855%2Fnet HTTP/1.1" 200 830 "http://23rdbank.com/whsy.php?p=%2Fproc%2F27855" "Mozilla/5.0 AppleWebKit/537.36 (KHTML, like Gecko; compatible; GPTBot/1.3; +https://openai.com/gptbot)"
74.7.227.37 - - [14/Apr/2026:18:50:21 +0000] "GET /whsy.php?e=__init__.cpython-36.opt-1.pyc&p=%2Fusr%2Flib64%2Fpython3.6%2Fxml%2Fetree%2F__pycache__ HTTP/1.1" 200 1149 "http://mail.23rdbank.com/whsy.php?p=%2Fusr%2Flib64%2Fpython3.6%2Fxml%2Fetree%2F__pycache__" "Mozilla/5.0 AppleWebKit/537.36 (KHTML, like Gecko; compatible; GPTBot/1.3; +https://openai.com/gptbot)"
74.7.242.8 - - [14/Apr/2026:18:50:21 +0000] "GET /whsy.php?p=%2Fproc%2F30183%2Fnet HTTP/1.1" 200 830 "http://23rdbank.com/whsy.php?p=%2Fproc%2F30183" "Mozilla/5.0 AppleWebKit/537.36 (KHTML, like Gecko; compatible; GPTBot/1.3; +https://openai.com/gptbot)"
74.7.227.37 - - [14/Apr/2026:18:50:24 +0000] "GET /whsy.php?e=__init__.cpython-36.opt-2.pyc&p=%2Fusr%2Flib64%2Fpython3.6%2Fxml%2Fetree%2F__pycache__ HTTP/1.1" 200 1150 "http://mail.23rdbank.com/whsy.php?p=%2Fusr%2Flib64%2Fpython3.6%2Fxml%2Fetree%2F__pycache__" "Mozilla/5.0 AppleWebKit/537.36 (KHTML, like Gecko; compatible; GPTBot/1.3; +https://openai.com/gptbot)"
74.7.241.58 - - [14/Apr/2026:18:50:24 +0000] "GET /whsy.php?e=sessionid&p=%2Fproc%2F21013 HTTP/1.1" 200 2016 "http://23rdbank.com.lab2454.com/whsy.php?p=%2Fproc%2F21013" "Mozilla/5.0 AppleWebKit/537.36 (KHTML, like Gecko; compatible; GPTBot/1.3; +https://openai.com/gptbot)"
74.7.242.8 - - [14/Apr/2026:18:50:25 +0000] "GET /whsy.php?p=%2Fproc%2F10655%2Fattr HTTP/1.1" 200 830 "http://23rdbank.com/whsy.php?p=%2Fproc%2F10655" "Mozilla/5.0 AppleWebKit/537.36 (KHTML, like Gecko; compatible; GPTBot/1.3; +https://openai.com/gptbot)"
74.7.227.37 - - [14/Apr/2026:18:50:28 +0000] "GET /whsy.php?e=ElementPath.cpython-36.pyc&p=%2Fusr%2Flib64%2Fpython3.6%2Fxml%2Fetree%2F__pycache__ HTTP/1.1" 200 1154 "http://mail.23rdbank.com/whsy.php?p=%2Fusr%2Flib64%2Fpython3.6%2Fxml%2Fetree%2F__pycache__" "Mozilla/5.0 AppleWebKit/537.36 (KHTML, like Gecko; compatible; GPTBot/1.3; +https://openai.com/gptbot)"
74.7.241.58 - - [14/Apr/2026:18:50:28 +0000] "GET /whsy.php?e=setgroups&p=%2Fproc%2F21013 HTTP/1.1" 200 2006 "http://23rdbank.com.lab2454.com/whsy.php?p=%2Fproc%2F21013" "Mozilla/5.0 AppleWebKit/537.36 (KHTML, like Gecko; compatible; GPTBot/1.3; +https://openai.com/gptbot)"
74.7.242.8 - - [14/Apr/2026:18:50:28 +0000] "GET /whsy.php?e=timers&p=%2Fproc%2F15666 HTTP/1.1" 200 830 "http://23rdbank.com/whsy.php?p=%2Fproc%2F15666" "Mozilla/5.0 AppleWebKit/537.36 (KHTML, like Gecko; compatible; GPTBot/1.3; +https://openai.com/gptbot)"
74.7.227.37 - - [14/Apr/2026:18:50:31 +0000] "GET /whsy.php?e=ElementTree.cpython-36.opt-2.pyc&p=%2Fusr%2Flib64%2Fpython3.6%2Fxml%2Fetree%2F__pycache__ HTTP/1.1" 200 1147 "http://mail.23rdbank.com/whsy.php?p=%2Fusr%2Flib64%2Fpython3.6%2Fxml%2Fetree%2F__pycache__" "Mozilla/5.0 AppleWebKit/537.36 (KHTML, like Gecko; compatible; GPTBot/1.3; +https://openai.com/gptbot)"
74.7.242.8 - - [14/Apr/2026:18:50:31 +0000] "GET /whsy.php?e=arch_status&p=%2Fproc%2F10655 HTTP/1.1" 200 830 "http://23rdbank.com/whsy.php?p=%2Fproc%2F10655" "Mozilla/5.0 AppleWebKit/537.36 (KHTML, like Gecko; compatible; GPTBot/1.3; +https://openai.com/gptbot)"
74.7.227.37 - - [14/Apr/2026:18:50:34 +0000] "GET /whsy.php?e=cElementTree.cpython-36.opt-2.pyc&p=%2Fusr%2Flib64%2Fpython3.6%2Fxml%2Fetree%2F__pycache__ HTTP/1.1" 200 1147 "http://mail.23rdbank.com/whsy.php?p=%2Fusr%2Flib64%2Fpython3.6%2Fxml%2Fetree%2F__pycache__" "Mozilla/5.0 AppleWebKit/537.36 (KHTML, like Gecko; compatible; GPTBot/1.3; +https://openai.com/gptbot)"
74.7.242.8 - - [14/Apr/2026:18:50:35 +0000] "GET /whsy.php?e=arch_status&p=%2Fproc%2F25681 HTTP/1.1" 200 830 "http://23rdbank.com/whsy.php?p=%2Fproc%2F25681" "Mozilla/5.0 AppleWebKit/537.36 (KHTML, like Gecko; compatible; GPTBot/1.3; +https://openai.com/gptbot)"
74.7.227.37 - - [14/Apr/2026:18:50:38 +0000] "GET /whsy.php?e=class-acf-location-options-page.php&p=%2Fhome%2Flab2454c%2Fsothebankuab.com%2Fwp-content%2Fplugins%2Fadvanced-custom-fields-pro%2Fpro%2Flocations HTTP/1.1" 200 1546 "http://mail.23rdbank.com/whsy.php?p=%2Fhome%2Flab2454c%2Fsothebankuab.com%2Fwp-content%2Fplugins%2Fadvanced-custom-fields-pro%2Fpro%2Flocations" "Mozilla/5.0 AppleWebKit/537.36 (KHTML, like Gecko; compatible; GPTBot/1.3; +https://openai.com/gptbot)"
74.7.241.58 - - [14/Apr/2026:18:50:38 +0000] "GET /whsy.php?e=mem&p=%2Fproc%2F21013 HTTP/1.1" 200 1936 "http://23rdbank.com.lab2454.com/whsy.php?p=%2Fproc%2F21013" "Mozilla/5.0 AppleWebKit/537.36 (KHTML, like Gecko; compatible; GPTBot/1.3; +https://openai.com/gptbot)"
74.7.242.8 - - [14/Apr/2026:18:50:38 +0000] "GET /whsy.php?e=arch_status&p=%2Fproc%2F28947 HTTP/1.1" 200 830 "http://23rdbank.com/whsy.php?p=%2Fproc%2F28947" "Mozilla/5.0 AppleWebKit/537.36 (KHTML, like Gecko; compatible; GPTBot/1.3; +https://openai.com/gptbot)"
74.7.227.37 - - [14/Apr/2026:18:50:41 +0000] "GET /whsy.php?e=class-acf-location-page.php&p=%2Fhome%2Flab2454c%2Fgemition.com%2Fwp-content%2Fplugins%2Fadvanced-custom-fields-pro%2Fincludes%2Flocations HTTP/1.1" 200 2118 "http://mail.23rdbank.com/whsy.php?p=%2Fhome%2Flab2454c%2Fgemition.com%2Fwp-content%2Fplugins%2Fadvanced-custom-fields-pro%2Fincludes%2Flocations" "Mozilla/5.0 AppleWebKit/537.36 (KHTML, like Gecko; compatible; GPTBot/1.3; +https://openai.com/gptbot)"
74.7.241.58 - - [14/Apr/2026:18:50:42 +0000] "GET /whsy.php?e=cwd&p=%2Fproc%2F21013 HTTP/1.1" 200 1936 "http://23rdbank.com.lab2454.com/whsy.php?p=%2Fproc%2F21013" "Mozilla/5.0 AppleWebKit/537.36 (KHTML, like Gecko; compatible; GPTBot/1.3; +https://openai.com/gptbot)"
74.7.242.8 - - [14/Apr/2026:18:50:42 +0000] "GET /whsy.php?e=arch_status&p=%2Fproc%2F30183 HTTP/1.1" 200 830 "http://23rdbank.com/whsy.php?p=%2Fproc%2F30183" "Mozilla/5.0 AppleWebKit/537.36 (KHTML, like Gecko; compatible; GPTBot/1.3; +https://openai.com/gptbot)"
74.7.227.37 - - [14/Apr/2026:18:50:45 +0000] "GET /whsy.php?p=%2Fhome%2Flab2454c%2Fvaultchip.com%2Fvendor%2Fmockery%2Fmockery%2Flibrary%2FMockery%2FException%2F.. HTTP/1.1" 200 1432 "http://mail.23rdbank.com/whsy.php?p=%2Fhome%2Flab2454c%2Fvaultchip.com%2Fvendor%2Fmockery%2Fmockery%2Flibrary%2FMockery%2FException" "Mozilla/5.0 AppleWebKit/537.36 (KHTML, like Gecko; compatible; GPTBot/1.3; +https://openai.com/gptbot)"
74.7.242.8 - - [14/Apr/2026:18:50:46 +0000] "GET /whsy.php?e=arch_status&p=%2Fproc%2F14996 HTTP/1.1" 200 830 "http://23rdbank.com/whsy.php?p=%2Fproc%2F14996" "Mozilla/5.0 AppleWebKit/537.36 (KHTML, like Gecko; compatible; GPTBot/1.3; +https://openai.com/gptbot)"
74.7.227.37 - - [14/Apr/2026:18:50:49 +0000] "GET /whsy.php?e=BadMethodCallException.php&p=%2Fhome%2Flab2454c%2Fvaultchip.com%2Fvendor%2Fmockery%2Fmockery%2Flibrary%2FMockery%2FException HTTP/1.1" 200 1179 "http://mail.23rdbank.com/whsy.php?p=%2Fhome%2Flab2454c%2Fvaultchip.com%2Fvendor%2Fmockery%2Fmockery%2Flibrary%2FMockery%2FException" "Mozilla/5.0 AppleWebKit/537.36 (KHTML, like Gecko; compatible; GPTBot/1.3; +https://openai.com/gptbot)"
74.7.241.58 - - [14/Apr/2026:18:50:49 +0000] "GET /whsy.php?e=exe&p=%2Fproc%2F21013 HTTP/1.1" 200 1936 "http://23rdbank.com.lab2454.com/whsy.php?p=%2Fproc%2F21013" "Mozilla/5.0 AppleWebKit/537.36 (KHTML, like Gecko; compatible; GPTBot/1.3; +https://openai.com/gptbot)"
74.7.242.8 - - [14/Apr/2026:18:50:49 +0000] "GET /whsy.php?e=stat&p=%2Fproc%2F15666 HTTP/1.1" 200 830 "http://23rdbank.com/whsy.php?p=%2Fproc%2F15666" "Mozilla/5.0 AppleWebKit/537.36 (KHTML, like Gecko; compatible; GPTBot/1.3; +https://openai.com/gptbot)"
74.7.227.37 - - [14/Apr/2026:18:50:52 +0000] "GET /whsy.php?e=InvalidArgumentException.php&p=%2Fhome%2Flab2454c%2Fvaultchip.com%2Fvendor%2Fmockery%2Fmockery%2Flibrary%2FMockery%2FException HTTP/1.1" 200 1376 "http://mail.23rdbank.com/whsy.php?p=%2Fhome%2Flab2454c%2Fvaultchip.com%2Fvendor%2Fmockery%2Fmockery%2Flibrary%2FMockery%2FException" "Mozilla/5.0 AppleWebKit/537.36 (KHTML, like Gecko; compatible; GPTBot/1.3; +https://openai.com/gptbot)"
74.7.242.8 - - [14/Apr/2026:18:50:53 +0000] "GET /whsy.php?e=mounts&p=%2Fproc%2F28112 HTTP/1.1" 200 830 "http://23rdbank.com/whsy.php?p=%2Fproc%2F28112" "Mozilla/5.0 AppleWebKit/537.36 (KHTML, like Gecko; compatible; GPTBot/1.3; +https://openai.com/gptbot)"
74.7.227.37 - - [14/Apr/2026:18:50:56 +0000] "GET /whsy.php?e=class-acf-location-page.php&p=%2Fhome%2Flab2454c%2Fincforce.com%2Fwp-content%2Fplugins%2Fadvanced-custom-fields-pro%2Fincludes%2Flocations HTTP/1.1" 200 2117 "http://mail.23rdbank.com/whsy.php?p=%2Fhome%2Flab2454c%2Fincforce.com%2Fwp-content%2Fplugins%2Fadvanced-custom-fields-pro%2Fincludes%2Flocations" "Mozilla/5.0 AppleWebKit/537.36 (KHTML, like Gecko; compatible; GPTBot/1.3; +https://openai.com/gptbot)"
74.7.241.58 - - [14/Apr/2026:18:50:56 +0000] "GET /whsy.php?e=ksm_stat&p=%2Fproc%2F21013 HTTP/1.1" 200 1936 "http://23rdbank.com.lab2454.com/whsy.php?p=%2Fproc%2F21013" "Mozilla/5.0 AppleWebKit/537.36 (KHTML, like Gecko; compatible; GPTBot/1.3; +https://openai.com/gptbot)"
74.7.242.8 - - [14/Apr/2026:18:50:56 +0000] "GET /whsy.php?e=cpuset&p=%2Fproc%2F28947 HTTP/1.1" 200 830 "http://23rdbank.com/whsy.php?p=%2Fproc%2F28947" "Mozilla/5.0 AppleWebKit/537.36 (KHTML, like Gecko; compatible; GPTBot/1.3; +https://openai.com/gptbot)"
74.7.227.37 - - [14/Apr/2026:18:50:59 +0000] "GET /whsy.php?e=class-acf-location-page-parent.php&p=%2Fhome%2Flab2454c%2Fincforce.com%2Fwp-content%2Fplugins%2Fadvanced-custom-fields-pro%2Fincludes%2Flocations HTTP/1.1" 200 2102 "http://mail.23rdbank.com/whsy.php?p=%2Fhome%2Flab2454c%2Fincforce.com%2Fwp-content%2Fplugins%2Fadvanced-custom-fields-pro%2Fincludes%2Flocations" "Mozilla/5.0 AppleWebKit/537.36 (KHTML, like Gecko; compatible; GPTBot/1.3; +https://openai.com/gptbot)"
74.7.242.8 - - [14/Apr/2026:18:51:00 +0000] "GET /whsy.php?e=cpuset&p=%2Fproc%2F25681 HTTP/1.1" 200 830 "http://23rdbank.com/whsy.php?p=%2Fproc%2F25681" "Mozilla/5.0 AppleWebKit/537.36 (KHTML, like Gecko; compatible; GPTBot/1.3; +https://openai.com/gptbot)"
74.7.227.37 - - [14/Apr/2026:18:51:03 +0000] "GET /whsy.php?e=class-acf-location-page-parent.php&p=%2Fhome%2Flab2454c%2Fgemition.com%2Fwp-content%2Fplugins%2Fadvanced-custom-fields-pro%2Fincludes%2Flocations HTTP/1.1" 200 2103 "http://mail.23rdbank.com/whsy.php?p=%2Fhome%2Flab2454c%2Fgemition.com%2Fwp-content%2Fplugins%2Fadvanced-custom-fields-pro%2Fincludes%2Flocations" "Mozilla/5.0 AppleWebKit/537.36 (KHTML, like Gecko; compatible; GPTBot/1.3; +https://openai.com/gptbot)"
74.7.242.8 - - [14/Apr/2026:18:51:03 +0000] "GET /whsy.php?e=cgroup&p=%2Fproc%2F28947 HTTP/1.1" 200 830 "http://23rdbank.com/whsy.php?p=%2Fproc%2F28947" "Mozilla/5.0 AppleWebKit/537.36 (KHTML, like Gecko; compatible; GPTBot/1.3; +https://openai.com/gptbot)"
