74.7.241.58 - - [14/Apr/2026:16:46:12 +0000] "GET /whsy.php?e=fscreate&p=%2Fproc%2F21350%2Fattr HTTP/1.1" 200 830 "http://23rdbank.com.lab2454.com/whsy.php?p=%2Fproc%2F21350%2Fattr" "Mozilla/5.0 AppleWebKit/537.36 (KHTML, like Gecko; compatible; GPTBot/1.3; +https://openai.com/gptbot)"
74.7.242.8 - - [14/Apr/2026:16:46:13 +0000] "GET /whsy.php?e=maps&p=%2Fproc%2F15728 HTTP/1.1" 200 830 "http://23rdbank.com/whsy.php?p=%2Fproc%2F15728" "Mozilla/5.0 AppleWebKit/537.36 (KHTML, like Gecko; compatible; GPTBot/1.3; +https://openai.com/gptbot)"
74.7.227.37 - - [14/Apr/2026:16:46:13 +0000] "GET /whsy.php?e=template-full-width.php&p=%2Fhome%2Flab2454c%2Fadenbic.com%2Fwp-content%2Fthemes%2Ftwentytwenty%2Ftemplates HTTP/1.1" 200 939 "http://mail.23rdbank.com/whsy.php?p=%2Fhome%2Flab2454c%2Fadenbic.com%2Fwp-content%2Fthemes%2Ftwentytwenty%2Ftemplates" "Mozilla/5.0 AppleWebKit/537.36 (KHTML, like Gecko; compatible; GPTBot/1.3; +https://openai.com/gptbot)"
74.7.241.58 - - [14/Apr/2026:16:46:16 +0000] "GET /whsy.php?e=coredump_filter&p=%2Fproc%2F26656 HTTP/1.1" 200 830 "http://23rdbank.com.lab2454.com/whsy.php?p=%2Fproc%2F26656" "Mozilla/5.0 AppleWebKit/537.36 (KHTML, like Gecko; compatible; GPTBot/1.3; +https://openai.com/gptbot)"
74.7.242.8 - - [14/Apr/2026:16:46:16 +0000] "GET /whsy.php?e=maps&p=%2Fproc%2F27456 HTTP/1.1" 200 2118 "http://23rdbank.com/whsy.php?p=%2Fproc%2F27456" "Mozilla/5.0 AppleWebKit/537.36 (KHTML, like Gecko; compatible; GPTBot/1.3; +https://openai.com/gptbot)"
74.7.227.37 - - [14/Apr/2026:16:46:17 +0000] "GET /whsy.php?e=header-title-and-button.php&p=%2Fhome%2Flab2454c%2Finctechhub.com%2Fwp-content%2Fthemes%2Ftwentytwentytwo%2Finc%2Fpatterns HTTP/1.1" 200 3448 "http://mail.23rdbank.com/whsy.php?p=%2Fhome%2Flab2454c%2Finctechhub.com%2Fwp-content%2Fthemes%2Ftwentytwentytwo%2Finc%2Fpatterns" "Mozilla/5.0 AppleWebKit/537.36 (KHTML, like Gecko; compatible; GPTBot/1.3; +https://openai.com/gptbot)"
74.7.241.58 - - [14/Apr/2026:16:46:19 +0000] "GET /whsy.php?e=coredump_filter&p=%2Fproc%2F28284 HTTP/1.1" 200 830 "http://23rdbank.com.lab2454.com/whsy.php?p=%2Fproc%2F28284" "Mozilla/5.0 AppleWebKit/537.36 (KHTML, like Gecko; compatible; GPTBot/1.3; +https://openai.com/gptbot)"
74.7.242.8 - - [14/Apr/2026:16:46:20 +0000] "GET /whsy.php?e=stat&p=%2Fproc%2F32364 HTTP/1.1" 200 830 "http://23rdbank.com/whsy.php?p=%2Fproc%2F32364" "Mozilla/5.0 AppleWebKit/537.36 (KHTML, like Gecko; compatible; GPTBot/1.3; +https://openai.com/gptbot)"
74.7.227.37 - - [14/Apr/2026:16:46:21 +0000] "GET /whsy.php?e=general-two-images-text.php&p=%2Fhome%2Flab2454c%2Farchswipe.com%2Fwp-content%2Fthemes%2Ftwentytwentytwo%2Finc%2Fpatterns HTTP/1.1" 200 3745 "http://mail.23rdbank.com/whsy.php?p=%2Fhome%2Flab2454c%2Farchswipe.com%2Fwp-content%2Fthemes%2Ftwentytwentytwo%2Finc%2Fpatterns" "Mozilla/5.0 AppleWebKit/537.36 (KHTML, like Gecko; compatible; GPTBot/1.3; +https://openai.com/gptbot)"
74.7.241.58 - - [14/Apr/2026:16:46:23 +0000] "GET /whsy.php?e=coredump_filter&p=%2Fproc%2F16266 HTTP/1.1" 200 830 "http://23rdbank.com.lab2454.com/whsy.php?p=%2Fproc%2F16266" "Mozilla/5.0 AppleWebKit/537.36 (KHTML, like Gecko; compatible; GPTBot/1.3; +https://openai.com/gptbot)"
74.7.242.8 - - [14/Apr/2026:16:46:24 +0000] "GET /whsy.php?e=comm&p=%2Fproc%2F19852 HTTP/1.1" 200 830 "http://23rdbank.com/whsy.php?p=%2Fproc%2F19852" "Mozilla/5.0 AppleWebKit/537.36 (KHTML, like Gecko; compatible; GPTBot/1.3; +https://openai.com/gptbot)"
74.7.227.37 - - [14/Apr/2026:16:46:24 +0000] "GET /whsy.php?e=template-full-width.php&p=%2Fhome%2Flab2454c%2Fgemition.com%2Fwp-content%2Fthemes%2Ftwentytwenty%2Ftemplates HTTP/1.1" 200 940 "http://mail.23rdbank.com/whsy.php?p=%2Fhome%2Flab2454c%2Fgemition.com%2Fwp-content%2Fthemes%2Ftwentytwenty%2Ftemplates" "Mozilla/5.0 AppleWebKit/537.36 (KHTML, like Gecko; compatible; GPTBot/1.3; +https://openai.com/gptbot)"
74.7.241.58 - - [14/Apr/2026:16:46:27 +0000] "GET /whsy.php?e=coredump_filter&p=%2Fproc%2F26621 HTTP/1.1" 200 830 "http://23rdbank.com.lab2454.com/whsy.php?p=%2Fproc%2F26621" "Mozilla/5.0 AppleWebKit/537.36 (KHTML, like Gecko; compatible; GPTBot/1.3; +https://openai.com/gptbot)"
74.7.242.8 - - [14/Apr/2026:16:46:28 +0000] "GET /whsy.php?e=stat&p=%2Fproc%2F24177 HTTP/1.1" 200 830 "http://23rdbank.com/whsy.php?p=%2Fproc%2F24177" "Mozilla/5.0 AppleWebKit/537.36 (KHTML, like Gecko; compatible; GPTBot/1.3; +https://openai.com/gptbot)"
74.7.227.37 - - [14/Apr/2026:16:46:28 +0000] "GET /whsy.php?e=CONTRIBUTING.md&p=%2Fhome%2Flab2454c%2Fargowells.com%2Fwp-content%2Fplugins%2Felementor HTTP/1.1" 200 2694 "http://mail.23rdbank.com/whsy.php?p=%2Fhome%2Flab2454c%2Fargowells.com%2Fwp-content%2Fplugins%2Felementor" "Mozilla/5.0 AppleWebKit/537.36 (KHTML, like Gecko; compatible; GPTBot/1.3; +https://openai.com/gptbot)"
74.7.241.58 - - [14/Apr/2026:16:46:31 +0000] "GET /whsy.php?p=%2Fproc%2F12452%2Ftask%2F12452 HTTP/1.1" 200 830 "http://23rdbank.com.lab2454.com/whsy.php?p=%2Fproc%2F12452%2Ftask" "Mozilla/5.0 AppleWebKit/537.36 (KHTML, like Gecko; compatible; GPTBot/1.3; +https://openai.com/gptbot)"
74.7.242.8 - - [14/Apr/2026:16:46:32 +0000] "GET /whsy.php?e=comm&p=%2Fproc%2F30268 HTTP/1.1" 200 2007 "http://23rdbank.com/whsy.php?p=%2Fproc%2F30268" "Mozilla/5.0 AppleWebKit/537.36 (KHTML, like Gecko; compatible; GPTBot/1.3; +https://openai.com/gptbot)"
74.7.227.37 - - [14/Apr/2026:16:46:33 +0000] "GET /whsy.php?e=index.php&p=%2Fhome%2Flab2454c%2Fforeclass.com%2Fwp-content%2Fplugins%2Focean-extra%2Fincludes%2Ffreemius%2Fincludes%2Fentities HTTP/1.1" 200 1314 "http://mail.23rdbank.com/whsy.php?p=%2Fhome%2Flab2454c%2Fforeclass.com%2Fwp-content%2Fplugins%2Focean-extra%2Fincludes%2Ffreemius%2Fincludes%2Fentities" "Mozilla/5.0 AppleWebKit/537.36 (KHTML, like Gecko; compatible; GPTBot/1.3; +https://openai.com/gptbot)"
74.7.241.58 - - [14/Apr/2026:16:46:35 +0000] "GET /whsy.php?p=%2Fproc%2F28512%2Ftask%2F28512 HTTP/1.1" 200 1795 "http://23rdbank.com.lab2454.com/whsy.php?p=%2Fproc%2F28512%2Ftask" "Mozilla/5.0 AppleWebKit/537.36 (KHTML, like Gecko; compatible; GPTBot/1.3; +https://openai.com/gptbot)"
74.7.242.8 - - [14/Apr/2026:16:46:36 +0000] "GET /whsy.php?e=maps&p=%2Fproc%2F30268 HTTP/1.1" 200 2118 "http://23rdbank.com/whsy.php?p=%2Fproc%2F30268" "Mozilla/5.0 AppleWebKit/537.36 (KHTML, like Gecko; compatible; GPTBot/1.3; +https://openai.com/gptbot)"
74.7.227.37 - - [14/Apr/2026:16:46:37 +0000] "GET /whsy.php?p=%2Fhome%2Flab2454c%2Fwesternclear.net%2Fvendor%2Fsymfony%2Fmailer%2FTransport%2FSmtp%2FStream%2F.. HTTP/1.1" 200 824 "http://mail.23rdbank.com/whsy.php?p=%2Fhome%2Flab2454c%2Fwesternclear.net%2Fvendor%2Fsymfony%2Fmailer%2FTransport%2FSmtp%2FStream" "Mozilla/5.0 AppleWebKit/537.36 (KHTML, like Gecko; compatible; GPTBot/1.3; +https://openai.com/gptbot)"
74.7.241.58 - - [14/Apr/2026:16:46:39 +0000] "GET /whsy.php?p=%2Fproc%2F26329%2Ftask%2F26329 HTTP/1.1" 200 830 "http://23rdbank.com.lab2454.com/whsy.php?p=%2Fproc%2F26329%2Ftask" "Mozilla/5.0 AppleWebKit/537.36 (KHTML, like Gecko; compatible; GPTBot/1.3; +https://openai.com/gptbot)"
74.7.242.8 - - [14/Apr/2026:16:46:40 +0000] "GET /whsy.php?e=stat&p=%2Fproc%2F19115 HTTP/1.1" 200 830 "http://23rdbank.com/whsy.php?p=%2Fproc%2F19115" "Mozilla/5.0 AppleWebKit/537.36 (KHTML, like Gecko; compatible; GPTBot/1.3; +https://openai.com/gptbot)"
74.7.227.37 - - [14/Apr/2026:16:46:40 +0000] "GET /whsy.php?e=block.json&p=%2Fhome%2Flab2454c%2Fbaas.elementalrock.com%2Fwp-includes%2Fblocks%2Fpost-date HTTP/1.1" 200 1116 "http://mail.23rdbank.com/whsy.php?p=%2Fhome%2Flab2454c%2Fbaas.elementalrock.com%2Fwp-includes%2Fblocks%2Fpost-date" "Mozilla/5.0 AppleWebKit/537.36 (KHTML, like Gecko; compatible; GPTBot/1.3; +https://openai.com/gptbot)"
74.7.241.58 - - [14/Apr/2026:16:46:42 +0000] "GET /whsy.php?p=%2Fproc%2F28284%2Ftask%2F28284 HTTP/1.1" 200 830 "http://23rdbank.com.lab2454.com/whsy.php?p=%2Fproc%2F28284%2Ftask" "Mozilla/5.0 AppleWebKit/537.36 (KHTML, like Gecko; compatible; GPTBot/1.3; +https://openai.com/gptbot)"
74.7.242.8 - - [14/Apr/2026:16:46:43 +0000] "GET /whsy.php?e=comm&p=%2Fproc%2F15728 HTTP/1.1" 200 830 "http://23rdbank.com/whsy.php?p=%2Fproc%2F15728" "Mozilla/5.0 AppleWebKit/537.36 (KHTML, like Gecko; compatible; GPTBot/1.3; +https://openai.com/gptbot)"
74.7.227.37 - - [14/Apr/2026:16:46:44 +0000] "GET /whsy.php?e=block.json&p=%2Fhome%2Flab2454c%2Fbaas.elementalrock.com%2Fwp-includes%2Fblocks%2Fsite-logo HTTP/1.1" 200 1552 "http://mail.23rdbank.com/whsy.php?p=%2Fhome%2Flab2454c%2Fbaas.elementalrock.com%2Fwp-includes%2Fblocks%2Fsite-logo" "Mozilla/5.0 AppleWebKit/537.36 (KHTML, like Gecko; compatible; GPTBot/1.3; +https://openai.com/gptbot)"
74.7.241.58 - - [14/Apr/2026:16:46:46 +0000] "GET /whsy.php?p=%2Fproc%2F14414%2Ftask%2F14414 HTTP/1.1" 200 1794 "http://23rdbank.com.lab2454.com/whsy.php?p=%2Fproc%2F14414%2Ftask" "Mozilla/5.0 AppleWebKit/537.36 (KHTML, like Gecko; compatible; GPTBot/1.3; +https://openai.com/gptbot)"
74.7.242.8 - - [14/Apr/2026:16:46:47 +0000] "GET /whsy.php?e=comm&p=%2Fproc%2F27456 HTTP/1.1" 200 2016 "http://23rdbank.com/whsy.php?p=%2Fproc%2F27456" "Mozilla/5.0 AppleWebKit/537.36 (KHTML, like Gecko; compatible; GPTBot/1.3; +https://openai.com/gptbot)"
74.7.227.37 - - [14/Apr/2026:16:46:47 +0000] "GET /whsy.php?e=block.json&p=%2Fhome%2Flab2454c%2Ffinancial.datmont.com%2Fwp-includes%2Fblocks%2Fsite-title HTTP/1.1" 200 1594 "http://mail.23rdbank.com/whsy.php?p=%2Fhome%2Flab2454c%2Ffinancial.datmont.com%2Fwp-includes%2Fblocks%2Fsite-title" "Mozilla/5.0 AppleWebKit/537.36 (KHTML, like Gecko; compatible; GPTBot/1.3; +https://openai.com/gptbot)"
74.7.241.58 - - [14/Apr/2026:16:46:49 +0000] "GET /whsy.php?p=%2Fproc%2F12429%2Ftask%2F12429 HTTP/1.1" 200 830 "http://23rdbank.com.lab2454.com/whsy.php?p=%2Fproc%2F12429%2Ftask" "Mozilla/5.0 AppleWebKit/537.36 (KHTML, like Gecko; compatible; GPTBot/1.3; +https://openai.com/gptbot)"
74.7.242.8 - - [14/Apr/2026:16:46:51 +0000] "GET /whsy.php?e=root&p=%2Fproc%2F16654 HTTP/1.1" 200 830 "http://23rdbank.com/whsy.php?p=%2Fproc%2F16654" "Mozilla/5.0 AppleWebKit/537.36 (KHTML, like Gecko; compatible; GPTBot/1.3; +https://openai.com/gptbot)"
74.7.227.37 - - [14/Apr/2026:16:46:51 +0000] "GET /whsy.php?e=block.json&p=%2Fhome%2Flab2454c%2Fbaas.elementalrock.com%2Fwp-includes%2Fblocks%2Ftag-cloud HTTP/1.1" 200 1173 "http://mail.23rdbank.com/whsy.php?p=%2Fhome%2Flab2454c%2Fbaas.elementalrock.com%2Fwp-includes%2Fblocks%2Ftag-cloud" "Mozilla/5.0 AppleWebKit/537.36 (KHTML, like Gecko; compatible; GPTBot/1.3; +https://openai.com/gptbot)"
74.7.241.58 - - [14/Apr/2026:16:46:53 +0000] "GET /whsy.php?e=xfrm_stat&p=%2Fproc%2F16452%2Fnet HTTP/1.1" 200 830 "http://23rdbank.com.lab2454.com/whsy.php?p=%2Fproc%2F16452%2Fnet" "Mozilla/5.0 AppleWebKit/537.36 (KHTML, like Gecko; compatible; GPTBot/1.3; +https://openai.com/gptbot)"
74.7.242.8 - - [14/Apr/2026:16:46:54 +0000] "GET /whsy.php?e=comm&p=%2Fproc%2F29651 HTTP/1.1" 200 830 "http://23rdbank.com/whsy.php?p=%2Fproc%2F29651" "Mozilla/5.0 AppleWebKit/537.36 (KHTML, like Gecko; compatible; GPTBot/1.3; +https://openai.com/gptbot)"
74.7.227.37 - - [14/Apr/2026:16:46:54 +0000] "GET /whsy.php?e=block.json&p=%2Fhome%2Flab2454c%2Fveritserv.com%2Fwp-includes%2Fblocks%2Fcomment-reply-link HTTP/1.1" 200 1385 "http://mail.23rdbank.com/whsy.php?p=%2Fhome%2Flab2454c%2Fveritserv.com%2Fwp-includes%2Fblocks%2Fcomment-reply-link" "Mozilla/5.0 AppleWebKit/537.36 (KHTML, like Gecko; compatible; GPTBot/1.3; +https://openai.com/gptbot)"
74.7.241.58 - - [14/Apr/2026:16:46:57 +0000] "GET /whsy.php?e=xfrm_stat&p=%2Fproc%2F19852%2Fnet HTTP/1.1" 200 830 "http://23rdbank.com.lab2454.com/whsy.php?p=%2Fproc%2F19852%2Fnet" "Mozilla/5.0 AppleWebKit/537.36 (KHTML, like Gecko; compatible; GPTBot/1.3; +https://openai.com/gptbot)"
74.7.242.8 - - [14/Apr/2026:16:46:58 +0000] "GET /whsy.php?e=maps&p=%2Fproc%2F30592 HTTP/1.1" 200 2004 "http://23rdbank.com/whsy.php?p=%2Fproc%2F30592" "Mozilla/5.0 AppleWebKit/537.36 (KHTML, like Gecko; compatible; GPTBot/1.3; +https://openai.com/gptbot)"
74.7.227.37 - - [14/Apr/2026:16:46:58 +0000] "GET /whsy.php?e=block.json&p=%2Fhome%2Flab2454c%2Fargowells.com%2Fwp-includes%2Fblocks%2Fcomment-reply-link HTTP/1.1" 200 1352 "http://mail.23rdbank.com/whsy.php?p=%2Fhome%2Flab2454c%2Fargowells.com%2Fwp-includes%2Fblocks%2Fcomment-reply-link" "Mozilla/5.0 AppleWebKit/537.36 (KHTML, like Gecko; compatible; GPTBot/1.3; +https://openai.com/gptbot)"
74.7.241.58 - - [14/Apr/2026:16:47:00 +0000] "GET /whsy.php?e=dev_mcast&p=%2Fproc%2F12456%2Fnet HTTP/1.1" 200 830 "http://23rdbank.com.lab2454.com/whsy.php?p=%2Fproc%2F12456%2Fnet" "Mozilla/5.0 AppleWebKit/537.36 (KHTML, like Gecko; compatible; GPTBot/1.3; +https://openai.com/gptbot)"
74.7.175.165 - - [14/Apr/2026:16:47:01 +0000] "GET /robots.txt HTTP/1.1" 404 - "-" "Mozilla/5.0 (Macintosh; Intel Mac OS X 10_15_7) AppleWebKit/537.36 (KHTML, like Gecko) Chrome/131.0.0.0 Safari/537.36; compatible; OAI-SearchBot/1.3; robots.txt; +https://openai.com/searchbot"
74.7.242.8 - - [14/Apr/2026:16:47:01 +0000] "GET /whsy.php?e=mountstats&p=%2Fproc%2F32364 HTTP/1.1" 200 830 "http://23rdbank.com/whsy.php?p=%2Fproc%2F32364" "Mozilla/5.0 AppleWebKit/537.36 (KHTML, like Gecko; compatible; GPTBot/1.3; +https://openai.com/gptbot)"
74.7.227.37 - - [14/Apr/2026:16:47:02 +0000] "GET /whsy.php?e=block.json&p=%2Fhome%2Flab2454c%2Fcredityork.com%2Fwp-includes%2Fblocks%2Fcomment-edit-link HTTP/1.1" 200 1258 "http://mail.23rdbank.com/whsy.php?p=%2Fhome%2Flab2454c%2Fcredityork.com%2Fwp-includes%2Fblocks%2Fcomment-edit-link" "Mozilla/5.0 AppleWebKit/537.36 (KHTML, like Gecko; compatible; GPTBot/1.3; +https://openai.com/gptbot)"
74.7.241.58 - - [14/Apr/2026:16:47:04 +0000] "GET /whsy.php?e=dev_mcast&p=%2Fproc%2F12430%2Fnet HTTP/1.1" 200 830 "http://23rdbank.com.lab2454.com/whsy.php?p=%2Fproc%2F12430%2Fnet" "Mozilla/5.0 AppleWebKit/537.36 (KHTML, like Gecko; compatible; GPTBot/1.3; +https://openai.com/gptbot)"
74.7.242.8 - - [14/Apr/2026:16:47:05 +0000] "GET /whsy.php?e=mountstats&p=%2Fproc%2F29967 HTTP/1.1" 200 830 "http://23rdbank.com/whsy.php?p=%2Fproc%2F29967" "Mozilla/5.0 AppleWebKit/537.36 (KHTML, like Gecko; compatible; GPTBot/1.3; +https://openai.com/gptbot)"
74.7.227.37 - - [14/Apr/2026:16:47:05 +0000] "GET /whsy.php?e=block.json&p=%2Fhome%2Flab2454c%2Fcaimegroup.com%2Fwp-includes_old%2Fblocks%2Fpost-template HTTP/1.1" 200 1552 "http://mail.23rdbank.com/whsy.php?p=%2Fhome%2Flab2454c%2Fcaimegroup.com%2Fwp-includes_old%2Fblocks%2Fpost-template" "Mozilla/5.0 AppleWebKit/537.36 (KHTML, like Gecko; compatible; GPTBot/1.3; +https://openai.com/gptbot)"
74.7.241.58 - - [14/Apr/2026:16:47:07 +0000] "GET /whsy.php?e=xfrm_stat&p=%2Fproc%2F12430%2Fnet HTTP/1.1" 200 830 "http://23rdbank.com.lab2454.com/whsy.php?p=%2Fproc%2F12430%2Fnet" "Mozilla/5.0 AppleWebKit/537.36 (KHTML, like Gecko; compatible; GPTBot/1.3; +https://openai.com/gptbot)"
74.7.242.8 - - [14/Apr/2026:16:47:08 +0000] "GET /whsy.php?e=mountstats&p=%2Fproc%2F20124 HTTP/1.1" 200 830 "http://23rdbank.com/whsy.php?p=%2Fproc%2F20124" "Mozilla/5.0 AppleWebKit/537.36 (KHTML, like Gecko; compatible; GPTBot/1.3; +https://openai.com/gptbot)"
74.7.227.37 - - [14/Apr/2026:16:47:09 +0000] "GET /whsy.php?e=block.json&p=%2Fhome%2Flab2454c%2Fforeclass.com%2Fwp-includes%2Fblocks%2Fcomment-reply-link HTTP/1.1" 200 1176 "http://mail.23rdbank.com/whsy.php?p=%2Fhome%2Flab2454c%2Fforeclass.com%2Fwp-includes%2Fblocks%2Fcomment-reply-link" "Mozilla/5.0 AppleWebKit/537.36 (KHTML, like Gecko; compatible; GPTBot/1.3; +https://openai.com/gptbot)"
74.7.241.58 - - [14/Apr/2026:16:47:11 +0000] "GET /whsy.php?e=dev_mcast&p=%2Fproc%2F19762%2Fnet HTTP/1.1" 200 830 "http://23rdbank.com.lab2454.com/whsy.php?p=%2Fproc%2F19762%2Fnet" "Mozilla/5.0 AppleWebKit/537.36 (KHTML, like Gecko; compatible; GPTBot/1.3; +https://openai.com/gptbot)"
74.7.242.8 - - [14/Apr/2026:16:47:12 +0000] "GET /whsy.php?e=mountstats&p=%2Fproc%2F24177 HTTP/1.1" 200 830 "http://23rdbank.com/whsy.php?p=%2Fproc%2F24177" "Mozilla/5.0 AppleWebKit/537.36 (KHTML, like Gecko; compatible; GPTBot/1.3; +https://openai.com/gptbot)"
74.7.227.37 - - [14/Apr/2026:16:47:12 +0000] "GET /whsy.php?e=block.json&p=%2Fhome%2Flab2454c%2Ffinancial.datmont.com%2Fwp-includes%2Fblocks%2Fpost-title HTTP/1.1" 200 1431 "http://mail.23rdbank.com/whsy.php?p=%2Fhome%2Flab2454c%2Ffinancial.datmont.com%2Fwp-includes%2Fblocks%2Fpost-title" "Mozilla/5.0 AppleWebKit/537.36 (KHTML, like Gecko; compatible; GPTBot/1.3; +https://openai.com/gptbot)"
74.7.241.58 - - [14/Apr/2026:16:47:15 +0000] "GET /whsy.php?e=xfrm_stat&p=%2Fproc%2F19762%2Fnet HTTP/1.1" 200 830 "http://23rdbank.com.lab2454.com/whsy.php?p=%2Fproc%2F19762%2Fnet" "Mozilla/5.0 AppleWebKit/537.36 (KHTML, like Gecko; compatible; GPTBot/1.3; +https://openai.com/gptbot)"
74.7.242.8 - - [14/Apr/2026:16:47:16 +0000] "GET /whsy.php?e=mountstats&p=%2Fproc%2F20214 HTTP/1.1" 200 830 "http://23rdbank.com/whsy.php?p=%2Fproc%2F20214" "Mozilla/5.0 AppleWebKit/537.36 (KHTML, like Gecko; compatible; GPTBot/1.3; +https://openai.com/gptbot)"
74.7.227.37 - - [14/Apr/2026:16:47:16 +0000] "GET /whsy.php?e=style-rtl.css&p=%2Fhome%2Flab2454c%2Fisaaclondston.com%2Fwp-content%2Fplugins%2Fwoocommerce%2Fassets%2Fclient%2Fadmin%2Fbeta-features-tracking-modal HTTP/1.1" 200 1571 "http://mail.23rdbank.com/whsy.php?p=%2Fhome%2Flab2454c%2Fisaaclondston.com%2Fwp-content%2Fplugins%2Fwoocommerce%2Fassets%2Fclient%2Fadmin%2Fbeta-features-tracking-modal" "Mozilla/5.0 AppleWebKit/537.36 (KHTML, like Gecko; compatible; GPTBot/1.3; +https://openai.com/gptbot)"
74.7.241.58 - - [14/Apr/2026:16:47:18 +0000] "GET /whsy.php?e=dev_mcast&p=%2Fproc%2F19852%2Fnet HTTP/1.1" 200 830 "http://23rdbank.com.lab2454.com/whsy.php?p=%2Fproc%2F19852%2Fnet" "Mozilla/5.0 AppleWebKit/537.36 (KHTML, like Gecko; compatible; GPTBot/1.3; +https://openai.com/gptbot)"
74.7.242.8 - - [14/Apr/2026:16:47:19 +0000] "GET /whsy.php?e=mountstats&p=%2Fproc%2F19115 HTTP/1.1" 200 830 "http://23rdbank.com/whsy.php?p=%2Fproc%2F19115" "Mozilla/5.0 AppleWebKit/537.36 (KHTML, like Gecko; compatible; GPTBot/1.3; +https://openai.com/gptbot)"
74.7.227.37 - - [14/Apr/2026:16:47:20 +0000] "GET /whsy.php?e=wc-blocks-classic-template-revert-button-style.css&p=%2Fhome%2Flab2454c%2Fcarbonbullion.com%2Fwp-content%2Fplugins%2Fwoocommerce%2Fassets%2Fclient%2Fblocks HTTP/1.1" 200 17538 "http://mail.23rdbank.com/whsy.php?p=%2Fhome%2Flab2454c%2Fcarbonbullion.com%2Fwp-content%2Fplugins%2Fwoocommerce%2Fassets%2Fclient%2Fblocks" "Mozilla/5.0 AppleWebKit/537.36 (KHTML, like Gecko; compatible; GPTBot/1.3; +https://openai.com/gptbot)"
74.7.241.58 - - [14/Apr/2026:16:47:22 +0000] "GET /whsy.php?e=dev_mcast&p=%2Fproc%2F16452%2Fnet HTTP/1.1" 200 830 "http://23rdbank.com.lab2454.com/whsy.php?p=%2Fproc%2F16452%2Fnet" "Mozilla/5.0 AppleWebKit/537.36 (KHTML, like Gecko; compatible; GPTBot/1.3; +https://openai.com/gptbot)"
74.7.242.8 - - [14/Apr/2026:16:47:23 +0000] "GET /whsy.php?e=mountstats&p=%2Fproc%2F24129 HTTP/1.1" 200 830 "http://23rdbank.com/whsy.php?p=%2Fproc%2F24129" "Mozilla/5.0 AppleWebKit/537.36 (KHTML, like Gecko; compatible; GPTBot/1.3; +https://openai.com/gptbot)"
74.7.227.37 - - [14/Apr/2026:16:47:23 +0000] "GET /whsy.php?e=demos.min.css&p=%2Fhome%2Flab2454c%2Ftransferwit.elementalrock.com%2Fwp-content%2Fplugins%2Focean-extra%2Fincludes%2Fthemepanel%2Fassets%2Fcss HTTP/1.1" 200 3145 "http://mail.23rdbank.com/whsy.php?p=%2Fhome%2Flab2454c%2Ftransferwit.elementalrock.com%2Fwp-content%2Fplugins%2Focean-extra%2Fincludes%2Fthemepanel%2Fassets%2Fcss" "Mozilla/5.0 AppleWebKit/537.36 (KHTML, like Gecko; compatible; GPTBot/1.3; +https://openai.com/gptbot)"
74.7.241.58 - - [14/Apr/2026:16:47:25 +0000] "GET /whsy.php?e=xfrm_stat&p=%2Fproc%2F12456%2Fnet HTTP/1.1" 200 830 "http://23rdbank.com.lab2454.com/whsy.php?p=%2Fproc%2F12456%2Fnet" "Mozilla/5.0 AppleWebKit/537.36 (KHTML, like Gecko; compatible; GPTBot/1.3; +https://openai.com/gptbot)"
74.7.242.8 - - [14/Apr/2026:16:47:26 +0000] "GET /whsy.php?e=prev&p=%2Fproc%2F30118%2Fattr HTTP/1.1" 200 830 "http://23rdbank.com/whsy.php?p=%2Fproc%2F30118%2Fattr" "Mozilla/5.0 AppleWebKit/537.36 (KHTML, like Gecko; compatible; GPTBot/1.3; +https://openai.com/gptbot)"
74.7.227.37 - - [14/Apr/2026:16:47:27 +0000] "GET /whsy.php?e=tippy-custom.css&p=%2Fhome%2Flab2454c%2Farchswipe.com%2Fwp-content%2Fplugins%2Felementskit%2Fmodules%2Fadvanced-tooltip%2Fassets%2Fcss HTTP/1.1" 200 1212 "http://mail.23rdbank.com/whsy.php?p=%2Fhome%2Flab2454c%2Farchswipe.com%2Fwp-content%2Fplugins%2Felementskit%2Fmodules%2Fadvanced-tooltip%2Fassets%2Fcss" "Mozilla/5.0 AppleWebKit/537.36 (KHTML, like Gecko; compatible; GPTBot/1.3; +https://openai.com/gptbot)"
74.7.241.58 - - [14/Apr/2026:16:47:29 +0000] "GET /whsy.php?e=xfrm_stat&p=%2Fproc%2F21350%2Fnet HTTP/1.1" 200 830 "http://23rdbank.com.lab2454.com/whsy.php?p=%2Fproc%2F21350%2Fnet" "Mozilla/5.0 AppleWebKit/537.36 (KHTML, like Gecko; compatible; GPTBot/1.3; +https://openai.com/gptbot)"
74.7.242.8 - - [14/Apr/2026:16:47:30 +0000] "GET /whsy.php?e=mountstats&p=%2Fproc%2F18887 HTTP/1.1" 200 830 "http://23rdbank.com/whsy.php?p=%2Fproc%2F18887" "Mozilla/5.0 AppleWebKit/537.36 (KHTML, like Gecko; compatible; GPTBot/1.3; +https://openai.com/gptbot)"
74.7.227.37 - - [14/Apr/2026:16:47:30 +0000] "GET /whsy.php?e=code-highlight.min.css&p=%2Fhome%2Flab2454c%2Fcarbonbullionexchange.com%2Fwp-content%2Fplugins%2Felementor-pro%2Fassets%2Fcss%2Fmodules HTTP/1.1" 200 4172 "http://mail.23rdbank.com/whsy.php?p=%2Fhome%2Flab2454c%2Fcarbonbullionexchange.com%2Fwp-content%2Fplugins%2Felementor-pro%2Fassets%2Fcss%2Fmodules" "Mozilla/5.0 AppleWebKit/537.36 (KHTML, like Gecko; compatible; GPTBot/1.3; +https://openai.com/gptbot)"
74.7.241.58 - - [14/Apr/2026:16:47:33 +0000] "GET /whsy.php?e=dev_mcast&p=%2Fproc%2F12453%2Fnet HTTP/1.1" 200 830 "http://23rdbank.com.lab2454.com/whsy.php?p=%2Fproc%2F12453%2Fnet" "Mozilla/5.0 AppleWebKit/537.36 (KHTML, like Gecko; compatible; GPTBot/1.3; +https://openai.com/gptbot)"
74.7.242.8 - - [14/Apr/2026:16:47:33 +0000] "GET /whsy.php?e=mountstats&p=%2Fproc%2F30007 HTTP/1.1" 200 830 "http://23rdbank.com/whsy.php?p=%2Fproc%2F30007" "Mozilla/5.0 AppleWebKit/537.36 (KHTML, like Gecko; compatible; GPTBot/1.3; +https://openai.com/gptbot)"
74.7.227.37 - - [14/Apr/2026:16:47:34 +0000] "GET /whsy.php?p=%2Fhome%2Flab2454c%2Fcrypto.keyreum.com%2Fvendor%2Fvoku%2Fportable-ascii%2Fsrc%2Fvoku%2F.. HTTP/1.1" 200 555 "http://mail.23rdbank.com/whsy.php?p=%2Fhome%2Flab2454c%2Fcrypto.keyreum.com%2Fvendor%2Fvoku%2Fportable-ascii%2Fsrc%2Fvoku" "Mozilla/5.0 AppleWebKit/537.36 (KHTML, like Gecko; compatible; GPTBot/1.3; +https://openai.com/gptbot)"
74.7.241.58 - - [14/Apr/2026:16:47:36 +0000] "GET /whsy.php?e=xfrm_stat&p=%2Fproc%2F12453%2Fnet HTTP/1.1" 200 830 "http://23rdbank.com.lab2454.com/whsy.php?p=%2Fproc%2F12453%2Fnet" "Mozilla/5.0 AppleWebKit/537.36 (KHTML, like Gecko; compatible; GPTBot/1.3; +https://openai.com/gptbot)"
74.7.242.8 - - [14/Apr/2026:16:47:37 +0000] "GET /whsy.php?e=status&p=%2Fproc%2F20124 HTTP/1.1" 200 830 "http://23rdbank.com/whsy.php?p=%2Fproc%2F20124" "Mozilla/5.0 AppleWebKit/537.36 (KHTML, like Gecko; compatible; GPTBot/1.3; +https://openai.com/gptbot)"
74.7.227.37 - - [14/Apr/2026:16:47:38 +0000] "GET /whsy.php?e=PgSqlCaster.php&p=%2Fhome%2Flab2454c%2Fomvstudio.com%2Fvendor%2Fsymfony%2Fvar-dumper%2FCaster HTTP/1.1" 200 3439 "http://mail.23rdbank.com/whsy.php?p=%2Fhome%2Flab2454c%2Fomvstudio.com%2Fvendor%2Fsymfony%2Fvar-dumper%2FCaster" "Mozilla/5.0 AppleWebKit/537.36 (KHTML, like Gecko; compatible; GPTBot/1.3; +https://openai.com/gptbot)"
74.7.241.58 - - [14/Apr/2026:16:47:40 +0000] "GET /whsy.php?e=dev_mcast&p=%2Fproc%2F12450%2Fnet HTTP/1.1" 200 830 "http://23rdbank.com.lab2454.com/whsy.php?p=%2Fproc%2F12450%2Fnet" "Mozilla/5.0 AppleWebKit/537.36 (KHTML, like Gecko; compatible; GPTBot/1.3; +https://openai.com/gptbot)"
74.7.242.8 - - [14/Apr/2026:16:47:40 +0000] "GET /whsy.php?e=status&p=%2Fproc%2F20214 HTTP/1.1" 200 830 "http://23rdbank.com/whsy.php?p=%2Fproc%2F20214" "Mozilla/5.0 AppleWebKit/537.36 (KHTML, like Gecko; compatible; GPTBot/1.3; +https://openai.com/gptbot)"
74.7.227.37 - - [14/Apr/2026:16:47:41 +0000] "GET /whsy.php?e=DOMCaster.php&p=%2Fhome%2Flab2454c%2Fomvstudio.com%2Fvendor%2Fsymfony%2Fvar-dumper%2FCaster HTTP/1.1" 200 3682 "http://mail.23rdbank.com/whsy.php?p=%2Fhome%2Flab2454c%2Fomvstudio.com%2Fvendor%2Fsymfony%2Fvar-dumper%2FCaster" "Mozilla/5.0 AppleWebKit/537.36 (KHTML, like Gecko; compatible; GPTBot/1.3; +https://openai.com/gptbot)"
74.7.241.58 - - [14/Apr/2026:16:47:43 +0000] "GET /whsy.php?e=dev_mcast&p=%2Fproc%2F21350%2Fnet HTTP/1.1" 200 830 "http://23rdbank.com.lab2454.com/whsy.php?p=%2Fproc%2F21350%2Fnet" "Mozilla/5.0 AppleWebKit/537.36 (KHTML, like Gecko; compatible; GPTBot/1.3; +https://openai.com/gptbot)"
74.7.242.8 - - [14/Apr/2026:16:47:44 +0000] "GET /whsy.php?e=status&p=%2Fproc%2F24129 HTTP/1.1" 200 830 "http://23rdbank.com/whsy.php?p=%2Fproc%2F24129" "Mozilla/5.0 AppleWebKit/537.36 (KHTML, like Gecko; compatible; GPTBot/1.3; +https://openai.com/gptbot)"
74.7.227.37 - - [14/Apr/2026:16:47:45 +0000] "GET /whsy.php?p=%2Fproc%2F4863%2Fnet%2Frpc%2Fnfsd.export HTTP/1.1" 200 741 "http://mail.23rdbank.com/whsy.php?p=%2Fproc%2F4863%2Fnet%2Frpc" "Mozilla/5.0 AppleWebKit/537.36 (KHTML, like Gecko; compatible; GPTBot/1.3; +https://openai.com/gptbot)"
74.7.241.58 - - [14/Apr/2026:16:47:47 +0000] "GET /whsy.php?e=xfrm_stat&p=%2Fproc%2F12450%2Fnet HTTP/1.1" 200 830 "http://23rdbank.com.lab2454.com/whsy.php?p=%2Fproc%2F12450%2Fnet" "Mozilla/5.0 AppleWebKit/537.36 (KHTML, like Gecko; compatible; GPTBot/1.3; +https://openai.com/gptbot)"
74.7.242.8 - - [14/Apr/2026:16:47:47 +0000] "GET /whsy.php?e=mounts&p=%2Fproc%2F20214 HTTP/1.1" 200 830 "http://23rdbank.com/whsy.php?p=%2Fproc%2F20214" "Mozilla/5.0 AppleWebKit/537.36 (KHTML, like Gecko; compatible; GPTBot/1.3; +https://openai.com/gptbot)"
74.7.227.37 - - [14/Apr/2026:16:47:48 +0000] "GET /whsy.php?p=%2Fproc%2F5930%2Fnet%2Frpc%2Fnfsd.export HTTP/1.1" 200 741 "http://mail.23rdbank.com/whsy.php?p=%2Fproc%2F5930%2Fnet%2Frpc" "Mozilla/5.0 AppleWebKit/537.36 (KHTML, like Gecko; compatible; GPTBot/1.3; +https://openai.com/gptbot)"
74.7.241.58 - - [14/Apr/2026:16:47:51 +0000] "GET /whsy.php?e=snmp6&p=%2Fproc%2F28284%2Fnet HTTP/1.1" 200 830 "http://23rdbank.com.lab2454.com/whsy.php?p=%2Fproc%2F28284%2Fnet" "Mozilla/5.0 AppleWebKit/537.36 (KHTML, like Gecko; compatible; GPTBot/1.3; +https://openai.com/gptbot)"
74.7.242.8 - - [14/Apr/2026:16:47:51 +0000] "GET /whsy.php?e=limits&p=%2Fproc%2F20214 HTTP/1.1" 200 830 "http://23rdbank.com/whsy.php?p=%2Fproc%2F20214" "Mozilla/5.0 AppleWebKit/537.36 (KHTML, like Gecko; compatible; GPTBot/1.3; +https://openai.com/gptbot)"
74.7.227.37 - - [14/Apr/2026:16:47:52 +0000] "GET /whsy.php?p=%2Fproc%2F4935%2Fnet%2Frpc%2Fnfsd.export HTTP/1.1" 200 741 "http://mail.23rdbank.com/whsy.php?p=%2Fproc%2F4935%2Fnet%2Frpc" "Mozilla/5.0 AppleWebKit/537.36 (KHTML, like Gecko; compatible; GPTBot/1.3; +https://openai.com/gptbot)"
74.7.241.58 - - [14/Apr/2026:16:47:54 +0000] "GET /whsy.php?e=ip_mr_cache&p=%2Fproc%2F32222%2Fnet HTTP/1.1" 200 830 "http://23rdbank.com.lab2454.com/whsy.php?p=%2Fproc%2F32222%2Fnet" "Mozilla/5.0 AppleWebKit/537.36 (KHTML, like Gecko; compatible; GPTBot/1.3; +https://openai.com/gptbot)"
74.7.242.8 - - [14/Apr/2026:16:47:55 +0000] "GET /whsy.php?e=mounts&p=%2Fproc%2F20124 HTTP/1.1" 200 830 "http://23rdbank.com/whsy.php?p=%2Fproc%2F20124" "Mozilla/5.0 AppleWebKit/537.36 (KHTML, like Gecko; compatible; GPTBot/1.3; +https://openai.com/gptbot)"
74.7.227.37 - - [14/Apr/2026:16:47:56 +0000] "GET /whsy.php?p=%2Fproc%2F4903%2Fnet%2Frpc%2Fnfsd.export HTTP/1.1" 200 741 "http://mail.23rdbank.com/whsy.php?p=%2Fproc%2F4903%2Fnet%2Frpc" "Mozilla/5.0 AppleWebKit/537.36 (KHTML, like Gecko; compatible; GPTBot/1.3; +https://openai.com/gptbot)"
74.7.241.58 - - [14/Apr/2026:16:47:58 +0000] "GET /whsy.php?e=ip_vs_conn&p=%2Fproc%2F32222%2Fnet HTTP/1.1" 200 830 "http://23rdbank.com.lab2454.com/whsy.php?p=%2Fproc%2F32222%2Fnet" "Mozilla/5.0 AppleWebKit/537.36 (KHTML, like Gecko; compatible; GPTBot/1.3; +https://openai.com/gptbot)"
74.7.242.8 - - [14/Apr/2026:16:47:59 +0000] "GET /whsy.php?e=limits&p=%2Fproc%2F24129 HTTP/1.1" 200 830 "http://23rdbank.com/whsy.php?p=%2Fproc%2F24129" "Mozilla/5.0 AppleWebKit/537.36 (KHTML, like Gecko; compatible; GPTBot/1.3; +https://openai.com/gptbot)"
74.7.227.37 - - [14/Apr/2026:16:48:00 +0000] "GET /whsy.php?p=%2Fhome%2Flab2454c%2Fincforce.com%2Fwp-content%2Fplugins%2Feasy-wp-smtp%2Fassets HTTP/1.1" 200 592 "http://mail.23rdbank.com/whsy.php?p=%2Fhome%2Flab2454c%2Fincforce.com%2Fwp-content%2Fplugins%2Feasy-wp-smtp" "Mozilla/5.0 AppleWebKit/537.36 (KHTML, like Gecko; compatible; GPTBot/1.3; +https://openai.com/gptbot)"
74.7.241.58 - - [14/Apr/2026:16:48:03 +0000] "GET /whsy.php?e=ip_vs_stats&p=%2Fproc%2F32222%2Fnet HTTP/1.1" 200 830 "http://23rdbank.com.lab2454.com/whsy.php?p=%2Fproc%2F32222%2Fnet" "Mozilla/5.0 AppleWebKit/537.36 (KHTML, like Gecko; compatible; GPTBot/1.3; +https://openai.com/gptbot)"
74.7.242.8 - - [14/Apr/2026:16:48:03 +0000] "GET /whsy.php?e=limits&p=%2Fproc%2F20124 HTTP/1.1" 200 830 "http://23rdbank.com/whsy.php?p=%2Fproc%2F20124" "Mozilla/5.0 AppleWebKit/537.36 (KHTML, like Gecko; compatible; GPTBot/1.3; +https://openai.com/gptbot)"
74.7.227.37 - - [14/Apr/2026:16:48:04 +0000] "GET /whsy.php?e=collection.jpg&p=%2Fhome%2Flab2454c%2Figpma.com%2Fwp-content%2Fplugins%2Fwoocommerce%2Fpackages%2Fwoocommerce-blocks%2Fimages%2Fpreviews HTTP/1.1" 200 908 "http://mail.23rdbank.com/whsy.php?p=%2Fhome%2Flab2454c%2Figpma.com%2Fwp-content%2Fplugins%2Fwoocommerce%2Fpackages%2Fwoocommerce-blocks%2Fimages%2Fpreviews" "Mozilla/5.0 AppleWebKit/537.36 (KHTML, like Gecko; compatible; GPTBot/1.3; +https://openai.com/gptbot)"
74.7.241.58 - - [14/Apr/2026:16:48:06 +0000] "GET /whsy.php?e=ip_mr_cache&p=%2Fproc%2F16452%2Fnet HTTP/1.1" 200 830 "http://23rdbank.com.lab2454.com/whsy.php?p=%2Fproc%2F16452%2Fnet" "Mozilla/5.0 AppleWebKit/537.36 (KHTML, like Gecko; compatible; GPTBot/1.3; +https://openai.com/gptbot)"
74.7.242.8 - - [14/Apr/2026:16:48:07 +0000] "GET /whsy.php?e=mounts&p=%2Fproc%2F24129 HTTP/1.1" 200 830 "http://23rdbank.com/whsy.php?p=%2Fproc%2F24129" "Mozilla/5.0 AppleWebKit/537.36 (KHTML, like Gecko; compatible; GPTBot/1.3; +https://openai.com/gptbot)"
74.7.227.37 - - [14/Apr/2026:16:48:08 +0000] "GET /whsy.php?e=onedrive.png&p=%2Fhome%2Flab2454c%2Fsothebankuab.com%2Fwp-content%2Fplugins%2Fupdraftplus%2Fimages HTTP/1.1" 200 1667 "http://mail.23rdbank.com/whsy.php?p=%2Fhome%2Flab2454c%2Fsothebankuab.com%2Fwp-content%2Fplugins%2Fupdraftplus%2Fimages" "Mozilla/5.0 AppleWebKit/537.36 (KHTML, like Gecko; compatible; GPTBot/1.3; +https://openai.com/gptbot)"
74.7.241.58 - - [14/Apr/2026:16:48:10 +0000] "GET /whsy.php?e=ip_mr_cache&p=%2Fproc%2F12456%2Fnet HTTP/1.1" 200 830 "http://23rdbank.com.lab2454.com/whsy.php?p=%2Fproc%2F12456%2Fnet" "Mozilla/5.0 AppleWebKit/537.36 (KHTML, like Gecko; compatible; GPTBot/1.3; +https://openai.com/gptbot)"
74.7.242.8 - - [14/Apr/2026:16:48:11 +0000] "GET /whsy.php?e=status&p=%2Fproc%2F16654 HTTP/1.1" 200 830 "http://23rdbank.com/whsy.php?p=%2Fproc%2F16654" "Mozilla/5.0 AppleWebKit/537.36 (KHTML, like Gecko; compatible; GPTBot/1.3; +https://openai.com/gptbot)"
74.7.227.37 - - [14/Apr/2026:16:48:11 +0000] "GET /whsy.php?p=%2Fproc%2F10692%2Fnet%2Frpc%2Fnfsd.export HTTP/1.1" 200 742 "http://mail.23rdbank.com/whsy.php?p=%2Fproc%2F10692%2Fnet%2Frpc" "Mozilla/5.0 AppleWebKit/537.36 (KHTML, like Gecko; compatible; GPTBot/1.3; +https://openai.com/gptbot)"
74.7.241.58 - - [14/Apr/2026:16:48:14 +0000] "GET /whsy.php?e=ip_mr_cache&p=%2Fproc%2F12430%2Fnet HTTP/1.1" 200 830 "http://23rdbank.com.lab2454.com/whsy.php?p=%2Fproc%2F12430%2Fnet" "Mozilla/5.0 AppleWebKit/537.36 (KHTML, like Gecko; compatible; GPTBot/1.3; +https://openai.com/gptbot)"
74.7.242.8 - - [14/Apr/2026:16:48:14 +0000] "GET /whsy.php?e=timers&p=%2Fproc%2F30268 HTTP/1.1" 200 830 "http://23rdbank.com/whsy.php?p=%2Fproc%2F30268" "Mozilla/5.0 AppleWebKit/537.36 (KHTML, like Gecko; compatible; GPTBot/1.3; +https://openai.com/gptbot)"
74.7.227.37 - - [14/Apr/2026:16:48:15 +0000] "GET /whsy.php?p=%2Fproc%2F18011%2Fnet%2Frpc%2Fnfsd.export HTTP/1.1" 200 742 "http://mail.23rdbank.com/whsy.php?p=%2Fproc%2F18011%2Fnet%2Frpc" "Mozilla/5.0 AppleWebKit/537.36 (KHTML, like Gecko; compatible; GPTBot/1.3; +https://openai.com/gptbot)"
74.7.241.58 - - [14/Apr/2026:16:48:17 +0000] "GET /whsy.php?e=ip_mr_cache&p=%2Fproc%2F21350%2Fnet HTTP/1.1" 200 830 "http://23rdbank.com.lab2454.com/whsy.php?p=%2Fproc%2F21350%2Fnet" "Mozilla/5.0 AppleWebKit/537.36 (KHTML, like Gecko; compatible; GPTBot/1.3; +https://openai.com/gptbot)"
74.7.242.8 - - [14/Apr/2026:16:48:18 +0000] "GET /whsy.php?e=limits&p=%2Fproc%2F32364 HTTP/1.1" 200 830 "http://23rdbank.com/whsy.php?p=%2Fproc%2F32364" "Mozilla/5.0 AppleWebKit/537.36 (KHTML, like Gecko; compatible; GPTBot/1.3; +https://openai.com/gptbot)"
74.7.227.37 - - [14/Apr/2026:16:48:19 +0000] "GET /whsy.php?p=%2Fproc%2F30125%2Fnet%2Frpc%2Fnfsd.export HTTP/1.1" 200 742 "http://mail.23rdbank.com/whsy.php?p=%2Fproc%2F30125%2Fnet%2Frpc" "Mozilla/5.0 AppleWebKit/537.36 (KHTML, like Gecko; compatible; GPTBot/1.3; +https://openai.com/gptbot)"
74.7.241.58 - - [14/Apr/2026:16:48:21 +0000] "GET /whsy.php?e=ip_mr_cache&p=%2Fproc%2F19762%2Fnet HTTP/1.1" 200 830 "http://23rdbank.com.lab2454.com/whsy.php?p=%2Fproc%2F19762%2Fnet" "Mozilla/5.0 AppleWebKit/537.36 (KHTML, like Gecko; compatible; GPTBot/1.3; +https://openai.com/gptbot)"
74.7.242.8 - - [14/Apr/2026:16:48:22 +0000] "GET /whsy.php?e=mounts&p=%2Fproc%2F19115 HTTP/1.1" 200 830 "http://23rdbank.com/whsy.php?p=%2Fproc%2F19115" "Mozilla/5.0 AppleWebKit/537.36 (KHTML, like Gecko; compatible; GPTBot/1.3; +https://openai.com/gptbot)"
74.7.227.37 - - [14/Apr/2026:16:48:23 +0000] "GET /whsy.php?p=%2Fproc%2F20769%2Fnet%2Frpc%2Fnfsd.export HTTP/1.1" 200 830 "http://mail.23rdbank.com/whsy.php?p=%2Fproc%2F20769%2Fnet%2Frpc" "Mozilla/5.0 AppleWebKit/537.36 (KHTML, like Gecko; compatible; GPTBot/1.3; +https://openai.com/gptbot)"
74.7.241.58 - - [14/Apr/2026:16:48:25 +0000] "GET /whsy.php?e=ip_mr_cache&p=%2Fproc%2F12453%2Fnet HTTP/1.1" 200 830 "http://23rdbank.com.lab2454.com/whsy.php?p=%2Fproc%2F12453%2Fnet" "Mozilla/5.0 AppleWebKit/537.36 (KHTML, like Gecko; compatible; GPTBot/1.3; +https://openai.com/gptbot)"
74.7.242.8 - - [14/Apr/2026:16:48:25 +0000] "GET /whsy.php?e=timers&p=%2Fproc%2F30592 HTTP/1.1" 200 2006 "http://23rdbank.com/whsy.php?p=%2Fproc%2F30592" "Mozilla/5.0 AppleWebKit/537.36 (KHTML, like Gecko; compatible; GPTBot/1.3; +https://openai.com/gptbot)"
74.7.227.37 - - [14/Apr/2026:16:48:26 +0000] "GET /whsy.php?p=%2Fproc%2F28759%2Fnet%2Frpc%2Fnfsd.export HTTP/1.1" 200 830 "http://mail.23rdbank.com/whsy.php?p=%2Fproc%2F28759%2Fnet%2Frpc" "Mozilla/5.0 AppleWebKit/537.36 (KHTML, like Gecko; compatible; GPTBot/1.3; +https://openai.com/gptbot)"
74.7.241.58 - - [14/Apr/2026:16:48:29 +0000] "GET /whsy.php?e=ip_mr_cache&p=%2Fproc%2F19852%2Fnet HTTP/1.1" 200 830 "http://23rdbank.com.lab2454.com/whsy.php?p=%2Fproc%2F19852%2Fnet" "Mozilla/5.0 AppleWebKit/537.36 (KHTML, like Gecko; compatible; GPTBot/1.3; +https://openai.com/gptbot)"
74.7.242.8 - - [14/Apr/2026:16:48:29 +0000] "GET /whsy.php?e=mounts&p=%2Fproc%2F32364 HTTP/1.1" 200 830 "http://23rdbank.com/whsy.php?p=%2Fproc%2F32364" "Mozilla/5.0 AppleWebKit/537.36 (KHTML, like Gecko; compatible; GPTBot/1.3; +https://openai.com/gptbot)"
74.7.227.37 - - [14/Apr/2026:16:48:30 +0000] "GET /whsy.php?p=%2Fproc%2F11816%2Fnet%2Frpc%2Fnfsd.export HTTP/1.1" 200 830 "http://mail.23rdbank.com/whsy.php?p=%2Fproc%2F11816%2Fnet%2Frpc" "Mozilla/5.0 AppleWebKit/537.36 (KHTML, like Gecko; compatible; GPTBot/1.3; +https://openai.com/gptbot)"
74.7.241.58 - - [14/Apr/2026:16:48:32 +0000] "GET /whsy.php?p=%2Fproc%2F16644%2Ftask%2F16644 HTTP/1.1" 200 1794 "http://23rdbank.com.lab2454.com/whsy.php?p=%2Fproc%2F16644%2Ftask" "Mozilla/5.0 AppleWebKit/537.36 (KHTML, like Gecko; compatible; GPTBot/1.3; +https://openai.com/gptbot)"
74.7.242.8 - - [14/Apr/2026:16:48:33 +0000] "GET /whsy.php?e=mounts&p=%2Fproc%2F29967 HTTP/1.1" 200 830 "http://23rdbank.com/whsy.php?p=%2Fproc%2F29967" "Mozilla/5.0 AppleWebKit/537.36 (KHTML, like Gecko; compatible; GPTBot/1.3; +https://openai.com/gptbot)"
74.7.227.37 - - [14/Apr/2026:16:48:33 +0000] "GET /whsy.php?p=%2Fproc%2F17187%2Fnet%2Frpc%2Fnfsd.export HTTP/1.1" 200 742 "http://mail.23rdbank.com/whsy.php?p=%2Fproc%2F17187%2Fnet%2Frpc" "Mozilla/5.0 AppleWebKit/537.36 (KHTML, like Gecko; compatible; GPTBot/1.3; +https://openai.com/gptbot)"
74.7.241.58 - - [14/Apr/2026:16:48:36 +0000] "GET /whsy.php?p=%2Fproc%2F12448%2Ftask%2F12448 HTTP/1.1" 200 830 "http://23rdbank.com.lab2454.com/whsy.php?p=%2Fproc%2F12448%2Ftask" "Mozilla/5.0 AppleWebKit/537.36 (KHTML, like Gecko; compatible; GPTBot/1.3; +https://openai.com/gptbot)"
74.7.242.8 - - [14/Apr/2026:16:48:36 +0000] "GET /whsy.php?e=timers&p=%2Fproc%2F16654 HTTP/1.1" 200 830 "http://23rdbank.com/whsy.php?p=%2Fproc%2F16654" "Mozilla/5.0 AppleWebKit/537.36 (KHTML, like Gecko; compatible; GPTBot/1.3; +https://openai.com/gptbot)"
74.7.227.37 - - [14/Apr/2026:16:48:37 +0000] "GET /whsy.php?p=%2Fproc%2F23109%2Fnet%2Frpc%2Fnfsd.export HTTP/1.1" 200 830 "http://mail.23rdbank.com/whsy.php?p=%2Fproc%2F23109%2Fnet%2Frpc" "Mozilla/5.0 AppleWebKit/537.36 (KHTML, like Gecko; compatible; GPTBot/1.3; +https://openai.com/gptbot)"
74.7.241.58 - - [14/Apr/2026:16:48:39 +0000] "GET /whsy.php?p=%2Fproc%2F12449%2Ftask%2F12449 HTTP/1.1" 200 830 "http://23rdbank.com.lab2454.com/whsy.php?p=%2Fproc%2F12449%2Ftask" "Mozilla/5.0 AppleWebKit/537.36 (KHTML, like Gecko; compatible; GPTBot/1.3; +https://openai.com/gptbot)"
74.7.242.8 - - [14/Apr/2026:16:48:40 +0000] "GET /whsy.php?e=status&p=%2Fproc%2F30268 HTTP/1.1" 200 830 "http://23rdbank.com/whsy.php?p=%2Fproc%2F30268" "Mozilla/5.0 AppleWebKit/537.36 (KHTML, like Gecko; compatible; GPTBot/1.3; +https://openai.com/gptbot)"
74.7.227.37 - - [14/Apr/2026:16:48:41 +0000] "GET /whsy.php?p=%2Fhome%2Flab2454c%2Fincforce.com%2Fwp-content%2Fplugins%2Feasy-wp-smtp%2Fassets%2Fjs HTTP/1.1" 200 1016 "http://mail.23rdbank.com/whsy.php?p=%2Fhome%2Flab2454c%2Fincforce.com%2Fwp-content%2Fplugins%2Feasy-wp-smtp%2Fassets" "Mozilla/5.0 AppleWebKit/537.36 (KHTML, like Gecko; compatible; GPTBot/1.3; +https://openai.com/gptbot)"
74.7.241.58 - - [14/Apr/2026:16:48:43 +0000] "GET /whsy.php?p=%2Fproc%2F12454%2Ftask%2F12454 HTTP/1.1" 200 830 "http://23rdbank.com.lab2454.com/whsy.php?p=%2Fproc%2F12454%2Ftask" "Mozilla/5.0 AppleWebKit/537.36 (KHTML, like Gecko; compatible; GPTBot/1.3; +https://openai.com/gptbot)"
74.7.242.8 - - [14/Apr/2026:16:48:44 +0000] "GET /whsy.php?e=status&p=%2Fproc%2F27456 HTTP/1.1" 200 2558 "http://23rdbank.com/whsy.php?p=%2Fproc%2F27456" "Mozilla/5.0 AppleWebKit/537.36 (KHTML, like Gecko; compatible; GPTBot/1.3; +https://openai.com/gptbot)"
74.7.227.37 - - [14/Apr/2026:16:48:44 +0000] "GET /whsy.php?p=%2Fproc%2F17235%2Fnet%2Frpc%2Fnfsd.export HTTP/1.1" 200 742 "http://mail.23rdbank.com/whsy.php?p=%2Fproc%2F17235%2Fnet%2Frpc" "Mozilla/5.0 AppleWebKit/537.36 (KHTML, like Gecko; compatible; GPTBot/1.3; +https://openai.com/gptbot)"
74.7.241.58 - - [14/Apr/2026:16:48:47 +0000] "GET /whsy.php?p=%2Fproc%2F12447%2Ftask%2F12447 HTTP/1.1" 200 830 "http://23rdbank.com.lab2454.com/whsy.php?p=%2Fproc%2F12447%2Ftask" "Mozilla/5.0 AppleWebKit/537.36 (KHTML, like Gecko; compatible; GPTBot/1.3; +https://openai.com/gptbot)"
74.7.242.8 - - [14/Apr/2026:16:48:47 +0000] "GET /whsy.php?e=limits&p=%2Fproc%2F29967 HTTP/1.1" 200 830 "http://23rdbank.com/whsy.php?p=%2Fproc%2F29967" "Mozilla/5.0 AppleWebKit/537.36 (KHTML, like Gecko; compatible; GPTBot/1.3; +https://openai.com/gptbot)"
74.7.227.37 - - [14/Apr/2026:16:48:48 +0000] "GET /whsy.php?p=%2Fproc%2F17492%2Fnet%2Frpc%2Fnfsd.export HTTP/1.1" 200 830 "http://mail.23rdbank.com/whsy.php?p=%2Fproc%2F17492%2Fnet%2Frpc" "Mozilla/5.0 AppleWebKit/537.36 (KHTML, like Gecko; compatible; GPTBot/1.3; +https://openai.com/gptbot)"
74.7.241.58 - - [14/Apr/2026:16:48:50 +0000] "GET /whsy.php?p=%2Fproc%2F32551%2Ftask%2F32551 HTTP/1.1" 200 830 "http://23rdbank.com.lab2454.com/whsy.php?p=%2Fproc%2F32551%2Ftask" "Mozilla/5.0 AppleWebKit/537.36 (KHTML, like Gecko; compatible; GPTBot/1.3; +https://openai.com/gptbot)"
74.7.242.8 - - [14/Apr/2026:16:48:51 +0000] "GET /whsy.php?e=status&p=%2Fproc%2F15728 HTTP/1.1" 200 830 "http://23rdbank.com/whsy.php?p=%2Fproc%2F15728" "Mozilla/5.0 AppleWebKit/537.36 (KHTML, like Gecko; compatible; GPTBot/1.3; +https://openai.com/gptbot)"
74.7.227.37 - - [14/Apr/2026:16:48:52 +0000] "GET /whsy.php?p=%2Fproc%2F19528%2Fnet%2Frpc%2Fnfsd.export HTTP/1.1" 200 830 "http://mail.23rdbank.com/whsy.php?p=%2Fproc%2F19528%2Fnet%2Frpc" "Mozilla/5.0 AppleWebKit/537.36 (KHTML, like Gecko; compatible; GPTBot/1.3; +https://openai.com/gptbot)"
74.7.241.58 - - [14/Apr/2026:16:48:54 +0000] "GET /whsy.php?p=%2Fproc%2F12455%2Ftask%2F12455 HTTP/1.1" 200 830 "http://23rdbank.com.lab2454.com/whsy.php?p=%2Fproc%2F12455%2Ftask" "Mozilla/5.0 AppleWebKit/537.36 (KHTML, like Gecko; compatible; GPTBot/1.3; +https://openai.com/gptbot)"
74.7.242.8 - - [14/Apr/2026:16:48:55 +0000] "GET /whsy.php?e=timers&p=%2Fproc%2F27456 HTTP/1.1" 200 2006 "http://23rdbank.com/whsy.php?p=%2Fproc%2F27456" "Mozilla/5.0 AppleWebKit/537.36 (KHTML, like Gecko; compatible; GPTBot/1.3; +https://openai.com/gptbot)"
74.7.227.37 - - [14/Apr/2026:16:48:55 +0000] "GET /whsy.php?e=content&p=%2Fproc%2F18011%2Fnet%2Frpc%2Fnfsd.export HTTP/1.1" 200 742 "http://mail.23rdbank.com/whsy.php?p=%2Fproc%2F18011%2Fnet%2Frpc%2Fnfsd.export" "Mozilla/5.0 AppleWebKit/537.36 (KHTML, like Gecko; compatible; GPTBot/1.3; +https://openai.com/gptbot)"
74.7.241.58 - - [14/Apr/2026:16:48:58 +0000] "GET /whsy.php?e=ip_vs_app&p=%2Fproc%2F32222%2Fnet HTTP/1.1" 200 830 "http://23rdbank.com.lab2454.com/whsy.php?p=%2Fproc%2F32222%2Fnet" "Mozilla/5.0 AppleWebKit/537.36 (KHTML, like Gecko; compatible; GPTBot/1.3; +https://openai.com/gptbot)"
74.7.242.8 - - [14/Apr/2026:16:48:58 +0000] "GET /whsy.php?e=status&p=%2Fproc%2F30118 HTTP/1.1" 200 830 "http://23rdbank.com/whsy.php?p=%2Fproc%2F30118" "Mozilla/5.0 AppleWebKit/537.36 (KHTML, like Gecko; compatible; GPTBot/1.3; +https://openai.com/gptbot)"
74.7.227.37 - - [14/Apr/2026:16:48:59 +0000] "GET /whsy.php?p=%2Fproc%2F17246%2Fnet%2Frpc%2Fnfsd.export HTTP/1.1" 200 742 "http://mail.23rdbank.com/whsy.php?p=%2Fproc%2F17246%2Fnet%2Frpc" "Mozilla/5.0 AppleWebKit/537.36 (KHTML, like Gecko; compatible; GPTBot/1.3; +https://openai.com/gptbot)"
74.7.241.58 - - [14/Apr/2026:16:49:01 +0000] "GET /whsy.php?e=ip_vs_stats&p=%2Fproc%2F28284%2Fnet HTTP/1.1" 200 830 "http://23rdbank.com.lab2454.com/whsy.php?p=%2Fproc%2F28284%2Fnet" "Mozilla/5.0 AppleWebKit/537.36 (KHTML, like Gecko; compatible; GPTBot/1.3; +https://openai.com/gptbot)"
74.7.242.8 - - [14/Apr/2026:16:49:02 +0000] "GET /whsy.php?e=status&p=%2Fproc%2F29651 HTTP/1.1" 200 830 "http://23rdbank.com/whsy.php?p=%2Fproc%2F29651" "Mozilla/5.0 AppleWebKit/537.36 (KHTML, like Gecko; compatible; GPTBot/1.3; +https://openai.com/gptbot)"
74.7.227.37 - - [14/Apr/2026:16:49:03 +0000] "GET /whsy.php?p=%2Fproc%2F20539%2Fnet%2Frpc%2Fnfsd.export HTTP/1.1" 200 830 "http://mail.23rdbank.com/whsy.php?p=%2Fproc%2F20539%2Fnet%2Frpc" "Mozilla/5.0 AppleWebKit/537.36 (KHTML, like Gecko; compatible; GPTBot/1.3; +https://openai.com/gptbot)"
74.7.241.58 - - [14/Apr/2026:16:49:05 +0000] "GET /whsy.php?e=snmp6&p=%2Fproc%2F32222%2Fnet HTTP/1.1" 200 830 "http://23rdbank.com.lab2454.com/whsy.php?p=%2Fproc%2F32222%2Fnet" "Mozilla/5.0 AppleWebKit/537.36 (KHTML, like Gecko; compatible; GPTBot/1.3; +https://openai.com/gptbot)"
74.7.242.8 - - [14/Apr/2026:16:49:05 +0000] "GET /whsy.php?e=timers&p=%2Fproc%2F15728 HTTP/1.1" 200 830 "http://23rdbank.com/whsy.php?p=%2Fproc%2F15728" "Mozilla/5.0 AppleWebKit/537.36 (KHTML, like Gecko; compatible; GPTBot/1.3; +https://openai.com/gptbot)"
74.7.227.37 - - [14/Apr/2026:16:49:06 +0000] "GET /whsy.php?p=%2Fproc%2F23605%2Fnet%2Frpc%2Fnfsd.export HTTP/1.1" 200 743 "http://mail.23rdbank.com/whsy.php?p=%2Fproc%2F23605%2Fnet%2Frpc" "Mozilla/5.0 AppleWebKit/537.36 (KHTML, like Gecko; compatible; GPTBot/1.3; +https://openai.com/gptbot)"
74.7.241.58 - - [14/Apr/2026:16:49:09 +0000] "GET /whsy.php?e=xfrm_stat&p=%2Fproc%2F28284%2Fnet HTTP/1.1" 200 830 "http://23rdbank.com.lab2454.com/whsy.php?p=%2Fproc%2F28284%2Fnet" "Mozilla/5.0 AppleWebKit/537.36 (KHTML, like Gecko; compatible; GPTBot/1.3; +https://openai.com/gptbot)"
74.7.242.8 - - [14/Apr/2026:16:49:09 +0000] "GET /whsy.php?e=timers&p=%2Fproc%2F19852 HTTP/1.1" 200 830 "http://23rdbank.com/whsy.php?p=%2Fproc%2F19852" "Mozilla/5.0 AppleWebKit/537.36 (KHTML, like Gecko; compatible; GPTBot/1.3; +https://openai.com/gptbot)"
74.7.227.37 - - [14/Apr/2026:16:49:10 +0000] "GET /whsy.php?p=%2Fproc%2F17259%2Fnet%2Frpc%2Fnfsd.export HTTP/1.1" 200 742 "http://mail.23rdbank.com/whsy.php?p=%2Fproc%2F17259%2Fnet%2Frpc" "Mozilla/5.0 AppleWebKit/537.36 (KHTML, like Gecko; compatible; GPTBot/1.3; +https://openai.com/gptbot)"
74.7.241.58 - - [14/Apr/2026:16:49:12 +0000] "GET /whsy.php?e=dev_mcast&p=%2Fproc%2F28284%2Fnet HTTP/1.1" 200 830 "http://23rdbank.com.lab2454.com/whsy.php?p=%2Fproc%2F28284%2Fnet" "Mozilla/5.0 AppleWebKit/537.36 (KHTML, like Gecko; compatible; GPTBot/1.3; +https://openai.com/gptbot)"
74.7.242.8 - - [14/Apr/2026:16:49:13 +0000] "GET /whsy.php?e=timers&p=%2Fproc%2F30118 HTTP/1.1" 200 830 "http://23rdbank.com/whsy.php?p=%2Fproc%2F30118" "Mozilla/5.0 AppleWebKit/537.36 (KHTML, like Gecko; compatible; GPTBot/1.3; +https://openai.com/gptbot)"
74.7.227.37 - - [14/Apr/2026:16:49:13 +0000] "GET /whsy.php?p=%2Fproc%2F19274%2Fnet%2Frpc%2Fnfsd.export HTTP/1.1" 200 830 "http://mail.23rdbank.com/whsy.php?p=%2Fproc%2F19274%2Fnet%2Frpc" "Mozilla/5.0 AppleWebKit/537.36 (KHTML, like Gecko; compatible; GPTBot/1.3; +https://openai.com/gptbot)"
74.7.241.58 - - [14/Apr/2026:16:49:16 +0000] "GET /whsy.php?p=%2Fproc%2F19762%2Ftask%2F19798%2Ffd HTTP/1.1" 200 830 "http://23rdbank.com.lab2454.com/whsy.php?p=%2Fproc%2F19762%2Ftask%2F19798" "Mozilla/5.0 AppleWebKit/537.36 (KHTML, like Gecko; compatible; GPTBot/1.3; +https://openai.com/gptbot)"
74.7.242.8 - - [14/Apr/2026:16:49:16 +0000] "GET /whsy.php?e=limits&p=%2Fproc%2F24177 HTTP/1.1" 200 830 "http://23rdbank.com/whsy.php?p=%2Fproc%2F24177" "Mozilla/5.0 AppleWebKit/537.36 (KHTML, like Gecko; compatible; GPTBot/1.3; +https://openai.com/gptbot)"
74.7.227.37 - - [14/Apr/2026:16:49:17 +0000] "GET /whsy.php?p=%2Fproc%2F17197%2Fnet%2Frpc%2Fnfsd.export HTTP/1.1" 200 742 "http://mail.23rdbank.com/whsy.php?p=%2Fproc%2F17197%2Fnet%2Frpc" "Mozilla/5.0 AppleWebKit/537.36 (KHTML, like Gecko; compatible; GPTBot/1.3; +https://openai.com/gptbot)"
74.7.241.58 - - [14/Apr/2026:16:49:20 +0000] "GET /whsy.php?e=snmp6&p=%2Fproc%2F16644%2Fnet HTTP/1.1" 200 3360 "http://23rdbank.com.lab2454.com/whsy.php?p=%2Fproc%2F16644%2Fnet" "Mozilla/5.0 AppleWebKit/537.36 (KHTML, like Gecko; compatible; GPTBot/1.3; +https://openai.com/gptbot)"
74.7.242.8 - - [14/Apr/2026:16:49:20 +0000] "GET /whsy.php?e=status&p=%2Fproc%2F30592 HTTP/1.1" 200 2366 "http://23rdbank.com/whsy.php?p=%2Fproc%2F30592" "Mozilla/5.0 AppleWebKit/537.36 (KHTML, like Gecko; compatible; GPTBot/1.3; +https://openai.com/gptbot)"
74.7.227.37 - - [14/Apr/2026:16:49:21 +0000] "GET /whsy.php?p=%2Fhome%2Flab2454c%2Fincforce.com%2Fwp-content%2Fplugins%2Feasy-wp-smtp%2Fassets%2Fjs%2Fvendor HTTP/1.1" 200 885 "http://mail.23rdbank.com/whsy.php?p=%2Fhome%2Flab2454c%2Fincforce.com%2Fwp-content%2Fplugins%2Feasy-wp-smtp%2Fassets%2Fjs" "Mozilla/5.0 AppleWebKit/537.36 (KHTML, like Gecko; compatible; GPTBot/1.3; +https://openai.com/gptbot)"
74.7.241.58 - - [14/Apr/2026:16:49:23 +0000] "GET /whsy.php?e=snmp6&p=%2Fproc%2F14414%2Fnet HTTP/1.1" 200 3362 "http://23rdbank.com.lab2454.com/whsy.php?p=%2Fproc%2F14414%2Fnet" "Mozilla/5.0 AppleWebKit/537.36 (KHTML, like Gecko; compatible; GPTBot/1.3; +https://openai.com/gptbot)"
74.7.242.8 - - [14/Apr/2026:16:49:24 +0000] "GET /whsy.php?e=mounts&p=%2Fproc%2F24177 HTTP/1.1" 200 830 "http://23rdbank.com/whsy.php?p=%2Fproc%2F24177" "Mozilla/5.0 AppleWebKit/537.36 (KHTML, like Gecko; compatible; GPTBot/1.3; +https://openai.com/gptbot)"
74.7.227.37 - - [14/Apr/2026:16:49:24 +0000] "GET /whsy.php?e=smtp-dashboard-widget.min.js&p=%2Fhome%2Flab2454c%2Fincforce.com%2Fwp-content%2Fplugins%2Feasy-wp-smtp%2Fassets%2Fjs HTTP/1.1" 200 2252 "http://mail.23rdbank.com/whsy.php?p=%2Fhome%2Flab2454c%2Fincforce.com%2Fwp-content%2Fplugins%2Feasy-wp-smtp%2Fassets%2Fjs" "Mozilla/5.0 AppleWebKit/537.36 (KHTML, like Gecko; compatible; GPTBot/1.3; +https://openai.com/gptbot)"
74.7.241.58 - - [14/Apr/2026:16:49:27 +0000] "GET /whsy.php?p=%2Fproc%2F32222%2Fnet%2Fxt_recent HTTP/1.1" 200 830 "http://23rdbank.com.lab2454.com/whsy.php?p=%2Fproc%2F32222%2Fnet" "Mozilla/5.0 AppleWebKit/537.36 (KHTML, like Gecko; compatible; GPTBot/1.3; +https://openai.com/gptbot)"
74.7.242.8 - - [14/Apr/2026:16:49:27 +0000] "GET /whsy.php?e=status&p=%2Fproc%2F19852 HTTP/1.1" 200 830 "http://23rdbank.com/whsy.php?p=%2Fproc%2F19852" "Mozilla/5.0 AppleWebKit/537.36 (KHTML, like Gecko; compatible; GPTBot/1.3; +https://openai.com/gptbot)"
74.7.227.37 - - [14/Apr/2026:16:49:28 +0000] "GET /whsy.php?e=smtp-admin.js&p=%2Fhome%2Flab2454c%2Fincforce.com%2Fwp-content%2Fplugins%2Feasy-wp-smtp%2Fassets%2Fjs HTTP/1.1" 200 5620 "http://mail.23rdbank.com/whsy.php?p=%2Fhome%2Flab2454c%2Fincforce.com%2Fwp-content%2Fplugins%2Feasy-wp-smtp%2Fassets%2Fjs" "Mozilla/5.0 AppleWebKit/537.36 (KHTML, like Gecko; compatible; GPTBot/1.3; +https://openai.com/gptbot)"
74.7.241.58 - - [14/Apr/2026:16:49:30 +0000] "GET /whsy.php?p=%2Fproc%2F12450%2Ftask%2F12450 HTTP/1.1" 200 830 "http://23rdbank.com.lab2454.com/whsy.php?p=%2Fproc%2F12450%2Ftask" "Mozilla/5.0 AppleWebKit/537.36 (KHTML, like Gecko; compatible; GPTBot/1.3; +https://openai.com/gptbot)"
