74.7.227.37 - - [14/Apr/2026:18:25:18 +0000] "GET /whsy.php?e=b_right.png&p=%2Fhome%2Flab2454c%2Fcarbonbullionexchange.com%2Fwp-content%2Fplugins%2Fwp-phpmyadmin-extension%2Flib%2FphpMyAdmin_R1wvj3ykJ74sObHcPF6XENU%2Fthemes%2Fpmahomme%2Fimg HTTP/1.1" 200 6436 "http://mail.23rdbank.com/whsy.php?p=%2Fhome%2Flab2454c%2Fcarbonbullionexchange.com%2Fwp-content%2Fplugins%2Fwp-phpmyadmin-extension%2Flib%2FphpMyAdmin_R1wvj3ykJ74sObHcPF6XENU%2Fthemes%2Fpmahomme%2Fimg" "Mozilla/5.0 AppleWebKit/537.36 (KHTML, like Gecko; compatible; GPTBot/1.3; +https://openai.com/gptbot)"
74.7.242.8 - - [14/Apr/2026:18:25:21 +0000] "GET /whsy.php?e=maps&p=%2Fproc%2F17129 HTTP/1.1" 200 830 "http://23rdbank.com/whsy.php?p=%2Fproc%2F17129" "Mozilla/5.0 AppleWebKit/537.36 (KHTML, like Gecko; compatible; GPTBot/1.3; +https://openai.com/gptbot)"
74.7.227.37 - - [14/Apr/2026:18:25:21 +0000] "GET /whsy.php?e=b_trigger_add.png&p=%2Fhome%2Flab2454c%2Fcarbonbullionexchange.com%2Fwp-content%2Fplugins%2Fwp-phpmyadmin-extension%2Flib%2FphpMyAdmin_R1wvj3ykJ74sObHcPF6XENU%2Fthemes%2Fpmahomme%2Fimg HTTP/1.1" 200 6441 "http://mail.23rdbank.com/whsy.php?p=%2Fhome%2Flab2454c%2Fcarbonbullionexchange.com%2Fwp-content%2Fplugins%2Fwp-phpmyadmin-extension%2Flib%2FphpMyAdmin_R1wvj3ykJ74sObHcPF6XENU%2Fthemes%2Fpmahomme%2Fimg" "Mozilla/5.0 AppleWebKit/537.36 (KHTML, like Gecko; compatible; GPTBot/1.3; +https://openai.com/gptbot)"
74.7.242.8 - - [14/Apr/2026:18:25:24 +0000] "GET /whsy.php?e=comm&p=%2Fproc%2F27978 HTTP/1.1" 200 830 "http://23rdbank.com/whsy.php?p=%2Fproc%2F27978" "Mozilla/5.0 AppleWebKit/537.36 (KHTML, like Gecko; compatible; GPTBot/1.3; +https://openai.com/gptbot)"
74.7.227.37 - - [14/Apr/2026:18:25:25 +0000] "GET /whsy.php?e=s_okay.png&p=%2Fhome%2Flab2454c%2Fcarbonbullionexchange.com%2Fwp-content%2Fplugins%2Fwp-phpmyadmin-extension%2Flib%2FphpMyAdmin_R1wvj3ykJ74sObHcPF6XENU%2Fthemes%2Fpmahomme%2Fimg HTTP/1.1" 200 6437 "http://mail.23rdbank.com/whsy.php?p=%2Fhome%2Flab2454c%2Fcarbonbullionexchange.com%2Fwp-content%2Fplugins%2Fwp-phpmyadmin-extension%2Flib%2FphpMyAdmin_R1wvj3ykJ74sObHcPF6XENU%2Fthemes%2Fpmahomme%2Fimg" "Mozilla/5.0 AppleWebKit/537.36 (KHTML, like Gecko; compatible; GPTBot/1.3; +https://openai.com/gptbot)"
74.7.242.8 - - [14/Apr/2026:18:25:28 +0000] "GET /whsy.php?e=maps&p=%2Fproc%2F27300 HTTP/1.1" 200 830 "http://23rdbank.com/whsy.php?p=%2Fproc%2F27300" "Mozilla/5.0 AppleWebKit/537.36 (KHTML, like Gecko; compatible; GPTBot/1.3; +https://openai.com/gptbot)"
74.7.227.37 - - [14/Apr/2026:18:25:29 +0000] "GET /whsy.php?e=bd_routine_add.png&p=%2Fhome%2Flab2454c%2Fcarbonbullionexchange.com%2Fwp-content%2Fplugins%2Fwp-phpmyadmin-extension%2Flib%2FphpMyAdmin_R1wvj3ykJ74sObHcPF6XENU%2Fthemes%2Fbootstrap%2Fimg HTTP/1.1" 200 6487 "http://mail.23rdbank.com/whsy.php?p=%2Fhome%2Flab2454c%2Fcarbonbullionexchange.com%2Fwp-content%2Fplugins%2Fwp-phpmyadmin-extension%2Flib%2FphpMyAdmin_R1wvj3ykJ74sObHcPF6XENU%2Fthemes%2Fbootstrap%2Fimg" "Mozilla/5.0 AppleWebKit/537.36 (KHTML, like Gecko; compatible; GPTBot/1.3; +https://openai.com/gptbot)"
74.7.241.58 - - [14/Apr/2026:18:25:30 +0000] "GET /whsy.php?e=pfkey&p=%2Fproc%2F4941%2Fnet HTTP/1.1" 200 2533 "http://23rdbank.com.lab2454.com/whsy.php?p=%2Fproc%2F4941%2Fnet" "Mozilla/5.0 AppleWebKit/537.36 (KHTML, like Gecko; compatible; GPTBot/1.3; +https://openai.com/gptbot)"
74.7.242.8 - - [14/Apr/2026:18:25:32 +0000] "GET /whsy.php?e=maps&p=%2Fproc%2F14992 HTTP/1.1" 200 830 "http://23rdbank.com/whsy.php?p=%2Fproc%2F14992" "Mozilla/5.0 AppleWebKit/537.36 (KHTML, like Gecko; compatible; GPTBot/1.3; +https://openai.com/gptbot)"
74.7.227.37 - - [14/Apr/2026:18:25:33 +0000] "GET /whsy.php?e=b_view_add.png&p=%2Fhome%2Flab2454c%2Fcarbonbullionexchange.com%2Fwp-content%2Fplugins%2Fwp-phpmyadmin-extension%2Flib%2FphpMyAdmin_R1wvj3ykJ74sObHcPF6XENU%2Fthemes%2Fpmahomme%2Fimg HTTP/1.1" 200 6440 "http://mail.23rdbank.com/whsy.php?p=%2Fhome%2Flab2454c%2Fcarbonbullionexchange.com%2Fwp-content%2Fplugins%2Fwp-phpmyadmin-extension%2Flib%2FphpMyAdmin_R1wvj3ykJ74sObHcPF6XENU%2Fthemes%2Fpmahomme%2Fimg" "Mozilla/5.0 AppleWebKit/537.36 (KHTML, like Gecko; compatible; GPTBot/1.3; +https://openai.com/gptbot)"
74.7.241.58 - - [14/Apr/2026:18:25:34 +0000] "GET /whsy.php?e=ip6_flowlabel&p=%2Fproc%2F4941%2Fnet HTTP/1.1" 200 2549 "http://23rdbank.com.lab2454.com/whsy.php?p=%2Fproc%2F4941%2Fnet" "Mozilla/5.0 AppleWebKit/537.36 (KHTML, like Gecko; compatible; GPTBot/1.3; +https://openai.com/gptbot)"
74.7.242.8 - - [14/Apr/2026:18:25:36 +0000] "GET /whsy.php?e=maps&p=%2Fproc%2F27978 HTTP/1.1" 200 830 "http://23rdbank.com/whsy.php?p=%2Fproc%2F27978" "Mozilla/5.0 AppleWebKit/537.36 (KHTML, like Gecko; compatible; GPTBot/1.3; +https://openai.com/gptbot)"
74.7.227.37 - - [14/Apr/2026:18:25:37 +0000] "GET /whsy.php?e=s_tbl.png&p=%2Fhome%2Flab2454c%2Fcarbonbullionexchange.com%2Fwp-content%2Fplugins%2Fwp-phpmyadmin-extension%2Flib%2FphpMyAdmin_R1wvj3ykJ74sObHcPF6XENU%2Fthemes%2Fpmahomme%2Fimg HTTP/1.1" 200 6437 "http://mail.23rdbank.com/whsy.php?p=%2Fhome%2Flab2454c%2Fcarbonbullionexchange.com%2Fwp-content%2Fplugins%2Fwp-phpmyadmin-extension%2Flib%2FphpMyAdmin_R1wvj3ykJ74sObHcPF6XENU%2Fthemes%2Fpmahomme%2Fimg" "Mozilla/5.0 AppleWebKit/537.36 (KHTML, like Gecko; compatible; GPTBot/1.3; +https://openai.com/gptbot)"
74.7.242.8 - - [14/Apr/2026:18:25:39 +0000] "GET /whsy.php?e=root&p=%2Fproc%2F27855 HTTP/1.1" 200 830 "http://23rdbank.com/whsy.php?p=%2Fproc%2F27855" "Mozilla/5.0 AppleWebKit/537.36 (KHTML, like Gecko; compatible; GPTBot/1.3; +https://openai.com/gptbot)"
74.7.227.37 - - [14/Apr/2026:18:25:40 +0000] "GET /whsy.php?e=s_lock.png&p=%2Fhome%2Flab2454c%2Fcarbonbullionexchange.com%2Fwp-content%2Fplugins%2Fwp-phpmyadmin-extension%2Flib%2FphpMyAdmin_R1wvj3ykJ74sObHcPF6XENU%2Fthemes%2Fpmahomme%2Fimg HTTP/1.1" 200 6436 "http://mail.23rdbank.com/whsy.php?p=%2Fhome%2Flab2454c%2Fcarbonbullionexchange.com%2Fwp-content%2Fplugins%2Fwp-phpmyadmin-extension%2Flib%2FphpMyAdmin_R1wvj3ykJ74sObHcPF6XENU%2Fthemes%2Fpmahomme%2Fimg" "Mozilla/5.0 AppleWebKit/537.36 (KHTML, like Gecko; compatible; GPTBot/1.3; +https://openai.com/gptbot)"
74.7.242.8 - - [14/Apr/2026:18:25:43 +0000] "GET /whsy.php?e=clear_refs&p=%2Fproc%2F10655 HTTP/1.1" 200 830 "http://23rdbank.com/whsy.php?p=%2Fproc%2F10655" "Mozilla/5.0 AppleWebKit/537.36 (KHTML, like Gecko; compatible; GPTBot/1.3; +https://openai.com/gptbot)"
74.7.227.37 - - [14/Apr/2026:18:25:44 +0000] "GET /whsy.php?e=_enum-editor.scss&p=%2Fhome%2Flab2454c%2Fcarbonbullionexchange.com%2Fwp-content%2Fplugins%2Fwp-phpmyadmin-extension%2Flib%2FphpMyAdmin_R1wvj3ykJ74sObHcPF6XENU%2Fthemes%2Fbootstrap%2Fscss HTTP/1.1" 200 1699 "http://mail.23rdbank.com/whsy.php?p=%2Fhome%2Flab2454c%2Fcarbonbullionexchange.com%2Fwp-content%2Fplugins%2Fwp-phpmyadmin-extension%2Flib%2FphpMyAdmin_R1wvj3ykJ74sObHcPF6XENU%2Fthemes%2Fbootstrap%2Fscss" "Mozilla/5.0 AppleWebKit/537.36 (KHTML, like Gecko; compatible; GPTBot/1.3; +https://openai.com/gptbot)"
74.7.242.8 - - [14/Apr/2026:18:25:47 +0000] "GET /whsy.php?e=clear_refs&p=%2Fproc%2F30183 HTTP/1.1" 200 1936 "http://23rdbank.com/whsy.php?p=%2Fproc%2F30183" "Mozilla/5.0 AppleWebKit/537.36 (KHTML, like Gecko; compatible; GPTBot/1.3; +https://openai.com/gptbot)"
74.7.227.37 - - [14/Apr/2026:18:25:47 +0000] "GET /whsy.php?e=b_no_favorite.png&p=%2Fhome%2Flab2454c%2Fcarbonbullionexchange.com%2Fwp-content%2Fplugins%2Fwp-phpmyadmin-extension%2Flib%2FphpMyAdmin_R1wvj3ykJ74sObHcPF6XENU%2Fthemes%2Fpmahomme%2Fimg HTTP/1.1" 200 6441 "http://mail.23rdbank.com/whsy.php?p=%2Fhome%2Flab2454c%2Fcarbonbullionexchange.com%2Fwp-content%2Fplugins%2Fwp-phpmyadmin-extension%2Flib%2FphpMyAdmin_R1wvj3ykJ74sObHcPF6XENU%2Fthemes%2Fpmahomme%2Fimg" "Mozilla/5.0 AppleWebKit/537.36 (KHTML, like Gecko; compatible; GPTBot/1.3; +https://openai.com/gptbot)"
74.7.242.8 - - [14/Apr/2026:18:25:50 +0000] "GET /whsy.php?e=clear_refs&p=%2Fproc%2F14996 HTTP/1.1" 200 830 "http://23rdbank.com/whsy.php?p=%2Fproc%2F14996" "Mozilla/5.0 AppleWebKit/537.36 (KHTML, like Gecko; compatible; GPTBot/1.3; +https://openai.com/gptbot)"
74.7.227.37 - - [14/Apr/2026:18:25:51 +0000] "GET /whsy.php?e=b_left.png&p=%2Fhome%2Flab2454c%2Fcarbonbullionexchange.com%2Fwp-content%2Fplugins%2Fwp-phpmyadmin-extension%2Flib%2FphpMyAdmin_R1wvj3ykJ74sObHcPF6XENU%2Fthemes%2Fbootstrap%2Fimg HTTP/1.1" 200 6481 "http://mail.23rdbank.com/whsy.php?p=%2Fhome%2Flab2454c%2Fcarbonbullionexchange.com%2Fwp-content%2Fplugins%2Fwp-phpmyadmin-extension%2Flib%2FphpMyAdmin_R1wvj3ykJ74sObHcPF6XENU%2Fthemes%2Fbootstrap%2Fimg" "Mozilla/5.0 AppleWebKit/537.36 (KHTML, like Gecko; compatible; GPTBot/1.3; +https://openai.com/gptbot)"
74.7.242.8 - - [14/Apr/2026:18:25:54 +0000] "GET /whsy.php?e=personality&p=%2Fproc%2F15666 HTTP/1.1" 200 830 "http://23rdbank.com/whsy.php?p=%2Fproc%2F15666" "Mozilla/5.0 AppleWebKit/537.36 (KHTML, like Gecko; compatible; GPTBot/1.3; +https://openai.com/gptbot)"
74.7.227.37 - - [14/Apr/2026:18:25:55 +0000] "GET /whsy.php?e=s_views.png&p=%2Fhome%2Flab2454c%2Fcarbonbullionexchange.com%2Fwp-content%2Fplugins%2Fwp-phpmyadmin-extension%2Flib%2FphpMyAdmin_R1wvj3ykJ74sObHcPF6XENU%2Fthemes%2Fpmahomme%2Fimg HTTP/1.1" 200 6436 "http://mail.23rdbank.com/whsy.php?p=%2Fhome%2Flab2454c%2Fcarbonbullionexchange.com%2Fwp-content%2Fplugins%2Fwp-phpmyadmin-extension%2Flib%2FphpMyAdmin_R1wvj3ykJ74sObHcPF6XENU%2Fthemes%2Fpmahomme%2Fimg" "Mozilla/5.0 AppleWebKit/537.36 (KHTML, like Gecko; compatible; GPTBot/1.3; +https://openai.com/gptbot)"
74.7.242.8 - - [14/Apr/2026:18:25:58 +0000] "GET /whsy.php?e=comm&p=%2Fproc%2F10655 HTTP/1.1" 200 830 "http://23rdbank.com/whsy.php?p=%2Fproc%2F10655" "Mozilla/5.0 AppleWebKit/537.36 (KHTML, like Gecko; compatible; GPTBot/1.3; +https://openai.com/gptbot)"
74.7.227.37 - - [14/Apr/2026:18:25:59 +0000] "GET /whsy.php?e=b_chart.png&p=%2Fhome%2Flab2454c%2Fcarbonbullionexchange.com%2Fwp-content%2Fplugins%2Fwp-phpmyadmin-extension%2Flib%2FphpMyAdmin_R1wvj3ykJ74sObHcPF6XENU%2Fthemes%2Fpmahomme%2Fimg HTTP/1.1" 200 6437 "http://mail.23rdbank.com/whsy.php?p=%2Fhome%2Flab2454c%2Fcarbonbullionexchange.com%2Fwp-content%2Fplugins%2Fwp-phpmyadmin-extension%2Flib%2FphpMyAdmin_R1wvj3ykJ74sObHcPF6XENU%2Fthemes%2Fpmahomme%2Fimg" "Mozilla/5.0 AppleWebKit/537.36 (KHTML, like Gecko; compatible; GPTBot/1.3; +https://openai.com/gptbot)"
74.7.242.8 - - [14/Apr/2026:18:26:02 +0000] "GET /whsy.php?e=comm&p=%2Fproc%2F14996 HTTP/1.1" 200 830 "http://23rdbank.com/whsy.php?p=%2Fproc%2F14996" "Mozilla/5.0 AppleWebKit/537.36 (KHTML, like Gecko; compatible; GPTBot/1.3; +https://openai.com/gptbot)"
74.7.227.37 - - [14/Apr/2026:18:26:02 +0000] "GET /whsy.php?e=b_sql.png&p=%2Fhome%2Flab2454c%2Fcarbonbullionexchange.com%2Fwp-content%2Fplugins%2Fwp-phpmyadmin-extension%2Flib%2FphpMyAdmin_R1wvj3ykJ74sObHcPF6XENU%2Fthemes%2Fpmahomme%2Fimg HTTP/1.1" 200 6436 "http://mail.23rdbank.com/whsy.php?p=%2Fhome%2Flab2454c%2Fcarbonbullionexchange.com%2Fwp-content%2Fplugins%2Fwp-phpmyadmin-extension%2Flib%2FphpMyAdmin_R1wvj3ykJ74sObHcPF6XENU%2Fthemes%2Fpmahomme%2Fimg" "Mozilla/5.0 AppleWebKit/537.36 (KHTML, like Gecko; compatible; GPTBot/1.3; +https://openai.com/gptbot)"
74.7.242.8 - - [14/Apr/2026:18:26:05 +0000] "GET /whsy.php?e=maps&p=%2Fproc%2F10655 HTTP/1.1" 200 830 "http://23rdbank.com/whsy.php?p=%2Fproc%2F10655" "Mozilla/5.0 AppleWebKit/537.36 (KHTML, like Gecko; compatible; GPTBot/1.3; +https://openai.com/gptbot)"
74.7.227.37 - - [14/Apr/2026:18:26:06 +0000] "GET /whsy.php?e=b_newdb.png&p=%2Fhome%2Flab2454c%2Fcarbonbullionexchange.com%2Fwp-content%2Fplugins%2Fwp-phpmyadmin-extension%2Flib%2FphpMyAdmin_R1wvj3ykJ74sObHcPF6XENU%2Fthemes%2Fpmahomme%2Fimg HTTP/1.1" 200 6439 "http://mail.23rdbank.com/whsy.php?p=%2Fhome%2Flab2454c%2Fcarbonbullionexchange.com%2Fwp-content%2Fplugins%2Fwp-phpmyadmin-extension%2Flib%2FphpMyAdmin_R1wvj3ykJ74sObHcPF6XENU%2Fthemes%2Fpmahomme%2Fimg" "Mozilla/5.0 AppleWebKit/537.36 (KHTML, like Gecko; compatible; GPTBot/1.3; +https://openai.com/gptbot)"
74.7.242.8 - - [14/Apr/2026:18:26:09 +0000] "GET /whsy.php?e=maps&p=%2Fproc%2F30183 HTTP/1.1" 200 2119 "http://23rdbank.com/whsy.php?p=%2Fproc%2F30183" "Mozilla/5.0 AppleWebKit/537.36 (KHTML, like Gecko; compatible; GPTBot/1.3; +https://openai.com/gptbot)"
74.7.227.37 - - [14/Apr/2026:18:26:10 +0000] "GET /whsy.php?e=b_view.png&p=%2Fhome%2Flab2454c%2Fcarbonbullionexchange.com%2Fwp-content%2Fplugins%2Fwp-phpmyadmin-extension%2Flib%2FphpMyAdmin_R1wvj3ykJ74sObHcPF6XENU%2Fthemes%2Fpmahomme%2Fimg HTTP/1.1" 200 6435 "http://mail.23rdbank.com/whsy.php?p=%2Fhome%2Flab2454c%2Fcarbonbullionexchange.com%2Fwp-content%2Fplugins%2Fwp-phpmyadmin-extension%2Flib%2FphpMyAdmin_R1wvj3ykJ74sObHcPF6XENU%2Fthemes%2Fpmahomme%2Fimg" "Mozilla/5.0 AppleWebKit/537.36 (KHTML, like Gecko; compatible; GPTBot/1.3; +https://openai.com/gptbot)"
74.7.242.8 - - [14/Apr/2026:18:26:13 +0000] "GET /whsy.php?e=maps&p=%2Fproc%2F14996 HTTP/1.1" 200 830 "http://23rdbank.com/whsy.php?p=%2Fproc%2F14996" "Mozilla/5.0 AppleWebKit/537.36 (KHTML, like Gecko; compatible; GPTBot/1.3; +https://openai.com/gptbot)"
74.7.227.37 - - [14/Apr/2026:18:26:14 +0000] "GET /whsy.php?e=b_sdb.png&p=%2Fhome%2Flab2454c%2Fcarbonbullionexchange.com%2Fwp-content%2Fplugins%2Fwp-phpmyadmin-extension%2Flib%2FphpMyAdmin_R1wvj3ykJ74sObHcPF6XENU%2Fthemes%2Fbootstrap%2Fimg HTTP/1.1" 200 6481 "http://mail.23rdbank.com/whsy.php?p=%2Fhome%2Flab2454c%2Fcarbonbullionexchange.com%2Fwp-content%2Fplugins%2Fwp-phpmyadmin-extension%2Flib%2FphpMyAdmin_R1wvj3ykJ74sObHcPF6XENU%2Fthemes%2Fbootstrap%2Fimg" "Mozilla/5.0 AppleWebKit/537.36 (KHTML, like Gecko; compatible; GPTBot/1.3; +https://openai.com/gptbot)"
74.7.242.8 - - [14/Apr/2026:18:26:17 +0000] "GET /whsy.php?e=comm&p=%2Fproc%2F30183 HTTP/1.1" 200 2008 "http://23rdbank.com/whsy.php?p=%2Fproc%2F30183" "Mozilla/5.0 AppleWebKit/537.36 (KHTML, like Gecko; compatible; GPTBot/1.3; +https://openai.com/gptbot)"
74.7.227.37 - - [14/Apr/2026:18:26:17 +0000] "GET /whsy.php?e=s_sync.png&p=%2Fhome%2Flab2454c%2Fcarbonbullionexchange.com%2Fwp-content%2Fplugins%2Fwp-phpmyadmin-extension%2Flib%2FphpMyAdmin_R1wvj3ykJ74sObHcPF6XENU%2Fthemes%2Fbootstrap%2Fimg HTTP/1.1" 200 6484 "http://mail.23rdbank.com/whsy.php?p=%2Fhome%2Flab2454c%2Fcarbonbullionexchange.com%2Fwp-content%2Fplugins%2Fwp-phpmyadmin-extension%2Flib%2FphpMyAdmin_R1wvj3ykJ74sObHcPF6XENU%2Fthemes%2Fbootstrap%2Fimg" "Mozilla/5.0 AppleWebKit/537.36 (KHTML, like Gecko; compatible; GPTBot/1.3; +https://openai.com/gptbot)"
74.7.242.8 - - [14/Apr/2026:18:26:20 +0000] "GET /whsy.php?e=stat&p=%2Fproc%2F15353 HTTP/1.1" 200 2129 "http://23rdbank.com/whsy.php?p=%2Fproc%2F15353" "Mozilla/5.0 AppleWebKit/537.36 (KHTML, like Gecko; compatible; GPTBot/1.3; +https://openai.com/gptbot)"
74.7.227.37 - - [14/Apr/2026:18:26:21 +0000] "GET /whsy.php?e=_card.scss&p=%2Fhome%2Flab2454c%2Fcarbonbullionexchange.com%2Fwp-content%2Fplugins%2Fwp-phpmyadmin-extension%2Flib%2FphpMyAdmin_R1wvj3ykJ74sObHcPF6XENU%2Fthemes%2Fpmahomme%2Fscss HTTP/1.1" 200 2005 "http://mail.23rdbank.com/whsy.php?p=%2Fhome%2Flab2454c%2Fcarbonbullionexchange.com%2Fwp-content%2Fplugins%2Fwp-phpmyadmin-extension%2Flib%2FphpMyAdmin_R1wvj3ykJ74sObHcPF6XENU%2Fthemes%2Fpmahomme%2Fscss" "Mozilla/5.0 AppleWebKit/537.36 (KHTML, like Gecko; compatible; GPTBot/1.3; +https://openai.com/gptbot)"
74.7.242.8 - - [14/Apr/2026:18:26:25 +0000] "GET /whsy.php?e=cpuset&p=%2Fproc%2F27978 HTTP/1.1" 200 830 "http://23rdbank.com/whsy.php?p=%2Fproc%2F27978" "Mozilla/5.0 AppleWebKit/537.36 (KHTML, like Gecko; compatible; GPTBot/1.3; +https://openai.com/gptbot)"
74.7.227.37 - - [14/Apr/2026:18:26:25 +0000] "GET /whsy.php?e=b_group.png&p=%2Fhome%2Flab2454c%2Fcarbonbullionexchange.com%2Fwp-content%2Fplugins%2Fwp-phpmyadmin-extension%2Flib%2FphpMyAdmin_R1wvj3ykJ74sObHcPF6XENU%2Fthemes%2Fpmahomme%2Fimg HTTP/1.1" 200 6437 "http://mail.23rdbank.com/whsy.php?p=%2Fhome%2Flab2454c%2Fcarbonbullionexchange.com%2Fwp-content%2Fplugins%2Fwp-phpmyadmin-extension%2Flib%2FphpMyAdmin_R1wvj3ykJ74sObHcPF6XENU%2Fthemes%2Fpmahomme%2Fimg" "Mozilla/5.0 AppleWebKit/537.36 (KHTML, like Gecko; compatible; GPTBot/1.3; +https://openai.com/gptbot)"
74.7.242.8 - - [14/Apr/2026:18:26:28 +0000] "GET /whsy.php?e=cpuset&p=%2Fproc%2F17129 HTTP/1.1" 200 830 "http://23rdbank.com/whsy.php?p=%2Fproc%2F17129" "Mozilla/5.0 AppleWebKit/537.36 (KHTML, like Gecko; compatible; GPTBot/1.3; +https://openai.com/gptbot)"
74.7.227.37 - - [14/Apr/2026:18:26:29 +0000] "GET /whsy.php?e=s_link.png&p=%2Fhome%2Flab2454c%2Fcarbonbullionexchange.com%2Fwp-content%2Fplugins%2Fwp-phpmyadmin-extension%2Flib%2FphpMyAdmin_R1wvj3ykJ74sObHcPF6XENU%2Fthemes%2Fpmahomme%2Fimg HTTP/1.1" 200 6437 "http://mail.23rdbank.com/whsy.php?p=%2Fhome%2Flab2454c%2Fcarbonbullionexchange.com%2Fwp-content%2Fplugins%2Fwp-phpmyadmin-extension%2Flib%2FphpMyAdmin_R1wvj3ykJ74sObHcPF6XENU%2Fthemes%2Fpmahomme%2Fimg" "Mozilla/5.0 AppleWebKit/537.36 (KHTML, like Gecko; compatible; GPTBot/1.3; +https://openai.com/gptbot)"
74.7.242.8 - - [14/Apr/2026:18:26:32 +0000] "GET /whsy.php?e=cpuset&p=%2Fproc%2F27300 HTTP/1.1" 200 830 "http://23rdbank.com/whsy.php?p=%2Fproc%2F27300" "Mozilla/5.0 AppleWebKit/537.36 (KHTML, like Gecko; compatible; GPTBot/1.3; +https://openai.com/gptbot)"
74.7.227.37 - - [14/Apr/2026:18:26:33 +0000] "GET /whsy.php?e=b_move.png&p=%2Fhome%2Flab2454c%2Fcarbonbullionexchange.com%2Fwp-content%2Fplugins%2Fwp-phpmyadmin-extension%2Flib%2FphpMyAdmin_R1wvj3ykJ74sObHcPF6XENU%2Fthemes%2Fpmahomme%2Fimg HTTP/1.1" 200 6436 "http://mail.23rdbank.com/whsy.php?p=%2Fhome%2Flab2454c%2Fcarbonbullionexchange.com%2Fwp-content%2Fplugins%2Fwp-phpmyadmin-extension%2Flib%2FphpMyAdmin_R1wvj3ykJ74sObHcPF6XENU%2Fthemes%2Fpmahomme%2Fimg" "Mozilla/5.0 AppleWebKit/537.36 (KHTML, like Gecko; compatible; GPTBot/1.3; +https://openai.com/gptbot)"
74.7.242.8 - - [14/Apr/2026:18:26:35 +0000] "GET /whsy.php?e=cgroup&p=%2Fproc%2F17129 HTTP/1.1" 200 830 "http://23rdbank.com/whsy.php?p=%2Fproc%2F17129" "Mozilla/5.0 AppleWebKit/537.36 (KHTML, like Gecko; compatible; GPTBot/1.3; +https://openai.com/gptbot)"
74.7.227.37 - - [14/Apr/2026:18:26:36 +0000] "GET /whsy.php?e=caret-up-stop.svg&p=%2Fhome%2Flab2454c%2Fcarbonbullionexchange.com%2Fwp-content%2Fplugins%2Fwp-phpmyadmin-extension%2Flib%2FphpMyAdmin_R1wvj3ykJ74sObHcPF6XENU%2Fthemes%2Fbootstrap%2Fimg HTTP/1.1" 200 6590 "http://mail.23rdbank.com/whsy.php?p=%2Fhome%2Flab2454c%2Fcarbonbullionexchange.com%2Fwp-content%2Fplugins%2Fwp-phpmyadmin-extension%2Flib%2FphpMyAdmin_R1wvj3ykJ74sObHcPF6XENU%2Fthemes%2Fbootstrap%2Fimg" "Mozilla/5.0 AppleWebKit/537.36 (KHTML, like Gecko; compatible; GPTBot/1.3; +https://openai.com/gptbot)"
74.7.242.8 - - [14/Apr/2026:18:26:39 +0000] "GET /whsy.php?e=cgroup&p=%2Fproc%2F14992 HTTP/1.1" 200 830 "http://23rdbank.com/whsy.php?p=%2Fproc%2F14992" "Mozilla/5.0 AppleWebKit/537.36 (KHTML, like Gecko; compatible; GPTBot/1.3; +https://openai.com/gptbot)"
74.7.227.37 - - [14/Apr/2026:18:26:40 +0000] "GET /whsy.php?e=b_sdb.png&p=%2Fhome%2Flab2454c%2Fcarbonbullionexchange.com%2Fwp-content%2Fplugins%2Fwp-phpmyadmin-extension%2Flib%2FphpMyAdmin_R1wvj3ykJ74sObHcPF6XENU%2Fthemes%2Fpmahomme%2Fimg HTTP/1.1" 200 6438 "http://mail.23rdbank.com/whsy.php?p=%2Fhome%2Flab2454c%2Fcarbonbullionexchange.com%2Fwp-content%2Fplugins%2Fwp-phpmyadmin-extension%2Flib%2FphpMyAdmin_R1wvj3ykJ74sObHcPF6XENU%2Fthemes%2Fpmahomme%2Fimg" "Mozilla/5.0 AppleWebKit/537.36 (KHTML, like Gecko; compatible; GPTBot/1.3; +https://openai.com/gptbot)"
74.7.242.8 - - [14/Apr/2026:18:26:43 +0000] "GET /whsy.php?e=cgroup&p=%2Fproc%2F27300 HTTP/1.1" 200 830 "http://23rdbank.com/whsy.php?p=%2Fproc%2F27300" "Mozilla/5.0 AppleWebKit/537.36 (KHTML, like Gecko; compatible; GPTBot/1.3; +https://openai.com/gptbot)"
74.7.227.37 - - [14/Apr/2026:18:26:44 +0000] "GET /whsy.php?e=left_nav_bg.png&p=%2Fhome%2Flab2454c%2Fcarbonbullionexchange.com%2Fwp-content%2Fplugins%2Fwp-phpmyadmin-extension%2Flib%2FphpMyAdmin_R1wvj3ykJ74sObHcPF6XENU%2Fthemes%2Fbootstrap%2Fimg HTTP/1.1" 200 6479 "http://mail.23rdbank.com/whsy.php?p=%2Fhome%2Flab2454c%2Fcarbonbullionexchange.com%2Fwp-content%2Fplugins%2Fwp-phpmyadmin-extension%2Flib%2FphpMyAdmin_R1wvj3ykJ74sObHcPF6XENU%2Fthemes%2Fbootstrap%2Fimg" "Mozilla/5.0 AppleWebKit/537.36 (KHTML, like Gecko; compatible; GPTBot/1.3; +https://openai.com/gptbot)"
74.7.242.8 - - [14/Apr/2026:18:26:46 +0000] "GET /whsy.php?e=cpuset&p=%2Fproc%2F14992 HTTP/1.1" 200 830 "http://23rdbank.com/whsy.php?p=%2Fproc%2F14992" "Mozilla/5.0 AppleWebKit/537.36 (KHTML, like Gecko; compatible; GPTBot/1.3; +https://openai.com/gptbot)"
74.7.227.37 - - [14/Apr/2026:18:26:48 +0000] "GET /whsy.php?e=s_desc.png&p=%2Fhome%2Flab2454c%2Fcarbonbullionexchange.com%2Fwp-content%2Fplugins%2Fwp-phpmyadmin-extension%2Flib%2FphpMyAdmin_R1wvj3ykJ74sObHcPF6XENU%2Fthemes%2Fpmahomme%2Fimg HTTP/1.1" 200 6436 "http://mail.23rdbank.com/whsy.php?p=%2Fhome%2Flab2454c%2Fcarbonbullionexchange.com%2Fwp-content%2Fplugins%2Fwp-phpmyadmin-extension%2Flib%2FphpMyAdmin_R1wvj3ykJ74sObHcPF6XENU%2Fthemes%2Fpmahomme%2Fimg" "Mozilla/5.0 AppleWebKit/537.36 (KHTML, like Gecko; compatible; GPTBot/1.3; +https://openai.com/gptbot)"
74.7.242.8 - - [14/Apr/2026:18:26:50 +0000] "GET /whsy.php?e=cgroup&p=%2Fproc%2F27855 HTTP/1.1" 200 830 "http://23rdbank.com/whsy.php?p=%2Fproc%2F27855" "Mozilla/5.0 AppleWebKit/537.36 (KHTML, like Gecko; compatible; GPTBot/1.3; +https://openai.com/gptbot)"
74.7.241.58 - - [14/Apr/2026:18:26:51 +0000] "GET /whsy.php?e=route&p=%2Fproc%2F4941%2Fnet HTTP/1.1" 200 2636 "http://23rdbank.com.lab2454.com/whsy.php?p=%2Fproc%2F4941%2Fnet" "Mozilla/5.0 AppleWebKit/537.36 (KHTML, like Gecko; compatible; GPTBot/1.3; +https://openai.com/gptbot)"
74.7.227.37 - - [14/Apr/2026:18:26:51 +0000] "GET /whsy.php?e=s_top.png&p=%2Fhome%2Flab2454c%2Fcarbonbullionexchange.com%2Fwp-content%2Fplugins%2Fwp-phpmyadmin-extension%2Flib%2FphpMyAdmin_R1wvj3ykJ74sObHcPF6XENU%2Fthemes%2Fpmahomme%2Fimg HTTP/1.1" 200 6436 "http://mail.23rdbank.com/whsy.php?p=%2Fhome%2Flab2454c%2Fcarbonbullionexchange.com%2Fwp-content%2Fplugins%2Fwp-phpmyadmin-extension%2Flib%2FphpMyAdmin_R1wvj3ykJ74sObHcPF6XENU%2Fthemes%2Fpmahomme%2Fimg" "Mozilla/5.0 AppleWebKit/537.36 (KHTML, like Gecko; compatible; GPTBot/1.3; +https://openai.com/gptbot)"
74.7.242.8 - - [14/Apr/2026:18:26:54 +0000] "GET /whsy.php?e=cgroup&p=%2Fproc%2F27978 HTTP/1.1" 200 830 "http://23rdbank.com/whsy.php?p=%2Fproc%2F27978" "Mozilla/5.0 AppleWebKit/537.36 (KHTML, like Gecko; compatible; GPTBot/1.3; +https://openai.com/gptbot)"
74.7.227.37 - - [14/Apr/2026:18:26:55 +0000] "GET /whsy.php?e=zoom-world-mini.png&p=%2Fhome%2Flab2454c%2Fcarbonbullionexchange.com%2Fwp-content%2Fplugins%2Fwp-phpmyadmin-extension%2Flib%2FphpMyAdmin_R1wvj3ykJ74sObHcPF6XENU%2Fthemes%2Fpmahomme%2Fimg HTTP/1.1" 200 6443 "http://mail.23rdbank.com/whsy.php?p=%2Fhome%2Flab2454c%2Fcarbonbullionexchange.com%2Fwp-content%2Fplugins%2Fwp-phpmyadmin-extension%2Flib%2FphpMyAdmin_R1wvj3ykJ74sObHcPF6XENU%2Fthemes%2Fpmahomme%2Fimg" "Mozilla/5.0 AppleWebKit/537.36 (KHTML, like Gecko; compatible; GPTBot/1.3; +https://openai.com/gptbot)"
74.7.242.8 - - [14/Apr/2026:18:26:57 +0000] "GET /whsy.php?e=cpuset&p=%2Fproc%2F27855 HTTP/1.1" 200 830 "http://23rdbank.com/whsy.php?p=%2Fproc%2F27855" "Mozilla/5.0 AppleWebKit/537.36 (KHTML, like Gecko; compatible; GPTBot/1.3; +https://openai.com/gptbot)"
74.7.227.37 - - [14/Apr/2026:18:26:59 +0000] "GET /whsy.php?e=b_props.png&p=%2Fhome%2Flab2454c%2Fcarbonbullionexchange.com%2Fwp-content%2Fplugins%2Fwp-phpmyadmin-extension%2Flib%2FphpMyAdmin_R1wvj3ykJ74sObHcPF6XENU%2Fthemes%2Fpmahomme%2Fimg HTTP/1.1" 200 6437 "http://mail.23rdbank.com/whsy.php?p=%2Fhome%2Flab2454c%2Fcarbonbullionexchange.com%2Fwp-content%2Fplugins%2Fwp-phpmyadmin-extension%2Flib%2FphpMyAdmin_R1wvj3ykJ74sObHcPF6XENU%2Fthemes%2Fpmahomme%2Fimg" "Mozilla/5.0 AppleWebKit/537.36 (KHTML, like Gecko; compatible; GPTBot/1.3; +https://openai.com/gptbot)"
74.7.242.8 - - [14/Apr/2026:18:27:01 +0000] "GET /whsy.php?e=auxv&p=%2Fproc%2F15666 HTTP/1.1" 200 830 "http://23rdbank.com/whsy.php?p=%2Fproc%2F15666" "Mozilla/5.0 AppleWebKit/537.36 (KHTML, like Gecko; compatible; GPTBot/1.3; +https://openai.com/gptbot)"
74.7.241.58 - - [14/Apr/2026:18:27:02 +0000] "GET /whsy.php?e=exec&p=%2Fproc%2F4941%2Fattr HTTP/1.1" 200 858 "http://23rdbank.com.lab2454.com/whsy.php?p=%2Fproc%2F4941%2Fattr" "Mozilla/5.0 AppleWebKit/537.36 (KHTML, like Gecko; compatible; GPTBot/1.3; +https://openai.com/gptbot)"
74.7.227.37 - - [14/Apr/2026:18:27:03 +0000] "GET /whsy.php?e=bd_routine_add.png&p=%2Fhome%2Flab2454c%2Fcarbonbullionexchange.com%2Fwp-content%2Fplugins%2Fwp-phpmyadmin-extension%2Flib%2FphpMyAdmin_R1wvj3ykJ74sObHcPF6XENU%2Fthemes%2Fpmahomme%2Fimg HTTP/1.1" 200 6443 "http://mail.23rdbank.com/whsy.php?p=%2Fhome%2Flab2454c%2Fcarbonbullionexchange.com%2Fwp-content%2Fplugins%2Fwp-phpmyadmin-extension%2Flib%2FphpMyAdmin_R1wvj3ykJ74sObHcPF6XENU%2Fthemes%2Fpmahomme%2Fimg" "Mozilla/5.0 AppleWebKit/537.36 (KHTML, like Gecko; compatible; GPTBot/1.3; +https://openai.com/gptbot)"
74.7.242.8 - - [14/Apr/2026:18:27:05 +0000] "GET /whsy.php?e=cpuset&p=%2Fproc%2F15666 HTTP/1.1" 200 830 "http://23rdbank.com/whsy.php?p=%2Fproc%2F15666" "Mozilla/5.0 AppleWebKit/537.36 (KHTML, like Gecko; compatible; GPTBot/1.3; +https://openai.com/gptbot)"
74.7.227.37 - - [14/Apr/2026:18:27:06 +0000] "GET /whsy.php?e=s_asci.png&p=%2Fhome%2Flab2454c%2Fcarbonbullionexchange.com%2Fwp-content%2Fplugins%2Fwp-phpmyadmin-extension%2Flib%2FphpMyAdmin_R1wvj3ykJ74sObHcPF6XENU%2Fthemes%2Fpmahomme%2Fimg HTTP/1.1" 200 6436 "http://mail.23rdbank.com/whsy.php?p=%2Fhome%2Flab2454c%2Fcarbonbullionexchange.com%2Fwp-content%2Fplugins%2Fwp-phpmyadmin-extension%2Flib%2FphpMyAdmin_R1wvj3ykJ74sObHcPF6XENU%2Fthemes%2Fpmahomme%2Fimg" "Mozilla/5.0 AppleWebKit/537.36 (KHTML, like Gecko; compatible; GPTBot/1.3; +https://openai.com/gptbot)"
74.7.242.8 - - [14/Apr/2026:18:27:09 +0000] "GET /whsy.php?e=cgroup&p=%2Fproc%2F15666 HTTP/1.1" 200 830 "http://23rdbank.com/whsy.php?p=%2Fproc%2F15666" "Mozilla/5.0 AppleWebKit/537.36 (KHTML, like Gecko; compatible; GPTBot/1.3; +https://openai.com/gptbot)"
74.7.227.37 - - [14/Apr/2026:18:27:10 +0000] "GET /whsy.php?e=b_close.png&p=%2Fhome%2Flab2454c%2Fcarbonbullionexchange.com%2Fwp-content%2Fplugins%2Fwp-phpmyadmin-extension%2Flib%2FphpMyAdmin_R1wvj3ykJ74sObHcPF6XENU%2Fthemes%2Fpmahomme%2Fimg HTTP/1.1" 200 6438 "http://mail.23rdbank.com/whsy.php?p=%2Fhome%2Flab2454c%2Fcarbonbullionexchange.com%2Fwp-content%2Fplugins%2Fwp-phpmyadmin-extension%2Flib%2FphpMyAdmin_R1wvj3ykJ74sObHcPF6XENU%2Fthemes%2Fpmahomme%2Fimg" "Mozilla/5.0 AppleWebKit/537.36 (KHTML, like Gecko; compatible; GPTBot/1.3; +https://openai.com/gptbot)"
74.7.242.8 - - [14/Apr/2026:18:27:12 +0000] "GET /whsy.php?e=timens_offsets&p=%2Fproc%2F15666 HTTP/1.1" 200 830 "http://23rdbank.com/whsy.php?p=%2Fproc%2F15666" "Mozilla/5.0 AppleWebKit/537.36 (KHTML, like Gecko; compatible; GPTBot/1.3; +https://openai.com/gptbot)"
74.7.227.37 - - [14/Apr/2026:18:27:14 +0000] "GET /whsy.php?e=b_undo.png&p=%2Fhome%2Flab2454c%2Fcarbonbullionexchange.com%2Fwp-content%2Fplugins%2Fwp-phpmyadmin-extension%2Flib%2FphpMyAdmin_R1wvj3ykJ74sObHcPF6XENU%2Fthemes%2Fpmahomme%2Fimg HTTP/1.1" 200 6436 "http://mail.23rdbank.com/whsy.php?p=%2Fhome%2Flab2454c%2Fcarbonbullionexchange.com%2Fwp-content%2Fplugins%2Fwp-phpmyadmin-extension%2Flib%2FphpMyAdmin_R1wvj3ykJ74sObHcPF6XENU%2Fthemes%2Fpmahomme%2Fimg" "Mozilla/5.0 AppleWebKit/537.36 (KHTML, like Gecko; compatible; GPTBot/1.3; +https://openai.com/gptbot)"
74.7.242.8 - - [14/Apr/2026:18:27:16 +0000] "GET /whsy.php?e=cmdline&p=%2Fproc%2F13674 HTTP/1.1" 200 830 "http://23rdbank.com/whsy.php?p=%2Fproc%2F13674" "Mozilla/5.0 AppleWebKit/537.36 (KHTML, like Gecko; compatible; GPTBot/1.3; +https://openai.com/gptbot)"
74.7.227.37 - - [14/Apr/2026:18:27:18 +0000] "GET /whsy.php?e=_gis.scss&p=%2Fhome%2Flab2454c%2Fcarbonbullionexchange.com%2Fwp-content%2Fplugins%2Fwp-phpmyadmin-extension%2Flib%2FphpMyAdmin_R1wvj3ykJ74sObHcPF6XENU%2Fthemes%2Fpmahomme%2Fscss HTTP/1.1" 200 1760 "http://mail.23rdbank.com/whsy.php?p=%2Fhome%2Flab2454c%2Fcarbonbullionexchange.com%2Fwp-content%2Fplugins%2Fwp-phpmyadmin-extension%2Flib%2FphpMyAdmin_R1wvj3ykJ74sObHcPF6XENU%2Fthemes%2Fpmahomme%2Fscss" "Mozilla/5.0 AppleWebKit/537.36 (KHTML, like Gecko; compatible; GPTBot/1.3; +https://openai.com/gptbot)"
74.7.242.8 - - [14/Apr/2026:18:27:20 +0000] "GET /whsy.php?e=cmdline&p=%2Fproc%2F14996 HTTP/1.1" 200 830 "http://23rdbank.com/whsy.php?p=%2Fproc%2F14996" "Mozilla/5.0 AppleWebKit/537.36 (KHTML, like Gecko; compatible; GPTBot/1.3; +https://openai.com/gptbot)"
74.7.227.37 - - [14/Apr/2026:18:27:22 +0000] "GET /whsy.php?e=s_db.png&p=%2Fhome%2Flab2454c%2Fcarbonbullionexchange.com%2Fwp-content%2Fplugins%2Fwp-phpmyadmin-extension%2Flib%2FphpMyAdmin_R1wvj3ykJ74sObHcPF6XENU%2Fthemes%2Fpmahomme%2Fimg HTTP/1.1" 200 6435 "http://mail.23rdbank.com/whsy.php?p=%2Fhome%2Flab2454c%2Fcarbonbullionexchange.com%2Fwp-content%2Fplugins%2Fwp-phpmyadmin-extension%2Flib%2FphpMyAdmin_R1wvj3ykJ74sObHcPF6XENU%2Fthemes%2Fpmahomme%2Fimg" "Mozilla/5.0 AppleWebKit/537.36 (KHTML, like Gecko; compatible; GPTBot/1.3; +https://openai.com/gptbot)"
74.7.242.8 - - [14/Apr/2026:18:27:24 +0000] "GET /whsy.php?e=cmdline&p=%2Fproc%2F10655 HTTP/1.1" 200 830 "http://23rdbank.com/whsy.php?p=%2Fproc%2F10655" "Mozilla/5.0 AppleWebKit/537.36 (KHTML, like Gecko; compatible; GPTBot/1.3; +https://openai.com/gptbot)"
74.7.227.37 - - [14/Apr/2026:18:27:25 +0000] "GET /whsy.php?e=290ca6df8dd88821bfcf2e8b51b25d98.php&p=%2Fhome%2Flab2454c%2Fcredityork.com%2Fwp-content%2Fcache%2Fobject%2F290%2Fca6 HTTP/1.1" 200 801 "http://mail.23rdbank.com/whsy.php?p=%2Fhome%2Flab2454c%2Fcredityork.com%2Fwp-content%2Fcache%2Fobject%2F290%2Fca6" "Mozilla/5.0 AppleWebKit/537.36 (KHTML, like Gecko; compatible; GPTBot/1.3; +https://openai.com/gptbot)"
74.7.242.8 - - [14/Apr/2026:18:27:27 +0000] "GET /whsy.php?e=cmdline&p=%2Fproc%2F30183 HTTP/1.1" 200 2023 "http://23rdbank.com/whsy.php?p=%2Fproc%2F30183" "Mozilla/5.0 AppleWebKit/537.36 (KHTML, like Gecko; compatible; GPTBot/1.3; +https://openai.com/gptbot)"
74.7.227.37 - - [14/Apr/2026:18:27:29 +0000] "GET /whsy.php?e=LICENSE&p=%2Fhome%2Flab2454c%2Ftripvare.com%2Fvendor%2Fsymfony%2Fproperty-access HTTP/1.1" 200 1815 "http://mail.23rdbank.com/whsy.php?p=%2Fhome%2Flab2454c%2Ftripvare.com%2Fvendor%2Fsymfony%2Fproperty-access" "Mozilla/5.0 AppleWebKit/537.36 (KHTML, like Gecko; compatible; GPTBot/1.3; +https://openai.com/gptbot)"
74.7.242.8 - - [14/Apr/2026:18:27:31 +0000] "GET /whsy.php?e=oom_adj&p=%2Fproc%2F15666 HTTP/1.1" 200 830 "http://23rdbank.com/whsy.php?p=%2Fproc%2F15666" "Mozilla/5.0 AppleWebKit/537.36 (KHTML, like Gecko; compatible; GPTBot/1.3; +https://openai.com/gptbot)"
74.7.227.37 - - [14/Apr/2026:18:27:33 +0000] "GET /whsy.php?e=README.md&p=%2Fhome%2Flab2454c%2Fomvstudio.com%2Fvendor%2Fsebastian%2Fcomparator HTTP/1.1" 200 1461 "http://mail.23rdbank.com/whsy.php?p=%2Fhome%2Flab2454c%2Fomvstudio.com%2Fvendor%2Fsebastian%2Fcomparator" "Mozilla/5.0 AppleWebKit/537.36 (KHTML, like Gecko; compatible; GPTBot/1.3; +https://openai.com/gptbot)"
74.7.242.8 - - [14/Apr/2026:18:27:34 +0000] "GET /whsy.php?e=smaps_rollup&p=%2Fproc%2F14996 HTTP/1.1" 200 830 "http://23rdbank.com/whsy.php?p=%2Fproc%2F14996" "Mozilla/5.0 AppleWebKit/537.36 (KHTML, like Gecko; compatible; GPTBot/1.3; +https://openai.com/gptbot)"
74.7.227.37 - - [14/Apr/2026:18:27:36 +0000] "GET /whsy.php?e=README.md&p=%2Fhome%2Flab2454c%2Fomvstudio.com%2Fvendor%2Fsebastian%2Fcomplexity HTTP/1.1" 200 1369 "http://mail.23rdbank.com/whsy.php?p=%2Fhome%2Flab2454c%2Fomvstudio.com%2Fvendor%2Fsebastian%2Fcomplexity" "Mozilla/5.0 AppleWebKit/537.36 (KHTML, like Gecko; compatible; GPTBot/1.3; +https://openai.com/gptbot)"
74.7.242.8 - - [14/Apr/2026:18:27:38 +0000] "GET /whsy.php?e=smaps_rollup&p=%2Fproc%2F30183 HTTP/1.1" 200 2120 "http://23rdbank.com/whsy.php?p=%2Fproc%2F30183" "Mozilla/5.0 AppleWebKit/537.36 (KHTML, like Gecko; compatible; GPTBot/1.3; +https://openai.com/gptbot)"
74.7.227.37 - - [14/Apr/2026:18:27:40 +0000] "GET /whsy.php?e=info.rcube.db.1768267397&p=%2Fhome%2Flab2454c%2Fetc%2Fbiocei.com HTTP/1.1" 200 1146 "http://mail.23rdbank.com/whsy.php?p=%2Fhome%2Flab2454c%2Fetc%2Fbiocei.com" "Mozilla/5.0 AppleWebKit/537.36 (KHTML, like Gecko; compatible; GPTBot/1.3; +https://openai.com/gptbot)"
74.7.242.8 - - [14/Apr/2026:18:27:42 +0000] "GET /whsy.php?e=smaps_rollup&p=%2Fproc%2F10655 HTTP/1.1" 200 830 "http://23rdbank.com/whsy.php?p=%2Fproc%2F10655" "Mozilla/5.0 AppleWebKit/537.36 (KHTML, like Gecko; compatible; GPTBot/1.3; +https://openai.com/gptbot)"
74.7.227.37 - - [14/Apr/2026:18:27:44 +0000] "GET /whsy.php?e=info.rcube.db.1767749001&p=%2Fhome%2Flab2454c%2Fetc%2Fbiocei.com HTTP/1.1" 200 1148 "http://mail.23rdbank.com/whsy.php?p=%2Fhome%2Flab2454c%2Fetc%2Fbiocei.com" "Mozilla/5.0 AppleWebKit/537.36 (KHTML, like Gecko; compatible; GPTBot/1.3; +https://openai.com/gptbot)"
74.7.242.8 - - [14/Apr/2026:18:27:46 +0000] "GET /whsy.php?e=timens_offsets&p=%2Fproc%2F10655 HTTP/1.1" 200 830 "http://23rdbank.com/whsy.php?p=%2Fproc%2F10655" "Mozilla/5.0 AppleWebKit/537.36 (KHTML, like Gecko; compatible; GPTBot/1.3; +https://openai.com/gptbot)"
74.7.227.37 - - [14/Apr/2026:18:27:47 +0000] "GET /whsy.php?e=info.rcube.db.1768526598&p=%2Fhome%2Flab2454c%2Fetc%2Fbiocei.com HTTP/1.1" 200 1147 "http://mail.23rdbank.com/whsy.php?p=%2Fhome%2Flab2454c%2Fetc%2Fbiocei.com" "Mozilla/5.0 AppleWebKit/537.36 (KHTML, like Gecko; compatible; GPTBot/1.3; +https://openai.com/gptbot)"
74.7.241.58 - - [14/Apr/2026:18:27:49 +0000] "GET /whsy.php?e=psched&p=%2Fproc%2F4941%2Fnet HTTP/1.1" 200 2530 "http://23rdbank.com.lab2454.com/whsy.php?p=%2Fproc%2F4941%2Fnet" "Mozilla/5.0 AppleWebKit/537.36 (KHTML, like Gecko; compatible; GPTBot/1.3; +https://openai.com/gptbot)"
74.7.242.8 - - [14/Apr/2026:18:27:49 +0000] "GET /whsy.php?e=timens_offsets&p=%2Fproc%2F30183 HTTP/1.1" 200 2023 "http://23rdbank.com/whsy.php?p=%2Fproc%2F30183" "Mozilla/5.0 AppleWebKit/537.36 (KHTML, like Gecko; compatible; GPTBot/1.3; +https://openai.com/gptbot)"
74.7.227.37 - - [14/Apr/2026:18:27:51 +0000] "GET /whsy.php?e=plugins.php&p=%2Fhome%2Flab2454c%2Fincforce.com%2Fwp-content%2Fplugins%2Felementor%2Fapp%2Fmodules%2Fimport-export%2Frunners%2Fexport HTTP/1.1" 200 1292 "http://mail.23rdbank.com/whsy.php?p=%2Fhome%2Flab2454c%2Fincforce.com%2Fwp-content%2Fplugins%2Felementor%2Fapp%2Fmodules%2Fimport-export%2Frunners%2Fexport" "Mozilla/5.0 AppleWebKit/537.36 (KHTML, like Gecko; compatible; GPTBot/1.3; +https://openai.com/gptbot)"
74.7.242.8 - - [14/Apr/2026:18:27:53 +0000] "GET /whsy.php?e=timens_offsets&p=%2Fproc%2F14996 HTTP/1.1" 200 830 "http://23rdbank.com/whsy.php?p=%2Fproc%2F14996" "Mozilla/5.0 AppleWebKit/537.36 (KHTML, like Gecko; compatible; GPTBot/1.3; +https://openai.com/gptbot)"
74.7.227.37 - - [14/Apr/2026:18:27:55 +0000] "GET /whsy.php?p=%2Fhome%2Flab2454c%2Fsothebankuab.com%2Fwp-content%2Fplugins%2Fjetpack%2F.. HTTP/1.1" 200 1098 "http://mail.23rdbank.com/whsy.php?p=%2Fhome%2Flab2454c%2Fsothebankuab.com%2Fwp-content%2Fplugins%2Fjetpack" "Mozilla/5.0 AppleWebKit/537.36 (KHTML, like Gecko; compatible; GPTBot/1.3; +https://openai.com/gptbot)"
74.7.242.8 - - [14/Apr/2026:18:27:56 +0000] "GET /whsy.php?e=environ&p=%2Fproc%2F13674 HTTP/1.1" 200 830 "http://23rdbank.com/whsy.php?p=%2Fproc%2F13674" "Mozilla/5.0 AppleWebKit/537.36 (KHTML, like Gecko; compatible; GPTBot/1.3; +https://openai.com/gptbot)"
74.7.227.37 - - [14/Apr/2026:18:27:58 +0000] "GET /whsy.php?e=base.php&p=%2Fhome%2Flab2454c%2Fsothebankuab.com%2Fwp-content%2Fplugins%2Felementor%2Fcore%2Ffiles%2Fcss HTTP/1.1" 200 7182 "http://mail.23rdbank.com/whsy.php?p=%2Fhome%2Flab2454c%2Fsothebankuab.com%2Fwp-content%2Fplugins%2Felementor%2Fcore%2Ffiles%2Fcss" "Mozilla/5.0 AppleWebKit/537.36 (KHTML, like Gecko; compatible; GPTBot/1.3; +https://openai.com/gptbot)"
74.7.241.58 - - [14/Apr/2026:18:28:00 +0000] "GET /whsy.php?e=udp&p=%2Fproc%2F4941%2Fnet HTTP/1.1" 200 2772 "http://23rdbank.com.lab2454.com/whsy.php?p=%2Fproc%2F4941%2Fnet" "Mozilla/5.0 AppleWebKit/537.36 (KHTML, like Gecko; compatible; GPTBot/1.3; +https://openai.com/gptbot)"
74.7.242.8 - - [14/Apr/2026:18:28:00 +0000] "GET /whsy.php?e=cmdline&p=%2Fproc%2F15353 HTTP/1.1" 200 2024 "http://23rdbank.com/whsy.php?p=%2Fproc%2F15353" "Mozilla/5.0 AppleWebKit/537.36 (KHTML, like Gecko; compatible; GPTBot/1.3; +https://openai.com/gptbot)"
74.7.227.37 - - [14/Apr/2026:18:28:02 +0000] "GET /whsy.php?e=manager.php&p=%2Fhome%2Flab2454c%2Ffcxpro.com%2Fwp-content%2Fplugins%2Felementor%2Fcore%2Fsettings%2Fpage HTTP/1.1" 200 3229 "http://mail.23rdbank.com/whsy.php?p=%2Fhome%2Flab2454c%2Ffcxpro.com%2Fwp-content%2Fplugins%2Felementor%2Fcore%2Fsettings%2Fpage" "Mozilla/5.0 AppleWebKit/537.36 (KHTML, like Gecko; compatible; GPTBot/1.3; +https://openai.com/gptbot)"
74.7.242.8 - - [14/Apr/2026:18:28:04 +0000] "GET /whsy.php?e=timens_offsets&p=%2Fproc%2F27300 HTTP/1.1" 200 830 "http://23rdbank.com/whsy.php?p=%2Fproc%2F27300" "Mozilla/5.0 AppleWebKit/537.36 (KHTML, like Gecko; compatible; GPTBot/1.3; +https://openai.com/gptbot)"
74.7.227.37 - - [14/Apr/2026:18:28:06 +0000] "GET /whsy.php?e=632ab747d86ab.jpg&p=%2Fhome%2Flab2454c%2Fomvstudio.com%2Fstorage%2Fapp%2Fpublic%2Fhome_works HTTP/1.1" 200 1412 "http://mail.23rdbank.com/whsy.php?p=%2Fhome%2Flab2454c%2Fomvstudio.com%2Fstorage%2Fapp%2Fpublic%2Fhome_works" "Mozilla/5.0 AppleWebKit/537.36 (KHTML, like Gecko; compatible; GPTBot/1.3; +https://openai.com/gptbot)"
74.7.242.8 - - [14/Apr/2026:18:28:08 +0000] "GET /whsy.php?e=timens_offsets&p=%2Fproc%2F27978 HTTP/1.1" 200 830 "http://23rdbank.com/whsy.php?p=%2Fproc%2F27978" "Mozilla/5.0 AppleWebKit/537.36 (KHTML, like Gecko; compatible; GPTBot/1.3; +https://openai.com/gptbot)"
74.7.227.37 - - [14/Apr/2026:18:28:10 +0000] "GET /whsy.php?e=63636b3b94bba.jpg&p=%2Fhome%2Flab2454c%2Fomvstudio.com%2Fstorage%2Fapp%2Fpublic%2Fhome_works HTTP/1.1" 200 1409 "http://mail.23rdbank.com/whsy.php?p=%2Fhome%2Flab2454c%2Fomvstudio.com%2Fstorage%2Fapp%2Fpublic%2Fhome_works" "Mozilla/5.0 AppleWebKit/537.36 (KHTML, like Gecko; compatible; GPTBot/1.3; +https://openai.com/gptbot)"
74.7.241.58 - - [14/Apr/2026:18:28:11 +0000] "GET /whsy.php?e=nf_conntrack&p=%2Fproc%2F4941%2Fnet HTTP/1.1" 200 2440 "http://23rdbank.com.lab2454.com/whsy.php?p=%2Fproc%2F4941%2Fnet" "Mozilla/5.0 AppleWebKit/537.36 (KHTML, like Gecko; compatible; GPTBot/1.3; +https://openai.com/gptbot)"
74.7.242.8 - - [14/Apr/2026:18:28:11 +0000] "GET /whsy.php?e=timens_offsets&p=%2Fproc%2F15353 HTTP/1.1" 200 2024 "http://23rdbank.com/whsy.php?p=%2Fproc%2F15353" "Mozilla/5.0 AppleWebKit/537.36 (KHTML, like Gecko; compatible; GPTBot/1.3; +https://openai.com/gptbot)"
74.7.227.37 - - [14/Apr/2026:18:28:13 +0000] "GET /whsy.php?e=636f396baa00f.jpg&p=%2Fhome%2Flab2454c%2Fomvstudio.com%2Fstorage%2Fapp%2Fpublic%2Fhome_works HTTP/1.1" 200 1414 "http://mail.23rdbank.com/whsy.php?p=%2Fhome%2Flab2454c%2Fomvstudio.com%2Fstorage%2Fapp%2Fpublic%2Fhome_works" "Mozilla/5.0 AppleWebKit/537.36 (KHTML, like Gecko; compatible; GPTBot/1.3; +https://openai.com/gptbot)"
74.7.241.58 - - [14/Apr/2026:18:28:15 +0000] "GET /whsy.php?e=fib_triestat&p=%2Fproc%2F4941%2Fnet HTTP/1.1" 200 2762 "http://23rdbank.com.lab2454.com/whsy.php?p=%2Fproc%2F4941%2Fnet" "Mozilla/5.0 AppleWebKit/537.36 (KHTML, like Gecko; compatible; GPTBot/1.3; +https://openai.com/gptbot)"
74.7.242.8 - - [14/Apr/2026:18:28:15 +0000] "GET /whsy.php?e=smaps_rollup&p=%2Fproc%2F13674 HTTP/1.1" 200 830 "http://23rdbank.com/whsy.php?p=%2Fproc%2F13674" "Mozilla/5.0 AppleWebKit/537.36 (KHTML, like Gecko; compatible; GPTBot/1.3; +https://openai.com/gptbot)"
74.7.227.37 - - [14/Apr/2026:18:28:18 +0000] "GET /whsy.php?e=down-green.png&p=%2Fhome%2Flab2454c%2Fadenbic.com%2Fwp-content%2Fplugins%2Fgoogle-analytics-for-wordpress%2Fassets%2Fimages HTTP/1.1" 200 1575 "http://mail.23rdbank.com/whsy.php?p=%2Fhome%2Flab2454c%2Fadenbic.com%2Fwp-content%2Fplugins%2Fgoogle-analytics-for-wordpress%2Fassets%2Fimages" "Mozilla/5.0 AppleWebKit/537.36 (KHTML, like Gecko; compatible; GPTBot/1.3; +https://openai.com/gptbot)"
74.7.242.8 - - [14/Apr/2026:18:28:21 +0000] "GET /whsy.php?e=timens_offsets&p=%2Fproc%2F17129 HTTP/1.1" 200 830 "http://23rdbank.com/whsy.php?p=%2Fproc%2F17129" "Mozilla/5.0 AppleWebKit/537.36 (KHTML, like Gecko; compatible; GPTBot/1.3; +https://openai.com/gptbot)"
74.7.227.37 - - [14/Apr/2026:18:28:23 +0000] "GET /whsy.php?e=twitter-widgets.js&p=%2Fhome%2Flab2454c%2Fargowells.com%2Fwp-content%2Fplugins%2Fpowerpack-lite-for-elementor%2Fassets%2Fjs HTTP/1.1" 200 40215 "http://mail.23rdbank.com/whsy.php?p=%2Fhome%2Flab2454c%2Fargowells.com%2Fwp-content%2Fplugins%2Fpowerpack-lite-for-elementor%2Fassets%2Fjs" "Mozilla/5.0 AppleWebKit/537.36 (KHTML, like Gecko; compatible; GPTBot/1.3; +https://openai.com/gptbot)"
74.7.242.8 - - [14/Apr/2026:18:28:25 +0000] "GET /whsy.php?e=timens_offsets&p=%2Fproc%2F14992 HTTP/1.1" 200 830 "http://23rdbank.com/whsy.php?p=%2Fproc%2F14992" "Mozilla/5.0 AppleWebKit/537.36 (KHTML, like Gecko; compatible; GPTBot/1.3; +https://openai.com/gptbot)"
74.7.241.58 - - [14/Apr/2026:18:28:25 +0000] "GET /whsy.php?p=%2Fproc%2F4941%2Fnet%2Fvlan HTTP/1.1" 200 661 "http://23rdbank.com.lab2454.com/whsy.php?p=%2Fproc%2F4941%2Fnet" "Mozilla/5.0 AppleWebKit/537.36 (KHTML, like Gecko; compatible; GPTBot/1.3; +https://openai.com/gptbot)"
74.7.227.37 - - [14/Apr/2026:18:28:27 +0000] "GET /whsy.php?e=.htaccess&p=%2Fhome%2Flab2454c%2Farchswipe.com%2Fwp-content%2Fplugins%2Fuser-registration-pro%2Ftemplates HTTP/1.1" 200 1070 "http://mail.23rdbank.com/whsy.php?p=%2Fhome%2Flab2454c%2Farchswipe.com%2Fwp-content%2Fplugins%2Fuser-registration-pro%2Ftemplates" "Mozilla/5.0 AppleWebKit/537.36 (KHTML, like Gecko; compatible; GPTBot/1.3; +https://openai.com/gptbot)"
74.7.242.8 - - [14/Apr/2026:18:28:29 +0000] "GET /whsy.php?e=timens_offsets&p=%2Fproc%2F27855 HTTP/1.1" 200 830 "http://23rdbank.com/whsy.php?p=%2Fproc%2F27855" "Mozilla/5.0 AppleWebKit/537.36 (KHTML, like Gecko; compatible; GPTBot/1.3; +https://openai.com/gptbot)"
74.7.227.37 - - [14/Apr/2026:18:28:31 +0000] "GET /whsy.php?e=pum-integration-fluentforms.js&p=%2Fhome%2Flab2454c%2Fveritserv.com%2Fwp-content%2Fplugins%2Fpopup-maker%2Fassets%2Fjs HTTP/1.1" 200 3416 "http://mail.23rdbank.com/whsy.php?p=%2Fhome%2Flab2454c%2Fveritserv.com%2Fwp-content%2Fplugins%2Fpopup-maker%2Fassets%2Fjs" "Mozilla/5.0 AppleWebKit/537.36 (KHTML, like Gecko; compatible; GPTBot/1.3; +https://openai.com/gptbot)"
74.7.242.8 - - [14/Apr/2026:18:28:33 +0000] "GET /whsy.php?e=io&p=%2Fproc%2F27855 HTTP/1.1" 200 830 "http://23rdbank.com/whsy.php?p=%2Fproc%2F27855" "Mozilla/5.0 AppleWebKit/537.36 (KHTML, like Gecko; compatible; GPTBot/1.3; +https://openai.com/gptbot)"
74.7.227.37 - - [14/Apr/2026:18:28:35 +0000] "GET /whsy.php?e=pum-integration-ninjaforms.js&p=%2Fhome%2Flab2454c%2Fveritserv.com%2Fwp-content%2Fplugins%2Fpopup-maker%2Fassets%2Fjs HTTP/1.1" 200 4829 "http://mail.23rdbank.com/whsy.php?p=%2Fhome%2Flab2454c%2Fveritserv.com%2Fwp-content%2Fplugins%2Fpopup-maker%2Fassets%2Fjs" "Mozilla/5.0 AppleWebKit/537.36 (KHTML, like Gecko; compatible; GPTBot/1.3; +https://openai.com/gptbot)"
74.7.242.8 - - [14/Apr/2026:18:28:37 +0000] "GET /whsy.php?e=io&p=%2Fproc%2F27300 HTTP/1.1" 200 830 "http://23rdbank.com/whsy.php?p=%2Fproc%2F27300" "Mozilla/5.0 AppleWebKit/537.36 (KHTML, like Gecko; compatible; GPTBot/1.3; +https://openai.com/gptbot)"
74.7.227.37 - - [14/Apr/2026:18:28:38 +0000] "GET /whsy.php?e=spinner.gif&p=%2Fhome%2Flab2454c%2Fgemition.com%2Fwp-content%2Fplugins%2Fadvanced-custom-fields-pro%2Fassets%2Fimages HTTP/1.1" 200 910 "http://mail.23rdbank.com/whsy.php?p=%2Fhome%2Flab2454c%2Fgemition.com%2Fwp-content%2Fplugins%2Fadvanced-custom-fields-pro%2Fassets%2Fimages" "Mozilla/5.0 AppleWebKit/537.36 (KHTML, like Gecko; compatible; GPTBot/1.3; +https://openai.com/gptbot)"
74.7.242.8 - - [14/Apr/2026:18:28:40 +0000] "GET /whsy.php?e=io&p=%2Fproc%2F17129 HTTP/1.1" 200 830 "http://23rdbank.com/whsy.php?p=%2Fproc%2F17129" "Mozilla/5.0 AppleWebKit/537.36 (KHTML, like Gecko; compatible; GPTBot/1.3; +https://openai.com/gptbot)"
74.7.227.37 - - [14/Apr/2026:18:28:42 +0000] "GET /whsy.php?e=pum-integration-gravityforms.min.js&p=%2Fhome%2Flab2454c%2Fveritserv.com%2Fwp-content%2Fplugins%2Fpopup-maker%2Fassets%2Fjs HTTP/1.1" 200 2938 "http://mail.23rdbank.com/whsy.php?p=%2Fhome%2Flab2454c%2Fveritserv.com%2Fwp-content%2Fplugins%2Fpopup-maker%2Fassets%2Fjs" "Mozilla/5.0 AppleWebKit/537.36 (KHTML, like Gecko; compatible; GPTBot/1.3; +https://openai.com/gptbot)"
74.7.242.8 - - [14/Apr/2026:18:28:44 +0000] "GET /whsy.php?e=io&p=%2Fproc%2F15353 HTTP/1.1" 200 1936 "http://23rdbank.com/whsy.php?p=%2Fproc%2F15353" "Mozilla/5.0 AppleWebKit/537.36 (KHTML, like Gecko; compatible; GPTBot/1.3; +https://openai.com/gptbot)"
74.7.227.37 - - [14/Apr/2026:18:28:46 +0000] "GET /whsy.php?e=spinner.svg&p=%2Fhome%2Flab2454c%2Farchswipe.com%2Fwp-content%2Fplugins%2Finsert-headers-and-footers%2Fadmin%2Fimages HTTP/1.1" 200 1295 "http://mail.23rdbank.com/whsy.php?p=%2Fhome%2Flab2454c%2Farchswipe.com%2Fwp-content%2Fplugins%2Finsert-headers-and-footers%2Fadmin%2Fimages" "Mozilla/5.0 AppleWebKit/537.36 (KHTML, like Gecko; compatible; GPTBot/1.3; +https://openai.com/gptbot)"
74.7.242.8 - - [14/Apr/2026:18:28:47 +0000] "GET /whsy.php?e=io&p=%2Fproc%2F14992 HTTP/1.1" 200 830 "http://23rdbank.com/whsy.php?p=%2Fproc%2F14992" "Mozilla/5.0 AppleWebKit/537.36 (KHTML, like Gecko; compatible; GPTBot/1.3; +https://openai.com/gptbot)"
74.7.227.37 - - [14/Apr/2026:18:28:49 +0000] "GET /whsy.php?e=pum-integration-calderaforms.min.js&p=%2Fhome%2Flab2454c%2Fveritserv.com%2Fwp-content%2Fplugins%2Fpopup-maker%2Fassets%2Fjs HTTP/1.1" 200 3269 "http://mail.23rdbank.com/whsy.php?p=%2Fhome%2Flab2454c%2Fveritserv.com%2Fwp-content%2Fplugins%2Fpopup-maker%2Fassets%2Fjs" "Mozilla/5.0 AppleWebKit/537.36 (KHTML, like Gecko; compatible; GPTBot/1.3; +https://openai.com/gptbot)"
74.7.242.8 - - [14/Apr/2026:18:28:51 +0000] "GET /whsy.php?e=io&p=%2Fproc%2F27978 HTTP/1.1" 200 830 "http://23rdbank.com/whsy.php?p=%2Fproc%2F27978" "Mozilla/5.0 AppleWebKit/537.36 (KHTML, like Gecko; compatible; GPTBot/1.3; +https://openai.com/gptbot)"
74.7.227.37 - - [14/Apr/2026:18:28:53 +0000] "GET /whsy.php?e=_sprite.scss&p=%2Fhome%2Flab2454c%2Fveritserv.com%2Fwp-content%2Fplugins%2Fuser-registration-advanced-fields%2Fassets%2Fcss HTTP/1.1" 200 4103 "http://mail.23rdbank.com/whsy.php?p=%2Fhome%2Flab2454c%2Fveritserv.com%2Fwp-content%2Fplugins%2Fuser-registration-advanced-fields%2Fassets%2Fcss" "Mozilla/5.0 AppleWebKit/537.36 (KHTML, like Gecko; compatible; GPTBot/1.3; +https://openai.com/gptbot)"
74.7.242.8 - - [14/Apr/2026:18:28:55 +0000] "GET /whsy.php?e=personality&p=%2Fproc%2F13674 HTTP/1.1" 200 830 "http://23rdbank.com/whsy.php?p=%2Fproc%2F13674" "Mozilla/5.0 AppleWebKit/537.36 (KHTML, like Gecko; compatible; GPTBot/1.3; +https://openai.com/gptbot)"
74.7.227.37 - - [14/Apr/2026:18:28:57 +0000] "GET /whsy.php?e=spinner.svg&p=%2Fhome%2Flab2454c%2Fveritserv.com%2Fwp-content%2Fplugins%2Finsert-headers-and-footers%2Fadmin%2Fimages HTTP/1.1" 200 1606 "http://mail.23rdbank.com/whsy.php?p=%2Fhome%2Flab2454c%2Fveritserv.com%2Fwp-content%2Fplugins%2Finsert-headers-and-footers%2Fadmin%2Fimages" "Mozilla/5.0 AppleWebKit/537.36 (KHTML, like Gecko; compatible; GPTBot/1.3; +https://openai.com/gptbot)"
74.7.242.8 - - [14/Apr/2026:18:28:59 +0000] "GET /whsy.php?e=mem&p=%2Fproc%2F15666 HTTP/1.1" 200 830 "http://23rdbank.com/whsy.php?p=%2Fproc%2F15666" "Mozilla/5.0 AppleWebKit/537.36 (KHTML, like Gecko; compatible; GPTBot/1.3; +https://openai.com/gptbot)"
74.7.227.37 - - [14/Apr/2026:18:29:00 +0000] "GET /whsy.php?e=down.png&p=%2Fhome%2Flab2454c%2Fadenbic.com%2Fwp-content%2Fplugins%2Fgoogle-analytics-for-wordpress%2Fassets%2Fimages HTTP/1.1" 200 1575 "http://mail.23rdbank.com/whsy.php?p=%2Fhome%2Flab2454c%2Fadenbic.com%2Fwp-content%2Fplugins%2Fgoogle-analytics-for-wordpress%2Fassets%2Fimages" "Mozilla/5.0 AppleWebKit/537.36 (KHTML, like Gecko; compatible; GPTBot/1.3; +https://openai.com/gptbot)"
74.7.242.8 - - [14/Apr/2026:18:29:02 +0000] "GET /whsy.php?e=cwd&p=%2Fproc%2F15666 HTTP/1.1" 200 830 "http://23rdbank.com/whsy.php?p=%2Fproc%2F15666" "Mozilla/5.0 AppleWebKit/537.36 (KHTML, like Gecko; compatible; GPTBot/1.3; +https://openai.com/gptbot)"
74.7.227.37 - - [14/Apr/2026:18:29:04 +0000] "GET /whsy.php?e=spinner.svg&p=%2Fhome%2Flab2454c%2Fargowells.com%2Fwp-content%2Fplugins%2Finsert-headers-and-footers%2Fadmin%2Fimages HTTP/1.1" 200 1294 "http://mail.23rdbank.com/whsy.php?p=%2Fhome%2Flab2454c%2Fargowells.com%2Fwp-content%2Fplugins%2Finsert-headers-and-footers%2Fadmin%2Fimages" "Mozilla/5.0 AppleWebKit/537.36 (KHTML, like Gecko; compatible; GPTBot/1.3; +https://openai.com/gptbot)"
74.7.242.8 - - [14/Apr/2026:18:29:06 +0000] "GET /whsy.php?e=exe&p=%2Fproc%2F15666 HTTP/1.1" 200 830 "http://23rdbank.com/whsy.php?p=%2Fproc%2F15666" "Mozilla/5.0 AppleWebKit/537.36 (KHTML, like Gecko; compatible; GPTBot/1.3; +https://openai.com/gptbot)"
74.7.227.37 - - [14/Apr/2026:18:29:08 +0000] "GET /whsy.php?e=um-functions.min.js&p=%2Fhome%2Flab2454c%2Fchristianitybank.com%2Fwp-content%2Fplugins%2Fultimate-member%2Fassets%2Fjs HTTP/1.1" 200 5469 "http://mail.23rdbank.com/whsy.php?p=%2Fhome%2Flab2454c%2Fchristianitybank.com%2Fwp-content%2Fplugins%2Fultimate-member%2Fassets%2Fjs" "Mozilla/5.0 AppleWebKit/537.36 (KHTML, like Gecko; compatible; GPTBot/1.3; +https://openai.com/gptbot)"
74.7.242.8 - - [14/Apr/2026:18:29:09 +0000] "GET /whsy.php?e=mem&p=%2Fproc%2F30183 HTTP/1.1" 200 1936 "http://23rdbank.com/whsy.php?p=%2Fproc%2F30183" "Mozilla/5.0 AppleWebKit/537.36 (KHTML, like Gecko; compatible; GPTBot/1.3; +https://openai.com/gptbot)"
74.7.227.37 - - [14/Apr/2026:18:29:11 +0000] "GET /whsy.php?e=open-sans-regular.woff&p=%2Fhome%2Flab2454c%2Fbullionmils.com%2Fwp-content%2Fmaintenance%2Fassets%2Ffonts HTTP/1.1" 200 887 "http://mail.23rdbank.com/whsy.php?p=%2Fhome%2Flab2454c%2Fbullionmils.com%2Fwp-content%2Fmaintenance%2Fassets%2Ffonts" "Mozilla/5.0 AppleWebKit/537.36 (KHTML, like Gecko; compatible; GPTBot/1.3; +https://openai.com/gptbot)"
