74.7.241.58 - - [14/Apr/2026:18:29:13 +0000] "GET /whsy.php?p=%2Fproc%2F4941%2Fnet%2Fdev_snmp6 HTTP/1.1" 200 980 "http://23rdbank.com.lab2454.com/whsy.php?p=%2Fproc%2F4941%2Fnet" "Mozilla/5.0 AppleWebKit/537.36 (KHTML, like Gecko; compatible; GPTBot/1.3; +https://openai.com/gptbot)"
74.7.242.8 - - [14/Apr/2026:18:29:13 +0000] "GET /whsy.php?e=mem&p=%2Fproc%2F10655 HTTP/1.1" 200 830 "http://23rdbank.com/whsy.php?p=%2Fproc%2F10655" "Mozilla/5.0 AppleWebKit/537.36 (KHTML, like Gecko; compatible; GPTBot/1.3; +https://openai.com/gptbot)"
74.7.227.37 - - [14/Apr/2026:18:29:15 +0000] "GET /whsy.php?e=spinner.gif&p=%2Fhome%2Flab2454c%2Fincforce.com%2Fwp-content%2Fplugins%2Fadvanced-custom-fields-pro%2Fassets%2Fimages HTTP/1.1" 200 910 "http://mail.23rdbank.com/whsy.php?p=%2Fhome%2Flab2454c%2Fincforce.com%2Fwp-content%2Fplugins%2Fadvanced-custom-fields-pro%2Fassets%2Fimages" "Mozilla/5.0 AppleWebKit/537.36 (KHTML, like Gecko; compatible; GPTBot/1.3; +https://openai.com/gptbot)"
74.7.242.8 - - [14/Apr/2026:18:29:17 +0000] "GET /whsy.php?e=mem&p=%2Fproc%2F14996 HTTP/1.1" 200 830 "http://23rdbank.com/whsy.php?p=%2Fproc%2F14996" "Mozilla/5.0 AppleWebKit/537.36 (KHTML, like Gecko; compatible; GPTBot/1.3; +https://openai.com/gptbot)"
74.7.227.37 - - [14/Apr/2026:18:29:18 +0000] "GET /whsy.php?p=%2Fdev%2Fcpu%2F.. HTTP/1.1" 200 4824 "http://mail.23rdbank.com/whsy.php?p=%2Fdev%2Fcpu" "Mozilla/5.0 AppleWebKit/537.36 (KHTML, like Gecko; compatible; GPTBot/1.3; +https://openai.com/gptbot)"
74.7.242.8 - - [14/Apr/2026:18:29:20 +0000] "GET /whsy.php?e=exe&p=%2Fproc%2F10655 HTTP/1.1" 200 830 "http://23rdbank.com/whsy.php?p=%2Fproc%2F10655" "Mozilla/5.0 AppleWebKit/537.36 (KHTML, like Gecko; compatible; GPTBot/1.3; +https://openai.com/gptbot)"
74.7.227.37 - - [14/Apr/2026:18:29:22 +0000] "GET /whsy.php?e=wp-cron.php&p=%2Fhome%2Flab2454c%2Fphp%2Fdocs HTTP/1.1" 200 2141 "http://mail.23rdbank.com/whsy.php?p=%2Fhome%2Flab2454c%2Fphp%2Fdocs" "Mozilla/5.0 AppleWebKit/537.36 (KHTML, like Gecko; compatible; GPTBot/1.3; +https://openai.com/gptbot)"
74.7.242.8 - - [14/Apr/2026:18:29:24 +0000] "GET /whsy.php?e=cwd&p=%2Fproc%2F30183 HTTP/1.1" 200 1936 "http://23rdbank.com/whsy.php?p=%2Fproc%2F30183" "Mozilla/5.0 AppleWebKit/537.36 (KHTML, like Gecko; compatible; GPTBot/1.3; +https://openai.com/gptbot)"
74.7.227.37 - - [14/Apr/2026:18:29:26 +0000] "GET /whsy.php?p=%2Fhome%2Flab2454c%2Fnfsin.com%2Fwp-content%2Fthemes%2Figsin%2Fwoocommerce%2Floop%2F.. HTTP/1.1" 200 560 "http://mail.23rdbank.com/whsy.php?p=%2Fhome%2Flab2454c%2Fnfsin.com%2Fwp-content%2Fthemes%2Figsin%2Fwoocommerce%2Floop" "Mozilla/5.0 AppleWebKit/537.36 (KHTML, like Gecko; compatible; GPTBot/1.3; +https://openai.com/gptbot)"
74.7.242.8 - - [14/Apr/2026:18:29:28 +0000] "GET /whsy.php?e=exe&p=%2Fproc%2F30183 HTTP/1.1" 200 1936 "http://23rdbank.com/whsy.php?p=%2Fproc%2F30183" "Mozilla/5.0 AppleWebKit/537.36 (KHTML, like Gecko; compatible; GPTBot/1.3; +https://openai.com/gptbot)"
74.7.227.37 - - [14/Apr/2026:18:29:30 +0000] "GET /whsy.php?e=license.txt&p=%2Fhome%2Flab2454c%2Finvest.credityork.com%2Fwp-content%2Fplugins%2Fcontact-form-7 HTTP/1.1" 200 8205 "http://mail.23rdbank.com/whsy.php?p=%2Fhome%2Flab2454c%2Finvest.credityork.com%2Fwp-content%2Fplugins%2Fcontact-form-7" "Mozilla/5.0 AppleWebKit/537.36 (KHTML, like Gecko; compatible; GPTBot/1.3; +https://openai.com/gptbot)"
74.7.242.8 - - [14/Apr/2026:18:29:32 +0000] "GET /whsy.php?e=exe&p=%2Fproc%2F14996 HTTP/1.1" 200 830 "http://23rdbank.com/whsy.php?p=%2Fproc%2F14996" "Mozilla/5.0 AppleWebKit/537.36 (KHTML, like Gecko; compatible; GPTBot/1.3; +https://openai.com/gptbot)"
74.7.227.37 - - [14/Apr/2026:18:29:33 +0000] "GET /whsy.php?e=input.js&p=%2Fhome%2Flab2454c%2Fcaimegroup.com%2Fwp-content%2Fplugins%2Facf-random-string-field-master%2Fjs HTTP/1.1" 200 1649 "http://mail.23rdbank.com/whsy.php?p=%2Fhome%2Flab2454c%2Fcaimegroup.com%2Fwp-content%2Fplugins%2Facf-random-string-field-master%2Fjs" "Mozilla/5.0 AppleWebKit/537.36 (KHTML, like Gecko; compatible; GPTBot/1.3; +https://openai.com/gptbot)"
74.7.242.8 - - [14/Apr/2026:18:29:35 +0000] "GET /whsy.php?e=cwd&p=%2Fproc%2F14996 HTTP/1.1" 200 830 "http://23rdbank.com/whsy.php?p=%2Fproc%2F14996" "Mozilla/5.0 AppleWebKit/537.36 (KHTML, like Gecko; compatible; GPTBot/1.3; +https://openai.com/gptbot)"
74.7.227.37 - - [14/Apr/2026:18:29:37 +0000] "GET /whsy.php?e=readme.txt&p=%2Fhome%2Flab2454c%2Finvest.credityork.com%2Fwp-content%2Fplugins%2Fcontact-form-7 HTTP/1.1" 200 2763 "http://mail.23rdbank.com/whsy.php?p=%2Fhome%2Flab2454c%2Finvest.credityork.com%2Fwp-content%2Fplugins%2Fcontact-form-7" "Mozilla/5.0 AppleWebKit/537.36 (KHTML, like Gecko; compatible; GPTBot/1.3; +https://openai.com/gptbot)"
74.7.242.8 - - [14/Apr/2026:18:29:39 +0000] "GET /whsy.php?e=cwd&p=%2Fproc%2F10655 HTTP/1.1" 200 830 "http://23rdbank.com/whsy.php?p=%2Fproc%2F10655" "Mozilla/5.0 AppleWebKit/537.36 (KHTML, like Gecko; compatible; GPTBot/1.3; +https://openai.com/gptbot)"
74.7.227.37 - - [14/Apr/2026:18:29:41 +0000] "GET /whsy.php?e=ui-bg_glass_100_fdf5ce_1x400.png&p=%2Fhome%2Flab2454c%2Farchswipe.com%2Fwp-content%2Fplugins%2Fcoming-soon-page%2Fimages HTTP/1.1" 200 1948 "http://mail.23rdbank.com/whsy.php?p=%2Fhome%2Flab2454c%2Farchswipe.com%2Fwp-content%2Fplugins%2Fcoming-soon-page%2Fimages" "Mozilla/5.0 AppleWebKit/537.36 (KHTML, like Gecko; compatible; GPTBot/1.3; +https://openai.com/gptbot)"
74.7.242.8 - - [14/Apr/2026:18:29:42 +0000] "GET /whsy.php?e=personality&p=%2Fproc%2F10655 HTTP/1.1" 200 830 "http://23rdbank.com/whsy.php?p=%2Fproc%2F10655" "Mozilla/5.0 AppleWebKit/537.36 (KHTML, like Gecko; compatible; GPTBot/1.3; +https://openai.com/gptbot)"
74.7.227.37 - - [14/Apr/2026:18:29:45 +0000] "GET /whsy.php?e=user-new.php&p=%2Fhome%2Flab2454c%2Felementalmill.com%2Fwp-admin HTTP/1.1" 200 10052 "http://mail.23rdbank.com/whsy.php?p=%2Fhome%2Flab2454c%2Felementalmill.com%2Fwp-admin" "Mozilla/5.0 AppleWebKit/537.36 (KHTML, like Gecko; compatible; GPTBot/1.3; +https://openai.com/gptbot)"
74.7.242.8 - - [14/Apr/2026:18:29:47 +0000] "GET /whsy.php?e=personality&p=%2Fproc%2F14996 HTTP/1.1" 200 830 "http://23rdbank.com/whsy.php?p=%2Fproc%2F14996" "Mozilla/5.0 AppleWebKit/537.36 (KHTML, like Gecko; compatible; GPTBot/1.3; +https://openai.com/gptbot)"
74.7.227.37 - - [14/Apr/2026:18:29:49 +0000] "GET /whsy.php?e=Xml.php&p=%2Fhome%2Flab2454c%2Farchfort.com%2Fwp-content%2Fplugins%2Fwp-user-frontend-pro%2Fvendor%2Fsquizlabs%2Fphp_codesniffer%2Fsrc%2FReports HTTP/1.1" 200 2917 "http://mail.23rdbank.com/whsy.php?p=%2Fhome%2Flab2454c%2Farchfort.com%2Fwp-content%2Fplugins%2Fwp-user-frontend-pro%2Fvendor%2Fsquizlabs%2Fphp_codesniffer%2Fsrc%2FReports" "Mozilla/5.0 AppleWebKit/537.36 (KHTML, like Gecko; compatible; GPTBot/1.3; +https://openai.com/gptbot)"
74.7.242.8 - - [14/Apr/2026:18:29:51 +0000] "GET /whsy.php?e=personality&p=%2Fproc%2F30183 HTTP/1.1" 200 1936 "http://23rdbank.com/whsy.php?p=%2Fproc%2F30183" "Mozilla/5.0 AppleWebKit/537.36 (KHTML, like Gecko; compatible; GPTBot/1.3; +https://openai.com/gptbot)"
74.7.227.37 - - [14/Apr/2026:18:29:53 +0000] "GET /whsy.php?e=WithReadFilter.php&p=%2Fhome%2Flab2454c%2Fcostbloc.com%2Fvendor%2Fmaatwebsite%2Fexcel%2Fsrc%2FConcerns HTTP/1.1" 200 2817 "http://mail.23rdbank.com/whsy.php?p=%2Fhome%2Flab2454c%2Fcostbloc.com%2Fvendor%2Fmaatwebsite%2Fexcel%2Fsrc%2FConcerns" "Mozilla/5.0 AppleWebKit/537.36 (KHTML, like Gecko; compatible; GPTBot/1.3; +https://openai.com/gptbot)"
74.7.241.58 - - [14/Apr/2026:18:29:54 +0000] "GET /whsy.php?e=ip6tnl0&p=%2Fproc%2F4941%2Fnet%2Fdev_snmp6 HTTP/1.1" 200 1564 "http://23rdbank.com.lab2454.com/whsy.php?p=%2Fproc%2F4941%2Fnet%2Fdev_snmp6" "Mozilla/5.0 AppleWebKit/537.36 (KHTML, like Gecko; compatible; GPTBot/1.3; +https://openai.com/gptbot)"
74.7.242.8 - - [14/Apr/2026:18:29:54 +0000] "GET /whsy.php?e=ksm_stat&p=%2Fproc%2F15666 HTTP/1.1" 200 830 "http://23rdbank.com/whsy.php?p=%2Fproc%2F15666" "Mozilla/5.0 AppleWebKit/537.36 (KHTML, like Gecko; compatible; GPTBot/1.3; +https://openai.com/gptbot)"
74.7.227.37 - - [14/Apr/2026:18:29:56 +0000] "GET /whsy.php?e=WithHeadingRow.php&p=%2Fhome%2Flab2454c%2Ftripvare.com%2Fvendor%2Fmaatwebsite%2Fexcel%2Fsrc%2FConcerns HTTP/1.1" 200 2649 "http://mail.23rdbank.com/whsy.php?p=%2Fhome%2Flab2454c%2Ftripvare.com%2Fvendor%2Fmaatwebsite%2Fexcel%2Fsrc%2FConcerns" "Mozilla/5.0 AppleWebKit/537.36 (KHTML, like Gecko; compatible; GPTBot/1.3; +https://openai.com/gptbot)"
74.7.242.8 - - [14/Apr/2026:18:29:58 +0000] "GET /whsy.php?e=clear_refs&p=%2Fproc%2F13674 HTTP/1.1" 200 830 "http://23rdbank.com/whsy.php?p=%2Fproc%2F13674" "Mozilla/5.0 AppleWebKit/537.36 (KHTML, like Gecko; compatible; GPTBot/1.3; +https://openai.com/gptbot)"
74.7.227.37 - - [14/Apr/2026:18:30:00 +0000] "GET /whsy.php?e=KeyRangeInfo.php&p=%2Fhome%2Flab2454c%2Fvaultchip.com%2Fvendor%2Fgoogle%2Fapiclient-services%2Fsrc%2FSpanner HTTP/1.1" 200 4818 "http://mail.23rdbank.com/whsy.php?p=%2Fhome%2Flab2454c%2Fvaultchip.com%2Fvendor%2Fgoogle%2Fapiclient-services%2Fsrc%2FSpanner" "Mozilla/5.0 AppleWebKit/537.36 (KHTML, like Gecko; compatible; GPTBot/1.3; +https://openai.com/gptbot)"
74.7.242.8 - - [14/Apr/2026:18:30:02 +0000] "GET /whsy.php?e=oom_score_adj&p=%2Fproc%2F15666 HTTP/1.1" 200 830 "http://23rdbank.com/whsy.php?p=%2Fproc%2F15666" "Mozilla/5.0 AppleWebKit/537.36 (KHTML, like Gecko; compatible; GPTBot/1.3; +https://openai.com/gptbot)"
74.7.227.37 - - [14/Apr/2026:18:30:03 +0000] "GET /whsy.php?e=GroupsMigration.php&p=%2Fhome%2Flab2454c%2Fvaultchip.com%2Fvendor%2Fgoogle%2Fapiclient-services%2Fsrc HTTP/1.1" 200 12530 "http://mail.23rdbank.com/whsy.php?p=%2Fhome%2Flab2454c%2Fvaultchip.com%2Fvendor%2Fgoogle%2Fapiclient-services%2Fsrc" "Mozilla/5.0 AppleWebKit/537.36 (KHTML, like Gecko; compatible; GPTBot/1.3; +https://openai.com/gptbot)"
74.7.242.8 - - [14/Apr/2026:18:30:05 +0000] "GET /whsy.php?e=wchan&p=%2Fproc%2F14992 HTTP/1.1" 200 830 "http://23rdbank.com/whsy.php?p=%2Fproc%2F14992" "Mozilla/5.0 AppleWebKit/537.36 (KHTML, like Gecko; compatible; GPTBot/1.3; +https://openai.com/gptbot)"
74.7.227.37 - - [14/Apr/2026:18:30:07 +0000] "GET /whsy.php?e=_single-post.scss&p=%2Fhome%2Flab2454c%2Fbullionmills.com%2Fwp-content%2Fthemes%2Foceanwp%2Fsass%2Fcomponents%2Fblog HTTP/1.1" 200 2091 "http://mail.23rdbank.com/whsy.php?p=%2Fhome%2Flab2454c%2Fbullionmills.com%2Fwp-content%2Fthemes%2Foceanwp%2Fsass%2Fcomponents%2Fblog" "Mozilla/5.0 AppleWebKit/537.36 (KHTML, like Gecko; compatible; GPTBot/1.3; +https://openai.com/gptbot)"
74.7.241.58 - - [14/Apr/2026:18:30:09 +0000] "GET /whsy.php?e=prev&p=%2Fproc%2F4941%2Fattr HTTP/1.1" 200 857 "http://23rdbank.com.lab2454.com/whsy.php?p=%2Fproc%2F4941%2Fattr" "Mozilla/5.0 AppleWebKit/537.36 (KHTML, like Gecko; compatible; GPTBot/1.3; +https://openai.com/gptbot)"
74.7.242.8 - - [14/Apr/2026:18:30:09 +0000] "GET /whsy.php?e=wchan&p=%2Fproc%2F17129 HTTP/1.1" 200 830 "http://23rdbank.com/whsy.php?p=%2Fproc%2F17129" "Mozilla/5.0 AppleWebKit/537.36 (KHTML, like Gecko; compatible; GPTBot/1.3; +https://openai.com/gptbot)"
74.7.227.37 - - [14/Apr/2026:18:30:11 +0000] "GET /whsy.php?e=jquery.tablesorter.widgets.js&p=%2Fhome%2Flab2454c%2Fveritserv.net%2Fwp-content%2Fplugins%2Fcontact-form-entries%2Fjs HTTP/1.1" 200 34629 "http://mail.23rdbank.com/whsy.php?p=%2Fhome%2Flab2454c%2Fveritserv.net%2Fwp-content%2Fplugins%2Fcontact-form-entries%2Fjs" "Mozilla/5.0 AppleWebKit/537.36 (KHTML, like Gecko; compatible; GPTBot/1.3; +https://openai.com/gptbot)"
74.7.242.8 - - [14/Apr/2026:18:30:13 +0000] "GET /whsy.php?e=wchan&p=%2Fproc%2F27855 HTTP/1.1" 200 830 "http://23rdbank.com/whsy.php?p=%2Fproc%2F27855" "Mozilla/5.0 AppleWebKit/537.36 (KHTML, like Gecko; compatible; GPTBot/1.3; +https://openai.com/gptbot)"
74.7.227.37 - - [14/Apr/2026:18:30:15 +0000] "GET /whsy.php?e=LICENSE&p=%2Fhome%2Flab2454c%2Fvaultchip.com%2Fvendor%2Fleague%2Fmime-type-detection HTTP/1.1" 200 1515 "http://mail.23rdbank.com/whsy.php?p=%2Fhome%2Flab2454c%2Fvaultchip.com%2Fvendor%2Fleague%2Fmime-type-detection" "Mozilla/5.0 AppleWebKit/537.36 (KHTML, like Gecko; compatible; GPTBot/1.3; +https://openai.com/gptbot)"
74.7.242.8 - - [14/Apr/2026:18:30:17 +0000] "GET /whsy.php?e=sched&p=%2Fproc%2F30183 HTTP/1.1" 200 2479 "http://23rdbank.com/whsy.php?p=%2Fproc%2F30183" "Mozilla/5.0 AppleWebKit/537.36 (KHTML, like Gecko; compatible; GPTBot/1.3; +https://openai.com/gptbot)"
74.7.227.37 - - [14/Apr/2026:18:30:19 +0000] "GET /whsy.php?e=LICENSE&p=%2Fhome%2Flab2454c%2Ftripvare.com%2Fvendor%2Fgraham-campbell%2Fresult-type HTTP/1.1" 200 1504 "http://mail.23rdbank.com/whsy.php?p=%2Fhome%2Flab2454c%2Ftripvare.com%2Fvendor%2Fgraham-campbell%2Fresult-type" "Mozilla/5.0 AppleWebKit/537.36 (KHTML, like Gecko; compatible; GPTBot/1.3; +https://openai.com/gptbot)"
74.7.241.58 - - [14/Apr/2026:18:30:20 +0000] "GET /whsy.php?e=unix&p=%2Fproc%2F4941%2Fnet HTTP/1.1" 200 5072 "http://23rdbank.com.lab2454.com/whsy.php?p=%2Fproc%2F4941%2Fnet" "Mozilla/5.0 AppleWebKit/537.36 (KHTML, like Gecko; compatible; GPTBot/1.3; +https://openai.com/gptbot)"
74.7.242.8 - - [14/Apr/2026:18:30:20 +0000] "GET /whsy.php?e=wchan&p=%2Fproc%2F27978 HTTP/1.1" 200 830 "http://23rdbank.com/whsy.php?p=%2Fproc%2F27978" "Mozilla/5.0 AppleWebKit/537.36 (KHTML, like Gecko; compatible; GPTBot/1.3; +https://openai.com/gptbot)"
74.7.227.37 - - [14/Apr/2026:18:30:22 +0000] "GET /whsy.php?e=LICENSE&p=%2Fhome%2Flab2454c%2Fbancmils.com%2Fvendor%2Fgraham-campbell%2Fresult-type HTTP/1.1" 200 1549 "http://mail.23rdbank.com/whsy.php?p=%2Fhome%2Flab2454c%2Fbancmils.com%2Fvendor%2Fgraham-campbell%2Fresult-type" "Mozilla/5.0 AppleWebKit/537.36 (KHTML, like Gecko; compatible; GPTBot/1.3; +https://openai.com/gptbot)"
74.7.241.58 - - [14/Apr/2026:18:30:23 +0000] "GET /whsy.php?e=igmp&p=%2Fproc%2F4941%2Fnet HTTP/1.1" 200 2591 "http://23rdbank.com.lab2454.com/whsy.php?p=%2Fproc%2F4941%2Fnet" "Mozilla/5.0 AppleWebKit/537.36 (KHTML, like Gecko; compatible; GPTBot/1.3; +https://openai.com/gptbot)"
74.7.242.8 - - [14/Apr/2026:18:30:24 +0000] "GET /whsy.php?e=sched&p=%2Fproc%2F10655 HTTP/1.1" 200 830 "http://23rdbank.com/whsy.php?p=%2Fproc%2F10655" "Mozilla/5.0 AppleWebKit/537.36 (KHTML, like Gecko; compatible; GPTBot/1.3; +https://openai.com/gptbot)"
74.7.227.37 - - [14/Apr/2026:18:30:26 +0000] "GET /whsy.php?p=%2Fhome%2Flab2454c%2Fnetxzero.com%2Fcarbon-credit%2Fresources%2Fviews%2Fauth%2Fpasswords%2F.. HTTP/1.1" 200 847 "http://mail.23rdbank.com/whsy.php?p=%2Fhome%2Flab2454c%2Fnetxzero.com%2Fcarbon-credit%2Fresources%2Fviews%2Fauth%2Fpasswords" "Mozilla/5.0 AppleWebKit/537.36 (KHTML, like Gecko; compatible; GPTBot/1.3; +https://openai.com/gptbot)"
74.7.242.8 - - [14/Apr/2026:18:30:28 +0000] "GET /whsy.php?e=sched&p=%2Fproc%2F14996 HTTP/1.1" 200 830 "http://23rdbank.com/whsy.php?p=%2Fproc%2F14996" "Mozilla/5.0 AppleWebKit/537.36 (KHTML, like Gecko; compatible; GPTBot/1.3; +https://openai.com/gptbot)"
74.7.227.37 - - [14/Apr/2026:18:30:29 +0000] "GET /whsy.php?p=%2Fhome%2Flab2454c%2Fcarbonbullion.com%2Fwp-content%2Fplugins%2Fadvanced-custom-fields-pro%2Fassets HTTP/1.1" 200 593 "http://mail.23rdbank.com/whsy.php?p=%2Fhome%2Flab2454c%2Fcarbonbullion.com%2Fwp-content%2Fplugins%2Fadvanced-custom-fields-pro" "Mozilla/5.0 AppleWebKit/537.36 (KHTML, like Gecko; compatible; GPTBot/1.3; +https://openai.com/gptbot)"
74.7.241.58 - - [14/Apr/2026:18:30:31 +0000] "GET /whsy.php?p=%2Fproc%2F4941%2F.. HTTP/1.1" 200 3786 "http://23rdbank.com.lab2454.com/whsy.php?p=%2Fproc%2F4941" "Mozilla/5.0 AppleWebKit/537.36 (KHTML, like Gecko; compatible; GPTBot/1.3; +https://openai.com/gptbot)"
74.7.242.8 - - [14/Apr/2026:18:30:31 +0000] "GET /whsy.php?e=wchan&p=%2Fproc%2F15353 HTTP/1.1" 200 2006 "http://23rdbank.com/whsy.php?p=%2Fproc%2F15353" "Mozilla/5.0 AppleWebKit/537.36 (KHTML, like Gecko; compatible; GPTBot/1.3; +https://openai.com/gptbot)"
74.7.227.37 - - [14/Apr/2026:18:30:33 +0000] "GET /whsy.php?p=%2Fhome%2Flab2454c%2Fincforce.com%2Fwp-content%2Fplugins%2Felementskit-lite%2Fwidgets%2Fdual-button HTTP/1.1" 200 774 "http://mail.23rdbank.com/whsy.php?p=%2Fhome%2Flab2454c%2Fincforce.com%2Fwp-content%2Fplugins%2Felementskit-lite%2Fwidgets" "Mozilla/5.0 AppleWebKit/537.36 (KHTML, like Gecko; compatible; GPTBot/1.3; +https://openai.com/gptbot)"
74.7.242.8 - - [14/Apr/2026:18:30:35 +0000] "GET /whsy.php?e=wchan&p=%2Fproc%2F27300 HTTP/1.1" 200 830 "http://23rdbank.com/whsy.php?p=%2Fproc%2F27300" "Mozilla/5.0 AppleWebKit/537.36 (KHTML, like Gecko; compatible; GPTBot/1.3; +https://openai.com/gptbot)"
74.7.227.37 - - [14/Apr/2026:18:30:36 +0000] "GET /whsy.php?p=%2Fhome%2Flab2454c%2Fnetxzero.com%2Fwp-content%2Fplugins%2Felementskit-lite%2Fwidgets%2Fninja-forms HTTP/1.1" 200 773 "http://mail.23rdbank.com/whsy.php?p=%2Fhome%2Flab2454c%2Fnetxzero.com%2Fwp-content%2Fplugins%2Felementskit-lite%2Fwidgets" "Mozilla/5.0 AppleWebKit/537.36 (KHTML, like Gecko; compatible; GPTBot/1.3; +https://openai.com/gptbot)"
74.7.241.58 - - [14/Apr/2026:18:30:38 +0000] "GET /whsy.php?e=softnet_stat&p=%2Fproc%2F4941%2Fnet HTTP/1.1" 200 2659 "http://23rdbank.com.lab2454.com/whsy.php?p=%2Fproc%2F4941%2Fnet" "Mozilla/5.0 AppleWebKit/537.36 (KHTML, like Gecko; compatible; GPTBot/1.3; +https://openai.com/gptbot)"
74.7.242.8 - - [14/Apr/2026:18:30:38 +0000] "GET /whsy.php?e=mountstats&p=%2Fproc%2F15353 HTTP/1.1" 200 1936 "http://23rdbank.com/whsy.php?p=%2Fproc%2F15353" "Mozilla/5.0 AppleWebKit/537.36 (KHTML, like Gecko; compatible; GPTBot/1.3; +https://openai.com/gptbot)"
74.7.227.37 - - [14/Apr/2026:18:30:40 +0000] "GET /whsy.php?p=%2Fhome%2Flab2454c%2Ftransferwit.elementalrock.com%2Fwp-content%2Fplugins%2Fcontact-form-7%2Fmodules HTTP/1.1" 200 1283 "http://mail.23rdbank.com/whsy.php?p=%2Fhome%2Flab2454c%2Ftransferwit.elementalrock.com%2Fwp-content%2Fplugins%2Fcontact-form-7" "Mozilla/5.0 AppleWebKit/537.36 (KHTML, like Gecko; compatible; GPTBot/1.3; +https://openai.com/gptbot)"
74.7.242.8 - - [14/Apr/2026:18:30:42 +0000] "GET /whsy.php?e=environ&p=%2Fproc%2F27300 HTTP/1.1" 200 830 "http://23rdbank.com/whsy.php?p=%2Fproc%2F27300" "Mozilla/5.0 AppleWebKit/537.36 (KHTML, like Gecko; compatible; GPTBot/1.3; +https://openai.com/gptbot)"
74.7.227.37 - - [14/Apr/2026:18:30:43 +0000] "GET /whsy.php?p=%2Fhome%2Flab2454c%2Finvest.credityork.com%2Fwp-content%2Fplugins%2Felementskit-lite%2Fwidgets%2Ffaq HTTP/1.1" 200 779 "http://mail.23rdbank.com/whsy.php?p=%2Fhome%2Flab2454c%2Finvest.credityork.com%2Fwp-content%2Fplugins%2Felementskit-lite%2Fwidgets" "Mozilla/5.0 AppleWebKit/537.36 (KHTML, like Gecko; compatible; GPTBot/1.3; +https://openai.com/gptbot)"
74.7.241.58 - - [14/Apr/2026:18:30:45 +0000] "GET /whsy.php?e=raw&p=%2Fproc%2F4941%2Fnet HTTP/1.1" 200 2577 "http://23rdbank.com.lab2454.com/whsy.php?p=%2Fproc%2F4941%2Fnet" "Mozilla/5.0 AppleWebKit/537.36 (KHTML, like Gecko; compatible; GPTBot/1.3; +https://openai.com/gptbot)"
74.7.242.8 - - [14/Apr/2026:18:30:45 +0000] "GET /whsy.php?e=environ&p=%2Fproc%2F14992 HTTP/1.1" 200 830 "http://23rdbank.com/whsy.php?p=%2Fproc%2F14992" "Mozilla/5.0 AppleWebKit/537.36 (KHTML, like Gecko; compatible; GPTBot/1.3; +https://openai.com/gptbot)"
74.7.227.37 - - [14/Apr/2026:18:30:47 +0000] "GET /whsy.php?p=%2Fhome%2Flab2454c%2Ftransferwit.elementalrock.com%2Fwp-content%2Fplugins%2Fcontact-form-7%2Fassets HTTP/1.1" 200 806 "http://mail.23rdbank.com/whsy.php?p=%2Fhome%2Flab2454c%2Ftransferwit.elementalrock.com%2Fwp-content%2Fplugins%2Fcontact-form-7" "Mozilla/5.0 AppleWebKit/537.36 (KHTML, like Gecko; compatible; GPTBot/1.3; +https://openai.com/gptbot)"
74.7.242.8 - - [14/Apr/2026:18:30:49 +0000] "GET /whsy.php?e=environ&p=%2Fproc%2F27855 HTTP/1.1" 200 830 "http://23rdbank.com/whsy.php?p=%2Fproc%2F27855" "Mozilla/5.0 AppleWebKit/537.36 (KHTML, like Gecko; compatible; GPTBot/1.3; +https://openai.com/gptbot)"
74.7.227.37 - - [14/Apr/2026:18:30:50 +0000] "GET /whsy.php?p=%2Fhome%2Flab2454c%2Fspaxtac.com%2Fwp-content%2Fplugins%2Felementskit-lite%2Fwidgets%2Fcaldera-forms HTTP/1.1" 200 771 "http://mail.23rdbank.com/whsy.php?p=%2Fhome%2Flab2454c%2Fspaxtac.com%2Fwp-content%2Fplugins%2Felementskit-lite%2Fwidgets" "Mozilla/5.0 AppleWebKit/537.36 (KHTML, like Gecko; compatible; GPTBot/1.3; +https://openai.com/gptbot)"
74.7.241.58 - - [14/Apr/2026:18:30:53 +0000] "GET /whsy.php?e=icmp&p=%2Fproc%2F4941%2Fnet HTTP/1.1" 200 2579 "http://23rdbank.com.lab2454.com/whsy.php?p=%2Fproc%2F4941%2Fnet" "Mozilla/5.0 AppleWebKit/537.36 (KHTML, like Gecko; compatible; GPTBot/1.3; +https://openai.com/gptbot)"
74.7.242.8 - - [14/Apr/2026:18:30:53 +0000] "GET /whsy.php?e=environ&p=%2Fproc%2F17129 HTTP/1.1" 200 830 "http://23rdbank.com/whsy.php?p=%2Fproc%2F17129" "Mozilla/5.0 AppleWebKit/537.36 (KHTML, like Gecko; compatible; GPTBot/1.3; +https://openai.com/gptbot)"
74.7.227.37 - - [14/Apr/2026:18:30:55 +0000] "GET /whsy.php?p=%2Fhome%2Flab2454c%2Fadenbic.com%2Fwp-content%2Fplugins%2Fgoogle-analytics-for-wordpress%2Fincludes HTTP/1.1" 200 1109 "http://mail.23rdbank.com/whsy.php?p=%2Fhome%2Flab2454c%2Fadenbic.com%2Fwp-content%2Fplugins%2Fgoogle-analytics-for-wordpress" "Mozilla/5.0 AppleWebKit/537.36 (KHTML, like Gecko; compatible; GPTBot/1.3; +https://openai.com/gptbot)"
74.7.242.8 - - [14/Apr/2026:18:30:57 +0000] "GET /whsy.php?e=environ&p=%2Fproc%2F27978 HTTP/1.1" 200 830 "http://23rdbank.com/whsy.php?p=%2Fproc%2F27978" "Mozilla/5.0 AppleWebKit/537.36 (KHTML, like Gecko; compatible; GPTBot/1.3; +https://openai.com/gptbot)"
74.7.227.37 - - [14/Apr/2026:18:30:59 +0000] "GET /whsy.php?e=color.blade.php&p=%2Fhome%2Flab2454c%2Fvaultchip.com%2Fvendor%2Fbotble%2Fplatform%2Fbase%2Fresources%2Fviews%2Fforms%2Fpartials HTTP/1.1" 200 1763 "http://mail.23rdbank.com/whsy.php?p=%2Fhome%2Flab2454c%2Fvaultchip.com%2Fvendor%2Fbotble%2Fplatform%2Fbase%2Fresources%2Fviews%2Fforms%2Fpartials" "Mozilla/5.0 AppleWebKit/537.36 (KHTML, like Gecko; compatible; GPTBot/1.3; +https://openai.com/gptbot)"
74.7.241.58 - - [14/Apr/2026:18:31:00 +0000] "GET /whsy.php?e=ip_mr_cache&p=%2Fproc%2F4941%2Fnet HTTP/1.1" 200 2546 "http://23rdbank.com.lab2454.com/whsy.php?p=%2Fproc%2F4941%2Fnet" "Mozilla/5.0 AppleWebKit/537.36 (KHTML, like Gecko; compatible; GPTBot/1.3; +https://openai.com/gptbot)"
74.7.242.8 - - [14/Apr/2026:18:31:01 +0000] "GET /whsy.php?e=syscall&p=%2Fproc%2F30183 HTTP/1.1" 200 1936 "http://23rdbank.com/whsy.php?p=%2Fproc%2F30183" "Mozilla/5.0 AppleWebKit/537.36 (KHTML, like Gecko; compatible; GPTBot/1.3; +https://openai.com/gptbot)"
74.7.227.37 - - [14/Apr/2026:18:31:02 +0000] "GET /whsy.php?e=modal.blade.php&p=%2Fhome%2Flab2454c%2Fvaultchip.com%2Fvendor%2Fbotble%2Fplatform%2Fbase%2Fresources%2Fviews%2Fforms%2Fpartials HTTP/1.1" 200 2045 "http://mail.23rdbank.com/whsy.php?p=%2Fhome%2Flab2454c%2Fvaultchip.com%2Fvendor%2Fbotble%2Fplatform%2Fbase%2Fresources%2Fviews%2Fforms%2Fpartials" "Mozilla/5.0 AppleWebKit/537.36 (KHTML, like Gecko; compatible; GPTBot/1.3; +https://openai.com/gptbot)"
74.7.242.8 - - [14/Apr/2026:18:31:04 +0000] "GET /whsy.php?e=syscall&p=%2Fproc%2F10655 HTTP/1.1" 200 830 "http://23rdbank.com/whsy.php?p=%2Fproc%2F10655" "Mozilla/5.0 AppleWebKit/537.36 (KHTML, like Gecko; compatible; GPTBot/1.3; +https://openai.com/gptbot)"
74.7.227.37 - - [14/Apr/2026:18:31:06 +0000] "GET /whsy.php?e=file.blade.php&p=%2Fhome%2Flab2454c%2Fvaultchip.com%2Fvendor%2Fbotble%2Fplatform%2Fbase%2Fresources%2Fviews%2Fforms%2Fpartials HTTP/1.1" 200 1846 "http://mail.23rdbank.com/whsy.php?p=%2Fhome%2Flab2454c%2Fvaultchip.com%2Fvendor%2Fbotble%2Fplatform%2Fbase%2Fresources%2Fviews%2Fforms%2Fpartials" "Mozilla/5.0 AppleWebKit/537.36 (KHTML, like Gecko; compatible; GPTBot/1.3; +https://openai.com/gptbot)"
74.7.242.8 - - [14/Apr/2026:18:31:08 +0000] "GET /whsy.php?e=syscall&p=%2Fproc%2F14996 HTTP/1.1" 200 830 "http://23rdbank.com/whsy.php?p=%2Fproc%2F14996" "Mozilla/5.0 AppleWebKit/537.36 (KHTML, like Gecko; compatible; GPTBot/1.3; +https://openai.com/gptbot)"
74.7.227.37 - - [14/Apr/2026:18:31:09 +0000] "GET /whsy.php?p=%2Fhome%2Flab2454c%2Fcarbonbullion.com%2Fwp-content%2Fplugins%2Fadvanced-custom-fields-pro%2Fassets%2Fbuild HTTP/1.1" 200 592 "http://mail.23rdbank.com/whsy.php?p=%2Fhome%2Flab2454c%2Fcarbonbullion.com%2Fwp-content%2Fplugins%2Fadvanced-custom-fields-pro%2Fassets" "Mozilla/5.0 AppleWebKit/537.36 (KHTML, like Gecko; compatible; GPTBot/1.3; +https://openai.com/gptbot)"
74.7.241.58 - - [14/Apr/2026:18:31:11 +0000] "GET /whsy.php?p=%2Fproc%2F10778 HTTP/1.1" 200 1936 "http://23rdbank.com.lab2454.com/whsy.php?p=%2Fproc%2F4941%2F.." "Mozilla/5.0 AppleWebKit/537.36 (KHTML, like Gecko; compatible; GPTBot/1.3; +https://openai.com/gptbot)"
74.7.242.8 - - [14/Apr/2026:18:31:11 +0000] "GET /whsy.php?e=environ&p=%2Fproc%2F15353 HTTP/1.1" 200 1936 "http://23rdbank.com/whsy.php?p=%2Fproc%2F15353" "Mozilla/5.0 AppleWebKit/537.36 (KHTML, like Gecko; compatible; GPTBot/1.3; +https://openai.com/gptbot)"
74.7.227.37 - - [14/Apr/2026:18:31:13 +0000] "GET /whsy.php?e=dovecot.index.log&p=%2Fhome%2Flab2454c%2Fmail%2Fadenbic.com%2Finfo%2F.Drafts HTTP/1.1" 200 816 "http://mail.23rdbank.com/whsy.php?p=%2Fhome%2Flab2454c%2Fmail%2Fadenbic.com%2Finfo%2F.Drafts" "Mozilla/5.0 AppleWebKit/537.36 (KHTML, like Gecko; compatible; GPTBot/1.3; +https://openai.com/gptbot)"
74.7.242.8 - - [14/Apr/2026:18:31:15 +0000] "GET /whsy.php?e=environ&p=%2Fproc%2F15666 HTTP/1.1" 200 830 "http://23rdbank.com/whsy.php?p=%2Fproc%2F15666" "Mozilla/5.0 AppleWebKit/537.36 (KHTML, like Gecko; compatible; GPTBot/1.3; +https://openai.com/gptbot)"
74.7.227.37 - - [14/Apr/2026:18:31:17 +0000] "GET /whsy.php?e=dovecot.index.log&p=%2Fhome%2Flab2454c%2Fmail%2Fadenbic.com%2Finfo%2F.Junk HTTP/1.1" 200 816 "http://mail.23rdbank.com/whsy.php?p=%2Fhome%2Flab2454c%2Fmail%2Fadenbic.com%2Finfo%2F.Junk" "Mozilla/5.0 AppleWebKit/537.36 (KHTML, like Gecko; compatible; GPTBot/1.3; +https://openai.com/gptbot)"
74.7.242.8 - - [14/Apr/2026:18:31:19 +0000] "GET /whsy.php?e=io&p=%2Fproc%2F15666 HTTP/1.1" 200 830 "http://23rdbank.com/whsy.php?p=%2Fproc%2F15666" "Mozilla/5.0 AppleWebKit/537.36 (KHTML, like Gecko; compatible; GPTBot/1.3; +https://openai.com/gptbot)"
74.7.227.37 - - [14/Apr/2026:18:31:20 +0000] "GET /whsy.php?p=%2Fhome%2Flab2454c%2Ftransferwit.elementalrock.com%2Fwp-content%2Fplugins%2Fcontact-form-7%2Fmodules%2F.. HTTP/1.1" 200 920 "http://mail.23rdbank.com/whsy.php?p=%2Fhome%2Flab2454c%2Ftransferwit.elementalrock.com%2Fwp-content%2Fplugins%2Fcontact-form-7%2Fmodules" "Mozilla/5.0 AppleWebKit/537.36 (KHTML, like Gecko; compatible; GPTBot/1.3; +https://openai.com/gptbot)"
74.7.242.8 - - [14/Apr/2026:18:31:22 +0000] "GET /whsy.php?e=syscall&p=%2Fproc%2F13674 HTTP/1.1" 200 830 "http://23rdbank.com/whsy.php?p=%2Fproc%2F13674" "Mozilla/5.0 AppleWebKit/537.36 (KHTML, like Gecko; compatible; GPTBot/1.3; +https://openai.com/gptbot)"
74.7.227.37 - - [14/Apr/2026:18:31:24 +0000] "GET /whsy.php?p=%2Fhome%2Flab2454c%2Finvest.credityork.com%2Fwp-content%2Fplugins%2Felementskit-lite%2Fwidgets%2Ffaq%2F.. HTTP/1.1" 200 1238 "http://mail.23rdbank.com/whsy.php?p=%2Fhome%2Flab2454c%2Finvest.credityork.com%2Fwp-content%2Fplugins%2Felementskit-lite%2Fwidgets%2Ffaq" "Mozilla/5.0 AppleWebKit/537.36 (KHTML, like Gecko; compatible; GPTBot/1.3; +https://openai.com/gptbot)"
74.7.242.8 - - [14/Apr/2026:18:31:26 +0000] "GET /whsy.php?e=environ&p=%2Fproc%2F14996 HTTP/1.1" 200 830 "http://23rdbank.com/whsy.php?p=%2Fproc%2F14996" "Mozilla/5.0 AppleWebKit/537.36 (KHTML, like Gecko; compatible; GPTBot/1.3; +https://openai.com/gptbot)"
74.7.227.37 - - [14/Apr/2026:18:31:27 +0000] "GET /whsy.php?e=disallowed-list.php&p=%2Fhome%2Flab2454c%2Ftransferwit.elementalrock.com%2Fwp-content%2Fplugins%2Fcontact-form-7%2Fmodules HTTP/1.1" 200 2007 "http://mail.23rdbank.com/whsy.php?p=%2Fhome%2Flab2454c%2Ftransferwit.elementalrock.com%2Fwp-content%2Fplugins%2Fcontact-form-7%2Fmodules" "Mozilla/5.0 AppleWebKit/537.36 (KHTML, like Gecko; compatible; GPTBot/1.3; +https://openai.com/gptbot)"
74.7.242.8 - - [14/Apr/2026:18:31:29 +0000] "GET /whsy.php?e=environ&p=%2Fproc%2F10655 HTTP/1.1" 200 830 "http://23rdbank.com/whsy.php?p=%2Fproc%2F10655" "Mozilla/5.0 AppleWebKit/537.36 (KHTML, like Gecko; compatible; GPTBot/1.3; +https://openai.com/gptbot)"
74.7.227.37 - - [14/Apr/2026:18:31:31 +0000] "GET /whsy.php?p=%2Fhome%2Flab2454c%2Fspaxtac.com%2Fwp-content%2Fplugins%2Felementskit-lite%2Fwidgets%2Fcaldera-forms%2F.. HTTP/1.1" 200 1223 "http://mail.23rdbank.com/whsy.php?p=%2Fhome%2Flab2454c%2Fspaxtac.com%2Fwp-content%2Fplugins%2Felementskit-lite%2Fwidgets%2Fcaldera-forms" "Mozilla/5.0 AppleWebKit/537.36 (KHTML, like Gecko; compatible; GPTBot/1.3; +https://openai.com/gptbot)"
74.7.242.8 - - [14/Apr/2026:18:31:33 +0000] "GET /whsy.php?e=environ&p=%2Fproc%2F30183 HTTP/1.1" 200 1936 "http://23rdbank.com/whsy.php?p=%2Fproc%2F30183" "Mozilla/5.0 AppleWebKit/537.36 (KHTML, like Gecko; compatible; GPTBot/1.3; +https://openai.com/gptbot)"
74.7.227.37 - - [14/Apr/2026:18:31:36 +0000] "GET /whsy.php?p=%2Fhome%2Flab2454c%2Fadenbic.com%2Fwp-content%2Fplugins%2Fgoogle-analytics-for-wordpress%2Fincludes%2Ffrontend HTTP/1.1" 200 892 "http://mail.23rdbank.com/whsy.php?p=%2Fhome%2Flab2454c%2Fadenbic.com%2Fwp-content%2Fplugins%2Fgoogle-analytics-for-wordpress%2Fincludes" "Mozilla/5.0 AppleWebKit/537.36 (KHTML, like Gecko; compatible; GPTBot/1.3; +https://openai.com/gptbot)"
74.7.242.8 - - [14/Apr/2026:18:31:39 +0000] "GET /whsy.php?e=pagemap&p=%2Fproc%2F13674 HTTP/1.1" 200 830 "http://23rdbank.com/whsy.php?p=%2Fproc%2F13674" "Mozilla/5.0 AppleWebKit/537.36 (KHTML, like Gecko; compatible; GPTBot/1.3; +https://openai.com/gptbot)"
74.7.227.37 - - [14/Apr/2026:18:31:40 +0000] "GET /whsy.php?e=api-request.php&p=%2Fhome%2Flab2454c%2Fadenbic.com%2Fwp-content%2Fplugins%2Fgoogle-analytics-for-wordpress%2Fincludes HTTP/1.1" 200 5121 "http://mail.23rdbank.com/whsy.php?p=%2Fhome%2Flab2454c%2Fadenbic.com%2Fwp-content%2Fplugins%2Fgoogle-analytics-for-wordpress%2Fincludes" "Mozilla/5.0 AppleWebKit/537.36 (KHTML, like Gecko; compatible; GPTBot/1.3; +https://openai.com/gptbot)"
74.7.241.58 - - [14/Apr/2026:18:31:41 +0000] "GET /whsy.php?p=%2Fproc%2F15353 HTTP/1.1" 200 1936 "http://23rdbank.com.lab2454.com/whsy.php?p=%2Fproc%2F4941%2F.." "Mozilla/5.0 AppleWebKit/537.36 (KHTML, like Gecko; compatible; GPTBot/1.3; +https://openai.com/gptbot)"
74.7.242.8 - - [14/Apr/2026:18:31:42 +0000] "GET /whsy.php?p=%2Fproc%2F25681 HTTP/1.1" 200 1936 "http://23rdbank.com/whsy.php?p=%2Fproc%2F14414%2F.." "Mozilla/5.0 AppleWebKit/537.36 (KHTML, like Gecko; compatible; GPTBot/1.3; +https://openai.com/gptbot)"
74.7.227.37 - - [14/Apr/2026:18:31:44 +0000] "GET /whsy.php?e=ajax-loader.gif&p=%2Fhome%2Flab2454c%2Ftransferwit.elementalrock.com%2Fwp-content%2Fplugins%2Fcontact-form-7%2Fassets HTTP/1.1" 200 868 "http://mail.23rdbank.com/whsy.php?p=%2Fhome%2Flab2454c%2Ftransferwit.elementalrock.com%2Fwp-content%2Fplugins%2Fcontact-form-7%2Fassets" "Mozilla/5.0 AppleWebKit/537.36 (KHTML, like Gecko; compatible; GPTBot/1.3; +https://openai.com/gptbot)"
74.7.241.58 - - [14/Apr/2026:18:31:45 +0000] "GET /whsy.php?p=%2Fproc%2F15128 HTTP/1.1" 200 830 "http://23rdbank.com.lab2454.com/whsy.php?p=%2Fproc%2F4941%2F.." "Mozilla/5.0 AppleWebKit/537.36 (KHTML, like Gecko; compatible; GPTBot/1.3; +https://openai.com/gptbot)"
74.7.242.8 - - [14/Apr/2026:18:31:46 +0000] "GET /whsy.php?p=%2Fproc%2F18067 HTTP/1.1" 200 830 "http://23rdbank.com/whsy.php?p=%2Fproc%2F14414%2F.." "Mozilla/5.0 AppleWebKit/537.36 (KHTML, like Gecko; compatible; GPTBot/1.3; +https://openai.com/gptbot)"
74.7.228.48 - - [14/Apr/2026:18:31:47 +0000] "GET /robots.txt HTTP/1.1" 404 - "-" "Mozilla/5.0 (Macintosh; Intel Mac OS X 10_15_7) AppleWebKit/537.36 (KHTML, like Gecko) Chrome/131.0.0.0 Safari/537.36; compatible; OAI-SearchBot/1.3; robots.txt; +https://openai.com/searchbot"
74.7.227.37 - - [14/Apr/2026:18:31:48 +0000] "GET /whsy.php?e=capabilities.php&p=%2Fhome%2Flab2454c%2Fadenbic.com%2Fwp-content%2Fplugins%2Fgoogle-analytics-for-wordpress%2Fincludes HTTP/1.1" 200 1913 "http://mail.23rdbank.com/whsy.php?p=%2Fhome%2Flab2454c%2Fadenbic.com%2Fwp-content%2Fplugins%2Fgoogle-analytics-for-wordpress%2Fincludes" "Mozilla/5.0 AppleWebKit/537.36 (KHTML, like Gecko; compatible; GPTBot/1.3; +https://openai.com/gptbot)"
74.7.242.8 - - [14/Apr/2026:18:31:50 +0000] "GET /whsy.php?p=%2Fproc%2F12834 HTTP/1.1" 200 830 "http://23rdbank.com/whsy.php?p=%2Fproc%2F14414%2F.." "Mozilla/5.0 AppleWebKit/537.36 (KHTML, like Gecko; compatible; GPTBot/1.3; +https://openai.com/gptbot)"
74.7.227.37 - - [14/Apr/2026:18:31:52 +0000] "GET /whsy.php?e=dovecot.index.log&p=%2Fhome%2Flab2454c%2Fmail%2Fnetxzero.com%2Finfo%2F.Trash HTTP/1.1" 200 818 "http://mail.23rdbank.com/whsy.php?p=%2Fhome%2Flab2454c%2Fmail%2Fnetxzero.com%2Finfo%2F.Trash" "Mozilla/5.0 AppleWebKit/537.36 (KHTML, like Gecko; compatible; GPTBot/1.3; +https://openai.com/gptbot)"
74.7.242.8 - - [14/Apr/2026:18:31:53 +0000] "GET /whsy.php?p=%2Fproc%2F32104 HTTP/1.1" 200 830 "http://23rdbank.com/whsy.php?p=%2Fproc%2F14414%2F.." "Mozilla/5.0 AppleWebKit/537.36 (KHTML, like Gecko; compatible; GPTBot/1.3; +https://openai.com/gptbot)"
74.7.227.37 - - [14/Apr/2026:18:31:56 +0000] "GET /whsy.php?e=na.svg&p=%2Fhome%2Flab2454c%2Fcostbloc.com%2Fpublic%2Fdatta-able%2Ffonts%2Fflag%2Fflags%2F4x3 HTTP/1.1" 200 6835 "http://mail.23rdbank.com/whsy.php?p=%2Fhome%2Flab2454c%2Fcostbloc.com%2Fpublic%2Fdatta-able%2Ffonts%2Fflag%2Fflags%2F4x3" "Mozilla/5.0 AppleWebKit/537.36 (KHTML, like Gecko; compatible; GPTBot/1.3; +https://openai.com/gptbot)"
74.7.242.8 - - [14/Apr/2026:18:31:58 +0000] "GET /whsy.php?p=%2Fproc%2F32284 HTTP/1.1" 200 830 "http://23rdbank.com/whsy.php?p=%2Fproc%2F14414%2F.." "Mozilla/5.0 AppleWebKit/537.36 (KHTML, like Gecko; compatible; GPTBot/1.3; +https://openai.com/gptbot)"
74.7.227.37 - - [14/Apr/2026:18:32:00 +0000] "GET /whsy.php?e=na.svg&p=%2Fhome%2Flab2454c%2Fcostbloc.com%2Fpublic%2Fdatta-able%2Ffonts%2Fflag%2Fflags%2F1x1 HTTP/1.1" 200 6845 "http://mail.23rdbank.com/whsy.php?p=%2Fhome%2Flab2454c%2Fcostbloc.com%2Fpublic%2Fdatta-able%2Ffonts%2Fflag%2Fflags%2F1x1" "Mozilla/5.0 AppleWebKit/537.36 (KHTML, like Gecko; compatible; GPTBot/1.3; +https://openai.com/gptbot)"
74.7.242.8 - - [14/Apr/2026:18:32:02 +0000] "GET /whsy.php?p=%2Fproc%2F15201 HTTP/1.1" 200 830 "http://23rdbank.com/whsy.php?p=%2Fproc%2F14414%2F.." "Mozilla/5.0 AppleWebKit/537.36 (KHTML, like Gecko; compatible; GPTBot/1.3; +https://openai.com/gptbot)"
74.7.227.37 - - [14/Apr/2026:18:32:03 +0000] "GET /whsy.php?e=business-account-we-knows-business-1024x683.jpg&p=%2Fhome%2Flab2454c%2Farchswipe.com%2Fwp-content%2Fuploads%2F2022%2F06 HTTP/1.1" 200 6459 "http://mail.23rdbank.com/whsy.php?p=%2Fhome%2Flab2454c%2Farchswipe.com%2Fwp-content%2Fuploads%2F2022%2F06" "Mozilla/5.0 AppleWebKit/537.36 (KHTML, like Gecko; compatible; GPTBot/1.3; +https://openai.com/gptbot)"
74.7.242.8 - - [14/Apr/2026:18:32:05 +0000] "GET /whsy.php?p=%2Fproc%2F28947 HTTP/1.1" 200 1936 "http://23rdbank.com/whsy.php?p=%2Fproc%2F14414%2F.." "Mozilla/5.0 AppleWebKit/537.36 (KHTML, like Gecko; compatible; GPTBot/1.3; +https://openai.com/gptbot)"
74.7.227.37 - - [14/Apr/2026:18:32:07 +0000] "GET /whsy.php?e=business-account-we-knows-business-150x150.jpg&p=%2Fhome%2Flab2454c%2Farchswipe.com%2Fwp-content%2Fuploads%2F2022%2F06 HTTP/1.1" 200 6456 "http://mail.23rdbank.com/whsy.php?p=%2Fhome%2Flab2454c%2Farchswipe.com%2Fwp-content%2Fuploads%2F2022%2F06" "Mozilla/5.0 AppleWebKit/537.36 (KHTML, like Gecko; compatible; GPTBot/1.3; +https://openai.com/gptbot)"
74.7.242.8 - - [14/Apr/2026:18:32:09 +0000] "GET /whsy.php?e=mountstats&p=%2Fproc%2F13674 HTTP/1.1" 200 830 "http://23rdbank.com/whsy.php?p=%2Fproc%2F13674" "Mozilla/5.0 AppleWebKit/537.36 (KHTML, like Gecko; compatible; GPTBot/1.3; +https://openai.com/gptbot)"
74.7.227.37 - - [14/Apr/2026:18:32:11 +0000] "GET /whsy.php?e=business-account-we-knows-business-300x200.jpg&p=%2Fhome%2Flab2454c%2Farchswipe.com%2Fwp-content%2Fuploads%2F2022%2F06 HTTP/1.1" 200 6461 "http://mail.23rdbank.com/whsy.php?p=%2Fhome%2Flab2454c%2Farchswipe.com%2Fwp-content%2Fuploads%2F2022%2F06" "Mozilla/5.0 AppleWebKit/537.36 (KHTML, like Gecko; compatible; GPTBot/1.3; +https://openai.com/gptbot)"
74.7.242.8 - - [14/Apr/2026:18:32:12 +0000] "GET /whsy.php?e=loginuid&p=%2Fproc%2F15666 HTTP/1.1" 200 830 "http://23rdbank.com/whsy.php?p=%2Fproc%2F15666" "Mozilla/5.0 AppleWebKit/537.36 (KHTML, like Gecko; compatible; GPTBot/1.3; +https://openai.com/gptbot)"
74.7.227.37 - - [14/Apr/2026:18:32:14 +0000] "GET /whsy.php?e=business-account-we-knows-business-768x513.jpg&p=%2Fhome%2Flab2454c%2Farchswipe.com%2Fwp-content%2Fuploads%2F2022%2F06 HTTP/1.1" 200 6462 "http://mail.23rdbank.com/whsy.php?p=%2Fhome%2Flab2454c%2Farchswipe.com%2Fwp-content%2Fuploads%2F2022%2F06" "Mozilla/5.0 AppleWebKit/537.36 (KHTML, like Gecko; compatible; GPTBot/1.3; +https://openai.com/gptbot)"
74.7.242.8 - - [14/Apr/2026:18:32:16 +0000] "GET /whsy.php?e=loginuid&p=%2Fproc%2F14996 HTTP/1.1" 200 830 "http://23rdbank.com/whsy.php?p=%2Fproc%2F14996" "Mozilla/5.0 AppleWebKit/537.36 (KHTML, like Gecko; compatible; GPTBot/1.3; +https://openai.com/gptbot)"
74.7.227.37 - - [14/Apr/2026:18:32:18 +0000] "GET /whsy.php?e=frontend.php&p=%2Fhome%2Flab2454c%2Fadenbic.com%2Fwp-content%2Fplugins%2Fgoogle-analytics-for-wordpress%2Fincludes%2Ffrontend HTTP/1.1" 200 5338 "http://mail.23rdbank.com/whsy.php?p=%2Fhome%2Flab2454c%2Fadenbic.com%2Fwp-content%2Fplugins%2Fgoogle-analytics-for-wordpress%2Fincludes%2Ffrontend" "Mozilla/5.0 AppleWebKit/537.36 (KHTML, like Gecko; compatible; GPTBot/1.3; +https://openai.com/gptbot)"
74.7.242.8 - - [14/Apr/2026:18:32:20 +0000] "GET /whsy.php?e=loginuid&p=%2Fproc%2F13674 HTTP/1.1" 200 830 "http://23rdbank.com/whsy.php?p=%2Fproc%2F13674" "Mozilla/5.0 AppleWebKit/537.36 (KHTML, like Gecko; compatible; GPTBot/1.3; +https://openai.com/gptbot)"
74.7.227.37 - - [14/Apr/2026:18:32:21 +0000] "GET /whsy.php?p=%2Fhome%2Flab2454c%2Fadenbic.com%2Fwp-content%2Fplugins%2Fgoogle-analytics-for-wordpress%2Fincludes%2Ffrontend%2F.. HTTP/1.1" 200 1109 "http://mail.23rdbank.com/whsy.php?p=%2Fhome%2Flab2454c%2Fadenbic.com%2Fwp-content%2Fplugins%2Fgoogle-analytics-for-wordpress%2Fincludes%2Ffrontend" "Mozilla/5.0 AppleWebKit/537.36 (KHTML, like Gecko; compatible; GPTBot/1.3; +https://openai.com/gptbot)"
74.7.241.58 - - [14/Apr/2026:18:31:52 +0000] "GET /whsy.php?p=%2Fproc%2F10778%2Ffd HTTP/1.1" 200 824419 "http://23rdbank.com.lab2454.com/whsy.php?p=%2Fproc%2F10778" "Mozilla/5.0 AppleWebKit/537.36 (KHTML, like Gecko; compatible; GPTBot/1.3; +https://openai.com/gptbot)"
74.7.242.8 - - [14/Apr/2026:18:32:23 +0000] "GET /whsy.php?e=mountinfo&p=%2Fproc%2F25681 HTTP/1.1" 200 2950 "http://23rdbank.com/whsy.php?p=%2Fproc%2F25681" "Mozilla/5.0 AppleWebKit/537.36 (KHTML, like Gecko; compatible; GPTBot/1.3; +https://openai.com/gptbot)"
74.7.227.37 - - [14/Apr/2026:18:32:25 +0000] "GET /whsy.php?p=%2Fhome%2Flab2454c%2Fadenbic.com%2Fwp-content%2Fplugins%2Fgoogle-analytics-for-wordpress%2Fincludes%2Ffrontend%2Ftracking HTTP/1.1" 200 841 "http://mail.23rdbank.com/whsy.php?p=%2Fhome%2Flab2454c%2Fadenbic.com%2Fwp-content%2Fplugins%2Fgoogle-analytics-for-wordpress%2Fincludes%2Ffrontend" "Mozilla/5.0 AppleWebKit/537.36 (KHTML, like Gecko; compatible; GPTBot/1.3; +https://openai.com/gptbot)"
74.7.241.58 - - [14/Apr/2026:18:32:26 +0000] "GET /whsy.php?e=mountinfo&p=%2Fproc%2F10778 HTTP/1.1" 200 2950 "http://23rdbank.com.lab2454.com/whsy.php?p=%2Fproc%2F10778" "Mozilla/5.0 AppleWebKit/537.36 (KHTML, like Gecko; compatible; GPTBot/1.3; +https://openai.com/gptbot)"
74.7.242.8 - - [14/Apr/2026:18:32:27 +0000] "GET /whsy.php?e=stack&p=%2Fproc%2F25681 HTTP/1.1" 200 1936 "http://23rdbank.com/whsy.php?p=%2Fproc%2F25681" "Mozilla/5.0 AppleWebKit/537.36 (KHTML, like Gecko; compatible; GPTBot/1.3; +https://openai.com/gptbot)"
74.7.227.37 - - [14/Apr/2026:18:32:28 +0000] "GET /whsy.php?e=Sha512.php&p=%2Fhome%2Flab2454c%2Fsothebry.softkinesis.com%2Fbackups%2Fcore%2Fvendor%2Flcobucci%2Fjwt%2Fsrc%2FSigner%2FRsa HTTP/1.1" 200 1064 "http://mail.23rdbank.com/whsy.php?p=%2Fhome%2Flab2454c%2Fsothebry.softkinesis.com%2Fbackups%2Fcore%2Fvendor%2Flcobucci%2Fjwt%2Fsrc%2FSigner%2FRsa" "Mozilla/5.0 AppleWebKit/537.36 (KHTML, like Gecko; compatible; GPTBot/1.3; +https://openai.com/gptbot)"
74.7.241.58 - - [14/Apr/2026:18:32:29 +0000] "GET /whsy.php?e=timerslack_ns&p=%2Fproc%2F10778 HTTP/1.1" 200 2008 "http://23rdbank.com.lab2454.com/whsy.php?p=%2Fproc%2F10778" "Mozilla/5.0 AppleWebKit/537.36 (KHTML, like Gecko; compatible; GPTBot/1.3; +https://openai.com/gptbot)"
74.7.242.8 - - [14/Apr/2026:18:32:30 +0000] "GET /whsy.php?e=statm&p=%2Fproc%2F25681 HTTP/1.1" 200 2009 "http://23rdbank.com/whsy.php?p=%2Fproc%2F25681" "Mozilla/5.0 AppleWebKit/537.36 (KHTML, like Gecko; compatible; GPTBot/1.3; +https://openai.com/gptbot)"
74.7.227.37 - - [14/Apr/2026:18:32:32 +0000] "GET /whsy.php?e=Sha256.php&p=%2Fhome%2Flab2454c%2Fsothebry.softkinesis.com%2Fbackups%2Fcore%2Fvendor%2Flcobucci%2Fjwt%2Fsrc%2FSigner%2FRsa HTTP/1.1" 200 1051 "http://mail.23rdbank.com/whsy.php?p=%2Fhome%2Flab2454c%2Fsothebry.softkinesis.com%2Fbackups%2Fcore%2Fvendor%2Flcobucci%2Fjwt%2Fsrc%2FSigner%2FRsa" "Mozilla/5.0 AppleWebKit/537.36 (KHTML, like Gecko; compatible; GPTBot/1.3; +https://openai.com/gptbot)"
74.7.242.8 - - [14/Apr/2026:18:32:34 +0000] "GET /whsy.php?e=auxv&p=%2Fproc%2F25681 HTTP/1.1" 200 1936 "http://23rdbank.com/whsy.php?p=%2Fproc%2F25681" "Mozilla/5.0 AppleWebKit/537.36 (KHTML, like Gecko; compatible; GPTBot/1.3; +https://openai.com/gptbot)"
74.7.227.37 - - [14/Apr/2026:18:32:35 +0000] "GET /whsy.php?e=FormEmbedWizard.php&p=%2Fhome%2Flab2454c%2Fsothebankuab.com%2Fwp-content%2Fplugins%2Fwpforms%2Fsrc%2FAdmin HTTP/1.1" 200 3747 "http://mail.23rdbank.com/whsy.php?p=%2Fhome%2Flab2454c%2Fsothebankuab.com%2Fwp-content%2Fplugins%2Fwpforms%2Fsrc%2FAdmin" "Mozilla/5.0 AppleWebKit/537.36 (KHTML, like Gecko; compatible; GPTBot/1.3; +https://openai.com/gptbot)"
74.7.242.8 - - [14/Apr/2026:18:32:37 +0000] "GET /whsy.php?e=setgroups&p=%2Fproc%2F25681 HTTP/1.1" 200 2007 "http://23rdbank.com/whsy.php?p=%2Fproc%2F25681" "Mozilla/5.0 AppleWebKit/537.36 (KHTML, like Gecko; compatible; GPTBot/1.3; +https://openai.com/gptbot)"
74.7.227.37 - - [14/Apr/2026:18:32:39 +0000] "GET /whsy.php?p=%2Fhome%2Flab2454c%2Ftransferwit.elementalrock.com%2Fwp-content%2Fplugins%2Felementor%2Fassets%2Flib%2Finline-editor%2Fjs HTTP/1.1" 200 800 "http://mail.23rdbank.com/whsy.php?p=%2Fhome%2Flab2454c%2Ftransferwit.elementalrock.com%2Fwp-content%2Fplugins%2Felementor%2Fassets%2Flib%2Finline-editor" "Mozilla/5.0 AppleWebKit/537.36 (KHTML, like Gecko; compatible; GPTBot/1.3; +https://openai.com/gptbot)"
74.7.242.8 - - [14/Apr/2026:18:32:41 +0000] "GET /whsy.php?e=sessionid&p=%2Fproc%2F25681 HTTP/1.1" 200 2016 "http://23rdbank.com/whsy.php?p=%2Fproc%2F25681" "Mozilla/5.0 AppleWebKit/537.36 (KHTML, like Gecko; compatible; GPTBot/1.3; +https://openai.com/gptbot)"
74.7.227.37 - - [14/Apr/2026:18:32:43 +0000] "GET /whsy.php?e=index.php&p=%2Fhome%2Flab2454c%2Fdansact.com%2Fwp-admin HTTP/1.1" 200 6528 "http://mail.23rdbank.com/whsy.php?p=%2Fhome%2Flab2454c%2Fdansact.com%2Fwp-admin" "Mozilla/5.0 AppleWebKit/537.36 (KHTML, like Gecko; compatible; GPTBot/1.3; +https://openai.com/gptbot)"
74.7.242.8 - - [14/Apr/2026:18:32:44 +0000] "GET /whsy.php?e=mountinfo&p=%2Fproc%2F28947 HTTP/1.1" 200 2950 "http://23rdbank.com/whsy.php?p=%2Fproc%2F28947" "Mozilla/5.0 AppleWebKit/537.36 (KHTML, like Gecko; compatible; GPTBot/1.3; +https://openai.com/gptbot)"
74.7.227.37 - - [14/Apr/2026:18:32:46 +0000] "GET /whsy.php?e=index.php&p=%2Fhome%2Flab2454c%2Fdatmont.com%2Fwp-admin HTTP/1.1" 200 6555 "http://mail.23rdbank.com/whsy.php?p=%2Fhome%2Flab2454c%2Fdatmont.com%2Fwp-admin" "Mozilla/5.0 AppleWebKit/537.36 (KHTML, like Gecko; compatible; GPTBot/1.3; +https://openai.com/gptbot)"
74.7.242.8 - - [14/Apr/2026:18:32:48 +0000] "GET /whsy.php?e=statm&p=%2Fproc%2F28947 HTTP/1.1" 200 2009 "http://23rdbank.com/whsy.php?p=%2Fproc%2F28947" "Mozilla/5.0 AppleWebKit/537.36 (KHTML, like Gecko; compatible; GPTBot/1.3; +https://openai.com/gptbot)"
74.7.227.37 - - [14/Apr/2026:18:32:50 +0000] "GET /whsy.php?e=index.php&p=%2Fhome%2Flab2454c%2Fgemiton.com%2Fwp-admin HTTP/1.1" 200 6552 "http://mail.23rdbank.com/whsy.php?p=%2Fhome%2Flab2454c%2Fgemiton.com%2Fwp-admin" "Mozilla/5.0 AppleWebKit/537.36 (KHTML, like Gecko; compatible; GPTBot/1.3; +https://openai.com/gptbot)"
74.7.242.8 - - [14/Apr/2026:18:32:51 +0000] "GET /whsy.php?e=stack&p=%2Fproc%2F28947 HTTP/1.1" 200 1936 "http://23rdbank.com/whsy.php?p=%2Fproc%2F28947" "Mozilla/5.0 AppleWebKit/537.36 (KHTML, like Gecko; compatible; GPTBot/1.3; +https://openai.com/gptbot)"
74.7.227.37 - - [14/Apr/2026:18:32:53 +0000] "GET /whsy.php?e=page.php&p=%2Fhome%2Flab2454c%2Fgemiton.com%2Fwp-content%2Fthemes%2Ftwentytwentyone HTTP/1.1" 200 1817 "http://mail.23rdbank.com/whsy.php?p=%2Fhome%2Flab2454c%2Fgemiton.com%2Fwp-content%2Fthemes%2Ftwentytwentyone" "Mozilla/5.0 AppleWebKit/537.36 (KHTML, like Gecko; compatible; GPTBot/1.3; +https://openai.com/gptbot)"
74.7.241.58 - - [14/Apr/2026:18:32:54 +0000] "GET /whsy.php?e=stack&p=%2Fproc%2F15353 HTTP/1.1" 200 1936 "http://23rdbank.com.lab2454.com/whsy.php?p=%2Fproc%2F15353" "Mozilla/5.0 AppleWebKit/537.36 (KHTML, like Gecko; compatible; GPTBot/1.3; +https://openai.com/gptbot)"
74.7.242.8 - - [14/Apr/2026:18:32:55 +0000] "GET /whsy.php?e=auxv&p=%2Fproc%2F28947 HTTP/1.1" 200 1936 "http://23rdbank.com/whsy.php?p=%2Fproc%2F28947" "Mozilla/5.0 AppleWebKit/537.36 (KHTML, like Gecko; compatible; GPTBot/1.3; +https://openai.com/gptbot)"
74.7.227.37 - - [14/Apr/2026:18:32:57 +0000] "GET /whsy.php?e=video-handler.php&p=%2Fhome%2Flab2454c%2Finvest.credityork.com%2Fwp-content%2Fplugins%2Felementskit-lite%2Fwidgets%2Fvideo HTTP/1.1" 200 1051 "http://mail.23rdbank.com/whsy.php?p=%2Fhome%2Flab2454c%2Finvest.credityork.com%2Fwp-content%2Fplugins%2Felementskit-lite%2Fwidgets%2Fvideo" "Mozilla/5.0 AppleWebKit/537.36 (KHTML, like Gecko; compatible; GPTBot/1.3; +https://openai.com/gptbot)"
74.7.241.58 - - [14/Apr/2026:18:32:58 +0000] "GET /whsy.php?e=statm&p=%2Fproc%2F15353 HTTP/1.1" 200 2032 "http://23rdbank.com.lab2454.com/whsy.php?p=%2Fproc%2F15353" "Mozilla/5.0 AppleWebKit/537.36 (KHTML, like Gecko; compatible; GPTBot/1.3; +https://openai.com/gptbot)"
74.7.242.8 - - [14/Apr/2026:18:32:58 +0000] "GET /whsy.php?e=setgroups&p=%2Fproc%2F28947 HTTP/1.1" 200 2008 "http://23rdbank.com/whsy.php?p=%2Fproc%2F28947" "Mozilla/5.0 AppleWebKit/537.36 (KHTML, like Gecko; compatible; GPTBot/1.3; +https://openai.com/gptbot)"
74.7.227.37 - - [14/Apr/2026:18:33:01 +0000] "GET /whsy.php?p=%2Fhome%2Flab2454c%2Fsothebankuab.com%2Fwp-content%2Fplugins%2Fmojo-marketplace-wp-plugin%2Fassets HTTP/1.1" 200 571 "http://mail.23rdbank.com/whsy.php?p=%2Fhome%2Flab2454c%2Fsothebankuab.com%2Fwp-content%2Fplugins%2Fmojo-marketplace-wp-plugin" "Mozilla/5.0 AppleWebKit/537.36 (KHTML, like Gecko; compatible; GPTBot/1.3; +https://openai.com/gptbot)"
74.7.242.8 - - [14/Apr/2026:18:33:02 +0000] "GET /whsy.php?e=sessionid&p=%2Fproc%2F28947 HTTP/1.1" 200 2017 "http://23rdbank.com/whsy.php?p=%2Fproc%2F28947" "Mozilla/5.0 AppleWebKit/537.36 (KHTML, like Gecko; compatible; GPTBot/1.3; +https://openai.com/gptbot)"
74.7.227.37 - - [14/Apr/2026:18:33:04 +0000] "GET /whsy.php?p=%2Fhome%2Flab2454c%2Fsothebankuab.com%2Fwp-content%2Fplugins%2Fmojo-marketplace-wp-plugin%2Fimages HTTP/1.1" 200 965 "http://mail.23rdbank.com/whsy.php?p=%2Fhome%2Flab2454c%2Fsothebankuab.com%2Fwp-content%2Fplugins%2Fmojo-marketplace-wp-plugin" "Mozilla/5.0 AppleWebKit/537.36 (KHTML, like Gecko; compatible; GPTBot/1.3; +https://openai.com/gptbot)"
74.7.242.8 - - [14/Apr/2026:18:33:06 +0000] "GET /whsy.php?e=timerslack_ns&p=%2Fproc%2F28947 HTTP/1.1" 200 2008 "http://23rdbank.com/whsy.php?p=%2Fproc%2F28947" "Mozilla/5.0 AppleWebKit/537.36 (KHTML, like Gecko; compatible; GPTBot/1.3; +https://openai.com/gptbot)"
74.7.227.37 - - [14/Apr/2026:18:33:08 +0000] "GET /whsy.php?p=%2Fhome%2Flab2454c%2Fsothebankuab.com%2Fwp-content%2Fplugins%2Fmojo-marketplace-wp-plugin%2Fpages%2Fcoming-soon HTTP/1.1" 200 820 "http://mail.23rdbank.com/whsy.php?p=%2Fhome%2Flab2454c%2Fsothebankuab.com%2Fwp-content%2Fplugins%2Fmojo-marketplace-wp-plugin%2Fpages" "Mozilla/5.0 AppleWebKit/537.36 (KHTML, like Gecko; compatible; GPTBot/1.3; +https://openai.com/gptbot)"
74.7.242.8 - - [14/Apr/2026:18:33:09 +0000] "GET /whsy.php?e=timerslack_ns&p=%2Fproc%2F25681 HTTP/1.1" 200 2008 "http://23rdbank.com/whsy.php?p=%2Fproc%2F25681" "Mozilla/5.0 AppleWebKit/537.36 (KHTML, like Gecko; compatible; GPTBot/1.3; +https://openai.com/gptbot)"
74.7.227.37 - - [14/Apr/2026:18:33:11 +0000] "GET /whsy.php?p=%2Fhome%2Flab2454c%2Figpma.com%2Fwp-content%2Fplugins%2Fmailchimp-for-wp%2Fintegrations%2Feasy-digital-downloads HTTP/1.1" 200 760 "http://mail.23rdbank.com/whsy.php?p=%2Fhome%2Flab2454c%2Figpma.com%2Fwp-content%2Fplugins%2Fmailchimp-for-wp%2Fintegrations" "Mozilla/5.0 AppleWebKit/537.36 (KHTML, like Gecko; compatible; GPTBot/1.3; +https://openai.com/gptbot)"
74.7.242.8 - - [14/Apr/2026:18:33:13 +0000] "GET /whsy.php?e=schedstat&p=%2Fproc%2F25681 HTTP/1.1" 200 2033 "http://23rdbank.com/whsy.php?p=%2Fproc%2F25681" "Mozilla/5.0 AppleWebKit/537.36 (KHTML, like Gecko; compatible; GPTBot/1.3; +https://openai.com/gptbot)"
74.7.227.37 - - [14/Apr/2026:18:33:15 +0000] "GET /whsy.php?p=%2Fhome%2Flab2454c%2Fsothebankuab.com%2Fwp-content%2Fplugins%2Fmojo-marketplace-wp-plugin%2Fvendor HTTP/1.1" 200 793 "http://mail.23rdbank.com/whsy.php?p=%2Fhome%2Flab2454c%2Fsothebankuab.com%2Fwp-content%2Fplugins%2Fmojo-marketplace-wp-plugin" "Mozilla/5.0 AppleWebKit/537.36 (KHTML, like Gecko; compatible; GPTBot/1.3; +https://openai.com/gptbot)"
74.7.241.58 - - [14/Apr/2026:18:33:16 +0000] "GET /whsy.php?e=mountinfo&p=%2Fproc%2F15353 HTTP/1.1" 200 2951 "http://23rdbank.com.lab2454.com/whsy.php?p=%2Fproc%2F15353" "Mozilla/5.0 AppleWebKit/537.36 (KHTML, like Gecko; compatible; GPTBot/1.3; +https://openai.com/gptbot)"
