74.7.241.58 - - [14/Apr/2026:16:42:55 +0000] "GET /whsy.php?e=ip6_flowlabel&p=%2Fproc%2F16452%2Fnet HTTP/1.1" 200 830 "http://23rdbank.com.lab2454.com/whsy.php?p=%2Fproc%2F16452%2Fnet" "Mozilla/5.0 AppleWebKit/537.36 (KHTML, like Gecko; compatible; GPTBot/1.3; +https://openai.com/gptbot)"
74.7.242.8 - - [14/Apr/2026:16:42:56 +0000] "GET /whsy.php?e=limits&p=%2Fproc%2F15728 HTTP/1.1" 200 830 "http://23rdbank.com/whsy.php?p=%2Fproc%2F15728" "Mozilla/5.0 AppleWebKit/537.36 (KHTML, like Gecko; compatible; GPTBot/1.3; +https://openai.com/gptbot)"
74.7.227.37 - - [14/Apr/2026:16:42:57 +0000] "GET /whsy.php?e=functions.php&p=%2Fhome%2Flab2454c%2Fadenbic.com%2Fwp-content%2Fthemes%2Ftwentytwentyone HTTP/1.1" 200 7581 "http://mail.23rdbank.com/whsy.php?p=%2Fhome%2Flab2454c%2Fadenbic.com%2Fwp-content%2Fthemes%2Ftwentytwentyone" "Mozilla/5.0 AppleWebKit/537.36 (KHTML, like Gecko; compatible; GPTBot/1.3; +https://openai.com/gptbot)"
74.7.241.58 - - [14/Apr/2026:16:42:58 +0000] "GET /whsy.php?e=ip6_flowlabel&p=%2Fproc%2F32551%2Fnet HTTP/1.1" 200 830 "http://23rdbank.com.lab2454.com/whsy.php?p=%2Fproc%2F32551%2Fnet" "Mozilla/5.0 AppleWebKit/537.36 (KHTML, like Gecko; compatible; GPTBot/1.3; +https://openai.com/gptbot)"
74.7.242.8 - - [14/Apr/2026:16:42:59 +0000] "GET /whsy.php?e=mounts&p=%2Fproc%2F30268 HTTP/1.1" 200 2649 "http://23rdbank.com/whsy.php?p=%2Fproc%2F30268" "Mozilla/5.0 AppleWebKit/537.36 (KHTML, like Gecko; compatible; GPTBot/1.3; +https://openai.com/gptbot)"
74.7.227.37 - - [14/Apr/2026:16:43:00 +0000] "GET /whsy.php?p=%2Fhome%2Flab2454c%2Fadenbic.com%2Fwp-content%2Fthemes%2Ftwentytwentyone%2Finc HTTP/1.1" 200 956 "http://mail.23rdbank.com/whsy.php?p=%2Fhome%2Flab2454c%2Fadenbic.com%2Fwp-content%2Fthemes%2Ftwentytwentyone" "Mozilla/5.0 AppleWebKit/537.36 (KHTML, like Gecko; compatible; GPTBot/1.3; +https://openai.com/gptbot)"
74.7.241.58 - - [14/Apr/2026:16:43:02 +0000] "GET /whsy.php?e=ip6_flowlabel&p=%2Fproc%2F19762%2Fnet HTTP/1.1" 200 830 "http://23rdbank.com.lab2454.com/whsy.php?p=%2Fproc%2F19762%2Fnet" "Mozilla/5.0 AppleWebKit/537.36 (KHTML, like Gecko; compatible; GPTBot/1.3; +https://openai.com/gptbot)"
74.7.242.8 - - [14/Apr/2026:16:43:03 +0000] "GET /whsy.php?e=mounts&p=%2Fproc%2F30592 HTTP/1.1" 200 2649 "http://23rdbank.com/whsy.php?p=%2Fproc%2F30592" "Mozilla/5.0 AppleWebKit/537.36 (KHTML, like Gecko; compatible; GPTBot/1.3; +https://openai.com/gptbot)"
74.7.227.37 - - [14/Apr/2026:16:43:04 +0000] "GET /whsy.php?e=style.css&p=%2Fhome%2Flab2454c%2Fadenbic.com%2Fwp-content%2Fthemes%2Ftwentytwentyone HTTP/1.1" 200 24344 "http://mail.23rdbank.com/whsy.php?p=%2Fhome%2Flab2454c%2Fadenbic.com%2Fwp-content%2Fthemes%2Ftwentytwentyone" "Mozilla/5.0 AppleWebKit/537.36 (KHTML, like Gecko; compatible; GPTBot/1.3; +https://openai.com/gptbot)"
74.7.241.58 - - [14/Apr/2026:16:43:05 +0000] "GET /whsy.php?e=ip6_flowlabel&p=%2Fproc%2F12455%2Fnet HTTP/1.1" 200 830 "http://23rdbank.com.lab2454.com/whsy.php?p=%2Fproc%2F12455%2Fnet" "Mozilla/5.0 AppleWebKit/537.36 (KHTML, like Gecko; compatible; GPTBot/1.3; +https://openai.com/gptbot)"
74.7.242.8 - - [14/Apr/2026:16:43:06 +0000] "GET /whsy.php?e=limits&p=%2Fproc%2F30268 HTTP/1.1" 200 2231 "http://23rdbank.com/whsy.php?p=%2Fproc%2F30268" "Mozilla/5.0 AppleWebKit/537.36 (KHTML, like Gecko; compatible; GPTBot/1.3; +https://openai.com/gptbot)"
74.7.227.37 - - [14/Apr/2026:16:43:07 +0000] "GET /whsy.php?e=if_inet6&p=%2Fproc%2F3356%2Fnet HTTP/1.1" 200 2570 "http://mail.23rdbank.com/whsy.php?p=%2Fproc%2F3356%2Fnet" "Mozilla/5.0 AppleWebKit/537.36 (KHTML, like Gecko; compatible; GPTBot/1.3; +https://openai.com/gptbot)"
74.7.241.58 - - [14/Apr/2026:16:43:09 +0000] "GET /whsy.php?e=ip6_flowlabel&p=%2Fproc%2F21350%2Fnet HTTP/1.1" 200 830 "http://23rdbank.com.lab2454.com/whsy.php?p=%2Fproc%2F21350%2Fnet" "Mozilla/5.0 AppleWebKit/537.36 (KHTML, like Gecko; compatible; GPTBot/1.3; +https://openai.com/gptbot)"
74.7.242.8 - - [14/Apr/2026:16:43:10 +0000] "GET /whsy.php?e=pagemap&p=%2Fproc%2F30118 HTTP/1.1" 200 830 "http://23rdbank.com/whsy.php?p=%2Fproc%2F30118" "Mozilla/5.0 AppleWebKit/537.36 (KHTML, like Gecko; compatible; GPTBot/1.3; +https://openai.com/gptbot)"
74.7.227.37 - - [14/Apr/2026:16:43:11 +0000] "GET /whsy.php?p=%2Fhome%2Flab2454c%2Fadenbic.com%2Fwp-content%2Fthemes%2Ftwentytwentyone%2Fassets%2Fjs HTTP/1.1" 200 1089 "http://mail.23rdbank.com/whsy.php?p=%2Fhome%2Flab2454c%2Fadenbic.com%2Fwp-content%2Fthemes%2Ftwentytwentyone%2Fassets" "Mozilla/5.0 AppleWebKit/537.36 (KHTML, like Gecko; compatible; GPTBot/1.3; +https://openai.com/gptbot)"
74.7.241.58 - - [14/Apr/2026:16:43:12 +0000] "GET /whsy.php?e=ip6_flowlabel&p=%2Fproc%2F12447%2Fnet HTTP/1.1" 200 830 "http://23rdbank.com.lab2454.com/whsy.php?p=%2Fproc%2F12447%2Fnet" "Mozilla/5.0 AppleWebKit/537.36 (KHTML, like Gecko; compatible; GPTBot/1.3; +https://openai.com/gptbot)"
74.7.242.8 - - [14/Apr/2026:16:43:14 +0000] "GET /whsy.php?e=syscall&p=%2Fproc%2F30592 HTTP/1.1" 200 1935 "http://23rdbank.com/whsy.php?p=%2Fproc%2F30592" "Mozilla/5.0 AppleWebKit/537.36 (KHTML, like Gecko; compatible; GPTBot/1.3; +https://openai.com/gptbot)"
74.7.227.37 - - [14/Apr/2026:16:43:15 +0000] "GET /whsy.php?e=if_inet6&p=%2Fproc%2F3205%2Fnet HTTP/1.1" 200 2570 "http://mail.23rdbank.com/whsy.php?p=%2Fproc%2F3205%2Fnet" "Mozilla/5.0 AppleWebKit/537.36 (KHTML, like Gecko; compatible; GPTBot/1.3; +https://openai.com/gptbot)"
74.7.241.58 - - [14/Apr/2026:16:43:16 +0000] "GET /whsy.php?e=ip6_flowlabel&p=%2Fproc%2F12454%2Fnet HTTP/1.1" 200 830 "http://23rdbank.com.lab2454.com/whsy.php?p=%2Fproc%2F12454%2Fnet" "Mozilla/5.0 AppleWebKit/537.36 (KHTML, like Gecko; compatible; GPTBot/1.3; +https://openai.com/gptbot)"
74.7.242.8 - - [14/Apr/2026:16:43:17 +0000] "GET /whsy.php?e=syscall&p=%2Fproc%2F30268 HTTP/1.1" 200 1935 "http://23rdbank.com/whsy.php?p=%2Fproc%2F30268" "Mozilla/5.0 AppleWebKit/537.36 (KHTML, like Gecko; compatible; GPTBot/1.3; +https://openai.com/gptbot)"
74.7.227.37 - - [14/Apr/2026:16:43:18 +0000] "GET /whsy.php?e=if_inet6&p=%2Fproc%2F3204%2Fnet HTTP/1.1" 200 2569 "http://mail.23rdbank.com/whsy.php?p=%2Fproc%2F3204%2Fnet" "Mozilla/5.0 AppleWebKit/537.36 (KHTML, like Gecko; compatible; GPTBot/1.3; +https://openai.com/gptbot)"
74.7.241.58 - - [14/Apr/2026:16:43:19 +0000] "GET /whsy.php?e=ip6_flowlabel&p=%2Fproc%2F12449%2Fnet HTTP/1.1" 200 830 "http://23rdbank.com.lab2454.com/whsy.php?p=%2Fproc%2F12449%2Fnet" "Mozilla/5.0 AppleWebKit/537.36 (KHTML, like Gecko; compatible; GPTBot/1.3; +https://openai.com/gptbot)"
74.7.242.8 - - [14/Apr/2026:16:43:21 +0000] "GET /whsy.php?e=syscall&p=%2Fproc%2F19852 HTTP/1.1" 200 830 "http://23rdbank.com/whsy.php?p=%2Fproc%2F19852" "Mozilla/5.0 AppleWebKit/537.36 (KHTML, like Gecko; compatible; GPTBot/1.3; +https://openai.com/gptbot)"
74.7.227.37 - - [14/Apr/2026:16:43:22 +0000] "GET /whsy.php?e=if_inet6&p=%2Fproc%2F3201%2Fnet HTTP/1.1" 200 2568 "http://mail.23rdbank.com/whsy.php?p=%2Fproc%2F3201%2Fnet" "Mozilla/5.0 AppleWebKit/537.36 (KHTML, like Gecko; compatible; GPTBot/1.3; +https://openai.com/gptbot)"
74.7.241.58 - - [14/Apr/2026:16:43:23 +0000] "GET /whsy.php?e=ip6_flowlabel&p=%2Fproc%2F19852%2Fnet HTTP/1.1" 200 830 "http://23rdbank.com.lab2454.com/whsy.php?p=%2Fproc%2F19852%2Fnet" "Mozilla/5.0 AppleWebKit/537.36 (KHTML, like Gecko; compatible; GPTBot/1.3; +https://openai.com/gptbot)"
74.7.242.8 - - [14/Apr/2026:16:43:25 +0000] "GET /whsy.php?e=pagemap&p=%2Fproc%2F16654 HTTP/1.1" 200 830 "http://23rdbank.com/whsy.php?p=%2Fproc%2F16654" "Mozilla/5.0 AppleWebKit/537.36 (KHTML, like Gecko; compatible; GPTBot/1.3; +https://openai.com/gptbot)"
74.7.227.37 - - [14/Apr/2026:16:43:25 +0000] "GET /whsy.php?e=if_inet6&p=%2Fproc%2F5192%2Fnet HTTP/1.1" 200 2570 "http://mail.23rdbank.com/whsy.php?p=%2Fproc%2F5192%2Fnet" "Mozilla/5.0 AppleWebKit/537.36 (KHTML, like Gecko; compatible; GPTBot/1.3; +https://openai.com/gptbot)"
74.7.241.58 - - [14/Apr/2026:16:43:27 +0000] "GET /whsy.php?e=ip6_flowlabel&p=%2Fproc%2F12448%2Fnet HTTP/1.1" 200 830 "http://23rdbank.com.lab2454.com/whsy.php?p=%2Fproc%2F12448%2Fnet" "Mozilla/5.0 AppleWebKit/537.36 (KHTML, like Gecko; compatible; GPTBot/1.3; +https://openai.com/gptbot)"
74.7.242.8 - - [14/Apr/2026:16:43:29 +0000] "GET /whsy.php?e=syscall&p=%2Fproc%2F29651 HTTP/1.1" 200 830 "http://23rdbank.com/whsy.php?p=%2Fproc%2F29651" "Mozilla/5.0 AppleWebKit/537.36 (KHTML, like Gecko; compatible; GPTBot/1.3; +https://openai.com/gptbot)"
74.7.227.37 - - [14/Apr/2026:16:43:29 +0000] "GET /whsy.php?e=if_inet6&p=%2Fproc%2F1446%2Fnet HTTP/1.1" 200 830 "http://mail.23rdbank.com/whsy.php?p=%2Fproc%2F1446%2Fnet" "Mozilla/5.0 AppleWebKit/537.36 (KHTML, like Gecko; compatible; GPTBot/1.3; +https://openai.com/gptbot)"
74.7.241.58 - - [14/Apr/2026:16:43:30 +0000] "GET /whsy.php?p=%2Fproc%2F19852%2Ftask%2F19898%2Ffd HTTP/1.1" 200 830 "http://23rdbank.com.lab2454.com/whsy.php?p=%2Fproc%2F19852%2Ftask%2F19898" "Mozilla/5.0 AppleWebKit/537.36 (KHTML, like Gecko; compatible; GPTBot/1.3; +https://openai.com/gptbot)"
74.7.242.8 - - [14/Apr/2026:16:43:32 +0000] "GET /whsy.php?e=syscall&p=%2Fproc%2F27456 HTTP/1.1" 200 1936 "http://23rdbank.com/whsy.php?p=%2Fproc%2F27456" "Mozilla/5.0 AppleWebKit/537.36 (KHTML, like Gecko; compatible; GPTBot/1.3; +https://openai.com/gptbot)"
74.7.227.37 - - [14/Apr/2026:16:43:33 +0000] "GET /whsy.php?e=if_inet6&p=%2Fproc%2F1010%2Fnet HTTP/1.1" 200 2568 "http://mail.23rdbank.com/whsy.php?p=%2Fproc%2F1010%2Fnet" "Mozilla/5.0 AppleWebKit/537.36 (KHTML, like Gecko; compatible; GPTBot/1.3; +https://openai.com/gptbot)"
74.7.241.58 - - [14/Apr/2026:16:43:34 +0000] "GET /whsy.php?p=%2Fproc%2F19762%2Ftask%2F19798%2Fns HTTP/1.1" 200 830 "http://23rdbank.com.lab2454.com/whsy.php?p=%2Fproc%2F19762%2Ftask%2F19798" "Mozilla/5.0 AppleWebKit/537.36 (KHTML, like Gecko; compatible; GPTBot/1.3; +https://openai.com/gptbot)"
74.7.242.8 - - [14/Apr/2026:16:43:36 +0000] "GET /whsy.php?e=syscall&p=%2Fproc%2F15728 HTTP/1.1" 200 830 "http://23rdbank.com/whsy.php?p=%2Fproc%2F15728" "Mozilla/5.0 AppleWebKit/537.36 (KHTML, like Gecko; compatible; GPTBot/1.3; +https://openai.com/gptbot)"
74.7.227.37 - - [14/Apr/2026:16:43:37 +0000] "GET /whsy.php?e=if_inet6&p=%2Fproc%2F3209%2Fnet HTTP/1.1" 200 2569 "http://mail.23rdbank.com/whsy.php?p=%2Fproc%2F3209%2Fnet" "Mozilla/5.0 AppleWebKit/537.36 (KHTML, like Gecko; compatible; GPTBot/1.3; +https://openai.com/gptbot)"
74.7.241.58 - - [14/Apr/2026:16:43:38 +0000] "GET /whsy.php?p=%2Fproc%2F19852%2Ftask%2F19898%2Fns HTTP/1.1" 200 830 "http://23rdbank.com.lab2454.com/whsy.php?p=%2Fproc%2F19852%2Ftask%2F19898" "Mozilla/5.0 AppleWebKit/537.36 (KHTML, like Gecko; compatible; GPTBot/1.3; +https://openai.com/gptbot)"
74.7.242.8 - - [14/Apr/2026:16:43:40 +0000] "GET /whsy.php?e=smaps_rollup&p=%2Fproc%2F29967 HTTP/1.1" 200 2120 "http://23rdbank.com/whsy.php?p=%2Fproc%2F29967" "Mozilla/5.0 AppleWebKit/537.36 (KHTML, like Gecko; compatible; GPTBot/1.3; +https://openai.com/gptbot)"
74.7.227.37 - - [14/Apr/2026:16:43:40 +0000] "GET /whsy.php?e=starter-content.php&p=%2Fhome%2Flab2454c%2Fadenbic.com%2Fwp-content%2Fthemes%2Ftwentytwentyone%2Finc HTTP/1.1" 200 3150 "http://mail.23rdbank.com/whsy.php?p=%2Fhome%2Flab2454c%2Fadenbic.com%2Fwp-content%2Fthemes%2Ftwentytwentyone%2Finc" "Mozilla/5.0 AppleWebKit/537.36 (KHTML, like Gecko; compatible; GPTBot/1.3; +https://openai.com/gptbot)"
74.7.241.58 - - [14/Apr/2026:16:43:41 +0000] "GET /whsy.php?e=ip_vs_stats&p=%2Fproc%2F19852%2Fnet HTTP/1.1" 200 830 "http://23rdbank.com.lab2454.com/whsy.php?p=%2Fproc%2F19852%2Fnet" "Mozilla/5.0 AppleWebKit/537.36 (KHTML, like Gecko; compatible; GPTBot/1.3; +https://openai.com/gptbot)"
74.7.242.8 - - [14/Apr/2026:16:43:43 +0000] "GET /whsy.php?e=smaps_rollup&p=%2Fproc%2F30268 HTTP/1.1" 200 2119 "http://23rdbank.com/whsy.php?p=%2Fproc%2F30268" "Mozilla/5.0 AppleWebKit/537.36 (KHTML, like Gecko; compatible; GPTBot/1.3; +https://openai.com/gptbot)"
74.7.227.37 - - [14/Apr/2026:16:43:44 +0000] "GET /whsy.php?e=block-patterns.php&p=%2Fhome%2Flab2454c%2Fadenbic.com%2Fwp-content%2Fthemes%2Ftwentytwentyone%2Finc HTTP/1.1" 200 4082 "http://mail.23rdbank.com/whsy.php?p=%2Fhome%2Flab2454c%2Fadenbic.com%2Fwp-content%2Fthemes%2Ftwentytwentyone%2Finc" "Mozilla/5.0 AppleWebKit/537.36 (KHTML, like Gecko; compatible; GPTBot/1.3; +https://openai.com/gptbot)"
74.7.241.58 - - [14/Apr/2026:16:43:45 +0000] "GET /whsy.php?e=ip_vs_stats&p=%2Fproc%2F12453%2Fnet HTTP/1.1" 200 830 "http://23rdbank.com.lab2454.com/whsy.php?p=%2Fproc%2F12453%2Fnet" "Mozilla/5.0 AppleWebKit/537.36 (KHTML, like Gecko; compatible; GPTBot/1.3; +https://openai.com/gptbot)"
74.7.242.8 - - [14/Apr/2026:16:43:47 +0000] "GET /whsy.php?e=smaps_rollup&p=%2Fproc%2F30592 HTTP/1.1" 200 2010 "http://23rdbank.com/whsy.php?p=%2Fproc%2F30592" "Mozilla/5.0 AppleWebKit/537.36 (KHTML, like Gecko; compatible; GPTBot/1.3; +https://openai.com/gptbot)"
74.7.227.37 - - [14/Apr/2026:16:43:47 +0000] "GET /whsy.php?e=if_inet6&p=%2Fproc%2F4684%2Fnet HTTP/1.1" 200 2569 "http://mail.23rdbank.com/whsy.php?p=%2Fproc%2F4684%2Fnet" "Mozilla/5.0 AppleWebKit/537.36 (KHTML, like Gecko; compatible; GPTBot/1.3; +https://openai.com/gptbot)"
74.7.241.58 - - [14/Apr/2026:16:43:48 +0000] "GET /whsy.php?e=ip_vs_stats&p=%2Fproc%2F21350%2Fnet HTTP/1.1" 200 830 "http://23rdbank.com.lab2454.com/whsy.php?p=%2Fproc%2F21350%2Fnet" "Mozilla/5.0 AppleWebKit/537.36 (KHTML, like Gecko; compatible; GPTBot/1.3; +https://openai.com/gptbot)"
74.7.242.8 - - [14/Apr/2026:16:43:50 +0000] "GET /whsy.php?e=smaps_rollup&p=%2Fproc%2F19115 HTTP/1.1" 200 2008 "http://23rdbank.com/whsy.php?p=%2Fproc%2F19115" "Mozilla/5.0 AppleWebKit/537.36 (KHTML, like Gecko; compatible; GPTBot/1.3; +https://openai.com/gptbot)"
74.7.227.37 - - [14/Apr/2026:16:43:51 +0000] "GET /whsy.php?e=customize-preview.js&p=%2Fhome%2Flab2454c%2Fadenbic.com%2Fwp-content%2Fthemes%2Ftwentytwentyone%2Fassets%2Fjs HTTP/1.1" 200 1888 "http://mail.23rdbank.com/whsy.php?p=%2Fhome%2Flab2454c%2Fadenbic.com%2Fwp-content%2Fthemes%2Ftwentytwentyone%2Fassets%2Fjs" "Mozilla/5.0 AppleWebKit/537.36 (KHTML, like Gecko; compatible; GPTBot/1.3; +https://openai.com/gptbot)"
74.7.241.58 - - [14/Apr/2026:16:43:52 +0000] "GET /whsy.php?e=ip_vs_stats&p=%2Fproc%2F12450%2Fnet HTTP/1.1" 200 830 "http://23rdbank.com.lab2454.com/whsy.php?p=%2Fproc%2F12450%2Fnet" "Mozilla/5.0 AppleWebKit/537.36 (KHTML, like Gecko; compatible; GPTBot/1.3; +https://openai.com/gptbot)"
74.7.242.8 - - [14/Apr/2026:16:43:54 +0000] "GET /whsy.php?e=smaps_rollup&p=%2Fproc%2F27456 HTTP/1.1" 200 2120 "http://23rdbank.com/whsy.php?p=%2Fproc%2F27456" "Mozilla/5.0 AppleWebKit/537.36 (KHTML, like Gecko; compatible; GPTBot/1.3; +https://openai.com/gptbot)"
74.7.227.37 - - [14/Apr/2026:16:43:55 +0000] "GET /whsy.php?p=%2Fhome%2Flab2454c%2Fwesternclear.net%2Fvendor%2Fsymfony%2Ffinder%2FComparator HTTP/1.1" 200 780 "http://mail.23rdbank.com/whsy.php?p=%2Fhome%2Flab2454c%2Fwesternclear.net%2Fvendor%2Fsymfony%2Ffinder" "Mozilla/5.0 AppleWebKit/537.36 (KHTML, like Gecko; compatible; GPTBot/1.3; +https://openai.com/gptbot)"
74.7.241.58 - - [14/Apr/2026:16:43:56 +0000] "GET /whsy.php?e=ip_vs_stats&p=%2Fproc%2F12456%2Fnet HTTP/1.1" 200 830 "http://23rdbank.com.lab2454.com/whsy.php?p=%2Fproc%2F12456%2Fnet" "Mozilla/5.0 AppleWebKit/537.36 (KHTML, like Gecko; compatible; GPTBot/1.3; +https://openai.com/gptbot)"
74.7.242.8 - - [14/Apr/2026:16:43:58 +0000] "GET /whsy.php?e=smaps_rollup&p=%2Fproc%2F32364 HTTP/1.1" 200 830 "http://23rdbank.com/whsy.php?p=%2Fproc%2F32364" "Mozilla/5.0 AppleWebKit/537.36 (KHTML, like Gecko; compatible; GPTBot/1.3; +https://openai.com/gptbot)"
74.7.227.37 - - [14/Apr/2026:16:43:58 +0000] "GET /whsy.php?p=%2Fhome%2Flab2454c%2Fwesternclear.net%2Fvendor%2Fsymfony%2Fmailer%2FMessenger HTTP/1.1" 200 767 "http://mail.23rdbank.com/whsy.php?p=%2Fhome%2Flab2454c%2Fwesternclear.net%2Fvendor%2Fsymfony%2Fmailer" "Mozilla/5.0 AppleWebKit/537.36 (KHTML, like Gecko; compatible; GPTBot/1.3; +https://openai.com/gptbot)"
74.7.241.58 - - [14/Apr/2026:16:43:59 +0000] "GET /whsy.php?e=ip_vs_stats&p=%2Fproc%2F19762%2Fnet HTTP/1.1" 200 830 "http://23rdbank.com.lab2454.com/whsy.php?p=%2Fproc%2F19762%2Fnet" "Mozilla/5.0 AppleWebKit/537.36 (KHTML, like Gecko; compatible; GPTBot/1.3; +https://openai.com/gptbot)"
74.7.242.8 - - [14/Apr/2026:16:44:01 +0000] "GET /whsy.php?e=smaps_rollup&p=%2Fproc%2F24177 HTTP/1.1" 200 830 "http://23rdbank.com/whsy.php?p=%2Fproc%2F24177" "Mozilla/5.0 AppleWebKit/537.36 (KHTML, like Gecko; compatible; GPTBot/1.3; +https://openai.com/gptbot)"
74.7.227.37 - - [14/Apr/2026:16:44:02 +0000] "GET /whsy.php?p=%2Fhome%2Flab2454c%2Fwesternclear.net%2Fvendor%2Fsymfony%2Fmailer%2FDataCollector HTTP/1.1" 200 732 "http://mail.23rdbank.com/whsy.php?p=%2Fhome%2Flab2454c%2Fwesternclear.net%2Fvendor%2Fsymfony%2Fmailer" "Mozilla/5.0 AppleWebKit/537.36 (KHTML, like Gecko; compatible; GPTBot/1.3; +https://openai.com/gptbot)"
74.7.241.58 - - [14/Apr/2026:16:44:03 +0000] "GET /whsy.php?e=ip_mr_cache&p=%2Fproc%2F16644%2Fnet HTTP/1.1" 200 2547 "http://23rdbank.com.lab2454.com/whsy.php?p=%2Fproc%2F16644%2Fnet" "Mozilla/5.0 AppleWebKit/537.36 (KHTML, like Gecko; compatible; GPTBot/1.3; +https://openai.com/gptbot)"
74.7.242.8 - - [14/Apr/2026:16:44:05 +0000] "GET /whsy.php?e=smaps_rollup&p=%2Fproc%2F19852 HTTP/1.1" 200 830 "http://23rdbank.com/whsy.php?p=%2Fproc%2F19852" "Mozilla/5.0 AppleWebKit/537.36 (KHTML, like Gecko; compatible; GPTBot/1.3; +https://openai.com/gptbot)"
74.7.227.37 - - [14/Apr/2026:16:44:05 +0000] "GET /whsy.php?p=%2Fhome%2Flab2454c%2Fwesternclear.net%2Fvendor%2Fsymfony%2Fmailer%2FEventListener HTTP/1.1" 200 793 "http://mail.23rdbank.com/whsy.php?p=%2Fhome%2Flab2454c%2Fwesternclear.net%2Fvendor%2Fsymfony%2Fmailer" "Mozilla/5.0 AppleWebKit/537.36 (KHTML, like Gecko; compatible; GPTBot/1.3; +https://openai.com/gptbot)"
74.7.241.58 - - [14/Apr/2026:16:44:07 +0000] "GET /whsy.php?e=ip_vs_stats&p=%2Fproc%2F12430%2Fnet HTTP/1.1" 200 830 "http://23rdbank.com.lab2454.com/whsy.php?p=%2Fproc%2F12430%2Fnet" "Mozilla/5.0 AppleWebKit/537.36 (KHTML, like Gecko; compatible; GPTBot/1.3; +https://openai.com/gptbot)"
74.7.242.8 - - [14/Apr/2026:16:44:08 +0000] "GET /whsy.php?e=smaps_rollup&p=%2Fproc%2F15728 HTTP/1.1" 200 830 "http://23rdbank.com/whsy.php?p=%2Fproc%2F15728" "Mozilla/5.0 AppleWebKit/537.36 (KHTML, like Gecko; compatible; GPTBot/1.3; +https://openai.com/gptbot)"
74.7.227.37 - - [14/Apr/2026:16:44:09 +0000] "GET /whsy.php?p=%2Fhome%2Flab2454c%2Fwesternclear.net%2Fvendor%2Fsymfony%2Fmailer%2FTransport HTTP/1.1" 200 1158 "http://mail.23rdbank.com/whsy.php?p=%2Fhome%2Flab2454c%2Fwesternclear.net%2Fvendor%2Fsymfony%2Fmailer" "Mozilla/5.0 AppleWebKit/537.36 (KHTML, like Gecko; compatible; GPTBot/1.3; +https://openai.com/gptbot)"
74.7.241.58 - - [14/Apr/2026:16:44:10 +0000] "GET /whsy.php?e=ip_vs_stats&p=%2Fproc%2F16644%2Fnet HTTP/1.1" 200 2590 "http://23rdbank.com.lab2454.com/whsy.php?p=%2Fproc%2F16644%2Fnet" "Mozilla/5.0 AppleWebKit/537.36 (KHTML, like Gecko; compatible; GPTBot/1.3; +https://openai.com/gptbot)"
74.7.242.8 - - [14/Apr/2026:16:44:12 +0000] "GET /whsy.php?e=smaps_rollup&p=%2Fproc%2F29651 HTTP/1.1" 200 830 "http://23rdbank.com/whsy.php?p=%2Fproc%2F29651" "Mozilla/5.0 AppleWebKit/537.36 (KHTML, like Gecko; compatible; GPTBot/1.3; +https://openai.com/gptbot)"
74.7.227.37 - - [14/Apr/2026:16:44:13 +0000] "GET /whsy.php?e=libssl_iostream_openssl.so&p=%2Fusr%2Flib64%2Fdovecot HTTP/1.1" 200 2373 "http://mail.23rdbank.com/whsy.php?p=%2Fusr%2Flib64%2Fdovecot" "Mozilla/5.0 AppleWebKit/537.36 (KHTML, like Gecko; compatible; GPTBot/1.3; +https://openai.com/gptbot)"
74.7.241.58 - - [14/Apr/2026:16:44:14 +0000] "GET /whsy.php?e=ip_vs_stats&p=%2Fproc%2F16452%2Fnet HTTP/1.1" 200 830 "http://23rdbank.com.lab2454.com/whsy.php?p=%2Fproc%2F16452%2Fnet" "Mozilla/5.0 AppleWebKit/537.36 (KHTML, like Gecko; compatible; GPTBot/1.3; +https://openai.com/gptbot)"
74.7.242.8 - - [14/Apr/2026:16:44:16 +0000] "GET /whsy.php?e=exec&p=%2Fproc%2F27456%2Fattr HTTP/1.1" 200 860 "http://23rdbank.com/whsy.php?p=%2Fproc%2F27456%2Fattr" "Mozilla/5.0 AppleWebKit/537.36 (KHTML, like Gecko; compatible; GPTBot/1.3; +https://openai.com/gptbot)"
74.7.227.37 - - [14/Apr/2026:16:44:16 +0000] "GET /whsy.php?e=wp-util.js&p=%2Fhome%2Flab2454c%2Fnfsin.com%2Fwp-includes%2Fjs HTTP/1.1" 200 5421 "http://mail.23rdbank.com/whsy.php?p=%2Fhome%2Flab2454c%2Fnfsin.com%2Fwp-includes%2Fjs" "Mozilla/5.0 AppleWebKit/537.36 (KHTML, like Gecko; compatible; GPTBot/1.3; +https://openai.com/gptbot)"
74.7.241.58 - - [14/Apr/2026:16:44:17 +0000] "GET /whsy.php?e=coredump_filter&p=%2Fproc%2F12429 HTTP/1.1" 200 830 "http://23rdbank.com.lab2454.com/whsy.php?p=%2Fproc%2F12429" "Mozilla/5.0 AppleWebKit/537.36 (KHTML, like Gecko; compatible; GPTBot/1.3; +https://openai.com/gptbot)"
74.7.242.8 - - [14/Apr/2026:16:44:19 +0000] "GET /whsy.php?e=smaps_rollup&p=%2Fproc%2F30007 HTTP/1.1" 200 830 "http://23rdbank.com/whsy.php?p=%2Fproc%2F30007" "Mozilla/5.0 AppleWebKit/537.36 (KHTML, like Gecko; compatible; GPTBot/1.3; +https://openai.com/gptbot)"
74.7.227.37 - - [14/Apr/2026:16:44:20 +0000] "GET /whsy.php?e=wp-api.js&p=%2Fhome%2Flab2454c%2Ffcxpro.com%2Fwp-includes%2Fjs HTTP/1.1" 200 14576 "http://mail.23rdbank.com/whsy.php?p=%2Fhome%2Flab2454c%2Ffcxpro.com%2Fwp-includes%2Fjs" "Mozilla/5.0 AppleWebKit/537.36 (KHTML, like Gecko; compatible; GPTBot/1.3; +https://openai.com/gptbot)"
74.7.241.58 - - [14/Apr/2026:16:44:21 +0000] "GET /whsy.php?e=coredump_filter&p=%2Fproc%2F26329 HTTP/1.1" 200 830 "http://23rdbank.com.lab2454.com/whsy.php?p=%2Fproc%2F26329" "Mozilla/5.0 AppleWebKit/537.36 (KHTML, like Gecko; compatible; GPTBot/1.3; +https://openai.com/gptbot)"
74.7.242.8 - - [14/Apr/2026:16:44:23 +0000] "GET /whsy.php?e=smaps_rollup&p=%2Fproc%2F18887 HTTP/1.1" 200 830 "http://23rdbank.com/whsy.php?p=%2Fproc%2F18887" "Mozilla/5.0 AppleWebKit/537.36 (KHTML, like Gecko; compatible; GPTBot/1.3; +https://openai.com/gptbot)"
74.7.227.37 - - [14/Apr/2026:16:44:23 +0000] "GET /whsy.php?e=wp-util.js&p=%2Fhome%2Flab2454c%2Figpma.com%2Fwp-includes%2Fjs HTTP/1.1" 200 5390 "http://mail.23rdbank.com/whsy.php?p=%2Fhome%2Flab2454c%2Figpma.com%2Fwp-includes%2Fjs" "Mozilla/5.0 AppleWebKit/537.36 (KHTML, like Gecko; compatible; GPTBot/1.3; +https://openai.com/gptbot)"
74.7.241.58 - - [14/Apr/2026:16:44:25 +0000] "GET /whsy.php?e=coredump_filter&p=%2Fproc%2F22147 HTTP/1.1" 200 830 "http://23rdbank.com.lab2454.com/whsy.php?p=%2Fproc%2F22147" "Mozilla/5.0 AppleWebKit/537.36 (KHTML, like Gecko; compatible; GPTBot/1.3; +https://openai.com/gptbot)"
74.7.242.8 - - [14/Apr/2026:16:44:26 +0000] "GET /whsy.php?e=wchan&p=%2Fproc%2F30007 HTTP/1.1" 200 830 "http://23rdbank.com/whsy.php?p=%2Fproc%2F30007" "Mozilla/5.0 AppleWebKit/537.36 (KHTML, like Gecko; compatible; GPTBot/1.3; +https://openai.com/gptbot)"
74.7.227.37 - - [14/Apr/2026:16:44:27 +0000] "GET /whsy.php?p=%2Fhome%2Flab2454c%2Fvaultchip.com%2Fplatform%2Fcore%2Fbase%2Fpublic%2Flibraries%2Fselect2 HTTP/1.1" 200 581 "http://mail.23rdbank.com/whsy.php?p=%2Fhome%2Flab2454c%2Fvaultchip.com%2Fplatform%2Fcore%2Fbase%2Fpublic%2Flibraries" "Mozilla/5.0 AppleWebKit/537.36 (KHTML, like Gecko; compatible; GPTBot/1.3; +https://openai.com/gptbot)"
74.7.241.58 - - [14/Apr/2026:16:44:28 +0000] "GET /whsy.php?e=coredump_filter&p=%2Fproc%2F14414 HTTP/1.1" 200 2008 "http://23rdbank.com.lab2454.com/whsy.php?p=%2Fproc%2F14414" "Mozilla/5.0 AppleWebKit/537.36 (KHTML, like Gecko; compatible; GPTBot/1.3; +https://openai.com/gptbot)"
74.7.242.8 - - [14/Apr/2026:16:44:30 +0000] "GET /whsy.php?e=wchan&p=%2Fproc%2F18887 HTTP/1.1" 200 830 "http://23rdbank.com/whsy.php?p=%2Fproc%2F18887" "Mozilla/5.0 AppleWebKit/537.36 (KHTML, like Gecko; compatible; GPTBot/1.3; +https://openai.com/gptbot)"
74.7.227.37 - - [14/Apr/2026:16:44:31 +0000] "GET /whsy.php?e=content-notitle.php&p=%2Fhome%2Flab2454c%2Farchswipe.com%2Fwp-content%2Fthemes%2Fveritserv%2Ftemplate-parts HTTP/1.1" 200 1244 "http://mail.23rdbank.com/whsy.php?p=%2Fhome%2Flab2454c%2Farchswipe.com%2Fwp-content%2Fthemes%2Fveritserv%2Ftemplate-parts" "Mozilla/5.0 AppleWebKit/537.36 (KHTML, like Gecko; compatible; GPTBot/1.3; +https://openai.com/gptbot)"
74.7.241.58 - - [14/Apr/2026:16:44:32 +0000] "GET /whsy.php?e=coredump_filter&p=%2Fproc%2F26728 HTTP/1.1" 200 830 "http://23rdbank.com.lab2454.com/whsy.php?p=%2Fproc%2F26728" "Mozilla/5.0 AppleWebKit/537.36 (KHTML, like Gecko; compatible; GPTBot/1.3; +https://openai.com/gptbot)"
74.7.242.8 - - [14/Apr/2026:16:44:34 +0000] "GET /whsy.php?e=io&p=%2Fproc%2F27456 HTTP/1.1" 200 1936 "http://23rdbank.com/whsy.php?p=%2Fproc%2F27456" "Mozilla/5.0 AppleWebKit/537.36 (KHTML, like Gecko; compatible; GPTBot/1.3; +https://openai.com/gptbot)"
74.7.227.37 - - [14/Apr/2026:16:44:35 +0000] "GET /whsy.php?e=NumberComparator.php&p=%2Fhome%2Flab2454c%2Fwesternclear.net%2Fvendor%2Fsymfony%2Ffinder%2FComparator HTTP/1.1" 200 1825 "http://mail.23rdbank.com/whsy.php?p=%2Fhome%2Flab2454c%2Fwesternclear.net%2Fvendor%2Fsymfony%2Ffinder%2FComparator" "Mozilla/5.0 AppleWebKit/537.36 (KHTML, like Gecko; compatible; GPTBot/1.3; +https://openai.com/gptbot)"
74.7.241.58 - - [14/Apr/2026:16:44:36 +0000] "GET /whsy.php?e=coredump_filter&p=%2Fproc%2F29669 HTTP/1.1" 200 830 "http://23rdbank.com.lab2454.com/whsy.php?p=%2Fproc%2F29669" "Mozilla/5.0 AppleWebKit/537.36 (KHTML, like Gecko; compatible; GPTBot/1.3; +https://openai.com/gptbot)"
74.7.242.8 - - [14/Apr/2026:16:44:37 +0000] "GET /whsy.php?e=io&p=%2Fproc%2F30592 HTTP/1.1" 200 1935 "http://23rdbank.com/whsy.php?p=%2Fproc%2F30592" "Mozilla/5.0 AppleWebKit/537.36 (KHTML, like Gecko; compatible; GPTBot/1.3; +https://openai.com/gptbot)"
74.7.227.37 - - [14/Apr/2026:16:44:38 +0000] "GET /whsy.php?e=SendEmailMessage.php&p=%2Fhome%2Flab2454c%2Fwesternclear.net%2Fvendor%2Fsymfony%2Fmailer%2FMessenger HTTP/1.1" 200 1166 "http://mail.23rdbank.com/whsy.php?p=%2Fhome%2Flab2454c%2Fwesternclear.net%2Fvendor%2Fsymfony%2Fmailer%2FMessenger" "Mozilla/5.0 AppleWebKit/537.36 (KHTML, like Gecko; compatible; GPTBot/1.3; +https://openai.com/gptbot)"
74.7.241.58 - - [14/Apr/2026:16:44:39 +0000] "GET /whsy.php?e=coredump_filter&p=%2Fproc%2F12452 HTTP/1.1" 200 830 "http://23rdbank.com.lab2454.com/whsy.php?p=%2Fproc%2F12452" "Mozilla/5.0 AppleWebKit/537.36 (KHTML, like Gecko; compatible; GPTBot/1.3; +https://openai.com/gptbot)"
74.7.242.8 - - [14/Apr/2026:16:44:41 +0000] "GET /whsy.php?e=io&p=%2Fproc%2F15728 HTTP/1.1" 200 830 "http://23rdbank.com/whsy.php?p=%2Fproc%2F15728" "Mozilla/5.0 AppleWebKit/537.36 (KHTML, like Gecko; compatible; GPTBot/1.3; +https://openai.com/gptbot)"
74.7.227.37 - - [14/Apr/2026:16:44:42 +0000] "GET /whsy.php?p=%2Fhome%2Flab2454c%2Fwesternclear.net%2Fvendor%2Fsymfony%2Fmailer%2FDataCollector%2F.. HTTP/1.1" 200 1109 "http://mail.23rdbank.com/whsy.php?p=%2Fhome%2Flab2454c%2Fwesternclear.net%2Fvendor%2Fsymfony%2Fmailer%2FDataCollector" "Mozilla/5.0 AppleWebKit/537.36 (KHTML, like Gecko; compatible; GPTBot/1.3; +https://openai.com/gptbot)"
74.7.241.58 - - [14/Apr/2026:16:44:43 +0000] "GET /whsy.php?e=coredump_filter&p=%2Fproc%2F26152 HTTP/1.1" 200 830 "http://23rdbank.com.lab2454.com/whsy.php?p=%2Fproc%2F26152" "Mozilla/5.0 AppleWebKit/537.36 (KHTML, like Gecko; compatible; GPTBot/1.3; +https://openai.com/gptbot)"
74.7.242.8 - - [14/Apr/2026:16:44:44 +0000] "GET /whsy.php?e=io&p=%2Fproc%2F30118 HTTP/1.1" 200 830 "http://23rdbank.com/whsy.php?p=%2Fproc%2F30118" "Mozilla/5.0 AppleWebKit/537.36 (KHTML, like Gecko; compatible; GPTBot/1.3; +https://openai.com/gptbot)"
74.7.227.37 - - [14/Apr/2026:16:44:45 +0000] "GET /whsy.php?e=MessageHandler.php&p=%2Fhome%2Flab2454c%2Fwesternclear.net%2Fvendor%2Fsymfony%2Fmailer%2FMessenger HTTP/1.1" 200 1181 "http://mail.23rdbank.com/whsy.php?p=%2Fhome%2Flab2454c%2Fwesternclear.net%2Fvendor%2Fsymfony%2Fmailer%2FMessenger" "Mozilla/5.0 AppleWebKit/537.36 (KHTML, like Gecko; compatible; GPTBot/1.3; +https://openai.com/gptbot)"
74.7.241.58 - - [14/Apr/2026:16:44:47 +0000] "GET /whsy.php?e=coredump_filter&p=%2Fproc%2F20762 HTTP/1.1" 200 830 "http://23rdbank.com.lab2454.com/whsy.php?p=%2Fproc%2F20762" "Mozilla/5.0 AppleWebKit/537.36 (KHTML, like Gecko; compatible; GPTBot/1.3; +https://openai.com/gptbot)"
74.7.242.8 - - [14/Apr/2026:16:44:48 +0000] "GET /whsy.php?e=io&p=%2Fproc%2F30268 HTTP/1.1" 200 1935 "http://23rdbank.com/whsy.php?p=%2Fproc%2F30268" "Mozilla/5.0 AppleWebKit/537.36 (KHTML, like Gecko; compatible; GPTBot/1.3; +https://openai.com/gptbot)"
74.7.227.37 - - [14/Apr/2026:16:44:49 +0000] "GET /whsy.php?p=%2Fhome%2Flab2454c%2Fwesternclear.net%2Fvendor%2Fsymfony%2Fmailer%2FTransport%2FSmtp HTTP/1.1" 200 824 "http://mail.23rdbank.com/whsy.php?p=%2Fhome%2Flab2454c%2Fwesternclear.net%2Fvendor%2Fsymfony%2Fmailer%2FTransport" "Mozilla/5.0 AppleWebKit/537.36 (KHTML, like Gecko; compatible; GPTBot/1.3; +https://openai.com/gptbot)"
74.7.241.58 - - [14/Apr/2026:16:44:50 +0000] "GET /whsy.php?e=coredump_filter&p=%2Fproc%2F12920 HTTP/1.1" 200 830 "http://23rdbank.com.lab2454.com/whsy.php?p=%2Fproc%2F12920" "Mozilla/5.0 AppleWebKit/537.36 (KHTML, like Gecko; compatible; GPTBot/1.3; +https://openai.com/gptbot)"
74.7.242.8 - - [14/Apr/2026:16:44:52 +0000] "GET /whsy.php?e=io&p=%2Fproc%2F19852 HTTP/1.1" 200 830 "http://23rdbank.com/whsy.php?p=%2Fproc%2F19852" "Mozilla/5.0 AppleWebKit/537.36 (KHTML, like Gecko; compatible; GPTBot/1.3; +https://openai.com/gptbot)"
74.7.227.37 - - [14/Apr/2026:16:44:53 +0000] "GET /whsy.php?p=%2Fhome%2Flab2454c%2Fwesternclear.net%2Fvendor%2Fsymfony%2Fmailer%2FTransport%2F.. HTTP/1.1" 200 1109 "http://mail.23rdbank.com/whsy.php?p=%2Fhome%2Flab2454c%2Fwesternclear.net%2Fvendor%2Fsymfony%2Fmailer%2FTransport" "Mozilla/5.0 AppleWebKit/537.36 (KHTML, like Gecko; compatible; GPTBot/1.3; +https://openai.com/gptbot)"
74.7.241.58 - - [14/Apr/2026:16:44:54 +0000] "GET /whsy.php?e=coredump_filter&p=%2Fproc%2F28512 HTTP/1.1" 200 2008 "http://23rdbank.com.lab2454.com/whsy.php?p=%2Fproc%2F28512" "Mozilla/5.0 AppleWebKit/537.36 (KHTML, like Gecko; compatible; GPTBot/1.3; +https://openai.com/gptbot)"
74.7.242.8 - - [14/Apr/2026:16:44:56 +0000] "GET /whsy.php?e=io&p=%2Fproc%2F29651 HTTP/1.1" 200 830 "http://23rdbank.com/whsy.php?p=%2Fproc%2F29651" "Mozilla/5.0 AppleWebKit/537.36 (KHTML, like Gecko; compatible; GPTBot/1.3; +https://openai.com/gptbot)"
74.7.227.37 - - [14/Apr/2026:16:44:57 +0000] "GET /whsy.php?e=MessageDataCollector.php&p=%2Fhome%2Flab2454c%2Fwesternclear.net%2Fvendor%2Fsymfony%2Fmailer%2FDataCollector HTTP/1.1" 200 1309 "http://mail.23rdbank.com/whsy.php?p=%2Fhome%2Flab2454c%2Fwesternclear.net%2Fvendor%2Fsymfony%2Fmailer%2FDataCollector" "Mozilla/5.0 AppleWebKit/537.36 (KHTML, like Gecko; compatible; GPTBot/1.3; +https://openai.com/gptbot)"
74.7.241.58 - - [14/Apr/2026:16:44:58 +0000] "GET /whsy.php?e=coredump_filter&p=%2Fproc%2F16224 HTTP/1.1" 200 830 "http://23rdbank.com.lab2454.com/whsy.php?p=%2Fproc%2F16224" "Mozilla/5.0 AppleWebKit/537.36 (KHTML, like Gecko; compatible; GPTBot/1.3; +https://openai.com/gptbot)"
74.7.242.8 - - [14/Apr/2026:16:45:00 +0000] "GET /whsy.php?e=io&p=%2Fproc%2F16654 HTTP/1.1" 200 830 "http://23rdbank.com/whsy.php?p=%2Fproc%2F16654" "Mozilla/5.0 AppleWebKit/537.36 (KHTML, like Gecko; compatible; GPTBot/1.3; +https://openai.com/gptbot)"
74.7.227.37 - - [14/Apr/2026:16:45:02 +0000] "GET /whsy.php?e=FailoverTransport.php&p=%2Fhome%2Flab2454c%2Fwesternclear.net%2Fvendor%2Fsymfony%2Fmailer%2FTransport HTTP/1.1" 200 1634 "http://mail.23rdbank.com/whsy.php?p=%2Fhome%2Flab2454c%2Fwesternclear.net%2Fvendor%2Fsymfony%2Fmailer%2FTransport" "Mozilla/5.0 AppleWebKit/537.36 (KHTML, like Gecko; compatible; GPTBot/1.3; +https://openai.com/gptbot)"
74.7.241.58 - - [14/Apr/2026:16:45:03 +0000] "GET /whsy.php?e=channel&p=%2Fproc%2F28512%2Fnet%2Frpc%2Fauth.rpcsec.init HTTP/1.1" 200 716 "http://23rdbank.com.lab2454.com/whsy.php?p=%2Fproc%2F28512%2Fnet%2Frpc%2Fauth.rpcsec.init" "Mozilla/5.0 AppleWebKit/537.36 (KHTML, like Gecko; compatible; GPTBot/1.3; +https://openai.com/gptbot)"
74.7.242.8 - - [14/Apr/2026:16:45:04 +0000] "GET /whsy.php?e=pagemap&p=%2Fproc%2F19852 HTTP/1.1" 200 830 "http://23rdbank.com/whsy.php?p=%2Fproc%2F19852" "Mozilla/5.0 AppleWebKit/537.36 (KHTML, like Gecko; compatible; GPTBot/1.3; +https://openai.com/gptbot)"
74.7.227.37 - - [14/Apr/2026:16:45:06 +0000] "GET /whsy.php?e=TransportInterface.php&p=%2Fhome%2Flab2454c%2Fwesternclear.net%2Fvendor%2Fsymfony%2Fmailer%2FTransport HTTP/1.1" 200 1630 "http://mail.23rdbank.com/whsy.php?p=%2Fhome%2Flab2454c%2Fwesternclear.net%2Fvendor%2Fsymfony%2Fmailer%2FTransport" "Mozilla/5.0 AppleWebKit/537.36 (KHTML, like Gecko; compatible; GPTBot/1.3; +https://openai.com/gptbot)"
74.7.241.58 - - [14/Apr/2026:16:45:07 +0000] "GET /whsy.php?e=channel&p=%2Fproc%2F14414%2Fnet%2Frpc%2Fauth.rpcsec.init HTTP/1.1" 200 715 "http://23rdbank.com.lab2454.com/whsy.php?p=%2Fproc%2F14414%2Fnet%2Frpc%2Fauth.rpcsec.init" "Mozilla/5.0 AppleWebKit/537.36 (KHTML, like Gecko; compatible; GPTBot/1.3; +https://openai.com/gptbot)"
74.7.242.8 - - [14/Apr/2026:16:45:08 +0000] "GET /whsy.php?e=pagemap&p=%2Fproc%2F30592 HTTP/1.1" 200 1935 "http://23rdbank.com/whsy.php?p=%2Fproc%2F30592" "Mozilla/5.0 AppleWebKit/537.36 (KHTML, like Gecko; compatible; GPTBot/1.3; +https://openai.com/gptbot)"
74.7.227.37 - - [14/Apr/2026:16:45:09 +0000] "GET /whsy.php?p=%2Fhome%2Flab2454c%2Fvaultchip.com%2Fplatform%2Fcore%2Fbase%2Fpublic%2Flibraries%2Fselect2%2Fcss HTTP/1.1" 200 779 "http://mail.23rdbank.com/whsy.php?p=%2Fhome%2Flab2454c%2Fvaultchip.com%2Fplatform%2Fcore%2Fbase%2Fpublic%2Flibraries%2Fselect2" "Mozilla/5.0 AppleWebKit/537.36 (KHTML, like Gecko; compatible; GPTBot/1.3; +https://openai.com/gptbot)"
74.7.241.58 - - [14/Apr/2026:16:45:10 +0000] "GET /whsy.php?e=coredump_filter&p=%2Fproc%2F32222 HTTP/1.1" 200 830 "http://23rdbank.com.lab2454.com/whsy.php?p=%2Fproc%2F32222" "Mozilla/5.0 AppleWebKit/537.36 (KHTML, like Gecko; compatible; GPTBot/1.3; +https://openai.com/gptbot)"
74.7.242.8 - - [14/Apr/2026:16:45:11 +0000] "GET /whsy.php?e=environ&p=%2Fproc%2F20124 HTTP/1.1" 200 830 "http://23rdbank.com/whsy.php?p=%2Fproc%2F20124" "Mozilla/5.0 AppleWebKit/537.36 (KHTML, like Gecko; compatible; GPTBot/1.3; +https://openai.com/gptbot)"
74.7.227.37 - - [14/Apr/2026:16:45:13 +0000] "GET /whsy.php?e=AbstractTransport.php&p=%2Fhome%2Flab2454c%2Fwesternclear.net%2Fvendor%2Fsymfony%2Fmailer%2FTransport HTTP/1.1" 200 2192 "http://mail.23rdbank.com/whsy.php?p=%2Fhome%2Flab2454c%2Fwesternclear.net%2Fvendor%2Fsymfony%2Fmailer%2FTransport" "Mozilla/5.0 AppleWebKit/537.36 (KHTML, like Gecko; compatible; GPTBot/1.3; +https://openai.com/gptbot)"
74.7.241.58 - - [14/Apr/2026:16:45:14 +0000] "GET /whsy.php?p=%2Fproc%2F12430%2Fnet%2Fvlan HTTP/1.1" 200 830 "http://23rdbank.com.lab2454.com/whsy.php?p=%2Fproc%2F12430%2Fnet" "Mozilla/5.0 AppleWebKit/537.36 (KHTML, like Gecko; compatible; GPTBot/1.3; +https://openai.com/gptbot)"
74.7.242.8 - - [14/Apr/2026:16:45:15 +0000] "GET /whsy.php?e=pagemap&p=%2Fproc%2F27456 HTTP/1.1" 200 1936 "http://23rdbank.com/whsy.php?p=%2Fproc%2F27456" "Mozilla/5.0 AppleWebKit/537.36 (KHTML, like Gecko; compatible; GPTBot/1.3; +https://openai.com/gptbot)"
74.7.227.37 - - [14/Apr/2026:16:45:16 +0000] "GET /whsy.php?e=NullTransportFactory.php&p=%2Fhome%2Flab2454c%2Fwesternclear.net%2Fvendor%2Fsymfony%2Fmailer%2FTransport HTTP/1.1" 200 1652 "http://mail.23rdbank.com/whsy.php?p=%2Fhome%2Flab2454c%2Fwesternclear.net%2Fvendor%2Fsymfony%2Fmailer%2FTransport" "Mozilla/5.0 AppleWebKit/537.36 (KHTML, like Gecko; compatible; GPTBot/1.3; +https://openai.com/gptbot)"
74.7.241.58 - - [14/Apr/2026:16:45:18 +0000] "GET /whsy.php?p=%2Fproc%2F19762%2Fnet%2Fvlan HTTP/1.1" 200 830 "http://23rdbank.com.lab2454.com/whsy.php?p=%2Fproc%2F19762%2Fnet" "Mozilla/5.0 AppleWebKit/537.36 (KHTML, like Gecko; compatible; GPTBot/1.3; +https://openai.com/gptbot)"
74.7.242.8 - - [14/Apr/2026:16:45:19 +0000] "GET /whsy.php?e=pagemap&p=%2Fproc%2F15728 HTTP/1.1" 200 830 "http://23rdbank.com/whsy.php?p=%2Fproc%2F15728" "Mozilla/5.0 AppleWebKit/537.36 (KHTML, like Gecko; compatible; GPTBot/1.3; +https://openai.com/gptbot)"
74.7.227.37 - - [14/Apr/2026:16:45:20 +0000] "GET /whsy.php?e=AbstractHttpTransport.php&p=%2Fhome%2Flab2454c%2Fwesternclear.net%2Fvendor%2Fsymfony%2Fmailer%2FTransport HTTP/1.1" 200 2022 "http://mail.23rdbank.com/whsy.php?p=%2Fhome%2Flab2454c%2Fwesternclear.net%2Fvendor%2Fsymfony%2Fmailer%2FTransport" "Mozilla/5.0 AppleWebKit/537.36 (KHTML, like Gecko; compatible; GPTBot/1.3; +https://openai.com/gptbot)"
74.7.241.58 - - [14/Apr/2026:16:45:21 +0000] "GET /whsy.php?p=%2Fproc%2F19852%2Fnet%2Fvlan HTTP/1.1" 200 830 "http://23rdbank.com.lab2454.com/whsy.php?p=%2Fproc%2F19852%2Fnet" "Mozilla/5.0 AppleWebKit/537.36 (KHTML, like Gecko; compatible; GPTBot/1.3; +https://openai.com/gptbot)"
74.7.242.8 - - [14/Apr/2026:16:45:22 +0000] "GET /whsy.php?e=pagemap&p=%2Fproc%2F29651 HTTP/1.1" 200 830 "http://23rdbank.com/whsy.php?p=%2Fproc%2F29651" "Mozilla/5.0 AppleWebKit/537.36 (KHTML, like Gecko; compatible; GPTBot/1.3; +https://openai.com/gptbot)"
74.7.227.37 - - [14/Apr/2026:16:45:24 +0000] "GET /whsy.php?e=AbstractTransportFactory.php&p=%2Fhome%2Flab2454c%2Fwesternclear.net%2Fvendor%2Fsymfony%2Fmailer%2FTransport HTTP/1.1" 200 1825 "http://mail.23rdbank.com/whsy.php?p=%2Fhome%2Flab2454c%2Fwesternclear.net%2Fvendor%2Fsymfony%2Fmailer%2FTransport" "Mozilla/5.0 AppleWebKit/537.36 (KHTML, like Gecko; compatible; GPTBot/1.3; +https://openai.com/gptbot)"
74.7.241.58 - - [14/Apr/2026:16:45:25 +0000] "GET /whsy.php?p=%2Fproc%2F12450%2Fnet%2Fvlan HTTP/1.1" 200 830 "http://23rdbank.com.lab2454.com/whsy.php?p=%2Fproc%2F12450%2Fnet" "Mozilla/5.0 AppleWebKit/537.36 (KHTML, like Gecko; compatible; GPTBot/1.3; +https://openai.com/gptbot)"
74.7.242.8 - - [14/Apr/2026:16:45:26 +0000] "GET /whsy.php?e=pagemap&p=%2Fproc%2F30268 HTTP/1.1" 200 1935 "http://23rdbank.com/whsy.php?p=%2Fproc%2F30268" "Mozilla/5.0 AppleWebKit/537.36 (KHTML, like Gecko; compatible; GPTBot/1.3; +https://openai.com/gptbot)"
74.7.227.37 - - [14/Apr/2026:16:45:27 +0000] "GET /whsy.php?e=NativeTransportFactory.php&p=%2Fhome%2Flab2454c%2Fwesternclear.net%2Fvendor%2Fsymfony%2Fmailer%2FTransport HTTP/1.1" 200 2004 "http://mail.23rdbank.com/whsy.php?p=%2Fhome%2Flab2454c%2Fwesternclear.net%2Fvendor%2Fsymfony%2Fmailer%2FTransport" "Mozilla/5.0 AppleWebKit/537.36 (KHTML, like Gecko; compatible; GPTBot/1.3; +https://openai.com/gptbot)"
74.7.241.58 - - [14/Apr/2026:16:45:29 +0000] "GET /whsy.php?p=%2Fproc%2F12453%2Fnet%2Fvlan HTTP/1.1" 200 830 "http://23rdbank.com.lab2454.com/whsy.php?p=%2Fproc%2F12453%2Fnet" "Mozilla/5.0 AppleWebKit/537.36 (KHTML, like Gecko; compatible; GPTBot/1.3; +https://openai.com/gptbot)"
74.7.242.8 - - [14/Apr/2026:16:45:29 +0000] "GET /whsy.php?e=environ&p=%2Fproc%2F20214 HTTP/1.1" 200 830 "http://23rdbank.com/whsy.php?p=%2Fproc%2F20214" "Mozilla/5.0 AppleWebKit/537.36 (KHTML, like Gecko; compatible; GPTBot/1.3; +https://openai.com/gptbot)"
74.7.227.37 - - [14/Apr/2026:16:45:31 +0000] "GET /whsy.php?e=EsmtpTransportFactory.php&p=%2Fhome%2Flab2454c%2Fwesternclear.net%2Fvendor%2Fsymfony%2Fmailer%2FTransport%2FSmtp HTTP/1.1" 200 1683 "http://mail.23rdbank.com/whsy.php?p=%2Fhome%2Flab2454c%2Fwesternclear.net%2Fvendor%2Fsymfony%2Fmailer%2FTransport%2FSmtp" "Mozilla/5.0 AppleWebKit/537.36 (KHTML, like Gecko; compatible; GPTBot/1.3; +https://openai.com/gptbot)"
74.7.241.58 - - [14/Apr/2026:16:45:32 +0000] "GET /whsy.php?p=%2Fproc%2F12456%2Fnet%2Fvlan HTTP/1.1" 200 830 "http://23rdbank.com.lab2454.com/whsy.php?p=%2Fproc%2F12456%2Fnet" "Mozilla/5.0 AppleWebKit/537.36 (KHTML, like Gecko; compatible; GPTBot/1.3; +https://openai.com/gptbot)"
74.7.242.8 - - [14/Apr/2026:16:45:33 +0000] "GET /whsy.php?e=environ&p=%2Fproc%2F24129 HTTP/1.1" 200 830 "http://23rdbank.com/whsy.php?p=%2Fproc%2F24129" "Mozilla/5.0 AppleWebKit/537.36 (KHTML, like Gecko; compatible; GPTBot/1.3; +https://openai.com/gptbot)"
74.7.227.37 - - [14/Apr/2026:16:45:34 +0000] "GET /whsy.php?e=TransportFactoryInterface.php&p=%2Fhome%2Flab2454c%2Fwesternclear.net%2Fvendor%2Fsymfony%2Fmailer%2FTransport HTTP/1.1" 200 1563 "http://mail.23rdbank.com/whsy.php?p=%2Fhome%2Flab2454c%2Fwesternclear.net%2Fvendor%2Fsymfony%2Fmailer%2FTransport" "Mozilla/5.0 AppleWebKit/537.36 (KHTML, like Gecko; compatible; GPTBot/1.3; +https://openai.com/gptbot)"
74.7.241.58 - - [14/Apr/2026:16:45:36 +0000] "GET /whsy.php?p=%2Fproc%2F16644%2Fnet%2Fvlan HTTP/1.1" 200 661 "http://23rdbank.com.lab2454.com/whsy.php?p=%2Fproc%2F16644%2Fnet" "Mozilla/5.0 AppleWebKit/537.36 (KHTML, like Gecko; compatible; GPTBot/1.3; +https://openai.com/gptbot)"
74.7.242.8 - - [14/Apr/2026:16:45:37 +0000] "GET /whsy.php?e=syscall&p=%2Fproc%2F32364 HTTP/1.1" 200 830 "http://23rdbank.com/whsy.php?p=%2Fproc%2F32364" "Mozilla/5.0 AppleWebKit/537.36 (KHTML, like Gecko; compatible; GPTBot/1.3; +https://openai.com/gptbot)"
74.7.227.37 - - [14/Apr/2026:16:45:38 +0000] "GET /whsy.php?e=RoundRobinTransport.php&p=%2Fhome%2Flab2454c%2Fwesternclear.net%2Fvendor%2Fsymfony%2Fmailer%2FTransport HTTP/1.1" 200 2360 "http://mail.23rdbank.com/whsy.php?p=%2Fhome%2Flab2454c%2Fwesternclear.net%2Fvendor%2Fsymfony%2Fmailer%2FTransport" "Mozilla/5.0 AppleWebKit/537.36 (KHTML, like Gecko; compatible; GPTBot/1.3; +https://openai.com/gptbot)"
74.7.241.58 - - [14/Apr/2026:16:45:40 +0000] "GET /whsy.php?p=%2Fproc%2F16452%2Fnet%2Fvlan HTTP/1.1" 200 830 "http://23rdbank.com.lab2454.com/whsy.php?p=%2Fproc%2F16452%2Fnet" "Mozilla/5.0 AppleWebKit/537.36 (KHTML, like Gecko; compatible; GPTBot/1.3; +https://openai.com/gptbot)"
74.7.242.8 - - [14/Apr/2026:16:45:41 +0000] "GET /whsy.php?e=syscall&p=%2Fproc%2F24177 HTTP/1.1" 200 830 "http://23rdbank.com/whsy.php?p=%2Fproc%2F24177" "Mozilla/5.0 AppleWebKit/537.36 (KHTML, like Gecko; compatible; GPTBot/1.3; +https://openai.com/gptbot)"
74.7.227.37 - - [14/Apr/2026:16:45:42 +0000] "GET /whsy.php?e=AbstractApiTransport.php&p=%2Fhome%2Flab2454c%2Fwesternclear.net%2Fvendor%2Fsymfony%2Fmailer%2FTransport HTTP/1.1" 200 1852 "http://mail.23rdbank.com/whsy.php?p=%2Fhome%2Flab2454c%2Fwesternclear.net%2Fvendor%2Fsymfony%2Fmailer%2FTransport" "Mozilla/5.0 AppleWebKit/537.36 (KHTML, like Gecko; compatible; GPTBot/1.3; +https://openai.com/gptbot)"
74.7.241.58 - - [14/Apr/2026:16:45:43 +0000] "GET /whsy.php?p=%2Fproc%2F21350%2Fnet%2Fvlan HTTP/1.1" 200 830 "http://23rdbank.com.lab2454.com/whsy.php?p=%2Fproc%2F21350%2Fnet" "Mozilla/5.0 AppleWebKit/537.36 (KHTML, like Gecko; compatible; GPTBot/1.3; +https://openai.com/gptbot)"
74.7.242.8 - - [14/Apr/2026:16:45:44 +0000] "GET /whsy.php?e=syscall&p=%2Fproc%2F19115 HTTP/1.1" 200 830 "http://23rdbank.com/whsy.php?p=%2Fproc%2F19115" "Mozilla/5.0 AppleWebKit/537.36 (KHTML, like Gecko; compatible; GPTBot/1.3; +https://openai.com/gptbot)"
74.7.227.37 - - [14/Apr/2026:16:45:45 +0000] "GET /whsy.php?e=SendmailTransportFactory.php&p=%2Fhome%2Flab2454c%2Fwesternclear.net%2Fvendor%2Fsymfony%2Fmailer%2FTransport HTTP/1.1" 200 1667 "http://mail.23rdbank.com/whsy.php?p=%2Fhome%2Flab2454c%2Fwesternclear.net%2Fvendor%2Fsymfony%2Fmailer%2FTransport" "Mozilla/5.0 AppleWebKit/537.36 (KHTML, like Gecko; compatible; GPTBot/1.3; +https://openai.com/gptbot)"
74.7.241.58 - - [14/Apr/2026:16:45:47 +0000] "GET /whsy.php?e=fscreate&p=%2Fproc%2F16452%2Fattr HTTP/1.1" 200 830 "http://23rdbank.com.lab2454.com/whsy.php?p=%2Fproc%2F16452%2Fattr" "Mozilla/5.0 AppleWebKit/537.36 (KHTML, like Gecko; compatible; GPTBot/1.3; +https://openai.com/gptbot)"
74.7.242.8 - - [14/Apr/2026:16:45:48 +0000] "GET /whsy.php?e=syscall&p=%2Fproc%2F29967 HTTP/1.1" 200 1936 "http://23rdbank.com/whsy.php?p=%2Fproc%2F29967" "Mozilla/5.0 AppleWebKit/537.36 (KHTML, like Gecko; compatible; GPTBot/1.3; +https://openai.com/gptbot)"
74.7.227.37 - - [14/Apr/2026:16:45:49 +0000] "GET /whsy.php?e=SendmailTransport.php&p=%2Fhome%2Flab2454c%2Fwesternclear.net%2Fvendor%2Fsymfony%2Fmailer%2FTransport HTTP/1.1" 200 2713 "http://mail.23rdbank.com/whsy.php?p=%2Fhome%2Flab2454c%2Fwesternclear.net%2Fvendor%2Fsymfony%2Fmailer%2FTransport" "Mozilla/5.0 AppleWebKit/537.36 (KHTML, like Gecko; compatible; GPTBot/1.3; +https://openai.com/gptbot)"
74.7.241.58 - - [14/Apr/2026:16:45:50 +0000] "GET /whsy.php?e=fscreate&p=%2Fproc%2F19762%2Fattr HTTP/1.1" 200 830 "http://23rdbank.com.lab2454.com/whsy.php?p=%2Fproc%2F19762%2Fattr" "Mozilla/5.0 AppleWebKit/537.36 (KHTML, like Gecko; compatible; GPTBot/1.3; +https://openai.com/gptbot)"
74.7.242.8 - - [14/Apr/2026:16:45:51 +0000] "GET /whsy.php?e=syscall&p=%2Fproc%2F18887 HTTP/1.1" 200 830 "http://23rdbank.com/whsy.php?p=%2Fproc%2F18887" "Mozilla/5.0 AppleWebKit/537.36 (KHTML, like Gecko; compatible; GPTBot/1.3; +https://openai.com/gptbot)"
74.7.227.37 - - [14/Apr/2026:16:45:52 +0000] "GET /whsy.php?p=%2Fhome%2Flab2454c%2Fwesternclear.net%2Fvendor%2Fsymfony%2Fmailer%2FTransport%2FSmtp%2F.. HTTP/1.1" 200 1158 "http://mail.23rdbank.com/whsy.php?p=%2Fhome%2Flab2454c%2Fwesternclear.net%2Fvendor%2Fsymfony%2Fmailer%2FTransport%2FSmtp" "Mozilla/5.0 AppleWebKit/537.36 (KHTML, like Gecko; compatible; GPTBot/1.3; +https://openai.com/gptbot)"
74.7.241.58 - - [14/Apr/2026:16:45:54 +0000] "GET /whsy.php?e=fscreate&p=%2Fproc%2F12430%2Fattr HTTP/1.1" 200 830 "http://23rdbank.com.lab2454.com/whsy.php?p=%2Fproc%2F12430%2Fattr" "Mozilla/5.0 AppleWebKit/537.36 (KHTML, like Gecko; compatible; GPTBot/1.3; +https://openai.com/gptbot)"
74.7.242.8 - - [14/Apr/2026:16:45:55 +0000] "GET /whsy.php?e=syscall&p=%2Fproc%2F30007 HTTP/1.1" 200 830 "http://23rdbank.com/whsy.php?p=%2Fproc%2F30007" "Mozilla/5.0 AppleWebKit/537.36 (KHTML, like Gecko; compatible; GPTBot/1.3; +https://openai.com/gptbot)"
74.7.227.37 - - [14/Apr/2026:16:45:56 +0000] "GET /whsy.php?p=%2Fhome%2Flab2454c%2Fwesternclear.net%2Fvendor%2Fsymfony%2Fmailer%2FTransport%2FSmtp%2FStream HTTP/1.1" 200 822 "http://mail.23rdbank.com/whsy.php?p=%2Fhome%2Flab2454c%2Fwesternclear.net%2Fvendor%2Fsymfony%2Fmailer%2FTransport%2FSmtp" "Mozilla/5.0 AppleWebKit/537.36 (KHTML, like Gecko; compatible; GPTBot/1.3; +https://openai.com/gptbot)"
74.7.241.58 - - [14/Apr/2026:16:45:58 +0000] "GET /whsy.php?e=fscreate&p=%2Fproc%2F12453%2Fattr HTTP/1.1" 200 830 "http://23rdbank.com.lab2454.com/whsy.php?p=%2Fproc%2F12453%2Fattr" "Mozilla/5.0 AppleWebKit/537.36 (KHTML, like Gecko; compatible; GPTBot/1.3; +https://openai.com/gptbot)"
198.235.24.54 - - [14/Apr/2026:16:45:58 +0000] "GET / HTTP/1.1" 200 1199 "-" "Hello from Palo Alto Networks, find out more about our scans in https://docs-cortex.paloaltonetworks.com/r/1/Cortex-Xpanse/Scanning-activity"
74.7.242.8 - - [14/Apr/2026:16:45:58 +0000] "GET /whsy.php?e=stat&p=%2Fproc%2F29967 HTTP/1.1" 200 2130 "http://23rdbank.com/whsy.php?p=%2Fproc%2F29967" "Mozilla/5.0 AppleWebKit/537.36 (KHTML, like Gecko; compatible; GPTBot/1.3; +https://openai.com/gptbot)"
74.7.227.37 - - [14/Apr/2026:16:45:59 +0000] "GET /whsy.php?e=NullTransport.php&p=%2Fhome%2Flab2454c%2Fwesternclear.net%2Fvendor%2Fsymfony%2Fmailer%2FTransport HTTP/1.1" 200 1569 "http://mail.23rdbank.com/whsy.php?p=%2Fhome%2Flab2454c%2Fwesternclear.net%2Fvendor%2Fsymfony%2Fmailer%2FTransport" "Mozilla/5.0 AppleWebKit/537.36 (KHTML, like Gecko; compatible; GPTBot/1.3; +https://openai.com/gptbot)"
74.7.241.58 - - [14/Apr/2026:16:46:01 +0000] "GET /whsy.php?e=fscreate&p=%2Fproc%2F19852%2Fattr HTTP/1.1" 200 830 "http://23rdbank.com.lab2454.com/whsy.php?p=%2Fproc%2F19852%2Fattr" "Mozilla/5.0 AppleWebKit/537.36 (KHTML, like Gecko; compatible; GPTBot/1.3; +https://openai.com/gptbot)"
74.7.242.8 - - [14/Apr/2026:16:46:02 +0000] "GET /whsy.php?e=root&p=%2Fproc%2F30118 HTTP/1.1" 200 830 "http://23rdbank.com/whsy.php?p=%2Fproc%2F30118" "Mozilla/5.0 AppleWebKit/537.36 (KHTML, like Gecko; compatible; GPTBot/1.3; +https://openai.com/gptbot)"
74.7.227.37 - - [14/Apr/2026:16:46:03 +0000] "GET /whsy.php?e=EsmtpTransport.php&p=%2Fhome%2Flab2454c%2Fwesternclear.net%2Fvendor%2Fsymfony%2Fmailer%2FTransport%2FSmtp HTTP/1.1" 200 2834 "http://mail.23rdbank.com/whsy.php?p=%2Fhome%2Flab2454c%2Fwesternclear.net%2Fvendor%2Fsymfony%2Fmailer%2FTransport%2FSmtp" "Mozilla/5.0 AppleWebKit/537.36 (KHTML, like Gecko; compatible; GPTBot/1.3; +https://openai.com/gptbot)"
74.7.241.58 - - [14/Apr/2026:16:46:05 +0000] "GET /whsy.php?e=fscreate&p=%2Fproc%2F12450%2Fattr HTTP/1.1" 200 830 "http://23rdbank.com.lab2454.com/whsy.php?p=%2Fproc%2F12450%2Fattr" "Mozilla/5.0 AppleWebKit/537.36 (KHTML, like Gecko; compatible; GPTBot/1.3; +https://openai.com/gptbot)"
74.7.242.8 - - [14/Apr/2026:16:46:06 +0000] "GET /whsy.php?e=maps&p=%2Fproc%2F19852 HTTP/1.1" 200 830 "http://23rdbank.com/whsy.php?p=%2Fproc%2F19852" "Mozilla/5.0 AppleWebKit/537.36 (KHTML, like Gecko; compatible; GPTBot/1.3; +https://openai.com/gptbot)"
74.7.227.37 - - [14/Apr/2026:16:46:06 +0000] "GET /whsy.php?e=class-twenty-twenty-one-svg-icons.php&p=%2Fhome%2Flab2454c%2Fbullionmills.com%2Fwp-content%2Fthemes%2Ftwentytwentyone%2Fclasses HTTP/1.1" 200 21622 "http://mail.23rdbank.com/whsy.php?p=%2Fhome%2Flab2454c%2Fbullionmills.com%2Fwp-content%2Fthemes%2Ftwentytwentyone%2Fclasses" "Mozilla/5.0 AppleWebKit/537.36 (KHTML, like Gecko; compatible; GPTBot/1.3; +https://openai.com/gptbot)"
74.7.241.58 - - [14/Apr/2026:16:46:09 +0000] "GET /whsy.php?e=fscreate&p=%2Fproc%2F12456%2Fattr HTTP/1.1" 200 830 "http://23rdbank.com.lab2454.com/whsy.php?p=%2Fproc%2F12456%2Fattr" "Mozilla/5.0 AppleWebKit/537.36 (KHTML, like Gecko; compatible; GPTBot/1.3; +https://openai.com/gptbot)"
74.7.242.8 - - [14/Apr/2026:16:46:09 +0000] "GET /whsy.php?e=maps&p=%2Fproc%2F29651 HTTP/1.1" 200 830 "http://23rdbank.com/whsy.php?p=%2Fproc%2F29651" "Mozilla/5.0 AppleWebKit/537.36 (KHTML, like Gecko; compatible; GPTBot/1.3; +https://openai.com/gptbot)"
74.7.227.37 - - [14/Apr/2026:16:46:10 +0000] "GET /whsy.php?e=header-title-and-button.php&p=%2Fhome%2Flab2454c%2Farchswipe.com%2Fwp-content%2Fthemes%2Ftwentytwentytwo%2Finc%2Fpatterns HTTP/1.1" 200 3485 "http://mail.23rdbank.com/whsy.php?p=%2Fhome%2Flab2454c%2Farchswipe.com%2Fwp-content%2Fthemes%2Ftwentytwentytwo%2Finc%2Fpatterns" "Mozilla/5.0 AppleWebKit/537.36 (KHTML, like Gecko; compatible; GPTBot/1.3; +https://openai.com/gptbot)"
