74.7.241.58 - - [14/Apr/2026:16:39:40 +0000] "GET /whsy.php?e=keycreate&p=%2Fproc%2F12454%2Fattr HTTP/1.1" 200 830 "http://23rdbank.com.lab2454.com/whsy.php?p=%2Fproc%2F12454%2Fattr" "Mozilla/5.0 AppleWebKit/537.36 (KHTML, like Gecko; compatible; GPTBot/1.3; +https://openai.com/gptbot)"
74.7.227.37 - - [14/Apr/2026:16:39:42 +0000] "GET /whsy.php?e=class-wc-meta-box-order-data.php&p=%2Fhome%2Flab2454c%2Fisaaclondston.com%2Fwp-content%2Fplugins%2Fwoocommerce%2Fincludes%2Fadmin%2Fmeta-boxes HTTP/1.1" 200 6588 "http://mail.23rdbank.com/whsy.php?p=%2Fhome%2Flab2454c%2Fisaaclondston.com%2Fwp-content%2Fplugins%2Fwoocommerce%2Fincludes%2Fadmin%2Fmeta-boxes" "Mozilla/5.0 AppleWebKit/537.36 (KHTML, like Gecko; compatible; GPTBot/1.3; +https://openai.com/gptbot)"
74.7.242.8 - - [14/Apr/2026:16:39:42 +0000] "GET /whsy.php?e=loginuid&p=%2Fproc%2F30268 HTTP/1.1" 200 2013 "http://23rdbank.com/whsy.php?p=%2Fproc%2F30268" "Mozilla/5.0 AppleWebKit/537.36 (KHTML, like Gecko; compatible; GPTBot/1.3; +https://openai.com/gptbot)"
74.7.241.58 - - [14/Apr/2026:16:39:44 +0000] "GET /whsy.php?e=keycreate&p=%2Fproc%2F12448%2Fattr HTTP/1.1" 200 830 "http://23rdbank.com.lab2454.com/whsy.php?p=%2Fproc%2F12448%2Fattr" "Mozilla/5.0 AppleWebKit/537.36 (KHTML, like Gecko; compatible; GPTBot/1.3; +https://openai.com/gptbot)"
74.7.227.37 - - [14/Apr/2026:16:39:45 +0000] "GET /whsy.php?e=class-wc-meta-box-order-data.php&p=%2Fhome%2Flab2454c%2Fsothebankuab.com%2Fwp-content%2Fplugins%2Fwoocommerce%2Fincludes%2Fadmin%2Fmeta-boxes HTTP/1.1" 200 5795 "http://mail.23rdbank.com/whsy.php?p=%2Fhome%2Flab2454c%2Fsothebankuab.com%2Fwp-content%2Fplugins%2Fwoocommerce%2Fincludes%2Fadmin%2Fmeta-boxes" "Mozilla/5.0 AppleWebKit/537.36 (KHTML, like Gecko; compatible; GPTBot/1.3; +https://openai.com/gptbot)"
74.7.242.8 - - [14/Apr/2026:16:39:46 +0000] "GET /whsy.php?e=mountstats&p=%2Fproc%2F29651 HTTP/1.1" 200 830 "http://23rdbank.com/whsy.php?p=%2Fproc%2F29651" "Mozilla/5.0 AppleWebKit/537.36 (KHTML, like Gecko; compatible; GPTBot/1.3; +https://openai.com/gptbot)"
74.7.241.58 - - [14/Apr/2026:16:39:48 +0000] "GET /whsy.php?e=keycreate&p=%2Fproc%2F32551%2Fattr HTTP/1.1" 200 830 "http://23rdbank.com.lab2454.com/whsy.php?p=%2Fproc%2F32551%2Fattr" "Mozilla/5.0 AppleWebKit/537.36 (KHTML, like Gecko; compatible; GPTBot/1.3; +https://openai.com/gptbot)"
74.7.227.37 - - [14/Apr/2026:16:39:49 +0000] "GET /whsy.php?e=class-wc-meta-box-order-items.php&p=%2Fhome%2Flab2454c%2Fsothebankuab.com%2Fwp-content%2Fplugins%2Fwoocommerce%2Fincludes%2Fadmin%2Fmeta-boxes HTTP/1.1" 200 1641 "http://mail.23rdbank.com/whsy.php?p=%2Fhome%2Flab2454c%2Fsothebankuab.com%2Fwp-content%2Fplugins%2Fwoocommerce%2Fincludes%2Fadmin%2Fmeta-boxes" "Mozilla/5.0 AppleWebKit/537.36 (KHTML, like Gecko; compatible; GPTBot/1.3; +https://openai.com/gptbot)"
74.7.242.8 - - [14/Apr/2026:16:39:50 +0000] "GET /whsy.php?e=mountstats&p=%2Fproc%2F30592 HTTP/1.1" 200 1935 "http://23rdbank.com/whsy.php?p=%2Fproc%2F30592" "Mozilla/5.0 AppleWebKit/537.36 (KHTML, like Gecko; compatible; GPTBot/1.3; +https://openai.com/gptbot)"
74.7.241.58 - - [14/Apr/2026:16:39:51 +0000] "GET /whsy.php?e=coredump_filter&p=%2Fproc%2F12454 HTTP/1.1" 200 830 "http://23rdbank.com.lab2454.com/whsy.php?p=%2Fproc%2F12454" "Mozilla/5.0 AppleWebKit/537.36 (KHTML, like Gecko; compatible; GPTBot/1.3; +https://openai.com/gptbot)"
74.7.227.37 - - [14/Apr/2026:16:39:53 +0000] "GET /whsy.php?e=footer-default.php&p=%2Fhome%2Flab2454c%2Finctechhub.com%2Fwp-content%2Fthemes%2Ftwentytwentytwo%2Finc%2Fpatterns HTTP/1.1" 200 3413 "http://mail.23rdbank.com/whsy.php?p=%2Fhome%2Flab2454c%2Finctechhub.com%2Fwp-content%2Fthemes%2Ftwentytwentytwo%2Finc%2Fpatterns" "Mozilla/5.0 AppleWebKit/537.36 (KHTML, like Gecko; compatible; GPTBot/1.3; +https://openai.com/gptbot)"
74.7.242.8 - - [14/Apr/2026:16:39:53 +0000] "GET /whsy.php?e=mountstats&p=%2Fproc%2F19852 HTTP/1.1" 200 830 "http://23rdbank.com/whsy.php?p=%2Fproc%2F19852" "Mozilla/5.0 AppleWebKit/537.36 (KHTML, like Gecko; compatible; GPTBot/1.3; +https://openai.com/gptbot)"
74.7.241.58 - - [14/Apr/2026:16:39:55 +0000] "GET /whsy.php?p=%2Fproc%2F28512%2Fnet%2Frpc%2Fauth.rpcsec.context%2F.. HTTP/1.1" 200 861 "http://23rdbank.com.lab2454.com/whsy.php?p=%2Fproc%2F28512%2Fnet%2Frpc%2Fauth.rpcsec.context" "Mozilla/5.0 AppleWebKit/537.36 (KHTML, like Gecko; compatible; GPTBot/1.3; +https://openai.com/gptbot)"
74.7.227.37 - - [14/Apr/2026:16:39:56 +0000] "GET /whsy.php?e=header-default.php&p=%2Fhome%2Flab2454c%2Finctechhub.com%2Fwp-content%2Fthemes%2Ftwentytwentytwo%2Finc%2Fpatterns HTTP/1.1" 200 3431 "http://mail.23rdbank.com/whsy.php?p=%2Fhome%2Flab2454c%2Finctechhub.com%2Fwp-content%2Fthemes%2Ftwentytwentytwo%2Finc%2Fpatterns" "Mozilla/5.0 AppleWebKit/537.36 (KHTML, like Gecko; compatible; GPTBot/1.3; +https://openai.com/gptbot)"
74.7.242.8 - - [14/Apr/2026:16:39:57 +0000] "GET /whsy.php?e=mountstats&p=%2Fproc%2F16654 HTTP/1.1" 200 830 "http://23rdbank.com/whsy.php?p=%2Fproc%2F16654" "Mozilla/5.0 AppleWebKit/537.36 (KHTML, like Gecko; compatible; GPTBot/1.3; +https://openai.com/gptbot)"
74.7.241.58 - - [14/Apr/2026:16:39:58 +0000] "GET /whsy.php?e=coredump_filter&p=%2Fproc%2F12448 HTTP/1.1" 200 830 "http://23rdbank.com.lab2454.com/whsy.php?p=%2Fproc%2F12448" "Mozilla/5.0 AppleWebKit/537.36 (KHTML, like Gecko; compatible; GPTBot/1.3; +https://openai.com/gptbot)"
74.7.227.37 - - [14/Apr/2026:16:40:00 +0000] "GET /whsy.php?e=VERITSERV-logoSite-150x150.png&p=%2Fhome%2Flab2454c%2Farchswipe.com%2Fwp-content%2Fuploads%2F2022%2F06 HTTP/1.1" 200 6462 "http://mail.23rdbank.com/whsy.php?p=%2Fhome%2Flab2454c%2Farchswipe.com%2Fwp-content%2Fuploads%2F2022%2F06" "Mozilla/5.0 AppleWebKit/537.36 (KHTML, like Gecko; compatible; GPTBot/1.3; +https://openai.com/gptbot)"
74.7.242.8 - - [14/Apr/2026:16:40:00 +0000] "GET /whsy.php?e=mountstats&p=%2Fproc%2F30268 HTTP/1.1" 200 1935 "http://23rdbank.com/whsy.php?p=%2Fproc%2F30268" "Mozilla/5.0 AppleWebKit/537.36 (KHTML, like Gecko; compatible; GPTBot/1.3; +https://openai.com/gptbot)"
74.7.241.58 - - [14/Apr/2026:16:40:02 +0000] "GET /whsy.php?e=coredump_filter&p=%2Fproc%2F11725 HTTP/1.1" 200 830 "http://23rdbank.com.lab2454.com/whsy.php?p=%2Fproc%2F11725" "Mozilla/5.0 AppleWebKit/537.36 (KHTML, like Gecko; compatible; GPTBot/1.3; +https://openai.com/gptbot)"
74.7.227.37 - - [14/Apr/2026:16:40:03 +0000] "GET /whsy.php?e=cropped-VERITSERV-logo-180x180.png&p=%2Fhome%2Flab2454c%2Farchswipe.com%2Fwp-content%2Fuploads%2F2022%2F06 HTTP/1.1" 200 6465 "http://mail.23rdbank.com/whsy.php?p=%2Fhome%2Flab2454c%2Farchswipe.com%2Fwp-content%2Fuploads%2F2022%2F06" "Mozilla/5.0 AppleWebKit/537.36 (KHTML, like Gecko; compatible; GPTBot/1.3; +https://openai.com/gptbot)"
74.7.242.8 - - [14/Apr/2026:16:40:04 +0000] "GET /whsy.php?e=mountstats&p=%2Fproc%2F15728 HTTP/1.1" 200 830 "http://23rdbank.com/whsy.php?p=%2Fproc%2F15728" "Mozilla/5.0 AppleWebKit/537.36 (KHTML, like Gecko; compatible; GPTBot/1.3; +https://openai.com/gptbot)"
74.7.241.58 - - [14/Apr/2026:16:40:06 +0000] "GET /whsy.php?e=coredump_filter&p=%2Fproc%2F12449 HTTP/1.1" 200 830 "http://23rdbank.com.lab2454.com/whsy.php?p=%2Fproc%2F12449" "Mozilla/5.0 AppleWebKit/537.36 (KHTML, like Gecko; compatible; GPTBot/1.3; +https://openai.com/gptbot)"
74.7.227.37 - - [14/Apr/2026:16:40:07 +0000] "GET /whsy.php?e=VERITSERV-logoSite-300x300.png&p=%2Fhome%2Flab2454c%2Farchswipe.com%2Fwp-content%2Fuploads%2F2022%2F06 HTTP/1.1" 200 6464 "http://mail.23rdbank.com/whsy.php?p=%2Fhome%2Flab2454c%2Farchswipe.com%2Fwp-content%2Fuploads%2F2022%2F06" "Mozilla/5.0 AppleWebKit/537.36 (KHTML, like Gecko; compatible; GPTBot/1.3; +https://openai.com/gptbot)"
74.7.242.8 - - [14/Apr/2026:16:40:08 +0000] "GET /whsy.php?e=mountstats&p=%2Fproc%2F30118 HTTP/1.1" 200 830 "http://23rdbank.com/whsy.php?p=%2Fproc%2F30118" "Mozilla/5.0 AppleWebKit/537.36 (KHTML, like Gecko; compatible; GPTBot/1.3; +https://openai.com/gptbot)"
74.7.241.58 - - [14/Apr/2026:16:40:09 +0000] "GET /whsy.php?e=coredump_filter&p=%2Fproc%2F23803 HTTP/1.1" 200 830 "http://23rdbank.com.lab2454.com/whsy.php?p=%2Fproc%2F23803" "Mozilla/5.0 AppleWebKit/537.36 (KHTML, like Gecko; compatible; GPTBot/1.3; +https://openai.com/gptbot)"
74.7.242.8 - - [14/Apr/2026:16:40:11 +0000] "GET /whsy.php?e=mountstats&p=%2Fproc%2F27456 HTTP/1.1" 200 1936 "http://23rdbank.com/whsy.php?p=%2Fproc%2F27456" "Mozilla/5.0 AppleWebKit/537.36 (KHTML, like Gecko; compatible; GPTBot/1.3; +https://openai.com/gptbot)"
74.7.227.37 - - [14/Apr/2026:16:40:12 +0000] "GET /whsy.php?e=cropped-VERITSERV-logo-192x192.png&p=%2Fhome%2Flab2454c%2Farchswipe.com%2Fwp-content%2Fuploads%2F2022%2F06 HTTP/1.1" 200 6464 "http://mail.23rdbank.com/whsy.php?p=%2Fhome%2Flab2454c%2Farchswipe.com%2Fwp-content%2Fuploads%2F2022%2F06" "Mozilla/5.0 AppleWebKit/537.36 (KHTML, like Gecko; compatible; GPTBot/1.3; +https://openai.com/gptbot)"
74.7.241.58 - - [14/Apr/2026:16:40:13 +0000] "GET /whsy.php?e=coredump_filter&p=%2Fproc%2F32035 HTTP/1.1" 200 830 "http://23rdbank.com.lab2454.com/whsy.php?p=%2Fproc%2F32035" "Mozilla/5.0 AppleWebKit/537.36 (KHTML, like Gecko; compatible; GPTBot/1.3; +https://openai.com/gptbot)"
74.7.242.8 - - [14/Apr/2026:16:40:15 +0000] "GET /whsy.php?e=comm&p=%2Fproc%2F18887 HTTP/1.1" 200 830 "http://23rdbank.com/whsy.php?p=%2Fproc%2F18887" "Mozilla/5.0 AppleWebKit/537.36 (KHTML, like Gecko; compatible; GPTBot/1.3; +https://openai.com/gptbot)"
74.7.227.37 - - [14/Apr/2026:16:40:15 +0000] "GET /whsy.php?e=index.php&p=%2Fhome%2Flab2454c%2Fsothebankuab.com%2Fwp-content%2Fplugins%2Fgoogle-analytics-for-wordpress%2Fincludes HTTP/1.1" 200 1185 "http://mail.23rdbank.com/whsy.php?p=%2Fhome%2Flab2454c%2Fsothebankuab.com%2Fwp-content%2Fplugins%2Fgoogle-analytics-for-wordpress%2Fincludes" "Mozilla/5.0 AppleWebKit/537.36 (KHTML, like Gecko; compatible; GPTBot/1.3; +https://openai.com/gptbot)"
74.7.241.58 - - [14/Apr/2026:16:40:16 +0000] "GET /whsy.php?e=coredump_filter&p=%2Fproc%2F12455 HTTP/1.1" 200 830 "http://23rdbank.com.lab2454.com/whsy.php?p=%2Fproc%2F12455" "Mozilla/5.0 AppleWebKit/537.36 (KHTML, like Gecko; compatible; GPTBot/1.3; +https://openai.com/gptbot)"
74.7.242.8 - - [14/Apr/2026:16:40:18 +0000] "GET /whsy.php?e=maps&p=%2Fproc%2F30007 HTTP/1.1" 200 830 "http://23rdbank.com/whsy.php?p=%2Fproc%2F30007" "Mozilla/5.0 AppleWebKit/537.36 (KHTML, like Gecko; compatible; GPTBot/1.3; +https://openai.com/gptbot)"
74.7.227.37 - - [14/Apr/2026:16:40:19 +0000] "GET /whsy.php?p=%2Fhome%2Flab2454c%2Farchfort.com%2Fwp-content%2Fplugins%2Fwp-user-frontend-pro%2Fvendor%2Fdoctrine%2Finstantiator%2Fdocs%2Fen HTTP/1.1" 200 812 "http://mail.23rdbank.com/whsy.php?p=%2Fhome%2Flab2454c%2Farchfort.com%2Fwp-content%2Fplugins%2Fwp-user-frontend-pro%2Fvendor%2Fdoctrine%2Finstantiator%2Fdocs" "Mozilla/5.0 AppleWebKit/537.36 (KHTML, like Gecko; compatible; GPTBot/1.3; +https://openai.com/gptbot)"
74.7.241.58 - - [14/Apr/2026:16:40:20 +0000] "GET /whsy.php?e=coredump_filter&p=%2Fproc%2F23193 HTTP/1.1" 200 830 "http://23rdbank.com.lab2454.com/whsy.php?p=%2Fproc%2F23193" "Mozilla/5.0 AppleWebKit/537.36 (KHTML, like Gecko; compatible; GPTBot/1.3; +https://openai.com/gptbot)"
74.7.242.8 - - [14/Apr/2026:16:40:22 +0000] "GET /whsy.php?e=root&p=%2Fproc%2F18887 HTTP/1.1" 200 830 "http://23rdbank.com/whsy.php?p=%2Fproc%2F18887" "Mozilla/5.0 AppleWebKit/537.36 (KHTML, like Gecko; compatible; GPTBot/1.3; +https://openai.com/gptbot)"
74.7.227.37 - - [14/Apr/2026:16:40:22 +0000] "GET /whsy.php?e=webpack.mix.js&p=%2Fhome%2Flab2454c%2Fsothebry.softkinesis.com%2Fbackups%2Fcore%2Fvendor%2Flaravel%2Fui%2Fsrc%2FPresets%2Fbootstrap-stubs HTTP/1.1" 200 1181 "http://mail.23rdbank.com/whsy.php?p=%2Fhome%2Flab2454c%2Fsothebry.softkinesis.com%2Fbackups%2Fcore%2Fvendor%2Flaravel%2Fui%2Fsrc%2FPresets%2Fbootstrap-stubs" "Mozilla/5.0 AppleWebKit/537.36 (KHTML, like Gecko; compatible; GPTBot/1.3; +https://openai.com/gptbot)"
74.7.241.58 - - [14/Apr/2026:16:40:24 +0000] "GET /whsy.php?e=coredump_filter&p=%2Fproc%2F12671 HTTP/1.1" 200 830 "http://23rdbank.com.lab2454.com/whsy.php?p=%2Fproc%2F12671" "Mozilla/5.0 AppleWebKit/537.36 (KHTML, like Gecko; compatible; GPTBot/1.3; +https://openai.com/gptbot)"
74.7.242.8 - - [14/Apr/2026:16:40:26 +0000] "GET /whsy.php?e=maps&p=%2Fproc%2F18887 HTTP/1.1" 200 830 "http://23rdbank.com/whsy.php?p=%2Fproc%2F18887" "Mozilla/5.0 AppleWebKit/537.36 (KHTML, like Gecko; compatible; GPTBot/1.3; +https://openai.com/gptbot)"
74.7.227.37 - - [14/Apr/2026:16:40:26 +0000] "GET /whsy.php?e=rt_cache&p=%2Fproc%2F111%2Fnet HTTP/1.1" 200 2596 "http://mail.23rdbank.com/whsy.php?p=%2Fproc%2F111%2Fnet" "Mozilla/5.0 AppleWebKit/537.36 (KHTML, like Gecko; compatible; GPTBot/1.3; +https://openai.com/gptbot)"
74.7.241.58 - - [14/Apr/2026:16:40:27 +0000] "GET /whsy.php?e=coredump_filter&p=%2Fproc%2F12447 HTTP/1.1" 200 830 "http://23rdbank.com.lab2454.com/whsy.php?p=%2Fproc%2F12447" "Mozilla/5.0 AppleWebKit/537.36 (KHTML, like Gecko; compatible; GPTBot/1.3; +https://openai.com/gptbot)"
74.7.242.8 - - [14/Apr/2026:16:40:29 +0000] "GET /whsy.php?e=comm&p=%2Fproc%2F30007 HTTP/1.1" 200 830 "http://23rdbank.com/whsy.php?p=%2Fproc%2F30007" "Mozilla/5.0 AppleWebKit/537.36 (KHTML, like Gecko; compatible; GPTBot/1.3; +https://openai.com/gptbot)"
74.7.227.37 - - [14/Apr/2026:16:40:30 +0000] "GET /whsy.php?p=%2Fhome%2Flab2454c%2Fcrypto.keyreum.com%2Fplatform%2Fplugins%2Ftranslation%2Fresources%2Fassets%2F.. HTTP/1.1" 200 582 "http://mail.23rdbank.com/whsy.php?p=%2Fhome%2Flab2454c%2Fcrypto.keyreum.com%2Fplatform%2Fplugins%2Ftranslation%2Fresources%2Fassets" "Mozilla/5.0 AppleWebKit/537.36 (KHTML, like Gecko; compatible; GPTBot/1.3; +https://openai.com/gptbot)"
74.7.241.58 - - [14/Apr/2026:16:40:31 +0000] "GET /whsy.php?e=coredump_filter&p=%2Fproc%2F32551 HTTP/1.1" 200 830 "http://23rdbank.com.lab2454.com/whsy.php?p=%2Fproc%2F32551" "Mozilla/5.0 AppleWebKit/537.36 (KHTML, like Gecko; compatible; GPTBot/1.3; +https://openai.com/gptbot)"
74.7.242.8 - - [14/Apr/2026:16:40:33 +0000] "GET /whsy.php?e=root&p=%2Fproc%2F30007 HTTP/1.1" 200 830 "http://23rdbank.com/whsy.php?p=%2Fproc%2F30007" "Mozilla/5.0 AppleWebKit/537.36 (KHTML, like Gecko; compatible; GPTBot/1.3; +https://openai.com/gptbot)"
74.7.227.37 - - [14/Apr/2026:16:40:33 +0000] "GET /whsy.php?p=%2Fhome%2Flab2454c%2Fcrypto.keyreum.com%2Fvendor%2Fpaypal%2Fpaypal-checkout-sdk%2Flib%2FPayPalCheckoutSdk%2F.. HTTP/1.1" 200 570 "http://mail.23rdbank.com/whsy.php?p=%2Fhome%2Flab2454c%2Fcrypto.keyreum.com%2Fvendor%2Fpaypal%2Fpaypal-checkout-sdk%2Flib%2FPayPalCheckoutSdk" "Mozilla/5.0 AppleWebKit/537.36 (KHTML, like Gecko; compatible; GPTBot/1.3; +https://openai.com/gptbot)"
74.7.241.58 - - [14/Apr/2026:16:40:34 +0000] "GET /whsy.php?e=coredump_filter&p=%2Fproc%2F25667 HTTP/1.1" 200 830 "http://23rdbank.com.lab2454.com/whsy.php?p=%2Fproc%2F25667" "Mozilla/5.0 AppleWebKit/537.36 (KHTML, like Gecko; compatible; GPTBot/1.3; +https://openai.com/gptbot)"
74.7.242.8 - - [14/Apr/2026:16:40:36 +0000] "GET /whsy.php?e=personality&p=%2Fproc%2F20214 HTTP/1.1" 200 830 "http://23rdbank.com/whsy.php?p=%2Fproc%2F20214" "Mozilla/5.0 AppleWebKit/537.36 (KHTML, like Gecko; compatible; GPTBot/1.3; +https://openai.com/gptbot)"
74.7.227.37 - - [14/Apr/2026:16:40:37 +0000] "GET /whsy.php?e=uninstall.php&p=%2Fhome%2Flab2454c%2Fadenbic.com%2Fwp-content%2Fplugins%2Fwpforms-lite HTTP/1.1" 200 2539 "http://mail.23rdbank.com/whsy.php?p=%2Fhome%2Flab2454c%2Fadenbic.com%2Fwp-content%2Fplugins%2Fwpforms-lite" "Mozilla/5.0 AppleWebKit/537.36 (KHTML, like Gecko; compatible; GPTBot/1.3; +https://openai.com/gptbot)"
74.7.241.58 - - [14/Apr/2026:16:40:38 +0000] "GET /whsy.php?e=ip_mr_cache&p=%2Fproc%2F28284%2Fnet HTTP/1.1" 200 830 "http://23rdbank.com.lab2454.com/whsy.php?p=%2Fproc%2F28284%2Fnet" "Mozilla/5.0 AppleWebKit/537.36 (KHTML, like Gecko; compatible; GPTBot/1.3; +https://openai.com/gptbot)"
74.7.242.8 - - [14/Apr/2026:16:40:40 +0000] "GET /whsy.php?e=personality&p=%2Fproc%2F20124 HTTP/1.1" 200 830 "http://23rdbank.com/whsy.php?p=%2Fproc%2F20124" "Mozilla/5.0 AppleWebKit/537.36 (KHTML, like Gecko; compatible; GPTBot/1.3; +https://openai.com/gptbot)"
74.7.227.37 - - [14/Apr/2026:16:40:40 +0000] "GET /whsy.php?e=custom-html-widgets.min.js&p=%2Fhome%2Flab2454c%2Fchristianitybank.com%2Fwp-admin%2Fjs%2Fwidgets HTTP/1.1" 200 3131 "http://mail.23rdbank.com/whsy.php?p=%2Fhome%2Flab2454c%2Fchristianitybank.com%2Fwp-admin%2Fjs%2Fwidgets" "Mozilla/5.0 AppleWebKit/537.36 (KHTML, like Gecko; compatible; GPTBot/1.3; +https://openai.com/gptbot)"
74.7.241.58 - - [14/Apr/2026:16:40:41 +0000] "GET /whsy.php?p=%2Fproc%2F28284%2Fnet%2Fvlan HTTP/1.1" 200 830 "http://23rdbank.com.lab2454.com/whsy.php?p=%2Fproc%2F28284%2Fnet" "Mozilla/5.0 AppleWebKit/537.36 (KHTML, like Gecko; compatible; GPTBot/1.3; +https://openai.com/gptbot)"
74.7.242.8 - - [14/Apr/2026:16:40:44 +0000] "GET /whsy.php?e=personality&p=%2Fproc%2F24129 HTTP/1.1" 200 1935 "http://23rdbank.com/whsy.php?p=%2Fproc%2F24129" "Mozilla/5.0 AppleWebKit/537.36 (KHTML, like Gecko; compatible; GPTBot/1.3; +https://openai.com/gptbot)"
74.7.227.37 - - [14/Apr/2026:16:40:44 +0000] "GET /whsy.php?e=custom-html-widgets.js&p=%2Fhome%2Flab2454c%2Felementalmill.com%2Fwp-admin%2Fjs%2Fwidgets HTTP/1.1" 200 5651 "http://mail.23rdbank.com/whsy.php?p=%2Fhome%2Flab2454c%2Felementalmill.com%2Fwp-admin%2Fjs%2Fwidgets" "Mozilla/5.0 AppleWebKit/537.36 (KHTML, like Gecko; compatible; GPTBot/1.3; +https://openai.com/gptbot)"
74.7.241.58 - - [14/Apr/2026:16:40:45 +0000] "GET /whsy.php?p=%2Fproc%2F12447%2Fnet%2Fstat HTTP/1.1" 200 830 "http://23rdbank.com.lab2454.com/whsy.php?p=%2Fproc%2F12447%2Fnet" "Mozilla/5.0 AppleWebKit/537.36 (KHTML, like Gecko; compatible; GPTBot/1.3; +https://openai.com/gptbot)"
74.7.242.8 - - [14/Apr/2026:16:40:48 +0000] "GET /whsy.php?p=%2Fproc%2F32288 HTTP/1.1" 200 830 "http://23rdbank.com/whsy.php?p=%2Fproc%2F12450%2F.." "Mozilla/5.0 AppleWebKit/537.36 (KHTML, like Gecko; compatible; GPTBot/1.3; +https://openai.com/gptbot)"
74.7.227.37 - - [14/Apr/2026:16:40:49 +0000] "GET /whsy.php?e=custom-html-widgets.js&p=%2Fhome%2Flab2454c%2Finvest.westernclear.com%2Fwp-admin%2Fjs%2Fwidgets HTTP/1.1" 200 5628 "http://mail.23rdbank.com/whsy.php?p=%2Fhome%2Flab2454c%2Finvest.westernclear.com%2Fwp-admin%2Fjs%2Fwidgets" "Mozilla/5.0 AppleWebKit/537.36 (KHTML, like Gecko; compatible; GPTBot/1.3; +https://openai.com/gptbot)"
74.7.241.58 - - [14/Apr/2026:16:40:50 +0000] "GET /whsy.php?p=%2Fproc%2F12449%2Fnet%2Fstat HTTP/1.1" 200 830 "http://23rdbank.com.lab2454.com/whsy.php?p=%2Fproc%2F12449%2Fnet" "Mozilla/5.0 AppleWebKit/537.36 (KHTML, like Gecko; compatible; GPTBot/1.3; +https://openai.com/gptbot)"
74.7.242.8 - - [14/Apr/2026:16:40:52 +0000] "GET /whsy.php?p=%2Fproc%2F24243 HTTP/1.1" 200 830 "http://23rdbank.com/whsy.php?p=%2Fproc%2F12450%2F.." "Mozilla/5.0 AppleWebKit/537.36 (KHTML, like Gecko; compatible; GPTBot/1.3; +https://openai.com/gptbot)"
74.7.227.37 - - [14/Apr/2026:16:40:52 +0000] "GET /whsy.php?p=%2Fhome%2Flab2454c%2Fcrypto.keyreum.com%2Fplatform%2Fplugins%2Fcontact%2Fresources HTTP/1.1" 200 592 "http://mail.23rdbank.com/whsy.php?p=%2Fhome%2Flab2454c%2Fcrypto.keyreum.com%2Fplatform%2Fplugins%2Fcontact" "Mozilla/5.0 AppleWebKit/537.36 (KHTML, like Gecko; compatible; GPTBot/1.3; +https://openai.com/gptbot)"
74.7.241.58 - - [14/Apr/2026:16:40:53 +0000] "GET /whsy.php?p=%2Fproc%2F19762%2Fnet%2Fstat HTTP/1.1" 200 830 "http://23rdbank.com.lab2454.com/whsy.php?p=%2Fproc%2F19762%2Fnet" "Mozilla/5.0 AppleWebKit/537.36 (KHTML, like Gecko; compatible; GPTBot/1.3; +https://openai.com/gptbot)"
74.7.242.8 - - [14/Apr/2026:16:40:55 +0000] "GET /whsy.php?p=%2Fproc%2F24232 HTTP/1.1" 200 830 "http://23rdbank.com/whsy.php?p=%2Fproc%2F12450%2F.." "Mozilla/5.0 AppleWebKit/537.36 (KHTML, like Gecko; compatible; GPTBot/1.3; +https://openai.com/gptbot)"
74.7.227.37 - - [14/Apr/2026:16:40:56 +0000] "GET /whsy.php?e=theme-templates.php&p=%2Fhome%2Flab2454c%2Fmact34.com%2Fwp-includes HTTP/1.1" 200 10621 "http://mail.23rdbank.com/whsy.php?p=%2Fhome%2Flab2454c%2Fmact34.com%2Fwp-includes" "Mozilla/5.0 AppleWebKit/537.36 (KHTML, like Gecko; compatible; GPTBot/1.3; +https://openai.com/gptbot)"
74.7.241.58 - - [14/Apr/2026:16:40:57 +0000] "GET /whsy.php?p=%2Fproc%2F12456%2Fnet%2Fstat HTTP/1.1" 200 830 "http://23rdbank.com.lab2454.com/whsy.php?p=%2Fproc%2F12456%2Fnet" "Mozilla/5.0 AppleWebKit/537.36 (KHTML, like Gecko; compatible; GPTBot/1.3; +https://openai.com/gptbot)"
74.7.242.8 - - [14/Apr/2026:16:40:59 +0000] "GET /whsy.php?p=%2Fproc%2F22066 HTTP/1.1" 200 830 "http://23rdbank.com/whsy.php?p=%2Fproc%2F12450%2F.." "Mozilla/5.0 AppleWebKit/537.36 (KHTML, like Gecko; compatible; GPTBot/1.3; +https://openai.com/gptbot)"
74.7.227.37 - - [14/Apr/2026:16:40:59 +0000] "GET /whsy.php?e=index.rst&p=%2Fhome%2Flab2454c%2Farchfort.com%2Fwp-content%2Fplugins%2Fwp-user-frontend-pro%2Fvendor%2Fdoctrine%2Finstantiator%2Fdocs%2Fen HTTP/1.1" 200 1702 "http://mail.23rdbank.com/whsy.php?p=%2Fhome%2Flab2454c%2Farchfort.com%2Fwp-content%2Fplugins%2Fwp-user-frontend-pro%2Fvendor%2Fdoctrine%2Finstantiator%2Fdocs%2Fen" "Mozilla/5.0 AppleWebKit/537.36 (KHTML, like Gecko; compatible; GPTBot/1.3; +https://openai.com/gptbot)"
74.7.241.58 - - [14/Apr/2026:16:41:00 +0000] "GET /whsy.php?p=%2Fproc%2F16452%2Fnet%2Fstat HTTP/1.1" 200 830 "http://23rdbank.com.lab2454.com/whsy.php?p=%2Fproc%2F16452%2Fnet" "Mozilla/5.0 AppleWebKit/537.36 (KHTML, like Gecko; compatible; GPTBot/1.3; +https://openai.com/gptbot)"
74.7.242.8 - - [14/Apr/2026:16:41:02 +0000] "GET /whsy.php?e=clear_refs&p=%2Fproc%2F30592 HTTP/1.1" 200 1935 "http://23rdbank.com/whsy.php?p=%2Fproc%2F30592" "Mozilla/5.0 AppleWebKit/537.36 (KHTML, like Gecko; compatible; GPTBot/1.3; +https://openai.com/gptbot)"
74.7.227.37 - - [14/Apr/2026:16:41:03 +0000] "GET /whsy.php?p=%2Fhome%2Flab2454c%2Farchfort.com%2Fwp-content%2Fplugins%2Fwp-user-frontend-pro%2Fvendor%2Fdoctrine%2Finstantiator%2Fdocs%2Fen%2F.. HTTP/1.1" 200 596 "http://mail.23rdbank.com/whsy.php?p=%2Fhome%2Flab2454c%2Farchfort.com%2Fwp-content%2Fplugins%2Fwp-user-frontend-pro%2Fvendor%2Fdoctrine%2Finstantiator%2Fdocs%2Fen" "Mozilla/5.0 AppleWebKit/537.36 (KHTML, like Gecko; compatible; GPTBot/1.3; +https://openai.com/gptbot)"
74.7.241.58 - - [14/Apr/2026:16:41:05 +0000] "GET /whsy.php?p=%2Fproc%2F14414%2Fnet%2Fvlan HTTP/1.1" 200 661 "http://23rdbank.com.lab2454.com/whsy.php?p=%2Fproc%2F14414%2Fnet" "Mozilla/5.0 AppleWebKit/537.36 (KHTML, like Gecko; compatible; GPTBot/1.3; +https://openai.com/gptbot)"
74.7.242.8 - - [14/Apr/2026:16:41:07 +0000] "GET /whsy.php?e=clear_refs&p=%2Fproc%2F30268 HTTP/1.1" 200 1935 "http://23rdbank.com/whsy.php?p=%2Fproc%2F30268" "Mozilla/5.0 AppleWebKit/537.36 (KHTML, like Gecko; compatible; GPTBot/1.3; +https://openai.com/gptbot)"
74.7.227.37 - - [14/Apr/2026:16:41:07 +0000] "GET /whsy.php?e=rss.php&p=%2Fhome%2Flab2454c%2Farchswipe.com%2Fwp-includes%2Fblocks HTTP/1.1" 200 5379 "http://mail.23rdbank.com/whsy.php?p=%2Fhome%2Flab2454c%2Farchswipe.com%2Fwp-includes%2Fblocks" "Mozilla/5.0 AppleWebKit/537.36 (KHTML, like Gecko; compatible; GPTBot/1.3; +https://openai.com/gptbot)"
74.7.241.58 - - [14/Apr/2026:16:41:09 +0000] "GET /whsy.php?p=%2Fproc%2F12448%2Fnet%2Fstat HTTP/1.1" 200 830 "http://23rdbank.com.lab2454.com/whsy.php?p=%2Fproc%2F12448%2Fnet" "Mozilla/5.0 AppleWebKit/537.36 (KHTML, like Gecko; compatible; GPTBot/1.3; +https://openai.com/gptbot)"
74.7.242.8 - - [14/Apr/2026:16:41:10 +0000] "GET /whsy.php?e=clear_refs&p=%2Fproc%2F24177 HTTP/1.1" 200 830 "http://23rdbank.com/whsy.php?p=%2Fproc%2F24177" "Mozilla/5.0 AppleWebKit/537.36 (KHTML, like Gecko; compatible; GPTBot/1.3; +https://openai.com/gptbot)"
74.7.227.37 - - [14/Apr/2026:16:41:11 +0000] "GET /whsy.php?e=File.php&p=%2Fhome%2Flab2454c%2Figpma.com%2Fwp-includes%2FSimplePie HTTP/1.1" 200 4790 "http://mail.23rdbank.com/whsy.php?p=%2Fhome%2Flab2454c%2Figpma.com%2Fwp-includes%2FSimplePie" "Mozilla/5.0 AppleWebKit/537.36 (KHTML, like Gecko; compatible; GPTBot/1.3; +https://openai.com/gptbot)"
74.7.241.58 - - [14/Apr/2026:16:41:13 +0000] "GET /whsy.php?p=%2Fproc%2F12453%2Fnet%2Fstat HTTP/1.1" 200 830 "http://23rdbank.com.lab2454.com/whsy.php?p=%2Fproc%2F12453%2Fnet" "Mozilla/5.0 AppleWebKit/537.36 (KHTML, like Gecko; compatible; GPTBot/1.3; +https://openai.com/gptbot)"
74.7.242.8 - - [14/Apr/2026:16:41:14 +0000] "GET /whsy.php?e=clear_refs&p=%2Fproc%2F19852 HTTP/1.1" 200 830 "http://23rdbank.com/whsy.php?p=%2Fproc%2F19852" "Mozilla/5.0 AppleWebKit/537.36 (KHTML, like Gecko; compatible; GPTBot/1.3; +https://openai.com/gptbot)"
74.7.227.37 - - [14/Apr/2026:16:41:14 +0000] "GET /whsy.php?e=po.php&p=%2Fhome%2Flab2454c%2Fsothebankuab.com%2Fwp-includes%2Fpomo HTTP/1.1" 200 4809 "http://mail.23rdbank.com/whsy.php?p=%2Fhome%2Flab2454c%2Fsothebankuab.com%2Fwp-includes%2Fpomo" "Mozilla/5.0 AppleWebKit/537.36 (KHTML, like Gecko; compatible; GPTBot/1.3; +https://openai.com/gptbot)"
74.7.241.58 - - [14/Apr/2026:16:41:16 +0000] "GET /whsy.php?p=%2Fproc%2F19852%2Fnet%2Fstat HTTP/1.1" 200 830 "http://23rdbank.com.lab2454.com/whsy.php?p=%2Fproc%2F19852%2Fnet" "Mozilla/5.0 AppleWebKit/537.36 (KHTML, like Gecko; compatible; GPTBot/1.3; +https://openai.com/gptbot)"
74.7.242.8 - - [14/Apr/2026:16:41:17 +0000] "GET /whsy.php?e=clear_refs&p=%2Fproc%2F15728 HTTP/1.1" 200 830 "http://23rdbank.com/whsy.php?p=%2Fproc%2F15728" "Mozilla/5.0 AppleWebKit/537.36 (KHTML, like Gecko; compatible; GPTBot/1.3; +https://openai.com/gptbot)"
74.7.227.37 - - [14/Apr/2026:16:41:18 +0000] "GET /whsy.php?p=%2Fusr%2Fshare%2Fdoc%2Fcpanel-php81-html-template-it-1.3.1 HTTP/1.1" 200 706 "http://mail.23rdbank.com/whsy.php?p=%2Fusr%2Fshare%2Fdoc" "Mozilla/5.0 AppleWebKit/537.36 (KHTML, like Gecko; compatible; GPTBot/1.3; +https://openai.com/gptbot)"
74.7.241.58 - - [14/Apr/2026:16:41:20 +0000] "GET /whsy.php?p=%2Fproc%2F16644%2Fnet%2Fstat HTTP/1.1" 200 820 "http://23rdbank.com.lab2454.com/whsy.php?p=%2Fproc%2F16644%2Fnet" "Mozilla/5.0 AppleWebKit/537.36 (KHTML, like Gecko; compatible; GPTBot/1.3; +https://openai.com/gptbot)"
74.7.242.8 - - [14/Apr/2026:16:41:21 +0000] "GET /whsy.php?e=clear_refs&p=%2Fproc%2F32364 HTTP/1.1" 200 830 "http://23rdbank.com/whsy.php?p=%2Fproc%2F32364" "Mozilla/5.0 AppleWebKit/537.36 (KHTML, like Gecko; compatible; GPTBot/1.3; +https://openai.com/gptbot)"
74.7.227.37 - - [14/Apr/2026:16:41:22 +0000] "GET /whsy.php?p=%2Fhome%2Flab2454c%2Fkeebchat.com%2Fupload%2Fcovers%2F2022%2F02 HTTP/1.1" 200 534 "http://mail.23rdbank.com/whsy.php?p=%2Fhome%2Flab2454c%2Fkeebchat.com%2Fupload%2Fcovers%2F2022" "Mozilla/5.0 AppleWebKit/537.36 (KHTML, like Gecko; compatible; GPTBot/1.3; +https://openai.com/gptbot)"
74.7.241.58 - - [14/Apr/2026:16:41:23 +0000] "GET /whsy.php?p=%2Fproc%2F12454%2Fnet%2Fstat HTTP/1.1" 200 830 "http://23rdbank.com.lab2454.com/whsy.php?p=%2Fproc%2F12454%2Fnet" "Mozilla/5.0 AppleWebKit/537.36 (KHTML, like Gecko; compatible; GPTBot/1.3; +https://openai.com/gptbot)"
74.7.242.8 - - [14/Apr/2026:16:41:24 +0000] "GET /whsy.php?e=clear_refs&p=%2Fproc%2F19115 HTTP/1.1" 200 1935 "http://23rdbank.com/whsy.php?p=%2Fproc%2F19115" "Mozilla/5.0 AppleWebKit/537.36 (KHTML, like Gecko; compatible; GPTBot/1.3; +https://openai.com/gptbot)"
74.7.227.37 - - [14/Apr/2026:16:41:25 +0000] "GET /whsy.php?p=%2Fhome%2Flab2454c%2Fkeebchat.com%2Fupload%2Faudios%2F2022%2F02 HTTP/1.1" 200 532 "http://mail.23rdbank.com/whsy.php?p=%2Fhome%2Flab2454c%2Fkeebchat.com%2Fupload%2Faudios%2F2022" "Mozilla/5.0 AppleWebKit/537.36 (KHTML, like Gecko; compatible; GPTBot/1.3; +https://openai.com/gptbot)"
74.7.241.58 - - [14/Apr/2026:16:41:27 +0000] "GET /whsy.php?p=%2Fproc%2F12452%2Fnet%2Fvlan HTTP/1.1" 200 830 "http://23rdbank.com.lab2454.com/whsy.php?p=%2Fproc%2F12452%2Fnet" "Mozilla/5.0 AppleWebKit/537.36 (KHTML, like Gecko; compatible; GPTBot/1.3; +https://openai.com/gptbot)"
74.7.242.8 - - [14/Apr/2026:16:41:28 +0000] "GET /whsy.php?e=clear_refs&p=%2Fproc%2F29651 HTTP/1.1" 200 830 "http://23rdbank.com/whsy.php?p=%2Fproc%2F29651" "Mozilla/5.0 AppleWebKit/537.36 (KHTML, like Gecko; compatible; GPTBot/1.3; +https://openai.com/gptbot)"
74.7.227.37 - - [14/Apr/2026:16:41:29 +0000] "GET /whsy.php?p=%2Fhome%2Flab2454c%2Fadenbic.com%2Fwp-content%2Fthemes%2Ftwentytwentyone HTTP/1.1" 200 1461 "http://mail.23rdbank.com/whsy.php?p=%2Fhome%2Flab2454c%2Fadenbic.com%2Fwp-content%2Fthemes" "Mozilla/5.0 AppleWebKit/537.36 (KHTML, like Gecko; compatible; GPTBot/1.3; +https://openai.com/gptbot)"
74.7.241.58 - - [14/Apr/2026:16:41:31 +0000] "GET /whsy.php?p=%2Fproc%2F12429%2Fnet%2Fvlan HTTP/1.1" 200 830 "http://23rdbank.com.lab2454.com/whsy.php?p=%2Fproc%2F12429%2Fnet" "Mozilla/5.0 AppleWebKit/537.36 (KHTML, like Gecko; compatible; GPTBot/1.3; +https://openai.com/gptbot)"
74.7.242.8 - - [14/Apr/2026:16:41:32 +0000] "GET /whsy.php?e=clear_refs&p=%2Fproc%2F27456 HTTP/1.1" 200 1936 "http://23rdbank.com/whsy.php?p=%2Fproc%2F27456" "Mozilla/5.0 AppleWebKit/537.36 (KHTML, like Gecko; compatible; GPTBot/1.3; +https://openai.com/gptbot)"
74.7.227.37 - - [14/Apr/2026:16:41:33 +0000] "GET /whsy.php?p=%2Fhome%2Flab2454c%2Fcrypto.keyreum.com%2Fplatform%2Fplugins%2Fcontact%2Fresources%2Fassets HTTP/1.1" 200 577 "http://mail.23rdbank.com/whsy.php?p=%2Fhome%2Flab2454c%2Fcrypto.keyreum.com%2Fplatform%2Fplugins%2Fcontact%2Fresources" "Mozilla/5.0 AppleWebKit/537.36 (KHTML, like Gecko; compatible; GPTBot/1.3; +https://openai.com/gptbot)"
74.7.241.58 - - [14/Apr/2026:16:41:34 +0000] "GET /whsy.php?p=%2Fproc%2F12430%2Fnet%2Fstat HTTP/1.1" 200 830 "http://23rdbank.com.lab2454.com/whsy.php?p=%2Fproc%2F12430%2Fnet" "Mozilla/5.0 AppleWebKit/537.36 (KHTML, like Gecko; compatible; GPTBot/1.3; +https://openai.com/gptbot)"
74.7.242.8 - - [14/Apr/2026:16:41:36 +0000] "GET /whsy.php?e=clear_refs&p=%2Fproc%2F29967 HTTP/1.1" 200 1936 "http://23rdbank.com/whsy.php?p=%2Fproc%2F29967" "Mozilla/5.0 AppleWebKit/537.36 (KHTML, like Gecko; compatible; GPTBot/1.3; +https://openai.com/gptbot)"
74.7.227.37 - - [14/Apr/2026:16:41:36 +0000] "GET /whsy.php?p=%2Fhome%2Flab2454c%2Fbullionmills.com%2Fwp-content%2Fthemes%2Foceanwp%2Fassets%2Fcss%2Fllms HTTP/1.1" 200 772 "http://mail.23rdbank.com/whsy.php?p=%2Fhome%2Flab2454c%2Fbullionmills.com%2Fwp-content%2Fthemes%2Foceanwp%2Fassets%2Fcss" "Mozilla/5.0 AppleWebKit/537.36 (KHTML, like Gecko; compatible; GPTBot/1.3; +https://openai.com/gptbot)"
74.7.241.58 - - [14/Apr/2026:16:41:38 +0000] "GET /whsy.php?p=%2Fproc%2F12450%2Fnet%2Fstat HTTP/1.1" 200 830 "http://23rdbank.com.lab2454.com/whsy.php?p=%2Fproc%2F12450%2Fnet" "Mozilla/5.0 AppleWebKit/537.36 (KHTML, like Gecko; compatible; GPTBot/1.3; +https://openai.com/gptbot)"
74.7.242.8 - - [14/Apr/2026:16:41:39 +0000] "GET /whsy.php?e=loginuid&p=%2Fproc%2F24129 HTTP/1.1" 200 830 "http://23rdbank.com/whsy.php?p=%2Fproc%2F24129" "Mozilla/5.0 AppleWebKit/537.36 (KHTML, like Gecko; compatible; GPTBot/1.3; +https://openai.com/gptbot)"
74.7.227.37 - - [14/Apr/2026:16:41:40 +0000] "GET /whsy.php?p=%2Fhome%2Flab2454c%2Fetc%2Fadenbic.com%2F%40pwcache%2F.. HTTP/1.1" 200 1094 "http://mail.23rdbank.com/whsy.php?p=%2Fhome%2Flab2454c%2Fetc%2Fadenbic.com%2F%40pwcache" "Mozilla/5.0 AppleWebKit/537.36 (KHTML, like Gecko; compatible; GPTBot/1.3; +https://openai.com/gptbot)"
74.7.241.58 - - [14/Apr/2026:16:41:42 +0000] "GET /whsy.php?p=%2Fproc%2F12455%2Fnet%2Fstat HTTP/1.1" 200 830 "http://23rdbank.com.lab2454.com/whsy.php?p=%2Fproc%2F12455%2Fnet" "Mozilla/5.0 AppleWebKit/537.36 (KHTML, like Gecko; compatible; GPTBot/1.3; +https://openai.com/gptbot)"
74.7.242.8 - - [14/Apr/2026:16:41:43 +0000] "GET /whsy.php?e=loginuid&p=%2Fproc%2F24177 HTTP/1.1" 200 830 "http://23rdbank.com/whsy.php?p=%2Fproc%2F24177" "Mozilla/5.0 AppleWebKit/537.36 (KHTML, like Gecko; compatible; GPTBot/1.3; +https://openai.com/gptbot)"
74.7.227.37 - - [14/Apr/2026:16:41:43 +0000] "GET /whsy.php?p=%2Fhome%2Flab2454c%2Fetc%2Fincforce.com%2F%40pwcache%2F.. HTTP/1.1" 200 1115 "http://mail.23rdbank.com/whsy.php?p=%2Fhome%2Flab2454c%2Fetc%2Fincforce.com%2F%40pwcache" "Mozilla/5.0 AppleWebKit/537.36 (KHTML, like Gecko; compatible; GPTBot/1.3; +https://openai.com/gptbot)"
74.7.241.58 - - [14/Apr/2026:16:41:45 +0000] "GET /whsy.php?p=%2Fproc%2F21350%2Fnet%2Fstat HTTP/1.1" 200 830 "http://23rdbank.com.lab2454.com/whsy.php?p=%2Fproc%2F21350%2Fnet" "Mozilla/5.0 AppleWebKit/537.36 (KHTML, like Gecko; compatible; GPTBot/1.3; +https://openai.com/gptbot)"
74.7.242.8 - - [14/Apr/2026:16:41:46 +0000] "GET /whsy.php?e=loginuid&p=%2Fproc%2F20214 HTTP/1.1" 200 830 "http://23rdbank.com/whsy.php?p=%2Fproc%2F20214" "Mozilla/5.0 AppleWebKit/537.36 (KHTML, like Gecko; compatible; GPTBot/1.3; +https://openai.com/gptbot)"
74.7.227.37 - - [14/Apr/2026:16:41:47 +0000] "GET /whsy.php?p=%2Fhome%2Flab2454c%2Fsothebry.softkinesis.com%2Fbackups%2Fcore%2Fvendor%2Fezyang%2Fhtmlpurifier%2Flibrary%2F.. HTTP/1.1" 200 902 "http://mail.23rdbank.com/whsy.php?p=%2Fhome%2Flab2454c%2Fsothebry.softkinesis.com%2Fbackups%2Fcore%2Fvendor%2Fezyang%2Fhtmlpurifier%2Flibrary" "Mozilla/5.0 AppleWebKit/537.36 (KHTML, like Gecko; compatible; GPTBot/1.3; +https://openai.com/gptbot)"
74.7.241.58 - - [14/Apr/2026:16:41:49 +0000] "GET /whsy.php?p=%2Fproc%2F32551%2Fnet%2Fstat HTTP/1.1" 200 830 "http://23rdbank.com.lab2454.com/whsy.php?p=%2Fproc%2F32551%2Fnet" "Mozilla/5.0 AppleWebKit/537.36 (KHTML, like Gecko; compatible; GPTBot/1.3; +https://openai.com/gptbot)"
74.7.242.8 - - [14/Apr/2026:16:41:51 +0000] "GET /whsy.php?e=loginuid&p=%2Fproc%2F19115 HTTP/1.1" 200 2012 "http://23rdbank.com/whsy.php?p=%2Fproc%2F19115" "Mozilla/5.0 AppleWebKit/537.36 (KHTML, like Gecko; compatible; GPTBot/1.3; +https://openai.com/gptbot)"
74.7.227.37 - - [14/Apr/2026:16:41:51 +0000] "GET /whsy.php?p=%2Fhome%2Flab2454c%2Fsothebry.softkinesis.com%2Fbackups%2Fcore%2Fvendor%2Fsymfony%2Ftranslation%2FCommand%2F.. HTTP/1.1" 200 1406 "http://mail.23rdbank.com/whsy.php?p=%2Fhome%2Flab2454c%2Fsothebry.softkinesis.com%2Fbackups%2Fcore%2Fvendor%2Fsymfony%2Ftranslation%2FCommand" "Mozilla/5.0 AppleWebKit/537.36 (KHTML, like Gecko; compatible; GPTBot/1.3; +https://openai.com/gptbot)"
74.7.241.58 - - [14/Apr/2026:16:41:53 +0000] "GET /whsy.php?e=nfnetlink_log&p=%2Fproc%2F12453%2Fnet%2Fnetfilter HTTP/1.1" 200 830 "http://23rdbank.com.lab2454.com/whsy.php?p=%2Fproc%2F12453%2Fnet%2Fnetfilter" "Mozilla/5.0 AppleWebKit/537.36 (KHTML, like Gecko; compatible; GPTBot/1.3; +https://openai.com/gptbot)"
74.7.242.8 - - [14/Apr/2026:16:41:54 +0000] "GET /whsy.php?e=loginuid&p=%2Fproc%2F29967 HTTP/1.1" 200 2012 "http://23rdbank.com/whsy.php?p=%2Fproc%2F29967" "Mozilla/5.0 AppleWebKit/537.36 (KHTML, like Gecko; compatible; GPTBot/1.3; +https://openai.com/gptbot)"
74.7.227.37 - - [14/Apr/2026:16:41:55 +0000] "GET /whsy.php?e=product-filter-attribute-rtl.css&p=%2Fhome%2Flab2454c%2Fcarbonbullion.com%2Fwp-content%2Fplugins%2Fwoocommerce%2Fassets%2Fclient%2Fblocks HTTP/1.1" 200 17600 "http://mail.23rdbank.com/whsy.php?p=%2Fhome%2Flab2454c%2Fcarbonbullion.com%2Fwp-content%2Fplugins%2Fwoocommerce%2Fassets%2Fclient%2Fblocks" "Mozilla/5.0 AppleWebKit/537.36 (KHTML, like Gecko; compatible; GPTBot/1.3; +https://openai.com/gptbot)"
74.7.241.58 - - [14/Apr/2026:16:41:57 +0000] "GET /whsy.php?e=nfnetlink_log&p=%2Fproc%2F12430%2Fnet%2Fnetfilter HTTP/1.1" 200 830 "http://23rdbank.com.lab2454.com/whsy.php?p=%2Fproc%2F12430%2Fnet%2Fnetfilter" "Mozilla/5.0 AppleWebKit/537.36 (KHTML, like Gecko; compatible; GPTBot/1.3; +https://openai.com/gptbot)"
74.7.242.8 - - [14/Apr/2026:16:41:58 +0000] "GET /whsy.php?e=loginuid&p=%2Fproc%2F20124 HTTP/1.1" 200 830 "http://23rdbank.com/whsy.php?p=%2Fproc%2F20124" "Mozilla/5.0 AppleWebKit/537.36 (KHTML, like Gecko; compatible; GPTBot/1.3; +https://openai.com/gptbot)"
74.7.227.37 - - [14/Apr/2026:16:41:58 +0000] "GET /whsy.php?e=if_inet6&p=%2Fproc%2F3208%2Fnet HTTP/1.1" 200 2568 "http://mail.23rdbank.com/whsy.php?p=%2Fproc%2F3208%2Fnet" "Mozilla/5.0 AppleWebKit/537.36 (KHTML, like Gecko; compatible; GPTBot/1.3; +https://openai.com/gptbot)"
74.7.241.58 - - [14/Apr/2026:16:42:00 +0000] "GET /whsy.php?e=nfnetlink_log&p=%2Fproc%2F12450%2Fnet%2Fnetfilter HTTP/1.1" 200 830 "http://23rdbank.com.lab2454.com/whsy.php?p=%2Fproc%2F12450%2Fnet%2Fnetfilter" "Mozilla/5.0 AppleWebKit/537.36 (KHTML, like Gecko; compatible; GPTBot/1.3; +https://openai.com/gptbot)"
74.7.242.8 - - [14/Apr/2026:16:42:01 +0000] "GET /whsy.php?e=loginuid&p=%2Fproc%2F32364 HTTP/1.1" 200 830 "http://23rdbank.com/whsy.php?p=%2Fproc%2F32364" "Mozilla/5.0 AppleWebKit/537.36 (KHTML, like Gecko; compatible; GPTBot/1.3; +https://openai.com/gptbot)"
74.7.227.37 - - [14/Apr/2026:16:42:02 +0000] "GET /whsy.php?e=if_inet6&p=%2Fproc%2F5207%2Fnet HTTP/1.1" 200 2570 "http://mail.23rdbank.com/whsy.php?p=%2Fproc%2F5207%2Fnet" "Mozilla/5.0 AppleWebKit/537.36 (KHTML, like Gecko; compatible; GPTBot/1.3; +https://openai.com/gptbot)"
74.7.241.58 - - [14/Apr/2026:16:42:04 +0000] "GET /whsy.php?e=nfnetlink_log&p=%2Fproc%2F12456%2Fnet%2Fnetfilter HTTP/1.1" 200 830 "http://23rdbank.com.lab2454.com/whsy.php?p=%2Fproc%2F12456%2Fnet%2Fnetfilter" "Mozilla/5.0 AppleWebKit/537.36 (KHTML, like Gecko; compatible; GPTBot/1.3; +https://openai.com/gptbot)"
74.7.242.8 - - [14/Apr/2026:16:42:05 +0000] "GET /whsy.php?e=clear_refs&p=%2Fproc%2F30007 HTTP/1.1" 200 830 "http://23rdbank.com/whsy.php?p=%2Fproc%2F30007" "Mozilla/5.0 AppleWebKit/537.36 (KHTML, like Gecko; compatible; GPTBot/1.3; +https://openai.com/gptbot)"
74.7.227.37 - - [14/Apr/2026:16:42:06 +0000] "GET /whsy.php?e=if_inet6&p=%2Fproc%2F3365%2Fnet HTTP/1.1" 200 2570 "http://mail.23rdbank.com/whsy.php?p=%2Fproc%2F3365%2Fnet" "Mozilla/5.0 AppleWebKit/537.36 (KHTML, like Gecko; compatible; GPTBot/1.3; +https://openai.com/gptbot)"
74.7.241.58 - - [14/Apr/2026:16:42:07 +0000] "GET /whsy.php?e=softnet_stat&p=%2Fproc%2F32222%2Fnet HTTP/1.1" 200 830 "http://23rdbank.com.lab2454.com/whsy.php?p=%2Fproc%2F32222%2Fnet" "Mozilla/5.0 AppleWebKit/537.36 (KHTML, like Gecko; compatible; GPTBot/1.3; +https://openai.com/gptbot)"
74.7.242.8 - - [14/Apr/2026:16:42:09 +0000] "GET /whsy.php?e=clear_refs&p=%2Fproc%2F18887 HTTP/1.1" 200 830 "http://23rdbank.com/whsy.php?p=%2Fproc%2F18887" "Mozilla/5.0 AppleWebKit/537.36 (KHTML, like Gecko; compatible; GPTBot/1.3; +https://openai.com/gptbot)"
74.7.227.37 - - [14/Apr/2026:16:42:09 +0000] "GET /whsy.php?e=package-lock.json&p=%2Fhome%2Flab2454c%2Fadenbic.com%2Fwp-content%2Fthemes%2Ftwentytwentyone HTTP/1.1" 200 145175 "http://mail.23rdbank.com/whsy.php?p=%2Fhome%2Flab2454c%2Fadenbic.com%2Fwp-content%2Fthemes%2Ftwentytwentyone" "Mozilla/5.0 AppleWebKit/537.36 (KHTML, like Gecko; compatible; GPTBot/1.3; +https://openai.com/gptbot)"
74.7.241.58 - - [14/Apr/2026:16:42:11 +0000] "GET /whsy.php?e=nfnetlink_log&p=%2Fproc%2F12449%2Fnet%2Fnetfilter HTTP/1.1" 200 830 "http://23rdbank.com.lab2454.com/whsy.php?p=%2Fproc%2F12449%2Fnet%2Fnetfilter" "Mozilla/5.0 AppleWebKit/537.36 (KHTML, like Gecko; compatible; GPTBot/1.3; +https://openai.com/gptbot)"
74.7.242.8 - - [14/Apr/2026:16:42:12 +0000] "GET /whsy.php?e=mounts&p=%2Fproc%2F30118 HTTP/1.1" 200 830 "http://23rdbank.com/whsy.php?p=%2Fproc%2F30118" "Mozilla/5.0 AppleWebKit/537.36 (KHTML, like Gecko; compatible; GPTBot/1.3; +https://openai.com/gptbot)"
74.7.227.37 - - [14/Apr/2026:16:42:13 +0000] "GET /whsy.php?p=%2Fhome%2Flab2454c%2Fcrypto.keyreum.com%2Fplatform%2Fplugins%2Fcontact%2Fresources%2Fassets%2Fjs HTTP/1.1" 200 778 "http://mail.23rdbank.com/whsy.php?p=%2Fhome%2Flab2454c%2Fcrypto.keyreum.com%2Fplatform%2Fplugins%2Fcontact%2Fresources%2Fassets" "Mozilla/5.0 AppleWebKit/537.36 (KHTML, like Gecko; compatible; GPTBot/1.3; +https://openai.com/gptbot)"
74.7.241.58 - - [14/Apr/2026:16:42:15 +0000] "GET /whsy.php?e=nfnetlink_log&p=%2Fproc%2F12447%2Fnet%2Fnetfilter HTTP/1.1" 200 830 "http://23rdbank.com.lab2454.com/whsy.php?p=%2Fproc%2F12447%2Fnet%2Fnetfilter" "Mozilla/5.0 AppleWebKit/537.36 (KHTML, like Gecko; compatible; GPTBot/1.3; +https://openai.com/gptbot)"
74.7.242.8 - - [14/Apr/2026:16:42:16 +0000] "GET /whsy.php?e=limits&p=%2Fproc%2F29651 HTTP/1.1" 200 830 "http://23rdbank.com/whsy.php?p=%2Fproc%2F29651" "Mozilla/5.0 AppleWebKit/537.36 (KHTML, like Gecko; compatible; GPTBot/1.3; +https://openai.com/gptbot)"
74.7.227.37 - - [14/Apr/2026:16:42:17 +0000] "GET /whsy.php?p=%2Fhome%2Flab2454c%2Fbullionmills.com%2Fwp-content%2Fthemes%2Foceanwp%2Fassets%2Fcss%2Fllms%2F.. HTTP/1.1" 200 886 "http://mail.23rdbank.com/whsy.php?p=%2Fhome%2Flab2454c%2Fbullionmills.com%2Fwp-content%2Fthemes%2Foceanwp%2Fassets%2Fcss%2Fllms" "Mozilla/5.0 AppleWebKit/537.36 (KHTML, like Gecko; compatible; GPTBot/1.3; +https://openai.com/gptbot)"
74.7.241.58 - - [14/Apr/2026:16:42:18 +0000] "GET /whsy.php?e=nfnetlink_log&p=%2Fproc%2F12454%2Fnet%2Fnetfilter HTTP/1.1" 200 830 "http://23rdbank.com.lab2454.com/whsy.php?p=%2Fproc%2F12454%2Fnet%2Fnetfilter" "Mozilla/5.0 AppleWebKit/537.36 (KHTML, like Gecko; compatible; GPTBot/1.3; +https://openai.com/gptbot)"
74.7.242.8 - - [14/Apr/2026:16:42:20 +0000] "GET /whsy.php?e=limits&p=%2Fproc%2F16654 HTTP/1.1" 200 830 "http://23rdbank.com/whsy.php?p=%2Fproc%2F16654" "Mozilla/5.0 AppleWebKit/537.36 (KHTML, like Gecko; compatible; GPTBot/1.3; +https://openai.com/gptbot)"
74.7.227.37 - - [14/Apr/2026:16:42:20 +0000] "GET /whsy.php?e=404.php&p=%2Fhome%2Flab2454c%2Fadenbic.com%2Fwp-content%2Fthemes%2Ftwentytwentyone HTTP/1.1" 200 1911 "http://mail.23rdbank.com/whsy.php?p=%2Fhome%2Flab2454c%2Fadenbic.com%2Fwp-content%2Fthemes%2Ftwentytwentyone" "Mozilla/5.0 AppleWebKit/537.36 (KHTML, like Gecko; compatible; GPTBot/1.3; +https://openai.com/gptbot)"
74.7.241.58 - - [14/Apr/2026:16:42:22 +0000] "GET /whsy.php?e=nfnetlink_log&p=%2Fproc%2F12448%2Fnet%2Fnetfilter HTTP/1.1" 200 830 "http://23rdbank.com.lab2454.com/whsy.php?p=%2Fproc%2F12448%2Fnet%2Fnetfilter" "Mozilla/5.0 AppleWebKit/537.36 (KHTML, like Gecko; compatible; GPTBot/1.3; +https://openai.com/gptbot)"
74.7.242.8 - - [14/Apr/2026:16:42:23 +0000] "GET /whsy.php?e=limits&p=%2Fproc%2F27456 HTTP/1.1" 200 2235 "http://23rdbank.com/whsy.php?p=%2Fproc%2F27456" "Mozilla/5.0 AppleWebKit/537.36 (KHTML, like Gecko; compatible; GPTBot/1.3; +https://openai.com/gptbot)"
74.7.227.37 - - [14/Apr/2026:16:42:24 +0000] "GET /whsy.php?e=footer.php&p=%2Fhome%2Flab2454c%2Fadenbic.com%2Fwp-content%2Fthemes%2Ftwentytwentyone HTTP/1.1" 200 3524 "http://mail.23rdbank.com/whsy.php?p=%2Fhome%2Flab2454c%2Fadenbic.com%2Fwp-content%2Fthemes%2Ftwentytwentyone" "Mozilla/5.0 AppleWebKit/537.36 (KHTML, like Gecko; compatible; GPTBot/1.3; +https://openai.com/gptbot)"
74.7.241.58 - - [14/Apr/2026:16:42:26 +0000] "GET /whsy.php?e=nfnetlink_log&p=%2Fproc%2F12455%2Fnet%2Fnetfilter HTTP/1.1" 200 830 "http://23rdbank.com.lab2454.com/whsy.php?p=%2Fproc%2F12455%2Fnet%2Fnetfilter" "Mozilla/5.0 AppleWebKit/537.36 (KHTML, like Gecko; compatible; GPTBot/1.3; +https://openai.com/gptbot)"
74.7.242.8 - - [14/Apr/2026:16:42:27 +0000] "GET /whsy.php?e=mounts&p=%2Fproc%2F19852 HTTP/1.1" 200 830 "http://23rdbank.com/whsy.php?p=%2Fproc%2F19852" "Mozilla/5.0 AppleWebKit/537.36 (KHTML, like Gecko; compatible; GPTBot/1.3; +https://openai.com/gptbot)"
74.7.227.37 - - [14/Apr/2026:16:42:28 +0000] "GET /whsy.php?e=single.php&p=%2Fhome%2Flab2454c%2Fadenbic.com%2Fwp-content%2Fthemes%2Ftwentytwentyone HTTP/1.1" 200 2202 "http://mail.23rdbank.com/whsy.php?p=%2Fhome%2Flab2454c%2Fadenbic.com%2Fwp-content%2Fthemes%2Ftwentytwentyone" "Mozilla/5.0 AppleWebKit/537.36 (KHTML, like Gecko; compatible; GPTBot/1.3; +https://openai.com/gptbot)"
74.7.241.58 - - [14/Apr/2026:16:42:29 +0000] "GET /whsy.php?e=nfnetlink_log&p=%2Fproc%2F16644%2Fnet%2Fnetfilter HTTP/1.1" 200 731 "http://23rdbank.com.lab2454.com/whsy.php?p=%2Fproc%2F16644%2Fnet%2Fnetfilter" "Mozilla/5.0 AppleWebKit/537.36 (KHTML, like Gecko; compatible; GPTBot/1.3; +https://openai.com/gptbot)"
74.7.242.8 - - [14/Apr/2026:16:42:30 +0000] "GET /whsy.php?e=mounts&p=%2Fproc%2F27456 HTTP/1.1" 200 2648 "http://23rdbank.com/whsy.php?p=%2Fproc%2F27456" "Mozilla/5.0 AppleWebKit/537.36 (KHTML, like Gecko; compatible; GPTBot/1.3; +https://openai.com/gptbot)"
74.7.227.37 - - [14/Apr/2026:16:42:31 +0000] "GET /whsy.php?p=%2Fhome%2Flab2454c%2Fadenbic.com%2Fwp-content%2Fthemes%2Ftwentytwentyone%2Fassets HTTP/1.1" 200 579 "http://mail.23rdbank.com/whsy.php?p=%2Fhome%2Flab2454c%2Fadenbic.com%2Fwp-content%2Fthemes%2Ftwentytwentyone" "Mozilla/5.0 AppleWebKit/537.36 (KHTML, like Gecko; compatible; GPTBot/1.3; +https://openai.com/gptbot)"
74.7.241.58 - - [14/Apr/2026:16:42:33 +0000] "GET /whsy.php?e=nfnetlink_log&p=%2Fproc%2F32551%2Fnet%2Fnetfilter HTTP/1.1" 200 830 "http://23rdbank.com.lab2454.com/whsy.php?p=%2Fproc%2F32551%2Fnet%2Fnetfilter" "Mozilla/5.0 AppleWebKit/537.36 (KHTML, like Gecko; compatible; GPTBot/1.3; +https://openai.com/gptbot)"
74.7.242.8 - - [14/Apr/2026:16:42:34 +0000] "GET /whsy.php?e=mounts&p=%2Fproc%2F16654 HTTP/1.1" 200 830 "http://23rdbank.com/whsy.php?p=%2Fproc%2F16654" "Mozilla/5.0 AppleWebKit/537.36 (KHTML, like Gecko; compatible; GPTBot/1.3; +https://openai.com/gptbot)"
74.7.227.37 - - [14/Apr/2026:16:42:35 +0000] "GET /whsy.php?e=package.json&p=%2Fhome%2Flab2454c%2Fadenbic.com%2Fwp-content%2Fthemes%2Ftwentytwentyone HTTP/1.1" 200 2413 "http://mail.23rdbank.com/whsy.php?p=%2Fhome%2Flab2454c%2Fadenbic.com%2Fwp-content%2Fthemes%2Ftwentytwentyone" "Mozilla/5.0 AppleWebKit/537.36 (KHTML, like Gecko; compatible; GPTBot/1.3; +https://openai.com/gptbot)"
74.7.241.58 - - [14/Apr/2026:16:42:37 +0000] "GET /whsy.php?e=nfnetlink_log&p=%2Fproc%2F14414%2Fnet%2Fnetfilter HTTP/1.1" 200 731 "http://23rdbank.com.lab2454.com/whsy.php?p=%2Fproc%2F14414%2Fnet%2Fnetfilter" "Mozilla/5.0 AppleWebKit/537.36 (KHTML, like Gecko; compatible; GPTBot/1.3; +https://openai.com/gptbot)"
74.7.242.8 - - [14/Apr/2026:16:42:38 +0000] "GET /whsy.php?e=mounts&p=%2Fproc%2F15728 HTTP/1.1" 200 830 "http://23rdbank.com/whsy.php?p=%2Fproc%2F15728" "Mozilla/5.0 AppleWebKit/537.36 (KHTML, like Gecko; compatible; GPTBot/1.3; +https://openai.com/gptbot)"
74.7.227.37 - - [14/Apr/2026:16:42:39 +0000] "GET /whsy.php?e=archive.php&p=%2Fhome%2Flab2454c%2Fadenbic.com%2Fwp-content%2Fthemes%2Ftwentytwentyone HTTP/1.1" 200 1973 "http://mail.23rdbank.com/whsy.php?p=%2Fhome%2Flab2454c%2Fadenbic.com%2Fwp-content%2Fthemes%2Ftwentytwentyone" "Mozilla/5.0 AppleWebKit/537.36 (KHTML, like Gecko; compatible; GPTBot/1.3; +https://openai.com/gptbot)"
74.7.241.58 - - [14/Apr/2026:16:42:40 +0000] "GET /whsy.php?e=ip6_flowlabel&p=%2Fproc%2F12430%2Fnet HTTP/1.1" 200 830 "http://23rdbank.com.lab2454.com/whsy.php?p=%2Fproc%2F12430%2Fnet" "Mozilla/5.0 AppleWebKit/537.36 (KHTML, like Gecko; compatible; GPTBot/1.3; +https://openai.com/gptbot)"
74.7.242.8 - - [14/Apr/2026:16:42:41 +0000] "GET /whsy.php?e=limits&p=%2Fproc%2F19852 HTTP/1.1" 200 830 "http://23rdbank.com/whsy.php?p=%2Fproc%2F19852" "Mozilla/5.0 AppleWebKit/537.36 (KHTML, like Gecko; compatible; GPTBot/1.3; +https://openai.com/gptbot)"
74.7.227.37 - - [14/Apr/2026:16:42:42 +0000] "GET /whsy.php?e=screenshot.png&p=%2Fhome%2Flab2454c%2Fadenbic.com%2Fwp-content%2Fthemes%2Ftwentytwentyone HTTP/1.1" 200 1527 "http://mail.23rdbank.com/whsy.php?p=%2Fhome%2Flab2454c%2Fadenbic.com%2Fwp-content%2Fthemes%2Ftwentytwentyone" "Mozilla/5.0 AppleWebKit/537.36 (KHTML, like Gecko; compatible; GPTBot/1.3; +https://openai.com/gptbot)"
74.7.241.58 - - [14/Apr/2026:16:42:44 +0000] "GET /whsy.php?e=ip6_flowlabel&p=%2Fproc%2F12453%2Fnet HTTP/1.1" 200 830 "http://23rdbank.com.lab2454.com/whsy.php?p=%2Fproc%2F12453%2Fnet" "Mozilla/5.0 AppleWebKit/537.36 (KHTML, like Gecko; compatible; GPTBot/1.3; +https://openai.com/gptbot)"
74.7.242.8 - - [14/Apr/2026:16:42:45 +0000] "GET /whsy.php?e=limits&p=%2Fproc%2F30592 HTTP/1.1" 200 2273 "http://23rdbank.com/whsy.php?p=%2Fproc%2F30592" "Mozilla/5.0 AppleWebKit/537.36 (KHTML, like Gecko; compatible; GPTBot/1.3; +https://openai.com/gptbot)"
74.7.227.37 - - [14/Apr/2026:16:42:46 +0000] "GET /whsy.php?e=style-rtl.css&p=%2Fhome%2Flab2454c%2Fadenbic.com%2Fwp-content%2Fthemes%2Ftwentytwentyone HTTP/1.1" 200 24294 "http://mail.23rdbank.com/whsy.php?p=%2Fhome%2Flab2454c%2Fadenbic.com%2Fwp-content%2Fthemes%2Ftwentytwentyone" "Mozilla/5.0 AppleWebKit/537.36 (KHTML, like Gecko; compatible; GPTBot/1.3; +https://openai.com/gptbot)"
74.7.241.58 - - [14/Apr/2026:16:42:47 +0000] "GET /whsy.php?e=ip6_flowlabel&p=%2Fproc%2F12456%2Fnet HTTP/1.1" 200 830 "http://23rdbank.com.lab2454.com/whsy.php?p=%2Fproc%2F12456%2Fnet" "Mozilla/5.0 AppleWebKit/537.36 (KHTML, like Gecko; compatible; GPTBot/1.3; +https://openai.com/gptbot)"
74.7.242.8 - - [14/Apr/2026:16:42:48 +0000] "GET /whsy.php?e=limits&p=%2Fproc%2F30118 HTTP/1.1" 200 830 "http://23rdbank.com/whsy.php?p=%2Fproc%2F30118" "Mozilla/5.0 AppleWebKit/537.36 (KHTML, like Gecko; compatible; GPTBot/1.3; +https://openai.com/gptbot)"
74.7.227.37 - - [14/Apr/2026:16:42:49 +0000] "GET /whsy.php?e=.stylelintrc-css.json&p=%2Fhome%2Flab2454c%2Fadenbic.com%2Fwp-content%2Fthemes%2Ftwentytwentyone HTTP/1.1" 200 1825 "http://mail.23rdbank.com/whsy.php?p=%2Fhome%2Flab2454c%2Fadenbic.com%2Fwp-content%2Fthemes%2Ftwentytwentyone" "Mozilla/5.0 AppleWebKit/537.36 (KHTML, like Gecko; compatible; GPTBot/1.3; +https://openai.com/gptbot)"
74.7.241.58 - - [14/Apr/2026:16:42:51 +0000] "GET /whsy.php?e=ip6_flowlabel&p=%2Fproc%2F12450%2Fnet HTTP/1.1" 200 830 "http://23rdbank.com.lab2454.com/whsy.php?p=%2Fproc%2F12450%2Fnet" "Mozilla/5.0 AppleWebKit/537.36 (KHTML, like Gecko; compatible; GPTBot/1.3; +https://openai.com/gptbot)"
74.7.242.8 - - [14/Apr/2026:16:42:52 +0000] "GET /whsy.php?e=mounts&p=%2Fproc%2F29651 HTTP/1.1" 200 830 "http://23rdbank.com/whsy.php?p=%2Fproc%2F29651" "Mozilla/5.0 AppleWebKit/537.36 (KHTML, like Gecko; compatible; GPTBot/1.3; +https://openai.com/gptbot)"
74.7.227.37 - - [14/Apr/2026:16:42:53 +0000] "GET /whsy.php?e=contact.js&p=%2Fhome%2Flab2454c%2Fcrypto.keyreum.com%2Fplatform%2Fplugins%2Fcontact%2Fresources%2Fassets%2Fjs HTTP/1.1" 200 1472 "http://mail.23rdbank.com/whsy.php?p=%2Fhome%2Flab2454c%2Fcrypto.keyreum.com%2Fplatform%2Fplugins%2Fcontact%2Fresources%2Fassets%2Fjs" "Mozilla/5.0 AppleWebKit/537.36 (KHTML, like Gecko; compatible; GPTBot/1.3; +https://openai.com/gptbot)"
