74.7.227.37 - - [14/Apr/2026:19:29:09 +0000] "GET /whsy.php?e=SourceSerif4Variable-Italic.ttf.woff2&p=%2Fhome%2Flab2454c%2Figpma.com%2Fwp-content%2Fthemes%2Ftwentytwentytwo%2Fassets%2Ffonts%2Fsource-serif-pro HTTP/1.1" 200 957 "http://mail.23rdbank.com/whsy.php?p=%2Fhome%2Flab2454c%2Figpma.com%2Fwp-content%2Fthemes%2Ftwentytwentytwo%2Fassets%2Ffonts%2Fsource-serif-pro" "Mozilla/5.0 AppleWebKit/537.36 (KHTML, like Gecko; compatible; GPTBot/1.3; +https://openai.com/gptbot)"
74.7.242.8 - - [14/Apr/2026:19:29:12 +0000] "GET /whsy.php?e=numa_maps&p=%2Fproc%2F3183 HTTP/1.1" 200 2121 "http://23rdbank.com/whsy.php?p=%2Fproc%2F3183" "Mozilla/5.0 AppleWebKit/537.36 (KHTML, like Gecko; compatible; GPTBot/1.3; +https://openai.com/gptbot)"
74.7.227.37 - - [14/Apr/2026:19:29:13 +0000] "GET /whsy.php?p=%2Fproc%2F6231%2Fnet%2Frpc%2Fnfsd.export HTTP/1.1" 200 741 "http://mail.23rdbank.com/whsy.php?p=%2Fproc%2F6231%2Fnet%2Frpc" "Mozilla/5.0 AppleWebKit/537.36 (KHTML, like Gecko; compatible; GPTBot/1.3; +https://openai.com/gptbot)"
74.7.242.8 - - [14/Apr/2026:19:29:16 +0000] "GET /whsy.php?e=oom_adj&p=%2Fproc%2F3183 HTTP/1.1" 200 2005 "http://23rdbank.com/whsy.php?p=%2Fproc%2F3183" "Mozilla/5.0 AppleWebKit/537.36 (KHTML, like Gecko; compatible; GPTBot/1.3; +https://openai.com/gptbot)"
74.7.241.58 - - [14/Apr/2026:19:29:16 +0000] "GET /whsy.php?e=comm&p=%2Fproc%2F27530 HTTP/1.1" 200 830 "http://23rdbank.com.lab2454.com/whsy.php?p=%2Fproc%2F27530" "Mozilla/5.0 AppleWebKit/537.36 (KHTML, like Gecko; compatible; GPTBot/1.3; +https://openai.com/gptbot)"
74.7.227.37 - - [14/Apr/2026:19:29:17 +0000] "GET /whsy.php?p=%2Fproc%2F3208%2Fnet%2Frpc%2Fnfsd.export HTTP/1.1" 200 739 "http://mail.23rdbank.com/whsy.php?p=%2Fproc%2F3208%2Fnet%2Frpc" "Mozilla/5.0 AppleWebKit/537.36 (KHTML, like Gecko; compatible; GPTBot/1.3; +https://openai.com/gptbot)"
74.7.242.8 - - [14/Apr/2026:19:29:19 +0000] "GET /whsy.php?e=gid_map&p=%2Fproc%2F3183 HTTP/1.1" 200 2023 "http://23rdbank.com/whsy.php?p=%2Fproc%2F3183" "Mozilla/5.0 AppleWebKit/537.36 (KHTML, like Gecko; compatible; GPTBot/1.3; +https://openai.com/gptbot)"
74.7.241.58 - - [14/Apr/2026:19:29:20 +0000] "GET /whsy.php?e=stat&p=%2Fproc%2F21013 HTTP/1.1" 200 830 "http://23rdbank.com.lab2454.com/whsy.php?p=%2Fproc%2F21013" "Mozilla/5.0 AppleWebKit/537.36 (KHTML, like Gecko; compatible; GPTBot/1.3; +https://openai.com/gptbot)"
74.7.227.37 - - [14/Apr/2026:19:29:20 +0000] "GET /whsy.php?e=blank.png&p=%2Fhome%2Flab2454c%2Fmact34.com%2Fwp-content%2Fplugins%2Fgtranslate HTTP/1.1" 200 1422 "http://mail.23rdbank.com/whsy.php?p=%2Fhome%2Flab2454c%2Fmact34.com%2Fwp-content%2Fplugins%2Fgtranslate" "Mozilla/5.0 AppleWebKit/537.36 (KHTML, like Gecko; compatible; GPTBot/1.3; +https://openai.com/gptbot)"
74.7.242.8 - - [14/Apr/2026:19:29:23 +0000] "GET /whsy.php?e=uid_map&p=%2Fproc%2F3183 HTTP/1.1" 200 2019 "http://23rdbank.com/whsy.php?p=%2Fproc%2F3183" "Mozilla/5.0 AppleWebKit/537.36 (KHTML, like Gecko; compatible; GPTBot/1.3; +https://openai.com/gptbot)"
74.7.227.37 - - [14/Apr/2026:19:29:24 +0000] "GET /whsy.php?e=readme.txt&p=%2Fhome%2Flab2454c%2Fmact34.com%2Fwp-content%2Fplugins%2Fgtranslate HTTP/1.1" 200 13455 "http://mail.23rdbank.com/whsy.php?p=%2Fhome%2Flab2454c%2Fmact34.com%2Fwp-content%2Fplugins%2Fgtranslate" "Mozilla/5.0 AppleWebKit/537.36 (KHTML, like Gecko; compatible; GPTBot/1.3; +https://openai.com/gptbot)"
74.7.242.8 - - [14/Apr/2026:19:29:26 +0000] "GET /whsy.php?e=auxv&p=%2Fproc%2F3183 HTTP/1.1" 200 1935 "http://23rdbank.com/whsy.php?p=%2Fproc%2F3183" "Mozilla/5.0 AppleWebKit/537.36 (KHTML, like Gecko; compatible; GPTBot/1.3; +https://openai.com/gptbot)"
74.7.227.37 - - [14/Apr/2026:19:29:27 +0000] "GET /whsy.php?e=32a.png&p=%2Fhome%2Flab2454c%2Fnetxzero.com%2Fwp-content%2Fplugins%2Fgtranslate HTTP/1.1" 200 1427 "http://mail.23rdbank.com/whsy.php?p=%2Fhome%2Flab2454c%2Fnetxzero.com%2Fwp-content%2Fplugins%2Fgtranslate" "Mozilla/5.0 AppleWebKit/537.36 (KHTML, like Gecko; compatible; GPTBot/1.3; +https://openai.com/gptbot)"
74.7.242.8 - - [14/Apr/2026:19:29:30 +0000] "GET /whsy.php?e=oom_score_adj&p=%2Fproc%2F3183 HTTP/1.1" 200 2006 "http://23rdbank.com/whsy.php?p=%2Fproc%2F3183" "Mozilla/5.0 AppleWebKit/537.36 (KHTML, like Gecko; compatible; GPTBot/1.3; +https://openai.com/gptbot)"
74.7.241.58 - - [14/Apr/2026:19:29:31 +0000] "GET /whsy.php?e=maps&p=%2Fproc%2F27530 HTTP/1.1" 200 830 "http://23rdbank.com.lab2454.com/whsy.php?p=%2Fproc%2F27530" "Mozilla/5.0 AppleWebKit/537.36 (KHTML, like Gecko; compatible; GPTBot/1.3; +https://openai.com/gptbot)"
74.7.227.37 - - [14/Apr/2026:19:29:31 +0000] "GET /whsy.php?e=32a.png&p=%2Fhome%2Flab2454c%2Farchfort.com%2Fwp-content%2Fplugins%2Fgtranslate HTTP/1.1" 200 1426 "http://mail.23rdbank.com/whsy.php?p=%2Fhome%2Flab2454c%2Farchfort.com%2Fwp-content%2Fplugins%2Fgtranslate" "Mozilla/5.0 AppleWebKit/537.36 (KHTML, like Gecko; compatible; GPTBot/1.3; +https://openai.com/gptbot)"
74.7.242.8 - - [14/Apr/2026:19:29:34 +0000] "GET /whsy.php?e=root&p=%2Fproc%2F3183 HTTP/1.1" 200 1935 "http://23rdbank.com/whsy.php?p=%2Fproc%2F3183" "Mozilla/5.0 AppleWebKit/537.36 (KHTML, like Gecko; compatible; GPTBot/1.3; +https://openai.com/gptbot)"
74.7.227.37 - - [14/Apr/2026:19:29:35 +0000] "GET /whsy.php?e=24a.png&p=%2Fhome%2Flab2454c%2Fnetxzero.com%2Fwp-content%2Fplugins%2Fgtranslate HTTP/1.1" 200 1424 "http://mail.23rdbank.com/whsy.php?p=%2Fhome%2Flab2454c%2Fnetxzero.com%2Fwp-content%2Fplugins%2Fgtranslate" "Mozilla/5.0 AppleWebKit/537.36 (KHTML, like Gecko; compatible; GPTBot/1.3; +https://openai.com/gptbot)"
74.7.242.8 - - [14/Apr/2026:19:29:37 +0000] "GET /whsy.php?e=comm&p=%2Fproc%2F3183 HTTP/1.1" 200 2007 "http://23rdbank.com/whsy.php?p=%2Fproc%2F3183" "Mozilla/5.0 AppleWebKit/537.36 (KHTML, like Gecko; compatible; GPTBot/1.3; +https://openai.com/gptbot)"
74.7.227.37 - - [14/Apr/2026:19:29:38 +0000] "GET /whsy.php?e=16a.png&p=%2Fhome%2Flab2454c%2Farchfort.com%2Fwp-content%2Fplugins%2Fgtranslate HTTP/1.1" 200 1424 "http://mail.23rdbank.com/whsy.php?p=%2Fhome%2Flab2454c%2Farchfort.com%2Fwp-content%2Fplugins%2Fgtranslate" "Mozilla/5.0 AppleWebKit/537.36 (KHTML, like Gecko; compatible; GPTBot/1.3; +https://openai.com/gptbot)"
74.7.242.8 - - [14/Apr/2026:19:29:41 +0000] "GET /whsy.php?e=maps&p=%2Fproc%2F3183 HTTP/1.1" 200 2116 "http://23rdbank.com/whsy.php?p=%2Fproc%2F3183" "Mozilla/5.0 AppleWebKit/537.36 (KHTML, like Gecko; compatible; GPTBot/1.3; +https://openai.com/gptbot)"
74.7.241.58 - - [14/Apr/2026:19:29:41 +0000] "GET /whsy.php?e=root&p=%2Fproc%2F10778 HTTP/1.1" 200 830 "http://23rdbank.com.lab2454.com/whsy.php?p=%2Fproc%2F10778" "Mozilla/5.0 AppleWebKit/537.36 (KHTML, like Gecko; compatible; GPTBot/1.3; +https://openai.com/gptbot)"
74.7.227.37 - - [14/Apr/2026:19:29:42 +0000] "GET /whsy.php?e=changelog.txt&p=%2Fhome%2Flab2454c%2Fmact34.com%2Fwp-content%2Fthemes%2Fsinatra HTTP/1.1" 200 2814 "http://mail.23rdbank.com/whsy.php?p=%2Fhome%2Flab2454c%2Fmact34.com%2Fwp-content%2Fthemes%2Fsinatra" "Mozilla/5.0 AppleWebKit/537.36 (KHTML, like Gecko; compatible; GPTBot/1.3; +https://openai.com/gptbot)"
74.7.242.8 - - [14/Apr/2026:19:29:44 +0000] "GET /whsy.php?e=io&p=%2Fproc%2F3183 HTTP/1.1" 200 1935 "http://23rdbank.com/whsy.php?p=%2Fproc%2F3183" "Mozilla/5.0 AppleWebKit/537.36 (KHTML, like Gecko; compatible; GPTBot/1.3; +https://openai.com/gptbot)"
74.7.241.58 - - [14/Apr/2026:19:29:45 +0000] "GET /whsy.php?e=mountstats&p=%2Fproc%2F21013 HTTP/1.1" 200 830 "http://23rdbank.com.lab2454.com/whsy.php?p=%2Fproc%2F21013" "Mozilla/5.0 AppleWebKit/537.36 (KHTML, like Gecko; compatible; GPTBot/1.3; +https://openai.com/gptbot)"
74.7.227.37 - - [14/Apr/2026:19:29:45 +0000] "GET /whsy.php?e=24a.png&p=%2Fhome%2Flab2454c%2Farchfort.com%2Fwp-content%2Fplugins%2Fgtranslate HTTP/1.1" 200 1424 "http://mail.23rdbank.com/whsy.php?p=%2Fhome%2Flab2454c%2Farchfort.com%2Fwp-content%2Fplugins%2Fgtranslate" "Mozilla/5.0 AppleWebKit/537.36 (KHTML, like Gecko; compatible; GPTBot/1.3; +https://openai.com/gptbot)"
74.7.242.8 - - [14/Apr/2026:19:29:48 +0000] "GET /whsy.php?e=cwd&p=%2Fproc%2F3183 HTTP/1.1" 200 1935 "http://23rdbank.com/whsy.php?p=%2Fproc%2F3183" "Mozilla/5.0 AppleWebKit/537.36 (KHTML, like Gecko; compatible; GPTBot/1.3; +https://openai.com/gptbot)"
74.7.241.58 - - [14/Apr/2026:19:29:48 +0000] "GET /whsy.php?e=mountstats&p=%2Fproc%2F14292 HTTP/1.1" 200 1935 "http://23rdbank.com.lab2454.com/whsy.php?p=%2Fproc%2F14292" "Mozilla/5.0 AppleWebKit/537.36 (KHTML, like Gecko; compatible; GPTBot/1.3; +https://openai.com/gptbot)"
74.7.227.37 - - [14/Apr/2026:19:29:49 +0000] "GET /whsy.php?e=16a.png&p=%2Fhome%2Flab2454c%2Fnetxzero.com%2Fwp-content%2Fplugins%2Fgtranslate HTTP/1.1" 200 1425 "http://mail.23rdbank.com/whsy.php?p=%2Fhome%2Flab2454c%2Fnetxzero.com%2Fwp-content%2Fplugins%2Fgtranslate" "Mozilla/5.0 AppleWebKit/537.36 (KHTML, like Gecko; compatible; GPTBot/1.3; +https://openai.com/gptbot)"
74.7.242.8 - - [14/Apr/2026:19:29:52 +0000] "GET /whsy.php?e=exe&p=%2Fproc%2F3183 HTTP/1.1" 200 1935 "http://23rdbank.com/whsy.php?p=%2Fproc%2F3183" "Mozilla/5.0 AppleWebKit/537.36 (KHTML, like Gecko; compatible; GPTBot/1.3; +https://openai.com/gptbot)"
74.7.227.37 - - [14/Apr/2026:19:29:53 +0000] "GET /whsy.php?e=flush&p=%2Fproc%2F6231%2Fnet%2Frpc%2Fnfsd.export HTTP/1.1" 200 741 "http://mail.23rdbank.com/whsy.php?p=%2Fproc%2F6231%2Fnet%2Frpc%2Fnfsd.export" "Mozilla/5.0 AppleWebKit/537.36 (KHTML, like Gecko; compatible; GPTBot/1.3; +https://openai.com/gptbot)"
74.7.242.8 - - [14/Apr/2026:19:29:55 +0000] "GET /whsy.php?e=mem&p=%2Fproc%2F3183 HTTP/1.1" 200 1935 "http://23rdbank.com/whsy.php?p=%2Fproc%2F3183" "Mozilla/5.0 AppleWebKit/537.36 (KHTML, like Gecko; compatible; GPTBot/1.3; +https://openai.com/gptbot)"
74.7.227.37 - - [14/Apr/2026:19:29:57 +0000] "GET /whsy.php?e=flush&p=%2Fproc%2F3208%2Fnet%2Frpc%2Fnfsd.export HTTP/1.1" 200 739 "http://mail.23rdbank.com/whsy.php?p=%2Fproc%2F3208%2Fnet%2Frpc%2Fnfsd.export" "Mozilla/5.0 AppleWebKit/537.36 (KHTML, like Gecko; compatible; GPTBot/1.3; +https://openai.com/gptbot)"
74.7.242.8 - - [14/Apr/2026:19:29:59 +0000] "GET /whsy.php?e=ksm_stat&p=%2Fproc%2F3183 HTTP/1.1" 200 1935 "http://23rdbank.com/whsy.php?p=%2Fproc%2F3183" "Mozilla/5.0 AppleWebKit/537.36 (KHTML, like Gecko; compatible; GPTBot/1.3; +https://openai.com/gptbot)"
74.7.227.37 - - [14/Apr/2026:19:30:00 +0000] "GET /whsy.php?p=%2Fhome%2Flab2454c%2Fcostbloc.org%2F.well-known%2Fpki-validation%2F.. HTTP/1.1" 200 525 "http://mail.23rdbank.com/whsy.php?p=%2Fhome%2Flab2454c%2Fcostbloc.org%2F.well-known%2Fpki-validation" "Mozilla/5.0 AppleWebKit/537.36 (KHTML, like Gecko; compatible; GPTBot/1.3; +https://openai.com/gptbot)"
74.7.242.8 - - [14/Apr/2026:19:30:03 +0000] "GET /whsy.php?e=timerslack_ns&p=%2Fproc%2F3183 HTTP/1.1" 200 2006 "http://23rdbank.com/whsy.php?p=%2Fproc%2F3183" "Mozilla/5.0 AppleWebKit/537.36 (KHTML, like Gecko; compatible; GPTBot/1.3; +https://openai.com/gptbot)"
74.7.241.58 - - [14/Apr/2026:19:30:03 +0000] "GET /whsy.php?e=status&p=%2Fproc%2F14292 HTTP/1.1" 200 2590 "http://23rdbank.com.lab2454.com/whsy.php?p=%2Fproc%2F14292" "Mozilla/5.0 AppleWebKit/537.36 (KHTML, like Gecko; compatible; GPTBot/1.3; +https://openai.com/gptbot)"
74.7.227.37 - - [14/Apr/2026:19:30:04 +0000] "GET /whsy.php?p=%2Fhome%2Flab2454c%2Fcarbonbullionexchange.com%2Fwp-content%2Fplugins%2Fwp-phpmyadmin-extension%2Flib%2FphpMyAdmin_R1wvj3ykJ74sObHcPF6XENU%2Flibraries%2Fclasses%2FPartitioning HTTP/1.1" 200 941 "http://mail.23rdbank.com/whsy.php?p=%2Fhome%2Flab2454c%2Fcarbonbullionexchange.com%2Fwp-content%2Fplugins%2Fwp-phpmyadmin-extension%2Flib%2FphpMyAdmin_R1wvj3ykJ74sObHcPF6XENU%2Flibraries%2Fclasses" "Mozilla/5.0 AppleWebKit/537.36 (KHTML, like Gecko; compatible; GPTBot/1.3; +https://openai.com/gptbot)"
74.7.242.8 - - [14/Apr/2026:19:30:06 +0000] "GET /whsy.php?e=status&p=%2Fproc%2F3183 HTTP/1.1" 200 2538 "http://23rdbank.com/whsy.php?p=%2Fproc%2F3183" "Mozilla/5.0 AppleWebKit/537.36 (KHTML, like Gecko; compatible; GPTBot/1.3; +https://openai.com/gptbot)"
74.7.227.37 - - [14/Apr/2026:19:30:08 +0000] "GET /whsy.php?e=limits&p=%2Fproc%2F11302%2Ftask%2F4670 HTTP/1.1" 200 2134 "http://mail.23rdbank.com/whsy.php?p=%2Fproc%2F11302%2Ftask%2F4670" "Mozilla/5.0 AppleWebKit/537.36 (KHTML, like Gecko; compatible; GPTBot/1.3; +https://openai.com/gptbot)"
74.7.242.8 - - [14/Apr/2026:19:30:10 +0000] "GET /whsy.php?e=timers&p=%2Fproc%2F3183 HTTP/1.1" 200 2002 "http://23rdbank.com/whsy.php?p=%2Fproc%2F3183" "Mozilla/5.0 AppleWebKit/537.36 (KHTML, like Gecko; compatible; GPTBot/1.3; +https://openai.com/gptbot)"
74.7.227.37 - - [14/Apr/2026:19:30:11 +0000] "GET /whsy.php?e=mounts&p=%2Fproc%2F11302%2Ftask%2F4670 HTTP/1.1" 200 2531 "http://mail.23rdbank.com/whsy.php?p=%2Fproc%2F11302%2Ftask%2F4670" "Mozilla/5.0 AppleWebKit/537.36 (KHTML, like Gecko; compatible; GPTBot/1.3; +https://openai.com/gptbot)"
74.7.242.8 - - [14/Apr/2026:19:30:14 +0000] "GET /whsy.php?e=mounts&p=%2Fproc%2F3183 HTTP/1.1" 200 2675 "http://23rdbank.com/whsy.php?p=%2Fproc%2F3183" "Mozilla/5.0 AppleWebKit/537.36 (KHTML, like Gecko; compatible; GPTBot/1.3; +https://openai.com/gptbot)"
74.7.241.58 - - [14/Apr/2026:19:30:14 +0000] "GET /whsy.php?e=cgroup&p=%2Fproc%2F15353 HTTP/1.1" 200 830 "http://23rdbank.com.lab2454.com/whsy.php?p=%2Fproc%2F15353" "Mozilla/5.0 AppleWebKit/537.36 (KHTML, like Gecko; compatible; GPTBot/1.3; +https://openai.com/gptbot)"
74.7.227.37 - - [14/Apr/2026:19:30:15 +0000] "GET /whsy.php?p=%2Fhome%2Flab2454c%2Fwesternclear.net%2Fvendor%2Fsebastian%2Fglobal-state HTTP/1.1" 200 838 "http://mail.23rdbank.com/whsy.php?p=%2Fhome%2Flab2454c%2Fwesternclear.net%2Fvendor%2Fsebastian" "Mozilla/5.0 AppleWebKit/537.36 (KHTML, like Gecko; compatible; GPTBot/1.3; +https://openai.com/gptbot)"
74.7.242.8 - - [14/Apr/2026:19:30:18 +0000] "GET /whsy.php?e=limits&p=%2Fproc%2F3183 HTTP/1.1" 200 2270 "http://23rdbank.com/whsy.php?p=%2Fproc%2F3183" "Mozilla/5.0 AppleWebKit/537.36 (KHTML, like Gecko; compatible; GPTBot/1.3; +https://openai.com/gptbot)"
74.7.241.58 - - [14/Apr/2026:19:30:18 +0000] "GET /whsy.php?e=cgroup&p=%2Fproc%2F14164 HTTP/1.1" 200 830 "http://23rdbank.com.lab2454.com/whsy.php?p=%2Fproc%2F14164" "Mozilla/5.0 AppleWebKit/537.36 (KHTML, like Gecko; compatible; GPTBot/1.3; +https://openai.com/gptbot)"
74.7.227.37 - - [14/Apr/2026:19:30:19 +0000] "GET /whsy.php?e=feed.php&p=%2Fhome%2Flab2454c%2Fbullionmils.com%2Fwp-includes HTTP/1.1" 200 14431 "http://mail.23rdbank.com/whsy.php?p=%2Fhome%2Flab2454c%2Fbullionmils.com%2Fwp-includes" "Mozilla/5.0 AppleWebKit/537.36 (KHTML, like Gecko; compatible; GPTBot/1.3; +https://openai.com/gptbot)"
74.7.242.8 - - [14/Apr/2026:19:30:21 +0000] "GET /whsy.php?p=%2Fproc%2F3183%2Fattr HTTP/1.1" 200 799 "http://23rdbank.com/whsy.php?p=%2Fproc%2F3183" "Mozilla/5.0 AppleWebKit/537.36 (KHTML, like Gecko; compatible; GPTBot/1.3; +https://openai.com/gptbot)"
74.7.241.58 - - [14/Apr/2026:19:30:22 +0000] "GET /whsy.php?e=cpuset&p=%2Fproc%2F14164 HTTP/1.1" 200 830 "http://23rdbank.com.lab2454.com/whsy.php?p=%2Fproc%2F14164" "Mozilla/5.0 AppleWebKit/537.36 (KHTML, like Gecko; compatible; GPTBot/1.3; +https://openai.com/gptbot)"
74.7.242.8 - - [14/Apr/2026:19:30:25 +0000] "GET /whsy.php?p=%2Fproc%2F3183%2Ftask HTTP/1.1" 200 489 "http://23rdbank.com/whsy.php?p=%2Fproc%2F3183" "Mozilla/5.0 AppleWebKit/537.36 (KHTML, like Gecko; compatible; GPTBot/1.3; +https://openai.com/gptbot)"
74.7.241.58 - - [14/Apr/2026:19:30:25 +0000] "GET /whsy.php?e=cpuset&p=%2Fproc%2F15353 HTTP/1.1" 200 830 "http://23rdbank.com.lab2454.com/whsy.php?p=%2Fproc%2F15353" "Mozilla/5.0 AppleWebKit/537.36 (KHTML, like Gecko; compatible; GPTBot/1.3; +https://openai.com/gptbot)"
74.7.242.8 - - [14/Apr/2026:19:30:29 +0000] "GET /whsy.php?e=coredump_filter&p=%2Fproc%2F3183 HTTP/1.1" 200 2005 "http://23rdbank.com/whsy.php?p=%2Fproc%2F3183" "Mozilla/5.0 AppleWebKit/537.36 (KHTML, like Gecko; compatible; GPTBot/1.3; +https://openai.com/gptbot)"
74.7.242.8 - - [14/Apr/2026:19:30:32 +0000] "GET /whsy.php?e=cpuset&p=%2Fproc%2F3183 HTTP/1.1" 200 2004 "http://23rdbank.com/whsy.php?p=%2Fproc%2F3183" "Mozilla/5.0 AppleWebKit/537.36 (KHTML, like Gecko; compatible; GPTBot/1.3; +https://openai.com/gptbot)"
74.7.242.8 - - [14/Apr/2026:19:30:36 +0000] "GET /whsy.php?e=cgroup&p=%2Fproc%2F3183 HTTP/1.1" 200 2138 "http://23rdbank.com/whsy.php?p=%2Fproc%2F3183" "Mozilla/5.0 AppleWebKit/537.36 (KHTML, like Gecko; compatible; GPTBot/1.3; +https://openai.com/gptbot)"
74.7.242.8 - - [14/Apr/2026:19:30:40 +0000] "GET /whsy.php?e=timens_offsets&p=%2Fproc%2F3183 HTTP/1.1" 200 2022 "http://23rdbank.com/whsy.php?p=%2Fproc%2F3183" "Mozilla/5.0 AppleWebKit/537.36 (KHTML, like Gecko; compatible; GPTBot/1.3; +https://openai.com/gptbot)"
74.7.241.58 - - [14/Apr/2026:19:30:40 +0000] "GET /whsy.php?e=numa_maps&p=%2Fproc%2F14164 HTTP/1.1" 200 830 "http://23rdbank.com.lab2454.com/whsy.php?p=%2Fproc%2F14164" "Mozilla/5.0 AppleWebKit/537.36 (KHTML, like Gecko; compatible; GPTBot/1.3; +https://openai.com/gptbot)"
74.7.242.8 - - [14/Apr/2026:19:30:44 +0000] "GET /whsy.php?e=statm&p=%2Fproc%2F3183 HTTP/1.1" 200 2021 "http://23rdbank.com/whsy.php?p=%2Fproc%2F3183" "Mozilla/5.0 AppleWebKit/537.36 (KHTML, like Gecko; compatible; GPTBot/1.3; +https://openai.com/gptbot)"
74.7.241.58 - - [14/Apr/2026:19:30:44 +0000] "GET /whsy.php?e=numa_maps&p=%2Fproc%2F15353 HTTP/1.1" 200 830 "http://23rdbank.com.lab2454.com/whsy.php?p=%2Fproc%2F15353" "Mozilla/5.0 AppleWebKit/537.36 (KHTML, like Gecko; compatible; GPTBot/1.3; +https://openai.com/gptbot)"
74.7.242.8 - - [14/Apr/2026:19:30:47 +0000] "GET /whsy.php?e=stack&p=%2Fproc%2F3183 HTTP/1.1" 200 1935 "http://23rdbank.com/whsy.php?p=%2Fproc%2F3183" "Mozilla/5.0 AppleWebKit/537.36 (KHTML, like Gecko; compatible; GPTBot/1.3; +https://openai.com/gptbot)"
74.7.241.58 - - [14/Apr/2026:19:30:48 +0000] "GET /whsy.php?e=mounts&p=%2Fproc%2F14292 HTTP/1.1" 200 2649 "http://23rdbank.com.lab2454.com/whsy.php?p=%2Fproc%2F14292" "Mozilla/5.0 AppleWebKit/537.36 (KHTML, like Gecko; compatible; GPTBot/1.3; +https://openai.com/gptbot)"
74.7.242.8 - - [14/Apr/2026:19:30:51 +0000] "GET /whsy.php?e=loginuid&p=%2Fproc%2F3183 HTTP/1.1" 200 2012 "http://23rdbank.com/whsy.php?p=%2Fproc%2F3183" "Mozilla/5.0 AppleWebKit/537.36 (KHTML, like Gecko; compatible; GPTBot/1.3; +https://openai.com/gptbot)"
74.7.227.37 - - [14/Apr/2026:19:30:23 +0000] "GET /whsy.php?p=%2Fproc%2F6%2Ftask%2F6%2Fns HTTP/1.1" 200 982812 "http://mail.23rdbank.com/whsy.php?p=%2Fproc%2F6%2Ftask%2F6" "Mozilla/5.0 AppleWebKit/537.36 (KHTML, like Gecko; compatible; GPTBot/1.3; +https://openai.com/gptbot)"
74.7.242.8 - - [14/Apr/2026:19:30:55 +0000] "GET /whsy.php?e=smaps&p=%2Fproc%2F3183 HTTP/1.1" 200 2119 "http://23rdbank.com/whsy.php?p=%2Fproc%2F3183" "Mozilla/5.0 AppleWebKit/537.36 (KHTML, like Gecko; compatible; GPTBot/1.3; +https://openai.com/gptbot)"
74.7.241.58 - - [14/Apr/2026:19:30:55 +0000] "GET /whsy.php?e=timers&p=%2Fproc%2F15353 HTTP/1.1" 200 830 "http://23rdbank.com.lab2454.com/whsy.php?p=%2Fproc%2F15353" "Mozilla/5.0 AppleWebKit/537.36 (KHTML, like Gecko; compatible; GPTBot/1.3; +https://openai.com/gptbot)"
74.7.242.8 - - [14/Apr/2026:19:30:58 +0000] "GET /whsy.php?e=sched&p=%2Fproc%2F3183 HTTP/1.1" 200 2471 "http://23rdbank.com/whsy.php?p=%2Fproc%2F3183" "Mozilla/5.0 AppleWebKit/537.36 (KHTML, like Gecko; compatible; GPTBot/1.3; +https://openai.com/gptbot)"
74.7.241.58 - - [14/Apr/2026:19:30:59 +0000] "GET /whsy.php?e=timers&p=%2Fproc%2F14164 HTTP/1.1" 200 830 "http://23rdbank.com.lab2454.com/whsy.php?p=%2Fproc%2F14164" "Mozilla/5.0 AppleWebKit/537.36 (KHTML, like Gecko; compatible; GPTBot/1.3; +https://openai.com/gptbot)"
74.7.242.8 - - [14/Apr/2026:19:31:02 +0000] "GET /whsy.php?e=stat&p=%2Fproc%2F3183 HTTP/1.1" 200 2125 "http://23rdbank.com/whsy.php?p=%2Fproc%2F3183" "Mozilla/5.0 AppleWebKit/537.36 (KHTML, like Gecko; compatible; GPTBot/1.3; +https://openai.com/gptbot)"
74.7.242.8 - - [14/Apr/2026:19:31:06 +0000] "GET /whsy.php?e=personality&p=%2Fproc%2F3183 HTTP/1.1" 200 1935 "http://23rdbank.com/whsy.php?p=%2Fproc%2F3183" "Mozilla/5.0 AppleWebKit/537.36 (KHTML, like Gecko; compatible; GPTBot/1.3; +https://openai.com/gptbot)"
74.7.241.58 - - [14/Apr/2026:19:31:06 +0000] "GET /whsy.php?e=limits&p=%2Fproc%2F14292 HTTP/1.1" 200 2231 "http://23rdbank.com.lab2454.com/whsy.php?p=%2Fproc%2F14292" "Mozilla/5.0 AppleWebKit/537.36 (KHTML, like Gecko; compatible; GPTBot/1.3; +https://openai.com/gptbot)"
74.7.242.8 - - [14/Apr/2026:19:31:09 +0000] "GET /whsy.php?e=mountstats&p=%2Fproc%2F3183 HTTP/1.1" 200 1935 "http://23rdbank.com/whsy.php?p=%2Fproc%2F3183" "Mozilla/5.0 AppleWebKit/537.36 (KHTML, like Gecko; compatible; GPTBot/1.3; +https://openai.com/gptbot)"
74.7.242.8 - - [14/Apr/2026:19:31:13 +0000] "GET /whsy.php?e=mountinfo&p=%2Fproc%2F3183 HTTP/1.1" 200 2944 "http://23rdbank.com/whsy.php?p=%2Fproc%2F3183" "Mozilla/5.0 AppleWebKit/537.36 (KHTML, like Gecko; compatible; GPTBot/1.3; +https://openai.com/gptbot)"
74.7.241.58 - - [14/Apr/2026:19:31:21 +0000] "GET /whsy.php?e=mounts&p=%2Fproc%2F14164 HTTP/1.1" 200 830 "http://23rdbank.com.lab2454.com/whsy.php?p=%2Fproc%2F14164" "Mozilla/5.0 AppleWebKit/537.36 (KHTML, like Gecko; compatible; GPTBot/1.3; +https://openai.com/gptbot)"
74.7.227.37 - - [14/Apr/2026:19:30:56 +0000] "GET /whsy.php?p=%2Fproc%2F5%2Ftask%2F5%2Fns HTTP/1.1" 200 804652 "http://mail.23rdbank.com/whsy.php?p=%2Fproc%2F5%2Ftask%2F5" "Mozilla/5.0 AppleWebKit/537.36 (KHTML, like Gecko; compatible; GPTBot/1.3; +https://openai.com/gptbot)"
74.7.241.58 - - [14/Apr/2026:19:31:28 +0000] "GET /whsy.php?e=timers&p=%2Fproc%2F10778 HTTP/1.1" 200 830 "http://23rdbank.com.lab2454.com/whsy.php?p=%2Fproc%2F10778" "Mozilla/5.0 AppleWebKit/537.36 (KHTML, like Gecko; compatible; GPTBot/1.3; +https://openai.com/gptbot)"
74.7.241.58 - - [14/Apr/2026:19:31:46 +0000] "GET /whsy.php?e=status&p=%2Fproc%2F10778 HTTP/1.1" 200 830 "http://23rdbank.com.lab2454.com/whsy.php?p=%2Fproc%2F10778" "Mozilla/5.0 AppleWebKit/537.36 (KHTML, like Gecko; compatible; GPTBot/1.3; +https://openai.com/gptbot)"
74.7.242.8 - - [14/Apr/2026:19:31:16 +0000] "GET /whsy.php?p=%2Fproc%2F3183%2Ffdinfo HTTP/1.1" 200 727635 "http://23rdbank.com/whsy.php?p=%2Fproc%2F3183" "Mozilla/5.0 AppleWebKit/537.36 (KHTML, like Gecko; compatible; GPTBot/1.3; +https://openai.com/gptbot)"
74.7.241.58 - - [14/Apr/2026:19:31:53 +0000] "GET /whsy.php?e=mounts&p=%2Fproc%2F21013 HTTP/1.1" 200 830 "http://23rdbank.com.lab2454.com/whsy.php?p=%2Fproc%2F21013" "Mozilla/5.0 AppleWebKit/537.36 (KHTML, like Gecko; compatible; GPTBot/1.3; +https://openai.com/gptbot)"
74.7.241.58 - - [14/Apr/2026:19:31:57 +0000] "GET /whsy.php?e=limits&p=%2Fproc%2F21013 HTTP/1.1" 200 830 "http://23rdbank.com.lab2454.com/whsy.php?p=%2Fproc%2F21013" "Mozilla/5.0 AppleWebKit/537.36 (KHTML, like Gecko; compatible; GPTBot/1.3; +https://openai.com/gptbot)"
74.7.227.37 - - [14/Apr/2026:19:31:29 +0000] "GET /whsy.php?p=%2Fproc%2F7%2Ftask%2F7%2Fns HTTP/1.1" 200 795302 "http://mail.23rdbank.com/whsy.php?p=%2Fproc%2F7%2Ftask%2F7" "Mozilla/5.0 AppleWebKit/537.36 (KHTML, like Gecko; compatible; GPTBot/1.3; +https://openai.com/gptbot)"
74.7.241.58 - - [14/Apr/2026:19:32:19 +0000] "GET /whsy.php?e=status&p=%2Fproc%2F27530 HTTP/1.1" 200 830 "http://23rdbank.com.lab2454.com/whsy.php?p=%2Fproc%2F27530" "Mozilla/5.0 AppleWebKit/537.36 (KHTML, like Gecko; compatible; GPTBot/1.3; +https://openai.com/gptbot)"
74.7.242.8 - - [14/Apr/2026:19:31:50 +0000] "GET /whsy.php?p=%2Fproc%2F3183%2Fns HTTP/1.1" 200 744207 "http://23rdbank.com/whsy.php?p=%2Fproc%2F3183" "Mozilla/5.0 AppleWebKit/537.36 (KHTML, like Gecko; compatible; GPTBot/1.3; +https://openai.com/gptbot)"
74.7.227.37 - - [14/Apr/2026:19:32:03 +0000] "GET /whsy.php?p=%2Fproc%2F3%2Ftask%2F3%2Fns HTTP/1.1" 200 758242 "http://mail.23rdbank.com/whsy.php?p=%2Fproc%2F3%2Ftask%2F3" "Mozilla/5.0 AppleWebKit/537.36 (KHTML, like Gecko; compatible; GPTBot/1.3; +https://openai.com/gptbot)"
74.7.241.58 - - [14/Apr/2026:19:32:40 +0000] "GET /whsy.php?e=limits&p=%2Fproc%2F14164 HTTP/1.1" 200 830 "http://23rdbank.com.lab2454.com/whsy.php?p=%2Fproc%2F14164" "Mozilla/5.0 AppleWebKit/537.36 (KHTML, like Gecko; compatible; GPTBot/1.3; +https://openai.com/gptbot)"
74.7.241.58 - - [14/Apr/2026:19:32:51 +0000] "GET /whsy.php?e=timers&p=%2Fproc%2F27530 HTTP/1.1" 200 830 "http://23rdbank.com.lab2454.com/whsy.php?p=%2Fproc%2F27530" "Mozilla/5.0 AppleWebKit/537.36 (KHTML, like Gecko; compatible; GPTBot/1.3; +https://openai.com/gptbot)"
74.7.242.8 - - [14/Apr/2026:19:32:23 +0000] "GET /whsy.php?p=%2Fproc%2F3183%2Ffd HTTP/1.1" 200 722532 "http://23rdbank.com/whsy.php?p=%2Fproc%2F3183" "Mozilla/5.0 AppleWebKit/537.36 (KHTML, like Gecko; compatible; GPTBot/1.3; +https://openai.com/gptbot)"
74.7.228.48 - - [14/Apr/2026:19:32:53 +0000] "GET /robots.txt HTTP/1.1" 404 - "-" "Mozilla/5.0 (Macintosh; Intel Mac OS X 10_15_7) AppleWebKit/537.36 (KHTML, like Gecko) Chrome/131.0.0.0 Safari/537.36; compatible; OAI-SearchBot/1.3; robots.txt; +https://openai.com/searchbot"
74.7.241.58 - - [14/Apr/2026:19:32:55 +0000] "GET /whsy.php?e=limits&p=%2Fproc%2F15353 HTTP/1.1" 200 830 "http://23rdbank.com.lab2454.com/whsy.php?p=%2Fproc%2F15353" "Mozilla/5.0 AppleWebKit/537.36 (KHTML, like Gecko; compatible; GPTBot/1.3; +https://openai.com/gptbot)"
74.7.242.8 - - [14/Apr/2026:19:32:57 +0000] "GET /whsy.php?e=sessionid&p=%2Fproc%2F3183 HTTP/1.1" 200 2014 "http://23rdbank.com/whsy.php?p=%2Fproc%2F3183" "Mozilla/5.0 AppleWebKit/537.36 (KHTML, like Gecko; compatible; GPTBot/1.3; +https://openai.com/gptbot)"
74.7.241.58 - - [14/Apr/2026:19:32:59 +0000] "GET /whsy.php?e=mounts&p=%2Fproc%2F15353 HTTP/1.1" 200 830 "http://23rdbank.com.lab2454.com/whsy.php?p=%2Fproc%2F15353" "Mozilla/5.0 AppleWebKit/537.36 (KHTML, like Gecko; compatible; GPTBot/1.3; +https://openai.com/gptbot)"
74.7.227.37 - - [14/Apr/2026:19:32:36 +0000] "GET /whsy.php?p=%2Fproc%2F1%2Ftask%2F1%2Fns HTTP/1.1" 200 841967 "http://mail.23rdbank.com/whsy.php?p=%2Fproc%2F1%2Ftask%2F1" "Mozilla/5.0 AppleWebKit/537.36 (KHTML, like Gecko; compatible; GPTBot/1.3; +https://openai.com/gptbot)"
74.7.242.8 - - [14/Apr/2026:19:33:11 +0000] "GET /whsy.php?e=schedstat&p=%2Fproc%2F3183 HTTP/1.1" 200 2033 "http://23rdbank.com/whsy.php?p=%2Fproc%2F3183" "Mozilla/5.0 AppleWebKit/537.36 (KHTML, like Gecko; compatible; GPTBot/1.3; +https://openai.com/gptbot)"
74.7.241.58 - - [14/Apr/2026:19:33:13 +0000] "GET /whsy.php?e=numa_maps&p=%2Fproc%2F27530 HTTP/1.1" 200 830 "http://23rdbank.com.lab2454.com/whsy.php?p=%2Fproc%2F27530" "Mozilla/5.0 AppleWebKit/537.36 (KHTML, like Gecko; compatible; GPTBot/1.3; +https://openai.com/gptbot)"
74.7.241.58 - - [14/Apr/2026:19:33:21 +0000] "GET /whsy.php?e=numa_maps&p=%2Fproc%2F10778 HTTP/1.1" 200 830 "http://23rdbank.com.lab2454.com/whsy.php?p=%2Fproc%2F10778" "Mozilla/5.0 AppleWebKit/537.36 (KHTML, like Gecko; compatible; GPTBot/1.3; +https://openai.com/gptbot)"
74.7.242.8 - - [14/Apr/2026:19:33:23 +0000] "GET /whsy.php?e=autogroup&p=%2Fproc%2F3183 HTTP/1.1" 200 2017 "http://23rdbank.com/whsy.php?p=%2Fproc%2F3183" "Mozilla/5.0 AppleWebKit/537.36 (KHTML, like Gecko; compatible; GPTBot/1.3; +https://openai.com/gptbot)"
74.7.241.58 - - [14/Apr/2026:19:33:43 +0000] "GET /whsy.php?e=timers&p=%2Fproc%2F21013 HTTP/1.1" 200 830 "http://23rdbank.com.lab2454.com/whsy.php?p=%2Fproc%2F21013" "Mozilla/5.0 AppleWebKit/537.36 (KHTML, like Gecko; compatible; GPTBot/1.3; +https://openai.com/gptbot)"
74.7.227.37 - - [14/Apr/2026:19:33:19 +0000] "GET /whsy.php?p=%2Fproc%2F4%2Ftask%2F4%2Fns HTTP/1.1" 200 738182 "http://mail.23rdbank.com/whsy.php?p=%2Fproc%2F4%2Ftask%2F4" "Mozilla/5.0 AppleWebKit/537.36 (KHTML, like Gecko; compatible; GPTBot/1.3; +https://openai.com/gptbot)"
74.7.241.58 - - [14/Apr/2026:19:33:50 +0000] "GET /whsy.php?e=status&p=%2Fproc%2F14164 HTTP/1.1" 200 830 "http://23rdbank.com.lab2454.com/whsy.php?p=%2Fproc%2F14164" "Mozilla/5.0 AppleWebKit/537.36 (KHTML, like Gecko; compatible; GPTBot/1.3; +https://openai.com/gptbot)"
74.7.241.58 - - [14/Apr/2026:19:34:01 +0000] "GET /whsy.php?e=status&p=%2Fproc%2F15353 HTTP/1.1" 200 830 "http://23rdbank.com.lab2454.com/whsy.php?p=%2Fproc%2F15353" "Mozilla/5.0 AppleWebKit/537.36 (KHTML, like Gecko; compatible; GPTBot/1.3; +https://openai.com/gptbot)"
74.7.242.8 - - [14/Apr/2026:19:33:35 +0000] "GET /whsy.php?p=%2Fproc%2F3183%2Fmap_files HTTP/1.1" 200 715141 "http://23rdbank.com/whsy.php?p=%2Fproc%2F3183" "Mozilla/5.0 AppleWebKit/537.36 (KHTML, like Gecko; compatible; GPTBot/1.3; +https://openai.com/gptbot)"
74.7.242.8 - - [14/Apr/2026:19:34:08 +0000] "GET /whsy.php?e=setgroups&p=%2Fproc%2F3183 HTTP/1.1" 200 2005 "http://23rdbank.com/whsy.php?p=%2Fproc%2F3183" "Mozilla/5.0 AppleWebKit/537.36 (KHTML, like Gecko; compatible; GPTBot/1.3; +https://openai.com/gptbot)"
74.7.241.58 - - [14/Apr/2026:19:34:09 +0000] "GET /whsy.php?p=%2Fproc%2F14164%2Fnet HTTP/1.1" 200 830 "http://23rdbank.com.lab2454.com/whsy.php?p=%2Fproc%2F14164" "Mozilla/5.0 AppleWebKit/537.36 (KHTML, like Gecko; compatible; GPTBot/1.3; +https://openai.com/gptbot)"
74.7.241.58 - - [14/Apr/2026:19:34:16 +0000] "GET /whsy.php?p=%2Fproc%2F14292%2Fnet HTTP/1.1" 200 2441 "http://23rdbank.com.lab2454.com/whsy.php?p=%2Fproc%2F14292" "Mozilla/5.0 AppleWebKit/537.36 (KHTML, like Gecko; compatible; GPTBot/1.3; +https://openai.com/gptbot)"
74.7.227.37 - - [14/Apr/2026:19:34:23 +0000] "GET /whsy.php?e=module.audio.ogg.php&p=%2Fhome%2Flab2454c%2Fmact34.com%2Fwp-includes%2FID3 HTTP/1.1" 200 9620 "http://mail.23rdbank.com/whsy.php?p=%2Fhome%2Flab2454c%2Fmact34.com%2Fwp-includes%2FID3" "Mozilla/5.0 AppleWebKit/537.36 (KHTML, like Gecko; compatible; GPTBot/1.3; +https://openai.com/gptbot)"
74.7.242.8 - - [14/Apr/2026:19:34:40 +0000] "GET /whsy.php?e=current&p=%2Fproc%2F3183%2Fattr HTTP/1.1" 200 847 "http://23rdbank.com/whsy.php?p=%2Fproc%2F3183%2Fattr" "Mozilla/5.0 AppleWebKit/537.36 (KHTML, like Gecko; compatible; GPTBot/1.3; +https://openai.com/gptbot)"
74.7.241.58 - - [14/Apr/2026:19:34:45 +0000] "GET /whsy.php?p=%2Fproc%2F14292%2Fattr HTTP/1.1" 200 798 "http://23rdbank.com.lab2454.com/whsy.php?p=%2Fproc%2F14292" "Mozilla/5.0 AppleWebKit/537.36 (KHTML, like Gecko; compatible; GPTBot/1.3; +https://openai.com/gptbot)"
74.7.241.58 - - [14/Apr/2026:19:34:52 +0000] "GET /whsy.php?p=%2Fproc%2F10778%2Ftask HTTP/1.1" 200 830 "http://23rdbank.com.lab2454.com/whsy.php?p=%2Fproc%2F10778" "Mozilla/5.0 AppleWebKit/537.36 (KHTML, like Gecko; compatible; GPTBot/1.3; +https://openai.com/gptbot)"
74.7.241.58 - - [14/Apr/2026:19:34:56 +0000] "GET /whsy.php?e=ptype&p=%2Fproc%2F14292%2Fnet HTTP/1.1" 200 2617 "http://23rdbank.com.lab2454.com/whsy.php?p=%2Fproc%2F14292%2Fnet" "Mozilla/5.0 AppleWebKit/537.36 (KHTML, like Gecko; compatible; GPTBot/1.3; +https://openai.com/gptbot)"
74.7.241.58 - - [14/Apr/2026:19:34:59 +0000] "GET /whsy.php?e=unix&p=%2Fproc%2F14292%2Fnet HTTP/1.1" 200 5014 "http://23rdbank.com.lab2454.com/whsy.php?p=%2Fproc%2F14292%2Fnet" "Mozilla/5.0 AppleWebKit/537.36 (KHTML, like Gecko; compatible; GPTBot/1.3; +https://openai.com/gptbot)"
74.7.241.58 - - [14/Apr/2026:19:35:06 +0000] "GET /whsy.php?p=%2Fproc%2F21013%2Fnet HTTP/1.1" 200 830 "http://23rdbank.com.lab2454.com/whsy.php?p=%2Fproc%2F21013" "Mozilla/5.0 AppleWebKit/537.36 (KHTML, like Gecko; compatible; GPTBot/1.3; +https://openai.com/gptbot)"
74.7.242.8 - - [14/Apr/2026:19:35:08 +0000] "GET /whsy.php?p=%2Fproc%2F3183%2Fnet HTTP/1.1" 200 2440 "http://23rdbank.com/whsy.php?p=%2Fproc%2F3183" "Mozilla/5.0 AppleWebKit/537.36 (KHTML, like Gecko; compatible; GPTBot/1.3; +https://openai.com/gptbot)"
74.7.241.58 - - [14/Apr/2026:19:35:17 +0000] "GET /whsy.php?p=%2Fproc%2F21013%2Ftask HTTP/1.1" 200 830 "http://23rdbank.com.lab2454.com/whsy.php?p=%2Fproc%2F21013" "Mozilla/5.0 AppleWebKit/537.36 (KHTML, like Gecko; compatible; GPTBot/1.3; +https://openai.com/gptbot)"
74.7.227.37 - - [14/Apr/2026:19:35:25 +0000] "GET /whsy.php?e=module.audio.flac.php&p=%2Fhome%2Flab2454c%2Fmact34.com%2Fwp-includes%2FID3 HTTP/1.1" 200 6205 "http://mail.23rdbank.com/whsy.php?p=%2Fhome%2Flab2454c%2Fmact34.com%2Fwp-includes%2FID3" "Mozilla/5.0 AppleWebKit/537.36 (KHTML, like Gecko; compatible; GPTBot/1.3; +https://openai.com/gptbot)"
74.7.241.58 - - [14/Apr/2026:19:35:28 +0000] "GET /whsy.php?p=%2Fproc%2F14164%2Ftask HTTP/1.1" 200 830 "http://23rdbank.com.lab2454.com/whsy.php?p=%2Fproc%2F14164" "Mozilla/5.0 AppleWebKit/537.36 (KHTML, like Gecko; compatible; GPTBot/1.3; +https://openai.com/gptbot)"
74.7.242.8 - - [14/Apr/2026:19:35:34 +0000] "GET /whsy.php?e=smaps_rollup&p=%2Fproc%2F3183 HTTP/1.1" 200 2118 "http://23rdbank.com/whsy.php?p=%2Fproc%2F3183" "Mozilla/5.0 AppleWebKit/537.36 (KHTML, like Gecko; compatible; GPTBot/1.3; +https://openai.com/gptbot)"
74.7.241.58 - - [14/Apr/2026:19:35:39 +0000] "GET /whsy.php?p=%2Fproc%2F15353%2Fattr HTTP/1.1" 200 830 "http://23rdbank.com.lab2454.com/whsy.php?p=%2Fproc%2F15353" "Mozilla/5.0 AppleWebKit/537.36 (KHTML, like Gecko; compatible; GPTBot/1.3; +https://openai.com/gptbot)"
74.7.242.8 - - [14/Apr/2026:19:35:57 +0000] "GET /whsy.php?e=fscreate&p=%2Fproc%2F3183%2Fattr HTTP/1.1" 200 857 "http://23rdbank.com/whsy.php?p=%2Fproc%2F3183%2Fattr" "Mozilla/5.0 AppleWebKit/537.36 (KHTML, like Gecko; compatible; GPTBot/1.3; +https://openai.com/gptbot)"
74.7.241.58 - - [14/Apr/2026:19:36:01 +0000] "GET /whsy.php?p=%2Fproc%2F27530%2Fattr HTTP/1.1" 200 830 "http://23rdbank.com.lab2454.com/whsy.php?p=%2Fproc%2F27530" "Mozilla/5.0 AppleWebKit/537.36 (KHTML, like Gecko; compatible; GPTBot/1.3; +https://openai.com/gptbot)"
74.7.241.58 - - [14/Apr/2026:19:36:05 +0000] "GET /whsy.php?p=%2Fproc%2F14292%2Ftask HTTP/1.1" 200 785 "http://23rdbank.com.lab2454.com/whsy.php?p=%2Fproc%2F14292" "Mozilla/5.0 AppleWebKit/537.36 (KHTML, like Gecko; compatible; GPTBot/1.3; +https://openai.com/gptbot)"
74.7.241.58 - - [14/Apr/2026:19:36:13 +0000] "GET /whsy.php?p=%2Fproc%2F21013%2Fattr HTTP/1.1" 200 830 "http://23rdbank.com.lab2454.com/whsy.php?p=%2Fproc%2F21013" "Mozilla/5.0 AppleWebKit/537.36 (KHTML, like Gecko; compatible; GPTBot/1.3; +https://openai.com/gptbot)"
74.7.242.8 - - [14/Apr/2026:19:36:17 +0000] "GET /whsy.php?e=clear_refs&p=%2Fproc%2F3183 HTTP/1.1" 200 1935 "http://23rdbank.com/whsy.php?p=%2Fproc%2F3183" "Mozilla/5.0 AppleWebKit/537.36 (KHTML, like Gecko; compatible; GPTBot/1.3; +https://openai.com/gptbot)"
74.7.227.37 - - [14/Apr/2026:19:36:20 +0000] "GET /whsy.php?e=module.audio.dts.php&p=%2Fhome%2Flab2454c%2Fmact34.com%2Fwp-includes%2FID3 HTTP/1.1" 200 4183 "http://mail.23rdbank.com/whsy.php?p=%2Fhome%2Flab2454c%2Fmact34.com%2Fwp-includes%2FID3" "Mozilla/5.0 AppleWebKit/537.36 (KHTML, like Gecko; compatible; GPTBot/1.3; +https://openai.com/gptbot)"
74.7.241.58 - - [14/Apr/2026:19:36:29 +0000] "GET /whsy.php?p=%2Fproc%2F10778%2Fnet HTTP/1.1" 200 830 "http://23rdbank.com.lab2454.com/whsy.php?p=%2Fproc%2F10778" "Mozilla/5.0 AppleWebKit/537.36 (KHTML, like Gecko; compatible; GPTBot/1.3; +https://openai.com/gptbot)"
74.7.241.58 - - [14/Apr/2026:19:36:33 +0000] "GET /whsy.php?p=%2Fproc%2F27530%2Fnet HTTP/1.1" 200 830 "http://23rdbank.com.lab2454.com/whsy.php?p=%2Fproc%2F27530" "Mozilla/5.0 AppleWebKit/537.36 (KHTML, like Gecko; compatible; GPTBot/1.3; +https://openai.com/gptbot)"
74.7.242.8 - - [14/Apr/2026:19:36:35 +0000] "GET /whsy.php?e=oom_score&p=%2Fproc%2F3183 HTTP/1.1" 200 2006 "http://23rdbank.com/whsy.php?p=%2Fproc%2F3183" "Mozilla/5.0 AppleWebKit/537.36 (KHTML, like Gecko; compatible; GPTBot/1.3; +https://openai.com/gptbot)"
74.7.242.8 - - [14/Apr/2026:19:36:51 +0000] "GET /whsy.php?e=cmdline&p=%2Fproc%2F3183 HTTP/1.1" 200 2030 "http://23rdbank.com/whsy.php?p=%2Fproc%2F3183" "Mozilla/5.0 AppleWebKit/537.36 (KHTML, like Gecko; compatible; GPTBot/1.3; +https://openai.com/gptbot)"
74.7.241.58 - - [14/Apr/2026:19:36:55 +0000] "GET /whsy.php?p=%2Fproc%2F14164%2Fattr HTTP/1.1" 200 830 "http://23rdbank.com.lab2454.com/whsy.php?p=%2Fproc%2F14164" "Mozilla/5.0 AppleWebKit/537.36 (KHTML, like Gecko; compatible; GPTBot/1.3; +https://openai.com/gptbot)"
74.7.241.58 - - [14/Apr/2026:19:37:06 +0000] "GET /whsy.php?p=%2Fproc%2F27530%2Ftask HTTP/1.1" 200 830 "http://23rdbank.com.lab2454.com/whsy.php?p=%2Fproc%2F27530" "Mozilla/5.0 AppleWebKit/537.36 (KHTML, like Gecko; compatible; GPTBot/1.3; +https://openai.com/gptbot)"
74.7.242.8 - - [14/Apr/2026:19:37:06 +0000] "GET /whsy.php?e=arch_status&p=%2Fproc%2F3183 HTTP/1.1" 200 2004 "http://23rdbank.com/whsy.php?p=%2Fproc%2F3183" "Mozilla/5.0 AppleWebKit/537.36 (KHTML, like Gecko; compatible; GPTBot/1.3; +https://openai.com/gptbot)"
74.7.227.37 - - [14/Apr/2026:19:37:09 +0000] "GET /whsy.php?p=%2Fhome%2Flab2454c%2Fvaultchip.com%2Fplatform%2Fpackages%2Fwidget%2Fdatabase%2Fmigrations HTTP/1.1" 200 760 "http://mail.23rdbank.com/whsy.php?p=%2Fhome%2Flab2454c%2Fvaultchip.com%2Fplatform%2Fpackages%2Fwidget%2Fdatabase" "Mozilla/5.0 AppleWebKit/537.36 (KHTML, like Gecko; compatible; GPTBot/1.3; +https://openai.com/gptbot)"
74.7.228.56 - - [14/Apr/2026:19:37:10 +0000] "GET /robots.txt HTTP/1.1" 404 - "-" "Mozilla/5.0 (Macintosh; Intel Mac OS X 10_15_7) AppleWebKit/537.36 (KHTML, like Gecko) Chrome/131.0.0.0 Safari/537.36; compatible; OAI-SearchBot/1.3; robots.txt; +https://openai.com/searchbot"
74.7.242.8 - - [14/Apr/2026:19:37:20 +0000] "GET /whsy.php?e=wchan&p=%2Fproc%2F3183 HTTP/1.1" 200 2003 "http://23rdbank.com/whsy.php?p=%2Fproc%2F3183" "Mozilla/5.0 AppleWebKit/537.36 (KHTML, like Gecko; compatible; GPTBot/1.3; +https://openai.com/gptbot)"
74.7.241.58 - - [14/Apr/2026:19:37:21 +0000] "GET /whsy.php?p=%2Fproc%2F15353%2Ftask HTTP/1.1" 200 830 "http://23rdbank.com.lab2454.com/whsy.php?p=%2Fproc%2F15353" "Mozilla/5.0 AppleWebKit/537.36 (KHTML, like Gecko; compatible; GPTBot/1.3; +https://openai.com/gptbot)"
74.7.241.58 - - [14/Apr/2026:19:37:24 +0000] "GET /whsy.php?p=%2Fproc%2F10778%2Fattr HTTP/1.1" 200 830 "http://23rdbank.com.lab2454.com/whsy.php?p=%2Fproc%2F10778" "Mozilla/5.0 AppleWebKit/537.36 (KHTML, like Gecko; compatible; GPTBot/1.3; +https://openai.com/gptbot)"
74.7.241.58 - - [14/Apr/2026:19:37:28 +0000] "GET /whsy.php?p=%2Fproc%2F15353%2Fnet HTTP/1.1" 200 830 "http://23rdbank.com.lab2454.com/whsy.php?p=%2Fproc%2F15353" "Mozilla/5.0 AppleWebKit/537.36 (KHTML, like Gecko; compatible; GPTBot/1.3; +https://openai.com/gptbot)"
74.7.242.8 - - [14/Apr/2026:19:37:31 +0000] "GET /whsy.php?e=environ&p=%2Fproc%2F3183 HTTP/1.1" 200 1935 "http://23rdbank.com/whsy.php?p=%2Fproc%2F3183" "Mozilla/5.0 AppleWebKit/537.36 (KHTML, like Gecko; compatible; GPTBot/1.3; +https://openai.com/gptbot)"
74.7.241.58 - - [14/Apr/2026:19:37:36 +0000] "GET /whsy.php?e=arch_status&p=%2Fproc%2F27530 HTTP/1.1" 200 830 "http://23rdbank.com.lab2454.com/whsy.php?p=%2Fproc%2F27530" "Mozilla/5.0 AppleWebKit/537.36 (KHTML, like Gecko; compatible; GPTBot/1.3; +https://openai.com/gptbot)"
74.7.242.8 - - [14/Apr/2026:19:37:42 +0000] "GET /whsy.php?e=exec&p=%2Fproc%2F3183%2Fattr HTTP/1.1" 200 858 "http://23rdbank.com/whsy.php?p=%2Fproc%2F3183%2Fattr" "Mozilla/5.0 AppleWebKit/537.36 (KHTML, like Gecko; compatible; GPTBot/1.3; +https://openai.com/gptbot)"
74.7.242.8 - - [14/Apr/2026:19:37:51 +0000] "GET /whsy.php?e=prev&p=%2Fproc%2F3183%2Fattr HTTP/1.1" 200 858 "http://23rdbank.com/whsy.php?p=%2Fproc%2F3183%2Fattr" "Mozilla/5.0 AppleWebKit/537.36 (KHTML, like Gecko; compatible; GPTBot/1.3; +https://openai.com/gptbot)"
74.7.227.37 - - [14/Apr/2026:19:37:53 +0000] "GET /whsy.php?p=%2Fusr%2Flib64%2Fbind9-export HTTP/1.1" 200 879 "http://mail.23rdbank.com/whsy.php?p=%2F%2Flib64" "Mozilla/5.0 AppleWebKit/537.36 (KHTML, like Gecko; compatible; GPTBot/1.3; +https://openai.com/gptbot)"
74.7.241.58 - - [14/Apr/2026:19:37:58 +0000] "GET /whsy.php?e=arch_status&p=%2Fproc%2F10778 HTTP/1.1" 200 830 "http://23rdbank.com.lab2454.com/whsy.php?p=%2Fproc%2F10778" "Mozilla/5.0 AppleWebKit/537.36 (KHTML, like Gecko; compatible; GPTBot/1.3; +https://openai.com/gptbot)"
74.7.242.8 - - [14/Apr/2026:19:38:00 +0000] "GET /whsy.php?e=igmp6&p=%2Fproc%2F3183%2Fnet HTTP/1.1" 200 2721 "http://23rdbank.com/whsy.php?p=%2Fproc%2F3183%2Fnet" "Mozilla/5.0 AppleWebKit/537.36 (KHTML, like Gecko; compatible; GPTBot/1.3; +https://openai.com/gptbot)"
74.7.242.8 - - [14/Apr/2026:19:38:08 +0000] "GET /whsy.php?e=snmp6&p=%2Fproc%2F3183%2Fnet HTTP/1.1" 200 3362 "http://23rdbank.com/whsy.php?p=%2Fproc%2F3183%2Fnet" "Mozilla/5.0 AppleWebKit/537.36 (KHTML, like Gecko; compatible; GPTBot/1.3; +https://openai.com/gptbot)"
74.7.241.58 - - [14/Apr/2026:19:38:09 +0000] "GET /whsy.php?e=timers&p=%2Fproc%2F14292 HTTP/1.1" 200 2005 "http://23rdbank.com.lab2454.com/whsy.php?p=%2Fproc%2F14292" "Mozilla/5.0 AppleWebKit/537.36 (KHTML, like Gecko; compatible; GPTBot/1.3; +https://openai.com/gptbot)"
74.7.241.58 - - [14/Apr/2026:19:38:13 +0000] "GET /whsy.php?e=cgroup&p=%2Fproc%2F10778 HTTP/1.1" 200 830 "http://23rdbank.com.lab2454.com/whsy.php?p=%2Fproc%2F10778" "Mozilla/5.0 AppleWebKit/537.36 (KHTML, like Gecko; compatible; GPTBot/1.3; +https://openai.com/gptbot)"
74.7.242.8 - - [14/Apr/2026:19:38:15 +0000] "GET /whsy.php?e=icmp6&p=%2Fproc%2F3183%2Fnet HTTP/1.1" 200 2584 "http://23rdbank.com/whsy.php?p=%2Fproc%2F3183%2Fnet" "Mozilla/5.0 AppleWebKit/537.36 (KHTML, like Gecko; compatible; GPTBot/1.3; +https://openai.com/gptbot)"
74.7.242.8 - - [14/Apr/2026:19:38:21 +0000] "GET /whsy.php?e=udplite&p=%2Fproc%2F3183%2Fnet HTTP/1.1" 200 2583 "http://23rdbank.com/whsy.php?p=%2Fproc%2F3183%2Fnet" "Mozilla/5.0 AppleWebKit/537.36 (KHTML, like Gecko; compatible; GPTBot/1.3; +https://openai.com/gptbot)"
74.7.242.8 - - [14/Apr/2026:19:38:27 +0000] "GET /whsy.php?e=dev_mcast&p=%2Fproc%2F3183%2Fnet HTTP/1.1" 200 2577 "http://23rdbank.com/whsy.php?p=%2Fproc%2F3183%2Fnet" "Mozilla/5.0 AppleWebKit/537.36 (KHTML, like Gecko; compatible; GPTBot/1.3; +https://openai.com/gptbot)"
74.7.241.58 - - [14/Apr/2026:19:38:28 +0000] "GET /whsy.php?e=cpuset&p=%2Fproc%2F10778 HTTP/1.1" 200 830 "http://23rdbank.com.lab2454.com/whsy.php?p=%2Fproc%2F10778" "Mozilla/5.0 AppleWebKit/537.36 (KHTML, like Gecko; compatible; GPTBot/1.3; +https://openai.com/gptbot)"
74.7.242.8 - - [14/Apr/2026:19:38:32 +0000] "GET /whsy.php?e=xfrm_stat&p=%2Fproc%2F3183%2Fnet HTTP/1.1" 200 2714 "http://23rdbank.com/whsy.php?p=%2Fproc%2F3183%2Fnet" "Mozilla/5.0 AppleWebKit/537.36 (KHTML, like Gecko; compatible; GPTBot/1.3; +https://openai.com/gptbot)"
74.7.227.37 - - [14/Apr/2026:19:38:34 +0000] "GET /whsy.php?e=class-wp-comment.php&p=%2Fhome%2Flab2454c%2Fcarbonbullion.net%2Fwp-includes HTTP/1.1" 200 11184 "http://mail.23rdbank.com/whsy.php?p=%2Fhome%2Flab2454c%2Fcarbonbullion.net%2Fwp-includes" "Mozilla/5.0 AppleWebKit/537.36 (KHTML, like Gecko; compatible; GPTBot/1.3; +https://openai.com/gptbot)"
74.7.242.8 - - [14/Apr/2026:19:38:37 +0000] "GET /whsy.php?e=udp6&p=%2Fproc%2F3183%2Fnet HTTP/1.1" 200 2681 "http://23rdbank.com/whsy.php?p=%2Fproc%2F3183%2Fnet" "Mozilla/5.0 AppleWebKit/537.36 (KHTML, like Gecko; compatible; GPTBot/1.3; +https://openai.com/gptbot)"
74.7.242.8 - - [14/Apr/2026:19:38:41 +0000] "GET /whsy.php?e=raw6&p=%2Fproc%2F3183%2Fnet HTTP/1.1" 200 2582 "http://23rdbank.com/whsy.php?p=%2Fproc%2F3183%2Fnet" "Mozilla/5.0 AppleWebKit/537.36 (KHTML, like Gecko; compatible; GPTBot/1.3; +https://openai.com/gptbot)"
74.7.242.8 - - [14/Apr/2026:19:38:45 +0000] "GET /whsy.php?e=mcfilter&p=%2Fproc%2F3183%2Fnet HTTP/1.1" 200 2537 "http://23rdbank.com/whsy.php?p=%2Fproc%2F3183%2Fnet" "Mozilla/5.0 AppleWebKit/537.36 (KHTML, like Gecko; compatible; GPTBot/1.3; +https://openai.com/gptbot)"
74.7.242.8 - - [14/Apr/2026:19:38:48 +0000] "GET /whsy.php?e=fib_trie&p=%2Fproc%2F3183%2Fnet HTTP/1.1" 200 2693 "http://23rdbank.com/whsy.php?p=%2Fproc%2F3183%2Fnet" "Mozilla/5.0 AppleWebKit/537.36 (KHTML, like Gecko; compatible; GPTBot/1.3; +https://openai.com/gptbot)"
74.7.242.8 - - [14/Apr/2026:19:38:52 +0000] "GET /whsy.php?p=%2Fproc%2F3183%2Fnet%2Fnetfilter HTTP/1.1" 200 731 "http://23rdbank.com/whsy.php?p=%2Fproc%2F3183%2Fnet" "Mozilla/5.0 AppleWebKit/537.36 (KHTML, like Gecko; compatible; GPTBot/1.3; +https://openai.com/gptbot)"
74.7.242.8 - - [14/Apr/2026:19:38:56 +0000] "GET /whsy.php?e=mcfilter6&p=%2Fproc%2F3183%2Fnet HTTP/1.1" 200 2553 "http://23rdbank.com/whsy.php?p=%2Fproc%2F3183%2Fnet" "Mozilla/5.0 AppleWebKit/537.36 (KHTML, like Gecko; compatible; GPTBot/1.3; +https://openai.com/gptbot)"
74.7.241.58 - - [14/Apr/2026:19:38:58 +0000] "GET /whsy.php?e=status&p=%2Fproc%2F21013 HTTP/1.1" 200 830 "http://23rdbank.com.lab2454.com/whsy.php?p=%2Fproc%2F21013" "Mozilla/5.0 AppleWebKit/537.36 (KHTML, like Gecko; compatible; GPTBot/1.3; +https://openai.com/gptbot)"
74.7.242.8 - - [14/Apr/2026:19:39:00 +0000] "GET /whsy.php?e=udplite6&p=%2Fproc%2F3183%2Fnet HTTP/1.1" 200 2585 "http://23rdbank.com/whsy.php?p=%2Fproc%2F3183%2Fnet" "Mozilla/5.0 AppleWebKit/537.36 (KHTML, like Gecko; compatible; GPTBot/1.3; +https://openai.com/gptbot)"
74.7.242.8 - - [14/Apr/2026:19:39:03 +0000] "GET /whsy.php?e=pppoe&p=%2Fproc%2F3183%2Fnet HTTP/1.1" 200 2523 "http://23rdbank.com/whsy.php?p=%2Fproc%2F3183%2Fnet" "Mozilla/5.0 AppleWebKit/537.36 (KHTML, like Gecko; compatible; GPTBot/1.3; +https://openai.com/gptbot)"
74.7.242.8 - - [14/Apr/2026:19:39:07 +0000] "GET /whsy.php?e=sockstat&p=%2Fproc%2F3183%2Fnet HTTP/1.1" 200 2599 "http://23rdbank.com/whsy.php?p=%2Fproc%2F3183%2Fnet" "Mozilla/5.0 AppleWebKit/537.36 (KHTML, like Gecko; compatible; GPTBot/1.3; +https://openai.com/gptbot)"
74.7.241.58 - - [14/Apr/2026:19:39:09 +0000] "GET /whsy.php?e=cpuset&p=%2Fproc%2F27530 HTTP/1.1" 200 830 "http://23rdbank.com.lab2454.com/whsy.php?p=%2Fproc%2F27530" "Mozilla/5.0 AppleWebKit/537.36 (KHTML, like Gecko; compatible; GPTBot/1.3; +https://openai.com/gptbot)"
74.7.227.37 - - [14/Apr/2026:19:39:11 +0000] "GET /whsy.php?p=%2Fhome%2Flab2454c%2Fisaaclondston.com%2Fwp-admin%2Fjs%2F.. HTTP/1.1" 200 3502 "http://mail.23rdbank.com/whsy.php?p=%2Fhome%2Flab2454c%2Fisaaclondston.com%2Fwp-admin%2Fjs" "Mozilla/5.0 AppleWebKit/537.36 (KHTML, like Gecko; compatible; GPTBot/1.3; +https://openai.com/gptbot)"
74.7.242.8 - - [14/Apr/2026:19:39:11 +0000] "GET /whsy.php?e=netlink&p=%2Fproc%2F3183%2Fnet HTTP/1.1" 200 2811 "http://23rdbank.com/whsy.php?p=%2Fproc%2F3183%2Fnet" "Mozilla/5.0 AppleWebKit/537.36 (KHTML, like Gecko; compatible; GPTBot/1.3; +https://openai.com/gptbot)"
74.7.241.58 - - [14/Apr/2026:19:39:13 +0000] "GET /whsy.php?e=cgroup&p=%2Fproc%2F27530 HTTP/1.1" 200 830 "http://23rdbank.com.lab2454.com/whsy.php?p=%2Fproc%2F27530" "Mozilla/5.0 AppleWebKit/537.36 (KHTML, like Gecko; compatible; GPTBot/1.3; +https://openai.com/gptbot)"
74.7.242.8 - - [14/Apr/2026:19:39:15 +0000] "GET /whsy.php?p=%2Fproc%2F3183%2Fnet%2Fipt_hashlimit HTTP/1.1" 200 499 "http://23rdbank.com/whsy.php?p=%2Fproc%2F3183%2Fnet" "Mozilla/5.0 AppleWebKit/537.36 (KHTML, like Gecko; compatible; GPTBot/1.3; +https://openai.com/gptbot)"
74.7.242.8 - - [14/Apr/2026:19:39:19 +0000] "GET /whsy.php?e=rt_cache&p=%2Fproc%2F3183%2Fnet HTTP/1.1" 200 2597 "http://23rdbank.com/whsy.php?p=%2Fproc%2F3183%2Fnet" "Mozilla/5.0 AppleWebKit/537.36 (KHTML, like Gecko; compatible; GPTBot/1.3; +https://openai.com/gptbot)"
74.7.242.8 - - [14/Apr/2026:19:39:22 +0000] "GET /whsy.php?e=ip_mr_vif&p=%2Fproc%2F3183%2Fnet HTTP/1.1" 200 2551 "http://23rdbank.com/whsy.php?p=%2Fproc%2F3183%2Fnet" "Mozilla/5.0 AppleWebKit/537.36 (KHTML, like Gecko; compatible; GPTBot/1.3; +https://openai.com/gptbot)"
74.7.242.8 - - [14/Apr/2026:19:39:26 +0000] "GET /whsy.php?e=tls_stat&p=%2Fproc%2F3183%2Fnet HTTP/1.1" 200 2600 "http://23rdbank.com/whsy.php?p=%2Fproc%2F3183%2Fnet" "Mozilla/5.0 AppleWebKit/537.36 (KHTML, like Gecko; compatible; GPTBot/1.3; +https://openai.com/gptbot)"
74.7.242.8 - - [14/Apr/2026:19:39:30 +0000] "GET /whsy.php?p=%2Fproc%2F3183%2Fnet%2Frpc HTTP/1.1" 200 859 "http://23rdbank.com/whsy.php?p=%2Fproc%2F3183%2Fnet" "Mozilla/5.0 AppleWebKit/537.36 (KHTML, like Gecko; compatible; GPTBot/1.3; +https://openai.com/gptbot)"
74.7.242.8 - - [14/Apr/2026:19:39:34 +0000] "GET /whsy.php?e=netstat&p=%2Fproc%2F3183%2Fnet HTTP/1.1" 200 4253 "http://23rdbank.com/whsy.php?p=%2Fproc%2F3183%2Fnet" "Mozilla/5.0 AppleWebKit/537.36 (KHTML, like Gecko; compatible; GPTBot/1.3; +https://openai.com/gptbot)"
74.7.242.8 - - [14/Apr/2026:19:39:38 +0000] "GET /whsy.php?e=protocols&p=%2Fproc%2F3183%2Fnet HTTP/1.1" 200 2958 "http://23rdbank.com/whsy.php?p=%2Fproc%2F3183%2Fnet" "Mozilla/5.0 AppleWebKit/537.36 (KHTML, like Gecko; compatible; GPTBot/1.3; +https://openai.com/gptbot)"
74.7.241.58 - - [14/Apr/2026:19:39:40 +0000] "GET /whsy.php?e=numa_maps&p=%2Fproc%2F14292 HTTP/1.1" 200 2123 "http://23rdbank.com.lab2454.com/whsy.php?p=%2Fproc%2F14292" "Mozilla/5.0 AppleWebKit/537.36 (KHTML, like Gecko; compatible; GPTBot/1.3; +https://openai.com/gptbot)"
74.7.242.8 - - [14/Apr/2026:19:39:41 +0000] "GET /whsy.php?e=anycast6&p=%2Fproc%2F3183%2Fnet HTTP/1.1" 200 2506 "http://23rdbank.com/whsy.php?p=%2Fproc%2F3183%2Fnet" "Mozilla/5.0 AppleWebKit/537.36 (KHTML, like Gecko; compatible; GPTBot/1.3; +https://openai.com/gptbot)"
74.7.241.58 - - [14/Apr/2026:19:39:43 +0000] "GET /whsy.php?e=numa_maps&p=%2Fproc%2F21013 HTTP/1.1" 200 830 "http://23rdbank.com.lab2454.com/whsy.php?p=%2Fproc%2F21013" "Mozilla/5.0 AppleWebKit/537.36 (KHTML, like Gecko; compatible; GPTBot/1.3; +https://openai.com/gptbot)"
74.7.227.37 - - [14/Apr/2026:19:39:45 +0000] "GET /whsy.php?p=%2Fhome%2Flab2454c%2Felementalmill.com%2Fwp-admin%2Fjs%2F.. HTTP/1.1" 200 3469 "http://mail.23rdbank.com/whsy.php?p=%2Fhome%2Flab2454c%2Felementalmill.com%2Fwp-admin%2Fjs" "Mozilla/5.0 AppleWebKit/537.36 (KHTML, like Gecko; compatible; GPTBot/1.3; +https://openai.com/gptbot)"
74.7.242.8 - - [14/Apr/2026:19:39:45 +0000] "GET /whsy.php?e=sockstat6&p=%2Fproc%2F3183%2Fnet HTTP/1.1" 200 2562 "http://23rdbank.com/whsy.php?p=%2Fproc%2F3183%2Fnet" "Mozilla/5.0 AppleWebKit/537.36 (KHTML, like Gecko; compatible; GPTBot/1.3; +https://openai.com/gptbot)"
