PATH:
var
/
log
/
apache2
/
domlogs
/
lab2454c
74.7.242.8 - - [14/Apr/2026:16:33:12 +0000] "GET /whsy.php?e=sessionid&p=%2Fproc%2F24129 HTTP/1.1" 200 2015 "http://23rdbank.com/whsy.php?p=%2Fproc%2F24129" "Mozilla/5.0 AppleWebKit/537.36 (KHTML, like Gecko; compatible; GPTBot/1.3; +https://openai.com/gptbot)"
74.7.227.37 - - [14/Apr/2026:16:33:13 +0000] "GET /whsy.php?e=lt.php&p=%2Fhome%2Flab2454c%2Fhealthvalidate.com%2Fvendor%2Fnesbot%2Fcarbon%2Fsrc%2FCarbon%2FLang HTTP/1.1" 200 23130 "http://mail.23rdbank.com/whsy.php?p=%2Fhome%2Flab2454c%2Fhealthvalidate.com%2Fvendor%2Fnesbot%2Fcarbon%2Fsrc%2FCarbon%2FLang" "Mozilla/5.0 AppleWebKit/537.36 (KHTML, like Gecko; compatible; GPTBot/1.3; +https://openai.com/gptbot)"
74.7.241.58 - - [14/Apr/2026:16:33:14 +0000] "GET /whsy.php?e=nf_log&p=%2Fproc%2F12449%2Fnet%2Fnetfilter HTTP/1.1" 200 830 "http://23rdbank.com.lab2454.com/whsy.php?p=%2Fproc%2F12449%2Fnet%2Fnetfilter" "Mozilla/5.0 AppleWebKit/537.36 (KHTML, like Gecko; compatible; GPTBot/1.3; +https://openai.com/gptbot)"
74.7.242.8 - - [14/Apr/2026:16:33:16 +0000] "GET /whsy.php?e=setgroups&p=%2Fproc%2F24129 HTTP/1.1" 200 2007 "http://23rdbank.com/whsy.php?p=%2Fproc%2F24129" "Mozilla/5.0 AppleWebKit/537.36 (KHTML, like Gecko; compatible; GPTBot/1.3; +https://openai.com/gptbot)"
74.7.227.37 - - [14/Apr/2026:16:33:17 +0000] "GET /whsy.php?e=Internet.php&p=%2Fhome%2Flab2454c%2Fvaultchip.com%2Fvendor%2Ffakerphp%2Ffaker%2Fsrc%2FFaker%2FProvider%2Fel_CY HTTP/1.1" 200 1114 "http://mail.23rdbank.com/whsy.php?p=%2Fhome%2Flab2454c%2Fvaultchip.com%2Fvendor%2Ffakerphp%2Ffaker%2Fsrc%2FFaker%2FProvider%2Fel_CY" "Mozilla/5.0 AppleWebKit/537.36 (KHTML, like Gecko; compatible; GPTBot/1.3; +https://openai.com/gptbot)"
74.7.241.58 - - [14/Apr/2026:16:33:17 +0000] "GET /whsy.php?e=nf_log&p=%2Fproc%2F12447%2Fnet%2Fnetfilter HTTP/1.1" 200 830 "http://23rdbank.com.lab2454.com/whsy.php?p=%2Fproc%2F12447%2Fnet%2Fnetfilter" "Mozilla/5.0 AppleWebKit/537.36 (KHTML, like Gecko; compatible; GPTBot/1.3; +https://openai.com/gptbot)"
74.7.242.8 - - [14/Apr/2026:16:33:20 +0000] "GET /whsy.php?e=sessionid&p=%2Fproc%2F20214 HTTP/1.1" 200 830 "http://23rdbank.com/whsy.php?p=%2Fproc%2F20214" "Mozilla/5.0 AppleWebKit/537.36 (KHTML, like Gecko; compatible; GPTBot/1.3; +https://openai.com/gptbot)"
74.7.227.37 - - [14/Apr/2026:16:33:21 +0000] "GET /whsy.php?e=Internet.php&p=%2Fhome%2Flab2454c%2Fomvstudio.com%2Fvendor%2Ffakerphp%2Ffaker%2Fsrc%2FFaker%2FProvider%2Fkk_KZ HTTP/1.1" 200 1144 "http://mail.23rdbank.com/whsy.php?p=%2Fhome%2Flab2454c%2Fomvstudio.com%2Fvendor%2Ffakerphp%2Ffaker%2Fsrc%2FFaker%2FProvider%2Fkk_KZ" "Mozilla/5.0 AppleWebKit/537.36 (KHTML, like Gecko; compatible; GPTBot/1.3; +https://openai.com/gptbot)"
74.7.241.58 - - [14/Apr/2026:16:33:21 +0000] "GET /whsy.php?e=nf_log&p=%2Fproc%2F12450%2Fnet%2Fnetfilter HTTP/1.1" 200 830 "http://23rdbank.com.lab2454.com/whsy.php?p=%2Fproc%2F12450%2Fnet%2Fnetfilter" "Mozilla/5.0 AppleWebKit/537.36 (KHTML, like Gecko; compatible; GPTBot/1.3; +https://openai.com/gptbot)"
74.7.242.8 - - [14/Apr/2026:16:33:24 +0000] "GET /whsy.php?e=ksm_stat&p=%2Fproc%2F30268 HTTP/1.1" 200 1935 "http://23rdbank.com/whsy.php?p=%2Fproc%2F30268" "Mozilla/5.0 AppleWebKit/537.36 (KHTML, like Gecko; compatible; GPTBot/1.3; +https://openai.com/gptbot)"
74.7.227.37 - - [14/Apr/2026:16:33:24 +0000] "GET /whsy.php?e=Internet.php&p=%2Fhome%2Flab2454c%2Fomvstudio.com%2Fvendor%2Ffakerphp%2Ffaker%2Fsrc%2FFaker%2FProvider%2Fel_CY HTTP/1.1" 200 1115 "http://mail.23rdbank.com/whsy.php?p=%2Fhome%2Flab2454c%2Fomvstudio.com%2Fvendor%2Ffakerphp%2Ffaker%2Fsrc%2FFaker%2FProvider%2Fel_CY" "Mozilla/5.0 AppleWebKit/537.36 (KHTML, like Gecko; compatible; GPTBot/1.3; +https://openai.com/gptbot)"
74.7.241.58 - - [14/Apr/2026:16:33:25 +0000] "GET /whsy.php?e=nf_log&p=%2Fproc%2F12454%2Fnet%2Fnetfilter HTTP/1.1" 200 830 "http://23rdbank.com.lab2454.com/whsy.php?p=%2Fproc%2F12454%2Fnet%2Fnetfilter" "Mozilla/5.0 AppleWebKit/537.36 (KHTML, like Gecko; compatible; GPTBot/1.3; +https://openai.com/gptbot)"
74.7.242.8 - - [14/Apr/2026:16:33:27 +0000] "GET /whsy.php?e=ksm_stat&p=%2Fproc%2F27456 HTTP/1.1" 200 1936 "http://23rdbank.com/whsy.php?p=%2Fproc%2F27456" "Mozilla/5.0 AppleWebKit/537.36 (KHTML, like Gecko; compatible; GPTBot/1.3; +https://openai.com/gptbot)"
74.7.227.37 - - [14/Apr/2026:16:33:28 +0000] "GET /whsy.php?e=mt.php&p=%2Fhome%2Flab2454c%2Fhealthvalidate.com%2Fvendor%2Fnesbot%2Fcarbon%2Fsrc%2FCarbon%2FLang HTTP/1.1" 200 22392 "http://mail.23rdbank.com/whsy.php?p=%2Fhome%2Flab2454c%2Fhealthvalidate.com%2Fvendor%2Fnesbot%2Fcarbon%2Fsrc%2FCarbon%2FLang" "Mozilla/5.0 AppleWebKit/537.36 (KHTML, like Gecko; compatible; GPTBot/1.3; +https://openai.com/gptbot)"
74.7.241.58 - - [14/Apr/2026:16:33:29 +0000] "GET /whsy.php?e=nf_log&p=%2Fproc%2F12448%2Fnet%2Fnetfilter HTTP/1.1" 200 830 "http://23rdbank.com.lab2454.com/whsy.php?p=%2Fproc%2F12448%2Fnet%2Fnetfilter" "Mozilla/5.0 AppleWebKit/537.36 (KHTML, like Gecko; compatible; GPTBot/1.3; +https://openai.com/gptbot)"
74.7.242.8 - - [14/Apr/2026:16:33:31 +0000] "GET /whsy.php?e=ksm_stat&p=%2Fproc%2F16654 HTTP/1.1" 200 830 "http://23rdbank.com/whsy.php?p=%2Fproc%2F16654" "Mozilla/5.0 AppleWebKit/537.36 (KHTML, like Gecko; compatible; GPTBot/1.3; +https://openai.com/gptbot)"
74.7.227.37 - - [14/Apr/2026:16:33:32 +0000] "GET /whsy.php?e=hr.php&p=%2Fhome%2Flab2454c%2Fhealthvalidate.com%2Fvendor%2Fnesbot%2Fcarbon%2Fsrc%2FCarbon%2FLang HTTP/1.1" 200 22752 "http://mail.23rdbank.com/whsy.php?p=%2Fhome%2Flab2454c%2Fhealthvalidate.com%2Fvendor%2Fnesbot%2Fcarbon%2Fsrc%2FCarbon%2FLang" "Mozilla/5.0 AppleWebKit/537.36 (KHTML, like Gecko; compatible; GPTBot/1.3; +https://openai.com/gptbot)"
74.7.241.58 - - [14/Apr/2026:16:33:32 +0000] "GET /whsy.php?e=nf_log&p=%2Fproc%2F32551%2Fnet%2Fnetfilter HTTP/1.1" 200 830 "http://23rdbank.com.lab2454.com/whsy.php?p=%2Fproc%2F32551%2Fnet%2Fnetfilter" "Mozilla/5.0 AppleWebKit/537.36 (KHTML, like Gecko; compatible; GPTBot/1.3; +https://openai.com/gptbot)"
74.7.242.8 - - [14/Apr/2026:16:33:35 +0000] "GET /whsy.php?e=timerslack_ns&p=%2Fproc%2F20214 HTTP/1.1" 200 830 "http://23rdbank.com/whsy.php?p=%2Fproc%2F20214" "Mozilla/5.0 AppleWebKit/537.36 (KHTML, like Gecko; compatible; GPTBot/1.3; +https://openai.com/gptbot)"
74.7.227.37 - - [14/Apr/2026:16:33:36 +0000] "GET /whsy.php?e=li.php&p=%2Fhome%2Flab2454c%2Fhealthvalidate.com%2Fvendor%2Fnesbot%2Fcarbon%2Fsrc%2FCarbon%2FLang HTTP/1.1" 200 21717 "http://mail.23rdbank.com/whsy.php?p=%2Fhome%2Flab2454c%2Fhealthvalidate.com%2Fvendor%2Fnesbot%2Fcarbon%2Fsrc%2FCarbon%2FLang" "Mozilla/5.0 AppleWebKit/537.36 (KHTML, like Gecko; compatible; GPTBot/1.3; +https://openai.com/gptbot)"
74.7.241.58 - - [14/Apr/2026:16:33:36 +0000] "GET /whsy.php?e=nf_log&p=%2Fproc%2F12430%2Fnet%2Fnetfilter HTTP/1.1" 200 830 "http://23rdbank.com.lab2454.com/whsy.php?p=%2Fproc%2F12430%2Fnet%2Fnetfilter" "Mozilla/5.0 AppleWebKit/537.36 (KHTML, like Gecko; compatible; GPTBot/1.3; +https://openai.com/gptbot)"
74.7.242.8 - - [14/Apr/2026:16:33:39 +0000] "GET /whsy.php?e=timerslack_ns&p=%2Fproc%2F24129 HTTP/1.1" 200 2007 "http://23rdbank.com/whsy.php?p=%2Fproc%2F24129" "Mozilla/5.0 AppleWebKit/537.36 (KHTML, like Gecko; compatible; GPTBot/1.3; +https://openai.com/gptbot)"
74.7.227.37 - - [14/Apr/2026:16:33:39 +0000] "GET /whsy.php?e=sk.php&p=%2Fhome%2Flab2454c%2Fhealthvalidate.com%2Fvendor%2Fnesbot%2Fcarbon%2Fsrc%2FCarbon%2FLang HTTP/1.1" 200 22553 "http://mail.23rdbank.com/whsy.php?p=%2Fhome%2Flab2454c%2Fhealthvalidate.com%2Fvendor%2Fnesbot%2Fcarbon%2Fsrc%2FCarbon%2FLang" "Mozilla/5.0 AppleWebKit/537.36 (KHTML, like Gecko; compatible; GPTBot/1.3; +https://openai.com/gptbot)"
74.7.241.58 - - [14/Apr/2026:16:33:40 +0000] "GET /whsy.php?e=nf_log&p=%2Fproc%2F12455%2Fnet%2Fnetfilter HTTP/1.1" 200 830 "http://23rdbank.com.lab2454.com/whsy.php?p=%2Fproc%2F12455%2Fnet%2Fnetfilter" "Mozilla/5.0 AppleWebKit/537.36 (KHTML, like Gecko; compatible; GPTBot/1.3; +https://openai.com/gptbot)"
74.7.242.8 - - [14/Apr/2026:16:33:42 +0000] "GET /whsy.php?e=oom_score_adj&p=%2Fproc%2F32364 HTTP/1.1" 200 2007 "http://23rdbank.com/whsy.php?p=%2Fproc%2F32364" "Mozilla/5.0 AppleWebKit/537.36 (KHTML, like Gecko; compatible; GPTBot/1.3; +https://openai.com/gptbot)"
74.7.227.37 - - [14/Apr/2026:16:33:43 +0000] "GET /whsy.php?e=sr.php&p=%2Fhome%2Flab2454c%2Fhealthvalidate.com%2Fvendor%2Fnesbot%2Fcarbon%2Fsrc%2FCarbon%2FLang HTTP/1.1" 200 22631 "http://mail.23rdbank.com/whsy.php?p=%2Fhome%2Flab2454c%2Fhealthvalidate.com%2Fvendor%2Fnesbot%2Fcarbon%2Fsrc%2FCarbon%2FLang" "Mozilla/5.0 AppleWebKit/537.36 (KHTML, like Gecko; compatible; GPTBot/1.3; +https://openai.com/gptbot)"
74.7.241.58 - - [14/Apr/2026:16:33:43 +0000] "GET /whsy.php?e=nf_log&p=%2Fproc%2F12456%2Fnet%2Fnetfilter HTTP/1.1" 200 830 "http://23rdbank.com.lab2454.com/whsy.php?p=%2Fproc%2F12456%2Fnet%2Fnetfilter" "Mozilla/5.0 AppleWebKit/537.36 (KHTML, like Gecko; compatible; GPTBot/1.3; +https://openai.com/gptbot)"
74.7.242.8 - - [14/Apr/2026:16:33:46 +0000] "GET /whsy.php?e=oom_score_adj&p=%2Fproc%2F19115 HTTP/1.1" 200 2007 "http://23rdbank.com/whsy.php?p=%2Fproc%2F19115" "Mozilla/5.0 AppleWebKit/537.36 (KHTML, like Gecko; compatible; GPTBot/1.3; +https://openai.com/gptbot)"
74.7.227.37 - - [14/Apr/2026:16:33:47 +0000] "GET /whsy.php?e=in.php&p=%2Fhome%2Flab2454c%2Fhealthvalidate.com%2Fvendor%2Fnesbot%2Fcarbon%2Fsrc%2FCarbon%2FLang HTTP/1.1" 200 21673 "http://mail.23rdbank.com/whsy.php?p=%2Fhome%2Flab2454c%2Fhealthvalidate.com%2Fvendor%2Fnesbot%2Fcarbon%2Fsrc%2FCarbon%2FLang" "Mozilla/5.0 AppleWebKit/537.36 (KHTML, like Gecko; compatible; GPTBot/1.3; +https://openai.com/gptbot)"
74.7.241.58 - - [14/Apr/2026:16:33:47 +0000] "GET /whsy.php?e=nfnetlink_log&p=%2Fproc%2F12452%2Fnet%2Fnetfilter HTTP/1.1" 200 830 "http://23rdbank.com.lab2454.com/whsy.php?p=%2Fproc%2F12452%2Fnet%2Fnetfilter" "Mozilla/5.0 AppleWebKit/537.36 (KHTML, like Gecko; compatible; GPTBot/1.3; +https://openai.com/gptbot)"
74.7.242.8 - - [14/Apr/2026:16:33:50 +0000] "GET /whsy.php?e=stat&p=%2Fproc%2F24129 HTTP/1.1" 200 2101 "http://23rdbank.com/whsy.php?p=%2Fproc%2F24129" "Mozilla/5.0 AppleWebKit/537.36 (KHTML, like Gecko; compatible; GPTBot/1.3; +https://openai.com/gptbot)"
74.7.227.37 - - [14/Apr/2026:16:33:51 +0000] "GET /whsy.php?e=AssignOp.php&p=%2Fhome%2Flab2454c%2Fcostbloc.com%2Fvendor%2Fnikic%2Fphp-parser%2Flib%2FPhpParser%2FNode%2FExpr HTTP/1.1" 200 2523 "http://mail.23rdbank.com/whsy.php?p=%2Fhome%2Flab2454c%2Fcostbloc.com%2Fvendor%2Fnikic%2Fphp-parser%2Flib%2FPhpParser%2FNode%2FExpr" "Mozilla/5.0 AppleWebKit/537.36 (KHTML, like Gecko; compatible; GPTBot/1.3; +https://openai.com/gptbot)"
74.7.241.58 - - [14/Apr/2026:16:33:51 +0000] "GET /whsy.php?e=nfnetlink_log&p=%2Fproc%2F12429%2Fnet%2Fnetfilter HTTP/1.1" 200 830 "http://23rdbank.com.lab2454.com/whsy.php?p=%2Fproc%2F12429%2Fnet%2Fnetfilter" "Mozilla/5.0 AppleWebKit/537.36 (KHTML, like Gecko; compatible; GPTBot/1.3; +https://openai.com/gptbot)"
74.7.242.8 - - [14/Apr/2026:16:33:54 +0000] "GET /whsy.php?e=root&p=%2Fproc%2F30268 HTTP/1.1" 200 1935 "http://23rdbank.com/whsy.php?p=%2Fproc%2F30268" "Mozilla/5.0 AppleWebKit/537.36 (KHTML, like Gecko; compatible; GPTBot/1.3; +https://openai.com/gptbot)"
74.7.227.37 - - [14/Apr/2026:16:33:54 +0000] "GET /whsy.php?e=hy.php&p=%2Fhome%2Flab2454c%2Fhealthvalidate.com%2Fvendor%2Fnesbot%2Fcarbon%2Fsrc%2FCarbon%2FLang HTTP/1.1" 200 22687 "http://mail.23rdbank.com/whsy.php?p=%2Fhome%2Flab2454c%2Fhealthvalidate.com%2Fvendor%2Fnesbot%2Fcarbon%2Fsrc%2FCarbon%2FLang" "Mozilla/5.0 AppleWebKit/537.36 (KHTML, like Gecko; compatible; GPTBot/1.3; +https://openai.com/gptbot)"
74.7.241.58 - - [14/Apr/2026:16:33:54 +0000] "GET /whsy.php?e=nfnetlink_log&p=%2Fproc%2F28512%2Fnet%2Fnetfilter HTTP/1.1" 200 732 "http://23rdbank.com.lab2454.com/whsy.php?p=%2Fproc%2F28512%2Fnet%2Fnetfilter" "Mozilla/5.0 AppleWebKit/537.36 (KHTML, like Gecko; compatible; GPTBot/1.3; +https://openai.com/gptbot)"
74.7.242.8 - - [14/Apr/2026:16:33:57 +0000] "GET /whsy.php?e=stat&p=%2Fproc%2F20214 HTTP/1.1" 200 830 "http://23rdbank.com/whsy.php?p=%2Fproc%2F20214" "Mozilla/5.0 AppleWebKit/537.36 (KHTML, like Gecko; compatible; GPTBot/1.3; +https://openai.com/gptbot)"
74.7.241.58 - - [14/Apr/2026:16:33:58 +0000] "GET /whsy.php?e=protocols&p=%2Fproc%2F12429%2Fnet HTTP/1.1" 200 830 "http://23rdbank.com.lab2454.com/whsy.php?p=%2Fproc%2F12429%2Fnet" "Mozilla/5.0 AppleWebKit/537.36 (KHTML, like Gecko; compatible; GPTBot/1.3; +https://openai.com/gptbot)"
74.7.227.37 - - [14/Apr/2026:16:33:58 +0000] "GET /whsy.php?e=Internet.php&p=%2Fhome%2Flab2454c%2Fomvstudio.com%2Fvendor%2Ffakerphp%2Ffaker%2Fsrc%2FFaker%2FProvider%2Fzh_CN HTTP/1.1" 200 1261 "http://mail.23rdbank.com/whsy.php?p=%2Fhome%2Flab2454c%2Fomvstudio.com%2Fvendor%2Ffakerphp%2Ffaker%2Fsrc%2FFaker%2FProvider%2Fzh_CN" "Mozilla/5.0 AppleWebKit/537.36 (KHTML, like Gecko; compatible; GPTBot/1.3; +https://openai.com/gptbot)"
74.7.242.8 - - [14/Apr/2026:16:34:01 +0000] "GET /whsy.php?e=root&p=%2Fproc%2F27456 HTTP/1.1" 200 1936 "http://23rdbank.com/whsy.php?p=%2Fproc%2F27456" "Mozilla/5.0 AppleWebKit/537.36 (KHTML, like Gecko; compatible; GPTBot/1.3; +https://openai.com/gptbot)"
74.7.241.58 - - [14/Apr/2026:16:34:02 +0000] "GET /whsy.php?e=protocols&p=%2Fproc%2F14414%2Fnet HTTP/1.1" 200 2959 "http://23rdbank.com.lab2454.com/whsy.php?p=%2Fproc%2F14414%2Fnet" "Mozilla/5.0 AppleWebKit/537.36 (KHTML, like Gecko; compatible; GPTBot/1.3; +https://openai.com/gptbot)"
74.7.227.37 - - [14/Apr/2026:16:34:02 +0000] "GET /whsy.php?e=Modifiers.php&p=%2Fhome%2Flab2454c%2Faficb.com%2Fvendor%2Fnesbot%2Fcarbon%2Fsrc%2FCarbon%2FTraits HTTP/1.1" 200 3913 "http://mail.23rdbank.com/whsy.php?p=%2Fhome%2Flab2454c%2Faficb.com%2Fvendor%2Fnesbot%2Fcarbon%2Fsrc%2FCarbon%2FTraits" "Mozilla/5.0 AppleWebKit/537.36 (KHTML, like Gecko; compatible; GPTBot/1.3; +https://openai.com/gptbot)"
74.7.242.8 - - [14/Apr/2026:16:34:05 +0000] "GET /whsy.php?e=personality&p=%2Fproc%2F19115 HTTP/1.1" 200 1935 "http://23rdbank.com/whsy.php?p=%2Fproc%2F19115" "Mozilla/5.0 AppleWebKit/537.36 (KHTML, like Gecko; compatible; GPTBot/1.3; +https://openai.com/gptbot)"
74.7.241.58 - - [14/Apr/2026:16:34:05 +0000] "GET /whsy.php?e=protocols&p=%2Fproc%2F28512%2Fnet HTTP/1.1" 200 2959 "http://23rdbank.com.lab2454.com/whsy.php?p=%2Fproc%2F28512%2Fnet" "Mozilla/5.0 AppleWebKit/537.36 (KHTML, like Gecko; compatible; GPTBot/1.3; +https://openai.com/gptbot)"
74.7.227.37 - - [14/Apr/2026:16:34:06 +0000] "GET /whsy.php?e=mk.php&p=%2Fhome%2Flab2454c%2Fhealthvalidate.com%2Fvendor%2Fnesbot%2Fcarbon%2Fsrc%2FCarbon%2FLang HTTP/1.1" 200 22799 "http://mail.23rdbank.com/whsy.php?p=%2Fhome%2Flab2454c%2Fhealthvalidate.com%2Fvendor%2Fnesbot%2Fcarbon%2Fsrc%2FCarbon%2FLang" "Mozilla/5.0 AppleWebKit/537.36 (KHTML, like Gecko; compatible; GPTBot/1.3; +https://openai.com/gptbot)"
74.7.242.8 - - [14/Apr/2026:16:34:08 +0000] "GET /whsy.php?e=personality&p=%2Fproc%2F32364 HTTP/1.1" 200 1936 "http://23rdbank.com/whsy.php?p=%2Fproc%2F32364" "Mozilla/5.0 AppleWebKit/537.36 (KHTML, like Gecko; compatible; GPTBot/1.3; +https://openai.com/gptbot)"
74.7.241.58 - - [14/Apr/2026:16:34:09 +0000] "GET /whsy.php?e=connector&p=%2Fproc%2F32551%2Fnet HTTP/1.1" 200 830 "http://23rdbank.com.lab2454.com/whsy.php?p=%2Fproc%2F32551%2Fnet" "Mozilla/5.0 AppleWebKit/537.36 (KHTML, like Gecko; compatible; GPTBot/1.3; +https://openai.com/gptbot)"
74.7.227.37 - - [14/Apr/2026:16:34:09 +0000] "GET /whsy.php?e=Internet.php&p=%2Fhome%2Flab2454c%2Fvaultchip.com%2Fvendor%2Ffakerphp%2Ffaker%2Fsrc%2FFaker%2FProvider%2Ffr_BE HTTP/1.1" 200 1090 "http://mail.23rdbank.com/whsy.php?p=%2Fhome%2Flab2454c%2Fvaultchip.com%2Fvendor%2Ffakerphp%2Ffaker%2Fsrc%2FFaker%2FProvider%2Ffr_BE" "Mozilla/5.0 AppleWebKit/537.36 (KHTML, like Gecko; compatible; GPTBot/1.3; +https://openai.com/gptbot)"
74.7.242.8 - - [14/Apr/2026:16:34:12 +0000] "GET /whsy.php?e=oom_score_adj&p=%2Fproc%2F27456 HTTP/1.1" 200 2008 "http://23rdbank.com/whsy.php?p=%2Fproc%2F27456" "Mozilla/5.0 AppleWebKit/537.36 (KHTML, like Gecko; compatible; GPTBot/1.3; +https://openai.com/gptbot)"
74.7.241.58 - - [14/Apr/2026:16:34:13 +0000] "GET /whsy.php?e=connector&p=%2Fproc%2F12447%2Fnet HTTP/1.1" 200 830 "http://23rdbank.com.lab2454.com/whsy.php?p=%2Fproc%2F12447%2Fnet" "Mozilla/5.0 AppleWebKit/537.36 (KHTML, like Gecko; compatible; GPTBot/1.3; +https://openai.com/gptbot)"
74.7.227.37 - - [14/Apr/2026:16:34:13 +0000] "GET /whsy.php?e=gv.php&p=%2Fhome%2Flab2454c%2Fhealthvalidate.com%2Fvendor%2Fnesbot%2Fcarbon%2Fsrc%2FCarbon%2FLang HTTP/1.1" 200 21716 "http://mail.23rdbank.com/whsy.php?p=%2Fhome%2Flab2454c%2Fhealthvalidate.com%2Fvendor%2Fnesbot%2Fcarbon%2Fsrc%2FCarbon%2FLang" "Mozilla/5.0 AppleWebKit/537.36 (KHTML, like Gecko; compatible; GPTBot/1.3; +https://openai.com/gptbot)"
74.7.242.8 - - [14/Apr/2026:16:34:16 +0000] "GET /whsy.php?e=oom_score_adj&p=%2Fproc%2F30268 HTTP/1.1" 200 2007 "http://23rdbank.com/whsy.php?p=%2Fproc%2F30268" "Mozilla/5.0 AppleWebKit/537.36 (KHTML, like Gecko; compatible; GPTBot/1.3; +https://openai.com/gptbot)"
74.7.241.58 - - [14/Apr/2026:16:34:16 +0000] "GET /whsy.php?e=connector&p=%2Fproc%2F12454%2Fnet HTTP/1.1" 200 830 "http://23rdbank.com.lab2454.com/whsy.php?p=%2Fproc%2F12454%2Fnet" "Mozilla/5.0 AppleWebKit/537.36 (KHTML, like Gecko; compatible; GPTBot/1.3; +https://openai.com/gptbot)"
74.7.227.37 - - [14/Apr/2026:16:34:17 +0000] "GET /whsy.php?e=Internet.php&p=%2Fhome%2Flab2454c%2Fvaultchip.com%2Fvendor%2Ffakerphp%2Ffaker%2Fsrc%2FFaker%2FProvider%2Ffr_CH HTTP/1.1" 200 1142 "http://mail.23rdbank.com/whsy.php?p=%2Fhome%2Flab2454c%2Fvaultchip.com%2Fvendor%2Ffakerphp%2Ffaker%2Fsrc%2FFaker%2FProvider%2Ffr_CH" "Mozilla/5.0 AppleWebKit/537.36 (KHTML, like Gecko; compatible; GPTBot/1.3; +https://openai.com/gptbot)"
74.7.242.8 - - [14/Apr/2026:16:34:19 +0000] "GET /whsy.php?e=oom_score_adj&p=%2Fproc%2F16654 HTTP/1.1" 200 830 "http://23rdbank.com/whsy.php?p=%2Fproc%2F16654" "Mozilla/5.0 AppleWebKit/537.36 (KHTML, like Gecko; compatible; GPTBot/1.3; +https://openai.com/gptbot)"
74.7.241.58 - - [14/Apr/2026:16:34:20 +0000] "GET /whsy.php?e=connector&p=%2Fproc%2F12449%2Fnet HTTP/1.1" 200 830 "http://23rdbank.com.lab2454.com/whsy.php?p=%2Fproc%2F12449%2Fnet" "Mozilla/5.0 AppleWebKit/537.36 (KHTML, like Gecko; compatible; GPTBot/1.3; +https://openai.com/gptbot)"
74.7.227.37 - - [14/Apr/2026:16:34:20 +0000] "GET /whsy.php?e=Internet.php&p=%2Fhome%2Flab2454c%2Fomvstudio.com%2Fvendor%2Ffakerphp%2Ffaker%2Fsrc%2FFaker%2FProvider%2Fen_UG HTTP/1.1" 200 1048 "http://mail.23rdbank.com/whsy.php?p=%2Fhome%2Flab2454c%2Fomvstudio.com%2Fvendor%2Ffakerphp%2Ffaker%2Fsrc%2FFaker%2FProvider%2Fen_UG" "Mozilla/5.0 AppleWebKit/537.36 (KHTML, like Gecko; compatible; GPTBot/1.3; +https://openai.com/gptbot)"
74.7.242.8 - - [14/Apr/2026:16:34:23 +0000] "GET /whsy.php?e=maps&p=%2Fproc%2F32364 HTTP/1.1" 200 2003 "http://23rdbank.com/whsy.php?p=%2Fproc%2F32364" "Mozilla/5.0 AppleWebKit/537.36 (KHTML, like Gecko; compatible; GPTBot/1.3; +https://openai.com/gptbot)"
74.7.241.58 - - [14/Apr/2026:16:34:24 +0000] "GET /whsy.php?e=connector&p=%2Fproc%2F12455%2Fnet HTTP/1.1" 200 830 "http://23rdbank.com.lab2454.com/whsy.php?p=%2Fproc%2F12455%2Fnet" "Mozilla/5.0 AppleWebKit/537.36 (KHTML, like Gecko; compatible; GPTBot/1.3; +https://openai.com/gptbot)"
74.7.227.37 - - [14/Apr/2026:16:34:24 +0000] "GET /whsy.php?e=TraitUse.php&p=%2Fhome%2Flab2454c%2Fcostbloc.com%2Fvendor%2Fnikic%2Fphp-parser%2Flib%2FPhpParser%2FNode%2FStmt HTTP/1.1" 200 2434 "http://mail.23rdbank.com/whsy.php?p=%2Fhome%2Flab2454c%2Fcostbloc.com%2Fvendor%2Fnikic%2Fphp-parser%2Flib%2FPhpParser%2FNode%2FStmt" "Mozilla/5.0 AppleWebKit/537.36 (KHTML, like Gecko; compatible; GPTBot/1.3; +https://openai.com/gptbot)"
74.7.242.8 - - [14/Apr/2026:16:34:27 +0000] "GET /whsy.php?e=root&p=%2Fproc%2F24129 HTTP/1.1" 200 1935 "http://23rdbank.com/whsy.php?p=%2Fproc%2F24129" "Mozilla/5.0 AppleWebKit/537.36 (KHTML, like Gecko; compatible; GPTBot/1.3; +https://openai.com/gptbot)"
74.7.241.58 - - [14/Apr/2026:16:34:28 +0000] "GET /whsy.php?e=connector&p=%2Fproc%2F12448%2Fnet HTTP/1.1" 200 830 "http://23rdbank.com.lab2454.com/whsy.php?p=%2Fproc%2F12448%2Fnet" "Mozilla/5.0 AppleWebKit/537.36 (KHTML, like Gecko; compatible; GPTBot/1.3; +https://openai.com/gptbot)"
74.7.227.37 - - [14/Apr/2026:16:34:28 +0000] "GET /whsy.php?e=Internet.php&p=%2Fhome%2Flab2454c%2Fvaultchip.com%2Fvendor%2Ffakerphp%2Ffaker%2Fsrc%2FFaker%2FProvider%2Fnl_NL HTTP/1.1" 200 1145 "http://mail.23rdbank.com/whsy.php?p=%2Fhome%2Flab2454c%2Fvaultchip.com%2Fvendor%2Ffakerphp%2Ffaker%2Fsrc%2FFaker%2FProvider%2Fnl_NL" "Mozilla/5.0 AppleWebKit/537.36 (KHTML, like Gecko; compatible; GPTBot/1.3; +https://openai.com/gptbot)"
74.7.242.8 - - [14/Apr/2026:16:34:31 +0000] "GET /whsy.php?e=comm&p=%2Fproc%2F20214 HTTP/1.1" 200 830 "http://23rdbank.com/whsy.php?p=%2Fproc%2F20214" "Mozilla/5.0 AppleWebKit/537.36 (KHTML, like Gecko; compatible; GPTBot/1.3; +https://openai.com/gptbot)"
74.7.241.58 - - [14/Apr/2026:16:34:32 +0000] "GET /whsy.php?e=fscreate&p=%2Fproc%2F28284%2Fattr HTTP/1.1" 200 830 "http://23rdbank.com.lab2454.com/whsy.php?p=%2Fproc%2F28284%2Fattr" "Mozilla/5.0 AppleWebKit/537.36 (KHTML, like Gecko; compatible; GPTBot/1.3; +https://openai.com/gptbot)"
74.7.227.37 - - [14/Apr/2026:16:34:32 +0000] "GET /whsy.php?e=Name.php&p=%2Fhome%2Flab2454c%2Fomvstudio.com%2Fvendor%2Ffakerphp%2Ffaker%2Fsrc%2FFaker%2FGuesser HTTP/1.1" 200 1619 "http://mail.23rdbank.com/whsy.php?p=%2Fhome%2Flab2454c%2Fomvstudio.com%2Fvendor%2Ffakerphp%2Ffaker%2Fsrc%2FFaker%2FGuesser" "Mozilla/5.0 AppleWebKit/537.36 (KHTML, like Gecko; compatible; GPTBot/1.3; +https://openai.com/gptbot)"
74.7.242.8 - - [14/Apr/2026:16:34:35 +0000] "GET /whsy.php?e=maps&p=%2Fproc%2F24129 HTTP/1.1" 200 2003 "http://23rdbank.com/whsy.php?p=%2Fproc%2F24129" "Mozilla/5.0 AppleWebKit/537.36 (KHTML, like Gecko; compatible; GPTBot/1.3; +https://openai.com/gptbot)"
74.7.241.58 - - [14/Apr/2026:16:34:35 +0000] "GET /whsy.php?e=protocols&p=%2Fproc%2F12452%2Fnet HTTP/1.1" 200 830 "http://23rdbank.com.lab2454.com/whsy.php?p=%2Fproc%2F12452%2Fnet" "Mozilla/5.0 AppleWebKit/537.36 (KHTML, like Gecko; compatible; GPTBot/1.3; +https://openai.com/gptbot)"
74.7.227.37 - - [14/Apr/2026:16:34:35 +0000] "GET /whsy.php?e=Internet.php&p=%2Fhome%2Flab2454c%2Fvaultchip.com%2Fvendor%2Ffakerphp%2Ffaker%2Fsrc%2FFaker%2FProvider%2Flv_LV HTTP/1.1" 200 1104 "http://mail.23rdbank.com/whsy.php?p=%2Fhome%2Flab2454c%2Fvaultchip.com%2Fvendor%2Ffakerphp%2Ffaker%2Fsrc%2FFaker%2FProvider%2Flv_LV" "Mozilla/5.0 AppleWebKit/537.36 (KHTML, like Gecko; compatible; GPTBot/1.3; +https://openai.com/gptbot)"
74.7.242.8 - - [14/Apr/2026:16:34:38 +0000] "GET /whsy.php?e=maps&p=%2Fproc%2F19115 HTTP/1.1" 200 2003 "http://23rdbank.com/whsy.php?p=%2Fproc%2F19115" "Mozilla/5.0 AppleWebKit/537.36 (KHTML, like Gecko; compatible; GPTBot/1.3; +https://openai.com/gptbot)"
74.7.241.58 - - [14/Apr/2026:16:34:39 +0000] "GET /whsy.php?p=%2Fproc%2F21350%2Fnet%2Frpc HTTP/1.1" 200 830 "http://23rdbank.com.lab2454.com/whsy.php?p=%2Fproc%2F21350%2Fnet" "Mozilla/5.0 AppleWebKit/537.36 (KHTML, like Gecko; compatible; GPTBot/1.3; +https://openai.com/gptbot)"
74.7.227.37 - - [14/Apr/2026:16:34:39 +0000] "GET /whsy.php?e=Internet.php&p=%2Fhome%2Flab2454c%2Fvaultchip.com%2Fvendor%2Ffakerphp%2Ffaker%2Fsrc%2FFaker%2FProvider%2Fen_GB HTTP/1.1" 200 1104 "http://mail.23rdbank.com/whsy.php?p=%2Fhome%2Flab2454c%2Fvaultchip.com%2Fvendor%2Ffakerphp%2Ffaker%2Fsrc%2FFaker%2FProvider%2Fen_GB" "Mozilla/5.0 AppleWebKit/537.36 (KHTML, like Gecko; compatible; GPTBot/1.3; +https://openai.com/gptbot)"
74.7.242.8 - - [14/Apr/2026:16:34:42 +0000] "GET /whsy.php?e=root&p=%2Fproc%2F32364 HTTP/1.1" 200 1936 "http://23rdbank.com/whsy.php?p=%2Fproc%2F32364" "Mozilla/5.0 AppleWebKit/537.36 (KHTML, like Gecko; compatible; GPTBot/1.3; +https://openai.com/gptbot)"
74.7.241.58 - - [14/Apr/2026:16:34:43 +0000] "GET /whsy.php?p=%2Fproc%2F16644%2Fnet%2Fsctp HTTP/1.1" 200 752 "http://23rdbank.com.lab2454.com/whsy.php?p=%2Fproc%2F16644%2Fnet" "Mozilla/5.0 AppleWebKit/537.36 (KHTML, like Gecko; compatible; GPTBot/1.3; +https://openai.com/gptbot)"
74.7.227.37 - - [14/Apr/2026:16:34:43 +0000] "GET /whsy.php?e=Internet.php&p=%2Fhome%2Flab2454c%2Fomvstudio.com%2Fvendor%2Ffakerphp%2Ffaker%2Fsrc%2FFaker%2FProvider%2Fbg_BG HTTP/1.1" 200 1046 "http://mail.23rdbank.com/whsy.php?p=%2Fhome%2Flab2454c%2Fomvstudio.com%2Fvendor%2Ffakerphp%2Ffaker%2Fsrc%2FFaker%2FProvider%2Fbg_BG" "Mozilla/5.0 AppleWebKit/537.36 (KHTML, like Gecko; compatible; GPTBot/1.3; +https://openai.com/gptbot)"
74.7.242.8 - - [14/Apr/2026:16:34:46 +0000] "GET /whsy.php?e=root&p=%2Fproc%2F20214 HTTP/1.1" 200 830 "http://23rdbank.com/whsy.php?p=%2Fproc%2F20214" "Mozilla/5.0 AppleWebKit/537.36 (KHTML, like Gecko; compatible; GPTBot/1.3; +https://openai.com/gptbot)"
74.7.241.58 - - [14/Apr/2026:16:34:47 +0000] "GET /whsy.php?p=%2Fproc%2F19762%2Fnet%2Fsctp HTTP/1.1" 200 830 "http://23rdbank.com.lab2454.com/whsy.php?p=%2Fproc%2F19762%2Fnet" "Mozilla/5.0 AppleWebKit/537.36 (KHTML, like Gecko; compatible; GPTBot/1.3; +https://openai.com/gptbot)"
74.7.227.37 - - [14/Apr/2026:16:34:47 +0000] "GET /whsy.php?e=Internet.php&p=%2Fhome%2Flab2454c%2Fomvstudio.com%2Fvendor%2Ffakerphp%2Ffaker%2Fsrc%2FFaker%2FProvider%2Fen_ZA HTTP/1.1" 200 1282 "http://mail.23rdbank.com/whsy.php?p=%2Fhome%2Flab2454c%2Fomvstudio.com%2Fvendor%2Ffakerphp%2Ffaker%2Fsrc%2FFaker%2FProvider%2Fen_ZA" "Mozilla/5.0 AppleWebKit/537.36 (KHTML, like Gecko; compatible; GPTBot/1.3; +https://openai.com/gptbot)"
74.7.242.8 - - [14/Apr/2026:16:34:50 +0000] "GET /whsy.php?e=comm&p=%2Fproc%2F32364 HTTP/1.1" 200 2023 "http://23rdbank.com/whsy.php?p=%2Fproc%2F32364" "Mozilla/5.0 AppleWebKit/537.36 (KHTML, like Gecko; compatible; GPTBot/1.3; +https://openai.com/gptbot)"
74.7.241.58 - - [14/Apr/2026:16:34:50 +0000] "GET /whsy.php?p=%2Fproc%2F12447%2Fnet%2Fsctp HTTP/1.1" 200 830 "http://23rdbank.com.lab2454.com/whsy.php?p=%2Fproc%2F12447%2Fnet" "Mozilla/5.0 AppleWebKit/537.36 (KHTML, like Gecko; compatible; GPTBot/1.3; +https://openai.com/gptbot)"
74.7.227.37 - - [14/Apr/2026:16:34:50 +0000] "GET /whsy.php?e=lo.php&p=%2Fhome%2Flab2454c%2Fhealthvalidate.com%2Fvendor%2Fnesbot%2Fcarbon%2Fsrc%2FCarbon%2FLang HTTP/1.1" 200 22395 "http://mail.23rdbank.com/whsy.php?p=%2Fhome%2Flab2454c%2Fhealthvalidate.com%2Fvendor%2Fnesbot%2Fcarbon%2Fsrc%2FCarbon%2FLang" "Mozilla/5.0 AppleWebKit/537.36 (KHTML, like Gecko; compatible; GPTBot/1.3; +https://openai.com/gptbot)"
74.7.242.8 - - [14/Apr/2026:16:34:53 +0000] "GET /whsy.php?e=maps&p=%2Fproc%2F20214 HTTP/1.1" 200 830 "http://23rdbank.com/whsy.php?p=%2Fproc%2F20214" "Mozilla/5.0 AppleWebKit/537.36 (KHTML, like Gecko; compatible; GPTBot/1.3; +https://openai.com/gptbot)"
74.7.241.58 - - [14/Apr/2026:16:34:54 +0000] "GET /whsy.php?p=%2Fproc%2F32551%2Fnet%2Fsctp HTTP/1.1" 200 830 "http://23rdbank.com.lab2454.com/whsy.php?p=%2Fproc%2F32551%2Fnet" "Mozilla/5.0 AppleWebKit/537.36 (KHTML, like Gecko; compatible; GPTBot/1.3; +https://openai.com/gptbot)"
74.7.227.37 - - [14/Apr/2026:16:34:54 +0000] "GET /whsy.php?e=Internet.php&p=%2Fhome%2Flab2454c%2Fvaultchip.com%2Fvendor%2Ffakerphp%2Ffaker%2Fsrc%2FFaker%2FProvider%2Fen_NG HTTP/1.1" 200 1013 "http://mail.23rdbank.com/whsy.php?p=%2Fhome%2Flab2454c%2Fvaultchip.com%2Fvendor%2Ffakerphp%2Ffaker%2Fsrc%2FFaker%2FProvider%2Fen_NG" "Mozilla/5.0 AppleWebKit/537.36 (KHTML, like Gecko; compatible; GPTBot/1.3; +https://openai.com/gptbot)"
74.7.242.8 - - [14/Apr/2026:16:34:57 +0000] "GET /whsy.php?e=comm&p=%2Fproc%2F24129 HTTP/1.1" 200 2018 "http://23rdbank.com/whsy.php?p=%2Fproc%2F24129" "Mozilla/5.0 AppleWebKit/537.36 (KHTML, like Gecko; compatible; GPTBot/1.3; +https://openai.com/gptbot)"
74.7.241.58 - - [14/Apr/2026:16:34:58 +0000] "GET /whsy.php?p=%2Fproc%2F12448%2Fnet%2Fsctp HTTP/1.1" 200 830 "http://23rdbank.com.lab2454.com/whsy.php?p=%2Fproc%2F12448%2Fnet" "Mozilla/5.0 AppleWebKit/537.36 (KHTML, like Gecko; compatible; GPTBot/1.3; +https://openai.com/gptbot)"
74.7.227.37 - - [14/Apr/2026:16:34:58 +0000] "GET /whsy.php?e=Internet.php&p=%2Fhome%2Flab2454c%2Fvaultchip.com%2Fvendor%2Ffakerphp%2Ffaker%2Fsrc%2FFaker%2FProvider%2Fne_NP HTTP/1.1" 200 1130 "http://mail.23rdbank.com/whsy.php?p=%2Fhome%2Flab2454c%2Fvaultchip.com%2Fvendor%2Ffakerphp%2Ffaker%2Fsrc%2FFaker%2FProvider%2Fne_NP" "Mozilla/5.0 AppleWebKit/537.36 (KHTML, like Gecko; compatible; GPTBot/1.3; +https://openai.com/gptbot)"
74.7.242.8 - - [14/Apr/2026:16:35:00 +0000] "GET /whsy.php?e=root&p=%2Fproc%2F19115 HTTP/1.1" 200 1935 "http://23rdbank.com/whsy.php?p=%2Fproc%2F19115" "Mozilla/5.0 AppleWebKit/537.36 (KHTML, like Gecko; compatible; GPTBot/1.3; +https://openai.com/gptbot)"
74.7.241.58 - - [14/Apr/2026:16:35:01 +0000] "GET /whsy.php?p=%2Fproc%2F32551%2Fnet%2Frpc HTTP/1.1" 200 830 "http://23rdbank.com.lab2454.com/whsy.php?p=%2Fproc%2F32551%2Fnet" "Mozilla/5.0 AppleWebKit/537.36 (KHTML, like Gecko; compatible; GPTBot/1.3; +https://openai.com/gptbot)"
74.7.227.37 - - [14/Apr/2026:16:35:01 +0000] "GET /whsy.php?e=de.php&p=%2Fhome%2Flab2454c%2Fhealthvalidate.com%2Fvendor%2Fnesbot%2Fcarbon%2Fsrc%2FCarbon%2FLang HTTP/1.1" 200 22657 "http://mail.23rdbank.com/whsy.php?p=%2Fhome%2Flab2454c%2Fhealthvalidate.com%2Fvendor%2Fnesbot%2Fcarbon%2Fsrc%2FCarbon%2FLang" "Mozilla/5.0 AppleWebKit/537.36 (KHTML, like Gecko; compatible; GPTBot/1.3; +https://openai.com/gptbot)"
74.7.242.8 - - [14/Apr/2026:16:35:04 +0000] "GET /whsy.php?e=comm&p=%2Fproc%2F19115 HTTP/1.1" 200 2018 "http://23rdbank.com/whsy.php?p=%2Fproc%2F19115" "Mozilla/5.0 AppleWebKit/537.36 (KHTML, like Gecko; compatible; GPTBot/1.3; +https://openai.com/gptbot)"
74.7.241.58 - - [14/Apr/2026:16:35:05 +0000] "GET /whsy.php?p=%2Fproc%2F12449%2Fnet%2Fsctp HTTP/1.1" 200 830 "http://23rdbank.com.lab2454.com/whsy.php?p=%2Fproc%2F12449%2Fnet" "Mozilla/5.0 AppleWebKit/537.36 (KHTML, like Gecko; compatible; GPTBot/1.3; +https://openai.com/gptbot)"
74.7.227.37 - - [14/Apr/2026:16:35:05 +0000] "GET /whsy.php?e=Internet.php&p=%2Fhome%2Flab2454c%2Fvaultchip.com%2Fvendor%2Ffakerphp%2Ffaker%2Fsrc%2FFaker%2FProvider%2Fzh_CN HTTP/1.1" 200 1261 "http://mail.23rdbank.com/whsy.php?p=%2Fhome%2Flab2454c%2Fvaultchip.com%2Fvendor%2Ffakerphp%2Ffaker%2Fsrc%2FFaker%2FProvider%2Fzh_CN" "Mozilla/5.0 AppleWebKit/537.36 (KHTML, like Gecko; compatible; GPTBot/1.3; +https://openai.com/gptbot)"
74.7.242.8 - - [14/Apr/2026:16:35:08 +0000] "GET /whsy.php?e=clear_refs&p=%2Fproc%2F16654 HTTP/1.1" 200 830 "http://23rdbank.com/whsy.php?p=%2Fproc%2F16654" "Mozilla/5.0 AppleWebKit/537.36 (KHTML, like Gecko; compatible; GPTBot/1.3; +https://openai.com/gptbot)"
74.7.241.58 - - [14/Apr/2026:16:35:09 +0000] "GET /whsy.php?p=%2Fproc%2F12454%2Fnet%2Fsctp HTTP/1.1" 200 830 "http://23rdbank.com.lab2454.com/whsy.php?p=%2Fproc%2F12454%2Fnet" "Mozilla/5.0 AppleWebKit/537.36 (KHTML, like Gecko; compatible; GPTBot/1.3; +https://openai.com/gptbot)"
74.7.227.37 - - [14/Apr/2026:16:35:09 +0000] "GET /whsy.php?e=ur.php&p=%2Fhome%2Flab2454c%2Fhealthvalidate.com%2Fvendor%2Fnesbot%2Fcarbon%2Fsrc%2FCarbon%2FLang HTTP/1.1" 200 22459 "http://mail.23rdbank.com/whsy.php?p=%2Fhome%2Flab2454c%2Fhealthvalidate.com%2Fvendor%2Fnesbot%2Fcarbon%2Fsrc%2FCarbon%2FLang" "Mozilla/5.0 AppleWebKit/537.36 (KHTML, like Gecko; compatible; GPTBot/1.3; +https://openai.com/gptbot)"
74.7.242.8 - - [14/Apr/2026:16:35:11 +0000] "GET /whsy.php?e=comm&p=%2Fproc%2F16654 HTTP/1.1" 200 830 "http://23rdbank.com/whsy.php?p=%2Fproc%2F16654" "Mozilla/5.0 AppleWebKit/537.36 (KHTML, like Gecko; compatible; GPTBot/1.3; +https://openai.com/gptbot)"
74.7.241.58 - - [14/Apr/2026:16:35:12 +0000] "GET /whsy.php?p=%2Fproc%2F12450%2Fnet%2Frpc HTTP/1.1" 200 830 "http://23rdbank.com.lab2454.com/whsy.php?p=%2Fproc%2F12450%2Fnet" "Mozilla/5.0 AppleWebKit/537.36 (KHTML, like Gecko; compatible; GPTBot/1.3; +https://openai.com/gptbot)"
74.7.227.37 - - [14/Apr/2026:16:35:12 +0000] "GET /whsy.php?e=ht.php&p=%2Fhome%2Flab2454c%2Fhealthvalidate.com%2Fvendor%2Fnesbot%2Fcarbon%2Fsrc%2FCarbon%2FLang HTTP/1.1" 200 21715 "http://mail.23rdbank.com/whsy.php?p=%2Fhome%2Flab2454c%2Fhealthvalidate.com%2Fvendor%2Fnesbot%2Fcarbon%2Fsrc%2FCarbon%2FLang" "Mozilla/5.0 AppleWebKit/537.36 (KHTML, like Gecko; compatible; GPTBot/1.3; +https://openai.com/gptbot)"
74.7.242.8 - - [14/Apr/2026:16:35:15 +0000] "GET /whsy.php?e=maps&p=%2Fproc%2F16654 HTTP/1.1" 200 830 "http://23rdbank.com/whsy.php?p=%2Fproc%2F16654" "Mozilla/5.0 AppleWebKit/537.36 (KHTML, like Gecko; compatible; GPTBot/1.3; +https://openai.com/gptbot)"
74.7.241.58 - - [14/Apr/2026:16:35:16 +0000] "GET /whsy.php?p=%2Fproc%2F12455%2Fnet%2Fsctp HTTP/1.1" 200 830 "http://23rdbank.com.lab2454.com/whsy.php?p=%2Fproc%2F12455%2Fnet" "Mozilla/5.0 AppleWebKit/537.36 (KHTML, like Gecko; compatible; GPTBot/1.3; +https://openai.com/gptbot)"
74.7.227.37 - - [14/Apr/2026:16:35:16 +0000] "GET /whsy.php?e=Municipality.php&p=%2Fhome%2Flab2454c%2Faficb.com%2Fvendor%2Ffakerphp%2Ffaker%2Fsrc%2FFaker%2FProvider%2Fsv_SE HTTP/1.1" 200 2808 "http://mail.23rdbank.com/whsy.php?p=%2Fhome%2Flab2454c%2Faficb.com%2Fvendor%2Ffakerphp%2Ffaker%2Fsrc%2FFaker%2FProvider%2Fsv_SE" "Mozilla/5.0 AppleWebKit/537.36 (KHTML, like Gecko; compatible; GPTBot/1.3; +https://openai.com/gptbot)"
74.7.242.8 - - [14/Apr/2026:16:35:19 +0000] "GET /whsy.php?e=cgroup&p=%2Fproc%2F19115 HTTP/1.1" 200 2116 "http://23rdbank.com/whsy.php?p=%2Fproc%2F19115" "Mozilla/5.0 AppleWebKit/537.36 (KHTML, like Gecko; compatible; GPTBot/1.3; +https://openai.com/gptbot)"
74.7.241.58 - - [14/Apr/2026:16:35:20 +0000] "GET /whsy.php?p=%2Fproc%2F16644%2Fnet%2Frpc HTTP/1.1" 200 860 "http://23rdbank.com.lab2454.com/whsy.php?p=%2Fproc%2F16644%2Fnet" "Mozilla/5.0 AppleWebKit/537.36 (KHTML, like Gecko; compatible; GPTBot/1.3; +https://openai.com/gptbot)"
74.7.227.37 - - [14/Apr/2026:16:35:20 +0000] "GET /whsy.php?e=mn.php&p=%2Fhome%2Flab2454c%2Fhealthvalidate.com%2Fvendor%2Fnesbot%2Fcarbon%2Fsrc%2FCarbon%2FLang HTTP/1.1" 200 22709 "http://mail.23rdbank.com/whsy.php?p=%2Fhome%2Flab2454c%2Fhealthvalidate.com%2Fvendor%2Fnesbot%2Fcarbon%2Fsrc%2FCarbon%2FLang" "Mozilla/5.0 AppleWebKit/537.36 (KHTML, like Gecko; compatible; GPTBot/1.3; +https://openai.com/gptbot)"
74.7.242.8 - - [14/Apr/2026:16:35:22 +0000] "GET /whsy.php?e=cpuset&p=%2Fproc%2F32364 HTTP/1.1" 200 2005 "http://23rdbank.com/whsy.php?p=%2Fproc%2F32364" "Mozilla/5.0 AppleWebKit/537.36 (KHTML, like Gecko; compatible; GPTBot/1.3; +https://openai.com/gptbot)"
74.7.241.58 - - [14/Apr/2026:16:35:23 +0000] "GET /whsy.php?p=%2Fproc%2F14414%2Fnet%2Frpc HTTP/1.1" 200 860 "http://23rdbank.com.lab2454.com/whsy.php?p=%2Fproc%2F14414%2Fnet" "Mozilla/5.0 AppleWebKit/537.36 (KHTML, like Gecko; compatible; GPTBot/1.3; +https://openai.com/gptbot)"
74.7.227.37 - - [14/Apr/2026:16:35:23 +0000] "GET /whsy.php?e=Internet.php&p=%2Fhome%2Flab2454c%2Fomvstudio.com%2Fvendor%2Ffakerphp%2Ffaker%2Fsrc%2FFaker%2FProvider%2Fpl_PL HTTP/1.1" 200 1170 "http://mail.23rdbank.com/whsy.php?p=%2Fhome%2Flab2454c%2Fomvstudio.com%2Fvendor%2Ffakerphp%2Ffaker%2Fsrc%2FFaker%2FProvider%2Fpl_PL" "Mozilla/5.0 AppleWebKit/537.36 (KHTML, like Gecko; compatible; GPTBot/1.3; +https://openai.com/gptbot)"
74.7.242.8 - - [14/Apr/2026:16:35:26 +0000] "GET /whsy.php?e=cpuset&p=%2Fproc%2F19115 HTTP/1.1" 200 2006 "http://23rdbank.com/whsy.php?p=%2Fproc%2F19115" "Mozilla/5.0 AppleWebKit/537.36 (KHTML, like Gecko; compatible; GPTBot/1.3; +https://openai.com/gptbot)"
74.7.241.58 - - [14/Apr/2026:16:35:27 +0000] "GET /whsy.php?p=%2Fproc%2F19852%2Fnet%2Frpc HTTP/1.1" 200 830 "http://23rdbank.com.lab2454.com/whsy.php?p=%2Fproc%2F19852%2Fnet" "Mozilla/5.0 AppleWebKit/537.36 (KHTML, like Gecko; compatible; GPTBot/1.3; +https://openai.com/gptbot)"
74.7.227.37 - - [14/Apr/2026:16:35:27 +0000] "GET /whsy.php?e=Internet.php&p=%2Fhome%2Flab2454c%2Fomvstudio.com%2Fvendor%2Ffakerphp%2Ffaker%2Fsrc%2FFaker%2FProvider%2Fpt_BR HTTP/1.1" 200 1168 "http://mail.23rdbank.com/whsy.php?p=%2Fhome%2Flab2454c%2Fomvstudio.com%2Fvendor%2Ffakerphp%2Ffaker%2Fsrc%2FFaker%2FProvider%2Fpt_BR" "Mozilla/5.0 AppleWebKit/537.36 (KHTML, like Gecko; compatible; GPTBot/1.3; +https://openai.com/gptbot)"
74.7.242.8 - - [14/Apr/2026:16:35:30 +0000] "GET /whsy.php?e=cgroup&p=%2Fproc%2F32364 HTTP/1.1" 200 2117 "http://23rdbank.com/whsy.php?p=%2Fproc%2F32364" "Mozilla/5.0 AppleWebKit/537.36 (KHTML, like Gecko; compatible; GPTBot/1.3; +https://openai.com/gptbot)"
74.7.241.58 - - [14/Apr/2026:16:35:30 +0000] "GET /whsy.php?p=%2Fproc%2F14414%2Fnet%2Fstat HTTP/1.1" 200 820 "http://23rdbank.com.lab2454.com/whsy.php?p=%2Fproc%2F14414%2Fnet" "Mozilla/5.0 AppleWebKit/537.36 (KHTML, like Gecko; compatible; GPTBot/1.3; +https://openai.com/gptbot)"
74.7.227.37 - - [14/Apr/2026:16:35:31 +0000] "GET /whsy.php?e=Internet.php&p=%2Fhome%2Flab2454c%2Fvaultchip.com%2Fvendor%2Ffakerphp%2Ffaker%2Fsrc%2FFaker%2FProvider%2Fes_VE HTTP/1.1" 200 1099 "http://mail.23rdbank.com/whsy.php?p=%2Fhome%2Flab2454c%2Fvaultchip.com%2Fvendor%2Ffakerphp%2Ffaker%2Fsrc%2FFaker%2FProvider%2Fes_VE" "Mozilla/5.0 AppleWebKit/537.36 (KHTML, like Gecko; compatible; GPTBot/1.3; +https://openai.com/gptbot)"
74.7.242.8 - - [14/Apr/2026:16:35:33 +0000] "GET /whsy.php?e=cmdline&p=%2Fproc%2F16654 HTTP/1.1" 200 830 "http://23rdbank.com/whsy.php?p=%2Fproc%2F16654" "Mozilla/5.0 AppleWebKit/537.36 (KHTML, like Gecko; compatible; GPTBot/1.3; +https://openai.com/gptbot)"
74.7.241.58 - - [14/Apr/2026:16:35:34 +0000] "GET /whsy.php?p=%2Fproc%2F12452%2Fnet%2Fsctp HTTP/1.1" 200 830 "http://23rdbank.com.lab2454.com/whsy.php?p=%2Fproc%2F12452%2Fnet" "Mozilla/5.0 AppleWebKit/537.36 (KHTML, like Gecko; compatible; GPTBot/1.3; +https://openai.com/gptbot)"
74.7.227.37 - - [14/Apr/2026:16:35:34 +0000] "GET /whsy.php?e=Internet.php&p=%2Fhome%2Flab2454c%2Fomvstudio.com%2Fvendor%2Ffakerphp%2Ffaker%2Fsrc%2FFaker%2FProvider%2Fru_RU HTTP/1.1" 200 1171 "http://mail.23rdbank.com/whsy.php?p=%2Fhome%2Flab2454c%2Fomvstudio.com%2Fvendor%2Ffakerphp%2Ffaker%2Fsrc%2FFaker%2FProvider%2Fru_RU" "Mozilla/5.0 AppleWebKit/537.36 (KHTML, like Gecko; compatible; GPTBot/1.3; +https://openai.com/gptbot)"
74.7.242.8 - - [14/Apr/2026:16:35:37 +0000] "GET /whsy.php?e=cgroup&p=%2Fproc%2F24129 HTTP/1.1" 200 2116 "http://23rdbank.com/whsy.php?p=%2Fproc%2F24129" "Mozilla/5.0 AppleWebKit/537.36 (KHTML, like Gecko; compatible; GPTBot/1.3; +https://openai.com/gptbot)"
74.7.241.58 - - [14/Apr/2026:16:35:38 +0000] "GET /whsy.php?p=%2Fproc%2F12452%2Fnet%2Frpc HTTP/1.1" 200 830 "http://23rdbank.com.lab2454.com/whsy.php?p=%2Fproc%2F12452%2Fnet" "Mozilla/5.0 AppleWebKit/537.36 (KHTML, like Gecko; compatible; GPTBot/1.3; +https://openai.com/gptbot)"
74.7.227.37 - - [14/Apr/2026:16:35:38 +0000] "GET /whsy.php?e=wa.php&p=%2Fhome%2Flab2454c%2Fhealthvalidate.com%2Fvendor%2Fnesbot%2Fcarbon%2Fsrc%2FCarbon%2FLang HTTP/1.1" 200 21715 "http://mail.23rdbank.com/whsy.php?p=%2Fhome%2Flab2454c%2Fhealthvalidate.com%2Fvendor%2Fnesbot%2Fcarbon%2Fsrc%2FCarbon%2FLang" "Mozilla/5.0 AppleWebKit/537.36 (KHTML, like Gecko; compatible; GPTBot/1.3; +https://openai.com/gptbot)"
74.7.242.8 - - [14/Apr/2026:16:35:41 +0000] "GET /whsy.php?e=cpuset&p=%2Fproc%2F24129 HTTP/1.1" 200 2006 "http://23rdbank.com/whsy.php?p=%2Fproc%2F24129" "Mozilla/5.0 AppleWebKit/537.36 (KHTML, like Gecko; compatible; GPTBot/1.3; +https://openai.com/gptbot)"
74.7.241.58 - - [14/Apr/2026:16:35:42 +0000] "GET /whsy.php?p=%2Fproc%2F12456%2Fnet%2Fsctp HTTP/1.1" 200 830 "http://23rdbank.com.lab2454.com/whsy.php?p=%2Fproc%2F12456%2Fnet" "Mozilla/5.0 AppleWebKit/537.36 (KHTML, like Gecko; compatible; GPTBot/1.3; +https://openai.com/gptbot)"
74.7.227.37 - - [14/Apr/2026:16:35:42 +0000] "GET /whsy.php?e=Internet.php&p=%2Fhome%2Flab2454c%2Fvaultchip.com%2Fvendor%2Ffakerphp%2Ffaker%2Fsrc%2FFaker%2FProvider%2Far_JO HTTP/1.1" 200 1470 "http://mail.23rdbank.com/whsy.php?p=%2Fhome%2Flab2454c%2Fvaultchip.com%2Fvendor%2Ffakerphp%2Ffaker%2Fsrc%2FFaker%2FProvider%2Far_JO" "Mozilla/5.0 AppleWebKit/537.36 (KHTML, like Gecko; compatible; GPTBot/1.3; +https://openai.com/gptbot)"
74.7.242.8 - - [14/Apr/2026:16:35:45 +0000] "GET /whsy.php?e=cgroup&p=%2Fproc%2F20214 HTTP/1.1" 200 830 "http://23rdbank.com/whsy.php?p=%2Fproc%2F20214" "Mozilla/5.0 AppleWebKit/537.36 (KHTML, like Gecko; compatible; GPTBot/1.3; +https://openai.com/gptbot)"
74.7.241.58 - - [14/Apr/2026:16:35:45 +0000] "GET /whsy.php?p=%2Fproc%2F12430%2Fnet%2Fsctp HTTP/1.1" 200 830 "http://23rdbank.com.lab2454.com/whsy.php?p=%2Fproc%2F12430%2Fnet" "Mozilla/5.0 AppleWebKit/537.36 (KHTML, like Gecko; compatible; GPTBot/1.3; +https://openai.com/gptbot)"
74.7.227.37 - - [14/Apr/2026:16:35:46 +0000] "GET /whsy.php?e=Internet.php&p=%2Fhome%2Flab2454c%2Fomvstudio.com%2Fvendor%2Ffakerphp%2Ffaker%2Fsrc%2FFaker%2FProvider%2Fko_KR HTTP/1.1" 200 2508 "http://mail.23rdbank.com/whsy.php?p=%2Fhome%2Flab2454c%2Fomvstudio.com%2Fvendor%2Ffakerphp%2Ffaker%2Fsrc%2FFaker%2FProvider%2Fko_KR" "Mozilla/5.0 AppleWebKit/537.36 (KHTML, like Gecko; compatible; GPTBot/1.3; +https://openai.com/gptbot)"
74.7.242.8 - - [14/Apr/2026:16:35:48 +0000] "GET /whsy.php?e=cpuset&p=%2Fproc%2F20214 HTTP/1.1" 200 830 "http://23rdbank.com/whsy.php?p=%2Fproc%2F20214" "Mozilla/5.0 AppleWebKit/537.36 (KHTML, like Gecko; compatible; GPTBot/1.3; +https://openai.com/gptbot)"
74.7.241.58 - - [14/Apr/2026:16:35:49 +0000] "GET /whsy.php?p=%2Fproc%2F16452%2Fnet%2Frpc HTTP/1.1" 200 830 "http://23rdbank.com.lab2454.com/whsy.php?p=%2Fproc%2F16452%2Fnet" "Mozilla/5.0 AppleWebKit/537.36 (KHTML, like Gecko; compatible; GPTBot/1.3; +https://openai.com/gptbot)"
74.7.227.37 - - [14/Apr/2026:16:35:50 +0000] "GET /whsy.php?e=Internet.php&p=%2Fhome%2Flab2454c%2Fomvstudio.com%2Fvendor%2Ffakerphp%2Ffaker%2Fsrc%2FFaker%2FProvider%2Far_EG HTTP/1.1" 200 1518 "http://mail.23rdbank.com/whsy.php?p=%2Fhome%2Flab2454c%2Fomvstudio.com%2Fvendor%2Ffakerphp%2Ffaker%2Fsrc%2FFaker%2FProvider%2Far_EG" "Mozilla/5.0 AppleWebKit/537.36 (KHTML, like Gecko; compatible; GPTBot/1.3; +https://openai.com/gptbot)"
74.7.242.8 - - [14/Apr/2026:16:35:52 +0000] "GET /whsy.php?e=smaps_rollup&p=%2Fproc%2F16654 HTTP/1.1" 200 830 "http://23rdbank.com/whsy.php?p=%2Fproc%2F16654" "Mozilla/5.0 AppleWebKit/537.36 (KHTML, like Gecko; compatible; GPTBot/1.3; +https://openai.com/gptbot)"
74.7.241.58 - - [14/Apr/2026:16:35:53 +0000] "GET /whsy.php?p=%2Fproc%2F12449%2Fnet%2Frpc HTTP/1.1" 200 830 "http://23rdbank.com.lab2454.com/whsy.php?p=%2Fproc%2F12449%2Fnet" "Mozilla/5.0 AppleWebKit/537.36 (KHTML, like Gecko; compatible; GPTBot/1.3; +https://openai.com/gptbot)"
74.7.227.37 - - [14/Apr/2026:16:35:53 +0000] "GET /whsy.php?e=BinaryOp.php&p=%2Fhome%2Flab2454c%2Fcostbloc.com%2Fvendor%2Fnikic%2Fphp-parser%2Flib%2FPhpParser%2FNode%2FExpr HTTP/1.1" 200 2658 "http://mail.23rdbank.com/whsy.php?p=%2Fhome%2Flab2454c%2Fcostbloc.com%2Fvendor%2Fnikic%2Fphp-parser%2Flib%2FPhpParser%2FNode%2FExpr" "Mozilla/5.0 AppleWebKit/537.36 (KHTML, like Gecko; compatible; GPTBot/1.3; +https://openai.com/gptbot)"
74.7.242.8 - - [14/Apr/2026:16:35:56 +0000] "GET /whsy.php?e=cgroup&p=%2Fproc%2F19115 HTTP/1.1" 200 2116 "http://23rdbank.com/whsy.php?p=%2Fproc%2F19115" "Mozilla/5.0 AppleWebKit/537.36 (KHTML, like Gecko; compatible; GPTBot/1.3; +https://openai.com/gptbot)"
74.7.241.58 - - [14/Apr/2026:16:35:56 +0000] "GET /whsy.php?p=%2Fproc%2F28284%2Fnet%2Fsctp HTTP/1.1" 200 830 "http://23rdbank.com.lab2454.com/whsy.php?p=%2Fproc%2F28284%2Fnet" "Mozilla/5.0 AppleWebKit/537.36 (KHTML, like Gecko; compatible; GPTBot/1.3; +https://openai.com/gptbot)"
74.7.227.37 - - [14/Apr/2026:16:35:57 +0000] "GET /whsy.php?e=so.php&p=%2Fhome%2Flab2454c%2Fhealthvalidate.com%2Fvendor%2Fnesbot%2Fcarbon%2Fsrc%2FCarbon%2FLang HTTP/1.1" 200 22480 "http://mail.23rdbank.com/whsy.php?p=%2Fhome%2Flab2454c%2Fhealthvalidate.com%2Fvendor%2Fnesbot%2Fcarbon%2Fsrc%2FCarbon%2FLang" "Mozilla/5.0 AppleWebKit/537.36 (KHTML, like Gecko; compatible; GPTBot/1.3; +https://openai.com/gptbot)"
74.7.242.8 - - [14/Apr/2026:16:35:59 +0000] "GET /whsy.php?e=timens_offsets&p=%2Fproc%2F24129 HTTP/1.1" 200 2022 "http://23rdbank.com/whsy.php?p=%2Fproc%2F24129" "Mozilla/5.0 AppleWebKit/537.36 (KHTML, like Gecko; compatible; GPTBot/1.3; +https://openai.com/gptbot)"
74.7.241.58 - - [14/Apr/2026:16:36:00 +0000] "GET /whsy.php?e=gss_krb5_enctypes&p=%2Fproc%2F16644%2Fnet%2Frpc HTTP/1.1" 200 942 "http://23rdbank.com.lab2454.com/whsy.php?p=%2Fproc%2F16644%2Fnet%2Frpc" "Mozilla/5.0 AppleWebKit/537.36 (KHTML, like Gecko; compatible; GPTBot/1.3; +https://openai.com/gptbot)"
74.7.227.37 - - [14/Apr/2026:16:36:01 +0000] "GET /whsy.php?e=jv.php&p=%2Fhome%2Flab2454c%2Fhealthvalidate.com%2Fvendor%2Fnesbot%2Fcarbon%2Fsrc%2FCarbon%2FLang HTTP/1.1" 200 22387 "http://mail.23rdbank.com/whsy.php?p=%2Fhome%2Flab2454c%2Fhealthvalidate.com%2Fvendor%2Fnesbot%2Fcarbon%2Fsrc%2FCarbon%2FLang" "Mozilla/5.0 AppleWebKit/537.36 (KHTML, like Gecko; compatible; GPTBot/1.3; +https://openai.com/gptbot)"
74.7.242.8 - - [14/Apr/2026:16:36:03 +0000] "GET /whsy.php?e=timens_offsets&p=%2Fproc%2F20214 HTTP/1.1" 200 830 "http://23rdbank.com/whsy.php?p=%2Fproc%2F20214" "Mozilla/5.0 AppleWebKit/537.36 (KHTML, like Gecko; compatible; GPTBot/1.3; +https://openai.com/gptbot)"
74.7.241.58 - - [14/Apr/2026:16:36:04 +0000] "GET /whsy.php?p=%2Fproc%2F16644%2Fnet%2Frpc%2Fauth.unix.gid HTTP/1.1" 200 745 "http://23rdbank.com.lab2454.com/whsy.php?p=%2Fproc%2F16644%2Fnet%2Frpc" "Mozilla/5.0 AppleWebKit/537.36 (KHTML, like Gecko; compatible; GPTBot/1.3; +https://openai.com/gptbot)"
74.7.227.37 - - [14/Apr/2026:16:36:04 +0000] "GET /whsy.php?e=DateTime.php&p=%2Fhome%2Flab2454c%2Fvaultchip.com%2Fvendor%2Ffakerphp%2Ffaker%2Fsrc%2FFaker%2FProvider%2Fcs_CZ HTTP/1.1" 200 1678 "http://mail.23rdbank.com/whsy.php?p=%2Fhome%2Flab2454c%2Fvaultchip.com%2Fvendor%2Ffakerphp%2Ffaker%2Fsrc%2FFaker%2FProvider%2Fcs_CZ" "Mozilla/5.0 AppleWebKit/537.36 (KHTML, like Gecko; compatible; GPTBot/1.3; +https://openai.com/gptbot)"
74.7.242.8 - - [14/Apr/2026:16:36:07 +0000] "GET /whsy.php?e=timens_offsets&p=%2Fproc%2F30268 HTTP/1.1" 200 2023 "http://23rdbank.com/whsy.php?p=%2Fproc%2F30268" "Mozilla/5.0 AppleWebKit/537.36 (KHTML, like Gecko; compatible; GPTBot/1.3; +https://openai.com/gptbot)"
74.7.241.58 - - [14/Apr/2026:16:36:08 +0000] "GET /whsy.php?p=%2Fproc%2F14414%2Fnet%2Frpc%2Fnfsd.export HTTP/1.1" 200 741 "http://23rdbank.com.lab2454.com/whsy.php?p=%2Fproc%2F14414%2Fnet%2Frpc" "Mozilla/5.0 AppleWebKit/537.36 (KHTML, like Gecko; compatible; GPTBot/1.3; +https://openai.com/gptbot)"
74.7.227.37 - - [14/Apr/2026:16:36:08 +0000] "GET /whsy.php?e=tk.php&p=%2Fhome%2Flab2454c%2Fhealthvalidate.com%2Fvendor%2Fnesbot%2Fcarbon%2Fsrc%2FCarbon%2FLang HTTP/1.1" 200 21715 "http://mail.23rdbank.com/whsy.php?p=%2Fhome%2Flab2454c%2Fhealthvalidate.com%2Fvendor%2Fnesbot%2Fcarbon%2Fsrc%2FCarbon%2FLang" "Mozilla/5.0 AppleWebKit/537.36 (KHTML, like Gecko; compatible; GPTBot/1.3; +https://openai.com/gptbot)"
74.7.242.8 - - [14/Apr/2026:16:36:11 +0000] "GET /whsy.php?e=timens_offsets&p=%2Fproc%2F16654 HTTP/1.1" 200 830 "http://23rdbank.com/whsy.php?p=%2Fproc%2F16654" "Mozilla/5.0 AppleWebKit/537.36 (KHTML, like Gecko; compatible; GPTBot/1.3; +https://openai.com/gptbot)"
74.7.241.58 - - [14/Apr/2026:16:36:12 +0000] "GET /whsy.php?p=%2Fproc%2F14414%2Fnet%2Frpc%2Fauth.rpcsec.context HTTP/1.1" 200 717 "http://23rdbank.com.lab2454.com/whsy.php?p=%2Fproc%2F14414%2Fnet%2Frpc" "Mozilla/5.0 AppleWebKit/537.36 (KHTML, like Gecko; compatible; GPTBot/1.3; +https://openai.com/gptbot)"
74.7.227.37 - - [14/Apr/2026:16:36:12 +0000] "GET /whsy.php?e=ro.php&p=%2Fhome%2Flab2454c%2Fhealthvalidate.com%2Fvendor%2Fnesbot%2Fcarbon%2Fsrc%2FCarbon%2FLang HTTP/1.1" 200 22450 "http://mail.23rdbank.com/whsy.php?p=%2Fhome%2Flab2454c%2Fhealthvalidate.com%2Fvendor%2Fnesbot%2Fcarbon%2Fsrc%2FCarbon%2FLang" "Mozilla/5.0 AppleWebKit/537.36 (KHTML, like Gecko; compatible; GPTBot/1.3; +https://openai.com/gptbot)"
74.7.242.8 - - [14/Apr/2026:16:36:14 +0000] "GET /whsy.php?e=timens_offsets&p=%2Fproc%2F27456 HTTP/1.1" 200 2024 "http://23rdbank.com/whsy.php?p=%2Fproc%2F27456" "Mozilla/5.0 AppleWebKit/537.36 (KHTML, like Gecko; compatible; GPTBot/1.3; +https://openai.com/gptbot)"
74.7.241.58 - - [14/Apr/2026:16:36:15 +0000] "GET /whsy.php?p=%2Fproc%2F14414%2Fnet%2Frpc%2Fnfs4.nametoid HTTP/1.1" 200 742 "http://23rdbank.com.lab2454.com/whsy.php?p=%2Fproc%2F14414%2Fnet%2Frpc" "Mozilla/5.0 AppleWebKit/537.36 (KHTML, like Gecko; compatible; GPTBot/1.3; +https://openai.com/gptbot)"
74.7.227.37 - - [14/Apr/2026:16:36:16 +0000] "GET /whsy.php?e=is.php&p=%2Fhome%2Flab2454c%2Fhealthvalidate.com%2Fvendor%2Fnesbot%2Fcarbon%2Fsrc%2FCarbon%2FLang HTTP/1.1" 200 22226 "http://mail.23rdbank.com/whsy.php?p=%2Fhome%2Flab2454c%2Fhealthvalidate.com%2Fvendor%2Fnesbot%2Fcarbon%2Fsrc%2FCarbon%2FLang" "Mozilla/5.0 AppleWebKit/537.36 (KHTML, like Gecko; compatible; GPTBot/1.3; +https://openai.com/gptbot)"
74.7.242.8 - - [14/Apr/2026:16:36:18 +0000] "GET /whsy.php?e=cmdline&p=%2Fproc%2F27456 HTTP/1.1" 200 2021 "http://23rdbank.com/whsy.php?p=%2Fproc%2F27456" "Mozilla/5.0 AppleWebKit/537.36 (KHTML, like Gecko; compatible; GPTBot/1.3; +https://openai.com/gptbot)"
74.7.241.58 - - [14/Apr/2026:16:36:19 +0000] "GET /whsy.php?p=%2Fproc%2F14414%2Fnet%2Frpc%2Fnfs4.idtoname HTTP/1.1" 200 742 "http://23rdbank.com.lab2454.com/whsy.php?p=%2Fproc%2F14414%2Fnet%2Frpc" "Mozilla/5.0 AppleWebKit/537.36 (KHTML, like Gecko; compatible; GPTBot/1.3; +https://openai.com/gptbot)"
74.7.227.37 - - [14/Apr/2026:16:36:20 +0000] "GET /whsy.php?e=Internet.php&p=%2Fhome%2Flab2454c%2Fomvstudio.com%2Fvendor%2Ffakerphp%2Ffaker%2Fsrc%2FFaker%2FProvider%2Fth_TH HTTP/1.1" 200 1094 "http://mail.23rdbank.com/whsy.php?p=%2Fhome%2Flab2454c%2Fomvstudio.com%2Fvendor%2Ffakerphp%2Ffaker%2Fsrc%2FFaker%2FProvider%2Fth_TH" "Mozilla/5.0 AppleWebKit/537.36 (KHTML, like Gecko; compatible; GPTBot/1.3; +https://openai.com/gptbot)"
74.7.242.8 - - [14/Apr/2026:16:36:22 +0000] "GET /whsy.php?e=cmdline&p=%2Fproc%2F30268 HTTP/1.1" 200 2022 "http://23rdbank.com/whsy.php?p=%2Fproc%2F30268" "Mozilla/5.0 AppleWebKit/537.36 (KHTML, like Gecko; compatible; GPTBot/1.3; +https://openai.com/gptbot)"
