PATH:
var
/
log
/
apache2
/
domlogs
/
lab2454c
74.7.242.15 - - [14/Apr/2026:16:33:12 +0000] "GET /whsy.php?p=%2Fproc%2F12430%2Fnet%2Fstat HTTP/1.1" 200 860 "http://www.hibiscash.com.lab2454.com/whsy.php?p=%2Fproc%2F12430%2Fnet" "Mozilla/5.0 AppleWebKit/537.36 (KHTML, like Gecko; compatible; GPTBot/1.3; +https://openai.com/gptbot)"
74.7.242.15 - - [14/Apr/2026:16:33:15 +0000] "GET /whsy.php?p=%2Fproc%2F28284%2Fnet%2Fvlan HTTP/1.1" 200 860 "http://www.hibiscash.com.lab2454.com/whsy.php?p=%2Fproc%2F28284%2Fnet" "Mozilla/5.0 AppleWebKit/537.36 (KHTML, like Gecko; compatible; GPTBot/1.3; +https://openai.com/gptbot)"
74.7.242.15 - - [14/Apr/2026:16:33:19 +0000] "GET /whsy.php?e=nfnetlink_log&p=%2Fproc%2F12453%2Fnet%2Fnetfilter HTTP/1.1" 200 860 "http://www.hibiscash.com.lab2454.com/whsy.php?p=%2Fproc%2F12453%2Fnet%2Fnetfilter" "Mozilla/5.0 AppleWebKit/537.36 (KHTML, like Gecko; compatible; GPTBot/1.3; +https://openai.com/gptbot)"
74.7.227.181 - - [14/Apr/2026:16:33:22 +0000] "GET /whsy.php?p=%2Fproc%2F16995%2Fnet%2Frpc HTTP/1.1" 200 860 "http://hibiscash.com.lab2454.com/whsy.php?p=%2Fproc%2F16995%2Fnet" "Mozilla/5.0 AppleWebKit/537.36 (KHTML, like Gecko; compatible; GPTBot/1.3; +https://openai.com/gptbot)"
74.7.242.15 - - [14/Apr/2026:16:33:23 +0000] "GET /whsy.php?e=nfnetlink_log&p=%2Fproc%2F12456%2Fnet%2Fnetfilter HTTP/1.1" 200 860 "http://www.hibiscash.com.lab2454.com/whsy.php?p=%2Fproc%2F12456%2Fnet%2Fnetfilter" "Mozilla/5.0 AppleWebKit/537.36 (KHTML, like Gecko; compatible; GPTBot/1.3; +https://openai.com/gptbot)"
74.7.227.181 - - [14/Apr/2026:16:33:26 +0000] "GET /whsy.php?p=%2Fproc%2F15917%2Fnet%2Fstat HTTP/1.1" 200 860 "http://hibiscash.com.lab2454.com/whsy.php?p=%2Fproc%2F15917%2Fnet" "Mozilla/5.0 AppleWebKit/537.36 (KHTML, like Gecko; compatible; GPTBot/1.3; +https://openai.com/gptbot)"
74.7.242.15 - - [14/Apr/2026:16:33:27 +0000] "GET /whsy.php?e=nfnetlink_log&p=%2Fproc%2F15418%2Fnet%2Fnetfilter HTTP/1.1" 200 860 "http://www.hibiscash.com.lab2454.com/whsy.php?p=%2Fproc%2F15418%2Fnet%2Fnetfilter" "Mozilla/5.0 AppleWebKit/537.36 (KHTML, like Gecko; compatible; GPTBot/1.3; +https://openai.com/gptbot)"
74.7.242.15 - - [14/Apr/2026:16:33:30 +0000] "GET /whsy.php?e=nfnetlink_log&p=%2Fproc%2F16452%2Fnet%2Fnetfilter HTTP/1.1" 200 860 "http://www.hibiscash.com.lab2454.com/whsy.php?p=%2Fproc%2F16452%2Fnet%2Fnetfilter" "Mozilla/5.0 AppleWebKit/537.36 (KHTML, like Gecko; compatible; GPTBot/1.3; +https://openai.com/gptbot)"
74.7.242.15 - - [14/Apr/2026:16:33:34 +0000] "GET /whsy.php?e=nfnetlink_log&p=%2Fproc%2F12430%2Fnet%2Fnetfilter HTTP/1.1" 200 860 "http://www.hibiscash.com.lab2454.com/whsy.php?p=%2Fproc%2F12430%2Fnet%2Fnetfilter" "Mozilla/5.0 AppleWebKit/537.36 (KHTML, like Gecko; compatible; GPTBot/1.3; +https://openai.com/gptbot)"
74.7.242.15 - - [14/Apr/2026:16:33:38 +0000] "GET /whsy.php?e=dev&p=%2Fproc%2F21517%2Fnet HTTP/1.1" 200 860 "http://www.hibiscash.com.lab2454.com/whsy.php?p=%2Fproc%2F21517%2Fnet" "Mozilla/5.0 AppleWebKit/537.36 (KHTML, like Gecko; compatible; GPTBot/1.3; +https://openai.com/gptbot)"
74.7.227.181 - - [14/Apr/2026:16:33:41 +0000] "GET /whsy.php?p=%2Fproc%2F24836%2Fnet%2Fstat HTTP/1.1" 200 860 "http://hibiscash.com.lab2454.com/whsy.php?p=%2Fproc%2F24836%2Fnet" "Mozilla/5.0 AppleWebKit/537.36 (KHTML, like Gecko; compatible; GPTBot/1.3; +https://openai.com/gptbot)"
74.7.242.15 - - [14/Apr/2026:16:33:42 +0000] "GET /whsy.php?e=xfrm_stat&p=%2Fproc%2F30907%2Fnet HTTP/1.1" 200 860 "http://www.hibiscash.com.lab2454.com/whsy.php?p=%2Fproc%2F30907%2Fnet" "Mozilla/5.0 AppleWebKit/537.36 (KHTML, like Gecko; compatible; GPTBot/1.3; +https://openai.com/gptbot)"
74.7.227.181 - - [14/Apr/2026:16:33:44 +0000] "GET /whsy.php?p=%2Fproc%2F13055%2Fnet%2Fstat HTTP/1.1" 200 860 "http://hibiscash.com.lab2454.com/whsy.php?p=%2Fproc%2F13055%2Fnet" "Mozilla/5.0 AppleWebKit/537.36 (KHTML, like Gecko; compatible; GPTBot/1.3; +https://openai.com/gptbot)"
74.7.242.15 - - [14/Apr/2026:16:33:45 +0000] "GET /whsy.php?e=dev_mcast&p=%2Fproc%2F30907%2Fnet HTTP/1.1" 200 860 "http://www.hibiscash.com.lab2454.com/whsy.php?p=%2Fproc%2F30907%2Fnet" "Mozilla/5.0 AppleWebKit/537.36 (KHTML, like Gecko; compatible; GPTBot/1.3; +https://openai.com/gptbot)"
74.7.227.181 - - [14/Apr/2026:16:33:48 +0000] "GET /whsy.php?p=%2Fproc%2F27016%2Fnet%2Fstat HTTP/1.1" 200 860 "http://hibiscash.com.lab2454.com/whsy.php?p=%2Fproc%2F27016%2Fnet" "Mozilla/5.0 AppleWebKit/537.36 (KHTML, like Gecko; compatible; GPTBot/1.3; +https://openai.com/gptbot)"
74.7.242.15 - - [14/Apr/2026:16:33:49 +0000] "GET /whsy.php?e=dev_mcast&p=%2Fproc%2F15418%2Fnet HTTP/1.1" 200 860 "http://www.hibiscash.com.lab2454.com/whsy.php?p=%2Fproc%2F15418%2Fnet" "Mozilla/5.0 AppleWebKit/537.36 (KHTML, like Gecko; compatible; GPTBot/1.3; +https://openai.com/gptbot)"
74.7.227.181 - - [14/Apr/2026:16:33:52 +0000] "GET /whsy.php?p=%2Fproc%2F26217%2Fnet%2Fvlan HTTP/1.1" 200 860 "http://hibiscash.com.lab2454.com/whsy.php?p=%2Fproc%2F26217%2Fnet" "Mozilla/5.0 AppleWebKit/537.36 (KHTML, like Gecko; compatible; GPTBot/1.3; +https://openai.com/gptbot)"
74.7.242.15 - - [14/Apr/2026:16:33:53 +0000] "GET /whsy.php?e=xfrm_stat&p=%2Fproc%2F15418%2Fnet HTTP/1.1" 200 860 "http://www.hibiscash.com.lab2454.com/whsy.php?p=%2Fproc%2F15418%2Fnet" "Mozilla/5.0 AppleWebKit/537.36 (KHTML, like Gecko; compatible; GPTBot/1.3; +https://openai.com/gptbot)"
74.7.227.181 - - [14/Apr/2026:16:33:56 +0000] "GET /whsy.php?p=%2Fproc%2F13291%2Fnet%2Fstat HTTP/1.1" 200 860 "http://hibiscash.com.lab2454.com/whsy.php?p=%2Fproc%2F13291%2Fnet" "Mozilla/5.0 AppleWebKit/537.36 (KHTML, like Gecko; compatible; GPTBot/1.3; +https://openai.com/gptbot)"
74.7.242.15 - - [14/Apr/2026:16:33:56 +0000] "GET /whsy.php?p=%2Fproc%2F8185%2F.. HTTP/1.1" 200 860 "http://www.hibiscash.com.lab2454.com/whsy.php?p=%2Fproc%2F8185" "Mozilla/5.0 AppleWebKit/537.36 (KHTML, like Gecko; compatible; GPTBot/1.3; +https://openai.com/gptbot)"
74.7.227.181 - - [14/Apr/2026:16:33:59 +0000] "GET /whsy.php?p=%2Fproc%2F26179%2Fnet%2Fstat HTTP/1.1" 200 860 "http://hibiscash.com.lab2454.com/whsy.php?p=%2Fproc%2F26179%2Fnet" "Mozilla/5.0 AppleWebKit/537.36 (KHTML, like Gecko; compatible; GPTBot/1.3; +https://openai.com/gptbot)"
74.7.242.15 - - [14/Apr/2026:16:34:00 +0000] "GET /whsy.php?e=nfnetlink_log&p=%2Fproc%2F12447%2Fnet%2Fnetfilter HTTP/1.1" 200 860 "http://www.hibiscash.com.lab2454.com/whsy.php?p=%2Fproc%2F12447%2Fnet%2Fnetfilter" "Mozilla/5.0 AppleWebKit/537.36 (KHTML, like Gecko; compatible; GPTBot/1.3; +https://openai.com/gptbot)"
74.7.242.15 - - [14/Apr/2026:16:34:04 +0000] "GET /whsy.php?e=nfnetlink_log&p=%2Fproc%2F21848%2Fnet%2Fnetfilter HTTP/1.1" 200 860 "http://www.hibiscash.com.lab2454.com/whsy.php?p=%2Fproc%2F21848%2Fnet%2Fnetfilter" "Mozilla/5.0 AppleWebKit/537.36 (KHTML, like Gecko; compatible; GPTBot/1.3; +https://openai.com/gptbot)"
74.7.227.181 - - [14/Apr/2026:16:34:07 +0000] "GET /whsy.php?p=%2Fproc%2F19637%2Fnet%2Fsctp HTTP/1.1" 200 860 "http://hibiscash.com.lab2454.com/whsy.php?p=%2Fproc%2F19637%2Fnet" "Mozilla/5.0 AppleWebKit/537.36 (KHTML, like Gecko; compatible; GPTBot/1.3; +https://openai.com/gptbot)"
74.7.242.15 - - [14/Apr/2026:16:34:07 +0000] "GET /whsy.php?e=nfnetlink_log&p=%2Fproc%2F12451%2Fnet%2Fnetfilter HTTP/1.1" 200 860 "http://www.hibiscash.com.lab2454.com/whsy.php?p=%2Fproc%2F12451%2Fnet%2Fnetfilter" "Mozilla/5.0 AppleWebKit/537.36 (KHTML, like Gecko; compatible; GPTBot/1.3; +https://openai.com/gptbot)"
74.7.227.181 - - [14/Apr/2026:16:34:10 +0000] "GET /whsy.php?p=%2Fproc%2F31066%2Fnet%2Fstat HTTP/1.1" 200 860 "http://hibiscash.com.lab2454.com/whsy.php?p=%2Fproc%2F31066%2Fnet" "Mozilla/5.0 AppleWebKit/537.36 (KHTML, like Gecko; compatible; GPTBot/1.3; +https://openai.com/gptbot)"
74.7.242.15 - - [14/Apr/2026:16:34:11 +0000] "GET /whsy.php?e=nfnetlink_log&p=%2Fproc%2F12454%2Fnet%2Fnetfilter HTTP/1.1" 200 860 "http://www.hibiscash.com.lab2454.com/whsy.php?p=%2Fproc%2F12454%2Fnet%2Fnetfilter" "Mozilla/5.0 AppleWebKit/537.36 (KHTML, like Gecko; compatible; GPTBot/1.3; +https://openai.com/gptbot)"
74.7.242.15 - - [14/Apr/2026:16:34:15 +0000] "GET /whsy.php?e=nfnetlink_log&p=%2Fproc%2F12455%2Fnet%2Fnetfilter HTTP/1.1" 200 860 "http://www.hibiscash.com.lab2454.com/whsy.php?p=%2Fproc%2F12455%2Fnet%2Fnetfilter" "Mozilla/5.0 AppleWebKit/537.36 (KHTML, like Gecko; compatible; GPTBot/1.3; +https://openai.com/gptbot)"
74.7.227.181 - - [14/Apr/2026:16:34:18 +0000] "GET /whsy.php?p=%2Fproc%2F22676%2Fnet%2Fvlan HTTP/1.1" 200 860 "http://hibiscash.com.lab2454.com/whsy.php?p=%2Fproc%2F22676%2Fnet" "Mozilla/5.0 AppleWebKit/537.36 (KHTML, like Gecko; compatible; GPTBot/1.3; +https://openai.com/gptbot)"
74.7.242.15 - - [14/Apr/2026:16:34:19 +0000] "GET /whsy.php?e=nfnetlink_log&p=%2Fproc%2F21517%2Fnet%2Fnetfilter HTTP/1.1" 200 860 "http://www.hibiscash.com.lab2454.com/whsy.php?p=%2Fproc%2F21517%2Fnet%2Fnetfilter" "Mozilla/5.0 AppleWebKit/537.36 (KHTML, like Gecko; compatible; GPTBot/1.3; +https://openai.com/gptbot)"
74.7.242.15 - - [14/Apr/2026:16:34:23 +0000] "GET /whsy.php?e=nfnetlink_log&p=%2Fproc%2F12448%2Fnet%2Fnetfilter HTTP/1.1" 200 860 "http://www.hibiscash.com.lab2454.com/whsy.php?p=%2Fproc%2F12448%2Fnet%2Fnetfilter" "Mozilla/5.0 AppleWebKit/537.36 (KHTML, like Gecko; compatible; GPTBot/1.3; +https://openai.com/gptbot)"
74.7.242.15 - - [14/Apr/2026:16:34:26 +0000] "GET /whsy.php?e=nfnetlink_log&p=%2Fproc%2F12449%2Fnet%2Fnetfilter HTTP/1.1" 200 860 "http://www.hibiscash.com.lab2454.com/whsy.php?p=%2Fproc%2F12449%2Fnet%2Fnetfilter" "Mozilla/5.0 AppleWebKit/537.36 (KHTML, like Gecko; compatible; GPTBot/1.3; +https://openai.com/gptbot)"
74.7.242.15 - - [14/Apr/2026:16:34:30 +0000] "GET /whsy.php?e=ip6_flowlabel&p=%2Fproc%2F12455%2Fnet HTTP/1.1" 200 860 "http://www.hibiscash.com.lab2454.com/whsy.php?p=%2Fproc%2F12455%2Fnet" "Mozilla/5.0 AppleWebKit/537.36 (KHTML, like Gecko; compatible; GPTBot/1.3; +https://openai.com/gptbot)"
74.7.242.15 - - [14/Apr/2026:16:34:34 +0000] "GET /whsy.php?e=ip6_flowlabel&p=%2Fproc%2F12456%2Fnet HTTP/1.1" 200 860 "http://www.hibiscash.com.lab2454.com/whsy.php?p=%2Fproc%2F12456%2Fnet" "Mozilla/5.0 AppleWebKit/537.36 (KHTML, like Gecko; compatible; GPTBot/1.3; +https://openai.com/gptbot)"
74.7.242.15 - - [14/Apr/2026:16:34:38 +0000] "GET /whsy.php?e=ip6_flowlabel&p=%2Fproc%2F12449%2Fnet HTTP/1.1" 200 860 "http://www.hibiscash.com.lab2454.com/whsy.php?p=%2Fproc%2F12449%2Fnet" "Mozilla/5.0 AppleWebKit/537.36 (KHTML, like Gecko; compatible; GPTBot/1.3; +https://openai.com/gptbot)"
74.7.242.15 - - [14/Apr/2026:16:34:41 +0000] "GET /whsy.php?e=ip6_flowlabel&p=%2Fproc%2F12448%2Fnet HTTP/1.1" 200 860 "http://www.hibiscash.com.lab2454.com/whsy.php?p=%2Fproc%2F12448%2Fnet" "Mozilla/5.0 AppleWebKit/537.36 (KHTML, like Gecko; compatible; GPTBot/1.3; +https://openai.com/gptbot)"
74.7.242.15 - - [14/Apr/2026:16:34:45 +0000] "GET /whsy.php?e=ip6_flowlabel&p=%2Fproc%2F12430%2Fnet HTTP/1.1" 200 860 "http://www.hibiscash.com.lab2454.com/whsy.php?p=%2Fproc%2F12430%2Fnet" "Mozilla/5.0 AppleWebKit/537.36 (KHTML, like Gecko; compatible; GPTBot/1.3; +https://openai.com/gptbot)"
74.7.227.181 - - [14/Apr/2026:16:34:47 +0000] "GET /whsy.php?p=%2Fproc%2F31312%2Fnet%2Fvlan HTTP/1.1" 200 860 "http://hibiscash.com.lab2454.com/whsy.php?p=%2Fproc%2F31312%2Fnet" "Mozilla/5.0 AppleWebKit/537.36 (KHTML, like Gecko; compatible; GPTBot/1.3; +https://openai.com/gptbot)"
74.7.242.15 - - [14/Apr/2026:16:34:49 +0000] "GET /whsy.php?e=ip6_flowlabel&p=%2Fproc%2F30907%2Fnet HTTP/1.1" 200 860 "http://www.hibiscash.com.lab2454.com/whsy.php?p=%2Fproc%2F30907%2Fnet" "Mozilla/5.0 AppleWebKit/537.36 (KHTML, like Gecko; compatible; GPTBot/1.3; +https://openai.com/gptbot)"
74.7.242.15 - - [14/Apr/2026:16:34:52 +0000] "GET /whsy.php?e=ip6_flowlabel&p=%2Fproc%2F16452%2Fnet HTTP/1.1" 200 860 "http://www.hibiscash.com.lab2454.com/whsy.php?p=%2Fproc%2F16452%2Fnet" "Mozilla/5.0 AppleWebKit/537.36 (KHTML, like Gecko; compatible; GPTBot/1.3; +https://openai.com/gptbot)"
74.7.242.15 - - [14/Apr/2026:16:34:56 +0000] "GET /whsy.php?e=ip6_flowlabel&p=%2Fproc%2F15418%2Fnet HTTP/1.1" 200 860 "http://www.hibiscash.com.lab2454.com/whsy.php?p=%2Fproc%2F15418%2Fnet" "Mozilla/5.0 AppleWebKit/537.36 (KHTML, like Gecko; compatible; GPTBot/1.3; +https://openai.com/gptbot)"
74.7.242.15 - - [14/Apr/2026:16:35:00 +0000] "GET /whsy.php?e=ip6_flowlabel&p=%2Fproc%2F21848%2Fnet HTTP/1.1" 200 860 "http://www.hibiscash.com.lab2454.com/whsy.php?p=%2Fproc%2F21848%2Fnet" "Mozilla/5.0 AppleWebKit/537.36 (KHTML, like Gecko; compatible; GPTBot/1.3; +https://openai.com/gptbot)"
74.7.242.15 - - [14/Apr/2026:16:35:03 +0000] "GET /whsy.php?e=ip6_flowlabel&p=%2Fproc%2F29354%2Fnet HTTP/1.1" 200 860 "http://www.hibiscash.com.lab2454.com/whsy.php?p=%2Fproc%2F29354%2Fnet" "Mozilla/5.0 AppleWebKit/537.36 (KHTML, like Gecko; compatible; GPTBot/1.3; +https://openai.com/gptbot)"
74.7.242.15 - - [14/Apr/2026:16:35:07 +0000] "GET /whsy.php?e=ip6_flowlabel&p=%2Fproc%2F12453%2Fnet HTTP/1.1" 200 860 "http://www.hibiscash.com.lab2454.com/whsy.php?p=%2Fproc%2F12453%2Fnet" "Mozilla/5.0 AppleWebKit/537.36 (KHTML, like Gecko; compatible; GPTBot/1.3; +https://openai.com/gptbot)"
74.7.242.15 - - [14/Apr/2026:16:35:11 +0000] "GET /whsy.php?e=ip6_flowlabel&p=%2Fproc%2F21517%2Fnet HTTP/1.1" 200 860 "http://www.hibiscash.com.lab2454.com/whsy.php?p=%2Fproc%2F21517%2Fnet" "Mozilla/5.0 AppleWebKit/537.36 (KHTML, like Gecko; compatible; GPTBot/1.3; +https://openai.com/gptbot)"
74.7.242.15 - - [14/Apr/2026:16:35:14 +0000] "GET /whsy.php?e=ip6_flowlabel&p=%2Fproc%2F12447%2Fnet HTTP/1.1" 200 860 "http://www.hibiscash.com.lab2454.com/whsy.php?p=%2Fproc%2F12447%2Fnet" "Mozilla/5.0 AppleWebKit/537.36 (KHTML, like Gecko; compatible; GPTBot/1.3; +https://openai.com/gptbot)"
74.7.242.15 - - [14/Apr/2026:16:35:18 +0000] "GET /whsy.php?e=ip6_flowlabel&p=%2Fproc%2F12454%2Fnet HTTP/1.1" 200 860 "http://www.hibiscash.com.lab2454.com/whsy.php?p=%2Fproc%2F12454%2Fnet" "Mozilla/5.0 AppleWebKit/537.36 (KHTML, like Gecko; compatible; GPTBot/1.3; +https://openai.com/gptbot)"
74.7.242.15 - - [14/Apr/2026:16:35:21 +0000] "GET /whsy.php?p=%2Fproc%2F29354%2Ftask%2F29386%2Fns HTTP/1.1" 200 860 "http://www.hibiscash.com.lab2454.com/whsy.php?p=%2Fproc%2F29354%2Ftask%2F29386" "Mozilla/5.0 AppleWebKit/537.36 (KHTML, like Gecko; compatible; GPTBot/1.3; +https://openai.com/gptbot)"
74.7.242.15 - - [14/Apr/2026:16:35:25 +0000] "GET /whsy.php?e=coredump_filter&p=%2Fproc%2F22632 HTTP/1.1" 200 860 "http://www.hibiscash.com.lab2454.com/whsy.php?p=%2Fproc%2F22632" "Mozilla/5.0 AppleWebKit/537.36 (KHTML, like Gecko; compatible; GPTBot/1.3; +https://openai.com/gptbot)"
74.7.242.15 - - [14/Apr/2026:16:35:29 +0000] "GET /whsy.php?e=ip_vs_app&p=%2Fproc%2F22632%2Fnet HTTP/1.1" 200 860 "http://www.hibiscash.com.lab2454.com/whsy.php?p=%2Fproc%2F22632%2Fnet" "Mozilla/5.0 AppleWebKit/537.36 (KHTML, like Gecko; compatible; GPTBot/1.3; +https://openai.com/gptbot)"
74.7.227.181 - - [14/Apr/2026:16:35:30 +0000] "GET /whsy.php?p=%2Fproc%2F23728%2Fnet%2Fvlan HTTP/1.1" 200 860 "http://hibiscash.com.lab2454.com/whsy.php?p=%2Fproc%2F23728%2Fnet" "Mozilla/5.0 AppleWebKit/537.36 (KHTML, like Gecko; compatible; GPTBot/1.3; +https://openai.com/gptbot)"
74.7.242.15 - - [14/Apr/2026:16:35:32 +0000] "GET /whsy.php?e=coredump_filter&p=%2Fproc%2F22240 HTTP/1.1" 200 860 "http://www.hibiscash.com.lab2454.com/whsy.php?p=%2Fproc%2F22240" "Mozilla/5.0 AppleWebKit/537.36 (KHTML, like Gecko; compatible; GPTBot/1.3; +https://openai.com/gptbot)"
74.7.227.181 - - [14/Apr/2026:16:35:34 +0000] "GET /whsy.php?p=%2Fproc%2F21099%2Fnet%2Fstat HTTP/1.1" 200 860 "http://hibiscash.com.lab2454.com/whsy.php?p=%2Fproc%2F21099%2Fnet" "Mozilla/5.0 AppleWebKit/537.36 (KHTML, like Gecko; compatible; GPTBot/1.3; +https://openai.com/gptbot)"
74.7.242.15 - - [14/Apr/2026:16:35:36 +0000] "GET /whsy.php?e=ip_vs_stats&p=%2Fproc%2F29354%2Fnet HTTP/1.1" 200 860 "http://www.hibiscash.com.lab2454.com/whsy.php?p=%2Fproc%2F29354%2Fnet" "Mozilla/5.0 AppleWebKit/537.36 (KHTML, like Gecko; compatible; GPTBot/1.3; +https://openai.com/gptbot)"
74.7.242.15 - - [14/Apr/2026:16:35:40 +0000] "GET /whsy.php?e=ip_vs_stats&p=%2Fproc%2F12456%2Fnet HTTP/1.1" 200 860 "http://www.hibiscash.com.lab2454.com/whsy.php?p=%2Fproc%2F12456%2Fnet" "Mozilla/5.0 AppleWebKit/537.36 (KHTML, like Gecko; compatible; GPTBot/1.3; +https://openai.com/gptbot)"
74.7.227.181 - - [14/Apr/2026:16:35:42 +0000] "GET /whsy.php?p=%2Fproc%2F30407%2Fnet%2Frpc HTTP/1.1" 200 860 "http://hibiscash.com.lab2454.com/whsy.php?p=%2Fproc%2F30407%2Fnet" "Mozilla/5.0 AppleWebKit/537.36 (KHTML, like Gecko; compatible; GPTBot/1.3; +https://openai.com/gptbot)"
74.7.242.15 - - [14/Apr/2026:16:35:44 +0000] "GET /whsy.php?e=ip_vs_stats&p=%2Fproc%2F16452%2Fnet HTTP/1.1" 200 860 "http://www.hibiscash.com.lab2454.com/whsy.php?p=%2Fproc%2F16452%2Fnet" "Mozilla/5.0 AppleWebKit/537.36 (KHTML, like Gecko; compatible; GPTBot/1.3; +https://openai.com/gptbot)"
74.7.242.15 - - [14/Apr/2026:16:35:47 +0000] "GET /whsy.php?e=ip_vs_stats&p=%2Fproc%2F12453%2Fnet HTTP/1.1" 200 860 "http://www.hibiscash.com.lab2454.com/whsy.php?p=%2Fproc%2F12453%2Fnet" "Mozilla/5.0 AppleWebKit/537.36 (KHTML, like Gecko; compatible; GPTBot/1.3; +https://openai.com/gptbot)"
74.7.242.15 - - [14/Apr/2026:16:35:51 +0000] "GET /whsy.php?e=ip_vs_stats&p=%2Fproc%2F12430%2Fnet HTTP/1.1" 200 860 "http://www.hibiscash.com.lab2454.com/whsy.php?p=%2Fproc%2F12430%2Fnet" "Mozilla/5.0 AppleWebKit/537.36 (KHTML, like Gecko; compatible; GPTBot/1.3; +https://openai.com/gptbot)"
74.7.242.15 - - [14/Apr/2026:16:35:55 +0000] "GET /whsy.php?e=coredump_filter&p=%2Fproc%2F20762 HTTP/1.1" 200 860 "http://www.hibiscash.com.lab2454.com/whsy.php?p=%2Fproc%2F20762" "Mozilla/5.0 AppleWebKit/537.36 (KHTML, like Gecko; compatible; GPTBot/1.3; +https://openai.com/gptbot)"
74.7.227.181 - - [14/Apr/2026:16:35:57 +0000] "GET /whsy.php?p=%2Fproc%2F14587%2Fnet%2Frpc HTTP/1.1" 200 861 "http://hibiscash.com.lab2454.com/whsy.php?e=ip6_flowlabel&p=%2Fproc%2F14587%2Fnet" "Mozilla/5.0 AppleWebKit/537.36 (KHTML, like Gecko; compatible; GPTBot/1.3; +https://openai.com/gptbot)"
74.7.242.15 - - [14/Apr/2026:16:35:58 +0000] "GET /whsy.php?e=coredump_filter&p=%2Fproc%2F26329 HTTP/1.1" 200 860 "http://www.hibiscash.com.lab2454.com/whsy.php?p=%2Fproc%2F26329" "Mozilla/5.0 AppleWebKit/537.36 (KHTML, like Gecko; compatible; GPTBot/1.3; +https://openai.com/gptbot)"
74.7.242.15 - - [14/Apr/2026:16:36:02 +0000] "GET /whsy.php?e=coredump_filter&p=%2Fproc%2F26728 HTTP/1.1" 200 860 "http://www.hibiscash.com.lab2454.com/whsy.php?p=%2Fproc%2F26728" "Mozilla/5.0 AppleWebKit/537.36 (KHTML, like Gecko; compatible; GPTBot/1.3; +https://openai.com/gptbot)"
74.7.227.181 - - [14/Apr/2026:16:36:04 +0000] "GET /whsy.php?p=%2Fproc%2F31679%2Fnet%2Fsctp HTTP/1.1" 200 860 "http://hibiscash.com.lab2454.com/whsy.php?p=%2Fproc%2F31679%2Fnet" "Mozilla/5.0 AppleWebKit/537.36 (KHTML, like Gecko; compatible; GPTBot/1.3; +https://openai.com/gptbot)"
74.7.242.15 - - [14/Apr/2026:16:36:06 +0000] "GET /whsy.php?e=coredump_filter&p=%2Fproc%2F12429 HTTP/1.1" 200 860 "http://www.hibiscash.com.lab2454.com/whsy.php?p=%2Fproc%2F12429" "Mozilla/5.0 AppleWebKit/537.36 (KHTML, like Gecko; compatible; GPTBot/1.3; +https://openai.com/gptbot)"
74.7.227.181 - - [14/Apr/2026:16:36:08 +0000] "GET /whsy.php?p=%2Fproc%2F32336%2Fnet%2Fvlan HTTP/1.1" 200 860 "http://hibiscash.com.lab2454.com/whsy.php?p=%2Fproc%2F32336%2Fnet" "Mozilla/5.0 AppleWebKit/537.36 (KHTML, like Gecko; compatible; GPTBot/1.3; +https://openai.com/gptbot)"
74.7.242.15 - - [14/Apr/2026:16:36:10 +0000] "GET /whsy.php?e=coredump_filter&p=%2Fproc%2F12920 HTTP/1.1" 200 860 "http://www.hibiscash.com.lab2454.com/whsy.php?p=%2Fproc%2F12920" "Mozilla/5.0 AppleWebKit/537.36 (KHTML, like Gecko; compatible; GPTBot/1.3; +https://openai.com/gptbot)"
74.7.227.181 - - [14/Apr/2026:16:36:12 +0000] "GET /whsy.php?p=%2Fproc%2F19919%2Fnet%2Fvlan HTTP/1.1" 200 860 "http://hibiscash.com.lab2454.com/whsy.php?p=%2Fproc%2F19919%2Fnet" "Mozilla/5.0 AppleWebKit/537.36 (KHTML, like Gecko; compatible; GPTBot/1.3; +https://openai.com/gptbot)"
74.7.242.15 - - [14/Apr/2026:16:36:13 +0000] "GET /whsy.php?e=coredump_filter&p=%2Fproc%2F28920 HTTP/1.1" 200 860 "http://www.hibiscash.com.lab2454.com/whsy.php?p=%2Fproc%2F28920" "Mozilla/5.0 AppleWebKit/537.36 (KHTML, like Gecko; compatible; GPTBot/1.3; +https://openai.com/gptbot)"
74.7.242.15 - - [14/Apr/2026:16:36:17 +0000] "GET /whsy.php?e=coredump_filter&p=%2Fproc%2F29162 HTTP/1.1" 200 860 "http://www.hibiscash.com.lab2454.com/whsy.php?p=%2Fproc%2F29162" "Mozilla/5.0 AppleWebKit/537.36 (KHTML, like Gecko; compatible; GPTBot/1.3; +https://openai.com/gptbot)"
74.7.227.181 - - [14/Apr/2026:16:36:19 +0000] "GET /whsy.php?p=%2Fproc%2F10974%2Fnet%2Fsctp HTTP/1.1" 200 860 "http://hibiscash.com.lab2454.com/whsy.php?p=%2Fproc%2F10974%2Fnet" "Mozilla/5.0 AppleWebKit/537.36 (KHTML, like Gecko; compatible; GPTBot/1.3; +https://openai.com/gptbot)"
74.7.242.15 - - [14/Apr/2026:16:36:21 +0000] "GET /whsy.php?e=coredump_filter&p=%2Fproc%2F16611 HTTP/1.1" 200 860 "http://www.hibiscash.com.lab2454.com/whsy.php?p=%2Fproc%2F16611" "Mozilla/5.0 AppleWebKit/537.36 (KHTML, like Gecko; compatible; GPTBot/1.3; +https://openai.com/gptbot)"
74.7.242.15 - - [14/Apr/2026:16:36:24 +0000] "GET /whsy.php?e=coredump_filter&p=%2Fproc%2F28293 HTTP/1.1" 200 860 "http://www.hibiscash.com.lab2454.com/whsy.php?p=%2Fproc%2F28293" "Mozilla/5.0 AppleWebKit/537.36 (KHTML, like Gecko; compatible; GPTBot/1.3; +https://openai.com/gptbot)"
74.7.227.181 - - [14/Apr/2026:16:36:27 +0000] "GET /whsy.php?p=%2Fproc%2F23638%2Fnet%2Fstat HTTP/1.1" 200 860 "http://hibiscash.com.lab2454.com/whsy.php?p=%2Fproc%2F23638%2Fnet" "Mozilla/5.0 AppleWebKit/537.36 (KHTML, like Gecko; compatible; GPTBot/1.3; +https://openai.com/gptbot)"
74.7.242.15 - - [14/Apr/2026:16:36:28 +0000] "GET /whsy.php?e=coredump_filter&p=%2Fproc%2F12452 HTTP/1.1" 200 860 "http://www.hibiscash.com.lab2454.com/whsy.php?p=%2Fproc%2F12452" "Mozilla/5.0 AppleWebKit/537.36 (KHTML, like Gecko; compatible; GPTBot/1.3; +https://openai.com/gptbot)"
74.7.227.181 - - [14/Apr/2026:16:36:30 +0000] "GET /whsy.php?p=%2Fproc%2F14548%2Fnet%2Frpc HTTP/1.1" 200 860 "http://hibiscash.com.lab2454.com/whsy.php?p=%2Fproc%2F14548%2Fnet" "Mozilla/5.0 AppleWebKit/537.36 (KHTML, like Gecko; compatible; GPTBot/1.3; +https://openai.com/gptbot)"
74.7.242.15 - - [14/Apr/2026:16:36:31 +0000] "GET /whsy.php?e=coredump_filter&p=%2Fproc%2F23502 HTTP/1.1" 200 860 "http://www.hibiscash.com.lab2454.com/whsy.php?p=%2Fproc%2F23502" "Mozilla/5.0 AppleWebKit/537.36 (KHTML, like Gecko; compatible; GPTBot/1.3; +https://openai.com/gptbot)"
74.7.242.15 - - [14/Apr/2026:16:36:35 +0000] "GET /whsy.php?e=coredump_filter&p=%2Fproc%2F22147 HTTP/1.1" 200 860 "http://www.hibiscash.com.lab2454.com/whsy.php?p=%2Fproc%2F22147" "Mozilla/5.0 AppleWebKit/537.36 (KHTML, like Gecko; compatible; GPTBot/1.3; +https://openai.com/gptbot)"
74.7.227.181 - - [14/Apr/2026:16:36:38 +0000] "GET /whsy.php?p=%2Fproc%2F14587%2Fnet%2Frpc%2Fnfsd.export HTTP/1.1" 200 743 "http://hibiscash.com.lab2454.com/whsy.php?p=%2Fproc%2F14587%2Fnet%2Frpc" "Mozilla/5.0 AppleWebKit/537.36 (KHTML, like Gecko; compatible; GPTBot/1.3; +https://openai.com/gptbot)"
74.7.242.15 - - [14/Apr/2026:16:36:39 +0000] "GET /whsy.php?e=coredump_filter&p=%2Fproc%2F26152 HTTP/1.1" 200 860 "http://www.hibiscash.com.lab2454.com/whsy.php?p=%2Fproc%2F26152" "Mozilla/5.0 AppleWebKit/537.36 (KHTML, like Gecko; compatible; GPTBot/1.3; +https://openai.com/gptbot)"
74.7.227.181 - - [14/Apr/2026:16:36:41 +0000] "GET /whsy.php?p=%2Fproc%2F14587%2Fnet%2Frpc%2Fauth.unix.gid HTTP/1.1" 200 746 "http://hibiscash.com.lab2454.com/whsy.php?p=%2Fproc%2F14587%2Fnet%2Frpc" "Mozilla/5.0 AppleWebKit/537.36 (KHTML, like Gecko; compatible; GPTBot/1.3; +https://openai.com/gptbot)"
74.7.242.15 - - [14/Apr/2026:16:36:43 +0000] "GET /whsy.php?p=%2Fproc%2F29354%2Fnet%2Fvlan HTTP/1.1" 200 860 "http://www.hibiscash.com.lab2454.com/whsy.php?p=%2Fproc%2F29354%2Fnet" "Mozilla/5.0 AppleWebKit/537.36 (KHTML, like Gecko; compatible; GPTBot/1.3; +https://openai.com/gptbot)"
74.7.227.181 - - [14/Apr/2026:16:36:45 +0000] "GET /whsy.php?p=%2Fproc%2F14587%2Fnet%2Frpc%2Fnfs4.idtoname HTTP/1.1" 200 744 "http://hibiscash.com.lab2454.com/whsy.php?p=%2Fproc%2F14587%2Fnet%2Frpc" "Mozilla/5.0 AppleWebKit/537.36 (KHTML, like Gecko; compatible; GPTBot/1.3; +https://openai.com/gptbot)"
74.7.242.15 - - [14/Apr/2026:16:36:46 +0000] "GET /whsy.php?p=%2Fproc%2F12430%2Fnet%2Fvlan HTTP/1.1" 200 860 "http://www.hibiscash.com.lab2454.com/whsy.php?p=%2Fproc%2F12430%2Fnet" "Mozilla/5.0 AppleWebKit/537.36 (KHTML, like Gecko; compatible; GPTBot/1.3; +https://openai.com/gptbot)"
74.7.227.181 - - [14/Apr/2026:16:36:48 +0000] "GET /whsy.php?p=%2Fproc%2F14587%2Fnet%2Frpc%2Fnfs4.nametoid HTTP/1.1" 200 743 "http://hibiscash.com.lab2454.com/whsy.php?p=%2Fproc%2F14587%2Fnet%2Frpc" "Mozilla/5.0 AppleWebKit/537.36 (KHTML, like Gecko; compatible; GPTBot/1.3; +https://openai.com/gptbot)"
74.7.242.15 - - [14/Apr/2026:16:36:50 +0000] "GET /whsy.php?p=%2Fproc%2F16452%2Fnet%2Fvlan HTTP/1.1" 200 860 "http://www.hibiscash.com.lab2454.com/whsy.php?p=%2Fproc%2F16452%2Fnet" "Mozilla/5.0 AppleWebKit/537.36 (KHTML, like Gecko; compatible; GPTBot/1.3; +https://openai.com/gptbot)"
74.7.227.181 - - [14/Apr/2026:16:36:52 +0000] "GET /whsy.php?p=%2Fproc%2F14587%2Fnet%2Frpc%2Fauth.rpcsec.context HTTP/1.1" 200 718 "http://hibiscash.com.lab2454.com/whsy.php?p=%2Fproc%2F14587%2Fnet%2Frpc" "Mozilla/5.0 AppleWebKit/537.36 (KHTML, like Gecko; compatible; GPTBot/1.3; +https://openai.com/gptbot)"
74.7.242.15 - - [14/Apr/2026:16:36:54 +0000] "GET /whsy.php?p=%2Fproc%2F12453%2Fnet%2Fvlan HTTP/1.1" 200 860 "http://www.hibiscash.com.lab2454.com/whsy.php?p=%2Fproc%2F12453%2Fnet" "Mozilla/5.0 AppleWebKit/537.36 (KHTML, like Gecko; compatible; GPTBot/1.3; +https://openai.com/gptbot)"
74.7.227.181 - - [14/Apr/2026:16:36:56 +0000] "GET /whsy.php?p=%2Fproc%2F14587%2Fnet%2Frpc%2Fauth.rpcsec.init HTTP/1.1" 200 716 "http://hibiscash.com.lab2454.com/whsy.php?p=%2Fproc%2F14587%2Fnet%2Frpc" "Mozilla/5.0 AppleWebKit/537.36 (KHTML, like Gecko; compatible; GPTBot/1.3; +https://openai.com/gptbot)"
74.7.242.15 - - [14/Apr/2026:16:36:57 +0000] "GET /whsy.php?p=%2Fproc%2F12456%2Fnet%2Fvlan HTTP/1.1" 200 860 "http://www.hibiscash.com.lab2454.com/whsy.php?p=%2Fproc%2F12456%2Fnet" "Mozilla/5.0 AppleWebKit/537.36 (KHTML, like Gecko; compatible; GPTBot/1.3; +https://openai.com/gptbot)"
74.7.227.181 - - [14/Apr/2026:16:36:59 +0000] "GET /whsy.php?p=%2Fproc%2F14587%2Fnet%2Frpc%2Fauth.unix.ip HTTP/1.1" 200 745 "http://hibiscash.com.lab2454.com/whsy.php?p=%2Fproc%2F14587%2Fnet%2Frpc" "Mozilla/5.0 AppleWebKit/537.36 (KHTML, like Gecko; compatible; GPTBot/1.3; +https://openai.com/gptbot)"
74.7.242.15 - - [14/Apr/2026:16:37:01 +0000] "GET /whsy.php?e=fscreate&p=%2Fproc%2F12430%2Fattr HTTP/1.1" 200 860 "http://www.hibiscash.com.lab2454.com/whsy.php?p=%2Fproc%2F12430%2Fattr" "Mozilla/5.0 AppleWebKit/537.36 (KHTML, like Gecko; compatible; GPTBot/1.3; +https://openai.com/gptbot)"
74.7.227.181 - - [14/Apr/2026:16:37:03 +0000] "GET /whsy.php?p=%2Fproc%2F14587%2Fnet%2Frpc%2Fnfsd.fh HTTP/1.1" 200 740 "http://hibiscash.com.lab2454.com/whsy.php?p=%2Fproc%2F14587%2Fnet%2Frpc" "Mozilla/5.0 AppleWebKit/537.36 (KHTML, like Gecko; compatible; GPTBot/1.3; +https://openai.com/gptbot)"
74.7.242.15 - - [14/Apr/2026:16:37:04 +0000] "GET /whsy.php?e=protocols&p=%2Fproc%2F15418%2Fnet HTTP/1.1" 200 860 "http://www.hibiscash.com.lab2454.com/whsy.php?p=%2Fproc%2F15418%2Fnet" "Mozilla/5.0 AppleWebKit/537.36 (KHTML, like Gecko; compatible; GPTBot/1.3; +https://openai.com/gptbot)"
74.7.227.181 - - [14/Apr/2026:16:37:07 +0000] "GET /whsy.php?p=%2Fproc%2F27208%2Fnet%2Fvlan HTTP/1.1" 200 860 "http://hibiscash.com.lab2454.com/whsy.php?p=%2Fproc%2F27208%2Fnet" "Mozilla/5.0 AppleWebKit/537.36 (KHTML, like Gecko; compatible; GPTBot/1.3; +https://openai.com/gptbot)"
74.7.242.15 - - [14/Apr/2026:16:37:08 +0000] "GET /whsy.php?e=fscreate&p=%2Fproc%2F12456%2Fattr HTTP/1.1" 200 860 "http://www.hibiscash.com.lab2454.com/whsy.php?p=%2Fproc%2F12456%2Fattr" "Mozilla/5.0 AppleWebKit/537.36 (KHTML, like Gecko; compatible; GPTBot/1.3; +https://openai.com/gptbot)"
74.7.227.181 - - [14/Apr/2026:16:37:10 +0000] "GET /whsy.php?p=%2Fproc%2F29207%2Fnet%2Fvlan HTTP/1.1" 200 860 "http://hibiscash.com.lab2454.com/whsy.php?p=%2Fproc%2F29207%2Fnet" "Mozilla/5.0 AppleWebKit/537.36 (KHTML, like Gecko; compatible; GPTBot/1.3; +https://openai.com/gptbot)"
74.7.242.15 - - [14/Apr/2026:16:37:12 +0000] "GET /whsy.php?e=fscreate&p=%2Fproc%2F12453%2Fattr HTTP/1.1" 200 860 "http://www.hibiscash.com.lab2454.com/whsy.php?p=%2Fproc%2F12453%2Fattr" "Mozilla/5.0 AppleWebKit/537.36 (KHTML, like Gecko; compatible; GPTBot/1.3; +https://openai.com/gptbot)"
74.7.242.15 - - [14/Apr/2026:16:37:16 +0000] "GET /whsy.php?e=fscreate&p=%2Fproc%2F16452%2Fattr HTTP/1.1" 200 860 "http://www.hibiscash.com.lab2454.com/whsy.php?p=%2Fproc%2F16452%2Fattr" "Mozilla/5.0 AppleWebKit/537.36 (KHTML, like Gecko; compatible; GPTBot/1.3; +https://openai.com/gptbot)"
74.7.242.15 - - [14/Apr/2026:16:37:19 +0000] "GET /whsy.php?e=fscreate&p=%2Fproc%2F29354%2Fattr HTTP/1.1" 200 860 "http://www.hibiscash.com.lab2454.com/whsy.php?p=%2Fproc%2F29354%2Fattr" "Mozilla/5.0 AppleWebKit/537.36 (KHTML, like Gecko; compatible; GPTBot/1.3; +https://openai.com/gptbot)"
74.7.227.181 - - [14/Apr/2026:16:37:21 +0000] "GET /whsy.php?p=%2Fproc%2F12451%2Fnet%2Fstat HTTP/1.1" 200 860 "http://hibiscash.com.lab2454.com/whsy.php?p=%2Fproc%2F12451%2Fnet" "Mozilla/5.0 AppleWebKit/537.36 (KHTML, like Gecko; compatible; GPTBot/1.3; +https://openai.com/gptbot)"
74.7.242.15 - - [14/Apr/2026:16:37:23 +0000] "GET /whsy.php?e=coredump_filter&p=%2Fproc%2F26656 HTTP/1.1" 200 860 "http://www.hibiscash.com.lab2454.com/whsy.php?p=%2Fproc%2F26656" "Mozilla/5.0 AppleWebKit/537.36 (KHTML, like Gecko; compatible; GPTBot/1.3; +https://openai.com/gptbot)"
74.7.242.15 - - [14/Apr/2026:16:37:26 +0000] "GET /whsy.php?e=coredump_filter&p=%2Fproc%2F26621 HTTP/1.1" 200 860 "http://www.hibiscash.com.lab2454.com/whsy.php?p=%2Fproc%2F26621" "Mozilla/5.0 AppleWebKit/537.36 (KHTML, like Gecko; compatible; GPTBot/1.3; +https://openai.com/gptbot)"
74.7.242.15 - - [14/Apr/2026:16:37:30 +0000] "GET /whsy.php?e=coredump_filter&p=%2Fproc%2F28284 HTTP/1.1" 200 860 "http://www.hibiscash.com.lab2454.com/whsy.php?p=%2Fproc%2F28284" "Mozilla/5.0 AppleWebKit/537.36 (KHTML, like Gecko; compatible; GPTBot/1.3; +https://openai.com/gptbot)"
74.7.227.181 - - [14/Apr/2026:16:37:32 +0000] "GET /whsy.php?p=%2Fproc%2F14587%2Fnet%2Frpc%2Fauth.rpcsec.context%2F.. HTTP/1.1" 200 861 "http://hibiscash.com.lab2454.com/whsy.php?p=%2Fproc%2F14587%2Fnet%2Frpc%2Fauth.rpcsec.context" "Mozilla/5.0 AppleWebKit/537.36 (KHTML, like Gecko; compatible; GPTBot/1.3; +https://openai.com/gptbot)"
74.7.242.15 - - [14/Apr/2026:16:37:33 +0000] "GET /whsy.php?e=coredump_filter&p=%2Fproc%2F29249 HTTP/1.1" 200 860 "http://www.hibiscash.com.lab2454.com/whsy.php?p=%2Fproc%2F29249" "Mozilla/5.0 AppleWebKit/537.36 (KHTML, like Gecko; compatible; GPTBot/1.3; +https://openai.com/gptbot)"
74.7.242.15 - - [14/Apr/2026:16:37:37 +0000] "GET /whsy.php?e=coredump_filter&p=%2Fproc%2F28285 HTTP/1.1" 200 860 "http://www.hibiscash.com.lab2454.com/whsy.php?p=%2Fproc%2F28285" "Mozilla/5.0 AppleWebKit/537.36 (KHTML, like Gecko; compatible; GPTBot/1.3; +https://openai.com/gptbot)"
74.7.227.181 - - [14/Apr/2026:16:37:39 +0000] "GET /whsy.php?p=%2Fproc%2F19458%2Fnet%2Frpc HTTP/1.1" 200 860 "http://hibiscash.com.lab2454.com/whsy.php?p=%2Fproc%2F19458%2Fnet" "Mozilla/5.0 AppleWebKit/537.36 (KHTML, like Gecko; compatible; GPTBot/1.3; +https://openai.com/gptbot)"
74.7.242.15 - - [14/Apr/2026:16:37:41 +0000] "GET /whsy.php?p=%2Fproc%2F12429%2Ftask%2F12429 HTTP/1.1" 200 860 "http://www.hibiscash.com.lab2454.com/whsy.php?p=%2Fproc%2F12429%2Ftask" "Mozilla/5.0 AppleWebKit/537.36 (KHTML, like Gecko; compatible; GPTBot/1.3; +https://openai.com/gptbot)"
74.7.227.181 - - [14/Apr/2026:16:37:43 +0000] "GET /whsy.php?p=%2Fproc%2F22353%2Fnet%2Fvlan HTTP/1.1" 200 860 "http://hibiscash.com.lab2454.com/whsy.php?p=%2Fproc%2F22353%2Fnet" "Mozilla/5.0 AppleWebKit/537.36 (KHTML, like Gecko; compatible; GPTBot/1.3; +https://openai.com/gptbot)"
74.7.242.15 - - [14/Apr/2026:16:37:44 +0000] "GET /whsy.php?p=%2Fproc%2F12452%2Ftask%2F12452 HTTP/1.1" 200 860 "http://www.hibiscash.com.lab2454.com/whsy.php?p=%2Fproc%2F12452%2Ftask" "Mozilla/5.0 AppleWebKit/537.36 (KHTML, like Gecko; compatible; GPTBot/1.3; +https://openai.com/gptbot)"
74.7.227.181 - - [14/Apr/2026:16:37:46 +0000] "GET /whsy.php?p=%2Fproc%2F11442%2Fnet%2Fvlan HTTP/1.1" 200 860 "http://hibiscash.com.lab2454.com/whsy.php?p=%2Fproc%2F11442%2Fnet" "Mozilla/5.0 AppleWebKit/537.36 (KHTML, like Gecko; compatible; GPTBot/1.3; +https://openai.com/gptbot)"
74.7.242.15 - - [14/Apr/2026:16:37:48 +0000] "GET /whsy.php?p=%2Fproc%2F26329%2Ftask%2F26329 HTTP/1.1" 200 860 "http://www.hibiscash.com.lab2454.com/whsy.php?p=%2Fproc%2F26329%2Ftask" "Mozilla/5.0 AppleWebKit/537.36 (KHTML, like Gecko; compatible; GPTBot/1.3; +https://openai.com/gptbot)"
74.7.242.15 - - [14/Apr/2026:16:37:51 +0000] "GET /whsy.php?p=%2Fproc%2F20762%2Ftask%2F20762 HTTP/1.1" 200 860 "http://www.hibiscash.com.lab2454.com/whsy.php?p=%2Fproc%2F20762%2Ftask" "Mozilla/5.0 AppleWebKit/537.36 (KHTML, like Gecko; compatible; GPTBot/1.3; +https://openai.com/gptbot)"
74.7.242.15 - - [14/Apr/2026:16:37:55 +0000] "GET /whsy.php?p=%2Fproc%2F28284%2Ftask%2F28284 HTTP/1.1" 200 860 "http://www.hibiscash.com.lab2454.com/whsy.php?p=%2Fproc%2F28284%2Ftask" "Mozilla/5.0 AppleWebKit/537.36 (KHTML, like Gecko; compatible; GPTBot/1.3; +https://openai.com/gptbot)"
74.7.242.15 - - [14/Apr/2026:16:37:59 +0000] "GET /whsy.php?p=%2Fproc%2F26621%2Ftask%2F26621 HTTP/1.1" 200 860 "http://www.hibiscash.com.lab2454.com/whsy.php?p=%2Fproc%2F26621%2Ftask" "Mozilla/5.0 AppleWebKit/537.36 (KHTML, like Gecko; compatible; GPTBot/1.3; +https://openai.com/gptbot)"
74.7.227.181 - - [14/Apr/2026:16:38:01 +0000] "GET /whsy.php?p=%2Fproc%2F20277%2Fnet%2Fvlan HTTP/1.1" 200 860 "http://hibiscash.com.lab2454.com/whsy.php?p=%2Fproc%2F20277%2Fnet" "Mozilla/5.0 AppleWebKit/537.36 (KHTML, like Gecko; compatible; GPTBot/1.3; +https://openai.com/gptbot)"
74.7.242.15 - - [14/Apr/2026:16:38:03 +0000] "GET /whsy.php?p=%2Fproc%2F26656%2Ftask%2F26656 HTTP/1.1" 200 860 "http://www.hibiscash.com.lab2454.com/whsy.php?p=%2Fproc%2F26656%2Ftask" "Mozilla/5.0 AppleWebKit/537.36 (KHTML, like Gecko; compatible; GPTBot/1.3; +https://openai.com/gptbot)"
74.7.227.181 - - [14/Apr/2026:16:38:05 +0000] "GET /whsy.php?p=%2Fproc%2F13017%2Fnet%2Fsctp HTTP/1.1" 200 860 "http://hibiscash.com.lab2454.com/whsy.php?p=%2Fproc%2F13017%2Fnet" "Mozilla/5.0 AppleWebKit/537.36 (KHTML, like Gecko; compatible; GPTBot/1.3; +https://openai.com/gptbot)"
74.7.242.15 - - [14/Apr/2026:16:38:06 +0000] "GET /whsy.php?p=%2Fproc%2F8185%2Ftask%2F8192%2Ffdinfo HTTP/1.1" 200 860 "http://www.hibiscash.com.lab2454.com/whsy.php?p=%2Fproc%2F8185%2Ftask%2F8192" "Mozilla/5.0 AppleWebKit/537.36 (KHTML, like Gecko; compatible; GPTBot/1.3; +https://openai.com/gptbot)"
74.7.227.181 - - [14/Apr/2026:16:38:09 +0000] "GET /whsy.php?p=%2Fproc%2F11893%2Fnet%2Frpc HTTP/1.1" 200 860 "http://hibiscash.com.lab2454.com/whsy.php?p=%2Fproc%2F11893%2Fnet" "Mozilla/5.0 AppleWebKit/537.36 (KHTML, like Gecko; compatible; GPTBot/1.3; +https://openai.com/gptbot)"
74.7.242.15 - - [14/Apr/2026:16:38:10 +0000] "GET /whsy.php?e=xfrm_stat&p=%2Fproc%2F12430%2Fnet HTTP/1.1" 200 860 "http://www.hibiscash.com.lab2454.com/whsy.php?p=%2Fproc%2F12430%2Fnet" "Mozilla/5.0 AppleWebKit/537.36 (KHTML, like Gecko; compatible; GPTBot/1.3; +https://openai.com/gptbot)"
74.7.227.181 - - [14/Apr/2026:16:38:13 +0000] "GET /whsy.php?p=%2Fproc%2F18646%2Fnet%2Fstat HTTP/1.1" 200 860 "http://hibiscash.com.lab2454.com/whsy.php?p=%2Fproc%2F18646%2Fnet" "Mozilla/5.0 AppleWebKit/537.36 (KHTML, like Gecko; compatible; GPTBot/1.3; +https://openai.com/gptbot)"
74.7.242.15 - - [14/Apr/2026:16:38:14 +0000] "GET /whsy.php?e=xfrm_stat&p=%2Fproc%2F12456%2Fnet HTTP/1.1" 200 860 "http://www.hibiscash.com.lab2454.com/whsy.php?p=%2Fproc%2F12456%2Fnet" "Mozilla/5.0 AppleWebKit/537.36 (KHTML, like Gecko; compatible; GPTBot/1.3; +https://openai.com/gptbot)"
74.7.242.15 - - [14/Apr/2026:16:38:18 +0000] "GET /whsy.php?e=dev_mcast&p=%2Fproc%2F29354%2Fnet HTTP/1.1" 200 860 "http://www.hibiscash.com.lab2454.com/whsy.php?p=%2Fproc%2F29354%2Fnet" "Mozilla/5.0 AppleWebKit/537.36 (KHTML, like Gecko; compatible; GPTBot/1.3; +https://openai.com/gptbot)"
74.7.242.15 - - [14/Apr/2026:16:38:22 +0000] "GET /whsy.php?e=xfrm_stat&p=%2Fproc%2F12453%2Fnet HTTP/1.1" 200 860 "http://www.hibiscash.com.lab2454.com/whsy.php?p=%2Fproc%2F12453%2Fnet" "Mozilla/5.0 AppleWebKit/537.36 (KHTML, like Gecko; compatible; GPTBot/1.3; +https://openai.com/gptbot)"
74.7.242.15 - - [14/Apr/2026:16:38:26 +0000] "GET /whsy.php?e=dev_mcast&p=%2Fproc%2F12453%2Fnet HTTP/1.1" 200 860 "http://www.hibiscash.com.lab2454.com/whsy.php?p=%2Fproc%2F12453%2Fnet" "Mozilla/5.0 AppleWebKit/537.36 (KHTML, like Gecko; compatible; GPTBot/1.3; +https://openai.com/gptbot)"
74.7.227.181 - - [14/Apr/2026:16:38:28 +0000] "GET /whsy.php?p=%2Fproc%2F13055%2Fnet%2Fsctp HTTP/1.1" 200 860 "http://hibiscash.com.lab2454.com/whsy.php?p=%2Fproc%2F13055%2Fnet" "Mozilla/5.0 AppleWebKit/537.36 (KHTML, like Gecko; compatible; GPTBot/1.3; +https://openai.com/gptbot)"
74.7.242.15 - - [14/Apr/2026:16:38:29 +0000] "GET /whsy.php?e=xfrm_stat&p=%2Fproc%2F29354%2Fnet HTTP/1.1" 200 860 "http://www.hibiscash.com.lab2454.com/whsy.php?p=%2Fproc%2F29354%2Fnet" "Mozilla/5.0 AppleWebKit/537.36 (KHTML, like Gecko; compatible; GPTBot/1.3; +https://openai.com/gptbot)"
74.7.242.15 - - [14/Apr/2026:16:38:33 +0000] "GET /whsy.php?e=dev_mcast&p=%2Fproc%2F16452%2Fnet HTTP/1.1" 200 860 "http://www.hibiscash.com.lab2454.com/whsy.php?p=%2Fproc%2F16452%2Fnet" "Mozilla/5.0 AppleWebKit/537.36 (KHTML, like Gecko; compatible; GPTBot/1.3; +https://openai.com/gptbot)"
74.7.227.181 - - [14/Apr/2026:16:38:36 +0000] "GET /whsy.php?p=%2Fproc%2F30576%2Fnet%2Frpc HTTP/1.1" 200 860 "http://hibiscash.com.lab2454.com/whsy.php?p=%2Fproc%2F30576%2Fnet" "Mozilla/5.0 AppleWebKit/537.36 (KHTML, like Gecko; compatible; GPTBot/1.3; +https://openai.com/gptbot)"
74.7.242.15 - - [14/Apr/2026:16:38:37 +0000] "GET /whsy.php?e=dev_mcast&p=%2Fproc%2F12430%2Fnet HTTP/1.1" 200 860 "http://www.hibiscash.com.lab2454.com/whsy.php?p=%2Fproc%2F12430%2Fnet" "Mozilla/5.0 AppleWebKit/537.36 (KHTML, like Gecko; compatible; GPTBot/1.3; +https://openai.com/gptbot)"
74.7.227.181 - - [14/Apr/2026:16:38:39 +0000] "GET /whsy.php?p=%2Fproc%2F12758%2Fnet%2Fstat HTTP/1.1" 200 860 "http://hibiscash.com.lab2454.com/whsy.php?p=%2Fproc%2F12758%2Fnet" "Mozilla/5.0 AppleWebKit/537.36 (KHTML, like Gecko; compatible; GPTBot/1.3; +https://openai.com/gptbot)"
74.7.242.15 - - [14/Apr/2026:16:38:41 +0000] "GET /whsy.php?e=xfrm_stat&p=%2Fproc%2F16452%2Fnet HTTP/1.1" 200 860 "http://www.hibiscash.com.lab2454.com/whsy.php?p=%2Fproc%2F16452%2Fnet" "Mozilla/5.0 AppleWebKit/537.36 (KHTML, like Gecko; compatible; GPTBot/1.3; +https://openai.com/gptbot)"
74.7.242.15 - - [14/Apr/2026:16:38:44 +0000] "GET /whsy.php?e=projid_map&p=%2Fproc%2F8185 HTTP/1.1" 200 860 "http://www.hibiscash.com.lab2454.com/whsy.php?p=%2Fproc%2F8185" "Mozilla/5.0 AppleWebKit/537.36 (KHTML, like Gecko; compatible; GPTBot/1.3; +https://openai.com/gptbot)"
74.7.227.181 - - [14/Apr/2026:16:38:47 +0000] "GET /whsy.php?p=%2Fproc%2F31757%2Fnet%2Fstat HTTP/1.1" 200 860 "http://hibiscash.com.lab2454.com/whsy.php?p=%2Fproc%2F31757%2Fnet" "Mozilla/5.0 AppleWebKit/537.36 (KHTML, like Gecko; compatible; GPTBot/1.3; +https://openai.com/gptbot)"
74.7.242.15 - - [14/Apr/2026:16:38:48 +0000] "GET /whsy.php?e=snmp6&p=%2Fproc%2F20762%2Fnet HTTP/1.1" 200 860 "http://www.hibiscash.com.lab2454.com/whsy.php?p=%2Fproc%2F20762%2Fnet" "Mozilla/5.0 AppleWebKit/537.36 (KHTML, like Gecko; compatible; GPTBot/1.3; +https://openai.com/gptbot)"
74.7.242.15 - - [14/Apr/2026:16:38:52 +0000] "GET /whsy.php?e=igmp6&p=%2Fproc%2F22632%2Fnet HTTP/1.1" 200 860 "http://www.hibiscash.com.lab2454.com/whsy.php?p=%2Fproc%2F22632%2Fnet" "Mozilla/5.0 AppleWebKit/537.36 (KHTML, like Gecko; compatible; GPTBot/1.3; +https://openai.com/gptbot)"
74.7.242.15 - - [14/Apr/2026:16:38:55 +0000] "GET /whsy.php?e=snmp6&p=%2Fproc%2F28284%2Fnet HTTP/1.1" 200 860 "http://www.hibiscash.com.lab2454.com/whsy.php?p=%2Fproc%2F28284%2Fnet" "Mozilla/5.0 AppleWebKit/537.36 (KHTML, like Gecko; compatible; GPTBot/1.3; +https://openai.com/gptbot)"
74.7.227.181 - - [14/Apr/2026:16:38:58 +0000] "GET /whsy.php?p=%2Fproc%2F10692%2Fnet%2Fstat HTTP/1.1" 200 820 "http://hibiscash.com.lab2454.com/whsy.php?p=%2Fproc%2F10692%2Fnet" "Mozilla/5.0 AppleWebKit/537.36 (KHTML, like Gecko; compatible; GPTBot/1.3; +https://openai.com/gptbot)"
74.7.242.15 - - [14/Apr/2026:16:38:59 +0000] "GET /whsy.php?e=snmp6&p=%2Fproc%2F26329%2Fnet HTTP/1.1" 200 860 "http://www.hibiscash.com.lab2454.com/whsy.php?p=%2Fproc%2F26329%2Fnet" "Mozilla/5.0 AppleWebKit/537.36 (KHTML, like Gecko; compatible; GPTBot/1.3; +https://openai.com/gptbot)"
74.7.227.181 - - [14/Apr/2026:16:39:02 +0000] "GET /whsy.php?p=%2Fproc%2F11891%2Fnet%2Fstat HTTP/1.1" 200 860 "http://hibiscash.com.lab2454.com/whsy.php?p=%2Fproc%2F11891%2Fnet" "Mozilla/5.0 AppleWebKit/537.36 (KHTML, like Gecko; compatible; GPTBot/1.3; +https://openai.com/gptbot)"
74.7.242.15 - - [14/Apr/2026:16:39:03 +0000] "GET /whsy.php?e=nf_conntrack&p=%2Fproc%2F22632%2Fnet HTTP/1.1" 200 860 "http://www.hibiscash.com.lab2454.com/whsy.php?p=%2Fproc%2F22632%2Fnet" "Mozilla/5.0 AppleWebKit/537.36 (KHTML, like Gecko; compatible; GPTBot/1.3; +https://openai.com/gptbot)"
74.7.227.181 - - [14/Apr/2026:16:39:06 +0000] "GET /whsy.php?p=%2Fproc%2F17898%2Fnet%2Fstat HTTP/1.1" 200 860 "http://hibiscash.com.lab2454.com/whsy.php?p=%2Fproc%2F17898%2Fnet" "Mozilla/5.0 AppleWebKit/537.36 (KHTML, like Gecko; compatible; GPTBot/1.3; +https://openai.com/gptbot)"
74.7.242.15 - - [14/Apr/2026:16:39:07 +0000] "GET /whsy.php?e=fib_triestat&p=%2Fproc%2F30907%2Fnet HTTP/1.1" 200 860 "http://www.hibiscash.com.lab2454.com/whsy.php?p=%2Fproc%2F30907%2Fnet" "Mozilla/5.0 AppleWebKit/537.36 (KHTML, like Gecko; compatible; GPTBot/1.3; +https://openai.com/gptbot)"
74.7.242.15 - - [14/Apr/2026:16:39:12 +0000] "GET /whsy.php?e=fib_triestat&p=%2Fproc%2F15418%2Fnet HTTP/1.1" 200 860 "http://www.hibiscash.com.lab2454.com/whsy.php?p=%2Fproc%2F15418%2Fnet" "Mozilla/5.0 AppleWebKit/537.36 (KHTML, like Gecko; compatible; GPTBot/1.3; +https://openai.com/gptbot)"
74.7.227.181 - - [14/Apr/2026:16:39:15 +0000] "GET /whsy.php?p=%2Fproc%2F31027%2Fnet%2Fstat HTTP/1.1" 200 860 "http://hibiscash.com.lab2454.com/whsy.php?p=%2Fproc%2F31027%2Fnet" "Mozilla/5.0 AppleWebKit/537.36 (KHTML, like Gecko; compatible; GPTBot/1.3; +https://openai.com/gptbot)"
74.7.242.15 - - [14/Apr/2026:16:39:16 +0000] "GET /whsy.php?e=ip_vs_stats&p=%2Fproc%2F15418%2Fnet HTTP/1.1" 200 860 "http://www.hibiscash.com.lab2454.com/whsy.php?p=%2Fproc%2F15418%2Fnet" "Mozilla/5.0 AppleWebKit/537.36 (KHTML, like Gecko; compatible; GPTBot/1.3; +https://openai.com/gptbot)"
74.7.242.15 - - [14/Apr/2026:16:39:20 +0000] "GET /whsy.php?e=ip_mr_cache&p=%2Fproc%2F12430%2Fnet HTTP/1.1" 200 860 "http://www.hibiscash.com.lab2454.com/whsy.php?p=%2Fproc%2F12430%2Fnet" "Mozilla/5.0 AppleWebKit/537.36 (KHTML, like Gecko; compatible; GPTBot/1.3; +https://openai.com/gptbot)"
74.7.242.15 - - [14/Apr/2026:16:39:24 +0000] "GET /whsy.php?e=ip_mr_cache&p=%2Fproc%2F30907%2Fnet HTTP/1.1" 200 860 "http://www.hibiscash.com.lab2454.com/whsy.php?p=%2Fproc%2F30907%2Fnet" "Mozilla/5.0 AppleWebKit/537.36 (KHTML, like Gecko; compatible; GPTBot/1.3; +https://openai.com/gptbot)"
74.7.242.15 - - [14/Apr/2026:16:39:27 +0000] "GET /whsy.php?e=ip_mr_cache&p=%2Fproc%2F12453%2Fnet HTTP/1.1" 200 860 "http://www.hibiscash.com.lab2454.com/whsy.php?p=%2Fproc%2F12453%2Fnet" "Mozilla/5.0 AppleWebKit/537.36 (KHTML, like Gecko; compatible; GPTBot/1.3; +https://openai.com/gptbot)"
74.7.227.181 - - [14/Apr/2026:16:39:30 +0000] "GET /whsy.php?p=%2Fproc%2F15422%2Fnet%2Fvlan HTTP/1.1" 200 860 "http://hibiscash.com.lab2454.com/whsy.php?p=%2Fproc%2F15422%2Fnet" "Mozilla/5.0 AppleWebKit/537.36 (KHTML, like Gecko; compatible; GPTBot/1.3; +https://openai.com/gptbot)"
74.7.242.15 - - [14/Apr/2026:16:39:31 +0000] "GET /whsy.php?e=ip_vs_stats&p=%2Fproc%2F30907%2Fnet HTTP/1.1" 200 860 "http://www.hibiscash.com.lab2454.com/whsy.php?p=%2Fproc%2F30907%2Fnet" "Mozilla/5.0 AppleWebKit/537.36 (KHTML, like Gecko; compatible; GPTBot/1.3; +https://openai.com/gptbot)"
74.7.242.15 - - [14/Apr/2026:16:39:35 +0000] "GET /whsy.php?e=ip_mr_cache&p=%2Fproc%2F16452%2Fnet HTTP/1.1" 200 860 "http://www.hibiscash.com.lab2454.com/whsy.php?p=%2Fproc%2F16452%2Fnet" "Mozilla/5.0 AppleWebKit/537.36 (KHTML, like Gecko; compatible; GPTBot/1.3; +https://openai.com/gptbot)"
74.7.242.15 - - [14/Apr/2026:16:39:38 +0000] "GET /whsy.php?e=ip_mr_cache&p=%2Fproc%2F12456%2Fnet HTTP/1.1" 200 860 "http://www.hibiscash.com.lab2454.com/whsy.php?p=%2Fproc%2F12456%2Fnet" "Mozilla/5.0 AppleWebKit/537.36 (KHTML, like Gecko; compatible; GPTBot/1.3; +https://openai.com/gptbot)"
74.7.227.181 - - [14/Apr/2026:16:39:41 +0000] "GET /whsy.php?p=%2Fproc%2F14289%2Fnet%2Fstat HTTP/1.1" 200 860 "http://hibiscash.com.lab2454.com/whsy.php?p=%2Fproc%2F14289%2Fnet" "Mozilla/5.0 AppleWebKit/537.36 (KHTML, like Gecko; compatible; GPTBot/1.3; +https://openai.com/gptbot)"
74.7.242.15 - - [14/Apr/2026:16:39:42 +0000] "GET /whsy.php?e=ip_mr_cache&p=%2Fproc%2F15418%2Fnet HTTP/1.1" 200 860 "http://www.hibiscash.com.lab2454.com/whsy.php?p=%2Fproc%2F15418%2Fnet" "Mozilla/5.0 AppleWebKit/537.36 (KHTML, like Gecko; compatible; GPTBot/1.3; +https://openai.com/gptbot)"
74.7.242.15 - - [14/Apr/2026:16:39:46 +0000] "GET /whsy.php?e=ip_mr_cache&p=%2Fproc%2F29354%2Fnet HTTP/1.1" 200 860 "http://www.hibiscash.com.lab2454.com/whsy.php?p=%2Fproc%2F29354%2Fnet" "Mozilla/5.0 AppleWebKit/537.36 (KHTML, like Gecko; compatible; GPTBot/1.3; +https://openai.com/gptbot)"
74.7.227.181 - - [14/Apr/2026:16:39:48 +0000] "GET /whsy.php?p=%2Fproc%2F10590%2Fnet%2Frpc HTTP/1.1" 200 860 "http://hibiscash.com.lab2454.com/whsy.php?p=%2Fproc%2F10590%2Fnet" "Mozilla/5.0 AppleWebKit/537.36 (KHTML, like Gecko; compatible; GPTBot/1.3; +https://openai.com/gptbot)"
74.7.242.15 - - [14/Apr/2026:16:39:49 +0000] "GET /whsy.php?e=icmp6&p=%2Fproc%2F22632%2Fnet HTTP/1.1" 200 860 "http://www.hibiscash.com.lab2454.com/whsy.php?p=%2Fproc%2F22632%2Fnet" "Mozilla/5.0 AppleWebKit/537.36 (KHTML, like Gecko; compatible; GPTBot/1.3; +https://openai.com/gptbot)"
74.7.242.15 - - [14/Apr/2026:16:39:53 +0000] "GET /whsy.php?e=icmp6&p=%2Fproc%2F26621%2Fnet HTTP/1.1" 200 860 "http://www.hibiscash.com.lab2454.com/whsy.php?p=%2Fproc%2F26621%2Fnet" "Mozilla/5.0 AppleWebKit/537.36 (KHTML, like Gecko; compatible; GPTBot/1.3; +https://openai.com/gptbot)"
74.7.242.15 - - [14/Apr/2026:16:39:56 +0000] "GET /whsy.php?e=snmp6&p=%2Fproc%2F26621%2Fnet HTTP/1.1" 200 860 "http://www.hibiscash.com.lab2454.com/whsy.php?p=%2Fproc%2F26621%2Fnet" "Mozilla/5.0 AppleWebKit/537.36 (KHTML, like Gecko; compatible; GPTBot/1.3; +https://openai.com/gptbot)"
74.7.242.15 - - [14/Apr/2026:16:40:00 +0000] "GET /whsy.php?e=snmp6&p=%2Fproc%2F22632%2Fnet HTTP/1.1" 200 860 "http://www.hibiscash.com.lab2454.com/whsy.php?p=%2Fproc%2F22632%2Fnet" "Mozilla/5.0 AppleWebKit/537.36 (KHTML, like Gecko; compatible; GPTBot/1.3; +https://openai.com/gptbot)"
74.7.242.15 - - [14/Apr/2026:16:40:04 +0000] "GET /whsy.php?p=%2Fproc%2F12455%2Ftask%2F12455 HTTP/1.1" 200 860 "http://www.hibiscash.com.lab2454.com/whsy.php?p=%2Fproc%2F12455%2Ftask" "Mozilla/5.0 AppleWebKit/537.36 (KHTML, like Gecko; compatible; GPTBot/1.3; +https://openai.com/gptbot)"
74.7.242.15 - - [14/Apr/2026:16:40:08 +0000] "GET /whsy.php?p=%2Fproc%2F25667%2Ftask%2F25667 HTTP/1.1" 200 860 "http://www.hibiscash.com.lab2454.com/whsy.php?p=%2Fproc%2F25667%2Ftask" "Mozilla/5.0 AppleWebKit/537.36 (KHTML, like Gecko; compatible; GPTBot/1.3; +https://openai.com/gptbot)"
74.7.227.181 - - [14/Apr/2026:16:40:09 +0000] "GET /whsy.php?p=%2Fproc%2F11894%2Fnet%2Fstat HTTP/1.1" 200 860 "http://hibiscash.com.lab2454.com/whsy.php?p=%2Fproc%2F11894%2Fnet" "Mozilla/5.0 AppleWebKit/537.36 (KHTML, like Gecko; compatible; GPTBot/1.3; +https://openai.com/gptbot)"
74.7.242.15 - - [14/Apr/2026:16:40:11 +0000] "GET /whsy.php?p=%2Fproc%2F12454%2Ftask%2F12454 HTTP/1.1" 200 860 "http://www.hibiscash.com.lab2454.com/whsy.php?p=%2Fproc%2F12454%2Ftask" "Mozilla/5.0 AppleWebKit/537.36 (KHTML, like Gecko; compatible; GPTBot/1.3; +https://openai.com/gptbot)"
74.7.242.15 - - [14/Apr/2026:16:40:15 +0000] "GET /whsy.php?p=%2Fproc%2F12448%2Ftask%2F12448 HTTP/1.1" 200 860 "http://www.hibiscash.com.lab2454.com/whsy.php?p=%2Fproc%2F12448%2Ftask" "Mozilla/5.0 AppleWebKit/537.36 (KHTML, like Gecko; compatible; GPTBot/1.3; +https://openai.com/gptbot)"
74.7.227.181 - - [14/Apr/2026:16:40:17 +0000] "GET /whsy.php?p=%2Fproc%2F20870%2Fnet%2Fstat HTTP/1.1" 200 860 "http://hibiscash.com.lab2454.com/whsy.php?p=%2Fproc%2F20870%2Fnet" "Mozilla/5.0 AppleWebKit/537.36 (KHTML, like Gecko; compatible; GPTBot/1.3; +https://openai.com/gptbot)"
74.7.242.15 - - [14/Apr/2026:16:40:18 +0000] "GET /whsy.php?p=%2Fproc%2F21517%2Ftask%2F21517 HTTP/1.1" 200 860 "http://www.hibiscash.com.lab2454.com/whsy.php?p=%2Fproc%2F21517%2Ftask" "Mozilla/5.0 AppleWebKit/537.36 (KHTML, like Gecko; compatible; GPTBot/1.3; +https://openai.com/gptbot)"
74.7.242.15 - - [14/Apr/2026:16:40:22 +0000] "GET /whsy.php?p=%2Fproc%2F12449%2Ftask%2F12449 HTTP/1.1" 200 860 "http://www.hibiscash.com.lab2454.com/whsy.php?p=%2Fproc%2F12449%2Ftask" "Mozilla/5.0 AppleWebKit/537.36 (KHTML, like Gecko; compatible; GPTBot/1.3; +https://openai.com/gptbot)"
