66.249.64.34 - - [14/Apr/2026:06:14:51 +0000] "GET /f/special/shuunou/ HTTP/1.1" 200 27918 "-" "Mozilla/5.0 (Linux; Android 6.0.1; Nexus 5X Build/MMB29P) AppleWebKit/537.36 (KHTML, like Gecko) Chrome/146.0.7680.177 Mobile Safari/537.36 (compatible; GoogleOther)"
185.191.171.1 - - [14/Apr/2026:06:15:41 +0000] "GET /shop/pg/116891 HTTP/1.1" 500 164 "-" "Mozilla/5.0 (compatible; SemrushBot/7~bl; +http://www.semrush.com/bot.html)"
185.191.171.13 - - [14/Apr/2026:06:16:42 +0000] "GET /shopping/products/1619965613 HTTP/1.1" 500 164 "-" "Mozilla/5.0 (compatible; SemrushBot/7~bl; +http://www.semrush.com/bot.html)"
74.7.242.41 - - [14/Apr/2026:06:16:51 +0000] "GET /shop/pg/2382621 HTTP/1.1" 500 1004 "http://mail.elementalmill.com/shop/customer/bookmark.php?shopping/products/16222382621" "Mozilla/5.0 AppleWebKit/537.36 (KHTML, like Gecko; compatible; GPTBot/1.3; +https://openai.com/gptbot)"
85.208.96.210 - - [14/Apr/2026:06:17:43 +0000] "GET /shopping/products/1619959996 HTTP/1.1" 500 164 "-" "Mozilla/5.0 (compatible; SemrushBot/7~bl; +http://www.semrush.com/bot.html)"
74.7.227.48 - - [14/Apr/2026:06:17:44 +0000] "GET /shop/pg/2498704 HTTP/1.1" 500 1004 "http://www.elementalmill.com/shopping/products/16222498704" "Mozilla/5.0 AppleWebKit/537.36 (KHTML, like Gecko; compatible; GPTBot/1.3; +https://openai.com/gptbot)"
74.7.242.41 - - [14/Apr/2026:06:17:54 +0000] "GET /shop/pg/1402803 HTTP/1.1" 500 1004 "http://mail.elementalmill.com/shop/customer/bookmark.php?shopping/products/16201402803" "Mozilla/5.0 AppleWebKit/537.36 (KHTML, like Gecko; compatible; GPTBot/1.3; +https://openai.com/gptbot)"
40.77.167.152 - - [14/Apr/2026:06:18:04 +0000] "GET /shop/88964271965.html HTTP/1.1" 200 27447 "-" "Mozilla/5.0 AppleWebKit/537.36 (KHTML, like Gecko; compatible; bingbot/2.0; +http://www.bing.com/bingbot.htm) Chrome/116.0.1938.76 Safari/537.36"
66.249.64.35 - - [14/Apr/2026:06:18:41 +0000] "GET /green/ HTTP/1.1" 200 27064 "-" "Mozilla/5.0 (Linux; Android 6.0.1; Nexus 5X Build/MMB29P) AppleWebKit/537.36 (KHTML, like Gecko) Chrome/146.0.7680.177 Mobile Safari/537.36 (compatible; GoogleOther)"
185.191.171.2 - - [14/Apr/2026:06:18:44 +0000] "GET /shopping/products/1619937712 HTTP/1.1" 500 164 "-" "Mozilla/5.0 (compatible; SemrushBot/7~bl; +http://www.semrush.com/bot.html)"
74.7.242.41 - - [14/Apr/2026:06:18:59 +0000] "GET /shop/pg/2046258 HTTP/1.1" 500 1004 "http://mail.elementalmill.com/shopping/products/16222046258" "Mozilla/5.0 AppleWebKit/537.36 (KHTML, like Gecko; compatible; GPTBot/1.3; +https://openai.com/gptbot)"
185.191.171.14 - - [14/Apr/2026:06:19:45 +0000] "GET /shop/pg/1619889722 HTTP/1.1" 500 164 "-" "Mozilla/5.0 (compatible; SemrushBot/7~bl; +http://www.semrush.com/bot.html)"
74.7.242.41 - - [14/Apr/2026:06:20:05 +0000] "GET /shop/pg/1902189 HTTP/1.1" 500 1004 "http://mail.elementalmill.com/shopping/products/16211902189" "Mozilla/5.0 AppleWebKit/537.36 (KHTML, like Gecko; compatible; GPTBot/1.3; +https://openai.com/gptbot)"
185.191.171.9 - - [14/Apr/2026:06:20:46 +0000] "GET /shop/pg/16222083589 HTTP/1.1" 500 164 "-" "Mozilla/5.0 (compatible; SemrushBot/7~bl; +http://www.semrush.com/bot.html)"
74.7.242.41 - - [14/Apr/2026:06:21:07 +0000] "GET /shop/pg/1167728 HTTP/1.1" 500 1004 "http://mail.elementalmill.com/shopping/products/16201167728" "Mozilla/5.0 AppleWebKit/537.36 (KHTML, like Gecko; compatible; GPTBot/1.3; +https://openai.com/gptbot)"
85.208.96.200 - - [14/Apr/2026:06:21:47 +0000] "GET /shopping/products/1619931151 HTTP/1.1" 500 164 "-" "Mozilla/5.0 (compatible; SemrushBot/7~bl; +http://www.semrush.com/bot.html)"
74.7.242.41 - - [14/Apr/2026:06:22:09 +0000] "GET /shop/pg/1459835 HTTP/1.1" 500 1004 "http://mail.elementalmill.com/shop/pg/16201243376" "Mozilla/5.0 AppleWebKit/537.36 (KHTML, like Gecko; compatible; GPTBot/1.3; +https://openai.com/gptbot)"
66.249.64.35 - - [14/Apr/2026:06:22:32 +0000] "GET /odr/coupon/couponListView?target=1 HTTP/1.1" 200 27264 "-" "Mozilla/5.0 (Linux; Android 6.0.1; Nexus 5X Build/MMB29P) AppleWebKit/537.36 (KHTML, like Gecko) Chrome/146.0.7680.177 Mobile Safari/537.36 (compatible; GoogleOther)"
185.191.171.13 - - [14/Apr/2026:06:22:49 +0000] "GET /shopping/products/1619952302 HTTP/1.1" 500 164 "-" "Mozilla/5.0 (compatible; SemrushBot/7~bl; +http://www.semrush.com/bot.html)"
74.7.242.41 - - [14/Apr/2026:06:22:56 +0000] "GET /shop/pg/16201159017 HTTP/1.1" 500 1004 "http://www.elementalmill.com" "Mozilla/5.0 AppleWebKit/537.36 (KHTML, like Gecko; compatible; GPTBot/1.3; +https://openai.com/gptbot)"
85.208.96.194 - - [14/Apr/2026:06:23:50 +0000] "GET /shop/pg/244495 HTTP/1.1" 500 164 "-" "Mozilla/5.0 (compatible; SemrushBot/7~bl; +http://www.semrush.com/bot.html)"
74.7.242.41 - - [14/Apr/2026:06:23:58 +0000] "GET /shop/pg/16201038433 HTTP/1.1" 500 1004 "http://www.elementalmill.com" "Mozilla/5.0 AppleWebKit/537.36 (KHTML, like Gecko; compatible; GPTBot/1.3; +https://openai.com/gptbot)"
74.7.242.41 - - [14/Apr/2026:06:24:11 +0000] "GET /shop/pg/1573757 HTTP/1.1" 500 1004 "http://mail.elementalmill.com/shopping/products/16211573757" "Mozilla/5.0 AppleWebKit/537.36 (KHTML, like Gecko; compatible; GPTBot/1.3; +https://openai.com/gptbot)"
185.191.171.19 - - [14/Apr/2026:06:24:51 +0000] "GET /shopping/products/1619876180 HTTP/1.1" 500 164 "-" "Mozilla/5.0 (compatible; SemrushBot/7~bl; +http://www.semrush.com/bot.html)"
66.249.64.35 - - [14/Apr/2026:06:24:59 +0000] "GET /guide/knowledge/order.html HTTP/1.1" 200 28681 "-" "Mozilla/5.0 (Linux; Android 6.0.1; Nexus 5X Build/MMB29P) AppleWebKit/537.36 (KHTML, like Gecko) Chrome/146.0.7680.177 Mobile Safari/537.36 (compatible; GoogleOther)"
74.7.242.41 - - [14/Apr/2026:06:25:03 +0000] "GET /shop/pg/16232514218 HTTP/1.1" 500 1004 "http://www.elementalmill.com" "Mozilla/5.0 AppleWebKit/537.36 (KHTML, like Gecko; compatible; GPTBot/1.3; +https://openai.com/gptbot)"
74.7.242.41 - - [14/Apr/2026:06:25:15 +0000] "GET /shop/pg/1080899 HTTP/1.1" 500 1004 "http://mail.elementalmill.com/shop/customer/bookmark.php?shopping/products/16201080899" "Mozilla/5.0 AppleWebKit/537.36 (KHTML, like Gecko; compatible; GPTBot/1.3; +https://openai.com/gptbot)"
185.191.171.9 - - [14/Apr/2026:06:25:52 +0000] "GET /shopping/products/1619937575 HTTP/1.1" 500 164 "-" "Mozilla/5.0 (compatible; SemrushBot/7~bl; +http://www.semrush.com/bot.html)"
74.7.227.48 - - [14/Apr/2026:06:26:02 +0000] "GET /shop/pg/1959518 HTTP/1.1" 500 1004 "http://www.elementalmill.com/shopping/products/16211959518" "Mozilla/5.0 AppleWebKit/537.36 (KHTML, like Gecko; compatible; GPTBot/1.3; +https://openai.com/gptbot)"
74.7.242.41 - - [14/Apr/2026:06:26:05 +0000] "GET /shop/pg/16201154911 HTTP/1.1" 500 1004 "http://www.elementalmill.com" "Mozilla/5.0 AppleWebKit/537.36 (KHTML, like Gecko; compatible; GPTBot/1.3; +https://openai.com/gptbot)"
40.77.167.28 - - [14/Apr/2026:06:26:13 +0000] "GET /shop/891557023335.html HTTP/1.1" 200 27380 "-" "Mozilla/5.0 AppleWebKit/537.36 (KHTML, like Gecko; compatible; bingbot/2.0; +http://www.bing.com/bingbot.htm) Chrome/116.0.1938.76 Safari/537.36"
74.7.242.41 - - [14/Apr/2026:06:26:18 +0000] "GET /shop/pg/2560110 HTTP/1.1" 500 1004 "http://mail.elementalmill.com/shop/customer/bookmark.php?shopping/products/16232560110" "Mozilla/5.0 AppleWebKit/537.36 (KHTML, like Gecko; compatible; GPTBot/1.3; +https://openai.com/gptbot)"
85.208.96.209 - - [14/Apr/2026:06:26:52 +0000] "GET /shop/pg/16222071112 HTTP/1.1" 500 164 "-" "Mozilla/5.0 (compatible; SemrushBot/7~bl; +http://www.semrush.com/bot.html)"
74.7.227.48 - - [14/Apr/2026:06:27:07 +0000] "GET /shop/pg/1481584 HTTP/1.1" 500 1004 "http://www.elementalmill.com/shopping/products/16201481584" "Mozilla/5.0 AppleWebKit/537.36 (KHTML, like Gecko; compatible; GPTBot/1.3; +https://openai.com/gptbot)"
74.7.242.41 - - [14/Apr/2026:06:27:21 +0000] "GET /shop/pg/1530994 HTTP/1.1" 500 1004 "http://mail.elementalmill.com/shop/customer/bookmark.php?shopping/products/16211530994" "Mozilla/5.0 AppleWebKit/537.36 (KHTML, like Gecko; compatible; GPTBot/1.3; +https://openai.com/gptbot)"
85.208.96.202 - - [14/Apr/2026:06:27:54 +0000] "GET /shop/pg/16211797975 HTTP/1.1" 500 164 "-" "Mozilla/5.0 (compatible; SemrushBot/7~bl; +http://www.semrush.com/bot.html)"
74.7.242.41 - - [14/Apr/2026:06:28:28 +0000] "GET /shop/pg/1752675 HTTP/1.1" 500 1004 "http://mail.elementalmill.com/shopping/products/16211752675" "Mozilla/5.0 AppleWebKit/537.36 (KHTML, like Gecko; compatible; GPTBot/1.3; +https://openai.com/gptbot)"
85.208.96.202 - - [14/Apr/2026:06:28:55 +0000] "GET /shopping/products/1619980823 HTTP/1.1" 500 164 "-" "Mozilla/5.0 (compatible; SemrushBot/7~bl; +http://www.semrush.com/bot.html)"
74.7.242.41 - - [14/Apr/2026:06:29:31 +0000] "GET /shop/pg/1681796 HTTP/1.1" 500 1004 "http://mail.elementalmill.com/shop/customer/bookmark.php?shopping/products/16211681796" "Mozilla/5.0 AppleWebKit/537.36 (KHTML, like Gecko; compatible; GPTBot/1.3; +https://openai.com/gptbot)"
167.172.33.170 - - [14/Apr/2026:06:29:45 +0000] "GET / HTTP/1.1" 500 1004 "-" "Mozilla/5.0 (X11; Linux x86_64; rv:142.0) Gecko/20100101 Firefox/142.0"
167.172.33.170 - - [14/Apr/2026:06:29:46 +0000] "GET /favicon.ico HTTP/1.1" 500 1004 "http://www.elementalmill.com.lab2454.com/" "Mozilla/5.0 (X11; Linux x86_64; rv:142.0) Gecko/20100101 Firefox/142.0"
85.208.96.196 - - [14/Apr/2026:06:29:55 +0000] "GET /shop/pg/16201080312 HTTP/1.1" 500 164 "-" "Mozilla/5.0 (compatible; SemrushBot/7~bl; +http://www.semrush.com/bot.html)"
66.249.64.33 - - [14/Apr/2026:06:30:14 +0000] "GET /f/footwear/slipper00/ HTTP/1.1" 200 27600 "-" "Mozilla/5.0 (Linux; Android 6.0.1; Nexus 5X Build/MMB29P) AppleWebKit/537.36 (KHTML, like Gecko) Chrome/146.0.7680.177 Mobile Safari/537.36 (compatible; GoogleOther)"
74.7.242.41 - - [14/Apr/2026:06:30:35 +0000] "GET /shop/pg/2509729 HTTP/1.1" 500 1004 "http://mail.elementalmill.com/shop/customer/bookmark.php?shopping/products/16232509729" "Mozilla/5.0 AppleWebKit/537.36 (KHTML, like Gecko; compatible; GPTBot/1.3; +https://openai.com/gptbot)"
185.191.171.11 - - [14/Apr/2026:06:30:57 +0000] "GET /shopping/products/1619892946 HTTP/1.1" 500 164 "-" "Mozilla/5.0 (compatible; SemrushBot/7~bl; +http://www.semrush.com/bot.html)"
74.7.243.205 - - [14/Apr/2026:06:31:13 +0000] "GET /shop/pg/2353228 HTTP/1.1" 500 1004 "http://www.elementalmill.com.lab2454.com/shop/customer/bookmark.php?shopping/products/16222353228" "Mozilla/5.0 AppleWebKit/537.36 (KHTML, like Gecko; compatible; GPTBot/1.3; +https://openai.com/gptbot)"
74.7.242.41 - - [14/Apr/2026:06:31:19 +0000] "GET /shop/pg/16211855631 HTTP/1.1" 500 1004 "http://www.elementalmill.com" "Mozilla/5.0 AppleWebKit/537.36 (KHTML, like Gecko; compatible; GPTBot/1.3; +https://openai.com/gptbot)"
74.7.227.185 - - [14/Apr/2026:06:31:24 +0000] "GET /shopping/products/16201272943 HTTP/1.1" 500 1004 "http://elementalmill.com.lab2454.com/shopping/products/16232590435" "Mozilla/5.0 AppleWebKit/537.36 (KHTML, like Gecko; compatible; GPTBot/1.3; +https://openai.com/gptbot)"
74.7.242.41 - - [14/Apr/2026:06:31:39 +0000] "GET /shop/pg/1330968 HTTP/1.1" 500 1004 "http://mail.elementalmill.com/shop/pg/16211706065" "Mozilla/5.0 AppleWebKit/537.36 (KHTML, like Gecko; compatible; GPTBot/1.3; +https://openai.com/gptbot)"
185.191.171.19 - - [14/Apr/2026:06:31:58 +0000] "GET /shopping/products/1619975970 HTTP/1.1" 500 164 "-" "Mozilla/5.0 (compatible; SemrushBot/7~bl; +http://www.semrush.com/bot.html)"
74.7.242.41 - - [14/Apr/2026:06:32:24 +0000] "GET /shop/pg/16201056270 HTTP/1.1" 500 1004 "http://www.elementalmill.com" "Mozilla/5.0 AppleWebKit/537.36 (KHTML, like Gecko; compatible; GPTBot/1.3; +https://openai.com/gptbot)"
74.7.227.48 - - [14/Apr/2026:06:32:24 +0000] "GET /shop/pg/1003356 HTTP/1.1" 500 1004 "http://www.elementalmill.com/shopping/products/16201003356" "Mozilla/5.0 AppleWebKit/537.36 (KHTML, like Gecko; compatible; GPTBot/1.3; +https://openai.com/gptbot)"
85.208.96.207 - - [14/Apr/2026:06:33:01 +0000] "GET /shopping/products/1619975406 HTTP/1.1" 500 164 "-" "Mozilla/5.0 (compatible; SemrushBot/7~bl; +http://www.semrush.com/bot.html)"
74.7.227.48 - - [14/Apr/2026:06:33:29 +0000] "GET /shop/pg/1488704 HTTP/1.1" 500 1004 "http://www.elementalmill.com/shopping/products/16201488704" "Mozilla/5.0 AppleWebKit/537.36 (KHTML, like Gecko; compatible; GPTBot/1.3; +https://openai.com/gptbot)"
74.7.242.41 - - [14/Apr/2026:06:33:41 +0000] "GET /shop/pg/1553659 HTTP/1.1" 500 1004 "http://mail.elementalmill.com/shop/pg/16201337205" "Mozilla/5.0 AppleWebKit/537.36 (KHTML, like Gecko; compatible; GPTBot/1.3; +https://openai.com/gptbot)"
185.191.171.13 - - [14/Apr/2026:06:34:03 +0000] "GET /shop/pg/16222045363 HTTP/1.1" 500 164 "-" "Mozilla/5.0 (compatible; SemrushBot/7~bl; +http://www.semrush.com/bot.html)"
66.249.64.34 - - [14/Apr/2026:06:34:04 +0000] "GET /odr/order/purchaseHistoryView/ HTTP/1.1" 200 27265 "-" "Mozilla/5.0 (Linux; Android 6.0.1; Nexus 5X Build/MMB29P) AppleWebKit/537.36 (KHTML, like Gecko) Chrome/146.0.7680.177 Mobile Safari/537.36 (compatible; GoogleOther)"
74.7.227.185 - - [14/Apr/2026:06:34:36 +0000] "GET /shopping/products/16201321935 HTTP/1.1" 500 1004 "http://elementalmill.com.lab2454.com/shopping/products/16211767056" "Mozilla/5.0 AppleWebKit/537.36 (KHTML, like Gecko; compatible; GPTBot/1.3; +https://openai.com/gptbot)"
74.7.242.41 - - [14/Apr/2026:06:34:45 +0000] "GET /shop/pg/1587654 HTTP/1.1" 500 1004 "http://mail.elementalmill.com/shopping/products/16211587654" "Mozilla/5.0 AppleWebKit/537.36 (KHTML, like Gecko; compatible; GPTBot/1.3; +https://openai.com/gptbot)"
185.191.171.11 - - [14/Apr/2026:06:35:05 +0000] "GET /shop/pg/16201221045 HTTP/1.1" 500 164 "-" "Mozilla/5.0 (compatible; SemrushBot/7~bl; +http://www.semrush.com/bot.html)"
74.7.242.41 - - [14/Apr/2026:06:35:48 +0000] "GET /shop/pg/2297443 HTTP/1.1" 500 1004 "http://mail.elementalmill.com/shopping/products/16222297443" "Mozilla/5.0 AppleWebKit/537.36 (KHTML, like Gecko; compatible; GPTBot/1.3; +https://openai.com/gptbot)"
185.191.171.16 - - [14/Apr/2026:06:36:07 +0000] "GET /shop/pg/16211978091 HTTP/1.1" 500 164 "-" "Mozilla/5.0 (compatible; SemrushBot/7~bl; +http://www.semrush.com/bot.html)"
74.7.242.41 - - [14/Apr/2026:06:36:36 +0000] "GET /shop/pg/16201502901 HTTP/1.1" 500 1004 "http://www.elementalmill.com" "Mozilla/5.0 AppleWebKit/537.36 (KHTML, like Gecko; compatible; GPTBot/1.3; +https://openai.com/gptbot)"
74.7.227.48 - - [14/Apr/2026:06:36:39 +0000] "GET /shop/pg/1801770 HTTP/1.1" 500 1004 "http://www.elementalmill.com/shop/customer/bookmark.php?shopping/products/16211801770" "Mozilla/5.0 AppleWebKit/537.36 (KHTML, like Gecko; compatible; GPTBot/1.3; +https://openai.com/gptbot)"
185.191.171.1 - - [14/Apr/2026:06:36:41 +0000] "GET /robots.txt HTTP/1.1" 500 1004 "-" "Mozilla/5.0 (compatible; SemrushBot/7~bl; +http://www.semrush.com/bot.html)"
74.7.227.185 - - [14/Apr/2026:06:36:45 +0000] "GET /shopping/products/16232592316 HTTP/1.1" 500 1004 "http://elementalmill.com.lab2454.com/shopping/products/16188063622" "Mozilla/5.0 AppleWebKit/537.36 (KHTML, like Gecko; compatible; GPTBot/1.3; +https://openai.com/gptbot)"
74.7.242.41 - - [14/Apr/2026:06:36:51 +0000] "GET /shop/pg/1249379 HTTP/1.1" 500 1004 "http://mail.elementalmill.com/shop/customer/bookmark.php?shopping/products/16201249379" "Mozilla/5.0 AppleWebKit/537.36 (KHTML, like Gecko; compatible; GPTBot/1.3; +https://openai.com/gptbot)"
85.208.96.193 - - [14/Apr/2026:06:37:08 +0000] "GET /shopping/products/1619935941 HTTP/1.1" 500 164 "-" "Mozilla/5.0 (compatible; SemrushBot/7~bl; +http://www.semrush.com/bot.html)"
74.7.227.48 - - [14/Apr/2026:06:37:43 +0000] "GET /shop/pg/2462573 HTTP/1.1" 500 1004 "http://www.elementalmill.com/shop/pg/2461420" "Mozilla/5.0 AppleWebKit/537.36 (KHTML, like Gecko; compatible; GPTBot/1.3; +https://openai.com/gptbot)"
74.7.242.41 - - [14/Apr/2026:06:37:52 +0000] "GET /shop/pg/2422372 HTTP/1.1" 500 1004 "http://mail.elementalmill.com/shopping/products/16222422372" "Mozilla/5.0 AppleWebKit/537.36 (KHTML, like Gecko; compatible; GPTBot/1.3; +https://openai.com/gptbot)"
66.249.64.35 - - [14/Apr/2026:06:37:55 +0000] "GET /e/19/ HTTP/1.1" 200 27776 "-" "Mozilla/5.0 (Linux; Android 6.0.1; Nexus 5X Build/MMB29P) AppleWebKit/537.36 (KHTML, like Gecko) Chrome/146.0.7680.177 Mobile Safari/537.36 (compatible; GoogleOther)"
185.191.171.8 - - [14/Apr/2026:06:38:09 +0000] "GET /shopping/products/1619930334 HTTP/1.1" 500 164 "-" "Mozilla/5.0 (compatible; SemrushBot/7~bl; +http://www.semrush.com/bot.html)"
74.7.242.41 - - [14/Apr/2026:06:38:40 +0000] "GET /shop/pg/16211570320 HTTP/1.1" 500 1004 "http://www.elementalmill.com" "Mozilla/5.0 AppleWebKit/537.36 (KHTML, like Gecko; compatible; GPTBot/1.3; +https://openai.com/gptbot)"
85.208.96.206 - - [14/Apr/2026:06:39:10 +0000] "GET /shopping/products/1619951233 HTTP/1.1" 500 164 "-" "Mozilla/5.0 (compatible; SemrushBot/7~bl; +http://www.semrush.com/bot.html)"
74.7.242.41 - - [14/Apr/2026:06:39:47 +0000] "GET /shop/pg/16211828703 HTTP/1.1" 500 1004 "http://www.elementalmill.com" "Mozilla/5.0 AppleWebKit/537.36 (KHTML, like Gecko; compatible; GPTBot/1.3; +https://openai.com/gptbot)"
74.7.227.48 - - [14/Apr/2026:06:39:50 +0000] "GET /shop/pg/1322115 HTTP/1.1" 500 1004 "http://www.elementalmill.com/shopping/products/16201322115" "Mozilla/5.0 AppleWebKit/537.36 (KHTML, like Gecko; compatible; GPTBot/1.3; +https://openai.com/gptbot)"
74.7.242.41 - - [14/Apr/2026:06:39:58 +0000] "GET /shop/pg/1652550 HTTP/1.1" 500 1004 "http://mail.elementalmill.com/shop/pg/16201436092" "Mozilla/5.0 AppleWebKit/537.36 (KHTML, like Gecko; compatible; GPTBot/1.3; +https://openai.com/gptbot)"
185.191.171.17 - - [14/Apr/2026:06:40:12 +0000] "GET /shop/pg/16211577143 HTTP/1.1" 500 164 "-" "Mozilla/5.0 (compatible; SemrushBot/7~bl; +http://www.semrush.com/bot.html)"
74.7.242.41 - - [14/Apr/2026:06:41:00 +0000] "GET /shop/pg/2559734 HTTP/1.1" 500 1004 "http://mail.elementalmill.com/shopping/products/16232559734" "Mozilla/5.0 AppleWebKit/537.36 (KHTML, like Gecko; compatible; GPTBot/1.3; +https://openai.com/gptbot)"
85.208.96.195 - - [14/Apr/2026:06:41:13 +0000] "GET /shopping/products/1619960565 HTTP/1.1" 500 164 "-" "Mozilla/5.0 (compatible; SemrushBot/7~bl; +http://www.semrush.com/bot.html)"
66.249.64.34 - - [14/Apr/2026:06:41:46 +0000] "GET /f/services/ HTTP/1.1" 200 27356 "-" "Mozilla/5.0 (Linux; Android 6.0.1; Nexus 5X Build/MMB29P) AppleWebKit/537.36 (KHTML, like Gecko) Chrome/146.0.7680.177 Mobile Safari/537.36 (compatible; GoogleOther)"
74.7.242.41 - - [14/Apr/2026:06:42:02 +0000] "GET /shop/pg/1080717 HTTP/1.1" 500 1004 "http://mail.elementalmill.com/shop/pg/16232638915" "Mozilla/5.0 AppleWebKit/537.36 (KHTML, like Gecko; compatible; GPTBot/1.3; +https://openai.com/gptbot)"
74.7.227.185 - - [14/Apr/2026:06:42:02 +0000] "GET /shopping/products/16232643866 HTTP/1.1" 500 1004 "http://elementalmill.com.lab2454.com/shopping/products/16211665306" "Mozilla/5.0 AppleWebKit/537.36 (KHTML, like Gecko; compatible; GPTBot/1.3; +https://openai.com/gptbot)"
185.191.171.6 - - [14/Apr/2026:06:42:14 +0000] "GET /shopping/products/1619948417 HTTP/1.1" 500 164 "-" "Mozilla/5.0 (compatible; SemrushBot/7~bl; +http://www.semrush.com/bot.html)"
74.7.242.41 - - [14/Apr/2026:06:42:53 +0000] "GET /shop/pg/16201022705 HTTP/1.1" 500 1004 "http://www.elementalmill.com" "Mozilla/5.0 AppleWebKit/537.36 (KHTML, like Gecko; compatible; GPTBot/1.3; +https://openai.com/gptbot)"
74.7.242.41 - - [14/Apr/2026:06:43:03 +0000] "GET /shop/pg/2506140 HTTP/1.1" 500 1004 "http://mail.elementalmill.com/shopping/products/16232506140" "Mozilla/5.0 AppleWebKit/537.36 (KHTML, like Gecko; compatible; GPTBot/1.3; +https://openai.com/gptbot)"
185.191.171.8 - - [14/Apr/2026:06:43:15 +0000] "GET /shop/pg/298444 HTTP/1.1" 500 164 "-" "Mozilla/5.0 (compatible; SemrushBot/7~bl; +http://www.semrush.com/bot.html)"
74.7.242.41 - - [14/Apr/2026:06:44:07 +0000] "GET /shop/pg/2003861 HTTP/1.1" 500 1004 "http://mail.elementalmill.com/shop/customer/bookmark.php?shopping/products/16222003861" "Mozilla/5.0 AppleWebKit/537.36 (KHTML, like Gecko; compatible; GPTBot/1.3; +https://openai.com/gptbot)"
85.208.96.193 - - [14/Apr/2026:06:44:16 +0000] "GET /shopping/products/1619943101 HTTP/1.1" 500 164 "-" "Mozilla/5.0 (compatible; SemrushBot/7~bl; +http://www.semrush.com/bot.html)"
74.7.242.41 - - [14/Apr/2026:06:45:03 +0000] "GET /shop/pg/16201442161 HTTP/1.1" 500 1004 "http://www.elementalmill.com" "Mozilla/5.0 AppleWebKit/537.36 (KHTML, like Gecko; compatible; GPTBot/1.3; +https://openai.com/gptbot)"
74.7.227.185 - - [14/Apr/2026:06:45:13 +0000] "GET /shopping/products/16211670535 HTTP/1.1" 500 1004 "http://elementalmill.com.lab2454.com/shopping/products/16201184837" "Mozilla/5.0 AppleWebKit/537.36 (KHTML, like Gecko; compatible; GPTBot/1.3; +https://openai.com/gptbot)"
185.191.171.13 - - [14/Apr/2026:06:45:17 +0000] "GET /shop/pg/16211595382 HTTP/1.1" 500 164 "-" "Mozilla/5.0 (compatible; SemrushBot/7~bl; +http://www.semrush.com/bot.html)"
66.249.64.35 - - [14/Apr/2026:06:45:37 +0000] "GET /f/special/souji/ HTTP/1.1" 200 27160 "-" "Mozilla/5.0 (Linux; Android 6.0.1; Nexus 5X Build/MMB29P) AppleWebKit/537.36 (KHTML, like Gecko) Chrome/146.0.7680.177 Mobile Safari/537.36 (compatible; GoogleOther)"
66.249.64.35 - - [14/Apr/2026:06:46:08 +0000] "GET /mbr/companyInfoView/ HTTP/1.1" 200 27504 "-" "Mozilla/5.0 (Linux; Android 6.0.1; Nexus 5X Build/MMB29P) AppleWebKit/537.36 (KHTML, like Gecko) Chrome/146.0.7680.177 Mobile Safari/537.36 (compatible; GoogleOther)"
74.7.242.41 - - [14/Apr/2026:06:46:11 +0000] "GET /shop/pg/1475826 HTTP/1.1" 500 1004 "http://mail.elementalmill.com/shop/pg/16201259359" "Mozilla/5.0 AppleWebKit/537.36 (KHTML, like Gecko; compatible; GPTBot/1.3; +https://openai.com/gptbot)"
74.7.227.185 - - [14/Apr/2026:06:46:16 +0000] "GET /shopping/products/16211788579 HTTP/1.1" 500 1004 "http://elementalmill.com.lab2454.com/shopping/products/16211829754" "Mozilla/5.0 AppleWebKit/537.36 (KHTML, like Gecko; compatible; GPTBot/1.3; +https://openai.com/gptbot)"
85.208.96.207 - - [14/Apr/2026:06:46:18 +0000] "GET /shopping/products/1619941835 HTTP/1.1" 500 164 "-" "Mozilla/5.0 (compatible; SemrushBot/7~bl; +http://www.semrush.com/bot.html)"
74.7.242.41 - - [14/Apr/2026:06:47:01 +0000] "GET /shop/pg/16201056965 HTTP/1.1" 500 1004 "http://www.elementalmill.com" "Mozilla/5.0 AppleWebKit/537.36 (KHTML, like Gecko; compatible; GPTBot/1.3; +https://openai.com/gptbot)"
74.7.242.41 - - [14/Apr/2026:06:47:12 +0000] "GET /shop/pg/1292531 HTTP/1.1" 500 1004 "http://mail.elementalmill.com/shop/customer/bookmark.php?shopping/products/16201292531" "Mozilla/5.0 AppleWebKit/537.36 (KHTML, like Gecko; compatible; GPTBot/1.3; +https://openai.com/gptbot)"
185.191.171.3 - - [14/Apr/2026:06:47:19 +0000] "GET /shopping/products/1619977388 HTTP/1.1" 500 164 "-" "Mozilla/5.0 (compatible; SemrushBot/7~bl; +http://www.semrush.com/bot.html)"
74.7.242.41 - - [14/Apr/2026:06:48:17 +0000] "GET /shop/pg/2465195 HTTP/1.1" 500 1004 "http://mail.elementalmill.com/shop/pg/2464036" "Mozilla/5.0 AppleWebKit/537.36 (KHTML, like Gecko; compatible; GPTBot/1.3; +https://openai.com/gptbot)"
85.208.96.210 - - [14/Apr/2026:06:48:20 +0000] "GET /shopping/products/1619943627 HTTP/1.1" 500 164 "-" "Mozilla/5.0 (compatible; SemrushBot/7~bl; +http://www.semrush.com/bot.html)"
74.7.242.41 - - [14/Apr/2026:06:49:20 +0000] "GET /shop/pg/1506966 HTTP/1.1" 500 1004 "http://mail.elementalmill.com/shop/pg/16201290508" "Mozilla/5.0 AppleWebKit/537.36 (KHTML, like Gecko; compatible; GPTBot/1.3; +https://openai.com/gptbot)"
185.191.171.12 - - [14/Apr/2026:06:49:21 +0000] "GET /shop/pg/16222056088 HTTP/1.1" 500 164 "-" "Mozilla/5.0 (compatible; SemrushBot/7~bl; +http://www.semrush.com/bot.html)"
66.249.64.34 - - [14/Apr/2026:06:49:28 +0000] "GET /888810035 HTTP/1.1" 200 28023 "-" "Mozilla/5.0 (Linux; Android 6.0.1; Nexus 5X Build/MMB29P) AppleWebKit/537.36 (KHTML, like Gecko) Chrome/146.0.7680.177 Mobile Safari/537.36 (compatible; GoogleOther)"
74.7.242.41 - - [14/Apr/2026:06:50:05 +0000] "GET /shop/pg/16211865194 HTTP/1.1" 500 1004 "http://www.elementalmill.com" "Mozilla/5.0 AppleWebKit/537.36 (KHTML, like Gecko; compatible; GPTBot/1.3; +https://openai.com/gptbot)"
74.7.242.41 - - [14/Apr/2026:06:50:23 +0000] "GET /shop/pg/1163447 HTTP/1.1" 500 1004 "http://mail.elementalmill.com/shopping/products/16201163447" "Mozilla/5.0 AppleWebKit/537.36 (KHTML, like Gecko; compatible; GPTBot/1.3; +https://openai.com/gptbot)"
185.191.171.12 - - [14/Apr/2026:06:50:22 +0000] "GET /shop/pg/16211704363 HTTP/1.1" 500 164 "-" "Mozilla/5.0 (compatible; SemrushBot/7~bl; +http://www.semrush.com/bot.html)"
74.7.227.185 - - [14/Apr/2026:06:50:27 +0000] "GET /shopping/products/16211931898 HTTP/1.1" 500 1004 "http://elementalmill.com.lab2454.com/shopping/products/16201374675" "Mozilla/5.0 AppleWebKit/537.36 (KHTML, like Gecko; compatible; GPTBot/1.3; +https://openai.com/gptbot)"
74.7.242.41 - - [14/Apr/2026:06:51:08 +0000] "GET /shop/pg/16211992131 HTTP/1.1" 500 1004 "http://www.elementalmill.com" "Mozilla/5.0 AppleWebKit/537.36 (KHTML, like Gecko; compatible; GPTBot/1.3; +https://openai.com/gptbot)"
74.7.227.48 - - [14/Apr/2026:06:51:18 +0000] "GET /shop/pg/1311480 HTTP/1.1" 500 1004 "http://www.elementalmill.com/shopping/products/16201311480" "Mozilla/5.0 AppleWebKit/537.36 (KHTML, like Gecko; compatible; GPTBot/1.3; +https://openai.com/gptbot)"
185.191.171.11 - - [14/Apr/2026:06:51:25 +0000] "GET /shopping/products/1619944872 HTTP/1.1" 500 164 "-" "Mozilla/5.0 (compatible; SemrushBot/7~bl; +http://www.semrush.com/bot.html)"
74.7.242.41 - - [14/Apr/2026:06:51:28 +0000] "GET /shop/pg/2629743 HTTP/1.1" 500 1004 "http://mail.elementalmill.com/shop/customer/bookmark.php?shopping/products/16232629743" "Mozilla/5.0 AppleWebKit/537.36 (KHTML, like Gecko; compatible; GPTBot/1.3; +https://openai.com/gptbot)"
74.7.242.41 - - [14/Apr/2026:06:52:14 +0000] "GET /shop/pg/16211575320 HTTP/1.1" 500 1004 "http://www.elementalmill.com" "Mozilla/5.0 AppleWebKit/537.36 (KHTML, like Gecko; compatible; GPTBot/1.3; +https://openai.com/gptbot)"
185.191.171.11 - - [14/Apr/2026:06:52:28 +0000] "GET /shop/pg/1603637 HTTP/1.1" 500 164 "-" "Mozilla/5.0 (compatible; SemrushBot/7~bl; +http://www.semrush.com/bot.html)"
74.7.242.41 - - [14/Apr/2026:06:52:33 +0000] "GET /shop/pg/1302526 HTTP/1.1" 500 1004 "http://mail.elementalmill.com/shop/pg/16201086066" "Mozilla/5.0 AppleWebKit/537.36 (KHTML, like Gecko; compatible; GPTBot/1.3; +https://openai.com/gptbot)"
52.167.144.197 - - [14/Apr/2026:06:52:44 +0000] "GET /shopping/products/16203715923 HTTP/1.1" 200 27304 "-" "Mozilla/5.0 AppleWebKit/537.36 (KHTML, like Gecko; compatible; bingbot/2.0; +http://www.bing.com/bingbot.htm) Chrome/116.0.1938.76 Safari/537.36"
66.249.64.35 - - [14/Apr/2026:06:53:18 +0000] "GET /odr/order/shoppingCartView/ HTTP/1.1" 200 27503 "-" "Mozilla/5.0 (Linux; Android 6.0.1; Nexus 5X Build/MMB29P) AppleWebKit/537.36 (KHTML, like Gecko) Chrome/146.0.7680.177 Mobile Safari/537.36 (compatible; GoogleOther)"
85.208.96.209 - - [14/Apr/2026:06:53:29 +0000] "GET /shopping/products/1619935410 HTTP/1.1" 500 164 "-" "Mozilla/5.0 (compatible; SemrushBot/7~bl; +http://www.semrush.com/bot.html)"
74.7.227.185 - - [14/Apr/2026:06:53:37 +0000] "GET /shopping/products/16201129617 HTTP/1.1" 500 1004 "http://elementalmill.com.lab2454.com/shop/pg/16222101722" "Mozilla/5.0 AppleWebKit/537.36 (KHTML, like Gecko; compatible; GPTBot/1.3; +https://openai.com/gptbot)"
74.7.242.41 - - [14/Apr/2026:06:53:37 +0000] "GET /shop/pg/1447403 HTTP/1.1" 500 1004 "http://mail.elementalmill.com/shop/pg/16201230950" "Mozilla/5.0 AppleWebKit/537.36 (KHTML, like Gecko; compatible; GPTBot/1.3; +https://openai.com/gptbot)"
74.7.227.48 - - [14/Apr/2026:06:54:27 +0000] "GET /shop/pg/1576189 HTTP/1.1" 500 1004 "http://www.elementalmill.com/shop/customer/bookmark.php?shopping/products/16211576189" "Mozilla/5.0 AppleWebKit/537.36 (KHTML, like Gecko; compatible; GPTBot/1.3; +https://openai.com/gptbot)"
185.191.171.1 - - [14/Apr/2026:06:54:30 +0000] "GET /shopping/products/1619989593 HTTP/1.1" 500 164 "-" "Mozilla/5.0 (compatible; SemrushBot/7~bl; +http://www.semrush.com/bot.html)"
74.7.242.41 - - [14/Apr/2026:06:54:40 +0000] "GET /shop/pg/2041070 HTTP/1.1" 500 1004 "http://mail.elementalmill.com/shopping/products/16222041070" "Mozilla/5.0 AppleWebKit/537.36 (KHTML, like Gecko; compatible; GPTBot/1.3; +https://openai.com/gptbot)"
74.7.227.185 - - [14/Apr/2026:06:54:41 +0000] "GET /shopping/products/16211975856 HTTP/1.1" 500 1004 "http://elementalmill.com.lab2454.com/shopping/products/16201157500" "Mozilla/5.0 AppleWebKit/537.36 (KHTML, like Gecko; compatible; GPTBot/1.3; +https://openai.com/gptbot)"
74.7.227.48 - - [14/Apr/2026:06:55:28 +0000] "GET /shop/pg/2034973 HTTP/1.1" 500 1004 "http://www.elementalmill.com/shop/customer/bookmark.php?shopping/products/16222034973" "Mozilla/5.0 AppleWebKit/537.36 (KHTML, like Gecko; compatible; GPTBot/1.3; +https://openai.com/gptbot)"
185.191.171.12 - - [14/Apr/2026:06:55:32 +0000] "GET /shopping/products/1619954486 HTTP/1.1" 500 164 "-" "Mozilla/5.0 (compatible; SemrushBot/7~bl; +http://www.semrush.com/bot.html)"
74.7.242.41 - - [14/Apr/2026:06:55:42 +0000] "GET /shop/pg/1022304 HTTP/1.1" 500 1004 "http://mail.elementalmill.com/shop/pg/16232580499" "Mozilla/5.0 AppleWebKit/537.36 (KHTML, like Gecko; compatible; GPTBot/1.3; +https://openai.com/gptbot)"
74.7.242.41 - - [14/Apr/2026:06:56:25 +0000] "GET /shop/pg/16211750245 HTTP/1.1" 500 1004 "http://www.elementalmill.com" "Mozilla/5.0 AppleWebKit/537.36 (KHTML, like Gecko; compatible; GPTBot/1.3; +https://openai.com/gptbot)"
185.191.171.1 - - [14/Apr/2026:06:56:33 +0000] "GET /shop/pg/893732 HTTP/1.1" 500 164 "-" "Mozilla/5.0 (compatible; SemrushBot/7~bl; +http://www.semrush.com/bot.html)"
74.7.227.48 - - [14/Apr/2026:06:56:33 +0000] "GET /shop/pg/2112495 HTTP/1.1" 500 1004 "http://www.elementalmill.com/shop/customer/bookmark.php?shopping/products/16222112495" "Mozilla/5.0 AppleWebKit/537.36 (KHTML, like Gecko; compatible; GPTBot/1.3; +https://openai.com/gptbot)"
66.249.64.35 - - [14/Apr/2026:06:57:09 +0000] "GET /f/help/ HTTP/1.1" 200 27222 "-" "Mozilla/5.0 (Linux; Android 6.0.1; Nexus 5X Build/MMB29P) AppleWebKit/537.36 (KHTML, like Gecko) Chrome/146.0.7680.177 Mobile Safari/537.36 (compatible; GoogleOther)"
185.191.171.13 - - [14/Apr/2026:06:57:12 +0000] "GET /robots.txt HTTP/1.1" 500 1004 "-" "Mozilla/5.0 (compatible; SemrushBot/7~bl; +http://www.semrush.com/bot.html)"
185.191.171.8 - - [14/Apr/2026:06:57:35 +0000] "GET /shopping/products/1619958425 HTTP/1.1" 500 164 "-" "Mozilla/5.0 (compatible; SemrushBot/7~bl; +http://www.semrush.com/bot.html)"
74.7.227.48 - - [14/Apr/2026:06:57:38 +0000] "GET /shop/pg/1210831 HTTP/1.1" 500 1004 "http://www.elementalmill.com/shopping/products/16201210831" "Mozilla/5.0 AppleWebKit/537.36 (KHTML, like Gecko; compatible; GPTBot/1.3; +https://openai.com/gptbot)"
74.7.242.41 - - [14/Apr/2026:06:57:51 +0000] "GET /shop/pg/2492328 HTTP/1.1" 500 1004 "http://mail.elementalmill.com/shopping/products/16222492328" "Mozilla/5.0 AppleWebKit/537.36 (KHTML, like Gecko; compatible; GPTBot/1.3; +https://openai.com/gptbot)"
74.7.242.41 - - [14/Apr/2026:06:58:28 +0000] "GET /shop/pg/16211879197 HTTP/1.1" 500 1004 "http://www.elementalmill.com" "Mozilla/5.0 AppleWebKit/537.36 (KHTML, like Gecko; compatible; GPTBot/1.3; +https://openai.com/gptbot)"
85.208.96.208 - - [14/Apr/2026:06:58:35 +0000] "GET /shopping/products/1619935595 HTTP/1.1" 500 164 "-" "Mozilla/5.0 (compatible; SemrushBot/7~bl; +http://www.semrush.com/bot.html)"
85.208.96.208 - - [14/Apr/2026:06:59:36 +0000] "GET /shopping/products/1619978477 HTTP/1.1" 500 164 "-" "Mozilla/5.0 (compatible; SemrushBot/7~bl; +http://www.semrush.com/bot.html)"
74.7.242.41 - - [14/Apr/2026:06:59:56 +0000] "GET /shop/pg/1613311 HTTP/1.1" 500 1004 "http://mail.elementalmill.com/shop/pg/16201396839" "Mozilla/5.0 AppleWebKit/537.36 (KHTML, like Gecko; compatible; GPTBot/1.3; +https://openai.com/gptbot)"
185.191.171.19 - - [14/Apr/2026:07:00:37 +0000] "GET /shop/pg/1619539442 HTTP/1.1" 500 164 "-" "Mozilla/5.0 (compatible; SemrushBot/7~bl; +http://www.semrush.com/bot.html)"
66.249.64.35 - - [14/Apr/2026:07:01:00 +0000] "GET /f/special/refill/ HTTP/1.1" 200 28449 "-" "Mozilla/5.0 (Linux; Android 6.0.1; Nexus 5X Build/MMB29P) AppleWebKit/537.36 (KHTML, like Gecko) Chrome/146.0.7680.177 Mobile Safari/537.36 (compatible; GoogleOther)"
74.7.242.41 - - [14/Apr/2026:07:01:34 +0000] "GET /shop/pg/16211740800 HTTP/1.1" 500 1004 "http://www.elementalmill.com" "Mozilla/5.0 AppleWebKit/537.36 (KHTML, like Gecko; compatible; GPTBot/1.3; +https://openai.com/gptbot)"
85.208.96.202 - - [14/Apr/2026:07:01:38 +0000] "GET /shopping/products/1619997814 HTTP/1.1" 500 164 "-" "Mozilla/5.0 (compatible; SemrushBot/7~bl; +http://www.semrush.com/bot.html)"
74.7.242.41 - - [14/Apr/2026:07:01:58 +0000] "GET /shop/pg/1355899 HTTP/1.1" 500 1004 "http://mail.elementalmill.com/shopping/products/16201355899" "Mozilla/5.0 AppleWebKit/537.36 (KHTML, like Gecko; compatible; GPTBot/1.3; +https://openai.com/gptbot)"
185.191.171.13 - - [14/Apr/2026:07:02:39 +0000] "GET /shop/pg/1618456423 HTTP/1.1" 500 164 "-" "Mozilla/5.0 (compatible; SemrushBot/7~bl; +http://www.semrush.com/bot.html)"
74.7.242.41 - - [14/Apr/2026:07:02:59 +0000] "GET /shop/pg/2559565 HTTP/1.1" 500 1004 "http://mail.elementalmill.com/shop/customer/bookmark.php?shopping/products/16232559565" "Mozilla/5.0 AppleWebKit/537.36 (KHTML, like Gecko; compatible; GPTBot/1.3; +https://openai.com/gptbot)"
74.7.227.48 - - [14/Apr/2026:07:03:03 +0000] "GET /shop/pg/1474242 HTTP/1.1" 500 1004 "http://www.elementalmill.com/shopping/products/16201474242" "Mozilla/5.0 AppleWebKit/537.36 (KHTML, like Gecko; compatible; GPTBot/1.3; +https://openai.com/gptbot)"
74.7.242.41 - - [14/Apr/2026:07:03:59 +0000] "GET /shop/pg/1527847 HTTP/1.1" 500 1004 "http://mail.elementalmill.com/shop/customer/bookmark.php?shopping/products/16211527847" "Mozilla/5.0 AppleWebKit/537.36 (KHTML, like Gecko; compatible; GPTBot/1.3; +https://openai.com/gptbot)"
85.208.96.207 - - [14/Apr/2026:07:03:40 +0000] "GET /shopping/products/1619995980 HTTP/1.1" 500 164 "-" "Mozilla/5.0 (compatible; SemrushBot/7~bl; +http://www.semrush.com/bot.html)"
74.7.242.41 - - [14/Apr/2026:07:04:44 +0000] "GET /shop/pg/16201446110 HTTP/1.1" 500 1004 "http://www.elementalmill.com" "Mozilla/5.0 AppleWebKit/537.36 (KHTML, like Gecko; compatible; GPTBot/1.3; +https://openai.com/gptbot)"
66.249.64.34 - - [14/Apr/2026:07:04:51 +0000] "GET /f/special/shachihata/ HTTP/1.1" 200 27737 "-" "Mozilla/5.0 (Linux; Android 6.0.1; Nexus 5X Build/MMB29P) AppleWebKit/537.36 (KHTML, like Gecko) Chrome/146.0.7680.177 Mobile Safari/537.36 (compatible; GoogleOther)"
74.7.242.41 - - [14/Apr/2026:07:05:00 +0000] "GET /shop/pg/1651353 HTTP/1.1" 500 1004 "http://mail.elementalmill.com/shop/pg/16201434886" "Mozilla/5.0 AppleWebKit/537.36 (KHTML, like Gecko; compatible; GPTBot/1.3; +https://openai.com/gptbot)"
85.208.96.210 - - [14/Apr/2026:07:05:05 +0000] "GET /shop/pg/1320575 HTTP/1.1" 500 164 "-" "Mozilla/5.0 (compatible; SemrushBot/7~bl; +http://www.semrush.com/bot.html)"
74.7.227.48 - - [14/Apr/2026:07:05:06 +0000] "GET /shop/pg/1104240 HTTP/1.1" 500 1004 "http://www.elementalmill.com/shopping/products/16201104240" "Mozilla/5.0 AppleWebKit/537.36 (KHTML, like Gecko; compatible; GPTBot/1.3; +https://openai.com/gptbot)"
185.191.171.17 - - [14/Apr/2026:07:06:06 +0000] "GET /shopping/products/1619945762 HTTP/1.1" 500 164 "-" "Mozilla/5.0 (compatible; SemrushBot/7~bl; +http://www.semrush.com/bot.html)"
85.208.96.196 - - [14/Apr/2026:07:07:09 +0000] "GET /shopping/products/1619942477 HTTP/1.1" 500 164 "-" "Mozilla/5.0 (compatible; SemrushBot/7~bl; +http://www.semrush.com/bot.html)"
74.7.227.48 - - [14/Apr/2026:07:07:20 +0000] "GET /shop/pg/2122839 HTTP/1.1" 500 1004 "http://www.elementalmill.com/shopping/products/16222122839" "Mozilla/5.0 AppleWebKit/537.36 (KHTML, like Gecko; compatible; GPTBot/1.3; +https://openai.com/gptbot)"
74.7.227.185 - - [14/Apr/2026:07:07:53 +0000] "GET /shopping/products/16214473414 HTTP/1.1" 500 1004 "http://elementalmill.com.lab2454.com/sitemap711.xml" "Mozilla/5.0 AppleWebKit/537.36 (KHTML, like Gecko; compatible; GPTBot/1.3; +https://openai.com/gptbot)"
85.208.96.211 - - [14/Apr/2026:07:08:11 +0000] "GET /shop/pg/1618136177 HTTP/1.1" 500 164 "-" "Mozilla/5.0 (compatible; SemrushBot/7~bl; +http://www.semrush.com/bot.html)"
66.249.64.34 - - [14/Apr/2026:07:08:41 +0000] "GET /f/special/power_tools/ HTTP/1.1" 200 27960 "-" "Mozilla/5.0 (Linux; Android 6.0.1; Nexus 5X Build/MMB29P) AppleWebKit/537.36 (KHTML, like Gecko) Chrome/146.0.7680.177 Mobile Safari/537.36 (compatible; GoogleOther)"
74.7.242.41 - - [14/Apr/2026:07:09:13 +0000] "GET /shop/pg/1365733 HTTP/1.1" 500 1004 "http://mail.elementalmill.com/shop/pg/16201149273" "Mozilla/5.0 AppleWebKit/537.36 (KHTML, like Gecko; compatible; GPTBot/1.3; +https://openai.com/gptbot)"
185.191.171.13 - - [14/Apr/2026:07:09:13 +0000] "GET /shopping/products/1619960068 HTTP/1.1" 500 164 "-" "Mozilla/5.0 (compatible; SemrushBot/7~bl; +http://www.semrush.com/bot.html)"
85.208.96.204 - - [14/Apr/2026:07:10:15 +0000] "GET /shopping/products/1619858340 HTTP/1.1" 500 164 "-" "Mozilla/5.0 (compatible; SemrushBot/7~bl; +http://www.semrush.com/bot.html)"
74.7.242.41 - - [14/Apr/2026:07:10:19 +0000] "GET /shop/pg/1384313 HTTP/1.1" 500 1004 "http://mail.elementalmill.com/shopping/products/16201384313" "Mozilla/5.0 AppleWebKit/537.36 (KHTML, like Gecko; compatible; GPTBot/1.3; +https://openai.com/gptbot)"
74.7.227.48 - - [14/Apr/2026:07:10:27 +0000] "GET /shop/pg/2427551 HTTP/1.1" 500 1004 "http://www.elementalmill.com/shopping/products/16222427551" "Mozilla/5.0 AppleWebKit/537.36 (KHTML, like Gecko; compatible; GPTBot/1.3; +https://openai.com/gptbot)"
185.191.171.10 - - [14/Apr/2026:07:11:16 +0000] "GET /shopping/products/1619979472 HTTP/1.1" 500 164 "-" "Mozilla/5.0 (compatible; SemrushBot/7~bl; +http://www.semrush.com/bot.html)"
74.7.242.41 - - [14/Apr/2026:07:11:17 +0000] "GET /shop/pg/1258052 HTTP/1.1" 500 1004 "http://mail.elementalmill.com/shopping/products/16201258052" "Mozilla/5.0 AppleWebKit/537.36 (KHTML, like Gecko; compatible; GPTBot/1.3; +https://openai.com/gptbot)"
85.208.96.206 - - [14/Apr/2026:07:12:17 +0000] "GET /shopping/products/1619966912 HTTP/1.1" 500 164 "-" "Mozilla/5.0 (compatible; SemrushBot/7~bl; +http://www.semrush.com/bot.html)"
74.7.242.41 - - [14/Apr/2026:07:12:22 +0000] "GET /shop/pg/1625934 HTTP/1.1" 500 1004 "http://mail.elementalmill.com/shop/pg/16201409473" "Mozilla/5.0 AppleWebKit/537.36 (KHTML, like Gecko; compatible; GPTBot/1.3; +https://openai.com/gptbot)"
66.249.64.33 - - [14/Apr/2026:07:12:33 +0000] "GET /compare/ HTTP/1.1" 200 28045 "-" "Mozilla/5.0 (Linux; Android 6.0.1; Nexus 5X Build/MMB29P) AppleWebKit/537.36 (KHTML, like Gecko) Chrome/146.0.7680.177 Mobile Safari/537.36 (compatible; GoogleOther)"
103.158.212.5 - - [14/Apr/2026:07:13:11 +0000] "GET /wp-json/wp/v2/posts HTTP/1.1" 500 1004 "-" "Mozilla/5.0 (Windows NT 10.0; Win64; x64) AppleWebKit/537.36 (KHTML, like Gecko) Chrome/120.0.0.0 Safari/537.36"
185.191.171.2 - - [14/Apr/2026:07:13:20 +0000] "GET /shopping/products/1619970393 HTTP/1.1" 500 164 "-" "Mozilla/5.0 (compatible; SemrushBot/7~bl; +http://www.semrush.com/bot.html)"
74.7.242.41 - - [14/Apr/2026:07:13:24 +0000] "GET /shop/pg/1965136 HTTP/1.1" 500 1004 "http://mail.elementalmill.com/shopping/products/16211965136" "Mozilla/5.0 AppleWebKit/537.36 (KHTML, like Gecko; compatible; GPTBot/1.3; +https://openai.com/gptbot)"
85.208.96.193 - - [14/Apr/2026:07:14:21 +0000] "GET /shop/pg/2044303 HTTP/1.1" 500 164 "-" "Mozilla/5.0 (compatible; SemrushBot/7~bl; +http://www.semrush.com/bot.html)"
185.191.171.4 - - [14/Apr/2026:07:15:24 +0000] "GET /shop/pg/1461652 HTTP/1.1" 500 164 "-" "Mozilla/5.0 (compatible; SemrushBot/7~bl; +http://www.semrush.com/bot.html)"
74.7.227.48 - - [14/Apr/2026:07:15:40 +0000] "GET /shop/pg/2644617 HTTP/1.1" 500 1004 "http://www.elementalmill.com/shopping/products/16232644617" "Mozilla/5.0 AppleWebKit/537.36 (KHTML, like Gecko; compatible; GPTBot/1.3; +https://openai.com/gptbot)"
66.249.64.33 - - [14/Apr/2026:07:16:23 +0000] "GET /sf/new_products/00/0/ HTTP/1.1" 200 27300 "-" "Mozilla/5.0 (Linux; Android 6.0.1; Nexus 5X Build/MMB29P) AppleWebKit/537.36 (KHTML, like Gecko) Chrome/146.0.7680.177 Mobile Safari/537.36 (compatible; GoogleOther)"
85.208.96.208 - - [14/Apr/2026:07:16:25 +0000] "GET /shopping/products/1619997099 HTTP/1.1" 500 164 "-" "Mozilla/5.0 (compatible; SemrushBot/7~bl; +http://www.semrush.com/bot.html)"
74.7.242.41 - - [14/Apr/2026:07:16:31 +0000] "GET /shop/pg/1161582 HTTP/1.1" 500 1004 "http://mail.elementalmill.com/shop/pg/16211536673" "Mozilla/5.0 AppleWebKit/537.36 (KHTML, like Gecko; compatible; GPTBot/1.3; +https://openai.com/gptbot)"
40.77.167.132 - - [14/Apr/2026:07:17:06 +0000] "GET /sitemap269.xml HTTP/1.1" 200 6135 "-" "Mozilla/5.0 AppleWebKit/537.36 (KHTML, like Gecko; compatible; bingbot/2.0; +http://www.bing.com/bingbot.htm) Chrome/116.0.1938.76 Safari/537.36"
85.208.96.206 - - [14/Apr/2026:07:17:27 +0000] "GET /shop/pg/16222068793 HTTP/1.1" 500 164 "-" "Mozilla/5.0 (compatible; SemrushBot/7~bl; +http://www.semrush.com/bot.html)"
74.7.242.41 - - [14/Apr/2026:07:17:34 +0000] "GET /shop/pg/1612805 HTTP/1.1" 500 1004 "http://mail.elementalmill.com/shop/customer/bookmark.php?shopping/products/16211612805" "Mozilla/5.0 AppleWebKit/537.36 (KHTML, like Gecko; compatible; GPTBot/1.3; +https://openai.com/gptbot)"
185.191.171.6 - - [14/Apr/2026:07:17:57 +0000] "GET /robots.txt HTTP/1.1" 500 1004 "-" "Mozilla/5.0 (compatible; SemrushBot/7~bl; +http://www.semrush.com/bot.html)"
85.208.96.212 - - [14/Apr/2026:07:18:28 +0000] "GET /shopping/products/1619953498 HTTP/1.1" 500 164 "-" "Mozilla/5.0 (compatible; SemrushBot/7~bl; +http://www.semrush.com/bot.html)"
74.7.243.205 - - [14/Apr/2026:07:18:34 +0000] "GET /shop/pg/1475299 HTTP/1.1" 500 1004 "http://www.elementalmill.com.lab2454.com/shop/customer/bookmark.php?shopping/products/16201475299" "Mozilla/5.0 AppleWebKit/537.36 (KHTML, like Gecko; compatible; GPTBot/1.3; +https://openai.com/gptbot)"
74.7.242.41 - - [14/Apr/2026:07:18:34 +0000] "GET /shop/pg/1510041 HTTP/1.1" 500 1004 "http://mail.elementalmill.com/shopping/products/16211510041" "Mozilla/5.0 AppleWebKit/537.36 (KHTML, like Gecko; compatible; GPTBot/1.3; +https://openai.com/gptbot)"
74.7.242.41 - - [14/Apr/2026:07:19:27 +0000] "GET /shop/pg/16211566042 HTTP/1.1" 500 1004 "http://www.elementalmill.com" "Mozilla/5.0 AppleWebKit/537.36 (KHTML, like Gecko; compatible; GPTBot/1.3; +https://openai.com/gptbot)"
85.208.96.199 - - [14/Apr/2026:07:19:33 +0000] "GET /shopping/products/1619986340 HTTP/1.1" 500 164 "-" "Mozilla/5.0 (compatible; SemrushBot/7~bl; +http://www.semrush.com/bot.html)"
74.7.242.41 - - [14/Apr/2026:07:19:40 +0000] "GET /shop/pg/1661558 HTTP/1.1" 500 1004 "http://mail.elementalmill.com/shop/pg/16201445096" "Mozilla/5.0 AppleWebKit/537.36 (KHTML, like Gecko; compatible; GPTBot/1.3; +https://openai.com/gptbot)"
74.7.227.48 - - [14/Apr/2026:07:19:49 +0000] "GET /shop/pg/1526404 HTTP/1.1" 500 1004 "http://www.elementalmill.com/shopping/products/16211526404" "Mozilla/5.0 AppleWebKit/537.36 (KHTML, like Gecko; compatible; GPTBot/1.3; +https://openai.com/gptbot)"
66.249.64.33 - - [14/Apr/2026:07:20:15 +0000] "GET /888810050 HTTP/1.1" 200 28451 "-" "Mozilla/5.0 (Linux; Android 6.0.1; Nexus 5X Build/MMB29P) AppleWebKit/537.36 (KHTML, like Gecko) Chrome/146.0.7680.177 Mobile Safari/537.36 (compatible; GoogleOther)"
85.208.96.197 - - [14/Apr/2026:07:20:33 +0000] "GET /shop/pg/917118 HTTP/1.1" 500 164 "-" "Mozilla/5.0 (compatible; SemrushBot/7~bl; +http://www.semrush.com/bot.html)"
74.7.242.41 - - [14/Apr/2026:07:21:34 +0000] "GET /shop/pg/16211649641 HTTP/1.1" 500 1004 "http://www.elementalmill.com" "Mozilla/5.0 AppleWebKit/537.36 (KHTML, like Gecko; compatible; GPTBot/1.3; +https://openai.com/gptbot)"
185.191.171.19 - - [14/Apr/2026:07:21:34 +0000] "GET /shop/pg/16222020460 HTTP/1.1" 500 164 "-" "Mozilla/5.0 (compatible; SemrushBot/7~bl; +http://www.semrush.com/bot.html)"
74.7.242.41 - - [14/Apr/2026:07:21:49 +0000] "GET /shop/pg/2136425 HTTP/1.1" 500 1004 "http://mail.elementalmill.com/shop/customer/bookmark.php?shopping/products/16222136425" "Mozilla/5.0 AppleWebKit/537.36 (KHTML, like Gecko; compatible; GPTBot/1.3; +https://openai.com/gptbot)"
74.7.242.41 - - [14/Apr/2026:07:22:36 +0000] "GET /shop/pg/16211546404 HTTP/1.1" 500 1004 "http://www.elementalmill.com" "Mozilla/5.0 AppleWebKit/537.36 (KHTML, like Gecko; compatible; GPTBot/1.3; +https://openai.com/gptbot)"
85.208.96.206 - - [14/Apr/2026:07:22:36 +0000] "GET /shopping/products/1619936576 HTTP/1.1" 500 164 "-" "Mozilla/5.0 (compatible; SemrushBot/7~bl; +http://www.semrush.com/bot.html)"
74.7.227.185 - - [14/Apr/2026:07:22:43 +0000] "GET /shopping/products/16211945786 HTTP/1.1" 500 1004 "http://elementalmill.com.lab2454.com/shopping/products/16201358536" "Mozilla/5.0 AppleWebKit/537.36 (KHTML, like Gecko; compatible; GPTBot/1.3; +https://openai.com/gptbot)"
74.7.242.41 - - [14/Apr/2026:07:22:55 +0000] "GET /shop/pg/2474219 HTTP/1.1" 500 1004 "http://mail.elementalmill.com/shop/customer/bookmark.php?shopping/products/16222474219" "Mozilla/5.0 AppleWebKit/537.36 (KHTML, like Gecko; compatible; GPTBot/1.3; +https://openai.com/gptbot)"
185.191.171.15 - - [14/Apr/2026:07:23:38 +0000] "GET /shopping/products/1619972728 HTTP/1.1" 500 164 "-" "Mozilla/5.0 (compatible; SemrushBot/7~bl; +http://www.semrush.com/bot.html)"
74.7.242.41 - - [14/Apr/2026:07:23:42 +0000] "GET /shop/pg/16201123301 HTTP/1.1" 500 1004 "http://www.elementalmill.com" "Mozilla/5.0 AppleWebKit/537.36 (KHTML, like Gecko; compatible; GPTBot/1.3; +https://openai.com/gptbot)"
74.7.242.41 - - [14/Apr/2026:07:23:59 +0000] "GET /shop/pg/2633695 HTTP/1.1" 500 1004 "http://mail.elementalmill.com/shop/customer/bookmark.php?shopping/products/16232633695" "Mozilla/5.0 AppleWebKit/537.36 (KHTML, like Gecko; compatible; GPTBot/1.3; +https://openai.com/gptbot)"
66.249.64.34 - - [14/Apr/2026:07:24:05 +0000] "GET /f/special/isetan/ HTTP/1.1" 200 26929 "-" "Mozilla/5.0 (Linux; Android 6.0.1; Nexus 5X Build/MMB29P) AppleWebKit/537.36 (KHTML, like Gecko) Chrome/146.0.7680.177 Mobile Safari/537.36 (compatible; GoogleOther)"
85.208.96.200 - - [14/Apr/2026:07:24:39 +0000] "GET /shop/pg/16222081651 HTTP/1.1" 500 164 "-" "Mozilla/5.0 (compatible; SemrushBot/7~bl; +http://www.semrush.com/bot.html)"
74.7.242.41 - - [14/Apr/2026:07:24:44 +0000] "GET /shop/pg/16211814145 HTTP/1.1" 500 1004 "http://www.elementalmill.com" "Mozilla/5.0 AppleWebKit/537.36 (KHTML, like Gecko; compatible; GPTBot/1.3; +https://openai.com/gptbot)"
74.7.242.41 - - [14/Apr/2026:07:25:02 +0000] "GET /shop/pg/2430255 HTTP/1.1" 500 1004 "http://mail.elementalmill.com/shopping/products/16222430255" "Mozilla/5.0 AppleWebKit/537.36 (KHTML, like Gecko; compatible; GPTBot/1.3; +https://openai.com/gptbot)"
185.191.171.10 - - [14/Apr/2026:07:25:40 +0000] "GET /shopping/products/1619941870 HTTP/1.1" 500 164 "-" "Mozilla/5.0 (compatible; SemrushBot/7~bl; +http://www.semrush.com/bot.html)"
74.7.227.185 - - [14/Apr/2026:07:25:48 +0000] "GET /shopping/products/16201283870 HTTP/1.1" 500 1004 "http://elementalmill.com.lab2454.com/shopping/products/16201225307" "Mozilla/5.0 AppleWebKit/537.36 (KHTML, like Gecko; compatible; GPTBot/1.3; +https://openai.com/gptbot)"
74.7.242.41 - - [14/Apr/2026:07:26:06 +0000] "GET /shop/pg/2643659 HTTP/1.1" 500 1004 "http://mail.elementalmill.com/shop/customer/bookmark.php?shopping/products/16232643659" "Mozilla/5.0 AppleWebKit/537.36 (KHTML, like Gecko; compatible; GPTBot/1.3; +https://openai.com/gptbot)"
185.191.171.12 - - [14/Apr/2026:07:26:41 +0000] "GET /shopping/products/1619936430 HTTP/1.1" 500 164 "-" "Mozilla/5.0 (compatible; SemrushBot/7~bl; +http://www.semrush.com/bot.html)"
74.7.227.48 - - [14/Apr/2026:07:27:03 +0000] "GET /shop/pg/2636631 HTTP/1.1" 500 1004 "http://www.elementalmill.com/shopping/products/16232636631" "Mozilla/5.0 AppleWebKit/537.36 (KHTML, like Gecko; compatible; GPTBot/1.3; +https://openai.com/gptbot)"
74.7.242.41 - - [14/Apr/2026:07:27:07 +0000] "GET /shop/pg/2206501 HTTP/1.1" 500 1004 "http://mail.elementalmill.com/shop/customer/bookmark.php?shopping/products/16222206501" "Mozilla/5.0 AppleWebKit/537.36 (KHTML, like Gecko; compatible; GPTBot/1.3; +https://openai.com/gptbot)"
185.191.171.8 - - [14/Apr/2026:07:27:42 +0000] "GET /shopping/products/1619975781 HTTP/1.1" 500 164 "-" "Mozilla/5.0 (compatible; SemrushBot/7~bl; +http://www.semrush.com/bot.html)"
74.7.227.48 - - [14/Apr/2026:07:28:04 +0000] "GET /shop/pg/2210228 HTTP/1.1" 500 1004 "http://www.elementalmill.com/shop/customer/bookmark.php?shopping/products/16222210228" "Mozilla/5.0 AppleWebKit/537.36 (KHTML, like Gecko; compatible; GPTBot/1.3; +https://openai.com/gptbot)"
74.7.242.41 - - [14/Apr/2026:07:28:08 +0000] "GET /shop/pg/2251864 HTTP/1.1" 500 1004 "http://mail.elementalmill.com/shopping/products/16222251864" "Mozilla/5.0 AppleWebKit/537.36 (KHTML, like Gecko; compatible; GPTBot/1.3; +https://openai.com/gptbot)"
52.167.144.173 - - [14/Apr/2026:07:28:08 +0000] "GET /shopping/products/161974925364 HTTP/1.1" 200 28171 "-" "Mozilla/5.0 AppleWebKit/537.36 (KHTML, like Gecko; compatible; bingbot/2.0; +http://www.bing.com/bingbot.htm) Chrome/116.0.1938.76 Safari/537.36"
85.208.96.205 - - [14/Apr/2026:07:28:43 +0000] "GET /shopping/products/1619960861 HTTP/1.1" 500 164 "-" "Mozilla/5.0 (compatible; SemrushBot/7~bl; +http://www.semrush.com/bot.html)"
74.7.242.41 - - [14/Apr/2026:07:29:03 +0000] "GET /shop/pg/16211677156 HTTP/1.1" 500 1004 "http://www.elementalmill.com" "Mozilla/5.0 AppleWebKit/537.36 (KHTML, like Gecko; compatible; GPTBot/1.3; +https://openai.com/gptbot)"
