85.208.96.201 - - [13/Apr/2026:18:52:35 +0000] "GET /shop/pg/932092 HTTP/1.1" 500 164 "-" "Mozilla/5.0 (compatible; SemrushBot/7~bl; +http://www.semrush.com/bot.html)"
185.191.171.16 - - [13/Apr/2026:18:53:36 +0000] "GET /shopping/products/1619869275 HTTP/1.1" 500 164 "-" "Mozilla/5.0 (compatible; SemrushBot/7~bl; +http://www.semrush.com/bot.html)"
74.7.227.48 - - [13/Apr/2026:18:54:28 +0000] "GET /shop/pg/2136971 HTTP/1.1" 500 1004 "http://www.elementalmill.com/shopping/products/16222136971" "Mozilla/5.0 AppleWebKit/537.36 (KHTML, like Gecko; compatible; GPTBot/1.3; +https://openai.com/gptbot)"
74.7.242.41 - - [13/Apr/2026:18:54:33 +0000] "GET /shop/pg/1136807 HTTP/1.1" 500 1004 "http://mail.elementalmill.com/shop/pg/16211511906" "Mozilla/5.0 AppleWebKit/537.36 (KHTML, like Gecko; compatible; GPTBot/1.3; +https://openai.com/gptbot)"
85.208.96.202 - - [13/Apr/2026:18:54:37 +0000] "GET /shopping/products/1619972445 HTTP/1.1" 500 164 "-" "Mozilla/5.0 (compatible; SemrushBot/7~bl; +http://www.semrush.com/bot.html)"
185.191.171.16 - - [13/Apr/2026:18:55:38 +0000] "GET /shopping/products/1619956273 HTTP/1.1" 500 164 "-" "Mozilla/5.0 (compatible; SemrushBot/7~bl; +http://www.semrush.com/bot.html)"
85.208.96.204 - - [13/Apr/2026:18:56:39 +0000] "GET /shopping/products/1619904070 HTTP/1.1" 500 164 "-" "Mozilla/5.0 (compatible; SemrushBot/7~bl; +http://www.semrush.com/bot.html)"
74.7.242.41 - - [13/Apr/2026:18:56:59 +0000] "GET /shop/pg/2098122 HTTP/1.1" 500 1004 "http://mail.elementalmill.com/shopping/products/16222098122" "Mozilla/5.0 AppleWebKit/537.36 (KHTML, like Gecko; compatible; GPTBot/1.3; +https://openai.com/gptbot)"
85.208.96.212 - - [13/Apr/2026:18:57:40 +0000] "GET /shopping/products/1619961450 HTTP/1.1" 500 164 "-" "Mozilla/5.0 (compatible; SemrushBot/7~bl; +http://www.semrush.com/bot.html)"
85.208.96.206 - - [13/Apr/2026:18:58:41 +0000] "GET /shopping/products/1619955435 HTTP/1.1" 500 164 "-" "Mozilla/5.0 (compatible; SemrushBot/7~bl; +http://www.semrush.com/bot.html)"
185.191.171.19 - - [13/Apr/2026:18:59:42 +0000] "GET /shopping/products/1619930741 HTTP/1.1" 500 164 "-" "Mozilla/5.0 (compatible; SemrushBot/7~bl; +http://www.semrush.com/bot.html)"
74.7.227.48 - - [13/Apr/2026:19:00:08 +0000] "GET /shop/pg/1725346 HTTP/1.1" 500 1004 "http://www.elementalmill.com/shopping/products/16211725346" "Mozilla/5.0 AppleWebKit/537.36 (KHTML, like Gecko; compatible; GPTBot/1.3; +https://openai.com/gptbot)"
74.7.242.41 - - [13/Apr/2026:19:00:12 +0000] "GET /shop/pg/1039934 HTTP/1.1" 500 1004 "http://mail.elementalmill.com/shop/pg/16232598134" "Mozilla/5.0 AppleWebKit/537.36 (KHTML, like Gecko; compatible; GPTBot/1.3; +https://openai.com/gptbot)"
74.7.242.41 - - [13/Apr/2026:19:00:36 +0000] "GET /shop/pg/16211945513 HTTP/1.1" 500 1004 "http://www.elementalmill.com" "Mozilla/5.0 AppleWebKit/537.36 (KHTML, like Gecko; compatible; GPTBot/1.3; +https://openai.com/gptbot)"
185.191.171.3 - - [13/Apr/2026:19:00:43 +0000] "GET /shop/pg/16201240715 HTTP/1.1" 500 164 "-" "Mozilla/5.0 (compatible; SemrushBot/7~bl; +http://www.semrush.com/bot.html)"
85.208.96.209 - - [13/Apr/2026:19:01:43 +0000] "GET /shop/pg/16201188279 HTTP/1.1" 500 164 "-" "Mozilla/5.0 (compatible; SemrushBot/7~bl; +http://www.semrush.com/bot.html)"
74.7.242.41 - - [13/Apr/2026:19:02:38 +0000] "GET /shop/pg/1470060 HTTP/1.1" 500 1004 "http://mail.elementalmill.com/shop/pg/16201253596" "Mozilla/5.0 AppleWebKit/537.36 (KHTML, like Gecko; compatible; GPTBot/1.3; +https://openai.com/gptbot)"
85.208.96.196 - - [13/Apr/2026:19:02:44 +0000] "GET /shopping/products/1619939544 HTTP/1.1" 500 164 "-" "Mozilla/5.0 (compatible; SemrushBot/7~bl; +http://www.semrush.com/bot.html)"
85.208.96.196 - - [13/Apr/2026:19:02:51 +0000] "GET /robots.txt HTTP/1.1" 500 1004 "-" "Mozilla/5.0 (compatible; SemrushBot/7~bl; +http://www.semrush.com/bot.html)"
185.191.171.2 - - [13/Apr/2026:19:03:45 +0000] "GET /shopping/products/1619952526 HTTP/1.1" 500 164 "-" "Mozilla/5.0 (compatible; SemrushBot/7~bl; +http://www.semrush.com/bot.html)"
85.208.96.212 - - [13/Apr/2026:19:04:46 +0000] "GET /shopping/products/1619968099 HTTP/1.1" 500 164 "-" "Mozilla/5.0 (compatible; SemrushBot/7~bl; +http://www.semrush.com/bot.html)"
185.191.171.19 - - [13/Apr/2026:19:05:47 +0000] "GET /shop/pg/924701 HTTP/1.1" 500 164 "-" "Mozilla/5.0 (compatible; SemrushBot/7~bl; +http://www.semrush.com/bot.html)"
74.7.243.205 - - [13/Apr/2026:19:06:11 +0000] "GET /shop/pg/2048002 HTTP/1.1" 500 1004 "http://www.elementalmill.com.lab2454.com/shopping/products/16222048002" "Mozilla/5.0 AppleWebKit/537.36 (KHTML, like Gecko; compatible; GPTBot/1.3; +https://openai.com/gptbot)"
74.7.242.41 - - [13/Apr/2026:19:06:22 +0000] "GET /shop/pg/1985698 HTTP/1.1" 500 1004 "http://mail.elementalmill.com/shop/customer/bookmark.php?shopping/products/16211985698" "Mozilla/5.0 AppleWebKit/537.36 (KHTML, like Gecko; compatible; GPTBot/1.3; +https://openai.com/gptbot)"
85.208.96.212 - - [13/Apr/2026:19:06:48 +0000] "GET /shop/pg/16201440313 HTTP/1.1" 500 164 "-" "Mozilla/5.0 (compatible; SemrushBot/7~bl; +http://www.semrush.com/bot.html)"
74.7.242.41 - - [13/Apr/2026:19:07:07 +0000] "GET /shop/pg/16232512133 HTTP/1.1" 500 1004 "http://www.elementalmill.com" "Mozilla/5.0 AppleWebKit/537.36 (KHTML, like Gecko; compatible; GPTBot/1.3; +https://openai.com/gptbot)"
185.191.171.12 - - [13/Apr/2026:19:07:49 +0000] "GET /shop/pg/878524 HTTP/1.1" 500 164 "-" "Mozilla/5.0 (compatible; SemrushBot/7~bl; +http://www.semrush.com/bot.html)"
185.191.171.8 - - [13/Apr/2026:19:08:50 +0000] "GET /shopping/products/1619952291 HTTP/1.1" 500 164 "-" "Mozilla/5.0 (compatible; SemrushBot/7~bl; +http://www.semrush.com/bot.html)"
185.191.171.3 - - [13/Apr/2026:19:09:51 +0000] "GET /shopping/products/1619916827 HTTP/1.1" 500 164 "-" "Mozilla/5.0 (compatible; SemrushBot/7~bl; +http://www.semrush.com/bot.html)"
85.208.96.203 - - [13/Apr/2026:19:10:52 +0000] "GET /shop/pg/16222093063 HTTP/1.1" 500 164 "-" "Mozilla/5.0 (compatible; SemrushBot/7~bl; +http://www.semrush.com/bot.html)"
185.191.171.10 - - [13/Apr/2026:19:11:53 +0000] "GET /shopping/products/1619908963 HTTP/1.1" 500 164 "-" "Mozilla/5.0 (compatible; SemrushBot/7~bl; +http://www.semrush.com/bot.html)"
185.191.171.9 - - [13/Apr/2026:19:12:53 +0000] "GET /shopping/products/1619966740 HTTP/1.1" 500 164 "-" "Mozilla/5.0 (compatible; SemrushBot/7~bl; +http://www.semrush.com/bot.html)"
74.7.242.41 - - [13/Apr/2026:19:13:45 +0000] "GET /shop/pg/1815189 HTTP/1.1" 500 1004 "http://mail.elementalmill.com/shopping/products/16211815189" "Mozilla/5.0 AppleWebKit/537.36 (KHTML, like Gecko; compatible; GPTBot/1.3; +https://openai.com/gptbot)"
185.191.171.9 - - [13/Apr/2026:19:13:54 +0000] "GET /shopping/products/1619966314 HTTP/1.1" 500 164 "-" "Mozilla/5.0 (compatible; SemrushBot/7~bl; +http://www.semrush.com/bot.html)"
85.208.96.197 - - [13/Apr/2026:19:14:55 +0000] "GET /shopping/products/1619937952 HTTP/1.1" 500 164 "-" "Mozilla/5.0 (compatible; SemrushBot/7~bl; +http://www.semrush.com/bot.html)"
85.208.96.197 - - [13/Apr/2026:19:15:56 +0000] "GET /shop/pg/945243 HTTP/1.1" 500 164 "-" "Mozilla/5.0 (compatible; SemrushBot/7~bl; +http://www.semrush.com/bot.html)"
74.7.242.41 - - [13/Apr/2026:19:16:38 +0000] "GET /shop/pg/1269609 HTTP/1.1" 500 1004 "http://mail.elementalmill.com/shop/pg/16201053160" "Mozilla/5.0 AppleWebKit/537.36 (KHTML, like Gecko; compatible; GPTBot/1.3; +https://openai.com/gptbot)"
85.208.96.194 - - [13/Apr/2026:19:16:57 +0000] "GET /shopping/products/1619986593 HTTP/1.1" 500 164 "-" "Mozilla/5.0 (compatible; SemrushBot/7~bl; +http://www.semrush.com/bot.html)"
85.208.96.199 - - [13/Apr/2026:19:17:58 +0000] "GET /shopping/products/1619936689 HTTP/1.1" 500 164 "-" "Mozilla/5.0 (compatible; SemrushBot/7~bl; +http://www.semrush.com/bot.html)"
185.191.171.9 - - [13/Apr/2026:19:18:58 +0000] "GET /shopping/products/1619993284 HTTP/1.1" 500 164 "-" "Mozilla/5.0 (compatible; SemrushBot/7~bl; +http://www.semrush.com/bot.html)"
74.7.242.41 - - [13/Apr/2026:19:19:55 +0000] "GET /shop/pg/2615294 HTTP/1.1" 500 1004 "http://mail.elementalmill.com/shop/customer/bookmark.php?shopping/products/16232615294" "Mozilla/5.0 AppleWebKit/537.36 (KHTML, like Gecko; compatible; GPTBot/1.3; +https://openai.com/gptbot)"
85.208.96.207 - - [13/Apr/2026:19:19:59 +0000] "GET /shopping/products/1619877246 HTTP/1.1" 500 164 "-" "Mozilla/5.0 (compatible; SemrushBot/7~bl; +http://www.semrush.com/bot.html)"
185.191.171.4 - - [13/Apr/2026:19:21:00 +0000] "GET /shopping/products/1619939262 HTTP/1.1" 500 164 "-" "Mozilla/5.0 (compatible; SemrushBot/7~bl; +http://www.semrush.com/bot.html)"
85.208.96.203 - - [13/Apr/2026:19:22:01 +0000] "GET /shop/pg/258372 HTTP/1.1" 500 164 "-" "Mozilla/5.0 (compatible; SemrushBot/7~bl; +http://www.semrush.com/bot.html)"
185.191.171.16 - - [13/Apr/2026:19:23:02 +0000] "GET /shopping/products/1619957065 HTTP/1.1" 500 164 "-" "Mozilla/5.0 (compatible; SemrushBot/7~bl; +http://www.semrush.com/bot.html)"
74.7.242.41 - - [13/Apr/2026:19:23:12 +0000] "GET /shop/pg/1386571 HTTP/1.1" 500 1004 "http://mail.elementalmill.com/shopping/products/16201386571" "Mozilla/5.0 AppleWebKit/537.36 (KHTML, like Gecko; compatible; GPTBot/1.3; +https://openai.com/gptbot)"
185.191.171.3 - - [13/Apr/2026:19:23:36 +0000] "GET /robots.txt HTTP/1.1" 500 1004 "-" "Mozilla/5.0 (compatible; SemrushBot/7~bl; +http://www.semrush.com/bot.html)"
85.208.96.212 - - [13/Apr/2026:19:24:04 +0000] "GET /shop/pg/886322 HTTP/1.1" 500 164 "-" "Mozilla/5.0 (compatible; SemrushBot/7~bl; +http://www.semrush.com/bot.html)"
185.191.171.11 - - [13/Apr/2026:19:25:04 +0000] "GET /shop/pg/16222076584 HTTP/1.1" 500 164 "-" "Mozilla/5.0 (compatible; SemrushBot/7~bl; +http://www.semrush.com/bot.html)"
85.208.96.210 - - [13/Apr/2026:19:26:06 +0000] "GET /shopping/products/1619968544 HTTP/1.1" 500 164 "-" "Mozilla/5.0 (compatible; SemrushBot/7~bl; +http://www.semrush.com/bot.html)"
85.208.96.194 - - [13/Apr/2026:19:27:07 +0000] "GET /shopping/products/1619901172 HTTP/1.1" 500 164 "-" "Mozilla/5.0 (compatible; SemrushBot/7~bl; +http://www.semrush.com/bot.html)"
85.208.96.211 - - [13/Apr/2026:19:28:08 +0000] "GET /shopping/products/1619968734 HTTP/1.1" 500 164 "-" "Mozilla/5.0 (compatible; SemrushBot/7~bl; +http://www.semrush.com/bot.html)"
74.7.242.41 - - [13/Apr/2026:19:28:19 +0000] "GET /shop/pg/1330446 HTTP/1.1" 500 1004 "http://mail.elementalmill.com/shop/pg/16211705543" "Mozilla/5.0 AppleWebKit/537.36 (KHTML, like Gecko; compatible; GPTBot/1.3; +https://openai.com/gptbot)"
85.208.96.206 - - [13/Apr/2026:19:29:09 +0000] "GET /shopping/products/1619931200 HTTP/1.1" 500 164 "-" "Mozilla/5.0 (compatible; SemrushBot/7~bl; +http://www.semrush.com/bot.html)"
85.208.96.199 - - [13/Apr/2026:19:30:10 +0000] "GET /shop/pg/16222057261 HTTP/1.1" 500 164 "-" "Mozilla/5.0 (compatible; SemrushBot/7~bl; +http://www.semrush.com/bot.html)"
185.191.171.1 - - [13/Apr/2026:19:31:11 +0000] "GET /shopping/products/1619933760 HTTP/1.1" 500 164 "-" "Mozilla/5.0 (compatible; SemrushBot/7~bl; +http://www.semrush.com/bot.html)"
52.167.144.24 - - [13/Apr/2026:19:32:09 +0000] "GET /shop/891169187471.html HTTP/1.1" 200 27069 "-" "Mozilla/5.0 AppleWebKit/537.36 (KHTML, like Gecko; compatible; bingbot/2.0; +http://www.bing.com/bingbot.htm) Chrome/116.0.1938.76 Safari/537.36"
85.208.96.210 - - [13/Apr/2026:19:32:12 +0000] "GET /shop/pg/16222070342 HTTP/1.1" 500 164 "-" "Mozilla/5.0 (compatible; SemrushBot/7~bl; +http://www.semrush.com/bot.html)"
85.208.96.210 - - [13/Apr/2026:19:33:13 +0000] "GET /shopping/products/1619874461 HTTP/1.1" 500 164 "-" "Mozilla/5.0 (compatible; SemrushBot/7~bl; +http://www.semrush.com/bot.html)"
85.208.96.206 - - [13/Apr/2026:19:34:14 +0000] "GET /shopping/products/1619997845 HTTP/1.1" 500 164 "-" "Mozilla/5.0 (compatible; SemrushBot/7~bl; +http://www.semrush.com/bot.html)"
185.191.171.11 - - [13/Apr/2026:19:35:15 +0000] "GET /shop/pg/914504 HTTP/1.1" 500 164 "-" "Mozilla/5.0 (compatible; SemrushBot/7~bl; +http://www.semrush.com/bot.html)"
85.208.96.210 - - [13/Apr/2026:19:36:16 +0000] "GET /shopping/products/1619994248 HTTP/1.1" 500 164 "-" "Mozilla/5.0 (compatible; SemrushBot/7~bl; +http://www.semrush.com/bot.html)"
85.208.96.199 - - [13/Apr/2026:19:37:17 +0000] "GET /shopping/products/1619926151 HTTP/1.1" 500 164 "-" "Mozilla/5.0 (compatible; SemrushBot/7~bl; +http://www.semrush.com/bot.html)"
85.208.96.210 - - [13/Apr/2026:19:38:18 +0000] "GET /shop/pg/16222078889 HTTP/1.1" 500 164 "-" "Mozilla/5.0 (compatible; SemrushBot/7~bl; +http://www.semrush.com/bot.html)"
85.208.96.199 - - [13/Apr/2026:19:39:19 +0000] "GET /shopping/products/1619951842 HTTP/1.1" 500 164 "-" "Mozilla/5.0 (compatible; SemrushBot/7~bl; +http://www.semrush.com/bot.html)"
85.208.96.210 - - [13/Apr/2026:19:40:20 +0000] "GET /shopping/products/1619912634 HTTP/1.1" 500 164 "-" "Mozilla/5.0 (compatible; SemrushBot/7~bl; +http://www.semrush.com/bot.html)"
85.208.96.196 - - [13/Apr/2026:19:41:21 +0000] "GET /shopping/products/1619971967 HTTP/1.1" 500 164 "-" "Mozilla/5.0 (compatible; SemrushBot/7~bl; +http://www.semrush.com/bot.html)"
74.7.242.41 - - [13/Apr/2026:19:41:57 +0000] "GET /shop/pg/1959564 HTTP/1.1" 500 1004 "http://mail.elementalmill.com/shop/customer/bookmark.php?shopping/products/16211959564" "Mozilla/5.0 AppleWebKit/537.36 (KHTML, like Gecko; compatible; GPTBot/1.3; +https://openai.com/gptbot)"
85.208.96.194 - - [13/Apr/2026:19:42:22 +0000] "GET /shop/pg/1521218 HTTP/1.1" 500 164 "-" "Mozilla/5.0 (compatible; SemrushBot/7~bl; +http://www.semrush.com/bot.html)"
85.208.96.196 - - [13/Apr/2026:19:43:23 +0000] "GET /shopping/products/1619984066 HTTP/1.1" 500 164 "-" "Mozilla/5.0 (compatible; SemrushBot/7~bl; +http://www.semrush.com/bot.html)"
85.208.96.208 - - [13/Apr/2026:19:44:24 +0000] "GET /shop/pg/1619943836 HTTP/1.1" 500 164 "-" "Mozilla/5.0 (compatible; SemrushBot/7~bl; +http://www.semrush.com/bot.html)"
185.191.171.14 - - [13/Apr/2026:19:44:51 +0000] "GET /robots.txt HTTP/1.1" 500 1004 "-" "Mozilla/5.0 (compatible; SemrushBot/7~bl; +http://www.semrush.com/bot.html)"
85.208.96.201 - - [13/Apr/2026:19:45:25 +0000] "GET /shopping/products/1619957894 HTTP/1.1" 500 164 "-" "Mozilla/5.0 (compatible; SemrushBot/7~bl; +http://www.semrush.com/bot.html)"
185.191.171.16 - - [13/Apr/2026:19:46:26 +0000] "GET /shopping/products/1619946587 HTTP/1.1" 500 164 "-" "Mozilla/5.0 (compatible; SemrushBot/7~bl; +http://www.semrush.com/bot.html)"
74.7.242.41 - - [13/Apr/2026:19:46:58 +0000] "GET /shop/pg/1939981 HTTP/1.1" 500 1004 "http://mail.elementalmill.com/shopping/products/16211939981" "Mozilla/5.0 AppleWebKit/537.36 (KHTML, like Gecko; compatible; GPTBot/1.3; +https://openai.com/gptbot)"
185.191.171.2 - - [13/Apr/2026:19:47:27 +0000] "GET /shopping/products/1619974735 HTTP/1.1" 500 164 "-" "Mozilla/5.0 (compatible; SemrushBot/7~bl; +http://www.semrush.com/bot.html)"
185.191.171.11 - - [13/Apr/2026:19:48:28 +0000] "GET /shopping/products/1619927218 HTTP/1.1" 500 164 "-" "Mozilla/5.0 (compatible; SemrushBot/7~bl; +http://www.semrush.com/bot.html)"
185.191.171.15 - - [13/Apr/2026:19:49:29 +0000] "GET /shopping/products/1619995616 HTTP/1.1" 500 164 "-" "Mozilla/5.0 (compatible; SemrushBot/7~bl; +http://www.semrush.com/bot.html)"
185.191.171.2 - - [13/Apr/2026:19:50:30 +0000] "GET /shopping/products/1619875184 HTTP/1.1" 500 164 "-" "Mozilla/5.0 (compatible; SemrushBot/7~bl; +http://www.semrush.com/bot.html)"
185.191.171.16 - - [13/Apr/2026:19:51:32 +0000] "GET /shopping/products/1619991122 HTTP/1.1" 500 164 "-" "Mozilla/5.0 (compatible; SemrushBot/7~bl; +http://www.semrush.com/bot.html)"
185.191.171.4 - - [13/Apr/2026:19:52:33 +0000] "GET /shopping/products/1619874912 HTTP/1.1" 500 164 "-" "Mozilla/5.0 (compatible; SemrushBot/7~bl; +http://www.semrush.com/bot.html)"
74.7.242.41 - - [13/Apr/2026:19:52:54 +0000] "GET /shop/pg/2058254 HTTP/1.1" 500 1004 "http://mail.elementalmill.com/shopping/products/16222058254" "Mozilla/5.0 AppleWebKit/537.36 (KHTML, like Gecko; compatible; GPTBot/1.3; +https://openai.com/gptbot)"
52.167.144.231 - - [13/Apr/2026:19:53:32 +0000] "GET /shop/88974787470.html HTTP/1.1" 200 27301 "-" "Mozilla/5.0 AppleWebKit/537.36 (KHTML, like Gecko; compatible; bingbot/2.0; +http://www.bing.com/bingbot.htm) Chrome/116.0.1938.76 Safari/537.36"
185.191.171.16 - - [13/Apr/2026:19:53:34 +0000] "GET /shop/pg/16222034920 HTTP/1.1" 500 164 "-" "Mozilla/5.0 (compatible; SemrushBot/7~bl; +http://www.semrush.com/bot.html)"
85.208.96.195 - - [13/Apr/2026:19:54:35 +0000] "GET /shop/pg/1618280173 HTTP/1.1" 500 164 "-" "Mozilla/5.0 (compatible; SemrushBot/7~bl; +http://www.semrush.com/bot.html)"
185.191.171.16 - - [13/Apr/2026:19:55:37 +0000] "GET /shop/pg/564266 HTTP/1.1" 500 164 "-" "Mozilla/5.0 (compatible; SemrushBot/7~bl; +http://www.semrush.com/bot.html)"
85.208.96.210 - - [13/Apr/2026:19:56:40 +0000] "GET /shop/pg/16222335532 HTTP/1.1" 500 164 "-" "Mozilla/5.0 (compatible; SemrushBot/7~bl; +http://www.semrush.com/bot.html)"
185.191.171.11 - - [13/Apr/2026:19:57:41 +0000] "GET /shop/pg/1619894635 HTTP/1.1" 500 164 "-" "Mozilla/5.0 (compatible; SemrushBot/7~bl; +http://www.semrush.com/bot.html)"
185.191.171.2 - - [13/Apr/2026:19:58:43 +0000] "GET /shopping/products/1619987290 HTTP/1.1" 500 164 "-" "Mozilla/5.0 (compatible; SemrushBot/7~bl; +http://www.semrush.com/bot.html)"
74.7.242.41 - - [13/Apr/2026:19:58:55 +0000] "GET /shop/pg/2396460 HTTP/1.1" 500 1004 "http://mail.elementalmill.com/shop/customer/bookmark.php?shopping/products/16222396460" "Mozilla/5.0 AppleWebKit/537.36 (KHTML, like Gecko; compatible; GPTBot/1.3; +https://openai.com/gptbot)"
85.208.96.211 - - [13/Apr/2026:19:59:44 +0000] "GET /shopping/products/1619895590 HTTP/1.1" 500 164 "-" "Mozilla/5.0 (compatible; SemrushBot/7~bl; +http://www.semrush.com/bot.html)"
185.191.171.17 - - [13/Apr/2026:20:00:45 +0000] "GET /shop/pg/16201103478 HTTP/1.1" 500 164 "-" "Mozilla/5.0 (compatible; SemrushBot/7~bl; +http://www.semrush.com/bot.html)"
185.191.171.4 - - [13/Apr/2026:20:01:46 +0000] "GET /shopping/products/1619998863 HTTP/1.1" 500 164 "-" "Mozilla/5.0 (compatible; SemrushBot/7~bl; +http://www.semrush.com/bot.html)"
85.208.96.210 - - [13/Apr/2026:20:02:47 +0000] "GET /shopping/products/1619988327 HTTP/1.1" 500 164 "-" "Mozilla/5.0 (compatible; SemrushBot/7~bl; +http://www.semrush.com/bot.html)"
185.191.171.14 - - [13/Apr/2026:20:03:48 +0000] "GET /shopping/products/1619991266 HTTP/1.1" 500 164 "-" "Mozilla/5.0 (compatible; SemrushBot/7~bl; +http://www.semrush.com/bot.html)"
185.191.171.3 - - [13/Apr/2026:20:04:49 +0000] "GET /shopping/products/1619949976 HTTP/1.1" 500 164 "-" "Mozilla/5.0 (compatible; SemrushBot/7~bl; +http://www.semrush.com/bot.html)"
74.7.242.41 - - [13/Apr/2026:20:04:57 +0000] "GET /shop/pg/1641477 HTTP/1.1" 500 1004 "http://mail.elementalmill.com/shop/pg/16201425025" "Mozilla/5.0 AppleWebKit/537.36 (KHTML, like Gecko; compatible; GPTBot/1.3; +https://openai.com/gptbot)"
85.208.96.200 - - [13/Apr/2026:20:05:48 +0000] "GET /robots.txt HTTP/1.1" 500 1004 "-" "Mozilla/5.0 (compatible; SemrushBot/7~bl; +http://www.semrush.com/bot.html)"
185.191.171.16 - - [13/Apr/2026:20:05:50 +0000] "GET /shopping/products/1619934390 HTTP/1.1" 500 164 "-" "Mozilla/5.0 (compatible; SemrushBot/7~bl; +http://www.semrush.com/bot.html)"
85.208.96.206 - - [13/Apr/2026:20:06:51 +0000] "GET /shop/pg/124512 HTTP/1.1" 500 164 "-" "Mozilla/5.0 (compatible; SemrushBot/7~bl; +http://www.semrush.com/bot.html)"
185.191.171.2 - - [13/Apr/2026:20:07:52 +0000] "GET /shopping/products/1619980991 HTTP/1.1" 500 164 "-" "Mozilla/5.0 (compatible; SemrushBot/7~bl; +http://www.semrush.com/bot.html)"
157.55.39.200 - - [13/Apr/2026:20:08:32 +0000] "GET /shop/890925243742.html HTTP/1.1" 200 27121 "-" "Mozilla/5.0 AppleWebKit/537.36 (KHTML, like Gecko; compatible; bingbot/2.0; +http://www.bing.com/bingbot.htm) Chrome/116.0.1938.76 Safari/537.36"
85.208.96.207 - - [13/Apr/2026:20:08:53 +0000] "GET /shopping/products/1619950326 HTTP/1.1" 500 164 "-" "Mozilla/5.0 (compatible; SemrushBot/7~bl; +http://www.semrush.com/bot.html)"
185.191.171.1 - - [13/Apr/2026:20:09:54 +0000] "GET /shopping/products/1619937836 HTTP/1.1" 500 164 "-" "Mozilla/5.0 (compatible; SemrushBot/7~bl; +http://www.semrush.com/bot.html)"
185.191.171.7 - - [13/Apr/2026:20:10:55 +0000] "GET /shopping/products/1619974604 HTTP/1.1" 500 164 "-" "Mozilla/5.0 (compatible; SemrushBot/7~bl; +http://www.semrush.com/bot.html)"
74.7.242.41 - - [13/Apr/2026:20:11:24 +0000] "GET /shop/pg/1313826 HTTP/1.1" 500 1004 "http://mail.elementalmill.com/shop/pg/16211688908" "Mozilla/5.0 AppleWebKit/537.36 (KHTML, like Gecko; compatible; GPTBot/1.3; +https://openai.com/gptbot)"
185.191.171.14 - - [13/Apr/2026:20:11:59 +0000] "GET /shopping/products/1619939583 HTTP/1.1" 500 164 "-" "Mozilla/5.0 (compatible; SemrushBot/7~bl; +http://www.semrush.com/bot.html)"
185.191.171.1 - - [13/Apr/2026:20:13:01 +0000] "GET /shopping/products/1619938886 HTTP/1.1" 500 164 "-" "Mozilla/5.0 (compatible; SemrushBot/7~bl; +http://www.semrush.com/bot.html)"
85.208.96.203 - - [13/Apr/2026:20:14:02 +0000] "GET /shopping/products/1619998145 HTTP/1.1" 500 164 "-" "Mozilla/5.0 (compatible; SemrushBot/7~bl; +http://www.semrush.com/bot.html)"
85.208.96.195 - - [13/Apr/2026:20:15:03 +0000] "GET /shop/pg/16211658217 HTTP/1.1" 500 164 "-" "Mozilla/5.0 (compatible; SemrushBot/7~bl; +http://www.semrush.com/bot.html)"
185.191.171.5 - - [13/Apr/2026:20:16:04 +0000] "GET /shopping/products/1619984599 HTTP/1.1" 500 164 "-" "Mozilla/5.0 (compatible; SemrushBot/7~bl; +http://www.semrush.com/bot.html)"
185.191.171.19 - - [13/Apr/2026:20:17:05 +0000] "GET /shopping/products/1619976659 HTTP/1.1" 500 164 "-" "Mozilla/5.0 (compatible; SemrushBot/7~bl; +http://www.semrush.com/bot.html)"
85.208.96.212 - - [13/Apr/2026:20:18:06 +0000] "GET /shopping/products/1619906484 HTTP/1.1" 500 164 "-" "Mozilla/5.0 (compatible; SemrushBot/7~bl; +http://www.semrush.com/bot.html)"
185.191.171.8 - - [13/Apr/2026:20:19:06 +0000] "GET /shop/pg/1619898686 HTTP/1.1" 500 164 "-" "Mozilla/5.0 (compatible; SemrushBot/7~bl; +http://www.semrush.com/bot.html)"
85.208.96.211 - - [13/Apr/2026:20:20:07 +0000] "GET /shop/pg/16222053487 HTTP/1.1" 500 164 "-" "Mozilla/5.0 (compatible; SemrushBot/7~bl; +http://www.semrush.com/bot.html)"
185.191.171.4 - - [13/Apr/2026:20:21:08 +0000] "GET /shop/pg/281011 HTTP/1.1" 500 164 "-" "Mozilla/5.0 (compatible; SemrushBot/7~bl; +http://www.semrush.com/bot.html)"
85.208.96.208 - - [13/Apr/2026:20:22:09 +0000] "GET /shop/pg/16222067156 HTTP/1.1" 500 164 "-" "Mozilla/5.0 (compatible; SemrushBot/7~bl; +http://www.semrush.com/bot.html)"
185.191.171.2 - - [13/Apr/2026:20:23:10 +0000] "GET /shopping/products/1619995606 HTTP/1.1" 500 164 "-" "Mozilla/5.0 (compatible; SemrushBot/7~bl; +http://www.semrush.com/bot.html)"
185.191.171.4 - - [13/Apr/2026:20:24:11 +0000] "GET /shopping/products/1619947143 HTTP/1.1" 500 164 "-" "Mozilla/5.0 (compatible; SemrushBot/7~bl; +http://www.semrush.com/bot.html)"
185.191.171.3 - - [13/Apr/2026:20:25:12 +0000] "GET /shopping/products/1619939753 HTTP/1.1" 500 164 "-" "Mozilla/5.0 (compatible; SemrushBot/7~bl; +http://www.semrush.com/bot.html)"
85.208.96.212 - - [13/Apr/2026:20:26:13 +0000] "GET /shop/pg/440119 HTTP/1.1" 500 164 "-" "Mozilla/5.0 (compatible; SemrushBot/7~bl; +http://www.semrush.com/bot.html)"
207.46.13.155 - - [13/Apr/2026:20:26:30 +0000] "GET /shop/88974691337.html HTTP/1.1" 200 27595 "-" "Mozilla/5.0 AppleWebKit/537.36 (KHTML, like Gecko; compatible; bingbot/2.0; +http://www.bing.com/bingbot.htm) Chrome/116.0.1938.76 Safari/537.36"
85.208.96.205 - - [13/Apr/2026:20:27:04 +0000] "GET /robots.txt HTTP/1.1" 500 1004 "-" "Mozilla/5.0 (compatible; SemrushBot/7~bl; +http://www.semrush.com/bot.html)"
85.208.96.196 - - [13/Apr/2026:20:27:14 +0000] "GET /shop/pg/343645 HTTP/1.1" 500 164 "-" "Mozilla/5.0 (compatible; SemrushBot/7~bl; +http://www.semrush.com/bot.html)"
85.208.96.194 - - [13/Apr/2026:20:28:14 +0000] "GET /shopping/products/1619990234 HTTP/1.1" 500 164 "-" "Mozilla/5.0 (compatible; SemrushBot/7~bl; +http://www.semrush.com/bot.html)"
185.191.171.15 - - [13/Apr/2026:20:29:15 +0000] "GET /shop/pg/303536 HTTP/1.1" 500 164 "-" "Mozilla/5.0 (compatible; SemrushBot/7~bl; +http://www.semrush.com/bot.html)"
85.208.96.210 - - [13/Apr/2026:20:30:16 +0000] "GET /shop/pg/161822479 HTTP/1.1" 500 164 "-" "Mozilla/5.0 (compatible; SemrushBot/7~bl; +http://www.semrush.com/bot.html)"
85.208.96.195 - - [13/Apr/2026:20:31:18 +0000] "GET /shopping/products/1619988001 HTTP/1.1" 500 164 "-" "Mozilla/5.0 (compatible; SemrushBot/7~bl; +http://www.semrush.com/bot.html)"
85.208.96.196 - - [13/Apr/2026:20:32:18 +0000] "GET /shop/pg/104097 HTTP/1.1" 500 164 "-" "Mozilla/5.0 (compatible; SemrushBot/7~bl; +http://www.semrush.com/bot.html)"
185.191.171.19 - - [13/Apr/2026:20:33:19 +0000] "GET /shop/pg/324525 HTTP/1.1" 500 164 "-" "Mozilla/5.0 (compatible; SemrushBot/7~bl; +http://www.semrush.com/bot.html)"
85.208.96.199 - - [13/Apr/2026:20:34:20 +0000] "GET /shopping/products/1619870865 HTTP/1.1" 500 164 "-" "Mozilla/5.0 (compatible; SemrushBot/7~bl; +http://www.semrush.com/bot.html)"
85.208.96.203 - - [13/Apr/2026:20:35:22 +0000] "GET /shop/pg/114021 HTTP/1.1" 500 164 "-" "Mozilla/5.0 (compatible; SemrushBot/7~bl; +http://www.semrush.com/bot.html)"
185.191.171.2 - - [13/Apr/2026:20:36:23 +0000] "GET /shop/pg/2042513 HTTP/1.1" 500 164 "-" "Mozilla/5.0 (compatible; SemrushBot/7~bl; +http://www.semrush.com/bot.html)"
85.208.96.194 - - [13/Apr/2026:20:37:25 +0000] "GET /shopping/products/1619858639 HTTP/1.1" 500 164 "-" "Mozilla/5.0 (compatible; SemrushBot/7~bl; +http://www.semrush.com/bot.html)"
85.208.96.208 - - [13/Apr/2026:20:38:26 +0000] "GET /shop/pg/16201106376 HTTP/1.1" 500 164 "-" "Mozilla/5.0 (compatible; SemrushBot/7~bl; +http://www.semrush.com/bot.html)"
185.191.171.2 - - [13/Apr/2026:20:39:28 +0000] "GET /shopping/products/1619910195 HTTP/1.1" 500 164 "-" "Mozilla/5.0 (compatible; SemrushBot/7~bl; +http://www.semrush.com/bot.html)"
85.208.96.208 - - [13/Apr/2026:20:40:29 +0000] "GET /shop/pg/202219 HTTP/1.1" 500 164 "-" "Mozilla/5.0 (compatible; SemrushBot/7~bl; +http://www.semrush.com/bot.html)"
85.208.96.210 - - [13/Apr/2026:20:41:30 +0000] "GET /shop/pg/1084276 HTTP/1.1" 500 164 "-" "Mozilla/5.0 (compatible; SemrushBot/7~bl; +http://www.semrush.com/bot.html)"
185.191.171.13 - - [13/Apr/2026:20:42:31 +0000] "GET /shop/pg/16211596986 HTTP/1.1" 500 164 "-" "Mozilla/5.0 (compatible; SemrushBot/7~bl; +http://www.semrush.com/bot.html)"
85.208.96.208 - - [13/Apr/2026:20:43:32 +0000] "GET /shopping/products/1619992912 HTTP/1.1" 500 164 "-" "Mozilla/5.0 (compatible; SemrushBot/7~bl; +http://www.semrush.com/bot.html)"
85.208.96.204 - - [13/Apr/2026:20:44:33 +0000] "GET /shopping/products/1619952451 HTTP/1.1" 500 164 "-" "Mozilla/5.0 (compatible; SemrushBot/7~bl; +http://www.semrush.com/bot.html)"
85.208.96.206 - - [13/Apr/2026:20:45:34 +0000] "GET /shop/pg/16201308856 HTTP/1.1" 500 164 "-" "Mozilla/5.0 (compatible; SemrushBot/7~bl; +http://www.semrush.com/bot.html)"
185.191.171.12 - - [13/Apr/2026:20:46:36 +0000] "GET /shop/pg/16211647923 HTTP/1.1" 500 164 "-" "Mozilla/5.0 (compatible; SemrushBot/7~bl; +http://www.semrush.com/bot.html)"
185.191.171.6 - - [13/Apr/2026:20:47:38 +0000] "GET /shop/pg/16211929674 HTTP/1.1" 500 164 "-" "Mozilla/5.0 (compatible; SemrushBot/7~bl; +http://www.semrush.com/bot.html)"
185.191.171.9 - - [13/Apr/2026:20:48:05 +0000] "GET /robots.txt HTTP/1.1" 500 1004 "-" "Mozilla/5.0 (compatible; SemrushBot/7~bl; +http://www.semrush.com/bot.html)"
185.191.171.16 - - [13/Apr/2026:20:48:42 +0000] "GET /shopping/products/1619972206 HTTP/1.1" 500 164 "-" "Mozilla/5.0 (compatible; SemrushBot/7~bl; +http://www.semrush.com/bot.html)"
85.208.96.201 - - [13/Apr/2026:20:49:43 +0000] "GET /shopping/products/1619941344 HTTP/1.1" 500 164 "-" "Mozilla/5.0 (compatible; SemrushBot/7~bl; +http://www.semrush.com/bot.html)"
185.191.171.16 - - [13/Apr/2026:20:50:44 +0000] "GET /shopping/products/1619881453 HTTP/1.1" 500 164 "-" "Mozilla/5.0 (compatible; SemrushBot/7~bl; +http://www.semrush.com/bot.html)"
85.208.96.198 - - [13/Apr/2026:20:51:45 +0000] "GET /shopping/products/1619864613 HTTP/1.1" 500 164 "-" "Mozilla/5.0 (compatible; SemrushBot/7~bl; +http://www.semrush.com/bot.html)"
185.191.171.6 - - [13/Apr/2026:20:52:46 +0000] "GET /shop/pg/1618329073 HTTP/1.1" 500 164 "-" "Mozilla/5.0 (compatible; SemrushBot/7~bl; +http://www.semrush.com/bot.html)"
85.208.96.204 - - [13/Apr/2026:20:53:47 +0000] "GET /shopping/products/1619909541 HTTP/1.1" 500 164 "-" "Mozilla/5.0 (compatible; SemrushBot/7~bl; +http://www.semrush.com/bot.html)"
170.106.180.153 - - [13/Apr/2026:20:54:29 +0000] "GET / HTTP/1.1" 500 1004 "-" "Mozilla/5.0 (iPhone; CPU iPhone OS 13_2_3 like Mac OS X) AppleWebKit/605.1.15 (KHTML, like Gecko) Version/13.0.3 Mobile/15E148 Safari/604.1"
85.208.96.198 - - [13/Apr/2026:20:54:47 +0000] "GET /shopping/products/1619953347 HTTP/1.1" 500 164 "-" "Mozilla/5.0 (compatible; SemrushBot/7~bl; +http://www.semrush.com/bot.html)"
85.208.96.200 - - [13/Apr/2026:20:55:48 +0000] "GET /shopping/products/1619995055 HTTP/1.1" 500 164 "-" "Mozilla/5.0 (compatible; SemrushBot/7~bl; +http://www.semrush.com/bot.html)"
85.208.96.202 - - [13/Apr/2026:20:56:49 +0000] "GET /shopping/products/1619974956 HTTP/1.1" 500 164 "-" "Mozilla/5.0 (compatible; SemrushBot/7~bl; +http://www.semrush.com/bot.html)"
66.249.64.34 - - [13/Apr/2026:20:57:48 +0000] "GET /robots.txt HTTP/1.1" 200 362 "-" "Mozilla/5.0 (compatible; Googlebot/2.1; +http://www.google.com/bot.html)"
85.208.96.209 - - [13/Apr/2026:20:57:50 +0000] "GET /shopping/products/1619962218 HTTP/1.1" 500 164 "-" "Mozilla/5.0 (compatible; SemrushBot/7~bl; +http://www.semrush.com/bot.html)"
66.249.64.33 - - [13/Apr/2026:20:57:51 +0000] "GET / HTTP/1.1" 200 27410 "-" "Mozilla/5.0 (Linux; Android 6.0.1; Nexus 5X Build/MMB29P) AppleWebKit/537.36 (KHTML, like Gecko) Chrome/146.0.7680.177 Mobile Safari/537.36 (compatible; Googlebot/2.1; +http://www.google.com/bot.html)"
66.249.64.34 - - [13/Apr/2026:20:57:57 +0000] "GET /odr/order/apiGetCartItems/ HTTP/1.1" 200 27877 "http://www.elementalmill.com/" "Mozilla/5.0 (Linux; Android 6.0.1; Nexus 5X Build/MMB29P) AppleWebKit/537.36 (KHTML, like Gecko) Chrome/146.0.7680.177 Mobile Safari/537.36 (compatible; Googlebot/2.1; +http://www.google.com/bot.html)"
66.249.64.33 - - [13/Apr/2026:20:58:22 +0000] "GET /ctg/apiAllLCate/ HTTP/1.1" 200 27350 "http://www.elementalmill.com/" "Mozilla/5.0 (Linux; Android 6.0.1; Nexus 5X Build/MMB29P) AppleWebKit/537.36 (KHTML, like Gecko) Chrome/146.0.7680.177 Mobile Safari/537.36 (compatible; Googlebot/2.1; +http://www.google.com/bot.html)"
66.249.64.33 - - [13/Apr/2026:20:58:24 +0000] "GET /resource/js/json/megadrop_2015new.json HTTP/1.1" 200 27449 "http://www.elementalmill.com/" "Mozilla/5.0 (Linux; Android 6.0.1; Nexus 5X Build/MMB29P) AppleWebKit/537.36 (KHTML, like Gecko) Chrome/146.0.7680.177 Mobile Safari/537.36 (compatible; Googlebot/2.1; +http://www.google.com/bot.html)"
185.191.171.5 - - [13/Apr/2026:20:58:51 +0000] "GET /shopping/products/1619972579 HTTP/1.1" 500 164 "-" "Mozilla/5.0 (compatible; SemrushBot/7~bl; +http://www.semrush.com/bot.html)"
85.208.96.200 - - [13/Apr/2026:20:59:52 +0000] "GET /shopping/products/1619998764 HTTP/1.1" 500 164 "-" "Mozilla/5.0 (compatible; SemrushBot/7~bl; +http://www.semrush.com/bot.html)"
85.208.96.198 - - [13/Apr/2026:21:00:53 +0000] "GET /shopping/products/1619926687 HTTP/1.1" 500 164 "-" "Mozilla/5.0 (compatible; SemrushBot/7~bl; +http://www.semrush.com/bot.html)"
185.191.171.15 - - [13/Apr/2026:21:01:54 +0000] "GET /shop/pg/16201401738 HTTP/1.1" 500 164 "-" "Mozilla/5.0 (compatible; SemrushBot/7~bl; +http://www.semrush.com/bot.html)"
85.208.96.196 - - [13/Apr/2026:21:02:55 +0000] "GET /shopping/products/1619937809 HTTP/1.1" 500 164 "-" "Mozilla/5.0 (compatible; SemrushBot/7~bl; +http://www.semrush.com/bot.html)"
74.7.227.48 - - [13/Apr/2026:21:03:30 +0000] "GET /shop/pg/2086158 HTTP/1.1" 500 1004 "http://www.elementalmill.com/shop/customer/bookmark.php?shopping/products/16222086158" "Mozilla/5.0 AppleWebKit/537.36 (KHTML, like Gecko; compatible; GPTBot/1.3; +https://openai.com/gptbot)"
185.191.171.5 - - [13/Apr/2026:21:03:56 +0000] "GET /shop/pg/1619927838 HTTP/1.1" 500 164 "-" "Mozilla/5.0 (compatible; SemrushBot/7~bl; +http://www.semrush.com/bot.html)"
85.208.96.195 - - [13/Apr/2026:21:04:57 +0000] "GET /shopping/products/1619946489 HTTP/1.1" 500 164 "-" "Mozilla/5.0 (compatible; SemrushBot/7~bl; +http://www.semrush.com/bot.html)"
185.191.171.16 - - [13/Apr/2026:21:05:59 +0000] "GET /shop/pg/16201290792 HTTP/1.1" 500 164 "-" "Mozilla/5.0 (compatible; SemrushBot/7~bl; +http://www.semrush.com/bot.html)"
85.208.96.203 - - [13/Apr/2026:21:07:00 +0000] "GET /shopping/products/1619947546 HTTP/1.1" 500 164 "-" "Mozilla/5.0 (compatible; SemrushBot/7~bl; +http://www.semrush.com/bot.html)"
114.96.103.33 - - [13/Apr/2026:21:07:41 +0000] "GET / HTTP/1.1" 500 1004 "-" "Mozilla/5.0 (iPhone; CPU iPhone OS 13_2_3 like Mac OS X) AppleWebKit/605.1.15 (KHTML, like Gecko) Version/13.0.3 Mobile/15E148 Safari/604.1"
85.208.96.195 - - [13/Apr/2026:21:08:01 +0000] "GET /shop/pg/1325533 HTTP/1.1" 500 164 "-" "Mozilla/5.0 (compatible; SemrushBot/7~bl; +http://www.semrush.com/bot.html)"
185.191.171.7 - - [13/Apr/2026:21:08:44 +0000] "GET /robots.txt HTTP/1.1" 500 1004 "-" "Mozilla/5.0 (compatible; SemrushBot/7~bl; +http://www.semrush.com/bot.html)"
85.208.96.196 - - [13/Apr/2026:21:09:02 +0000] "GET /shopping/products/1619906928 HTTP/1.1" 500 164 "-" "Mozilla/5.0 (compatible; SemrushBot/7~bl; +http://www.semrush.com/bot.html)"
185.191.171.13 - - [13/Apr/2026:21:10:03 +0000] "GET /shopping/products/1619948105 HTTP/1.1" 500 164 "-" "Mozilla/5.0 (compatible; SemrushBot/7~bl; +http://www.semrush.com/bot.html)"
85.208.96.203 - - [13/Apr/2026:21:11:04 +0000] "GET /shopping/products/1619993074 HTTP/1.1" 500 164 "-" "Mozilla/5.0 (compatible; SemrushBot/7~bl; +http://www.semrush.com/bot.html)"
185.191.171.19 - - [13/Apr/2026:21:12:06 +0000] "GET /shopping/products/1619938527 HTTP/1.1" 500 164 "-" "Mozilla/5.0 (compatible; SemrushBot/7~bl; +http://www.semrush.com/bot.html)"
185.191.171.17 - - [13/Apr/2026:21:13:07 +0000] "GET /shopping/products/1619981290 HTTP/1.1" 500 164 "-" "Mozilla/5.0 (compatible; SemrushBot/7~bl; +http://www.semrush.com/bot.html)"
185.191.171.13 - - [13/Apr/2026:21:14:12 +0000] "GET /shop/pg/16211662672 HTTP/1.1" 500 164 "-" "Mozilla/5.0 (compatible; SemrushBot/7~bl; +http://www.semrush.com/bot.html)"
185.191.171.14 - - [13/Apr/2026:21:15:15 +0000] "GET /shopping/products/1619995680 HTTP/1.1" 500 164 "-" "Mozilla/5.0 (compatible; SemrushBot/7~bl; +http://www.semrush.com/bot.html)"
185.191.171.15 - - [13/Apr/2026:21:16:16 +0000] "GET /shopping/products/1619937259 HTTP/1.1" 500 164 "-" "Mozilla/5.0 (compatible; SemrushBot/7~bl; +http://www.semrush.com/bot.html)"
66.132.172.139 - - [13/Apr/2026:21:16:33 +0000] "GET / HTTP/1.1" 500 1004 "-" "Mozilla/5.0 (compatible; CensysInspect/1.1; +https://about.censys.io/)"
85.208.96.205 - - [13/Apr/2026:21:17:17 +0000] "GET /shopping/products/1619942864 HTTP/1.1" 500 164 "-" "Mozilla/5.0 (compatible; SemrushBot/7~bl; +http://www.semrush.com/bot.html)"
85.208.96.210 - - [13/Apr/2026:21:18:18 +0000] "GET /shopping/products/1619956765 HTTP/1.1" 500 164 "-" "Mozilla/5.0 (compatible; SemrushBot/7~bl; +http://www.semrush.com/bot.html)"
185.191.171.18 - - [13/Apr/2026:21:19:20 +0000] "GET /shopping/products/1619939341 HTTP/1.1" 500 164 "-" "Mozilla/5.0 (compatible; SemrushBot/7~bl; +http://www.semrush.com/bot.html)"
85.208.96.207 - - [13/Apr/2026:21:20:20 +0000] "GET /shop/pg/1208131 HTTP/1.1" 500 164 "-" "Mozilla/5.0 (compatible; SemrushBot/7~bl; +http://www.semrush.com/bot.html)"
185.191.171.16 - - [13/Apr/2026:21:21:21 +0000] "GET /shop/pg/904607 HTTP/1.1" 500 164 "-" "Mozilla/5.0 (compatible; SemrushBot/7~bl; +http://www.semrush.com/bot.html)"
185.191.171.11 - - [13/Apr/2026:21:22:22 +0000] "GET /shop/pg/2501863 HTTP/1.1" 500 164 "-" "Mozilla/5.0 (compatible; SemrushBot/7~bl; +http://www.semrush.com/bot.html)"
185.191.171.5 - - [13/Apr/2026:21:23:23 +0000] "GET /shopping/products/1619953682 HTTP/1.1" 500 164 "-" "Mozilla/5.0 (compatible; SemrushBot/7~bl; +http://www.semrush.com/bot.html)"
185.191.171.15 - - [13/Apr/2026:21:24:24 +0000] "GET /shopping/products/1619946174 HTTP/1.1" 500 164 "-" "Mozilla/5.0 (compatible; SemrushBot/7~bl; +http://www.semrush.com/bot.html)"
185.191.171.14 - - [13/Apr/2026:21:25:26 +0000] "GET /shopping/products/1619944943 HTTP/1.1" 500 164 "-" "Mozilla/5.0 (compatible; SemrushBot/7~bl; +http://www.semrush.com/bot.html)"
185.191.171.2 - - [13/Apr/2026:21:26:27 +0000] "GET /shopping/products/1619946185 HTTP/1.1" 500 164 "-" "Mozilla/5.0 (compatible; SemrushBot/7~bl; +http://www.semrush.com/bot.html)"
66.249.64.41 - - [13/Apr/2026:21:27:06 +0000] "GET /robots.txt HTTP/1.1" 200 353 "-" "Mozilla/5.0 (compatible; Googlebot/2.1; +http://www.google.com/bot.html)"
66.249.64.41 - - [13/Apr/2026:21:27:06 +0000] "GET / HTTP/1.1" 200 27035 "-" "Mozilla/5.0 (Linux; Android 6.0.1; Nexus 5X Build/MMB29P) AppleWebKit/537.36 (KHTML, like Gecko) Chrome/146.0.7680.177 Mobile Safari/537.36 (compatible; Googlebot/2.1; +http://www.google.com/bot.html)"
66.249.64.40 - - [13/Apr/2026:21:27:11 +0000] "GET /odr/order/apiGetCartItems/ HTTP/1.1" 200 27558 "http://elementalmill.com/" "Mozilla/5.0 (Linux; Android 6.0.1; Nexus 5X Build/MMB29P) AppleWebKit/537.36 (KHTML, like Gecko) Chrome/146.0.7680.177 Mobile Safari/537.36 (compatible; Googlebot/2.1; +http://www.google.com/bot.html)"
66.249.64.40 - - [13/Apr/2026:21:27:12 +0000] "GET /ctg/apiAllLCate/ HTTP/1.1" 200 26852 "http://elementalmill.com/" "Mozilla/5.0 (Linux; Android 6.0.1; Nexus 5X Build/MMB29P) AppleWebKit/537.36 (KHTML, like Gecko) Chrome/146.0.7680.177 Mobile Safari/537.36 (compatible; Googlebot/2.1; +http://www.google.com/bot.html)"
66.249.64.41 - - [13/Apr/2026:21:27:14 +0000] "GET /resource/js/json/megadrop_2015new.json HTTP/1.1" 200 26903 "http://elementalmill.com/" "Mozilla/5.0 (Linux; Android 6.0.1; Nexus 5X Build/MMB29P) AppleWebKit/537.36 (KHTML, like Gecko) Chrome/146.0.7680.177 Mobile Safari/537.36 (compatible; Googlebot/2.1; +http://www.google.com/bot.html)"
185.191.171.12 - - [13/Apr/2026:21:27:28 +0000] "GET /shopping/products/1619921273 HTTP/1.1" 500 164 "-" "Mozilla/5.0 (compatible; SemrushBot/7~bl; +http://www.semrush.com/bot.html)"
85.208.96.195 - - [13/Apr/2026:21:28:29 +0000] "GET /shopping/products/1619957208 HTTP/1.1" 500 164 "-" "Mozilla/5.0 (compatible; SemrushBot/7~bl; +http://www.semrush.com/bot.html)"
85.208.96.196 - - [13/Apr/2026:21:29:28 +0000] "GET /robots.txt HTTP/1.1" 500 1004 "-" "Mozilla/5.0 (compatible; SemrushBot/7~bl; +http://www.semrush.com/bot.html)"
85.208.96.195 - - [13/Apr/2026:21:29:30 +0000] "GET /shop/pg/16211659145 HTTP/1.1" 500 164 "-" "Mozilla/5.0 (compatible; SemrushBot/7~bl; +http://www.semrush.com/bot.html)"
85.208.96.212 - - [13/Apr/2026:21:30:31 +0000] "GET /shop/pg/2064778 HTTP/1.1" 500 164 "-" "Mozilla/5.0 (compatible; SemrushBot/7~bl; +http://www.semrush.com/bot.html)"
185.191.171.16 - - [13/Apr/2026:21:31:31 +0000] "GET /shopping/products/1619963126 HTTP/1.1" 500 164 "-" "Mozilla/5.0 (compatible; SemrushBot/7~bl; +http://www.semrush.com/bot.html)"
185.191.171.4 - - [13/Apr/2026:21:32:33 +0000] "GET /shopping/products/1619936765 HTTP/1.1" 500 164 "-" "Mozilla/5.0 (compatible; SemrushBot/7~bl; +http://www.semrush.com/bot.html)"
185.191.171.2 - - [13/Apr/2026:21:33:34 +0000] "GET /shopping/products/1619955495 HTTP/1.1" 500 164 "-" "Mozilla/5.0 (compatible; SemrushBot/7~bl; +http://www.semrush.com/bot.html)"
185.191.171.11 - - [13/Apr/2026:21:34:35 +0000] "GET /shop/pg/109136 HTTP/1.1" 500 164 "-" "Mozilla/5.0 (compatible; SemrushBot/7~bl; +http://www.semrush.com/bot.html)"
185.191.171.12 - - [13/Apr/2026:21:35:37 +0000] "GET /shop/pg/1618135891 HTTP/1.1" 500 164 "-" "Mozilla/5.0 (compatible; SemrushBot/7~bl; +http://www.semrush.com/bot.html)"
74.7.244.23 - - [13/Apr/2026:21:36:35 +0000] "GET /robots.txt HTTP/1.1" 200 101 "-" "Mozilla/5.0 (Macintosh; Intel Mac OS X 10_15_7) AppleWebKit/537.36 (KHTML, like Gecko) Chrome/131.0.0.0 Safari/537.36; compatible; OAI-SearchBot/1.3; robots.txt; +https://openai.com/searchbot"
85.208.96.195 - - [13/Apr/2026:21:36:38 +0000] "GET /shop/pg/1618107400 HTTP/1.1" 500 164 "-" "Mozilla/5.0 (compatible; SemrushBot/7~bl; +http://www.semrush.com/bot.html)"
185.191.171.7 - - [13/Apr/2026:21:37:39 +0000] "GET /shopping/products/1619933691 HTTP/1.1" 500 164 "-" "Mozilla/5.0 (compatible; SemrushBot/7~bl; +http://www.semrush.com/bot.html)"
85.208.96.212 - - [13/Apr/2026:21:38:40 +0000] "GET /shopping/products/1619953106 HTTP/1.1" 500 164 "-" "Mozilla/5.0 (compatible; SemrushBot/7~bl; +http://www.semrush.com/bot.html)"
185.191.171.11 - - [13/Apr/2026:21:39:41 +0000] "GET /shopping/products/1619948506 HTTP/1.1" 500 164 "-" "Mozilla/5.0 (compatible; SemrushBot/7~bl; +http://www.semrush.com/bot.html)"
85.208.96.211 - - [13/Apr/2026:21:40:42 +0000] "GET /shop/pg/16222077082 HTTP/1.1" 500 164 "-" "Mozilla/5.0 (compatible; SemrushBot/7~bl; +http://www.semrush.com/bot.html)"
74.7.241.141 - - [13/Apr/2026:21:41:22 +0000] "GET /robots.txt HTTP/1.1" 200 353 "-" "Mozilla/5.0 (Macintosh; Intel Mac OS X 10_15_7) AppleWebKit/537.36 (KHTML, like Gecko) Chrome/131.0.0.0 Safari/537.36; compatible; OAI-SearchBot/1.3; robots.txt; +https://openai.com/searchbot"
185.191.171.14 - - [13/Apr/2026:21:41:43 +0000] "GET /shop/pg/16222085723 HTTP/1.1" 500 164 "-" "Mozilla/5.0 (compatible; SemrushBot/7~bl; +http://www.semrush.com/bot.html)"
74.7.242.41 - - [13/Apr/2026:21:42:38 +0000] "GET /shop/pg/1294436 HTTP/1.1" 500 1004 "http://mail.elementalmill.com/shop/customer/bookmark.php?shopping/products/16201294436" "Mozilla/5.0 AppleWebKit/537.36 (KHTML, like Gecko; compatible; GPTBot/1.3; +https://openai.com/gptbot)"
185.191.171.17 - - [13/Apr/2026:21:42:43 +0000] "GET /shopping/products/1619972948 HTTP/1.1" 500 164 "-" "Mozilla/5.0 (compatible; SemrushBot/7~bl; +http://www.semrush.com/bot.html)"
74.7.242.41 - - [13/Apr/2026:21:42:55 +0000] "GET /shop/pg/1036099 HTTP/1.1" 500 1004 "http://mail.elementalmill.com/shopping/products/16201036099" "Mozilla/5.0 AppleWebKit/537.36 (KHTML, like Gecko; compatible; GPTBot/1.3; +https://openai.com/gptbot)"
74.7.242.41 - - [13/Apr/2026:21:43:44 +0000] "GET /shop/pg/1164795 HTTP/1.1" 500 1004 "http://mail.elementalmill.com/shop/pg/16211539877" "Mozilla/5.0 AppleWebKit/537.36 (KHTML, like Gecko; compatible; GPTBot/1.3; +https://openai.com/gptbot)"
85.208.96.195 - - [13/Apr/2026:21:43:44 +0000] "GET /shopping/products/1619937081 HTTP/1.1" 500 164 "-" "Mozilla/5.0 (compatible; SemrushBot/7~bl; +http://www.semrush.com/bot.html)"
74.7.227.48 - - [13/Apr/2026:21:43:57 +0000] "GET /shop/pg/1407479 HTTP/1.1" 500 1004 "http://www.elementalmill.com/shopping/products/16201407479" "Mozilla/5.0 AppleWebKit/537.36 (KHTML, like Gecko; compatible; GPTBot/1.3; +https://openai.com/gptbot)"
66.249.64.35 - - [13/Apr/2026:21:44:25 +0000] "GET /m2/askulcorporation/ubox/page?mbox=club_f_storage_storage05&mboxDefault=http%3A%2F%2Fwww.askul.co.jp%2Ff%2Fstorage%2Fstorage05%2F HTTP/1.1" 200 27391 "-" "Mozilla/5.0 (Linux; Android 6.0.1; Nexus 5X Build/MMB29P) AppleWebKit/537.36 (KHTML, like Gecko) Chrome/146.0.7680.177 Mobile Safari/537.36 (compatible; GoogleOther)"
66.249.64.34 - - [13/Apr/2026:21:44:30 +0000] "GET /odr/order/apiGetCartItems/ HTTP/1.1" 200 27877 "http://www.elementalmill.com/m2/askulcorporation/ubox/page?mbox=club_f_storage_storage05&mboxDefault=http%3A%2F%2Fwww.askul.co.jp%2Ff%2Fstorage%2Fstorage05%2F" "Mozilla/5.0 (Linux; Android 6.0.1; Nexus 5X Build/MMB29P) AppleWebKit/537.36 (KHTML, like Gecko) Chrome/146.0.7680.177 Mobile Safari/537.36 (compatible; GoogleOther)"
66.249.64.33 - - [13/Apr/2026:21:44:39 +0000] "GET /ctg/apiAllLCate/ HTTP/1.1" 200 27350 "http://www.elementalmill.com/m2/askulcorporation/ubox/page?mbox=club_f_storage_storage05&mboxDefault=http%3A%2F%2Fwww.askul.co.jp%2Ff%2Fstorage%2Fstorage05%2F" "Mozilla/5.0 (Linux; Android 6.0.1; Nexus 5X Build/MMB29P) AppleWebKit/537.36 (KHTML, like Gecko) Chrome/146.0.7680.177 Mobile Safari/537.36 (compatible; GoogleOther)"
74.7.242.41 - - [13/Apr/2026:21:44:44 +0000] "GET /shop/pg/1563860 HTTP/1.1" 500 1004 "http://mail.elementalmill.com/shop/pg/16201347395" "Mozilla/5.0 AppleWebKit/537.36 (KHTML, like Gecko; compatible; GPTBot/1.3; +https://openai.com/gptbot)"
185.191.171.15 - - [13/Apr/2026:21:44:45 +0000] "GET /shopping/products/1619954001 HTTP/1.1" 500 164 "-" "Mozilla/5.0 (compatible; SemrushBot/7~bl; +http://www.semrush.com/bot.html)"
66.249.64.33 - - [13/Apr/2026:21:44:48 +0000] "GET /resource/js/json/megadrop_2015new.json HTTP/1.1" 200 27449 "http://www.elementalmill.com/m2/askulcorporation/ubox/page?mbox=club_f_storage_storage05&mboxDefault=http%3A%2F%2Fwww.askul.co.jp%2Ff%2Fstorage%2Fstorage05%2F" "Mozilla/5.0 (Linux; Android 6.0.1; Nexus 5X Build/MMB29P) AppleWebKit/537.36 (KHTML, like Gecko) Chrome/146.0.7680.177 Mobile Safari/537.36 (compatible; GoogleOther)"
74.7.243.205 - - [13/Apr/2026:21:44:58 +0000] "GET /shop/pg/2482821 HTTP/1.1" 500 1004 "http://www.elementalmill.com.lab2454.com/shopping/products/16222482821" "Mozilla/5.0 AppleWebKit/537.36 (KHTML, like Gecko; compatible; GPTBot/1.3; +https://openai.com/gptbot)"
43.155.188.157 - - [13/Apr/2026:21:45:03 +0000] "GET / HTTP/1.1" 500 1004 "-" "Mozilla/5.0 (iPhone; CPU iPhone OS 13_2_3 like Mac OS X) AppleWebKit/605.1.15 (KHTML, like Gecko) Version/13.0.3 Mobile/15E148 Safari/604.1"
74.7.242.41 - - [13/Apr/2026:21:45:05 +0000] "GET /shop/pg/16211943762 HTTP/1.1" 500 1004 "http://www.elementalmill.com" "Mozilla/5.0 AppleWebKit/537.36 (KHTML, like Gecko; compatible; GPTBot/1.3; +https://openai.com/gptbot)"
66.249.64.34 - - [13/Apr/2026:21:45:17 +0000] "GET /robots.txt HTTP/1.1" 200 362 "-" "Mozilla/5.0 (compatible; Googlebot/2.1; +http://www.google.com/bot.html)"
207.46.13.155 - - [13/Apr/2026:21:45:28 +0000] "GET /shopping/products/16196277454 HTTP/1.1" 200 27840 "-" "Mozilla/5.0 AppleWebKit/537.36 (KHTML, like Gecko; compatible; bingbot/2.0; +http://www.bing.com/bingbot.htm) Chrome/116.0.1938.76 Safari/537.36"
74.7.242.41 - - [13/Apr/2026:21:45:44 +0000] "GET /shop/pg/2312938 HTTP/1.1" 500 1004 "http://mail.elementalmill.com/shopping/products/16222312938" "Mozilla/5.0 AppleWebKit/537.36 (KHTML, like Gecko; compatible; GPTBot/1.3; +https://openai.com/gptbot)"
185.191.171.10 - - [13/Apr/2026:21:45:46 +0000] "GET /shop/pg/16211706682 HTTP/1.1" 500 164 "-" "Mozilla/5.0 (compatible; SemrushBot/7~bl; +http://www.semrush.com/bot.html)"
74.7.227.48 - - [13/Apr/2026:21:46:05 +0000] "GET /shop/pg/1217752 HTTP/1.1" 500 1004 "http://www.elementalmill.com/shopping/products/16201217752" "Mozilla/5.0 AppleWebKit/537.36 (KHTML, like Gecko; compatible; GPTBot/1.3; +https://openai.com/gptbot)"
74.7.242.41 - - [13/Apr/2026:21:46:44 +0000] "GET /shop/pg/1794276 HTTP/1.1" 500 1004 "http://mail.elementalmill.com/shopping/products/16211794276" "Mozilla/5.0 AppleWebKit/537.36 (KHTML, like Gecko; compatible; GPTBot/1.3; +https://openai.com/gptbot)"
85.208.96.208 - - [13/Apr/2026:21:46:47 +0000] "GET /shopping/products/1619958207 HTTP/1.1" 500 164 "-" "Mozilla/5.0 (compatible; SemrushBot/7~bl; +http://www.semrush.com/bot.html)"
74.7.227.48 - - [13/Apr/2026:21:47:08 +0000] "GET /shop/pg/1877016 HTTP/1.1" 500 1004 "http://www.elementalmill.com/shopping/products/16211877016" "Mozilla/5.0 AppleWebKit/537.36 (KHTML, like Gecko; compatible; GPTBot/1.3; +https://openai.com/gptbot)"
74.7.242.41 - - [13/Apr/2026:21:47:12 +0000] "GET /shop/pg/16211734526 HTTP/1.1" 500 1004 "http://www.elementalmill.com" "Mozilla/5.0 AppleWebKit/537.36 (KHTML, like Gecko; compatible; GPTBot/1.3; +https://openai.com/gptbot)"
185.191.171.11 - - [13/Apr/2026:21:47:48 +0000] "GET /shop/pg/16201314004 HTTP/1.1" 500 164 "-" "Mozilla/5.0 (compatible; SemrushBot/7~bl; +http://www.semrush.com/bot.html)"
74.7.242.41 - - [13/Apr/2026:21:47:48 +0000] "GET /shop/pg/1049806 HTTP/1.1" 500 1004 "http://mail.elementalmill.com/shopping/products/16201049806" "Mozilla/5.0 AppleWebKit/537.36 (KHTML, like Gecko; compatible; GPTBot/1.3; +https://openai.com/gptbot)"
74.7.242.41 - - [13/Apr/2026:21:48:18 +0000] "GET /shop/pg/16211976113 HTTP/1.1" 500 1004 "http://www.elementalmill.com" "Mozilla/5.0 AppleWebKit/537.36 (KHTML, like Gecko; compatible; GPTBot/1.3; +https://openai.com/gptbot)"
85.208.96.196 - - [13/Apr/2026:21:48:49 +0000] "GET /shopping/products/1619875236 HTTP/1.1" 500 164 "-" "Mozilla/5.0 (compatible; SemrushBot/7~bl; +http://www.semrush.com/bot.html)"
74.7.242.41 - - [13/Apr/2026:21:48:51 +0000] "GET /shop/pg/1519646 HTTP/1.1" 500 1004 "http://mail.elementalmill.com/shop/pg/16201303193" "Mozilla/5.0 AppleWebKit/537.36 (KHTML, like Gecko; compatible; GPTBot/1.3; +https://openai.com/gptbot)"
74.7.227.48 - - [13/Apr/2026:21:49:15 +0000] "GET /shop/pg/1406794 HTTP/1.1" 500 1004 "http://www.elementalmill.com/shopping/products/16201406794" "Mozilla/5.0 AppleWebKit/537.36 (KHTML, like Gecko; compatible; GPTBot/1.3; +https://openai.com/gptbot)"
185.191.171.9 - - [13/Apr/2026:21:49:49 +0000] "GET /shop/pg/16222062593 HTTP/1.1" 500 164 "-" "Mozilla/5.0 (compatible; SemrushBot/7~bl; +http://www.semrush.com/bot.html)"
74.7.242.41 - - [13/Apr/2026:21:49:56 +0000] "GET /shop/pg/1715424 HTTP/1.1" 500 1004 "http://mail.elementalmill.com/shop/pg/16201498948" "Mozilla/5.0 AppleWebKit/537.36 (KHTML, like Gecko; compatible; GPTBot/1.3; +https://openai.com/gptbot)"
85.208.96.212 - - [13/Apr/2026:21:50:25 +0000] "GET /robots.txt HTTP/1.1" 500 1004 "-" "Mozilla/5.0 (compatible; SemrushBot/7~bl; +http://www.semrush.com/bot.html)"
