74.7.243.205 - - [14/Apr/2026:07:29:07 +0000] "GET /shop/pg/1376070 HTTP/1.1" 500 1004 "http://www.elementalmill.com.lab2454.com/shop/customer/bookmark.php?shopping/products/16201376070" "Mozilla/5.0 AppleWebKit/537.36 (KHTML, like Gecko; compatible; GPTBot/1.3; +https://openai.com/gptbot)"
74.7.242.41 - - [14/Apr/2026:07:29:14 +0000] "GET /shop/pg/1362281 HTTP/1.1" 500 1004 "http://mail.elementalmill.com/shop/pg/16211737368" "Mozilla/5.0 AppleWebKit/537.36 (KHTML, like Gecko; compatible; GPTBot/1.3; +https://openai.com/gptbot)"
185.191.171.15 - - [14/Apr/2026:07:29:44 +0000] "GET /shop/pg/1618441159 HTTP/1.1" 500 164 "-" "Mozilla/5.0 (compatible; SemrushBot/7~bl; +http://www.semrush.com/bot.html)"
74.7.242.41 - - [14/Apr/2026:07:30:02 +0000] "GET /shop/pg/16211973323 HTTP/1.1" 500 1004 "http://www.elementalmill.com" "Mozilla/5.0 AppleWebKit/537.36 (KHTML, like Gecko; compatible; GPTBot/1.3; +https://openai.com/gptbot)"
85.208.96.211 - - [14/Apr/2026:07:30:45 +0000] "GET /shopping/products/1619924069 HTTP/1.1" 500 164 "-" "Mozilla/5.0 (compatible; SemrushBot/7~bl; +http://www.semrush.com/bot.html)"
74.7.242.41 - - [14/Apr/2026:07:31:26 +0000] "GET /shop/pg/1049931 HTTP/1.1" 500 1004 "http://mail.elementalmill.com/shop/pg/16232608141" "Mozilla/5.0 AppleWebKit/537.36 (KHTML, like Gecko; compatible; GPTBot/1.3; +https://openai.com/gptbot)"
66.249.64.34 - - [14/Apr/2026:07:31:46 +0000] "GET /odr/order/autoOrderListView/ HTTP/1.1" 200 27880 "-" "Mozilla/5.0 (Linux; Android 6.0.1; Nexus 5X Build/MMB29P) AppleWebKit/537.36 (KHTML, like Gecko) Chrome/146.0.7680.177 Mobile Safari/537.36 (compatible; GoogleOther)"
85.208.96.203 - - [14/Apr/2026:07:31:49 +0000] "GET /shop/pg/16232598198 HTTP/1.1" 500 164 "-" "Mozilla/5.0 (compatible; SemrushBot/7~bl; +http://www.semrush.com/bot.html)"
74.7.227.48 - - [14/Apr/2026:07:32:12 +0000] "GET /shop/pg/1092390 HTTP/1.1" 500 1004 "http://www.elementalmill.com/shopping/products/16201092390" "Mozilla/5.0 AppleWebKit/537.36 (KHTML, like Gecko; compatible; GPTBot/1.3; +https://openai.com/gptbot)"
74.7.242.41 - - [14/Apr/2026:07:32:29 +0000] "GET /shop/pg/1602417 HTTP/1.1" 500 1004 "http://mail.elementalmill.com/shop/pg/16211977496" "Mozilla/5.0 AppleWebKit/537.36 (KHTML, like Gecko; compatible; GPTBot/1.3; +https://openai.com/gptbot)"
185.191.171.13 - - [14/Apr/2026:07:32:50 +0000] "GET /shopping/products/1619944503 HTTP/1.1" 500 164 "-" "Mozilla/5.0 (compatible; SemrushBot/7~bl; +http://www.semrush.com/bot.html)"
74.7.227.48 - - [14/Apr/2026:07:33:15 +0000] "GET /shop/pg/1285499 HTTP/1.1" 500 1004 "http://www.elementalmill.com/shopping/products/16201285499" "Mozilla/5.0 AppleWebKit/537.36 (KHTML, like Gecko; compatible; GPTBot/1.3; +https://openai.com/gptbot)"
74.7.242.41 - - [14/Apr/2026:07:33:17 +0000] "GET /shop/pg/16211940321 HTTP/1.1" 500 1004 "http://www.elementalmill.com" "Mozilla/5.0 AppleWebKit/537.36 (KHTML, like Gecko; compatible; GPTBot/1.3; +https://openai.com/gptbot)"
85.208.96.204 - - [14/Apr/2026:07:33:51 +0000] "GET /shopping/products/1619975411 HTTP/1.1" 500 164 "-" "Mozilla/5.0 (compatible; SemrushBot/7~bl; +http://www.semrush.com/bot.html)"
74.7.227.48 - - [14/Apr/2026:07:34:20 +0000] "GET /shop/pg/2247783 HTTP/1.1" 500 1004 "http://www.elementalmill.com/shop/customer/bookmark.php?shopping/products/16222247783" "Mozilla/5.0 AppleWebKit/537.36 (KHTML, like Gecko; compatible; GPTBot/1.3; +https://openai.com/gptbot)"
74.7.242.41 - - [14/Apr/2026:07:34:34 +0000] "GET /shop/pg/1744676 HTTP/1.1" 500 1004 "http://mail.elementalmill.com/shop/customer/bookmark.php?shopping/products/16211744676" "Mozilla/5.0 AppleWebKit/537.36 (KHTML, like Gecko; compatible; GPTBot/1.3; +https://openai.com/gptbot)"
85.208.96.207 - - [14/Apr/2026:07:34:53 +0000] "GET /shopping/products/1619921783 HTTP/1.1" 500 164 "-" "Mozilla/5.0 (compatible; SemrushBot/7~bl; +http://www.semrush.com/bot.html)"
74.7.243.205 - - [14/Apr/2026:07:35:22 +0000] "GET /shop/pg/1878503 HTTP/1.1" 500 1004 "http://www.elementalmill.com.lab2454.com/shopping/products/16211878503" "Mozilla/5.0 AppleWebKit/537.36 (KHTML, like Gecko; compatible; GPTBot/1.3; +https://openai.com/gptbot)"
185.191.171.18 - - [14/Apr/2026:07:35:55 +0000] "GET /shop/pg/910977 HTTP/1.1" 500 164 "-" "Mozilla/5.0 (compatible; SemrushBot/7~bl; +http://www.semrush.com/bot.html)"
74.7.242.41 - - [14/Apr/2026:07:36:40 +0000] "GET /shop/pg/1049671 HTTP/1.1" 500 1004 "http://mail.elementalmill.com/shop/customer/bookmark.php?shopping/products/16201049671" "Mozilla/5.0 AppleWebKit/537.36 (KHTML, like Gecko; compatible; GPTBot/1.3; +https://openai.com/gptbot)"
85.208.96.211 - - [14/Apr/2026:07:36:56 +0000] "GET /shop/pg/1889513 HTTP/1.1" 500 164 "-" "Mozilla/5.0 (compatible; SemrushBot/7~bl; +http://www.semrush.com/bot.html)"
74.7.227.185 - - [14/Apr/2026:07:37:20 +0000] "GET /shopping/products/16211769361 HTTP/1.1" 500 1004 "http://elementalmill.com.lab2454.com/shopping/products/16182953036" "Mozilla/5.0 AppleWebKit/537.36 (KHTML, like Gecko; compatible; GPTBot/1.3; +https://openai.com/gptbot)"
74.7.242.41 - - [14/Apr/2026:07:37:27 +0000] "GET /shop/pg/16201230870 HTTP/1.1" 500 1004 "http://www.elementalmill.com" "Mozilla/5.0 AppleWebKit/537.36 (KHTML, like Gecko; compatible; GPTBot/1.3; +https://openai.com/gptbot)"
85.208.96.197 - - [14/Apr/2026:07:37:59 +0000] "GET /shopping/products/1619992330 HTTP/1.1" 500 164 "-" "Mozilla/5.0 (compatible; SemrushBot/7~bl; +http://www.semrush.com/bot.html)"
74.7.227.185 - - [14/Apr/2026:07:38:26 +0000] "GET /shopping/products/16232525177 HTTP/1.1" 500 1004 "http://elementalmill.com.lab2454.com/shopping/products/16201287937" "Mozilla/5.0 AppleWebKit/537.36 (KHTML, like Gecko; compatible; GPTBot/1.3; +https://openai.com/gptbot)"
74.7.242.41 - - [14/Apr/2026:07:38:30 +0000] "GET /shop/pg/16201014153 HTTP/1.1" 500 1004 "http://www.elementalmill.com" "Mozilla/5.0 AppleWebKit/537.36 (KHTML, like Gecko; compatible; GPTBot/1.3; +https://openai.com/gptbot)"
74.7.227.48 - - [14/Apr/2026:07:38:35 +0000] "GET /shop/pg/2142357 HTTP/1.1" 500 1004 "http://www.elementalmill.com/shop/customer/bookmark.php?shopping/products/16222142357" "Mozilla/5.0 AppleWebKit/537.36 (KHTML, like Gecko; compatible; GPTBot/1.3; +https://openai.com/gptbot)"
85.208.96.207 - - [14/Apr/2026:07:38:46 +0000] "GET /robots.txt HTTP/1.1" 500 1004 "-" "Mozilla/5.0 (compatible; SemrushBot/7~bl; +http://www.semrush.com/bot.html)"
185.191.171.1 - - [14/Apr/2026:07:39:00 +0000] "GET /shop/pg/16201336134 HTTP/1.1" 500 164 "-" "Mozilla/5.0 (compatible; SemrushBot/7~bl; +http://www.semrush.com/bot.html)"
74.7.242.41 - - [14/Apr/2026:07:38:44 +0000] "GET /shop/pg/1146095 HTTP/1.1" 500 1004 "http://mail.elementalmill.com/shop/pg/16211521203" "Mozilla/5.0 AppleWebKit/537.36 (KHTML, like Gecko; compatible; GPTBot/1.3; +https://openai.com/gptbot)"
66.249.64.35 - - [14/Apr/2026:07:39:27 +0000] "GET /f/special/chair/ HTTP/1.1" 200 27565 "-" "Mozilla/5.0 (Linux; Android 6.0.1; Nexus 5X Build/MMB29P) AppleWebKit/537.36 (KHTML, like Gecko) Chrome/146.0.7680.177 Mobile Safari/537.36 (compatible; GoogleOther)"
74.7.242.41 - - [14/Apr/2026:07:39:48 +0000] "GET /shop/pg/1583960 HTTP/1.1" 500 1004 "http://mail.elementalmill.com/shop/pg/16201367489" "Mozilla/5.0 AppleWebKit/537.36 (KHTML, like Gecko; compatible; GPTBot/1.3; +https://openai.com/gptbot)"
85.208.96.204 - - [14/Apr/2026:07:40:04 +0000] "GET /shopping/products/1619971703 HTTP/1.1" 500 164 "-" "Mozilla/5.0 (compatible; SemrushBot/7~bl; +http://www.semrush.com/bot.html)"
85.208.96.208 - - [14/Apr/2026:07:41:05 +0000] "GET /shop/pg/2280794 HTTP/1.1" 500 164 "-" "Mozilla/5.0 (compatible; SemrushBot/7~bl; +http://www.semrush.com/bot.html)"
74.7.242.41 - - [14/Apr/2026:07:41:50 +0000] "GET /shop/pg/1408442 HTTP/1.1" 500 1004 "http://mail.elementalmill.com/shop/pg/16201191980" "Mozilla/5.0 AppleWebKit/537.36 (KHTML, like Gecko; compatible; GPTBot/1.3; +https://openai.com/gptbot)"
85.208.96.208 - - [14/Apr/2026:07:42:06 +0000] "GET /shopping/products/1619946041 HTTP/1.1" 500 164 "-" "Mozilla/5.0 (compatible; SemrushBot/7~bl; +http://www.semrush.com/bot.html)"
74.7.242.41 - - [14/Apr/2026:07:42:51 +0000] "GET /shop/pg/1292916 HTTP/1.1" 500 1004 "http://mail.elementalmill.com/shop/pg/16211668013" "Mozilla/5.0 AppleWebKit/537.36 (KHTML, like Gecko; compatible; GPTBot/1.3; +https://openai.com/gptbot)"
85.208.96.207 - - [14/Apr/2026:07:43:08 +0000] "GET /shopping/products/1619948845 HTTP/1.1" 500 164 "-" "Mozilla/5.0 (compatible; SemrushBot/7~bl; +http://www.semrush.com/bot.html)"
74.7.227.48 - - [14/Apr/2026:07:43:45 +0000] "GET /shop/pg/1092919 HTTP/1.1" 500 1004 "http://www.elementalmill.com/shop/customer/bookmark.php?shopping/products/16201092919" "Mozilla/5.0 AppleWebKit/537.36 (KHTML, like Gecko; compatible; GPTBot/1.3; +https://openai.com/gptbot)"
74.7.242.41 - - [14/Apr/2026:07:43:57 +0000] "GET /shop/pg/1627149 HTTP/1.1" 500 1004 "http://mail.elementalmill.com/shop/pg/16201410688" "Mozilla/5.0 AppleWebKit/537.36 (KHTML, like Gecko; compatible; GPTBot/1.3; +https://openai.com/gptbot)"
185.191.171.17 - - [14/Apr/2026:07:44:10 +0000] "GET /shop/pg/16222061060 HTTP/1.1" 500 164 "-" "Mozilla/5.0 (compatible; SemrushBot/7~bl; +http://www.semrush.com/bot.html)"
74.7.243.205 - - [14/Apr/2026:07:44:43 +0000] "GET /shop/pg/2217974 HTTP/1.1" 500 1004 "http://www.elementalmill.com.lab2454.com/shop/customer/bookmark.php?shopping/products/16222217974" "Mozilla/5.0 AppleWebKit/537.36 (KHTML, like Gecko; compatible; GPTBot/1.3; +https://openai.com/gptbot)"
74.7.242.41 - - [14/Apr/2026:07:45:01 +0000] "GET /shop/pg/1707236 HTTP/1.1" 500 1004 "http://mail.elementalmill.com/shop/pg/1619566101" "Mozilla/5.0 AppleWebKit/537.36 (KHTML, like Gecko; compatible; GPTBot/1.3; +https://openai.com/gptbot)"
185.191.171.3 - - [14/Apr/2026:07:45:11 +0000] "GET /shopping/products/1619927319 HTTP/1.1" 500 164 "-" "Mozilla/5.0 (compatible; SemrushBot/7~bl; +http://www.semrush.com/bot.html)"
74.7.227.48 - - [14/Apr/2026:07:45:50 +0000] "GET /shop/pg/1195424 HTTP/1.1" 500 1004 "http://www.elementalmill.com/shopping/products/16201195424" "Mozilla/5.0 AppleWebKit/537.36 (KHTML, like Gecko; compatible; GPTBot/1.3; +https://openai.com/gptbot)"
74.7.242.41 - - [14/Apr/2026:07:45:52 +0000] "GET /shop/pg/16211872270 HTTP/1.1" 500 1004 "http://www.elementalmill.com" "Mozilla/5.0 AppleWebKit/537.36 (KHTML, like Gecko; compatible; GPTBot/1.3; +https://openai.com/gptbot)"
74.7.242.41 - - [14/Apr/2026:07:46:05 +0000] "GET /shop/pg/1361290 HTTP/1.1" 500 1004 "http://mail.elementalmill.com/shopping/products/16201361290" "Mozilla/5.0 AppleWebKit/537.36 (KHTML, like Gecko; compatible; GPTBot/1.3; +https://openai.com/gptbot)"
85.208.96.207 - - [14/Apr/2026:07:46:12 +0000] "GET /shopping/products/1619973966 HTTP/1.1" 500 164 "-" "Mozilla/5.0 (compatible; SemrushBot/7~bl; +http://www.semrush.com/bot.html)"
74.7.242.41 - - [14/Apr/2026:07:47:09 +0000] "GET /shop/pg/1770732 HTTP/1.1" 500 1004 "http://mail.elementalmill.com/shop/customer/bookmark.php?shopping/products/16211770732" "Mozilla/5.0 AppleWebKit/537.36 (KHTML, like Gecko; compatible; GPTBot/1.3; +https://openai.com/gptbot)"
66.249.64.34 - - [14/Apr/2026:07:47:09 +0000] "GET /f/special/ HTTP/1.1" 200 27622 "-" "Mozilla/5.0 (Linux; Android 6.0.1; Nexus 5X Build/MMB29P) AppleWebKit/537.36 (KHTML, like Gecko) Chrome/146.0.7680.177 Mobile Safari/537.36 (compatible; GoogleOther)"
185.191.171.17 - - [14/Apr/2026:07:47:13 +0000] "GET /shopping/products/1619949630 HTTP/1.1" 500 164 "-" "Mozilla/5.0 (compatible; SemrushBot/7~bl; +http://www.semrush.com/bot.html)"
74.7.243.205 - - [14/Apr/2026:07:47:50 +0000] "GET /shop/pg/1366592 HTTP/1.1" 500 1004 "http://www.elementalmill.com.lab2454.com/shopping/products/16201366592" "Mozilla/5.0 AppleWebKit/537.36 (KHTML, like Gecko; compatible; GPTBot/1.3; +https://openai.com/gptbot)"
74.7.242.41 - - [14/Apr/2026:07:48:13 +0000] "GET /shop/pg/2069337 HTTP/1.1" 500 1004 "http://mail.elementalmill.com/shopping/products/16222069337" "Mozilla/5.0 AppleWebKit/537.36 (KHTML, like Gecko; compatible; GPTBot/1.3; +https://openai.com/gptbot)"
85.208.96.210 - - [14/Apr/2026:07:48:14 +0000] "GET /shop/pg/16222425065 HTTP/1.1" 500 164 "-" "Mozilla/5.0 (compatible; SemrushBot/7~bl; +http://www.semrush.com/bot.html)"
74.7.242.41 - - [14/Apr/2026:07:49:03 +0000] "GET /shop/pg/16211655117 HTTP/1.1" 500 1004 "http://www.elementalmill.com" "Mozilla/5.0 AppleWebKit/537.36 (KHTML, like Gecko; compatible; GPTBot/1.3; +https://openai.com/gptbot)"
74.7.242.41 - - [14/Apr/2026:07:49:14 +0000] "GET /shop/pg/1204896 HTTP/1.1" 500 1004 "http://mail.elementalmill.com/shop/pg/16211579975" "Mozilla/5.0 AppleWebKit/537.36 (KHTML, like Gecko; compatible; GPTBot/1.3; +https://openai.com/gptbot)"
85.208.96.201 - - [14/Apr/2026:07:49:15 +0000] "GET /shopping/products/1619913154 HTTP/1.1" 500 164 "-" "Mozilla/5.0 (compatible; SemrushBot/7~bl; +http://www.semrush.com/bot.html)"
74.7.227.48 - - [14/Apr/2026:07:50:01 +0000] "GET /shop/pg/1186025 HTTP/1.1" 500 1004 "http://www.elementalmill.com/shopping/products/16201186025" "Mozilla/5.0 AppleWebKit/537.36 (KHTML, like Gecko; compatible; GPTBot/1.3; +https://openai.com/gptbot)"
74.7.242.41 - - [14/Apr/2026:07:50:04 +0000] "GET /shop/pg/16232626938 HTTP/1.1" 500 1004 "http://www.elementalmill.com" "Mozilla/5.0 AppleWebKit/537.36 (KHTML, like Gecko; compatible; GPTBot/1.3; +https://openai.com/gptbot)"
85.208.96.197 - - [14/Apr/2026:07:50:16 +0000] "GET /shop/pg/16201320012 HTTP/1.1" 500 164 "-" "Mozilla/5.0 (compatible; SemrushBot/7~bl; +http://www.semrush.com/bot.html)"
74.7.242.41 - - [14/Apr/2026:07:50:17 +0000] "GET /shop/pg/1562594 HTTP/1.1" 500 1004 "http://mail.elementalmill.com/shop/pg/16201346141" "Mozilla/5.0 AppleWebKit/537.36 (KHTML, like Gecko; compatible; GPTBot/1.3; +https://openai.com/gptbot)"
40.77.167.61 - - [14/Apr/2026:07:50:41 +0000] "GET /shopping/products/161972468897 HTTP/1.1" 200 26770 "-" "Mozilla/5.0 AppleWebKit/537.36 (KHTML, like Gecko; compatible; bingbot/2.0; +http://www.bing.com/bingbot.htm) Chrome/116.0.1938.76 Safari/537.36"
185.191.171.1 - - [14/Apr/2026:07:51:17 +0000] "GET /shop/pg/1742926 HTTP/1.1" 500 164 "-" "Mozilla/5.0 (compatible; SemrushBot/7~bl; +http://www.semrush.com/bot.html)"
74.7.242.41 - - [14/Apr/2026:07:51:22 +0000] "GET /shop/pg/1376013 HTTP/1.1" 500 1004 "http://mail.elementalmill.com/shop/customer/bookmark.php?shopping/products/16201376013" "Mozilla/5.0 AppleWebKit/537.36 (KHTML, like Gecko; compatible; GPTBot/1.3; +https://openai.com/gptbot)"
185.191.171.1 - - [14/Apr/2026:07:52:18 +0000] "GET /shopping/products/1619942602 HTTP/1.1" 500 164 "-" "Mozilla/5.0 (compatible; SemrushBot/7~bl; +http://www.semrush.com/bot.html)"
74.7.242.41 - - [14/Apr/2026:07:52:25 +0000] "GET /shop/pg/2135483 HTTP/1.1" 500 1004 "http://mail.elementalmill.com/shopping/products/16222135483" "Mozilla/5.0 AppleWebKit/537.36 (KHTML, like Gecko; compatible; GPTBot/1.3; +https://openai.com/gptbot)"
74.7.227.185 - - [14/Apr/2026:07:53:06 +0000] "GET /shopping/products/16232582919 HTTP/1.1" 500 1004 "http://elementalmill.com.lab2454.com/shopping/products/16201063484" "Mozilla/5.0 AppleWebKit/537.36 (KHTML, like Gecko; compatible; GPTBot/1.3; +https://openai.com/gptbot)"
85.208.96.196 - - [14/Apr/2026:07:53:19 +0000] "GET /shop/pg/1730640 HTTP/1.1" 500 164 "-" "Mozilla/5.0 (compatible; SemrushBot/7~bl; +http://www.semrush.com/bot.html)"
74.7.242.41 - - [14/Apr/2026:07:53:28 +0000] "GET /shop/pg/1141839 HTTP/1.1" 500 1004 "http://mail.elementalmill.com/shopping/products/16201141839" "Mozilla/5.0 AppleWebKit/537.36 (KHTML, like Gecko; compatible; GPTBot/1.3; +https://openai.com/gptbot)"
74.7.227.48 - - [14/Apr/2026:07:54:15 +0000] "GET /shop/pg/2001865 HTTP/1.1" 500 1004 "http://www.elementalmill.com/shopping/products/16222001865" "Mozilla/5.0 AppleWebKit/537.36 (KHTML, like Gecko; compatible; GPTBot/1.3; +https://openai.com/gptbot)"
185.191.171.10 - - [14/Apr/2026:07:54:20 +0000] "GET /shop/pg/1618177426 HTTP/1.1" 500 164 "-" "Mozilla/5.0 (compatible; SemrushBot/7~bl; +http://www.semrush.com/bot.html)"
74.7.242.41 - - [14/Apr/2026:07:54:33 +0000] "GET /shop/pg/1625786 HTTP/1.1" 500 1004 "http://mail.elementalmill.com/shop/pg/16201409327" "Mozilla/5.0 AppleWebKit/537.36 (KHTML, like Gecko; compatible; GPTBot/1.3; +https://openai.com/gptbot)"
74.7.227.48 - - [14/Apr/2026:07:55:20 +0000] "GET /shop/pg/2123824 HTTP/1.1" 500 1004 "http://www.elementalmill.com/shopping/products/16222123824" "Mozilla/5.0 AppleWebKit/537.36 (KHTML, like Gecko; compatible; GPTBot/1.3; +https://openai.com/gptbot)"
185.191.171.19 - - [14/Apr/2026:07:55:21 +0000] "GET /shopping/products/1619968794 HTTP/1.1" 500 164 "-" "Mozilla/5.0 (compatible; SemrushBot/7~bl; +http://www.semrush.com/bot.html)"
74.7.242.41 - - [14/Apr/2026:07:55:38 +0000] "GET /shop/pg/1695594 HTTP/1.1" 500 1004 "http://mail.elementalmill.com/shop/pg/16201479133" "Mozilla/5.0 AppleWebKit/537.36 (KHTML, like Gecko; compatible; GPTBot/1.3; +https://openai.com/gptbot)"
185.191.171.6 - - [14/Apr/2026:07:56:23 +0000] "GET /shopping/products/1619973441 HTTP/1.1" 500 164 "-" "Mozilla/5.0 (compatible; SemrushBot/7~bl; +http://www.semrush.com/bot.html)"
74.7.242.41 - - [14/Apr/2026:07:56:28 +0000] "GET /shop/pg/16211531779 HTTP/1.1" 500 1004 "http://www.elementalmill.com" "Mozilla/5.0 AppleWebKit/537.36 (KHTML, like Gecko; compatible; GPTBot/1.3; +https://openai.com/gptbot)"
74.7.242.41 - - [14/Apr/2026:07:56:42 +0000] "GET /shop/pg/1449336 HTTP/1.1" 500 1004 "http://mail.elementalmill.com/shop/pg/16201232875" "Mozilla/5.0 AppleWebKit/537.36 (KHTML, like Gecko; compatible; GPTBot/1.3; +https://openai.com/gptbot)"
85.208.96.203 - - [14/Apr/2026:07:57:24 +0000] "GET /shop/pg/2338187 HTTP/1.1" 500 164 "-" "Mozilla/5.0 (compatible; SemrushBot/7~bl; +http://www.semrush.com/bot.html)"
185.191.171.13 - - [14/Apr/2026:07:58:25 +0000] "GET /shop/pg/159487 HTTP/1.1" 500 164 "-" "Mozilla/5.0 (compatible; SemrushBot/7~bl; +http://www.semrush.com/bot.html)"
74.7.227.48 - - [14/Apr/2026:07:58:27 +0000] "GET /shop/pg/1641661 HTTP/1.1" 500 1004 "http://www.elementalmill.com/shopping/products/16211641661" "Mozilla/5.0 AppleWebKit/537.36 (KHTML, like Gecko; compatible; GPTBot/1.3; +https://openai.com/gptbot)"
74.7.242.41 - - [14/Apr/2026:07:58:45 +0000] "GET /shop/pg/1243319 HTTP/1.1" 500 1004 "http://mail.elementalmill.com/shopping/products/16201243319" "Mozilla/5.0 AppleWebKit/537.36 (KHTML, like Gecko; compatible; GPTBot/1.3; +https://openai.com/gptbot)"
185.191.171.5 - - [14/Apr/2026:07:59:26 +0000] "GET /shop/pg/1235651 HTTP/1.1" 500 164 "-" "Mozilla/5.0 (compatible; SemrushBot/7~bl; +http://www.semrush.com/bot.html)"
185.191.171.1 - - [14/Apr/2026:07:59:40 +0000] "GET /robots.txt HTTP/1.1" 500 1004 "-" "Mozilla/5.0 (compatible; SemrushBot/7~bl; +http://www.semrush.com/bot.html)"
74.7.242.41 - - [14/Apr/2026:07:59:47 +0000] "GET /shop/pg/1316051 HTTP/1.1" 500 1004 "http://mail.elementalmill.com/shop/pg/16201099583" "Mozilla/5.0 AppleWebKit/537.36 (KHTML, like Gecko; compatible; GPTBot/1.3; +https://openai.com/gptbot)"
185.191.171.10 - - [14/Apr/2026:08:00:27 +0000] "GET /shop/pg/16222055263 HTTP/1.1" 500 164 "-" "Mozilla/5.0 (compatible; SemrushBot/7~bl; +http://www.semrush.com/bot.html)"
74.7.242.41 - - [14/Apr/2026:08:00:47 +0000] "GET /shop/pg/1615853 HTTP/1.1" 500 1004 "http://mail.elementalmill.com/shop/pg/16201399379" "Mozilla/5.0 AppleWebKit/537.36 (KHTML, like Gecko; compatible; GPTBot/1.3; +https://openai.com/gptbot)"
185.191.171.10 - - [14/Apr/2026:08:01:28 +0000] "GET /shopping/products/1619986764 HTTP/1.1" 500 164 "-" "Mozilla/5.0 (compatible; SemrushBot/7~bl; +http://www.semrush.com/bot.html)"
74.7.242.41 - - [14/Apr/2026:08:01:52 +0000] "GET /shop/pg/1585911 HTTP/1.1" 500 1004 "http://mail.elementalmill.com/shop/customer/bookmark.php?shopping/products/16211585911" "Mozilla/5.0 AppleWebKit/537.36 (KHTML, like Gecko; compatible; GPTBot/1.3; +https://openai.com/gptbot)"
85.208.96.200 - - [14/Apr/2026:08:02:29 +0000] "GET /shop/pg/1619934791 HTTP/1.1" 500 164 "-" "Mozilla/5.0 (compatible; SemrushBot/7~bl; +http://www.semrush.com/bot.html)"
74.7.227.48 - - [14/Apr/2026:08:02:40 +0000] "GET /shop/pg/2008394 HTTP/1.1" 500 1004 "http://www.elementalmill.com/shop/customer/bookmark.php?shopping/products/16222008394" "Mozilla/5.0 AppleWebKit/537.36 (KHTML, like Gecko; compatible; GPTBot/1.3; +https://openai.com/gptbot)"
74.7.242.41 - - [14/Apr/2026:08:02:55 +0000] "GET /shop/pg/1341267 HTTP/1.1" 500 1004 "http://mail.elementalmill.com/shop/pg/16211716358" "Mozilla/5.0 AppleWebKit/537.36 (KHTML, like Gecko; compatible; GPTBot/1.3; +https://openai.com/gptbot)"
40.77.167.52 - - [14/Apr/2026:08:03:11 +0000] "GET /sitemap457.xml HTTP/1.1" 200 6074 "-" "Mozilla/5.0 AppleWebKit/537.36 (KHTML, like Gecko; compatible; bingbot/2.0; +http://www.bing.com/bingbot.htm) Chrome/116.0.1938.76 Safari/537.36"
85.208.96.212 - - [14/Apr/2026:08:03:31 +0000] "GET /shopping/products/1619933165 HTTP/1.1" 500 164 "-" "Mozilla/5.0 (compatible; SemrushBot/7~bl; +http://www.semrush.com/bot.html)"
52.167.144.208 - - [14/Apr/2026:08:03:40 +0000] "GET /shopping/products/161953882209 HTTP/1.1" 200 27072 "-" "Mozilla/5.0 AppleWebKit/537.36 (KHTML, like Gecko; compatible; bingbot/2.0; +http://www.bing.com/bingbot.htm) Chrome/116.0.1938.76 Safari/537.36"
74.7.227.48 - - [14/Apr/2026:08:03:42 +0000] "GET /shop/pg/2561443 HTTP/1.1" 500 1004 "http://www.elementalmill.com/shopping/products/16232561443" "Mozilla/5.0 AppleWebKit/537.36 (KHTML, like Gecko; compatible; GPTBot/1.3; +https://openai.com/gptbot)"
74.7.242.41 - - [14/Apr/2026:08:03:56 +0000] "GET /shop/pg/1586180 HTTP/1.1" 500 1004 "http://mail.elementalmill.com/shop/pg/16201369715" "Mozilla/5.0 AppleWebKit/537.36 (KHTML, like Gecko; compatible; GPTBot/1.3; +https://openai.com/gptbot)"
185.191.171.16 - - [14/Apr/2026:08:04:33 +0000] "GET /shop/pg/16222049725 HTTP/1.1" 500 164 "-" "Mozilla/5.0 (compatible; SemrushBot/7~bl; +http://www.semrush.com/bot.html)"
74.7.227.185 - - [14/Apr/2026:08:04:43 +0000] "GET /shopping/products/16211985638 HTTP/1.1" 500 1004 "http://elementalmill.com.lab2454.com/shopping/products/16211577430" "Mozilla/5.0 AppleWebKit/537.36 (KHTML, like Gecko; compatible; GPTBot/1.3; +https://openai.com/gptbot)"
74.7.242.41 - - [14/Apr/2026:08:04:58 +0000] "GET /shop/pg/1409342 HTTP/1.1" 500 1004 "http://mail.elementalmill.com/shop/customer/bookmark.php?shopping/products/16201409342" "Mozilla/5.0 AppleWebKit/537.36 (KHTML, like Gecko; compatible; GPTBot/1.3; +https://openai.com/gptbot)"
185.191.171.16 - - [14/Apr/2026:08:05:35 +0000] "GET /shop/pg/16211666629 HTTP/1.1" 500 164 "-" "Mozilla/5.0 (compatible; SemrushBot/7~bl; +http://www.semrush.com/bot.html)"
74.7.242.41 - - [14/Apr/2026:08:05:50 +0000] "GET /shop/pg/16201135660 HTTP/1.1" 500 1004 "http://www.elementalmill.com" "Mozilla/5.0 AppleWebKit/537.36 (KHTML, like Gecko; compatible; GPTBot/1.3; +https://openai.com/gptbot)"
185.191.171.1 - - [14/Apr/2026:08:06:36 +0000] "GET /shop/pg/2177388 HTTP/1.1" 500 164 "-" "Mozilla/5.0 (compatible; SemrushBot/7~bl; +http://www.semrush.com/bot.html)"
74.7.242.41 - - [14/Apr/2026:08:07:03 +0000] "GET /shop/pg/1518834 HTTP/1.1" 500 1004 "http://mail.elementalmill.com/shop/pg/16201302382" "Mozilla/5.0 AppleWebKit/537.36 (KHTML, like Gecko; compatible; GPTBot/1.3; +https://openai.com/gptbot)"
185.191.171.11 - - [14/Apr/2026:08:07:38 +0000] "GET /shopping/products/1619869669 HTTP/1.1" 500 164 "-" "Mozilla/5.0 (compatible; SemrushBot/7~bl; +http://www.semrush.com/bot.html)"
74.7.242.41 - - [14/Apr/2026:08:08:03 +0000] "GET /shop/pg/1158822 HTTP/1.1" 500 1004 "http://mail.elementalmill.com/shop/pg/1157661" "Mozilla/5.0 AppleWebKit/537.36 (KHTML, like Gecko; compatible; GPTBot/1.3; +https://openai.com/gptbot)"
66.249.64.35 - - [14/Apr/2026:08:08:24 +0000] "GET /organize/shop/8888336146.shtml HTTP/1.1" 200 27825 "-" "Mozilla/5.0 (Linux; Android 6.0.1; Nexus 5X Build/MMB29P) AppleWebKit/537.36 (KHTML, like Gecko) Chrome/146.0.7680.177 Mobile Safari/537.36 (compatible; GoogleOther)"
185.191.171.2 - - [14/Apr/2026:08:08:39 +0000] "GET /shopping/products/1619991144 HTTP/1.1" 500 164 "-" "Mozilla/5.0 (compatible; SemrushBot/7~bl; +http://www.semrush.com/bot.html)"
74.7.242.41 - - [14/Apr/2026:08:08:59 +0000] "GET /shop/pg/16201160331 HTTP/1.1" 500 1004 "http://www.elementalmill.com" "Mozilla/5.0 AppleWebKit/537.36 (KHTML, like Gecko; compatible; GPTBot/1.3; +https://openai.com/gptbot)"
85.208.96.200 - - [14/Apr/2026:08:09:40 +0000] "GET /shopping/products/1619995803 HTTP/1.1" 500 164 "-" "Mozilla/5.0 (compatible; SemrushBot/7~bl; +http://www.semrush.com/bot.html)"
74.7.242.41 - - [14/Apr/2026:08:10:00 +0000] "GET /shop/pg/16232582305 HTTP/1.1" 500 1004 "http://www.elementalmill.com" "Mozilla/5.0 AppleWebKit/537.36 (KHTML, like Gecko; compatible; GPTBot/1.3; +https://openai.com/gptbot)"
74.7.227.48 - - [14/Apr/2026:08:10:05 +0000] "GET /shop/pg/1675876 HTTP/1.1" 500 1004 "http://www.elementalmill.com/shopping/products/16211675876" "Mozilla/5.0 AppleWebKit/537.36 (KHTML, like Gecko; compatible; GPTBot/1.3; +https://openai.com/gptbot)"
74.7.242.41 - - [14/Apr/2026:08:10:15 +0000] "GET /shop/pg/1346301 HTTP/1.1" 500 1004 "http://mail.elementalmill.com/shop/pg/16211721395" "Mozilla/5.0 AppleWebKit/537.36 (KHTML, like Gecko; compatible; GPTBot/1.3; +https://openai.com/gptbot)"
185.191.171.19 - - [14/Apr/2026:08:10:41 +0000] "GET /shopping/products/1619675191 HTTP/1.1" 500 164 "-" "Mozilla/5.0 (compatible; SemrushBot/7~bl; +http://www.semrush.com/bot.html)"
74.7.242.41 - - [14/Apr/2026:08:11:15 +0000] "GET /shop/pg/1288917 HTTP/1.1" 500 1004 "http://mail.elementalmill.com/shopping/products/16201288917" "Mozilla/5.0 AppleWebKit/537.36 (KHTML, like Gecko; compatible; GPTBot/1.3; +https://openai.com/gptbot)"
185.191.171.11 - - [14/Apr/2026:08:11:42 +0000] "GET /shopping/products/1619953647 HTTP/1.1" 500 164 "-" "Mozilla/5.0 (compatible; SemrushBot/7~bl; +http://www.semrush.com/bot.html)"
74.7.227.185 - - [14/Apr/2026:08:11:59 +0000] "GET /shopping/products/16211543711 HTTP/1.1" 500 1004 "http://elementalmill.com.lab2454.com/shopping/products/16201235918" "Mozilla/5.0 AppleWebKit/537.36 (KHTML, like Gecko; compatible; GPTBot/1.3; +https://openai.com/gptbot)"
74.7.242.41 - - [14/Apr/2026:08:12:16 +0000] "GET /shop/pg/1527648 HTTP/1.1" 500 1004 "http://mail.elementalmill.com/shop/pg/16211902739" "Mozilla/5.0 AppleWebKit/537.36 (KHTML, like Gecko; compatible; GPTBot/1.3; +https://openai.com/gptbot)"
85.208.96.203 - - [14/Apr/2026:08:12:43 +0000] "GET /shopping/products/1619928503 HTTP/1.1" 500 164 "-" "Mozilla/5.0 (compatible; SemrushBot/7~bl; +http://www.semrush.com/bot.html)"
74.7.227.48 - - [14/Apr/2026:08:13:15 +0000] "GET /shop/pg/2384160 HTTP/1.1" 500 1004 "http://www.elementalmill.com/shopping/products/16222384160" "Mozilla/5.0 AppleWebKit/537.36 (KHTML, like Gecko; compatible; GPTBot/1.3; +https://openai.com/gptbot)"
85.208.96.210 - - [14/Apr/2026:08:13:44 +0000] "GET /shop/pg/1492664 HTTP/1.1" 500 164 "-" "Mozilla/5.0 (compatible; SemrushBot/7~bl; +http://www.semrush.com/bot.html)"
74.7.227.185 - - [14/Apr/2026:08:14:05 +0000] "GET /shopping/products/16201293768 HTTP/1.1" 500 1004 "http://elementalmill.com.lab2454.com/shop/pg/16222036976" "Mozilla/5.0 AppleWebKit/537.36 (KHTML, like Gecko; compatible; GPTBot/1.3; +https://openai.com/gptbot)"
74.7.242.41 - - [14/Apr/2026:08:14:23 +0000] "GET /shop/pg/1289593 HTTP/1.1" 500 1004 "http://mail.elementalmill.com/shop/pg/16201073142" "Mozilla/5.0 AppleWebKit/537.36 (KHTML, like Gecko; compatible; GPTBot/1.3; +https://openai.com/gptbot)"
185.191.171.13 - - [14/Apr/2026:08:14:45 +0000] "GET /shopping/products/1619945238 HTTP/1.1" 500 164 "-" "Mozilla/5.0 (compatible; SemrushBot/7~bl; +http://www.semrush.com/bot.html)"
74.7.242.41 - - [14/Apr/2026:08:15:10 +0000] "GET /shop/pg/16211530216 HTTP/1.1" 500 1004 "http://www.elementalmill.com" "Mozilla/5.0 AppleWebKit/537.36 (KHTML, like Gecko; compatible; GPTBot/1.3; +https://openai.com/gptbot)"
74.7.227.48 - - [14/Apr/2026:08:15:20 +0000] "GET /shop/pg/1703543 HTTP/1.1" 500 1004 "http://www.elementalmill.com/shopping/products/16211703543" "Mozilla/5.0 AppleWebKit/537.36 (KHTML, like Gecko; compatible; GPTBot/1.3; +https://openai.com/gptbot)"
74.7.242.41 - - [14/Apr/2026:08:15:26 +0000] "GET /shop/pg/1029109 HTTP/1.1" 500 1004 "http://mail.elementalmill.com/shop/pg/16232587308" "Mozilla/5.0 AppleWebKit/537.36 (KHTML, like Gecko; compatible; GPTBot/1.3; +https://openai.com/gptbot)"
185.191.171.14 - - [14/Apr/2026:08:15:47 +0000] "GET /shopping/products/1619988519 HTTP/1.1" 500 164 "-" "Mozilla/5.0 (compatible; SemrushBot/7~bl; +http://www.semrush.com/bot.html)"
74.7.227.48 - - [14/Apr/2026:08:16:21 +0000] "GET /shop/pg/1518509 HTTP/1.1" 500 1004 "http://www.elementalmill.com/shopping/products/16211518509" "Mozilla/5.0 AppleWebKit/537.36 (KHTML, like Gecko; compatible; GPTBot/1.3; +https://openai.com/gptbot)"
74.7.242.41 - - [14/Apr/2026:08:16:29 +0000] "GET /shop/pg/2528049 HTTP/1.1" 500 1004 "http://mail.elementalmill.com/shopping/products/16232528049" "Mozilla/5.0 AppleWebKit/537.36 (KHTML, like Gecko; compatible; GPTBot/1.3; +https://openai.com/gptbot)"
185.191.171.4 - - [14/Apr/2026:08:16:48 +0000] "GET /shopping/products/1619971861 HTTP/1.1" 500 164 "-" "Mozilla/5.0 (compatible; SemrushBot/7~bl; +http://www.semrush.com/bot.html)"
74.7.227.185 - - [14/Apr/2026:08:17:16 +0000] "GET /shopping/products/16201409284 HTTP/1.1" 500 1004 "http://elementalmill.com.lab2454.com/shopping/products/16232573484" "Mozilla/5.0 AppleWebKit/537.36 (KHTML, like Gecko; compatible; GPTBot/1.3; +https://openai.com/gptbot)"
74.7.227.48 - - [14/Apr/2026:08:17:23 +0000] "GET /shop/pg/2622932 HTTP/1.1" 500 1004 "http://www.elementalmill.com/shopping/products/16232622932" "Mozilla/5.0 AppleWebKit/537.36 (KHTML, like Gecko; compatible; GPTBot/1.3; +https://openai.com/gptbot)"
74.7.242.41 - - [14/Apr/2026:08:17:33 +0000] "GET /shop/pg/1502792 HTTP/1.1" 500 1004 "http://mail.elementalmill.com/shop/customer/bookmark.php?shopping/products/16211502792" "Mozilla/5.0 AppleWebKit/537.36 (KHTML, like Gecko; compatible; GPTBot/1.3; +https://openai.com/gptbot)"
185.191.171.1 - - [14/Apr/2026:08:17:49 +0000] "GET /shopping/products/1619998388 HTTP/1.1" 500 164 "-" "Mozilla/5.0 (compatible; SemrushBot/7~bl; +http://www.semrush.com/bot.html)"
74.7.242.41 - - [14/Apr/2026:08:18:21 +0000] "GET /shop/pg/16211916170 HTTP/1.1" 500 1004 "http://www.elementalmill.com" "Mozilla/5.0 AppleWebKit/537.36 (KHTML, like Gecko; compatible; GPTBot/1.3; +https://openai.com/gptbot)"
185.191.171.14 - - [14/Apr/2026:08:18:50 +0000] "GET /shop/pg/16222123708 HTTP/1.1" 500 164 "-" "Mozilla/5.0 (compatible; SemrushBot/7~bl; +http://www.semrush.com/bot.html)"
74.7.242.41 - - [14/Apr/2026:08:19:25 +0000] "GET /shop/pg/16211617638 HTTP/1.1" 500 1004 "http://www.elementalmill.com" "Mozilla/5.0 AppleWebKit/537.36 (KHTML, like Gecko; compatible; GPTBot/1.3; +https://openai.com/gptbot)"
74.7.227.48 - - [14/Apr/2026:08:19:35 +0000] "GET /shop/pg/1364861 HTTP/1.1" 500 1004 "http://www.elementalmill.com/shopping/products/16201364861" "Mozilla/5.0 AppleWebKit/537.36 (KHTML, like Gecko; compatible; GPTBot/1.3; +https://openai.com/gptbot)"
74.7.242.41 - - [14/Apr/2026:08:19:36 +0000] "GET /shop/pg/2427731 HTTP/1.1" 500 1004 "http://mail.elementalmill.com/shop/customer/bookmark.php?shopping/products/16222427731" "Mozilla/5.0 AppleWebKit/537.36 (KHTML, like Gecko; compatible; GPTBot/1.3; +https://openai.com/gptbot)"
185.191.171.9 - - [14/Apr/2026:08:19:53 +0000] "GET /shopping/products/1619976585 HTTP/1.1" 500 164 "-" "Mozilla/5.0 (compatible; SemrushBot/7~bl; +http://www.semrush.com/bot.html)"
85.208.96.193 - - [14/Apr/2026:08:20:13 +0000] "GET /robots.txt HTTP/1.1" 500 1004 "-" "Mozilla/5.0 (compatible; SemrushBot/7~bl; +http://www.semrush.com/bot.html)"
85.208.96.194 - - [14/Apr/2026:08:20:54 +0000] "GET /shopping/products/1619985528 HTTP/1.1" 500 164 "-" "Mozilla/5.0 (compatible; SemrushBot/7~bl; +http://www.semrush.com/bot.html)"
85.208.96.209 - - [14/Apr/2026:08:21:54 +0000] "GET /shopping/products/1619950572 HTTP/1.1" 500 164 "-" "Mozilla/5.0 (compatible; SemrushBot/7~bl; +http://www.semrush.com/bot.html)"
74.7.242.41 - - [14/Apr/2026:08:22:45 +0000] "GET /shop/pg/2516047 HTTP/1.1" 500 1004 "http://mail.elementalmill.com/shopping/products/16232516047" "Mozilla/5.0 AppleWebKit/537.36 (KHTML, like Gecko; compatible; GPTBot/1.3; +https://openai.com/gptbot)"
185.191.171.14 - - [14/Apr/2026:08:22:55 +0000] "GET /shopping/products/1619896881 HTTP/1.1" 500 164 "-" "Mozilla/5.0 (compatible; SemrushBot/7~bl; +http://www.semrush.com/bot.html)"
74.7.242.41 - - [14/Apr/2026:08:23:46 +0000] "GET /shop/pg/1254468 HTTP/1.1" 500 1004 "http://mail.elementalmill.com/shop/customer/bookmark.php?shopping/products/16201254468" "Mozilla/5.0 AppleWebKit/537.36 (KHTML, like Gecko; compatible; GPTBot/1.3; +https://openai.com/gptbot)"
85.208.96.204 - - [14/Apr/2026:08:23:56 +0000] "GET /shopping/products/1619865779 HTTP/1.1" 500 164 "-" "Mozilla/5.0 (compatible; SemrushBot/7~bl; +http://www.semrush.com/bot.html)"
74.7.227.185 - - [14/Apr/2026:08:24:40 +0000] "GET /shopping/products/16201097404 HTTP/1.1" 500 1004 "http://elementalmill.com.lab2454.com/shopping/products/16201180865" "Mozilla/5.0 AppleWebKit/537.36 (KHTML, like Gecko; compatible; GPTBot/1.3; +https://openai.com/gptbot)"
74.7.242.41 - - [14/Apr/2026:08:24:46 +0000] "GET /shop/pg/2040799 HTTP/1.1" 500 1004 "http://mail.elementalmill.com/shopping/products/16222040799" "Mozilla/5.0 AppleWebKit/537.36 (KHTML, like Gecko; compatible; GPTBot/1.3; +https://openai.com/gptbot)"
85.208.96.205 - - [14/Apr/2026:08:24:57 +0000] "GET /shopping/products/1619951891 HTTP/1.1" 500 164 "-" "Mozilla/5.0 (compatible; SemrushBot/7~bl; +http://www.semrush.com/bot.html)"
74.7.227.185 - - [14/Apr/2026:08:25:44 +0000] "GET /shopping/products/16201042322 HTTP/1.1" 500 1004 "http://elementalmill.com.lab2454.com/shopping/products/16201318274" "Mozilla/5.0 AppleWebKit/537.36 (KHTML, like Gecko; compatible; GPTBot/1.3; +https://openai.com/gptbot)"
74.7.242.41 - - [14/Apr/2026:08:25:50 +0000] "GET /shop/pg/1315484 HTTP/1.1" 500 1004 "http://mail.elementalmill.com/shop/pg/16211690574" "Mozilla/5.0 AppleWebKit/537.36 (KHTML, like Gecko; compatible; GPTBot/1.3; +https://openai.com/gptbot)"
85.208.96.205 - - [14/Apr/2026:08:25:58 +0000] "GET /shopping/products/1619957482 HTTP/1.1" 500 164 "-" "Mozilla/5.0 (compatible; SemrushBot/7~bl; +http://www.semrush.com/bot.html)"
74.7.243.205 - - [14/Apr/2026:08:26:44 +0000] "GET /shop/pg/1835822 HTTP/1.1" 500 1004 "http://www.elementalmill.com.lab2454.com/shopping/products/16211835822" "Mozilla/5.0 AppleWebKit/537.36 (KHTML, like Gecko; compatible; GPTBot/1.3; +https://openai.com/gptbot)"
74.7.242.41 - - [14/Apr/2026:08:26:49 +0000] "GET /shop/pg/16211541705 HTTP/1.1" 500 1004 "http://www.elementalmill.com" "Mozilla/5.0 AppleWebKit/537.36 (KHTML, like Gecko; compatible; GPTBot/1.3; +https://openai.com/gptbot)"
74.7.242.41 - - [14/Apr/2026:08:26:55 +0000] "GET /shop/pg/1887372 HTTP/1.1" 500 1004 "http://mail.elementalmill.com/shopping/products/16211887372" "Mozilla/5.0 AppleWebKit/537.36 (KHTML, like Gecko; compatible; GPTBot/1.3; +https://openai.com/gptbot)"
85.208.96.204 - - [14/Apr/2026:08:27:00 +0000] "GET /shop/pg/16211557312 HTTP/1.1" 500 164 "-" "Mozilla/5.0 (compatible; SemrushBot/7~bl; +http://www.semrush.com/bot.html)"
74.7.242.41 - - [14/Apr/2026:08:27:53 +0000] "GET /shop/pg/16201123573 HTTP/1.1" 500 1004 "http://elementalmill.com/shopping/products/16201119366" "Mozilla/5.0 AppleWebKit/537.36 (KHTML, like Gecko; compatible; GPTBot/1.3; +https://openai.com/gptbot)"
74.7.227.48 - - [14/Apr/2026:08:27:55 +0000] "GET /shop/pg/1842875 HTTP/1.1" 500 1004 "http://www.elementalmill.com/shopping/products/16211842875" "Mozilla/5.0 AppleWebKit/537.36 (KHTML, like Gecko; compatible; GPTBot/1.3; +https://openai.com/gptbot)"
74.7.242.41 - - [14/Apr/2026:08:27:55 +0000] "GET /shop/pg/1702107 HTTP/1.1" 500 1004 "http://mail.elementalmill.com/shop/pg/16201485643" "Mozilla/5.0 AppleWebKit/537.36 (KHTML, like Gecko; compatible; GPTBot/1.3; +https://openai.com/gptbot)"
85.208.96.206 - - [14/Apr/2026:08:28:01 +0000] "GET /shopping/products/1619876894 HTTP/1.1" 500 164 "-" "Mozilla/5.0 (compatible; SemrushBot/7~bl; +http://www.semrush.com/bot.html)"
74.7.227.48 - - [14/Apr/2026:08:28:59 +0000] "GET /shop/pg/1363604 HTTP/1.1" 500 1004 "http://www.elementalmill.com/shop/customer/bookmark.php?shopping/products/16201363604" "Mozilla/5.0 AppleWebKit/537.36 (KHTML, like Gecko; compatible; GPTBot/1.3; +https://openai.com/gptbot)"
74.7.242.41 - - [14/Apr/2026:08:29:01 +0000] "GET /shop/pg/1090179 HTTP/1.1" 500 1004 "http://mail.elementalmill.com/shop/pg/16232648380" "Mozilla/5.0 AppleWebKit/537.36 (KHTML, like Gecko; compatible; GPTBot/1.3; +https://openai.com/gptbot)"
185.191.171.13 - - [14/Apr/2026:08:29:02 +0000] "GET /shopping/products/1619954420 HTTP/1.1" 500 164 "-" "Mozilla/5.0 (compatible; SemrushBot/7~bl; +http://www.semrush.com/bot.html)"
74.7.227.185 - - [14/Apr/2026:08:29:50 +0000] "GET /shopping/products/16211797749 HTTP/1.1" 500 1004 "http://elementalmill.com.lab2454.com/shopping/products/16201254200" "Mozilla/5.0 AppleWebKit/537.36 (KHTML, like Gecko; compatible; GPTBot/1.3; +https://openai.com/gptbot)"
74.7.242.41 - - [14/Apr/2026:08:30:01 +0000] "GET /shop/pg/1801725 HTTP/1.1" 500 1004 "http://mail.elementalmill.com/shopping/products/16211801725" "Mozilla/5.0 AppleWebKit/537.36 (KHTML, like Gecko; compatible; GPTBot/1.3; +https://openai.com/gptbot)"
74.7.227.48 - - [14/Apr/2026:08:30:01 +0000] "GET /shop/pg/1459834 HTTP/1.1" 500 1004 "http://www.elementalmill.com/shopping/products/16201459834" "Mozilla/5.0 AppleWebKit/537.36 (KHTML, like Gecko; compatible; GPTBot/1.3; +https://openai.com/gptbot)"
74.7.242.41 - - [14/Apr/2026:08:30:01 +0000] "GET /shop/pg/16201496170 HTTP/1.1" 500 1004 "http://www.elementalmill.com" "Mozilla/5.0 AppleWebKit/537.36 (KHTML, like Gecko; compatible; GPTBot/1.3; +https://openai.com/gptbot)"
185.191.171.2 - - [14/Apr/2026:08:30:04 +0000] "GET /shop/pg/16211757687 HTTP/1.1" 500 164 "-" "Mozilla/5.0 (compatible; SemrushBot/7~bl; +http://www.semrush.com/bot.html)"
185.191.171.13 - - [14/Apr/2026:08:31:05 +0000] "GET /shop/pg/16222067755 HTTP/1.1" 500 164 "-" "Mozilla/5.0 (compatible; SemrushBot/7~bl; +http://www.semrush.com/bot.html)"
74.7.242.41 - - [14/Apr/2026:08:31:07 +0000] "GET /shop/pg/1852794 HTTP/1.1" 500 1004 "http://mail.elementalmill.com/shop/customer/bookmark.php?shopping/products/16211852794" "Mozilla/5.0 AppleWebKit/537.36 (KHTML, like Gecko; compatible; GPTBot/1.3; +https://openai.com/gptbot)"
85.208.96.208 - - [14/Apr/2026:08:32:06 +0000] "GET /shopping/products/1619968820 HTTP/1.1" 500 164 "-" "Mozilla/5.0 (compatible; SemrushBot/7~bl; +http://www.semrush.com/bot.html)"
74.7.242.41 - - [14/Apr/2026:08:32:13 +0000] "GET /shop/pg/1424161 HTTP/1.1" 500 1004 "http://mail.elementalmill.com/shop/customer/bookmark.php?shopping/products/16201424161" "Mozilla/5.0 AppleWebKit/537.36 (KHTML, like Gecko; compatible; GPTBot/1.3; +https://openai.com/gptbot)"
185.191.171.5 - - [14/Apr/2026:08:33:07 +0000] "GET /shopping/products/1619910257 HTTP/1.1" 500 164 "-" "Mozilla/5.0 (compatible; SemrushBot/7~bl; +http://www.semrush.com/bot.html)"
74.7.242.41 - - [14/Apr/2026:08:33:16 +0000] "GET /shop/pg/1151292 HTTP/1.1" 500 1004 "http://mail.elementalmill.com/shopping/products/16201151292" "Mozilla/5.0 AppleWebKit/537.36 (KHTML, like Gecko; compatible; GPTBot/1.3; +https://openai.com/gptbot)"
185.191.171.16 - - [14/Apr/2026:08:34:08 +0000] "GET /shop/pg/16222060961 HTTP/1.1" 500 164 "-" "Mozilla/5.0 (compatible; SemrushBot/7~bl; +http://www.semrush.com/bot.html)"
74.7.227.48 - - [14/Apr/2026:08:34:14 +0000] "GET /shop/pg/2353228 HTTP/1.1" 500 1004 "http://www.elementalmill.com/shop/customer/bookmark.php?shopping/products/16222353228" "Mozilla/5.0 AppleWebKit/537.36 (KHTML, like Gecko; compatible; GPTBot/1.3; +https://openai.com/gptbot)"
185.191.171.2 - - [14/Apr/2026:08:35:10 +0000] "GET /shopping/products/1619928631 HTTP/1.1" 500 164 "-" "Mozilla/5.0 (compatible; SemrushBot/7~bl; +http://www.semrush.com/bot.html)"
74.7.227.48 - - [14/Apr/2026:08:35:19 +0000] "GET /shop/pg/1718613 HTTP/1.1" 500 1004 "http://www.elementalmill.com/shopping/products/16211718613" "Mozilla/5.0 AppleWebKit/537.36 (KHTML, like Gecko; compatible; GPTBot/1.3; +https://openai.com/gptbot)"
74.7.242.41 - - [14/Apr/2026:08:35:21 +0000] "GET /shop/pg/1956754 HTTP/1.1" 500 1004 "http://mail.elementalmill.com/shopping/products/16211956754" "Mozilla/5.0 AppleWebKit/537.36 (KHTML, like Gecko; compatible; GPTBot/1.3; +https://openai.com/gptbot)"
185.191.171.7 - - [14/Apr/2026:08:36:11 +0000] "GET /shop/pg/455180 HTTP/1.1" 500 164 "-" "Mozilla/5.0 (compatible; SemrushBot/7~bl; +http://www.semrush.com/bot.html)"
74.7.242.41 - - [14/Apr/2026:08:36:27 +0000] "GET /shop/pg/1039806 HTTP/1.1" 500 1004 "http://mail.elementalmill.com/shop/customer/bookmark.php?shopping/products/16201039806" "Mozilla/5.0 AppleWebKit/537.36 (KHTML, like Gecko; compatible; GPTBot/1.3; +https://openai.com/gptbot)"
185.191.171.12 - - [14/Apr/2026:08:37:12 +0000] "GET /shop/pg/16222072147 HTTP/1.1" 500 164 "-" "Mozilla/5.0 (compatible; SemrushBot/7~bl; +http://www.semrush.com/bot.html)"
185.191.171.10 - - [14/Apr/2026:08:38:14 +0000] "GET /shop/pg/304186 HTTP/1.1" 500 164 "-" "Mozilla/5.0 (compatible; SemrushBot/7~bl; +http://www.semrush.com/bot.html)"
74.7.227.48 - - [14/Apr/2026:08:38:29 +0000] "GET /shop/pg/1608639 HTTP/1.1" 500 1004 "http://www.elementalmill.com/shopping/products/16211608639" "Mozilla/5.0 AppleWebKit/537.36 (KHTML, like Gecko; compatible; GPTBot/1.3; +https://openai.com/gptbot)"
74.7.242.41 - - [14/Apr/2026:08:38:34 +0000] "GET /shop/pg/1588790 HTTP/1.1" 500 1004 "http://mail.elementalmill.com/shop/pg/16211963874" "Mozilla/5.0 AppleWebKit/537.36 (KHTML, like Gecko; compatible; GPTBot/1.3; +https://openai.com/gptbot)"
185.191.171.13 - - [14/Apr/2026:08:39:15 +0000] "GET /shop/pg/1618410220 HTTP/1.1" 500 164 "-" "Mozilla/5.0 (compatible; SemrushBot/7~bl; +http://www.semrush.com/bot.html)"
74.7.242.41 - - [14/Apr/2026:08:39:37 +0000] "GET /shop/pg/1658533 HTTP/1.1" 500 1004 "http://mail.elementalmill.com/shop/customer/bookmark.php?shopping/products/16211658533" "Mozilla/5.0 AppleWebKit/537.36 (KHTML, like Gecko; compatible; GPTBot/1.3; +https://openai.com/gptbot)"
185.191.171.13 - - [14/Apr/2026:08:40:16 +0000] "GET /shopping/products/1619984502 HTTP/1.1" 500 164 "-" "Mozilla/5.0 (compatible; SemrushBot/7~bl; +http://www.semrush.com/bot.html)"
74.7.242.41 - - [14/Apr/2026:08:40:39 +0000] "GET /shop/pg/1470194 HTTP/1.1" 500 1004 "http://mail.elementalmill.com/shop/pg/16211845284" "Mozilla/5.0 AppleWebKit/537.36 (KHTML, like Gecko; compatible; GPTBot/1.3; +https://openai.com/gptbot)"
40.77.167.51 - - [14/Apr/2026:08:40:46 +0000] "GET /shopping/products/161911134351 HTTP/1.1" 200 27172 "-" "Mozilla/5.0 AppleWebKit/537.36 (KHTML, like Gecko; compatible; bingbot/2.0; +http://www.bing.com/bingbot.htm) Chrome/116.0.1938.76 Safari/537.36"
85.208.96.200 - - [14/Apr/2026:08:41:12 +0000] "GET /robots.txt HTTP/1.1" 500 1004 "-" "Mozilla/5.0 (compatible; SemrushBot/7~bl; +http://www.semrush.com/bot.html)"
85.208.96.202 - - [14/Apr/2026:08:41:17 +0000] "GET /shopping/products/1619982563 HTTP/1.1" 500 164 "-" "Mozilla/5.0 (compatible; SemrushBot/7~bl; +http://www.semrush.com/bot.html)"
74.7.242.41 - - [14/Apr/2026:08:41:34 +0000] "GET /shop/pg/16201143832 HTTP/1.1" 500 1004 "http://www.elementalmill.com" "Mozilla/5.0 AppleWebKit/537.36 (KHTML, like Gecko; compatible; GPTBot/1.3; +https://openai.com/gptbot)"
74.7.227.48 - - [14/Apr/2026:08:41:43 +0000] "GET /shop/pg/2441285 HTTP/1.1" 500 1004 "http://www.elementalmill.com/shopping/products/16222441285" "Mozilla/5.0 AppleWebKit/537.36 (KHTML, like Gecko; compatible; GPTBot/1.3; +https://openai.com/gptbot)"
74.7.242.41 - - [14/Apr/2026:08:41:43 +0000] "GET /shop/pg/1032634 HTTP/1.1" 500 1004 "http://mail.elementalmill.com/shopping/products/16201032634" "Mozilla/5.0 AppleWebKit/537.36 (KHTML, like Gecko; compatible; GPTBot/1.3; +https://openai.com/gptbot)"
193.32.126.212 - - [14/Apr/2026:08:41:57 +0000] "GET /xmlrpc.php HTTP/1.1" 500 1004 "-" "Mozilla/5.0 (Macintosh; Intel Mac OS X 14_2_1) AppleWebKit/605.1.15 (KHTML, like Gecko) Version/17.1 Safari/605.1.15"
193.32.126.212 - - [14/Apr/2026:08:41:59 +0000] "GET /xmlrpc.php HTTP/1.1" 500 1004 "-" "Mozilla/5.0 (Windows NT 10.0; Win64; x64; rv:121.0) Gecko/20100101 Firefox/121.0"
193.32.126.212 - - [14/Apr/2026:08:42:01 +0000] "GET /xmlrpc.php HTTP/1.1" 500 1004 "-" "Mozilla/5.0 (Macintosh; Intel Mac OS X 14_2_1) AppleWebKit/605.1.15 (KHTML, like Gecko) Version/17.1 Safari/605.1.15"
185.191.171.7 - - [14/Apr/2026:08:42:18 +0000] "GET /shopping/products/1619910141 HTTP/1.1" 500 164 "-" "Mozilla/5.0 (compatible; SemrushBot/7~bl; +http://www.semrush.com/bot.html)"
74.7.242.41 - - [14/Apr/2026:08:42:33 +0000] "GET /shop/pg/16211609046 HTTP/1.1" 500 1004 "http://www.elementalmill.com" "Mozilla/5.0 AppleWebKit/537.36 (KHTML, like Gecko; compatible; GPTBot/1.3; +https://openai.com/gptbot)"
74.7.242.41 - - [14/Apr/2026:08:42:48 +0000] "GET /shop/pg/1394336 HTTP/1.1" 500 1004 "http://mail.elementalmill.com/shop/pg/16201177871" "Mozilla/5.0 AppleWebKit/537.36 (KHTML, like Gecko; compatible; GPTBot/1.3; +https://openai.com/gptbot)"
85.208.96.204 - - [14/Apr/2026:08:43:19 +0000] "GET /shop/pg/1619517359 HTTP/1.1" 500 164 "-" "Mozilla/5.0 (compatible; SemrushBot/7~bl; +http://www.semrush.com/bot.html)"
74.7.242.41 - - [14/Apr/2026:08:43:49 +0000] "GET /shop/pg/2417945 HTTP/1.1" 500 1004 "http://mail.elementalmill.com/shopping/products/16222417945" "Mozilla/5.0 AppleWebKit/537.36 (KHTML, like Gecko; compatible; GPTBot/1.3; +https://openai.com/gptbot)"
185.191.171.15 - - [14/Apr/2026:08:44:20 +0000] "GET /shop/pg/292827 HTTP/1.1" 500 164 "-" "Mozilla/5.0 (compatible; SemrushBot/7~bl; +http://www.semrush.com/bot.html)"
85.208.96.211 - - [14/Apr/2026:08:45:22 +0000] "GET /shopping/products/1619868631 HTTP/1.1" 500 164 "-" "Mozilla/5.0 (compatible; SemrushBot/7~bl; +http://www.semrush.com/bot.html)"
74.7.242.41 - - [14/Apr/2026:08:45:51 +0000] "GET /shop/pg/1584277 HTTP/1.1" 500 1004 "http://mail.elementalmill.com/shop/pg/16201367814" "Mozilla/5.0 AppleWebKit/537.36 (KHTML, like Gecko; compatible; GPTBot/1.3; +https://openai.com/gptbot)"
74.7.227.48 - - [14/Apr/2026:08:45:55 +0000] "GET /shop/pg/1366422 HTTP/1.1" 500 1004 "http://www.elementalmill.com/shopping/products/16201366422" "Mozilla/5.0 AppleWebKit/537.36 (KHTML, like Gecko; compatible; GPTBot/1.3; +https://openai.com/gptbot)"
185.191.171.1 - - [14/Apr/2026:08:46:22 +0000] "GET /shop/pg/1479665 HTTP/1.1" 500 164 "-" "Mozilla/5.0 (compatible; SemrushBot/7~bl; +http://www.semrush.com/bot.html)"
74.7.227.185 - - [14/Apr/2026:08:46:40 +0000] "GET /shopping/products/16211845346 HTTP/1.1" 500 1004 "http://elementalmill.com.lab2454.com/shopping/products/16201273132" "Mozilla/5.0 AppleWebKit/537.36 (KHTML, like Gecko; compatible; GPTBot/1.3; +https://openai.com/gptbot)"
74.7.242.41 - - [14/Apr/2026:08:46:53 +0000] "GET /shop/pg/1323720 HTTP/1.1" 500 1004 "http://mail.elementalmill.com/shop/pg/16211698796" "Mozilla/5.0 AppleWebKit/537.36 (KHTML, like Gecko; compatible; GPTBot/1.3; +https://openai.com/gptbot)"
85.208.96.208 - - [14/Apr/2026:08:47:23 +0000] "GET /shop/pg/1183771 HTTP/1.1" 500 164 "-" "Mozilla/5.0 (compatible; SemrushBot/7~bl; +http://www.semrush.com/bot.html)"
74.7.242.41 - - [14/Apr/2026:08:48:01 +0000] "GET /shop/pg/1167173 HTTP/1.1" 500 1004 "http://mail.elementalmill.com/shop/pg/16211542272" "Mozilla/5.0 AppleWebKit/537.36 (KHTML, like Gecko; compatible; GPTBot/1.3; +https://openai.com/gptbot)"
85.208.96.196 - - [14/Apr/2026:08:48:24 +0000] "GET /shop/pg/928244 HTTP/1.1" 500 164 "-" "Mozilla/5.0 (compatible; SemrushBot/7~bl; +http://www.semrush.com/bot.html)"
74.7.242.41 - - [14/Apr/2026:08:49:03 +0000] "GET /shop/pg/1419479 HTTP/1.1" 500 1004 "http://mail.elementalmill.com/shopping/products/16201419479" "Mozilla/5.0 AppleWebKit/537.36 (KHTML, like Gecko; compatible; GPTBot/1.3; +https://openai.com/gptbot)"
85.208.96.204 - - [14/Apr/2026:08:49:25 +0000] "GET /shop/pg/16232577021 HTTP/1.1" 500 164 "-" "Mozilla/5.0 (compatible; SemrushBot/7~bl; +http://www.semrush.com/bot.html)"
74.7.242.41 - - [14/Apr/2026:08:50:07 +0000] "GET /shop/pg/1044288 HTTP/1.1" 500 1004 "http://mail.elementalmill.com/shop/pg/16232602489" "Mozilla/5.0 AppleWebKit/537.36 (KHTML, like Gecko; compatible; GPTBot/1.3; +https://openai.com/gptbot)"
185.191.171.14 - - [14/Apr/2026:08:50:26 +0000] "GET /shopping/products/1619950847 HTTP/1.1" 500 164 "-" "Mozilla/5.0 (compatible; SemrushBot/7~bl; +http://www.semrush.com/bot.html)"
74.7.242.41 - - [14/Apr/2026:08:51:12 +0000] "GET /shop/pg/1863518 HTTP/1.1" 500 1004 "http://mail.elementalmill.com/shopping/products/16211863518" "Mozilla/5.0 AppleWebKit/537.36 (KHTML, like Gecko; compatible; GPTBot/1.3; +https://openai.com/gptbot)"
185.191.171.11 - - [14/Apr/2026:08:51:27 +0000] "GET /shop/pg/16222056302 HTTP/1.1" 500 164 "-" "Mozilla/5.0 (compatible; SemrushBot/7~bl; +http://www.semrush.com/bot.html)"
74.7.227.48 - - [14/Apr/2026:08:52:09 +0000] "GET /shop/pg/1413758 HTTP/1.1" 500 1004 "http://www.elementalmill.com/shopping/products/16201413758" "Mozilla/5.0 AppleWebKit/537.36 (KHTML, like Gecko; compatible; GPTBot/1.3; +https://openai.com/gptbot)"
85.208.96.204 - - [14/Apr/2026:08:52:28 +0000] "GET /shop/pg/1618346502 HTTP/1.1" 500 164 "-" "Mozilla/5.0 (compatible; SemrushBot/7~bl; +http://www.semrush.com/bot.html)"
74.7.227.48 - - [14/Apr/2026:08:53:12 +0000] "GET /shop/pg/2437576 HTTP/1.1" 500 1004 "http://www.elementalmill.com/shopping/products/16222437576" "Mozilla/5.0 AppleWebKit/537.36 (KHTML, like Gecko; compatible; GPTBot/1.3; +https://openai.com/gptbot)"
