85.208.96.198 - - [14/Apr/2026:02:39:00 +0000] "GET /shop/pg/16222066144 HTTP/1.1" 500 164 "-" "Mozilla/5.0 (compatible; SemrushBot/7~bl; +http://www.semrush.com/bot.html)"
74.7.227.185 - - [14/Apr/2026:02:39:16 +0000] "GET /shopping/products/16211817041 HTTP/1.1" 500 1004 "http://elementalmill.com.lab2454.com/shopping/products/16206722079" "Mozilla/5.0 AppleWebKit/537.36 (KHTML, like Gecko; compatible; GPTBot/1.3; +https://openai.com/gptbot)"
144.31.151.48 - - [14/Apr/2026:02:39:24 +0000] "HEAD / HTTP/1.1" 500 - "https://www.google.com/" "Mozilla/5.0 (Macintosh; Intel Mac OS X 10_15_7) AppleWebKit/605.1.15 (KHTML, like Gecko) Version/16.5 Safari/605.1.15"
74.7.227.48 - - [14/Apr/2026:02:39:29 +0000] "GET /shop/pg/1034613 HTTP/1.1" 500 1004 "http://www.elementalmill.com/shopping/products/16201034613" "Mozilla/5.0 AppleWebKit/537.36 (KHTML, like Gecko; compatible; GPTBot/1.3; +https://openai.com/gptbot)"
74.7.242.41 - - [14/Apr/2026:02:39:35 +0000] "GET /shop/pg/1783870 HTTP/1.1" 500 1004 "http://mail.elementalmill.com/shop/customer/bookmark.php?shopping/products/16211783870" "Mozilla/5.0 AppleWebKit/537.36 (KHTML, like Gecko; compatible; GPTBot/1.3; +https://openai.com/gptbot)"
185.191.171.11 - - [14/Apr/2026:02:40:02 +0000] "GET /shopping/products/1619959808 HTTP/1.1" 500 164 "-" "Mozilla/5.0 (compatible; SemrushBot/7~bl; +http://www.semrush.com/bot.html)"
66.249.64.33 - - [14/Apr/2026:02:40:38 +0000] "GET /iqr/refitInputView/ HTTP/1.1" 200 27734 "-" "Mozilla/5.0 (Linux; Android 6.0.1; Nexus 5X Build/MMB29P) AppleWebKit/537.36 (KHTML, like Gecko) Chrome/146.0.7680.177 Mobile Safari/537.36 (compatible; GoogleOther)"
74.7.242.41 - - [14/Apr/2026:02:40:42 +0000] "GET /shop/pg/1738774 HTTP/1.1" 500 1004 "http://mail.elementalmill.com/shop/customer/bookmark.php?shopping/products/16211738774" "Mozilla/5.0 AppleWebKit/537.36 (KHTML, like Gecko; compatible; GPTBot/1.3; +https://openai.com/gptbot)"
66.249.64.33 - - [14/Apr/2026:02:40:47 +0000] "GET /?clubtop_bn3 HTTP/1.1" 200 27469 "-" "Mozilla/5.0 (Linux; Android 6.0.1; Nexus 5X Build/MMB29P) AppleWebKit/537.36 (KHTML, like Gecko) Chrome/146.0.7680.177 Mobile Safari/537.36 (compatible; GoogleOther)"
185.191.171.8 - - [14/Apr/2026:02:41:04 +0000] "GET /shop/pg/16211674399 HTTP/1.1" 500 164 "-" "Mozilla/5.0 (compatible; SemrushBot/7~bl; +http://www.semrush.com/bot.html)"
74.7.242.41 - - [14/Apr/2026:02:41:42 +0000] "GET /shop/pg/1776842 HTTP/1.1" 500 1004 "http://mail.elementalmill.com/shop/customer/bookmark.php?shopping/products/16211776842" "Mozilla/5.0 AppleWebKit/537.36 (KHTML, like Gecko; compatible; GPTBot/1.3; +https://openai.com/gptbot)"
185.191.171.15 - - [14/Apr/2026:02:42:04 +0000] "GET /shop/pg/16211709204 HTTP/1.1" 500 164 "-" "Mozilla/5.0 (compatible; SemrushBot/7~bl; +http://www.semrush.com/bot.html)"
74.7.242.41 - - [14/Apr/2026:02:42:57 +0000] "GET /shop/pg/1889367 HTTP/1.1" 500 1004 "http://mail.elementalmill.com/shop/customer/bookmark.php?shopping/products/16211889367" "Mozilla/5.0 AppleWebKit/537.36 (KHTML, like Gecko; compatible; GPTBot/1.3; +https://openai.com/gptbot)"
85.208.96.203 - - [14/Apr/2026:02:43:05 +0000] "GET /shop/pg/445988 HTTP/1.1" 500 164 "-" "Mozilla/5.0 (compatible; SemrushBot/7~bl; +http://www.semrush.com/bot.html)"
74.7.227.48 - - [14/Apr/2026:02:43:39 +0000] "GET /shop/pg/1184309 HTTP/1.1" 500 1004 "http://www.elementalmill.com/shopping/products/16201184309" "Mozilla/5.0 AppleWebKit/537.36 (KHTML, like Gecko; compatible; GPTBot/1.3; +https://openai.com/gptbot)"
85.208.96.212 - - [14/Apr/2026:02:44:06 +0000] "GET /shopping/products/1619904256 HTTP/1.1" 500 164 "-" "Mozilla/5.0 (compatible; SemrushBot/7~bl; +http://www.semrush.com/bot.html)"
85.208.96.195 - - [14/Apr/2026:02:44:33 +0000] "GET /robots.txt HTTP/1.1" 500 1004 "-" "Mozilla/5.0 (compatible; SemrushBot/7~bl; +http://www.semrush.com/bot.html)"
74.7.242.41 - - [14/Apr/2026:02:44:56 +0000] "GET /shop/pg/1340430 HTTP/1.1" 500 1004 "http://mail.elementalmill.com/shop/pg/16211715530" "Mozilla/5.0 AppleWebKit/537.36 (KHTML, like Gecko; compatible; GPTBot/1.3; +https://openai.com/gptbot)"
157.55.39.225 - - [14/Apr/2026:02:45:01 +0000] "GET /robots.txt HTTP/1.1" 200 353 "-" "Mozilla/5.0 AppleWebKit/537.36 (KHTML, like Gecko; compatible; bingbot/2.0; +http://www.bing.com/bingbot.htm) Chrome/116.0.1938.76 Safari/537.36"
85.208.96.212 - - [14/Apr/2026:02:45:08 +0000] "GET /shopping/products/1619967554 HTTP/1.1" 500 164 "-" "Mozilla/5.0 (compatible; SemrushBot/7~bl; +http://www.semrush.com/bot.html)"
74.7.242.41 - - [14/Apr/2026:02:46:01 +0000] "GET /shop/pg/1426359 HTTP/1.1" 500 1004 "http://mail.elementalmill.com/shopping/products/16201426359" "Mozilla/5.0 AppleWebKit/537.36 (KHTML, like Gecko; compatible; GPTBot/1.3; +https://openai.com/gptbot)"
85.208.96.203 - - [14/Apr/2026:02:46:09 +0000] "GET /shopping/products/1619929479 HTTP/1.1" 500 164 "-" "Mozilla/5.0 (compatible; SemrushBot/7~bl; +http://www.semrush.com/bot.html)"
74.7.227.48 - - [14/Apr/2026:02:46:54 +0000] "GET /shop/pg/1150309 HTTP/1.1" 500 1004 "http://www.elementalmill.com/shopping/products/16201150309" "Mozilla/5.0 AppleWebKit/537.36 (KHTML, like Gecko; compatible; GPTBot/1.3; +https://openai.com/gptbot)"
85.208.96.201 - - [14/Apr/2026:02:47:10 +0000] "GET /shop/pg/16232597103 HTTP/1.1" 500 164 "-" "Mozilla/5.0 (compatible; SemrushBot/7~bl; +http://www.semrush.com/bot.html)"
74.7.242.41 - - [14/Apr/2026:02:48:05 +0000] "GET /shop/pg/1980570 HTTP/1.1" 500 1004 "http://mail.elementalmill.com/shop/customer/bookmark.php?shopping/products/16211980570" "Mozilla/5.0 AppleWebKit/537.36 (KHTML, like Gecko; compatible; GPTBot/1.3; +https://openai.com/gptbot)"
185.191.171.18 - - [14/Apr/2026:02:48:11 +0000] "GET /shop/pg/16201270021 HTTP/1.1" 500 164 "-" "Mozilla/5.0 (compatible; SemrushBot/7~bl; +http://www.semrush.com/bot.html)"
185.191.171.3 - - [14/Apr/2026:02:49:12 +0000] "GET /shopping/products/1619892901 HTTP/1.1" 500 164 "-" "Mozilla/5.0 (compatible; SemrushBot/7~bl; +http://www.semrush.com/bot.html)"
66.249.64.33 - - [14/Apr/2026:02:49:27 +0000] "GET /f/daisya/daisya00/ HTTP/1.1" 200 28619 "-" "Mozilla/5.0 (Linux; Android 6.0.1; Nexus 5X Build/MMB29P) AppleWebKit/537.36 (KHTML, like Gecko) Chrome/146.0.7680.177 Mobile Safari/537.36 (compatible; GoogleOther)"
74.7.227.48 - - [14/Apr/2026:02:50:04 +0000] "GET /shop/pg/2570314 HTTP/1.1" 500 1004 "http://www.elementalmill.com/shopping/products/16232570314" "Mozilla/5.0 AppleWebKit/537.36 (KHTML, like Gecko; compatible; GPTBot/1.3; +https://openai.com/gptbot)"
185.191.171.6 - - [14/Apr/2026:02:50:13 +0000] "GET /shopping/products/1619945759 HTTP/1.1" 500 164 "-" "Mozilla/5.0 (compatible; SemrushBot/7~bl; +http://www.semrush.com/bot.html)"
74.7.242.41 - - [14/Apr/2026:02:51:11 +0000] "GET /shop/pg/2529375 HTTP/1.1" 500 1004 "http://mail.elementalmill.com/shop/customer/bookmark.php?shopping/products/16232529375" "Mozilla/5.0 AppleWebKit/537.36 (KHTML, like Gecko; compatible; GPTBot/1.3; +https://openai.com/gptbot)"
85.208.96.194 - - [14/Apr/2026:02:51:14 +0000] "GET /shopping/products/1619950449 HTTP/1.1" 500 164 "-" "Mozilla/5.0 (compatible; SemrushBot/7~bl; +http://www.semrush.com/bot.html)"
66.249.64.35 - - [14/Apr/2026:02:51:21 +0000] "GET /e/22/ HTTP/1.1" 200 27480 "-" "Mozilla/5.0 (Linux; Android 6.0.1; Nexus 5X Build/MMB29P) AppleWebKit/537.36 (KHTML, like Gecko) Chrome/146.0.7680.177 Mobile Safari/537.36 (compatible; GoogleOther)"
185.191.171.13 - - [14/Apr/2026:02:52:14 +0000] "GET /shopping/products/1619925230 HTTP/1.1" 500 164 "-" "Mozilla/5.0 (compatible; SemrushBot/7~bl; +http://www.semrush.com/bot.html)"
74.7.242.41 - - [14/Apr/2026:02:52:25 +0000] "GET /shop/pg/16211862514 HTTP/1.1" 500 1004 "http://www.elementalmill.com" "Mozilla/5.0 AppleWebKit/537.36 (KHTML, like Gecko; compatible; GPTBot/1.3; +https://openai.com/gptbot)"
74.7.227.185 - - [14/Apr/2026:02:52:50 +0000] "GET /shopping/products/16201243475 HTTP/1.1" 500 1004 "http://elementalmill.com.lab2454.com/shopping/products/16211925645" "Mozilla/5.0 AppleWebKit/537.36 (KHTML, like Gecko; compatible; GPTBot/1.3; +https://openai.com/gptbot)"
185.191.171.19 - - [14/Apr/2026:02:53:15 +0000] "GET /shopping/products/1619942256 HTTP/1.1" 500 164 "-" "Mozilla/5.0 (compatible; SemrushBot/7~bl; +http://www.semrush.com/bot.html)"
74.7.242.41 - - [14/Apr/2026:02:53:17 +0000] "GET /shop/pg/1495256 HTTP/1.1" 500 1004 "http://mail.elementalmill.com/shop/pg/16201278785" "Mozilla/5.0 AppleWebKit/537.36 (KHTML, like Gecko; compatible; GPTBot/1.3; +https://openai.com/gptbot)"
74.7.242.41 - - [14/Apr/2026:02:53:33 +0000] "GET /shop/pg/16211867469 HTTP/1.1" 500 1004 "http://www.elementalmill.com" "Mozilla/5.0 AppleWebKit/537.36 (KHTML, like Gecko; compatible; GPTBot/1.3; +https://openai.com/gptbot)"
74.7.243.205 - - [14/Apr/2026:02:54:11 +0000] "GET /shop/pg/2537463 HTTP/1.1" 500 1004 "http://www.elementalmill.com.lab2454.com/shopping/products/16232537463" "Mozilla/5.0 AppleWebKit/537.36 (KHTML, like Gecko; compatible; GPTBot/1.3; +https://openai.com/gptbot)"
85.208.96.206 - - [14/Apr/2026:02:54:16 +0000] "GET /shopping/products/1619969877 HTTP/1.1" 500 164 "-" "Mozilla/5.0 (compatible; SemrushBot/7~bl; +http://www.semrush.com/bot.html)"
74.7.242.41 - - [14/Apr/2026:02:54:21 +0000] "GET /shop/pg/1324546 HTTP/1.1" 500 1004 "http://mail.elementalmill.com/shop/pg/16211699632" "Mozilla/5.0 AppleWebKit/537.36 (KHTML, like Gecko; compatible; GPTBot/1.3; +https://openai.com/gptbot)"
74.7.242.41 - - [14/Apr/2026:02:54:28 +0000] "GET /shop/pg/16211969056 HTTP/1.1" 500 1004 "http://www.elementalmill.com" "Mozilla/5.0 AppleWebKit/537.36 (KHTML, like Gecko; compatible; GPTBot/1.3; +https://openai.com/gptbot)"
185.191.171.5 - - [14/Apr/2026:02:55:18 +0000] "GET /shopping/products/1619928844 HTTP/1.1" 500 164 "-" "Mozilla/5.0 (compatible; SemrushBot/7~bl; +http://www.semrush.com/bot.html)"
74.7.242.41 - - [14/Apr/2026:02:55:22 +0000] "GET /shop/pg/2543062 HTTP/1.1" 500 1004 "http://mail.elementalmill.com/shop/customer/bookmark.php?shopping/products/16232543062" "Mozilla/5.0 AppleWebKit/537.36 (KHTML, like Gecko; compatible; GPTBot/1.3; +https://openai.com/gptbot)"
85.208.96.202 - - [14/Apr/2026:02:56:18 +0000] "GET /shop/pg/931780 HTTP/1.1" 500 164 "-" "Mozilla/5.0 (compatible; SemrushBot/7~bl; +http://www.semrush.com/bot.html)"
74.7.242.41 - - [14/Apr/2026:02:56:27 +0000] "GET /shop/pg/1744662 HTTP/1.1" 500 1004 "http://mail.elementalmill.com/shopping/products/16211744662" "Mozilla/5.0 AppleWebKit/537.36 (KHTML, like Gecko; compatible; GPTBot/1.3; +https://openai.com/gptbot)"
74.7.227.48 - - [14/Apr/2026:02:56:29 +0000] "GET /shop/pg/1821095 HTTP/1.1" 500 1004 "http://www.elementalmill.com/shopping/products/16211821095" "Mozilla/5.0 AppleWebKit/537.36 (KHTML, like Gecko; compatible; GPTBot/1.3; +https://openai.com/gptbot)"
185.191.171.4 - - [14/Apr/2026:02:57:19 +0000] "GET /shopping/products/1619941527 HTTP/1.1" 500 164 "-" "Mozilla/5.0 (compatible; SemrushBot/7~bl; +http://www.semrush.com/bot.html)"
74.7.242.41 - - [14/Apr/2026:02:57:27 +0000] "GET /shop/pg/2332504 HTTP/1.1" 500 1004 "http://mail.elementalmill.com/shopping/products/16222332504" "Mozilla/5.0 AppleWebKit/537.36 (KHTML, like Gecko; compatible; GPTBot/1.3; +https://openai.com/gptbot)"
74.7.227.48 - - [14/Apr/2026:02:57:34 +0000] "GET /shop/pg/1014163 HTTP/1.1" 500 1004 "http://www.elementalmill.com/shopping/products/16201014163" "Mozilla/5.0 AppleWebKit/537.36 (KHTML, like Gecko; compatible; GPTBot/1.3; +https://openai.com/gptbot)"
66.249.64.34 - - [14/Apr/2026:02:58:17 +0000] "GET /kaisya/ir/index.html HTTP/1.1" 200 27381 "-" "Mozilla/5.0 (Linux; Android 6.0.1; Nexus 5X Build/MMB29P) AppleWebKit/537.36 (KHTML, like Gecko) Chrome/146.0.7680.177 Mobile Safari/537.36 (compatible; GoogleOther)"
85.208.96.205 - - [14/Apr/2026:02:58:20 +0000] "GET /shopping/products/1619900500 HTTP/1.1" 500 164 "-" "Mozilla/5.0 (compatible; SemrushBot/7~bl; +http://www.semrush.com/bot.html)"
74.7.242.41 - - [14/Apr/2026:02:58:30 +0000] "GET /shop/pg/1202412 HTTP/1.1" 500 1004 "http://mail.elementalmill.com/shopping/products/16201202412" "Mozilla/5.0 AppleWebKit/537.36 (KHTML, like Gecko; compatible; GPTBot/1.3; +https://openai.com/gptbot)"
74.7.227.48 - - [14/Apr/2026:02:58:36 +0000] "GET /shop/pg/1455057 HTTP/1.1" 500 1004 "http://www.elementalmill.com/shopping/products/16201455057" "Mozilla/5.0 AppleWebKit/537.36 (KHTML, like Gecko; compatible; GPTBot/1.3; +https://openai.com/gptbot)"
66.249.64.34 - - [14/Apr/2026:02:58:51 +0000] "GET /e/26/ HTTP/1.1" 200 28211 "-" "Mozilla/5.0 (Linux; Android 6.0.1; Nexus 5X Build/MMB29P) AppleWebKit/537.36 (KHTML, like Gecko) Chrome/146.0.7680.177 Mobile Safari/537.36 (compatible; GoogleOther)"
74.7.227.185 - - [14/Apr/2026:02:59:13 +0000] "GET /shopping/products/16185574701 HTTP/1.1" 500 1004 "http://elementalmill.com.lab2454.com/sitemap151.xml" "Mozilla/5.0 AppleWebKit/537.36 (KHTML, like Gecko; compatible; GPTBot/1.3; +https://openai.com/gptbot)"
185.191.171.15 - - [14/Apr/2026:02:59:22 +0000] "GET /shopping/products/1619965136 HTTP/1.1" 500 164 "-" "Mozilla/5.0 (compatible; SemrushBot/7~bl; +http://www.semrush.com/bot.html)"
74.7.227.48 - - [14/Apr/2026:02:59:40 +0000] "GET /shop/pg/1456945 HTTP/1.1" 500 1004 "http://www.elementalmill.com/shop/customer/bookmark.php?shopping/products/16201456945" "Mozilla/5.0 AppleWebKit/537.36 (KHTML, like Gecko; compatible; GPTBot/1.3; +https://openai.com/gptbot)"
66.249.64.34 - - [14/Apr/2026:03:00:18 +0000] "GET /f/whiteboard/whiteboard00/ HTTP/1.1" 200 27445 "-" "Mozilla/5.0 (Linux; Android 6.0.1; Nexus 5X Build/MMB29P) AppleWebKit/537.36 (KHTML, like Gecko) Chrome/146.0.7680.177 Mobile Safari/537.36 (compatible; GoogleOther)"
74.7.243.205 - - [14/Apr/2026:03:00:21 +0000] "GET /shop/pg/2367920 HTTP/1.1" 500 1004 "http://www.elementalmill.com.lab2454.com/shop/customer/bookmark.php?shopping/products/16222367920" "Mozilla/5.0 AppleWebKit/537.36 (KHTML, like Gecko; compatible; GPTBot/1.3; +https://openai.com/gptbot)"
85.208.96.198 - - [14/Apr/2026:03:00:23 +0000] "GET /shopping/products/1619869431 HTTP/1.1" 500 164 "-" "Mozilla/5.0 (compatible; SemrushBot/7~bl; +http://www.semrush.com/bot.html)"
74.7.227.48 - - [14/Apr/2026:03:00:45 +0000] "GET /shop/pg/1560041 HTTP/1.1" 500 1004 "http://www.elementalmill.com/shopping/products/16211560041" "Mozilla/5.0 AppleWebKit/537.36 (KHTML, like Gecko; compatible; GPTBot/1.3; +https://openai.com/gptbot)"
74.7.243.205 - - [14/Apr/2026:03:01:23 +0000] "GET /shop/pg/1448950 HTTP/1.1" 500 1004 "http://www.elementalmill.com.lab2454.com/shopping/products/16201448950" "Mozilla/5.0 AppleWebKit/537.36 (KHTML, like Gecko; compatible; GPTBot/1.3; +https://openai.com/gptbot)"
85.208.96.201 - - [14/Apr/2026:03:01:24 +0000] "GET /shop/pg/1618294600 HTTP/1.1" 500 164 "-" "Mozilla/5.0 (compatible; SemrushBot/7~bl; +http://www.semrush.com/bot.html)"
74.7.242.41 - - [14/Apr/2026:03:01:39 +0000] "GET /shop/pg/1663974 HTTP/1.1" 500 1004 "http://mail.elementalmill.com/shop/customer/bookmark.php?shopping/products/16211663974" "Mozilla/5.0 AppleWebKit/537.36 (KHTML, like Gecko; compatible; GPTBot/1.3; +https://openai.com/gptbot)"
66.249.64.35 - - [14/Apr/2026:03:02:20 +0000] "GET /maker/4001/ HTTP/1.1" 200 28713 "-" "Mozilla/5.0 (Linux; Android 6.0.1; Nexus 5X Build/MMB29P) AppleWebKit/537.36 (KHTML, like Gecko) Chrome/146.0.7680.177 Mobile Safari/537.36 (compatible; GoogleOther)"
85.208.96.204 - - [14/Apr/2026:03:02:25 +0000] "GET /shopping/products/1619999846 HTTP/1.1" 500 164 "-" "Mozilla/5.0 (compatible; SemrushBot/7~bl; +http://www.semrush.com/bot.html)"
74.7.242.41 - - [14/Apr/2026:03:02:41 +0000] "GET /shop/pg/1516065 HTTP/1.1" 500 1004 "http://mail.elementalmill.com/shop/pg/16201299589" "Mozilla/5.0 AppleWebKit/537.36 (KHTML, like Gecko; compatible; GPTBot/1.3; +https://openai.com/gptbot)"
185.191.171.4 - - [14/Apr/2026:03:03:26 +0000] "GET /shopping/products/1619966882 HTTP/1.1" 500 164 "-" "Mozilla/5.0 (compatible; SemrushBot/7~bl; +http://www.semrush.com/bot.html)"
85.208.96.207 - - [14/Apr/2026:03:04:28 +0000] "GET /shop/pg/161816974 HTTP/1.1" 500 164 "-" "Mozilla/5.0 (compatible; SemrushBot/7~bl; +http://www.semrush.com/bot.html)"
82.102.18.118 - - [14/Apr/2026:03:05:24 +0000] "GET / HTTP/1.1" 500 2431 "-" "Mozilla/5.0 (Windows NT 10.0; Win64; x64) AppleWebKit/537.36 (KHTML, like Gecko) Chrome/78.0.3904.108 Safari/537.36"
82.102.18.118 - - [14/Apr/2026:03:05:25 +0000] "GET / HTTP/1.1" 500 2431 "-" "Mozilla/5.0 (Windows NT 10.0; Win64; x64) AppleWebKit/537.36 (KHTML, like Gecko) Chrome/78.0.3904.108 Safari/537.36"
185.191.171.11 - - [14/Apr/2026:03:05:30 +0000] "GET /shop/pg/194072 HTTP/1.1" 500 164 "-" "Mozilla/5.0 (compatible; SemrushBot/7~bl; +http://www.semrush.com/bot.html)"
82.102.18.118 - - [14/Apr/2026:03:05:26 +0000] "GET /wp-includes/wlwmanifest.xml HTTP/1.1" 200 190785 "-" "Mozilla/5.0 (Windows NT 10.0; Win64; x64) AppleWebKit/537.36 (KHTML, like Gecko) Chrome/78.0.3904.108 Safari/537.36"
82.102.18.118 - - [14/Apr/2026:03:05:31 +0000] "GET /xmlrpc.php?rsd HTTP/1.1" 500 2431 "-" "Mozilla/5.0 (Windows NT 10.0; Win64; x64) AppleWebKit/537.36 (KHTML, like Gecko) Chrome/78.0.3904.108 Safari/537.36"
82.102.18.118 - - [14/Apr/2026:03:05:32 +0000] "GET / HTTP/1.1" 500 2431 "-" "Mozilla/5.0 (Windows NT 10.0; Win64; x64) AppleWebKit/537.36 (KHTML, like Gecko) Chrome/78.0.3904.108 Safari/537.36"
82.102.18.118 - - [14/Apr/2026:03:05:32 +0000] "GET /blog/wp-includes/wlwmanifest.xml HTTP/1.1" 200 191746 "-" "Mozilla/5.0 (Windows NT 10.0; Win64; x64) AppleWebKit/537.36 (KHTML, like Gecko) Chrome/78.0.3904.108 Safari/537.36"
66.249.64.33 - - [14/Apr/2026:03:05:40 +0000] "GET /odr/order/quickOrderView/ HTTP/1.1" 200 27944 "-" "Mozilla/5.0 (Linux; Android 6.0.1; Nexus 5X Build/MMB29P) AppleWebKit/537.36 (KHTML, like Gecko) Chrome/146.0.7680.177 Mobile Safari/537.36 (compatible; GoogleOther)"
82.102.18.118 - - [14/Apr/2026:03:05:37 +0000] "GET /web/wp-includes/wlwmanifest.xml HTTP/1.1" 200 190908 "-" "Mozilla/5.0 (Windows NT 10.0; Win64; x64) AppleWebKit/537.36 (KHTML, like Gecko) Chrome/78.0.3904.108 Safari/537.36"
82.102.18.118 - - [14/Apr/2026:03:05:43 +0000] "GET /wordpress/wp-includes/wlwmanifest.xml HTTP/1.1" 200 192010 "-" "Mozilla/5.0 (Windows NT 10.0; Win64; x64) AppleWebKit/537.36 (KHTML, like Gecko) Chrome/78.0.3904.108 Safari/537.36"
74.7.242.41 - - [14/Apr/2026:03:05:47 +0000] "GET /shop/pg/1093808 HTTP/1.1" 500 1004 "http://mail.elementalmill.com/shop/pg/16232652017" "Mozilla/5.0 AppleWebKit/537.36 (KHTML, like Gecko; compatible; GPTBot/1.3; +https://openai.com/gptbot)"
82.102.18.118 - - [14/Apr/2026:03:05:47 +0000] "GET /website/wp-includes/wlwmanifest.xml HTTP/1.1" 200 192010 "-" "Mozilla/5.0 (Windows NT 10.0; Win64; x64) AppleWebKit/537.36 (KHTML, like Gecko) Chrome/78.0.3904.108 Safari/537.36"
82.102.18.118 - - [14/Apr/2026:03:05:52 +0000] "GET /wp/wp-includes/wlwmanifest.xml HTTP/1.1" 200 192010 "-" "Mozilla/5.0 (Windows NT 10.0; Win64; x64) AppleWebKit/537.36 (KHTML, like Gecko) Chrome/78.0.3904.108 Safari/537.36"
185.191.171.5 - - [14/Apr/2026:03:05:57 +0000] "GET /robots.txt HTTP/1.1" 500 1004 "-" "Mozilla/5.0 (compatible; SemrushBot/7~bl; +http://www.semrush.com/bot.html)"
82.102.18.118 - - [14/Apr/2026:03:05:57 +0000] "GET /news/wp-includes/wlwmanifest.xml HTTP/1.1" 200 191039 "-" "Mozilla/5.0 (Windows NT 10.0; Win64; x64) AppleWebKit/537.36 (KHTML, like Gecko) Chrome/78.0.3904.108 Safari/537.36"
82.102.18.118 - - [14/Apr/2026:03:06:04 +0000] "GET /2018/wp-includes/wlwmanifest.xml HTTP/1.1" 200 192010 "-" "Mozilla/5.0 (Windows NT 10.0; Win64; x64) AppleWebKit/537.36 (KHTML, like Gecko) Chrome/78.0.3904.108 Safari/537.36"
82.102.18.118 - - [14/Apr/2026:03:06:08 +0000] "GET /2019/wp-includes/wlwmanifest.xml HTTP/1.1" 200 192010 "-" "Mozilla/5.0 (Windows NT 10.0; Win64; x64) AppleWebKit/537.36 (KHTML, like Gecko) Chrome/78.0.3904.108 Safari/537.36"
82.102.18.118 - - [14/Apr/2026:03:06:13 +0000] "GET /shop/wp-includes/wlwmanifest.xml HTTP/1.1" 200 190986 "-" "Mozilla/5.0 (Windows NT 10.0; Win64; x64) AppleWebKit/537.36 (KHTML, like Gecko) Chrome/78.0.3904.108 Safari/537.36"
66.249.64.35 - - [14/Apr/2026:03:06:21 +0000] "GET /f/detergent/detergent00/ HTTP/1.1" 200 27962 "-" "Mozilla/5.0 (Linux; Android 6.0.1; Nexus 5X Build/MMB29P) AppleWebKit/537.36 (KHTML, like Gecko) Chrome/146.0.7680.177 Mobile Safari/537.36 (compatible; GoogleOther)"
82.102.18.118 - - [14/Apr/2026:03:06:18 +0000] "GET /wp1/wp-includes/wlwmanifest.xml HTTP/1.1" 200 192010 "-" "Mozilla/5.0 (Windows NT 10.0; Win64; x64) AppleWebKit/537.36 (KHTML, like Gecko) Chrome/78.0.3904.108 Safari/537.36"
82.102.18.118 - - [14/Apr/2026:03:06:25 +0000] "GET /test/wp-includes/wlwmanifest.xml HTTP/1.1" 200 190908 "-" "Mozilla/5.0 (Windows NT 10.0; Win64; x64) AppleWebKit/537.36 (KHTML, like Gecko) Chrome/78.0.3904.108 Safari/537.36"
185.191.171.13 - - [14/Apr/2026:03:06:31 +0000] "GET /shopping/products/1619923252 HTTP/1.1" 500 164 "-" "Mozilla/5.0 (compatible; SemrushBot/7~bl; +http://www.semrush.com/bot.html)"
82.102.18.118 - - [14/Apr/2026:03:06:30 +0000] "GET /media/wp-includes/wlwmanifest.xml HTTP/1.1" 200 190928 "-" "Mozilla/5.0 (Windows NT 10.0; Win64; x64) AppleWebKit/537.36 (KHTML, like Gecko) Chrome/78.0.3904.108 Safari/537.36"
82.102.18.118 - - [14/Apr/2026:03:06:34 +0000] "GET /wp2/wp-includes/wlwmanifest.xml HTTP/1.1" 200 192010 "-" "Mozilla/5.0 (Windows NT 10.0; Win64; x64) AppleWebKit/537.36 (KHTML, like Gecko) Chrome/78.0.3904.108 Safari/537.36"
82.102.18.118 - - [14/Apr/2026:03:06:39 +0000] "GET /site/wp-includes/wlwmanifest.xml HTTP/1.1" 200 192010 "-" "Mozilla/5.0 (Windows NT 10.0; Win64; x64) AppleWebKit/537.36 (KHTML, like Gecko) Chrome/78.0.3904.108 Safari/537.36"
74.7.242.41 - - [14/Apr/2026:03:06:50 +0000] "GET /shop/pg/2180641 HTTP/1.1" 500 1004 "http://mail.elementalmill.com/shop/customer/bookmark.php?shopping/products/16222180641" "Mozilla/5.0 AppleWebKit/537.36 (KHTML, like Gecko; compatible; GPTBot/1.3; +https://openai.com/gptbot)"
82.102.18.118 - - [14/Apr/2026:03:06:44 +0000] "GET /cms/wp-includes/wlwmanifest.xml HTTP/1.1" 200 191029 "-" "Mozilla/5.0 (Windows NT 10.0; Win64; x64) AppleWebKit/537.36 (KHTML, like Gecko) Chrome/78.0.3904.108 Safari/537.36"
82.102.18.118 - - [14/Apr/2026:03:06:51 +0000] "GET /sito/wp-includes/wlwmanifest.xml HTTP/1.1" 200 190908 "-" "Mozilla/5.0 (Windows NT 10.0; Win64; x64) AppleWebKit/537.36 (KHTML, like Gecko) Chrome/78.0.3904.108 Safari/537.36"
185.191.171.16 - - [14/Apr/2026:03:07:32 +0000] "GET /shopping/products/1619931594 HTTP/1.1" 500 164 "-" "Mozilla/5.0 (compatible; SemrushBot/7~bl; +http://www.semrush.com/bot.html)"
74.7.242.41 - - [14/Apr/2026:03:07:49 +0000] "GET /shop/pg/2060400 HTTP/1.1" 500 1004 "http://mail.elementalmill.com/shopping/products/16222060400" "Mozilla/5.0 AppleWebKit/537.36 (KHTML, like Gecko; compatible; GPTBot/1.3; +https://openai.com/gptbot)"
74.7.227.48 - - [14/Apr/2026:03:08:00 +0000] "GET /shop/pg/2397659 HTTP/1.1" 500 1004 "http://www.elementalmill.com/shop/customer/bookmark.php?shopping/products/16222397659" "Mozilla/5.0 AppleWebKit/537.36 (KHTML, like Gecko; compatible; GPTBot/1.3; +https://openai.com/gptbot)"
185.191.171.13 - - [14/Apr/2026:03:08:33 +0000] "GET /shop/pg/16222052549 HTTP/1.1" 500 164 "-" "Mozilla/5.0 (compatible; SemrushBot/7~bl; +http://www.semrush.com/bot.html)"
74.7.242.41 - - [14/Apr/2026:03:08:49 +0000] "GET /shop/pg/1232092 HTTP/1.1" 500 1004 "http://mail.elementalmill.com/shop/customer/bookmark.php?shopping/products/16201232092" "Mozilla/5.0 AppleWebKit/537.36 (KHTML, like Gecko; compatible; GPTBot/1.3; +https://openai.com/gptbot)"
74.7.242.41 - - [14/Apr/2026:03:09:18 +0000] "GET /shop/pg/16201070787 HTTP/1.1" 500 1004 "http://www.elementalmill.com" "Mozilla/5.0 AppleWebKit/537.36 (KHTML, like Gecko; compatible; GPTBot/1.3; +https://openai.com/gptbot)"
185.191.171.4 - - [14/Apr/2026:03:09:34 +0000] "GET /shopping/products/1619984173 HTTP/1.1" 500 164 "-" "Mozilla/5.0 (compatible; SemrushBot/7~bl; +http://www.semrush.com/bot.html)"
66.249.64.33 - - [14/Apr/2026:03:09:43 +0000] "GET /f/special/stampink/ HTTP/1.1" 200 28641 "-" "Mozilla/5.0 (Linux; Android 6.0.1; Nexus 5X Build/MMB29P) AppleWebKit/537.36 (KHTML, like Gecko) Chrome/146.0.7680.177 Mobile Safari/537.36 (compatible; GoogleOther)"
74.7.227.48 - - [14/Apr/2026:03:10:01 +0000] "GET /shop/pg/2088582 HTTP/1.1" 500 1004 "http://www.elementalmill.com/shopping/products/16222088582" "Mozilla/5.0 AppleWebKit/537.36 (KHTML, like Gecko; compatible; GPTBot/1.3; +https://openai.com/gptbot)"
185.191.171.16 - - [14/Apr/2026:03:10:35 +0000] "GET /shopping/products/1619997531 HTTP/1.1" 500 164 "-" "Mozilla/5.0 (compatible; SemrushBot/7~bl; +http://www.semrush.com/bot.html)"
85.208.96.199 - - [14/Apr/2026:03:11:36 +0000] "GET /shopping/products/1619970801 HTTP/1.1" 500 164 "-" "Mozilla/5.0 (compatible; SemrushBot/7~bl; +http://www.semrush.com/bot.html)"
74.7.242.41 - - [14/Apr/2026:03:11:56 +0000] "GET /shop/pg/1647365 HTTP/1.1" 500 1004 "http://mail.elementalmill.com/shopping/products/16211647365" "Mozilla/5.0 AppleWebKit/537.36 (KHTML, like Gecko; compatible; GPTBot/1.3; +https://openai.com/gptbot)"
74.7.242.41 - - [14/Apr/2026:03:12:21 +0000] "GET /shop/pg/16211709692 HTTP/1.1" 500 1004 "http://www.elementalmill.com" "Mozilla/5.0 AppleWebKit/537.36 (KHTML, like Gecko; compatible; GPTBot/1.3; +https://openai.com/gptbot)"
85.208.96.200 - - [14/Apr/2026:03:12:37 +0000] "GET /shopping/products/1619978607 HTTP/1.1" 500 164 "-" "Mozilla/5.0 (compatible; SemrushBot/7~bl; +http://www.semrush.com/bot.html)"
74.7.227.185 - - [14/Apr/2026:03:12:46 +0000] "GET /shopping/products/16201094977 HTTP/1.1" 500 1004 "http://elementalmill.com.lab2454.com/shopping/products/16225090361" "Mozilla/5.0 AppleWebKit/537.36 (KHTML, like Gecko; compatible; GPTBot/1.3; +https://openai.com/gptbot)"
74.7.242.41 - - [14/Apr/2026:03:12:56 +0000] "GET /shop/pg/1051331 HTTP/1.1" 500 1004 "http://mail.elementalmill.com/shop/pg/16232609534" "Mozilla/5.0 AppleWebKit/537.36 (KHTML, like Gecko; compatible; GPTBot/1.3; +https://openai.com/gptbot)"
74.7.243.205 - - [14/Apr/2026:03:12:58 +0000] "GET /shop/pg/2593711 HTTP/1.1" 500 1004 "http://www.elementalmill.com.lab2454.com/shopping/products/16232593711" "Mozilla/5.0 AppleWebKit/537.36 (KHTML, like Gecko; compatible; GPTBot/1.3; +https://openai.com/gptbot)"
85.208.96.209 - - [14/Apr/2026:03:13:38 +0000] "GET /shop/pg/1768818 HTTP/1.1" 500 164 "-" "Mozilla/5.0 (compatible; SemrushBot/7~bl; +http://www.semrush.com/bot.html)"
66.249.64.35 - - [14/Apr/2026:03:13:47 +0000] "GET /e/14/ HTTP/1.1" 200 28403 "-" "Mozilla/5.0 (Linux; Android 6.0.1; Nexus 5X Build/MMB29P) AppleWebKit/537.36 (KHTML, like Gecko) Chrome/146.0.7680.177 Mobile Safari/537.36 (compatible; GoogleOther)"
66.249.64.33 - - [14/Apr/2026:03:13:55 +0000] "GET /e/21/ HTTP/1.1" 200 27430 "-" "Mozilla/5.0 (Linux; Android 6.0.1; Nexus 5X Build/MMB29P) AppleWebKit/537.36 (KHTML, like Gecko) Chrome/146.0.7680.177 Mobile Safari/537.36 (compatible; GoogleOther)"
74.7.242.41 - - [14/Apr/2026:03:13:58 +0000] "GET /shop/pg/1494116 HTTP/1.1" 500 1004 "http://mail.elementalmill.com/shop/pg/16201277648" "Mozilla/5.0 AppleWebKit/537.36 (KHTML, like Gecko; compatible; GPTBot/1.3; +https://openai.com/gptbot)"
185.191.171.8 - - [14/Apr/2026:03:14:38 +0000] "GET /shopping/products/1619865701 HTTP/1.1" 500 164 "-" "Mozilla/5.0 (compatible; SemrushBot/7~bl; +http://www.semrush.com/bot.html)"
74.7.242.41 - - [14/Apr/2026:03:15:00 +0000] "GET /shop/pg/1917693 HTTP/1.1" 500 1004 "http://mail.elementalmill.com/shopping/products/16211917693" "Mozilla/5.0 AppleWebKit/537.36 (KHTML, like Gecko; compatible; GPTBot/1.3; +https://openai.com/gptbot)"
85.208.96.209 - - [14/Apr/2026:03:15:39 +0000] "GET /shopping/products/1619968916 HTTP/1.1" 500 164 "-" "Mozilla/5.0 (compatible; SemrushBot/7~bl; +http://www.semrush.com/bot.html)"
74.7.242.41 - - [14/Apr/2026:03:16:06 +0000] "GET /shop/pg/1683657 HTTP/1.1" 500 1004 "http://mail.elementalmill.com/shop/pg/16201467193" "Mozilla/5.0 AppleWebKit/537.36 (KHTML, like Gecko; compatible; GPTBot/1.3; +https://openai.com/gptbot)"
74.7.227.48 - - [14/Apr/2026:03:16:18 +0000] "GET /shop/pg/1344640 HTTP/1.1" 500 1004 "http://www.elementalmill.com/shopping/products/16201344640" "Mozilla/5.0 AppleWebKit/537.36 (KHTML, like Gecko; compatible; GPTBot/1.3; +https://openai.com/gptbot)"
185.191.171.9 - - [14/Apr/2026:03:16:40 +0000] "GET /shop/pg/4892 HTTP/1.1" 500 164 "-" "Mozilla/5.0 (compatible; SemrushBot/7~bl; +http://www.semrush.com/bot.html)"
185.191.171.9 - - [14/Apr/2026:03:17:41 +0000] "GET /shopping/products/1619908876 HTTP/1.1" 500 164 "-" "Mozilla/5.0 (compatible; SemrushBot/7~bl; +http://www.semrush.com/bot.html)"
66.249.64.33 - - [14/Apr/2026:03:17:50 +0000] "GET /e/06/ HTTP/1.1" 200 27186 "-" "Mozilla/5.0 (Linux; Android 6.0.1; Nexus 5X Build/MMB29P) AppleWebKit/537.36 (KHTML, like Gecko) Chrome/146.0.7680.177 Mobile Safari/537.36 (compatible; GoogleOther)"
74.7.242.41 - - [14/Apr/2026:03:18:12 +0000] "GET /shop/pg/1624045 HTTP/1.1" 500 1004 "http://mail.elementalmill.com/shop/customer/bookmark.php?shopping/products/16211624045" "Mozilla/5.0 AppleWebKit/537.36 (KHTML, like Gecko; compatible; GPTBot/1.3; +https://openai.com/gptbot)"
85.208.96.212 - - [14/Apr/2026:03:18:42 +0000] "GET /shop/pg/2050863 HTTP/1.1" 500 164 "-" "Mozilla/5.0 (compatible; SemrushBot/7~bl; +http://www.semrush.com/bot.html)"
74.7.227.48 - - [14/Apr/2026:03:19:30 +0000] "GET /shop/pg/1179565 HTTP/1.1" 500 1004 "http://www.elementalmill.com/shopping/products/16201179565" "Mozilla/5.0 AppleWebKit/537.36 (KHTML, like Gecko; compatible; GPTBot/1.3; +https://openai.com/gptbot)"
85.208.96.210 - - [14/Apr/2026:03:19:44 +0000] "GET /shop/pg/16222038031 HTTP/1.1" 500 164 "-" "Mozilla/5.0 (compatible; SemrushBot/7~bl; +http://www.semrush.com/bot.html)"
74.7.242.41 - - [14/Apr/2026:03:20:15 +0000] "GET /shop/pg/1397742 HTTP/1.1" 500 1004 "http://mail.elementalmill.com/shop/customer/bookmark.php?shopping/products/16201397742" "Mozilla/5.0 AppleWebKit/537.36 (KHTML, like Gecko; compatible; GPTBot/1.3; +https://openai.com/gptbot)"
85.208.96.210 - - [14/Apr/2026:03:20:45 +0000] "GET /shopping/products/1619983097 HTTP/1.1" 500 164 "-" "Mozilla/5.0 (compatible; SemrushBot/7~bl; +http://www.semrush.com/bot.html)"
74.7.242.41 - - [14/Apr/2026:03:21:18 +0000] "GET /shop/pg/1156233 HTTP/1.1" 500 1004 "http://mail.elementalmill.com/shopping/products/16201156233" "Mozilla/5.0 AppleWebKit/537.36 (KHTML, like Gecko; compatible; GPTBot/1.3; +https://openai.com/gptbot)"
66.249.64.33 - - [14/Apr/2026:03:21:21 +0000] "GET /e/23/ HTTP/1.1" 200 27347 "-" "Mozilla/5.0 (Linux; Android 6.0.1; Nexus 5X Build/MMB29P) AppleWebKit/537.36 (KHTML, like Gecko) Chrome/146.0.7680.177 Mobile Safari/537.36 (compatible; GoogleOther)"
185.191.171.2 - - [14/Apr/2026:03:21:47 +0000] "GET /shopping/products/1619934522 HTTP/1.1" 500 164 "-" "Mozilla/5.0 (compatible; SemrushBot/7~bl; +http://www.semrush.com/bot.html)"
66.249.64.33 - - [14/Apr/2026:03:21:53 +0000] "GET /e/02/ HTTP/1.1" 200 27404 "-" "Mozilla/5.0 (Linux; Android 6.0.1; Nexus 5X Build/MMB29P) AppleWebKit/537.36 (KHTML, like Gecko) Chrome/146.0.7680.177 Mobile Safari/537.36 (compatible; GoogleOther)"
74.7.242.41 - - [14/Apr/2026:03:22:20 +0000] "GET /shop/pg/1003381 HTTP/1.1" 500 1004 "http://mail.elementalmill.com/shop/pg/16232561583" "Mozilla/5.0 AppleWebKit/537.36 (KHTML, like Gecko; compatible; GPTBot/1.3; +https://openai.com/gptbot)"
85.208.96.202 - - [14/Apr/2026:03:22:48 +0000] "GET /shopping/products/1619958486 HTTP/1.1" 500 164 "-" "Mozilla/5.0 (compatible; SemrushBot/7~bl; +http://www.semrush.com/bot.html)"
74.7.227.185 - - [14/Apr/2026:03:23:20 +0000] "GET /shopping/products/16201031297 HTTP/1.1" 500 1004 "http://elementalmill.com.lab2454.com/shopping/products/16201292630" "Mozilla/5.0 AppleWebKit/537.36 (KHTML, like Gecko; compatible; GPTBot/1.3; +https://openai.com/gptbot)"
74.7.227.48 - - [14/Apr/2026:03:23:39 +0000] "GET /shop/pg/2574299 HTTP/1.1" 500 1004 "http://www.elementalmill.com/shop/customer/bookmark.php?shopping/products/16232574299" "Mozilla/5.0 AppleWebKit/537.36 (KHTML, like Gecko; compatible; GPTBot/1.3; +https://openai.com/gptbot)"
85.208.96.194 - - [14/Apr/2026:03:23:49 +0000] "GET /shopping/products/1619950230 HTTP/1.1" 500 164 "-" "Mozilla/5.0 (compatible; SemrushBot/7~bl; +http://www.semrush.com/bot.html)"
74.7.242.41 - - [14/Apr/2026:03:24:22 +0000] "GET /shop/pg/2039313 HTTP/1.1" 500 1004 "http://mail.elementalmill.com/shop/customer/bookmark.php?shopping/products/16222039313" "Mozilla/5.0 AppleWebKit/537.36 (KHTML, like Gecko; compatible; GPTBot/1.3; +https://openai.com/gptbot)"
185.191.171.10 - - [14/Apr/2026:03:24:50 +0000] "GET /shopping/products/1619941230 HTTP/1.1" 500 164 "-" "Mozilla/5.0 (compatible; SemrushBot/7~bl; +http://www.semrush.com/bot.html)"
74.7.242.41 - - [14/Apr/2026:03:25:26 +0000] "GET /shop/pg/2043778 HTTP/1.1" 500 1004 "http://mail.elementalmill.com/shopping/products/16222043778" "Mozilla/5.0 AppleWebKit/537.36 (KHTML, like Gecko; compatible; GPTBot/1.3; +https://openai.com/gptbot)"
185.191.171.2 - - [14/Apr/2026:03:25:51 +0000] "GET /shopping/products/1619897815 HTTP/1.1" 500 164 "-" "Mozilla/5.0 (compatible; SemrushBot/7~bl; +http://www.semrush.com/bot.html)"
66.249.64.33 - - [14/Apr/2026:03:25:56 +0000] "GET /f/services/tonercartridge/ HTTP/1.1" 200 27859 "-" "Mozilla/5.0 (Linux; Android 6.0.1; Nexus 5X Build/MMB29P) AppleWebKit/537.36 (KHTML, like Gecko) Chrome/146.0.7680.177 Mobile Safari/537.36 (compatible; GoogleOther)"
74.7.242.41 - - [14/Apr/2026:03:26:31 +0000] "GET /shop/pg/1804633 HTTP/1.1" 500 1004 "http://mail.elementalmill.com/shop/customer/bookmark.php?shopping/products/16211804633" "Mozilla/5.0 AppleWebKit/537.36 (KHTML, like Gecko; compatible; GPTBot/1.3; +https://openai.com/gptbot)"
185.191.171.13 - - [14/Apr/2026:03:26:42 +0000] "GET /robots.txt HTTP/1.1" 500 1004 "-" "Mozilla/5.0 (compatible; SemrushBot/7~bl; +http://www.semrush.com/bot.html)"
185.191.171.18 - - [14/Apr/2026:03:26:53 +0000] "GET /shop/pg/1618463587 HTTP/1.1" 500 164 "-" "Mozilla/5.0 (compatible; SemrushBot/7~bl; +http://www.semrush.com/bot.html)"
74.7.242.41 - - [14/Apr/2026:03:27:31 +0000] "GET /shop/pg/1560047 HTTP/1.1" 500 1004 "http://mail.elementalmill.com/shop/pg/16201343585" "Mozilla/5.0 AppleWebKit/537.36 (KHTML, like Gecko; compatible; GPTBot/1.3; +https://openai.com/gptbot)"
74.7.227.48 - - [14/Apr/2026:03:27:50 +0000] "GET /shop/pg/1689615 HTTP/1.1" 500 1004 "http://www.elementalmill.com/shop/customer/bookmark.php?shopping/products/16211689615" "Mozilla/5.0 AppleWebKit/537.36 (KHTML, like Gecko; compatible; GPTBot/1.3; +https://openai.com/gptbot)"
85.208.96.200 - - [14/Apr/2026:03:27:53 +0000] "GET /shopping/products/1619961464 HTTP/1.1" 500 164 "-" "Mozilla/5.0 (compatible; SemrushBot/7~bl; +http://www.semrush.com/bot.html)"
74.7.242.41 - - [14/Apr/2026:03:28:34 +0000] "GET /shop/pg/1601657 HTTP/1.1" 500 1004 "http://mail.elementalmill.com/shop/pg/16201385189" "Mozilla/5.0 AppleWebKit/537.36 (KHTML, like Gecko; compatible; GPTBot/1.3; +https://openai.com/gptbot)"
185.191.171.10 - - [14/Apr/2026:03:28:54 +0000] "GET /shop/pg/1775148 HTTP/1.1" 500 164 "-" "Mozilla/5.0 (compatible; SemrushBot/7~bl; +http://www.semrush.com/bot.html)"
74.7.227.48 - - [14/Apr/2026:03:28:58 +0000] "GET /shop/pg/2118082 HTTP/1.1" 500 1004 "http://www.elementalmill.com/shopping/products/16222118082" "Mozilla/5.0 AppleWebKit/537.36 (KHTML, like Gecko; compatible; GPTBot/1.3; +https://openai.com/gptbot)"
74.7.242.41 - - [14/Apr/2026:03:29:18 +0000] "GET /shop/pg/16201087414 HTTP/1.1" 500 1004 "http://www.elementalmill.com" "Mozilla/5.0 AppleWebKit/537.36 (KHTML, like Gecko; compatible; GPTBot/1.3; +https://openai.com/gptbot)"
74.7.242.41 - - [14/Apr/2026:03:29:36 +0000] "GET /shop/pg/1146582 HTTP/1.1" 500 1004 "http://mail.elementalmill.com/shopping/products/16201146582" "Mozilla/5.0 AppleWebKit/537.36 (KHTML, like Gecko; compatible; GPTBot/1.3; +https://openai.com/gptbot)"
185.191.171.9 - - [14/Apr/2026:03:29:56 +0000] "GET /shopping/products/1619956832 HTTP/1.1" 500 164 "-" "Mozilla/5.0 (compatible; SemrushBot/7~bl; +http://www.semrush.com/bot.html)"
74.7.227.48 - - [14/Apr/2026:03:30:02 +0000] "GET /shop/pg/2050387 HTTP/1.1" 500 1004 "http://www.elementalmill.com/shopping/products/16222050387" "Mozilla/5.0 AppleWebKit/537.36 (KHTML, like Gecko; compatible; GPTBot/1.3; +https://openai.com/gptbot)"
74.7.242.41 - - [14/Apr/2026:03:30:37 +0000] "GET /shop/pg/1235454 HTTP/1.1" 500 1004 "http://mail.elementalmill.com/shop/pg/16211610554" "Mozilla/5.0 AppleWebKit/537.36 (KHTML, like Gecko; compatible; GPTBot/1.3; +https://openai.com/gptbot)"
185.191.171.1 - - [14/Apr/2026:03:30:57 +0000] "GET /shopping/products/1619945667 HTTP/1.1" 500 164 "-" "Mozilla/5.0 (compatible; SemrushBot/7~bl; +http://www.semrush.com/bot.html)"
74.7.243.205 - - [14/Apr/2026:03:30:58 +0000] "GET /shop/pg/2110077 HTTP/1.1" 500 1004 "http://www.elementalmill.com.lab2454.com/shopping/products/16222110077" "Mozilla/5.0 AppleWebKit/537.36 (KHTML, like Gecko; compatible; GPTBot/1.3; +https://openai.com/gptbot)"
74.7.227.48 - - [14/Apr/2026:03:31:03 +0000] "GET /shop/pg/2010094 HTTP/1.1" 500 1004 "http://www.elementalmill.com/shopping/products/16222010094" "Mozilla/5.0 AppleWebKit/537.36 (KHTML, like Gecko; compatible; GPTBot/1.3; +https://openai.com/gptbot)"
74.7.242.41 - - [14/Apr/2026:03:31:39 +0000] "GET /shop/pg/1701303 HTTP/1.1" 500 1004 "http://mail.elementalmill.com/shop/customer/bookmark.php?shopping/products/16211701303" "Mozilla/5.0 AppleWebKit/537.36 (KHTML, like Gecko; compatible; GPTBot/1.3; +https://openai.com/gptbot)"
185.191.171.12 - - [14/Apr/2026:03:31:58 +0000] "GET /shopping/products/1619955074 HTTP/1.1" 500 164 "-" "Mozilla/5.0 (compatible; SemrushBot/7~bl; +http://www.semrush.com/bot.html)"
74.7.227.48 - - [14/Apr/2026:03:32:03 +0000] "GET /shop/pg/1805250 HTTP/1.1" 500 1004 "http://www.elementalmill.com/shopping/products/16211805250" "Mozilla/5.0 AppleWebKit/537.36 (KHTML, like Gecko; compatible; GPTBot/1.3; +https://openai.com/gptbot)"
74.7.242.41 - - [14/Apr/2026:03:32:28 +0000] "GET /shop/pg/16211719028 HTTP/1.1" 500 1004 "http://www.elementalmill.com" "Mozilla/5.0 AppleWebKit/537.36 (KHTML, like Gecko; compatible; GPTBot/1.3; +https://openai.com/gptbot)"
74.7.242.41 - - [14/Apr/2026:03:32:43 +0000] "GET /shop/pg/1443363 HTTP/1.1" 500 1004 "http://mail.elementalmill.com/shop/pg/16201226905" "Mozilla/5.0 AppleWebKit/537.36 (KHTML, like Gecko; compatible; GPTBot/1.3; +https://openai.com/gptbot)"
85.208.96.207 - - [14/Apr/2026:03:32:59 +0000] "GET /shop/pg/1619902022 HTTP/1.1" 500 164 "-" "Mozilla/5.0 (compatible; SemrushBot/7~bl; +http://www.semrush.com/bot.html)"
74.7.242.41 - - [14/Apr/2026:03:33:43 +0000] "GET /shop/pg/1379885 HTTP/1.1" 500 1004 "http://mail.elementalmill.com/shop/pg/16201163432" "Mozilla/5.0 AppleWebKit/537.36 (KHTML, like Gecko; compatible; GPTBot/1.3; +https://openai.com/gptbot)"
85.208.96.207 - - [14/Apr/2026:03:34:00 +0000] "GET /shop/pg/1560392 HTTP/1.1" 500 164 "-" "Mozilla/5.0 (compatible; SemrushBot/7~bl; +http://www.semrush.com/bot.html)"
74.7.227.48 - - [14/Apr/2026:03:34:07 +0000] "GET /shop/pg/2284824 HTTP/1.1" 500 1004 "http://www.elementalmill.com/shop/customer/bookmark.php?shopping/products/16222284824" "Mozilla/5.0 AppleWebKit/537.36 (KHTML, like Gecko; compatible; GPTBot/1.3; +https://openai.com/gptbot)"
207.46.13.168 - - [14/Apr/2026:03:34:23 +0000] "GET /shop/8889587266.html HTTP/1.1" 200 27835 "-" "Mozilla/5.0 AppleWebKit/537.36 (KHTML, like Gecko; compatible; bingbot/2.0; +http://www.bing.com/bingbot.htm) Chrome/116.0.1938.76 Safari/537.36"
74.7.242.41 - - [14/Apr/2026:03:34:46 +0000] "GET /shop/pg/1589586 HTTP/1.1" 500 1004 "http://mail.elementalmill.com/shop/pg/16211964668" "Mozilla/5.0 AppleWebKit/537.36 (KHTML, like Gecko; compatible; GPTBot/1.3; +https://openai.com/gptbot)"
185.191.171.8 - - [14/Apr/2026:03:35:01 +0000] "GET /shopping/products/1619963102 HTTP/1.1" 500 164 "-" "Mozilla/5.0 (compatible; SemrushBot/7~bl; +http://www.semrush.com/bot.html)"
157.55.39.7 - - [14/Apr/2026:03:35:14 +0000] "GET /shopping/products/16198594151 HTTP/1.1" 200 27884 "-" "Mozilla/5.0 AppleWebKit/537.36 (KHTML, like Gecko; compatible; bingbot/2.0; +http://www.bing.com/bingbot.htm) Chrome/116.0.1938.76 Safari/537.36"
74.7.242.41 - - [14/Apr/2026:03:35:37 +0000] "GET /shop/pg/16211562513 HTTP/1.1" 500 1004 "http://www.elementalmill.com" "Mozilla/5.0 AppleWebKit/537.36 (KHTML, like Gecko; compatible; GPTBot/1.3; +https://openai.com/gptbot)"
74.7.242.41 - - [14/Apr/2026:03:35:51 +0000] "GET /shop/pg/1197184 HTTP/1.1" 500 1004 "http://mail.elementalmill.com/shopping/products/16201197184" "Mozilla/5.0 AppleWebKit/537.36 (KHTML, like Gecko; compatible; GPTBot/1.3; +https://openai.com/gptbot)"
185.191.171.19 - - [14/Apr/2026:03:36:02 +0000] "GET /shopping/products/1619943583 HTTP/1.1" 500 164 "-" "Mozilla/5.0 (compatible; SemrushBot/7~bl; +http://www.semrush.com/bot.html)"
74.7.227.48 - - [14/Apr/2026:03:36:10 +0000] "GET /shop/pg/2608479 HTTP/1.1" 500 1004 "http://www.elementalmill.com/shopping/products/16232608479" "Mozilla/5.0 AppleWebKit/537.36 (KHTML, like Gecko; compatible; GPTBot/1.3; +https://openai.com/gptbot)"
74.7.242.41 - - [14/Apr/2026:03:36:57 +0000] "GET /shop/pg/1973485 HTTP/1.1" 500 1004 "http://mail.elementalmill.com/shop/customer/bookmark.php?shopping/products/16211973485" "Mozilla/5.0 AppleWebKit/537.36 (KHTML, like Gecko; compatible; GPTBot/1.3; +https://openai.com/gptbot)"
85.208.96.210 - - [14/Apr/2026:03:37:03 +0000] "GET /shop/pg/16222095932 HTTP/1.1" 500 164 "-" "Mozilla/5.0 (compatible; SemrushBot/7~bl; +http://www.semrush.com/bot.html)"
74.7.242.41 - - [14/Apr/2026:03:38:03 +0000] "GET /shop/pg/1154278 HTTP/1.1" 500 1004 "http://mail.elementalmill.com/shop/pg/16211529367" "Mozilla/5.0 AppleWebKit/537.36 (KHTML, like Gecko; compatible; GPTBot/1.3; +https://openai.com/gptbot)"
85.208.96.207 - - [14/Apr/2026:03:38:05 +0000] "GET /shopping/products/1619986021 HTTP/1.1" 500 164 "-" "Mozilla/5.0 (compatible; SemrushBot/7~bl; +http://www.semrush.com/bot.html)"
66.249.64.33 - - [14/Apr/2026:03:38:06 +0000] "GET /f/calculator/calculator00/ HTTP/1.1" 200 27624 "-" "Mozilla/5.0 (Linux; Android 6.0.1; Nexus 5X Build/MMB29P) AppleWebKit/537.36 (KHTML, like Gecko) Chrome/146.0.7680.177 Mobile Safari/537.36 (compatible; GoogleOther)"
74.7.242.41 - - [14/Apr/2026:03:38:44 +0000] "GET /shop/pg/16201040515 HTTP/1.1" 500 1004 "http://www.elementalmill.com" "Mozilla/5.0 AppleWebKit/537.36 (KHTML, like Gecko; compatible; GPTBot/1.3; +https://openai.com/gptbot)"
74.7.242.41 - - [14/Apr/2026:03:39:03 +0000] "GET /shop/pg/1354364 HTTP/1.1" 500 1004 "http://mail.elementalmill.com/shop/pg/16201137905" "Mozilla/5.0 AppleWebKit/537.36 (KHTML, like Gecko; compatible; GPTBot/1.3; +https://openai.com/gptbot)"
85.208.96.212 - - [14/Apr/2026:03:39:06 +0000] "GET /shop/pg/16222045454 HTTP/1.1" 500 164 "-" "Mozilla/5.0 (compatible; SemrushBot/7~bl; +http://www.semrush.com/bot.html)"
74.7.242.41 - - [14/Apr/2026:03:40:05 +0000] "GET /shop/pg/1435695 HTTP/1.1" 500 1004 "http://mail.elementalmill.com/shopping/products/16201435695" "Mozilla/5.0 AppleWebKit/537.36 (KHTML, like Gecko; compatible; GPTBot/1.3; +https://openai.com/gptbot)"
74.7.244.23 - - [14/Apr/2026:03:40:06 +0000] "GET /robots.txt HTTP/1.1" 200 101 "-" "Mozilla/5.0 (Macintosh; Intel Mac OS X 10_15_7) AppleWebKit/537.36 (KHTML, like Gecko) Chrome/131.0.0.0 Safari/537.36; compatible; OAI-SearchBot/1.3; robots.txt; +https://openai.com/searchbot"
185.191.171.17 - - [14/Apr/2026:03:40:07 +0000] "GET /shop/pg/16222078327 HTTP/1.1" 500 164 "-" "Mozilla/5.0 (compatible; SemrushBot/7~bl; +http://www.semrush.com/bot.html)"
74.7.227.48 - - [14/Apr/2026:03:40:21 +0000] "GET /shop/pg/2380906 HTTP/1.1" 500 1004 "http://www.elementalmill.com/shop/customer/bookmark.php?shopping/products/16222380906" "Mozilla/5.0 AppleWebKit/537.36 (KHTML, like Gecko; compatible; GPTBot/1.3; +https://openai.com/gptbot)"
85.208.96.209 - - [14/Apr/2026:03:41:08 +0000] "GET /shopping/products/1619972380 HTTP/1.1" 500 164 "-" "Mozilla/5.0 (compatible; SemrushBot/7~bl; +http://www.semrush.com/bot.html)"
207.46.13.154 - - [14/Apr/2026:03:41:08 +0000] "GET /shopping/products/16216925993 HTTP/1.1" 200 27101 "-" "Mozilla/5.0 AppleWebKit/537.36 (KHTML, like Gecko; compatible; bingbot/2.0; +http://www.bing.com/bingbot.htm) Chrome/116.0.1938.76 Safari/537.36"
74.7.242.41 - - [14/Apr/2026:03:41:11 +0000] "GET /shop/pg/1526324 HTTP/1.1" 500 1004 "http://mail.elementalmill.com/shop/pg/16201309862" "Mozilla/5.0 AppleWebKit/537.36 (KHTML, like Gecko; compatible; GPTBot/1.3; +https://openai.com/gptbot)"
74.7.242.41 - - [14/Apr/2026:03:41:56 +0000] "GET /shop/pg/16201278220 HTTP/1.1" 500 1004 "http://www.elementalmill.com" "Mozilla/5.0 AppleWebKit/537.36 (KHTML, like Gecko; compatible; GPTBot/1.3; +https://openai.com/gptbot)"
85.208.96.197 - - [14/Apr/2026:03:42:09 +0000] "GET /shopping/products/1619943829 HTTP/1.1" 500 164 "-" "Mozilla/5.0 (compatible; SemrushBot/7~bl; +http://www.semrush.com/bot.html)"
66.249.64.33 - - [14/Apr/2026:03:42:09 +0000] "GET /e/01/ HTTP/1.1" 200 28437 "-" "Mozilla/5.0 (Linux; Android 6.0.1; Nexus 5X Build/MMB29P) AppleWebKit/537.36 (KHTML, like Gecko) Chrome/146.0.7680.177 Mobile Safari/537.36 (compatible; GoogleOther)"
74.7.242.41 - - [14/Apr/2026:03:42:13 +0000] "GET /shop/pg/1672896 HTTP/1.1" 500 1004 "http://mail.elementalmill.com/shop/pg/16201456435" "Mozilla/5.0 AppleWebKit/537.36 (KHTML, like Gecko; compatible; GPTBot/1.3; +https://openai.com/gptbot)"
74.7.243.205 - - [14/Apr/2026:03:42:30 +0000] "GET /shop/pg/1052820 HTTP/1.1" 500 1004 "http://www.elementalmill.com.lab2454.com/shopping/products/16201052820" "Mozilla/5.0 AppleWebKit/537.36 (KHTML, like Gecko; compatible; GPTBot/1.3; +https://openai.com/gptbot)"
185.191.171.16 - - [14/Apr/2026:03:43:10 +0000] "GET /shop/pg/16222058723 HTTP/1.1" 500 164 "-" "Mozilla/5.0 (compatible; SemrushBot/7~bl; +http://www.semrush.com/bot.html)"
74.7.242.41 - - [14/Apr/2026:03:43:17 +0000] "GET /shop/pg/1335977 HTTP/1.1" 500 1004 "http://mail.elementalmill.com/shopping/products/16201335977" "Mozilla/5.0 AppleWebKit/537.36 (KHTML, like Gecko; compatible; GPTBot/1.3; +https://openai.com/gptbot)"
74.7.227.48 - - [14/Apr/2026:03:43:30 +0000] "GET /shop/pg/1138245 HTTP/1.1" 500 1004 "http://www.elementalmill.com/shopping/products/16201138245" "Mozilla/5.0 AppleWebKit/537.36 (KHTML, like Gecko; compatible; GPTBot/1.3; +https://openai.com/gptbot)"
74.7.242.41 - - [14/Apr/2026:03:43:59 +0000] "GET /shop/pg/16211934344 HTTP/1.1" 500 1004 "http://www.elementalmill.com" "Mozilla/5.0 AppleWebKit/537.36 (KHTML, like Gecko; compatible; GPTBot/1.3; +https://openai.com/gptbot)"
74.7.241.141 - - [14/Apr/2026:03:44:00 +0000] "GET /robots.txt HTTP/1.1" 200 353 "-" "Mozilla/5.0 (Macintosh; Intel Mac OS X 10_15_7) AppleWebKit/537.36 (KHTML, like Gecko) Chrome/131.0.0.0 Safari/537.36; compatible; OAI-SearchBot/1.3; robots.txt; +https://openai.com/searchbot"
85.208.96.199 - - [14/Apr/2026:03:44:11 +0000] "GET /shopping/products/1619975810 HTTP/1.1" 500 164 "-" "Mozilla/5.0 (compatible; SemrushBot/7~bl; +http://www.semrush.com/bot.html)"
74.7.242.41 - - [14/Apr/2026:03:44:17 +0000] "GET /shop/pg/1366105 HTTP/1.1" 500 1004 "http://mail.elementalmill.com/shop/pg/16211741206" "Mozilla/5.0 AppleWebKit/537.36 (KHTML, like Gecko; compatible; GPTBot/1.3; +https://openai.com/gptbot)"
74.7.242.41 - - [14/Apr/2026:03:45:00 +0000] "GET /shop/pg/16201132691 HTTP/1.1" 500 1004 "http://www.elementalmill.com" "Mozilla/5.0 AppleWebKit/537.36 (KHTML, like Gecko; compatible; GPTBot/1.3; +https://openai.com/gptbot)"
185.191.171.2 - - [14/Apr/2026:03:45:12 +0000] "GET /shopping/products/1619977686 HTTP/1.1" 500 164 "-" "Mozilla/5.0 (compatible; SemrushBot/7~bl; +http://www.semrush.com/bot.html)"
74.7.242.41 - - [14/Apr/2026:03:45:23 +0000] "GET /shop/pg/1204191 HTTP/1.1" 500 1004 "http://mail.elementalmill.com/shopping/products/16201204191" "Mozilla/5.0 AppleWebKit/537.36 (KHTML, like Gecko; compatible; GPTBot/1.3; +https://openai.com/gptbot)"
74.7.227.185 - - [14/Apr/2026:03:45:28 +0000] "GET /shopping/products/16211879867 HTTP/1.1" 500 1004 "http://elementalmill.com.lab2454.com/shopping/products/16201068524" "Mozilla/5.0 AppleWebKit/537.36 (KHTML, like Gecko; compatible; GPTBot/1.3; +https://openai.com/gptbot)"
74.7.227.48 - - [14/Apr/2026:03:45:40 +0000] "GET /shop/pg/1862179 HTTP/1.1" 500 1004 "http://www.elementalmill.com/shop/customer/bookmark.php?shopping/products/16211862179" "Mozilla/5.0 AppleWebKit/537.36 (KHTML, like Gecko; compatible; GPTBot/1.3; +https://openai.com/gptbot)"
85.208.96.194 - - [14/Apr/2026:03:46:13 +0000] "GET /shop/pg/411397 HTTP/1.1" 500 164 "-" "Mozilla/5.0 (compatible; SemrushBot/7~bl; +http://www.semrush.com/bot.html)"
66.249.64.34 - - [14/Apr/2026:03:46:13 +0000] "GET /f/services/regular_purchases/ HTTP/1.1" 200 28296 "-" "Mozilla/5.0 (Linux; Android 6.0.1; Nexus 5X Build/MMB29P) AppleWebKit/537.36 (KHTML, like Gecko) Chrome/146.0.7680.177 Mobile Safari/537.36 (compatible; GoogleOther)"
74.7.242.41 - - [14/Apr/2026:03:46:28 +0000] "GET /shop/pg/1650846 HTTP/1.1" 500 1004 "http://mail.elementalmill.com/shop/pg/16201434385" "Mozilla/5.0 AppleWebKit/537.36 (KHTML, like Gecko; compatible; GPTBot/1.3; +https://openai.com/gptbot)"
74.7.227.185 - - [14/Apr/2026:03:46:33 +0000] "GET /shopping/products/16232618969 HTTP/1.1" 500 1004 "http://elementalmill.com.lab2454.com/shopping/products/16201498139" "Mozilla/5.0 AppleWebKit/537.36 (KHTML, like Gecko; compatible; GPTBot/1.3; +https://openai.com/gptbot)"
74.7.243.205 - - [14/Apr/2026:03:46:39 +0000] "GET /shop/pg/2393054 HTTP/1.1" 500 1004 "http://www.elementalmill.com.lab2454.com/shop/customer/bookmark.php?shopping/products/16222393054" "Mozilla/5.0 AppleWebKit/537.36 (KHTML, like Gecko; compatible; GPTBot/1.3; +https://openai.com/gptbot)"
