85.208.96.205 - - [14/Apr/2026:05:01:33 +0000] "GET /shopping/products/1619938033 HTTP/1.1" 500 164 "-" "Mozilla/5.0 (compatible; SemrushBot/7~bl; +http://www.semrush.com/bot.html)"
74.7.242.41 - - [14/Apr/2026:05:02:02 +0000] "GET /shop/pg/2212400 HTTP/1.1" 500 1004 "http://mail.elementalmill.com/shop/customer/bookmark.php?shopping/products/16222212400" "Mozilla/5.0 AppleWebKit/537.36 (KHTML, like Gecko; compatible; GPTBot/1.3; +https://openai.com/gptbot)"
66.249.64.35 - - [14/Apr/2026:05:02:26 +0000] "GET /mbr/reminder/loginIdPasswordInquiryView/ HTTP/1.1" 200 27242 "-" "Mozilla/5.0 (Linux; Android 6.0.1; Nexus 5X Build/MMB29P) AppleWebKit/537.36 (KHTML, like Gecko) Chrome/146.0.7680.177 Mobile Safari/537.36 (compatible; GoogleOther)"
85.208.96.204 - - [14/Apr/2026:05:02:33 +0000] "GET /shop/pg/16222039655 HTTP/1.1" 500 164 "-" "Mozilla/5.0 (compatible; SemrushBot/7~bl; +http://www.semrush.com/bot.html)"
74.7.242.41 - - [14/Apr/2026:05:03:07 +0000] "GET /shop/pg/2483011 HTTP/1.1" 500 1004 "http://mail.elementalmill.com/shopping/products/16222483011" "Mozilla/5.0 AppleWebKit/537.36 (KHTML, like Gecko; compatible; GPTBot/1.3; +https://openai.com/gptbot)"
185.191.171.14 - - [14/Apr/2026:05:03:34 +0000] "GET /shop/pg/2002121 HTTP/1.1" 500 164 "-" "Mozilla/5.0 (compatible; SemrushBot/7~bl; +http://www.semrush.com/bot.html)"
74.7.242.41 - - [14/Apr/2026:05:04:07 +0000] "GET /shop/pg/2125905 HTTP/1.1" 500 1004 "http://mail.elementalmill.com/shopping/products/16222125905" "Mozilla/5.0 AppleWebKit/537.36 (KHTML, like Gecko; compatible; GPTBot/1.3; +https://openai.com/gptbot)"
74.7.227.185 - - [14/Apr/2026:05:04:28 +0000] "GET /shopping/products/16201395717 HTTP/1.1" 500 1004 "http://elementalmill.com.lab2454.com/shopping/products/16232543061" "Mozilla/5.0 AppleWebKit/537.36 (KHTML, like Gecko; compatible; GPTBot/1.3; +https://openai.com/gptbot)"
185.191.171.19 - - [14/Apr/2026:05:04:35 +0000] "GET /shopping/products/1619947091 HTTP/1.1" 500 164 "-" "Mozilla/5.0 (compatible; SemrushBot/7~bl; +http://www.semrush.com/bot.html)"
74.7.242.41 - - [14/Apr/2026:05:05:11 +0000] "GET /shop/pg/1250481 HTTP/1.1" 500 1004 "http://mail.elementalmill.com/shopping/products/16201250481" "Mozilla/5.0 AppleWebKit/537.36 (KHTML, like Gecko; compatible; GPTBot/1.3; +https://openai.com/gptbot)"
85.208.96.193 - - [14/Apr/2026:05:05:38 +0000] "GET /shop/pg/875964 HTTP/1.1" 500 164 "-" "Mozilla/5.0 (compatible; SemrushBot/7~bl; +http://www.semrush.com/bot.html)"
74.7.242.41 - - [14/Apr/2026:05:05:59 +0000] "GET /shop/pg/16201130399 HTTP/1.1" 500 1004 "http://www.elementalmill.com" "Mozilla/5.0 AppleWebKit/537.36 (KHTML, like Gecko; compatible; GPTBot/1.3; +https://openai.com/gptbot)"
52.167.144.25 - - [14/Apr/2026:05:06:02 +0000] "GET /shopping/products/16235263399 HTTP/1.1" 200 28330 "-" "Mozilla/5.0 AppleWebKit/537.36 (KHTML, like Gecko; compatible; bingbot/2.0; +http://www.bing.com/bingbot.htm) Chrome/116.0.1938.76 Safari/537.36"
74.7.242.41 - - [14/Apr/2026:05:06:14 +0000] "GET /shop/pg/1586671 HTTP/1.1" 500 1004 "http://mail.elementalmill.com/shop/pg/16201370217" "Mozilla/5.0 AppleWebKit/537.36 (KHTML, like Gecko; compatible; GPTBot/1.3; +https://openai.com/gptbot)"
74.7.227.48 - - [14/Apr/2026:05:06:37 +0000] "GET /shop/pg/1929287 HTTP/1.1" 500 1004 "http://www.elementalmill.com/shopping/products/16211929287" "Mozilla/5.0 AppleWebKit/537.36 (KHTML, like Gecko; compatible; GPTBot/1.3; +https://openai.com/gptbot)"
85.208.96.201 - - [14/Apr/2026:05:06:40 +0000] "GET /shopping/products/1619948969 HTTP/1.1" 500 164 "-" "Mozilla/5.0 (compatible; SemrushBot/7~bl; +http://www.semrush.com/bot.html)"
66.249.64.35 - - [14/Apr/2026:05:06:43 +0000] "GET /csr/index.html HTTP/1.1" 200 27419 "-" "Mozilla/5.0 (Linux; Android 6.0.1; Nexus 5X Build/MMB29P) AppleWebKit/537.36 (KHTML, like Gecko) Chrome/146.0.7680.177 Mobile Safari/537.36 (compatible; GoogleOther)"
85.208.96.206 - - [14/Apr/2026:05:07:42 +0000] "GET /shopping/products/1619917250 HTTP/1.1" 500 164 "-" "Mozilla/5.0 (compatible; SemrushBot/7~bl; +http://www.semrush.com/bot.html)"
185.191.171.14 - - [14/Apr/2026:05:08:43 +0000] "GET /shopping/products/1619958528 HTTP/1.1" 500 164 "-" "Mozilla/5.0 (compatible; SemrushBot/7~bl; +http://www.semrush.com/bot.html)"
74.7.242.41 - - [14/Apr/2026:05:09:24 +0000] "GET /shop/pg/1604532 HTTP/1.1" 500 1004 "http://mail.elementalmill.com/shopping/products/16211604532" "Mozilla/5.0 AppleWebKit/537.36 (KHTML, like Gecko; compatible; GPTBot/1.3; +https://openai.com/gptbot)"
74.7.227.185 - - [14/Apr/2026:05:09:42 +0000] "GET /shopping/products/16232605696 HTTP/1.1" 500 1004 "http://elementalmill.com.lab2454.com/shopping/products/16232627885" "Mozilla/5.0 AppleWebKit/537.36 (KHTML, like Gecko; compatible; GPTBot/1.3; +https://openai.com/gptbot)"
185.191.171.13 - - [14/Apr/2026:05:10:12 +0000] "GET /shopping/products/1619922105 HTTP/1.1" 500 164 "-" "Mozilla/5.0 (compatible; SemrushBot/7~bl; +http://www.semrush.com/bot.html)"
74.7.227.185 - - [14/Apr/2026:05:10:47 +0000] "GET /shopping/products/16211879779 HTTP/1.1" 500 1004 "http://elementalmill.com.lab2454.com/shopping/products/16232552985" "Mozilla/5.0 AppleWebKit/537.36 (KHTML, like Gecko; compatible; GPTBot/1.3; +https://openai.com/gptbot)"
66.249.64.34 - - [14/Apr/2026:05:11:00 +0000] "GET /e/34/ HTTP/1.1" 200 28435 "-" "Mozilla/5.0 (Linux; Android 6.0.1; Nexus 5X Build/MMB29P) AppleWebKit/537.36 (KHTML, like Gecko) Chrome/146.0.7680.177 Mobile Safari/537.36 (compatible; GoogleOther)"
185.191.171.10 - - [14/Apr/2026:05:11:14 +0000] "GET /shopping/products/1619962270 HTTP/1.1" 500 164 "-" "Mozilla/5.0 (compatible; SemrushBot/7~bl; +http://www.semrush.com/bot.html)"
85.208.96.193 - - [14/Apr/2026:05:11:21 +0000] "GET /robots.txt HTTP/1.1" 500 1004 "-" "Mozilla/5.0 (compatible; SemrushBot/7~bl; +http://www.semrush.com/bot.html)"
74.7.242.41 - - [14/Apr/2026:05:11:34 +0000] "GET /shop/pg/1136761 HTTP/1.1" 500 1004 "http://mail.elementalmill.com/shopping/products/16201136761" "Mozilla/5.0 AppleWebKit/537.36 (KHTML, like Gecko; compatible; GPTBot/1.3; +https://openai.com/gptbot)"
74.7.227.48 - - [14/Apr/2026:05:11:51 +0000] "GET /shop/pg/2101079 HTTP/1.1" 500 1004 "http://www.elementalmill.com/shopping/products/16222101079" "Mozilla/5.0 AppleWebKit/537.36 (KHTML, like Gecko; compatible; GPTBot/1.3; +https://openai.com/gptbot)"
85.208.96.204 - - [14/Apr/2026:05:12:15 +0000] "GET /shopping/products/1619984187 HTTP/1.1" 500 164 "-" "Mozilla/5.0 (compatible; SemrushBot/7~bl; +http://www.semrush.com/bot.html)"
74.7.242.41 - - [14/Apr/2026:05:12:21 +0000] "GET /shop/pg/16211944931 HTTP/1.1" 500 1004 "http://www.elementalmill.com" "Mozilla/5.0 AppleWebKit/537.36 (KHTML, like Gecko; compatible; GPTBot/1.3; +https://openai.com/gptbot)"
74.7.243.205 - - [14/Apr/2026:05:12:35 +0000] "GET /shop/pg/1249227 HTTP/1.1" 500 1004 "http://www.elementalmill.com.lab2454.com/shopping/products/16201249227" "Mozilla/5.0 AppleWebKit/537.36 (KHTML, like Gecko; compatible; GPTBot/1.3; +https://openai.com/gptbot)"
74.7.227.48 - - [14/Apr/2026:05:12:55 +0000] "GET /shop/pg/1005002 HTTP/1.1" 500 1004 "http://www.elementalmill.com/shopping/products/16201005002" "Mozilla/5.0 AppleWebKit/537.36 (KHTML, like Gecko; compatible; GPTBot/1.3; +https://openai.com/gptbot)"
185.191.171.7 - - [14/Apr/2026:05:13:17 +0000] "GET /shopping/products/1619995375 HTTP/1.1" 500 164 "-" "Mozilla/5.0 (compatible; SemrushBot/7~bl; +http://www.semrush.com/bot.html)"
74.7.242.41 - - [14/Apr/2026:05:13:27 +0000] "GET /shop/pg/16201420350 HTTP/1.1" 500 1004 "http://www.elementalmill.com" "Mozilla/5.0 AppleWebKit/537.36 (KHTML, like Gecko; compatible; GPTBot/1.3; +https://openai.com/gptbot)"
74.7.242.41 - - [14/Apr/2026:05:13:39 +0000] "GET /shop/pg/1541252 HTTP/1.1" 500 1004 "http://mail.elementalmill.com/shop/pg/16201324787" "Mozilla/5.0 AppleWebKit/537.36 (KHTML, like Gecko; compatible; GPTBot/1.3; +https://openai.com/gptbot)"
74.7.227.48 - - [14/Apr/2026:05:13:57 +0000] "GET /shop/pg/1387263 HTTP/1.1" 500 1004 "http://www.elementalmill.com/shopping/products/16201387263" "Mozilla/5.0 AppleWebKit/537.36 (KHTML, like Gecko; compatible; GPTBot/1.3; +https://openai.com/gptbot)"
85.208.96.203 - - [14/Apr/2026:05:14:19 +0000] "GET /shopping/products/1619949671 HTTP/1.1" 500 164 "-" "Mozilla/5.0 (compatible; SemrushBot/7~bl; +http://www.semrush.com/bot.html)"
74.7.242.41 - - [14/Apr/2026:05:14:30 +0000] "GET /shop/pg/16201210170 HTTP/1.1" 500 1004 "http://www.elementalmill.com" "Mozilla/5.0 AppleWebKit/537.36 (KHTML, like Gecko; compatible; GPTBot/1.3; +https://openai.com/gptbot)"
74.7.242.41 - - [14/Apr/2026:05:14:43 +0000] "GET /shop/pg/1250638 HTTP/1.1" 500 1004 "http://mail.elementalmill.com/shopping/products/16201250638" "Mozilla/5.0 AppleWebKit/537.36 (KHTML, like Gecko; compatible; GPTBot/1.3; +https://openai.com/gptbot)"
74.7.227.48 - - [14/Apr/2026:05:14:57 +0000] "GET /shop/pg/1603484 HTTP/1.1" 500 1004 "http://www.elementalmill.com/shopping/products/16211603484" "Mozilla/5.0 AppleWebKit/537.36 (KHTML, like Gecko; compatible; GPTBot/1.3; +https://openai.com/gptbot)"
85.208.96.206 - - [14/Apr/2026:05:15:20 +0000] "GET /shop/pg/16222070920 HTTP/1.1" 500 164 "-" "Mozilla/5.0 (compatible; SemrushBot/7~bl; +http://www.semrush.com/bot.html)"
66.249.64.33 - - [14/Apr/2026:05:15:17 +0000] "GET /e/13/ HTTP/1.1" 200 27492 "-" "Mozilla/5.0 (Linux; Android 6.0.1; Nexus 5X Build/MMB29P) AppleWebKit/537.36 (KHTML, like Gecko) Chrome/146.0.7680.177 Mobile Safari/537.36 (compatible; GoogleOther)"
74.7.242.41 - - [14/Apr/2026:05:15:30 +0000] "GET /shop/pg/16201476010 HTTP/1.1" 500 1004 "http://www.elementalmill.com" "Mozilla/5.0 AppleWebKit/537.36 (KHTML, like Gecko; compatible; GPTBot/1.3; +https://openai.com/gptbot)"
74.7.227.48 - - [14/Apr/2026:05:16:02 +0000] "GET /shop/pg/2438251 HTTP/1.1" 500 1004 "http://www.elementalmill.com/shop/customer/bookmark.php?shopping/products/16222438251" "Mozilla/5.0 AppleWebKit/537.36 (KHTML, like Gecko; compatible; GPTBot/1.3; +https://openai.com/gptbot)"
85.208.96.210 - - [14/Apr/2026:05:16:22 +0000] "GET /shopping/products/1619951284 HTTP/1.1" 500 164 "-" "Mozilla/5.0 (compatible; SemrushBot/7~bl; +http://www.semrush.com/bot.html)"
74.7.242.41 - - [14/Apr/2026:05:16:50 +0000] "GET /shop/pg/1509828 HTTP/1.1" 500 1004 "http://mail.elementalmill.com/shop/pg/16201293370" "Mozilla/5.0 AppleWebKit/537.36 (KHTML, like Gecko; compatible; GPTBot/1.3; +https://openai.com/gptbot)"
74.7.227.48 - - [14/Apr/2026:05:17:04 +0000] "GET /shop/pg/1486108 HTTP/1.1" 500 1004 "http://www.elementalmill.com/shopping/products/16201486108" "Mozilla/5.0 AppleWebKit/537.36 (KHTML, like Gecko; compatible; GPTBot/1.3; +https://openai.com/gptbot)"
185.191.171.7 - - [14/Apr/2026:05:17:23 +0000] "GET /shopping/products/1619937617 HTTP/1.1" 500 164 "-" "Mozilla/5.0 (compatible; SemrushBot/7~bl; +http://www.semrush.com/bot.html)"
85.208.96.204 - - [14/Apr/2026:05:18:24 +0000] "GET /shop/pg/2373816 HTTP/1.1" 500 164 "-" "Mozilla/5.0 (compatible; SemrushBot/7~bl; +http://www.semrush.com/bot.html)"
74.7.242.41 - - [14/Apr/2026:05:18:55 +0000] "GET /shop/pg/1702428 HTTP/1.1" 500 1004 "http://mail.elementalmill.com/shop/pg/16201485961" "Mozilla/5.0 AppleWebKit/537.36 (KHTML, like Gecko; compatible; GPTBot/1.3; +https://openai.com/gptbot)"
74.7.227.48 - - [14/Apr/2026:05:19:08 +0000] "GET /shop/pg/1881650 HTTP/1.1" 500 1004 "http://www.elementalmill.com/shop/customer/bookmark.php?shopping/products/16211881650" "Mozilla/5.0 AppleWebKit/537.36 (KHTML, like Gecko; compatible; GPTBot/1.3; +https://openai.com/gptbot)"
85.208.96.195 - - [14/Apr/2026:05:19:25 +0000] "GET /shopping/products/1619944059 HTTP/1.1" 500 164 "-" "Mozilla/5.0 (compatible; SemrushBot/7~bl; +http://www.semrush.com/bot.html)"
66.249.64.34 - - [14/Apr/2026:05:19:34 +0000] "GET /f/services/furniture/ HTTP/1.1" 200 27415 "-" "Mozilla/5.0 (Linux; Android 6.0.1; Nexus 5X Build/MMB29P) AppleWebKit/537.36 (KHTML, like Gecko) Chrome/146.0.7680.177 Mobile Safari/537.36 (compatible; GoogleOther)"
74.7.242.41 - - [14/Apr/2026:05:19:39 +0000] "GET /shop/pg/16211761847 HTTP/1.1" 500 1004 "http://www.elementalmill.com" "Mozilla/5.0 AppleWebKit/537.36 (KHTML, like Gecko; compatible; GPTBot/1.3; +https://openai.com/gptbot)"
74.7.242.41 - - [14/Apr/2026:05:19:56 +0000] "GET /shop/pg/1845488 HTTP/1.1" 500 1004 "http://mail.elementalmill.com/shopping/products/16211845488" "Mozilla/5.0 AppleWebKit/537.36 (KHTML, like Gecko; compatible; GPTBot/1.3; +https://openai.com/gptbot)"
74.7.244.22 - - [14/Apr/2026:05:19:57 +0000] "GET /robots.txt HTTP/1.1" 200 111 "-" "Mozilla/5.0 (Macintosh; Intel Mac OS X 10_15_7) AppleWebKit/537.36 (KHTML, like Gecko) Chrome/131.0.0.0 Safari/537.36; compatible; OAI-SearchBot/1.3; robots.txt; +https://openai.com/searchbot"
74.7.227.48 - - [14/Apr/2026:05:20:13 +0000] "GET /shop/pg/1949707 HTTP/1.1" 500 1004 "http://www.elementalmill.com/shopping/products/16211949707" "Mozilla/5.0 AppleWebKit/537.36 (KHTML, like Gecko; compatible; GPTBot/1.3; +https://openai.com/gptbot)"
185.191.171.9 - - [14/Apr/2026:05:20:26 +0000] "GET /shop/pg/1485634 HTTP/1.1" 500 164 "-" "Mozilla/5.0 (compatible; SemrushBot/7~bl; +http://www.semrush.com/bot.html)"
74.7.242.41 - - [14/Apr/2026:05:20:40 +0000] "GET /shop/pg/16232624903 HTTP/1.1" 500 1004 "http://www.elementalmill.com" "Mozilla/5.0 AppleWebKit/537.36 (KHTML, like Gecko; compatible; GPTBot/1.3; +https://openai.com/gptbot)"
74.7.242.41 - - [14/Apr/2026:05:20:58 +0000] "GET /shop/pg/1793282 HTTP/1.1" 500 1004 "http://mail.elementalmill.com/shop/customer/bookmark.php?shopping/products/16211793282" "Mozilla/5.0 AppleWebKit/537.36 (KHTML, like Gecko; compatible; GPTBot/1.3; +https://openai.com/gptbot)"
74.7.227.48 - - [14/Apr/2026:05:21:19 +0000] "GET /shop/pg/1202073 HTTP/1.1" 500 1004 "http://www.elementalmill.com/shop/customer/bookmark.php?shopping/products/16201202073" "Mozilla/5.0 AppleWebKit/537.36 (KHTML, like Gecko; compatible; GPTBot/1.3; +https://openai.com/gptbot)"
185.191.171.13 - - [14/Apr/2026:05:21:27 +0000] "GET /shop/pg/1219315 HTTP/1.1" 500 164 "-" "Mozilla/5.0 (compatible; SemrushBot/7~bl; +http://www.semrush.com/bot.html)"
74.7.242.41 - - [14/Apr/2026:05:21:45 +0000] "GET /shop/pg/16232591723 HTTP/1.1" 500 1004 "http://www.elementalmill.com" "Mozilla/5.0 AppleWebKit/537.36 (KHTML, like Gecko; compatible; GPTBot/1.3; +https://openai.com/gptbot)"
74.7.242.41 - - [14/Apr/2026:05:22:03 +0000] "GET /shop/pg/1386274 HTTP/1.1" 500 1004 "http://mail.elementalmill.com/shop/customer/bookmark.php?shopping/products/16201386274" "Mozilla/5.0 AppleWebKit/537.36 (KHTML, like Gecko; compatible; GPTBot/1.3; +https://openai.com/gptbot)"
66.249.64.34 - - [14/Apr/2026:05:22:11 +0000] "GET /usf/ HTTP/1.1" 200 28735 "-" "Mozilla/5.0 (Linux; Android 6.0.1; Nexus 5X Build/MMB29P) AppleWebKit/537.36 (KHTML, like Gecko) Chrome/146.0.7680.177 Mobile Safari/537.36 (compatible; GoogleOther)"
74.7.227.48 - - [14/Apr/2026:05:22:21 +0000] "GET /shop/pg/2549123 HTTP/1.1" 500 1004 "http://www.elementalmill.com/shopping/products/16232549123" "Mozilla/5.0 AppleWebKit/537.36 (KHTML, like Gecko; compatible; GPTBot/1.3; +https://openai.com/gptbot)"
85.208.96.209 - - [14/Apr/2026:05:22:31 +0000] "GET /shopping/products/1619929076 HTTP/1.1" 500 164 "-" "Mozilla/5.0 (compatible; SemrushBot/7~bl; +http://www.semrush.com/bot.html)"
74.7.242.41 - - [14/Apr/2026:05:23:05 +0000] "GET /shop/pg/1692594 HTTP/1.1" 500 1004 "http://mail.elementalmill.com/shop/customer/bookmark.php?shopping/products/16211692594" "Mozilla/5.0 AppleWebKit/537.36 (KHTML, like Gecko; compatible; GPTBot/1.3; +https://openai.com/gptbot)"
185.191.171.13 - - [14/Apr/2026:05:23:32 +0000] "GET /shopping/products/1619871262 HTTP/1.1" 500 164 "-" "Mozilla/5.0 (compatible; SemrushBot/7~bl; +http://www.semrush.com/bot.html)"
66.249.64.33 - - [14/Apr/2026:05:23:52 +0000] "GET /f/help/index.html HTTP/1.1" 200 27086 "-" "Mozilla/5.0 (Linux; Android 6.0.1; Nexus 5X Build/MMB29P) AppleWebKit/537.36 (KHTML, like Gecko) Chrome/146.0.7680.177 Mobile Safari/537.36 (compatible; GoogleOther)"
74.7.242.41 - - [14/Apr/2026:05:24:07 +0000] "GET /shop/pg/2028256 HTTP/1.1" 500 1004 "http://mail.elementalmill.com/shopping/products/16222028256" "Mozilla/5.0 AppleWebKit/537.36 (KHTML, like Gecko; compatible; GPTBot/1.3; +https://openai.com/gptbot)"
74.7.227.48 - - [14/Apr/2026:05:24:23 +0000] "GET /shop/pg/1349540 HTTP/1.1" 500 1004 "http://www.elementalmill.com/shopping/products/16201349540" "Mozilla/5.0 AppleWebKit/537.36 (KHTML, like Gecko; compatible; GPTBot/1.3; +https://openai.com/gptbot)"
185.191.171.13 - - [14/Apr/2026:05:24:33 +0000] "GET /shop/pg/170980 HTTP/1.1" 500 164 "-" "Mozilla/5.0 (compatible; SemrushBot/7~bl; +http://www.semrush.com/bot.html)"
74.7.227.48 - - [14/Apr/2026:05:25:24 +0000] "GET /shop/pg/1476006 HTTP/1.1" 500 1004 "http://www.elementalmill.com/shopping/products/16201476006" "Mozilla/5.0 AppleWebKit/537.36 (KHTML, like Gecko; compatible; GPTBot/1.3; +https://openai.com/gptbot)"
85.208.96.197 - - [14/Apr/2026:05:25:35 +0000] "GET /shop/pg/757718 HTTP/1.1" 500 164 "-" "Mozilla/5.0 (compatible; SemrushBot/7~bl; +http://www.semrush.com/bot.html)"
74.7.242.41 - - [14/Apr/2026:05:25:56 +0000] "GET /shop/pg/16201253239 HTTP/1.1" 500 1004 "http://www.elementalmill.com" "Mozilla/5.0 AppleWebKit/537.36 (KHTML, like Gecko; compatible; GPTBot/1.3; +https://openai.com/gptbot)"
185.191.171.16 - - [14/Apr/2026:05:26:37 +0000] "GET /shop/pg/16201465895 HTTP/1.1" 500 164 "-" "Mozilla/5.0 (compatible; SemrushBot/7~bl; +http://www.semrush.com/bot.html)"
74.7.242.41 - - [14/Apr/2026:05:27:18 +0000] "GET /shop/pg/1157507 HTTP/1.1" 500 1004 "http://mail.elementalmill.com/shop/pg/16211532606" "Mozilla/5.0 AppleWebKit/537.36 (KHTML, like Gecko; compatible; GPTBot/1.3; +https://openai.com/gptbot)"
85.208.96.193 - - [14/Apr/2026:05:27:39 +0000] "GET /shop/pg/1619849255 HTTP/1.1" 500 164 "-" "Mozilla/5.0 (compatible; SemrushBot/7~bl; +http://www.semrush.com/bot.html)"
74.7.242.41 - - [14/Apr/2026:05:28:19 +0000] "GET /shop/pg/1235495 HTTP/1.1" 500 1004 "http://mail.elementalmill.com/shop/pg/16211610588" "Mozilla/5.0 AppleWebKit/537.36 (KHTML, like Gecko; compatible; GPTBot/1.3; +https://openai.com/gptbot)"
74.7.227.48 - - [14/Apr/2026:05:28:35 +0000] "GET /shop/pg/2184303 HTTP/1.1" 500 1004 "http://www.elementalmill.com/shop/customer/bookmark.php?shopping/products/16222184303" "Mozilla/5.0 AppleWebKit/537.36 (KHTML, like Gecko; compatible; GPTBot/1.3; +https://openai.com/gptbot)"
85.208.96.203 - - [14/Apr/2026:05:28:49 +0000] "GET /shopping/products/1619874448 HTTP/1.1" 500 164 "-" "Mozilla/5.0 (compatible; SemrushBot/7~bl; +http://www.semrush.com/bot.html)"
74.7.242.41 - - [14/Apr/2026:05:29:09 +0000] "GET /shop/pg/16201430210 HTTP/1.1" 500 1004 "http://www.elementalmill.com" "Mozilla/5.0 AppleWebKit/537.36 (KHTML, like Gecko; compatible; GPTBot/1.3; +https://openai.com/gptbot)"
74.7.242.41 - - [14/Apr/2026:05:29:19 +0000] "GET /shop/pg/2109102 HTTP/1.1" 500 1004 "http://mail.elementalmill.com/shop/customer/bookmark.php?shopping/products/16222109102" "Mozilla/5.0 AppleWebKit/537.36 (KHTML, like Gecko; compatible; GPTBot/1.3; +https://openai.com/gptbot)"
185.191.171.8 - - [14/Apr/2026:05:29:50 +0000] "GET /shop/pg/16222050973 HTTP/1.1" 500 164 "-" "Mozilla/5.0 (compatible; SemrushBot/7~bl; +http://www.semrush.com/bot.html)"
74.7.242.41 - - [14/Apr/2026:05:30:23 +0000] "GET /shop/pg/1539150 HTTP/1.1" 500 1004 "http://mail.elementalmill.com/shop/pg/16201322701" "Mozilla/5.0 AppleWebKit/537.36 (KHTML, like Gecko; compatible; GPTBot/1.3; +https://openai.com/gptbot)"
74.7.243.205 - - [14/Apr/2026:05:30:27 +0000] "GET /shop/pg/1259928 HTTP/1.1" 500 1004 "http://www.elementalmill.com.lab2454.com/shopping/products/16201259928" "Mozilla/5.0 AppleWebKit/537.36 (KHTML, like Gecko; compatible; GPTBot/1.3; +https://openai.com/gptbot)"
185.191.171.12 - - [14/Apr/2026:05:30:52 +0000] "GET /shopping/products/1619875260 HTTP/1.1" 500 164 "-" "Mozilla/5.0 (compatible; SemrushBot/7~bl; +http://www.semrush.com/bot.html)"
74.7.242.41 - - [14/Apr/2026:05:31:29 +0000] "GET /shop/pg/1463716 HTTP/1.1" 500 1004 "http://mail.elementalmill.com/shop/pg/16211838796" "Mozilla/5.0 AppleWebKit/537.36 (KHTML, like Gecko; compatible; GPTBot/1.3; +https://openai.com/gptbot)"
185.191.171.12 - - [14/Apr/2026:05:31:53 +0000] "GET /shopping/products/1619940493 HTTP/1.1" 500 164 "-" "Mozilla/5.0 (compatible; SemrushBot/7~bl; +http://www.semrush.com/bot.html)"
74.7.242.41 - - [14/Apr/2026:05:32:14 +0000] "GET /shop/pg/16211956817 HTTP/1.1" 500 1004 "http://www.elementalmill.com" "Mozilla/5.0 AppleWebKit/537.36 (KHTML, like Gecko; compatible; GPTBot/1.3; +https://openai.com/gptbot)"
74.7.242.41 - - [14/Apr/2026:05:32:30 +0000] "GET /shop/pg/1271472 HTTP/1.1" 500 1004 "http://mail.elementalmill.com/shop/pg/16211646563" "Mozilla/5.0 AppleWebKit/537.36 (KHTML, like Gecko; compatible; GPTBot/1.3; +https://openai.com/gptbot)"
85.208.96.207 - - [14/Apr/2026:05:32:42 +0000] "GET /robots.txt HTTP/1.1" 500 1004 "-" "Mozilla/5.0 (compatible; SemrushBot/7~bl; +http://www.semrush.com/bot.html)"
85.208.96.209 - - [14/Apr/2026:05:32:57 +0000] "GET /shopping/products/1619933555 HTTP/1.1" 500 164 "-" "Mozilla/5.0 (compatible; SemrushBot/7~bl; +http://www.semrush.com/bot.html)"
74.7.227.48 - - [14/Apr/2026:05:33:43 +0000] "GET /shop/pg/1034224 HTTP/1.1" 500 1004 "http://www.elementalmill.com/shopping/products/16201034224" "Mozilla/5.0 AppleWebKit/537.36 (KHTML, like Gecko; compatible; GPTBot/1.3; +https://openai.com/gptbot)"
74.7.242.41 - - [14/Apr/2026:05:33:34 +0000] "GET /shop/pg/1230591 HTTP/1.1" 500 1004 "http://mail.elementalmill.com/shop/pg/16211605679" "Mozilla/5.0 AppleWebKit/537.36 (KHTML, like Gecko; compatible; GPTBot/1.3; +https://openai.com/gptbot)"
185.191.171.3 - - [14/Apr/2026:05:34:01 +0000] "GET /shopping/products/1619871870 HTTP/1.1" 500 164 "-" "Mozilla/5.0 (compatible; SemrushBot/7~bl; +http://www.semrush.com/bot.html)"
74.7.242.41 - - [14/Apr/2026:05:34:20 +0000] "GET /shop/pg/16201440701 HTTP/1.1" 500 1004 "http://www.elementalmill.com" "Mozilla/5.0 AppleWebKit/537.36 (KHTML, like Gecko; compatible; GPTBot/1.3; +https://openai.com/gptbot)"
74.7.243.205 - - [14/Apr/2026:05:34:42 +0000] "GET /shop/pg/1384238 HTTP/1.1" 500 1004 "http://www.elementalmill.com.lab2454.com/shopping/products/16201384238" "Mozilla/5.0 AppleWebKit/537.36 (KHTML, like Gecko; compatible; GPTBot/1.3; +https://openai.com/gptbot)"
74.7.227.48 - - [14/Apr/2026:05:34:46 +0000] "GET /shop/pg/2425303 HTTP/1.1" 500 1004 "http://www.elementalmill.com/shopping/products/16222425303" "Mozilla/5.0 AppleWebKit/537.36 (KHTML, like Gecko; compatible; GPTBot/1.3; +https://openai.com/gptbot)"
85.208.96.194 - - [14/Apr/2026:05:35:02 +0000] "GET /shopping/products/1619971924 HTTP/1.1" 500 164 "-" "Mozilla/5.0 (compatible; SemrushBot/7~bl; +http://www.semrush.com/bot.html)"
74.7.242.41 - - [14/Apr/2026:05:35:38 +0000] "GET /shop/pg/1220130 HTTP/1.1" 500 1004 "http://mail.elementalmill.com/shop/pg/16211595224" "Mozilla/5.0 AppleWebKit/537.36 (KHTML, like Gecko; compatible; GPTBot/1.3; +https://openai.com/gptbot)"
185.191.171.8 - - [14/Apr/2026:05:36:06 +0000] "GET /shop/pg/265528 HTTP/1.1" 500 164 "-" "Mozilla/5.0 (compatible; SemrushBot/7~bl; +http://www.semrush.com/bot.html)"
74.7.242.41 - - [14/Apr/2026:05:36:42 +0000] "GET /shop/pg/1803309 HTTP/1.1" 500 1004 "http://mail.elementalmill.com/shopping/products/16211803309" "Mozilla/5.0 AppleWebKit/537.36 (KHTML, like Gecko; compatible; GPTBot/1.3; +https://openai.com/gptbot)"
185.191.171.14 - - [14/Apr/2026:05:37:09 +0000] "GET /shopping/products/1619901259 HTTP/1.1" 500 164 "-" "Mozilla/5.0 (compatible; SemrushBot/7~bl; +http://www.semrush.com/bot.html)"
223.206.58.78 - - [14/Apr/2026:05:37:19 +0000] "GET /wp-json/wp/v2/posts HTTP/1.1" 500 1004 "-" "Mozilla/5.0 (Windows NT 10.0; Win64; x64) AppleWebKit/537.36 (KHTML, like Gecko) Chrome/120.0.0.0 Safari/537.36"
74.7.227.48 - - [14/Apr/2026:05:36:57 +0000] "GET /shop/pg/2097730 HTTP/1.1" 500 1004 "http://www.elementalmill.com/shop/customer/bookmark.php?shopping/products/16222097730" "Mozilla/5.0 AppleWebKit/537.36 (KHTML, like Gecko; compatible; GPTBot/1.3; +https://openai.com/gptbot)"
74.7.242.41 - - [14/Apr/2026:05:37:47 +0000] "GET /shop/pg/1638592 HTTP/1.1" 500 1004 "http://mail.elementalmill.com/shop/pg/16201422138" "Mozilla/5.0 AppleWebKit/537.36 (KHTML, like Gecko; compatible; GPTBot/1.3; +https://openai.com/gptbot)"
185.191.171.7 - - [14/Apr/2026:05:38:10 +0000] "GET /shop/pg/1731627 HTTP/1.1" 500 164 "-" "Mozilla/5.0 (compatible; SemrushBot/7~bl; +http://www.semrush.com/bot.html)"
74.7.227.48 - - [14/Apr/2026:05:38:00 +0000] "GET /shop/pg/2433600 HTTP/1.1" 500 1004 "http://www.elementalmill.com/shop/customer/bookmark.php?shopping/products/16222433600" "Mozilla/5.0 AppleWebKit/537.36 (KHTML, like Gecko; compatible; GPTBot/1.3; +https://openai.com/gptbot)"
66.249.64.33 - - [14/Apr/2026:05:38:51 +0000] "GET /odr/coupon/couponListView?target=2 HTTP/1.1" 200 27604 "-" "Mozilla/5.0 (Linux; Android 6.0.1; Nexus 5X Build/MMB29P) AppleWebKit/537.36 (KHTML, like Gecko) Chrome/146.0.7680.177 Mobile Safari/537.36 (compatible; GoogleOther)"
85.208.96.205 - - [14/Apr/2026:05:39:11 +0000] "GET /shopping/products/1619951334 HTTP/1.1" 500 164 "-" "Mozilla/5.0 (compatible; SemrushBot/7~bl; +http://www.semrush.com/bot.html)"
74.7.242.41 - - [14/Apr/2026:05:38:48 +0000] "GET /shop/pg/1626082 HTTP/1.1" 500 1004 "http://mail.elementalmill.com/shop/pg/16212001186" "Mozilla/5.0 AppleWebKit/537.36 (KHTML, like Gecko; compatible; GPTBot/1.3; +https://openai.com/gptbot)"
74.7.242.41 - - [14/Apr/2026:05:39:52 +0000] "GET /shop/pg/1460207 HTTP/1.1" 500 1004 "http://mail.elementalmill.com/shop/pg/16201243751" "Mozilla/5.0 AppleWebKit/537.36 (KHTML, like Gecko; compatible; GPTBot/1.3; +https://openai.com/gptbot)"
185.191.171.14 - - [14/Apr/2026:05:40:15 +0000] "GET /shopping/products/1619948528 HTTP/1.1" 500 164 "-" "Mozilla/5.0 (compatible; SemrushBot/7~bl; +http://www.semrush.com/bot.html)"
74.7.227.185 - - [14/Apr/2026:05:40:20 +0000] "GET /shopping/products/16211873456 HTTP/1.1" 500 1004 "http://elementalmill.com.lab2454.com/shopping/products/16211988571" "Mozilla/5.0 AppleWebKit/537.36 (KHTML, like Gecko; compatible; GPTBot/1.3; +https://openai.com/gptbot)"
74.7.242.41 - - [14/Apr/2026:05:40:56 +0000] "GET /shop/pg/1132808 HTTP/1.1" 500 1004 "http://mail.elementalmill.com/shop/pg/16211507904" "Mozilla/5.0 AppleWebKit/537.36 (KHTML, like Gecko; compatible; GPTBot/1.3; +https://openai.com/gptbot)"
74.7.227.48 - - [14/Apr/2026:05:41:09 +0000] "GET /shop/pg/2467426 HTTP/1.1" 500 1004 "http://www.elementalmill.com/shopping/products/16222467426" "Mozilla/5.0 AppleWebKit/537.36 (KHTML, like Gecko; compatible; GPTBot/1.3; +https://openai.com/gptbot)"
74.7.227.185 - - [14/Apr/2026:05:41:22 +0000] "GET /shopping/products/16232502796 HTTP/1.1" 500 1004 "http://elementalmill.com.lab2454.com/shopping/products/16201033658" "Mozilla/5.0 AppleWebKit/537.36 (KHTML, like Gecko; compatible; GPTBot/1.3; +https://openai.com/gptbot)"
185.191.171.9 - - [14/Apr/2026:05:41:16 +0000] "GET /shopping/products/1619975312 HTTP/1.1" 500 164 "-" "Mozilla/5.0 (compatible; SemrushBot/7~bl; +http://www.semrush.com/bot.html)"
85.208.96.210 - - [14/Apr/2026:05:43:02 +0000] "GET /shop/pg/2345216 HTTP/1.1" 500 164 "-" "Mozilla/5.0 (compatible; SemrushBot/7~bl; +http://www.semrush.com/bot.html)"
74.7.242.41 - - [14/Apr/2026:05:43:02 +0000] "GET /shop/pg/2441640 HTTP/1.1" 500 1004 "http://mail.elementalmill.com/shopping/products/16222441640" "Mozilla/5.0 AppleWebKit/537.36 (KHTML, like Gecko; compatible; GPTBot/1.3; +https://openai.com/gptbot)"
74.7.227.48 - - [14/Apr/2026:05:43:15 +0000] "GET /shop/pg/2489386 HTTP/1.1" 500 1004 "http://www.elementalmill.com/shop/customer/bookmark.php?shopping/products/16222489386" "Mozilla/5.0 AppleWebKit/537.36 (KHTML, like Gecko; compatible; GPTBot/1.3; +https://openai.com/gptbot)"
85.208.96.210 - - [14/Apr/2026:05:44:04 +0000] "GET /shopping/products/1619937883 HTTP/1.1" 500 164 "-" "Mozilla/5.0 (compatible; SemrushBot/7~bl; +http://www.semrush.com/bot.html)"
74.7.242.41 - - [14/Apr/2026:05:44:03 +0000] "GET /shop/pg/1665834 HTTP/1.1" 500 1004 "http://mail.elementalmill.com/shop/pg/16201449367" "Mozilla/5.0 AppleWebKit/537.36 (KHTML, like Gecko; compatible; GPTBot/1.3; +https://openai.com/gptbot)"
74.7.227.48 - - [14/Apr/2026:05:44:18 +0000] "GET /shop/pg/2502128 HTTP/1.1" 500 1004 "http://www.elementalmill.com/shopping/products/16232502128" "Mozilla/5.0 AppleWebKit/537.36 (KHTML, like Gecko; compatible; GPTBot/1.3; +https://openai.com/gptbot)"
74.7.242.41 - - [14/Apr/2026:05:44:52 +0000] "GET /shop/pg/16201334611 HTTP/1.1" 500 1004 "http://www.elementalmill.com" "Mozilla/5.0 AppleWebKit/537.36 (KHTML, like Gecko; compatible; GPTBot/1.3; +https://openai.com/gptbot)"
185.191.171.1 - - [14/Apr/2026:05:45:05 +0000] "GET /shopping/products/1619925444 HTTP/1.1" 500 164 "-" "Mozilla/5.0 (compatible; SemrushBot/7~bl; +http://www.semrush.com/bot.html)"
74.7.243.205 - - [14/Apr/2026:05:45:11 +0000] "GET /shop/pg/2596931 HTTP/1.1" 500 1004 "http://www.elementalmill.com.lab2454.com/shopping/products/16232596931" "Mozilla/5.0 AppleWebKit/537.36 (KHTML, like Gecko; compatible; GPTBot/1.3; +https://openai.com/gptbot)"
74.7.242.41 - - [14/Apr/2026:05:45:53 +0000] "GET /shop/pg/16211588586 HTTP/1.1" 500 1004 "http://www.elementalmill.com" "Mozilla/5.0 AppleWebKit/537.36 (KHTML, like Gecko; compatible; GPTBot/1.3; +https://openai.com/gptbot)"
85.208.96.211 - - [14/Apr/2026:05:46:07 +0000] "GET /shopping/products/1619958981 HTTP/1.1" 500 164 "-" "Mozilla/5.0 (compatible; SemrushBot/7~bl; +http://www.semrush.com/bot.html)"
74.7.242.41 - - [14/Apr/2026:05:46:11 +0000] "GET /shop/pg/1587087 HTTP/1.1" 500 1004 "http://mail.elementalmill.com/shop/customer/bookmark.php?shopping/products/16211587087" "Mozilla/5.0 AppleWebKit/537.36 (KHTML, like Gecko; compatible; GPTBot/1.3; +https://openai.com/gptbot)"
74.7.227.185 - - [14/Apr/2026:05:46:34 +0000] "GET /shopping/products/16201169224 HTTP/1.1" 500 1004 "http://elementalmill.com.lab2454.com/shopping/products/16201180865" "Mozilla/5.0 AppleWebKit/537.36 (KHTML, like Gecko; compatible; GPTBot/1.3; +https://openai.com/gptbot)"
85.208.96.205 - - [14/Apr/2026:05:47:08 +0000] "GET /shopping/products/1619970973 HTTP/1.1" 500 164 "-" "Mozilla/5.0 (compatible; SemrushBot/7~bl; +http://www.semrush.com/bot.html)"
66.249.64.33 - - [14/Apr/2026:05:47:11 +0000] "GET /jadma HTTP/1.1" 200 27357 "-" "Mozilla/5.0 (Linux; Android 6.0.1; Nexus 5X Build/MMB29P) AppleWebKit/537.36 (KHTML, like Gecko) Chrome/146.0.7680.177 Mobile Safari/537.36 (compatible; GoogleOther)"
74.7.242.41 - - [14/Apr/2026:05:47:17 +0000] "GET /shop/pg/2351789 HTTP/1.1" 500 1004 "http://mail.elementalmill.com/shopping/products/16222351789" "Mozilla/5.0 AppleWebKit/537.36 (KHTML, like Gecko; compatible; GPTBot/1.3; +https://openai.com/gptbot)"
74.7.227.185 - - [14/Apr/2026:05:47:33 +0000] "GET /shopping/products/16211814279 HTTP/1.1" 500 1004 "http://elementalmill.com.lab2454.com/shopping/products/16201422346" "Mozilla/5.0 AppleWebKit/537.36 (KHTML, like Gecko; compatible; GPTBot/1.3; +https://openai.com/gptbot)"
185.191.171.1 - - [14/Apr/2026:05:48:10 +0000] "GET /shopping/products/1619982399 HTTP/1.1" 500 164 "-" "Mozilla/5.0 (compatible; SemrushBot/7~bl; +http://www.semrush.com/bot.html)"
74.7.242.41 - - [14/Apr/2026:05:48:17 +0000] "GET /shop/pg/1423076 HTTP/1.1" 500 1004 "http://mail.elementalmill.com/shop/pg/16201206623" "Mozilla/5.0 AppleWebKit/537.36 (KHTML, like Gecko; compatible; GPTBot/1.3; +https://openai.com/gptbot)"
40.77.167.126 - - [14/Apr/2026:05:48:50 +0000] "GET /shop/89016649844.html HTTP/1.1" 200 27274 "-" "Mozilla/5.0 AppleWebKit/537.36 (KHTML, like Gecko; compatible; bingbot/2.0; +http://www.bing.com/bingbot.htm) Chrome/116.0.1938.76 Safari/537.36"
40.77.167.143 - - [14/Apr/2026:05:48:54 +0000] "GET /shop/890910538865.html HTTP/1.1" 200 27455 "-" "Mozilla/5.0 AppleWebKit/537.36 (KHTML, like Gecko; compatible; bingbot/2.0; +http://www.bing.com/bingbot.htm) Chrome/116.0.1938.76 Safari/537.36"
185.191.171.1 - - [14/Apr/2026:05:49:11 +0000] "GET /shopping/products/1619964260 HTTP/1.1" 500 164 "-" "Mozilla/5.0 (compatible; SemrushBot/7~bl; +http://www.semrush.com/bot.html)"
74.7.242.41 - - [14/Apr/2026:05:49:18 +0000] "GET /shop/pg/1792137 HTTP/1.1" 500 1004 "http://mail.elementalmill.com/shopping/products/16211792137" "Mozilla/5.0 AppleWebKit/537.36 (KHTML, like Gecko; compatible; GPTBot/1.3; +https://openai.com/gptbot)"
185.191.171.9 - - [14/Apr/2026:05:50:13 +0000] "GET /shopping/products/1619940225 HTTP/1.1" 500 164 "-" "Mozilla/5.0 (compatible; SemrushBot/7~bl; +http://www.semrush.com/bot.html)"
74.7.242.41 - - [14/Apr/2026:05:50:19 +0000] "GET /shop/pg/1197693 HTTP/1.1" 500 1004 "http://mail.elementalmill.com/shopping/products/16201197693" "Mozilla/5.0 AppleWebKit/537.36 (KHTML, like Gecko; compatible; GPTBot/1.3; +https://openai.com/gptbot)"
40.77.167.126 - - [14/Apr/2026:05:50:21 +0000] "GET /shop/88932880944.html HTTP/1.1" 200 27370 "-" "Mozilla/5.0 AppleWebKit/537.36 (KHTML, like Gecko; compatible; bingbot/2.0; +http://www.bing.com/bingbot.htm) Chrome/116.0.1938.76 Safari/537.36"
74.7.227.48 - - [14/Apr/2026:05:50:31 +0000] "GET /shop/pg/1987601 HTTP/1.1" 500 1004 "http://www.elementalmill.com/shopping/products/16211987601" "Mozilla/5.0 AppleWebKit/537.36 (KHTML, like Gecko; compatible; GPTBot/1.3; +https://openai.com/gptbot)"
185.191.171.2 - - [14/Apr/2026:05:51:14 +0000] "GET /shop/pg/16222096157 HTTP/1.1" 500 164 "-" "Mozilla/5.0 (compatible; SemrushBot/7~bl; +http://www.semrush.com/bot.html)"
74.7.242.41 - - [14/Apr/2026:05:51:28 +0000] "GET /shop/pg/2176180 HTTP/1.1" 500 1004 "http://mail.elementalmill.com/shop/customer/bookmark.php?shopping/products/16222176180" "Mozilla/5.0 AppleWebKit/537.36 (KHTML, like Gecko; compatible; GPTBot/1.3; +https://openai.com/gptbot)"
85.208.96.209 - - [14/Apr/2026:05:52:15 +0000] "GET /shopping/products/1619981945 HTTP/1.1" 500 164 "-" "Mozilla/5.0 (compatible; SemrushBot/7~bl; +http://www.semrush.com/bot.html)"
74.7.242.41 - - [14/Apr/2026:05:52:29 +0000] "GET /shop/pg/1489697 HTTP/1.1" 500 1004 "http://mail.elementalmill.com/shop/pg/16211864778" "Mozilla/5.0 AppleWebKit/537.36 (KHTML, like Gecko; compatible; GPTBot/1.3; +https://openai.com/gptbot)"
74.7.227.48 - - [14/Apr/2026:05:52:36 +0000] "GET /shop/pg/2360768 HTTP/1.1" 500 1004 "http://www.elementalmill.com/shop/customer/bookmark.php?shopping/products/16222360768" "Mozilla/5.0 AppleWebKit/537.36 (KHTML, like Gecko; compatible; GPTBot/1.3; +https://openai.com/gptbot)"
74.7.227.185 - - [14/Apr/2026:05:52:47 +0000] "GET /shopping/products/16232608261 HTTP/1.1" 500 1004 "http://elementalmill.com.lab2454.com/shopping/products/16232601752" "Mozilla/5.0 AppleWebKit/537.36 (KHTML, like Gecko; compatible; GPTBot/1.3; +https://openai.com/gptbot)"
40.77.167.143 - - [14/Apr/2026:05:53:04 +0000] "GET /shop/89069354902.html HTTP/1.1" 200 26388 "-" "Mozilla/5.0 AppleWebKit/537.36 (KHTML, like Gecko; compatible; bingbot/2.0; +http://www.bing.com/bingbot.htm) Chrome/116.0.1938.76 Safari/537.36"
85.208.96.195 - - [14/Apr/2026:05:53:16 +0000] "GET /shop/pg/16211594636 HTTP/1.1" 500 164 "-" "Mozilla/5.0 (compatible; SemrushBot/7~bl; +http://www.semrush.com/bot.html)"
85.208.96.197 - - [14/Apr/2026:05:53:17 +0000] "GET /robots.txt HTTP/1.1" 500 1004 "-" "Mozilla/5.0 (compatible; SemrushBot/7~bl; +http://www.semrush.com/bot.html)"
74.7.242.41 - - [14/Apr/2026:05:53:34 +0000] "GET /shop/pg/1363697 HTTP/1.1" 500 1004 "http://mail.elementalmill.com/shopping/products/16201363697" "Mozilla/5.0 AppleWebKit/537.36 (KHTML, like Gecko; compatible; GPTBot/1.3; +https://openai.com/gptbot)"
40.77.167.40 - - [14/Apr/2026:05:53:55 +0000] "GET /shopping/products/16185609371 HTTP/1.1" 200 27563 "-" "Mozilla/5.0 AppleWebKit/537.36 (KHTML, like Gecko; compatible; bingbot/2.0; +http://www.bing.com/bingbot.htm) Chrome/116.0.1938.76 Safari/537.36"
85.208.96.194 - - [14/Apr/2026:05:54:17 +0000] "GET /shopping/products/1619938399 HTTP/1.1" 500 164 "-" "Mozilla/5.0 (compatible; SemrushBot/7~bl; +http://www.semrush.com/bot.html)"
74.7.242.41 - - [14/Apr/2026:05:54:35 +0000] "GET /shop/pg/1312425 HTTP/1.1" 500 1004 "http://mail.elementalmill.com/shop/customer/bookmark.php?shopping/products/16201312425" "Mozilla/5.0 AppleWebKit/537.36 (KHTML, like Gecko; compatible; GPTBot/1.3; +https://openai.com/gptbot)"
74.7.227.48 - - [14/Apr/2026:05:54:41 +0000] "GET /shop/pg/1949198 HTTP/1.1" 500 1004 "http://www.elementalmill.com/shopping/products/16211949198" "Mozilla/5.0 AppleWebKit/537.36 (KHTML, like Gecko; compatible; GPTBot/1.3; +https://openai.com/gptbot)"
185.191.171.16 - - [14/Apr/2026:05:55:19 +0000] "GET /shopping/products/1619942437 HTTP/1.1" 500 164 "-" "Mozilla/5.0 (compatible; SemrushBot/7~bl; +http://www.semrush.com/bot.html)"
74.7.242.41 - - [14/Apr/2026:05:55:20 +0000] "GET /shop/pg/16201281405 HTTP/1.1" 500 1004 "http://www.elementalmill.com" "Mozilla/5.0 AppleWebKit/537.36 (KHTML, like Gecko; compatible; GPTBot/1.3; +https://openai.com/gptbot)"
74.7.242.41 - - [14/Apr/2026:05:55:36 +0000] "GET /shop/pg/1514219 HTTP/1.1" 500 1004 "http://mail.elementalmill.com/shop/customer/bookmark.php?shopping/products/16211514219" "Mozilla/5.0 AppleWebKit/537.36 (KHTML, like Gecko; compatible; GPTBot/1.3; +https://openai.com/gptbot)"
185.191.171.13 - - [14/Apr/2026:05:56:20 +0000] "GET /shop/pg/16201497847 HTTP/1.1" 500 164 "-" "Mozilla/5.0 (compatible; SemrushBot/7~bl; +http://www.semrush.com/bot.html)"
74.7.227.48 - - [14/Apr/2026:05:56:44 +0000] "GET /shop/pg/1636986 HTTP/1.1" 500 1004 "http://www.elementalmill.com/shopping/products/16211636986" "Mozilla/5.0 AppleWebKit/537.36 (KHTML, like Gecko; compatible; GPTBot/1.3; +https://openai.com/gptbot)"
85.208.96.207 - - [14/Apr/2026:05:57:21 +0000] "GET /shopping/products/1619959476 HTTP/1.1" 500 164 "-" "Mozilla/5.0 (compatible; SemrushBot/7~bl; +http://www.semrush.com/bot.html)"
74.7.242.41 - - [14/Apr/2026:05:57:44 +0000] "GET /shop/pg/1396929 HTTP/1.1" 500 1004 "http://mail.elementalmill.com/shopping/products/16201396929" "Mozilla/5.0 AppleWebKit/537.36 (KHTML, like Gecko; compatible; GPTBot/1.3; +https://openai.com/gptbot)"
185.191.171.11 - - [14/Apr/2026:05:58:22 +0000] "GET /shopping/products/1619981620 HTTP/1.1" 500 164 "-" "Mozilla/5.0 (compatible; SemrushBot/7~bl; +http://www.semrush.com/bot.html)"
74.7.242.41 - - [14/Apr/2026:05:58:35 +0000] "GET /shop/pg/16211528918 HTTP/1.1" 500 1004 "http://www.elementalmill.com" "Mozilla/5.0 AppleWebKit/537.36 (KHTML, like Gecko; compatible; GPTBot/1.3; +https://openai.com/gptbot)"
74.7.242.41 - - [14/Apr/2026:05:58:50 +0000] "GET /shop/pg/1692648 HTTP/1.1" 500 1004 "http://mail.elementalmill.com/shop/pg/16201476184" "Mozilla/5.0 AppleWebKit/537.36 (KHTML, like Gecko; compatible; GPTBot/1.3; +https://openai.com/gptbot)"
40.77.167.41 - - [14/Apr/2026:05:59:11 +0000] "GET /shop/891355892311.html HTTP/1.1" 200 27312 "-" "Mozilla/5.0 AppleWebKit/537.36 (KHTML, like Gecko; compatible; bingbot/2.0; +http://www.bing.com/bingbot.htm) Chrome/116.0.1938.76 Safari/537.36"
85.208.96.198 - - [14/Apr/2026:05:59:23 +0000] "GET /shopping/products/1619947297 HTTP/1.1" 500 164 "-" "Mozilla/5.0 (compatible; SemrushBot/7~bl; +http://www.semrush.com/bot.html)"
74.7.242.41 - - [14/Apr/2026:05:59:53 +0000] "GET /shop/pg/1480029 HTTP/1.1" 500 1004 "http://mail.elementalmill.com/shop/customer/bookmark.php?shopping/products/16201480029" "Mozilla/5.0 AppleWebKit/537.36 (KHTML, like Gecko; compatible; GPTBot/1.3; +https://openai.com/gptbot)"
74.7.227.185 - - [14/Apr/2026:06:00:10 +0000] "GET /shopping/products/16211674625 HTTP/1.1" 500 1004 "http://elementalmill.com.lab2454.com/shopping/products/16201395982" "Mozilla/5.0 AppleWebKit/537.36 (KHTML, like Gecko; compatible; GPTBot/1.3; +https://openai.com/gptbot)"
185.191.171.4 - - [14/Apr/2026:06:00:24 +0000] "GET /shop/pg/1618418554 HTTP/1.1" 500 164 "-" "Mozilla/5.0 (compatible; SemrushBot/7~bl; +http://www.semrush.com/bot.html)"
74.7.227.48 - - [14/Apr/2026:06:00:57 +0000] "GET /shop/pg/2141551 HTTP/1.1" 500 1004 "http://www.elementalmill.com/shopping/products/16222141551" "Mozilla/5.0 AppleWebKit/537.36 (KHTML, like Gecko; compatible; GPTBot/1.3; +https://openai.com/gptbot)"
74.7.242.41 - - [14/Apr/2026:06:00:58 +0000] "GET /shop/pg/1350214 HTTP/1.1" 500 1004 "http://mail.elementalmill.com/shop/pg/16201133760" "Mozilla/5.0 AppleWebKit/537.36 (KHTML, like Gecko; compatible; GPTBot/1.3; +https://openai.com/gptbot)"
40.77.167.41 - - [14/Apr/2026:06:00:59 +0000] "GET /sitemap269.xml HTTP/1.1" 200 6087 "-" "Mozilla/5.0 AppleWebKit/537.36 (KHTML, like Gecko; compatible; bingbot/2.0; +http://www.bing.com/bingbot.htm) Chrome/116.0.1938.76 Safari/537.36"
185.191.171.5 - - [14/Apr/2026:06:01:25 +0000] "GET /shopping/products/1619936580 HTTP/1.1" 500 164 "-" "Mozilla/5.0 (compatible; SemrushBot/7~bl; +http://www.semrush.com/bot.html)"
74.7.242.41 - - [14/Apr/2026:06:02:03 +0000] "GET /shop/pg/2249415 HTTP/1.1" 500 1004 "http://mail.elementalmill.com/shopping/products/16222249415" "Mozilla/5.0 AppleWebKit/537.36 (KHTML, like Gecko; compatible; GPTBot/1.3; +https://openai.com/gptbot)"
185.191.171.1 - - [14/Apr/2026:06:02:27 +0000] "GET /shop/pg/1619628382 HTTP/1.1" 500 164 "-" "Mozilla/5.0 (compatible; SemrushBot/7~bl; +http://www.semrush.com/bot.html)"
74.7.242.41 - - [14/Apr/2026:06:03:05 +0000] "GET /shop/pg/1952516 HTTP/1.1" 500 1004 "http://mail.elementalmill.com/shopping/products/16211952516" "Mozilla/5.0 AppleWebKit/537.36 (KHTML, like Gecko; compatible; GPTBot/1.3; +https://openai.com/gptbot)"
185.191.171.11 - - [14/Apr/2026:06:03:28 +0000] "GET /shopping/products/1619877038 HTTP/1.1" 500 164 "-" "Mozilla/5.0 (compatible; SemrushBot/7~bl; +http://www.semrush.com/bot.html)"
66.249.64.33 - - [14/Apr/2026:06:03:52 +0000] "GET /brand/3101/ HTTP/1.1" 200 27216 "-" "Mozilla/5.0 (Linux; Android 6.0.1; Nexus 5X Build/MMB29P) AppleWebKit/537.36 (KHTML, like Gecko) Chrome/146.0.7680.177 Mobile Safari/537.36 (compatible; GoogleOther)"
74.7.242.41 - - [14/Apr/2026:06:04:08 +0000] "GET /shop/pg/1575905 HTTP/1.1" 500 1004 "http://mail.elementalmill.com/shop/pg/16201359443" "Mozilla/5.0 AppleWebKit/537.36 (KHTML, like Gecko; compatible; GPTBot/1.3; +https://openai.com/gptbot)"
85.208.96.193 - - [14/Apr/2026:06:04:29 +0000] "GET /shopping/products/1619958638 HTTP/1.1" 500 164 "-" "Mozilla/5.0 (compatible; SemrushBot/7~bl; +http://www.semrush.com/bot.html)"
74.7.227.185 - - [14/Apr/2026:06:05:19 +0000] "GET /shopping/products/16211527602 HTTP/1.1" 500 1004 "http://elementalmill.com.lab2454.com/shop/pg/16222082704" "Mozilla/5.0 AppleWebKit/537.36 (KHTML, like Gecko; compatible; GPTBot/1.3; +https://openai.com/gptbot)"
185.191.171.8 - - [14/Apr/2026:06:05:29 +0000] "GET /shop/pg/16222160570 HTTP/1.1" 500 164 "-" "Mozilla/5.0 (compatible; SemrushBot/7~bl; +http://www.semrush.com/bot.html)"
74.7.227.48 - - [14/Apr/2026:06:06:12 +0000] "GET /shop/pg/1208004 HTTP/1.1" 500 1004 "http://www.elementalmill.com/shopping/products/16201208004" "Mozilla/5.0 AppleWebKit/537.36 (KHTML, like Gecko; compatible; GPTBot/1.3; +https://openai.com/gptbot)"
74.7.242.41 - - [14/Apr/2026:06:06:14 +0000] "GET /shop/pg/1552397 HTTP/1.1" 500 1004 "http://mail.elementalmill.com/shopping/products/16211552397" "Mozilla/5.0 AppleWebKit/537.36 (KHTML, like Gecko; compatible; GPTBot/1.3; +https://openai.com/gptbot)"
85.208.96.199 - - [14/Apr/2026:06:06:30 +0000] "GET /shopping/products/1619987118 HTTP/1.1" 500 164 "-" "Mozilla/5.0 (compatible; SemrushBot/7~bl; +http://www.semrush.com/bot.html)"
74.7.242.41 - - [14/Apr/2026:06:06:54 +0000] "GET /shop/pg/16201484158 HTTP/1.1" 500 1004 "http://www.elementalmill.com" "Mozilla/5.0 AppleWebKit/537.36 (KHTML, like Gecko; compatible; GPTBot/1.3; +https://openai.com/gptbot)"
74.7.227.48 - - [14/Apr/2026:06:07:16 +0000] "GET /shop/pg/2057271 HTTP/1.1" 500 1004 "http://www.elementalmill.com/shopping/products/16222057271" "Mozilla/5.0 AppleWebKit/537.36 (KHTML, like Gecko; compatible; GPTBot/1.3; +https://openai.com/gptbot)"
74.7.242.41 - - [14/Apr/2026:06:07:17 +0000] "GET /shop/pg/1257608 HTTP/1.1" 500 1004 "http://mail.elementalmill.com/shop/pg/16211632710" "Mozilla/5.0 AppleWebKit/537.36 (KHTML, like Gecko; compatible; GPTBot/1.3; +https://openai.com/gptbot)"
185.191.171.9 - - [14/Apr/2026:06:07:32 +0000] "GET /shop/pg/16222057450 HTTP/1.1" 500 164 "-" "Mozilla/5.0 (compatible; SemrushBot/7~bl; +http://www.semrush.com/bot.html)"
74.7.242.41 - - [14/Apr/2026:06:07:57 +0000] "GET /shop/pg/16211699447 HTTP/1.1" 500 1004 "http://www.elementalmill.com" "Mozilla/5.0 AppleWebKit/537.36 (KHTML, like Gecko; compatible; GPTBot/1.3; +https://openai.com/gptbot)"
74.7.227.48 - - [14/Apr/2026:06:08:20 +0000] "GET /shop/pg/1160304 HTTP/1.1" 500 1004 "http://www.elementalmill.com/shopping/products/16201160304" "Mozilla/5.0 AppleWebKit/537.36 (KHTML, like Gecko; compatible; GPTBot/1.3; +https://openai.com/gptbot)"
74.7.242.41 - - [14/Apr/2026:06:08:23 +0000] "GET /shop/pg/2412055 HTTP/1.1" 500 1004 "http://mail.elementalmill.com/shopping/products/16222412055" "Mozilla/5.0 AppleWebKit/537.36 (KHTML, like Gecko; compatible; GPTBot/1.3; +https://openai.com/gptbot)"
185.191.171.11 - - [14/Apr/2026:06:08:33 +0000] "GET /shopping/products/1619943106 HTTP/1.1" 500 164 "-" "Mozilla/5.0 (compatible; SemrushBot/7~bl; +http://www.semrush.com/bot.html)"
66.249.64.35 - - [14/Apr/2026:06:09:26 +0000] "GET /robots.txt HTTP/1.1" 200 362 "-" "Mozilla/5.0 (compatible; Googlebot/2.1; +http://www.google.com/bot.html)"
74.7.242.41 - - [14/Apr/2026:06:09:28 +0000] "GET /shop/pg/2581663 HTTP/1.1" 500 1004 "http://mail.elementalmill.com/shopping/products/16232581663" "Mozilla/5.0 AppleWebKit/537.36 (KHTML, like Gecko; compatible; GPTBot/1.3; +https://openai.com/gptbot)"
185.191.171.12 - - [14/Apr/2026:06:09:35 +0000] "GET /shopping/products/1619976470 HTTP/1.1" 500 164 "-" "Mozilla/5.0 (compatible; SemrushBot/7~bl; +http://www.semrush.com/bot.html)"
74.7.242.41 - - [14/Apr/2026:06:10:09 +0000] "GET /shop/pg/16211956912 HTTP/1.1" 500 1004 "http://www.elementalmill.com" "Mozilla/5.0 AppleWebKit/537.36 (KHTML, like Gecko; compatible; GPTBot/1.3; +https://openai.com/gptbot)"
74.7.243.205 - - [14/Apr/2026:06:10:14 +0000] "GET /shop/pg/2381301 HTTP/1.1" 500 1004 "http://www.elementalmill.com.lab2454.com/shopping/products/16222381301" "Mozilla/5.0 AppleWebKit/537.36 (KHTML, like Gecko; compatible; GPTBot/1.3; +https://openai.com/gptbot)"
74.7.242.41 - - [14/Apr/2026:06:10:30 +0000] "GET /shop/pg/1205942 HTTP/1.1" 500 1004 "http://mail.elementalmill.com/shop/pg/16211581038" "Mozilla/5.0 AppleWebKit/537.36 (KHTML, like Gecko; compatible; GPTBot/1.3; +https://openai.com/gptbot)"
85.208.96.204 - - [14/Apr/2026:06:10:36 +0000] "GET /shopping/products/1619935524 HTTP/1.1" 500 164 "-" "Mozilla/5.0 (compatible; SemrushBot/7~bl; +http://www.semrush.com/bot.html)"
74.7.242.41 - - [14/Apr/2026:06:11:13 +0000] "GET /shop/pg/16201145199 HTTP/1.1" 500 1004 "http://www.elementalmill.com" "Mozilla/5.0 AppleWebKit/537.36 (KHTML, like Gecko; compatible; GPTBot/1.3; +https://openai.com/gptbot)"
74.7.242.41 - - [14/Apr/2026:06:11:35 +0000] "GET /shop/pg/2339108 HTTP/1.1" 500 1004 "http://mail.elementalmill.com/shopping/products/16222339108" "Mozilla/5.0 AppleWebKit/537.36 (KHTML, like Gecko; compatible; GPTBot/1.3; +https://openai.com/gptbot)"
185.191.171.8 - - [14/Apr/2026:06:11:37 +0000] "GET /shop/pg/1618332451 HTTP/1.1" 500 164 "-" "Mozilla/5.0 (compatible; SemrushBot/7~bl; +http://www.semrush.com/bot.html)"
66.249.64.35 - - [14/Apr/2026:06:12:02 +0000] "GET /888810154 HTTP/1.1" 200 28440 "-" "Mozilla/5.0 (Linux; Android 6.0.1; Nexus 5X Build/MMB29P) AppleWebKit/537.36 (KHTML, like Gecko) Chrome/146.0.7680.177 Mobile Safari/537.36 (compatible; GoogleOther)"
74.7.227.48 - - [14/Apr/2026:06:12:30 +0000] "GET /shop/pg/1544223 HTTP/1.1" 500 1004 "http://www.elementalmill.com/shopping/products/16211544223" "Mozilla/5.0 AppleWebKit/537.36 (KHTML, like Gecko; compatible; GPTBot/1.3; +https://openai.com/gptbot)"
74.7.242.41 - - [14/Apr/2026:06:12:35 +0000] "GET /shop/pg/2093486 HTTP/1.1" 500 1004 "http://mail.elementalmill.com/shopping/products/16222093486" "Mozilla/5.0 AppleWebKit/537.36 (KHTML, like Gecko; compatible; GPTBot/1.3; +https://openai.com/gptbot)"
85.208.96.203 - - [14/Apr/2026:06:12:38 +0000] "GET /shopping/products/1619957658 HTTP/1.1" 500 164 "-" "Mozilla/5.0 (compatible; SemrushBot/7~bl; +http://www.semrush.com/bot.html)"
74.7.242.41 - - [14/Apr/2026:06:13:21 +0000] "GET /shop/pg/16211700887 HTTP/1.1" 500 1004 "http://www.elementalmill.com" "Mozilla/5.0 AppleWebKit/537.36 (KHTML, like Gecko; compatible; GPTBot/1.3; +https://openai.com/gptbot)"
185.191.171.8 - - [14/Apr/2026:06:13:39 +0000] "GET /shop/pg/947242 HTTP/1.1" 500 164 "-" "Mozilla/5.0 (compatible; SemrushBot/7~bl; +http://www.semrush.com/bot.html)"
85.208.96.199 - - [14/Apr/2026:06:14:33 +0000] "GET /robots.txt HTTP/1.1" 500 1004 "-" "Mozilla/5.0 (compatible; SemrushBot/7~bl; +http://www.semrush.com/bot.html)"
74.7.227.185 - - [14/Apr/2026:06:14:39 +0000] "GET /shopping/products/16232561468 HTTP/1.1" 500 1004 "http://elementalmill.com.lab2454.com/shopping/products/16232565861" "Mozilla/5.0 AppleWebKit/537.36 (KHTML, like Gecko; compatible; GPTBot/1.3; +https://openai.com/gptbot)"
85.208.96.204 - - [14/Apr/2026:06:14:39 +0000] "GET /shopping/products/1619959337 HTTP/1.1" 500 164 "-" "Mozilla/5.0 (compatible; SemrushBot/7~bl; +http://www.semrush.com/bot.html)"
74.7.242.41 - - [14/Apr/2026:06:14:41 +0000] "GET /shop/pg/2279163 HTTP/1.1" 500 1004 "http://mail.elementalmill.com/shopping/products/16222279163" "Mozilla/5.0 AppleWebKit/537.36 (KHTML, like Gecko; compatible; GPTBot/1.3; +https://openai.com/gptbot)"
