74.7.242.41 - - [14/Apr/2026:10:04:16 +0000] "GET /shop/pg/16211603055 HTTP/1.1" 500 1004 "http://www.elementalmill.com" "Mozilla/5.0 AppleWebKit/537.36 (KHTML, like Gecko; compatible; GPTBot/1.3; +https://openai.com/gptbot)"
74.7.227.48 - - [14/Apr/2026:10:04:42 +0000] "GET /shop/pg/1303232 HTTP/1.1" 500 1004 "http://www.elementalmill.com/shopping/products/16201303232" "Mozilla/5.0 AppleWebKit/537.36 (KHTML, like Gecko; compatible; GPTBot/1.3; +https://openai.com/gptbot)"
74.7.241.175 - - [14/Apr/2026:10:04:44 +0000] "GET /robots.txt HTTP/1.1" 200 362 "-" "Mozilla/5.0 (Macintosh; Intel Mac OS X 10_15_7) AppleWebKit/537.36 (KHTML, like Gecko) Chrome/131.0.0.0 Safari/537.36; compatible; OAI-SearchBot/1.3; robots.txt; +https://openai.com/searchbot"
185.191.171.15 - - [14/Apr/2026:10:04:46 +0000] "GET /shop/pg/16211949280 HTTP/1.1" 500 164 "-" "Mozilla/5.0 (compatible; SemrushBot/7~bl; +http://www.semrush.com/bot.html)"
74.7.242.41 - - [14/Apr/2026:10:05:18 +0000] "GET /shop/pg/16211954716 HTTP/1.1" 500 1004 "http://www.elementalmill.com" "Mozilla/5.0 AppleWebKit/537.36 (KHTML, like Gecko; compatible; GPTBot/1.3; +https://openai.com/gptbot)"
85.208.96.203 - - [14/Apr/2026:10:05:47 +0000] "GET /shop/pg/395984 HTTP/1.1" 500 164 "-" "Mozilla/5.0 (compatible; SemrushBot/7~bl; +http://www.semrush.com/bot.html)"
85.208.96.196 - - [14/Apr/2026:10:06:03 +0000] "GET /robots.txt HTTP/1.1" 500 1004 "-" "Mozilla/5.0 (compatible; SemrushBot/7~bl; +http://www.semrush.com/bot.html)"
74.7.242.41 - - [14/Apr/2026:10:06:45 +0000] "GET /shop/pg/1260412 HTTP/1.1" 500 1004 "http://mail.elementalmill.com/shop/pg/16211635498" "Mozilla/5.0 AppleWebKit/537.36 (KHTML, like Gecko; compatible; GPTBot/1.3; +https://openai.com/gptbot)"
85.208.96.209 - - [14/Apr/2026:10:06:48 +0000] "GET /shop/pg/583532 HTTP/1.1" 500 164 "-" "Mozilla/5.0 (compatible; SemrushBot/7~bl; +http://www.semrush.com/bot.html)"
74.7.227.48 - - [14/Apr/2026:10:06:52 +0000] "GET /shop/pg/2532519 HTTP/1.1" 500 1004 "http://www.elementalmill.com/shopping/products/16232532519" "Mozilla/5.0 AppleWebKit/537.36 (KHTML, like Gecko; compatible; GPTBot/1.3; +https://openai.com/gptbot)"
74.7.227.185 - - [14/Apr/2026:10:07:17 +0000] "GET /shopping/products/16201153696 HTTP/1.1" 500 1004 "http://elementalmill.com.lab2454.com/shopping/products/16211751940" "Mozilla/5.0 AppleWebKit/537.36 (KHTML, like Gecko; compatible; GPTBot/1.3; +https://openai.com/gptbot)"
74.7.242.41 - - [14/Apr/2026:10:07:46 +0000] "GET /shop/pg/2372563 HTTP/1.1" 500 1004 "http://mail.elementalmill.com/shop/customer/bookmark.php?shopping/products/16222372563" "Mozilla/5.0 AppleWebKit/537.36 (KHTML, like Gecko; compatible; GPTBot/1.3; +https://openai.com/gptbot)"
85.208.96.210 - - [14/Apr/2026:10:07:49 +0000] "GET /shopping/products/1619955487 HTTP/1.1" 500 164 "-" "Mozilla/5.0 (compatible; SemrushBot/7~bl; +http://www.semrush.com/bot.html)"
85.208.96.194 - - [14/Apr/2026:10:08:50 +0000] "GET /shop/pg/1619897911 HTTP/1.1" 500 164 "-" "Mozilla/5.0 (compatible; SemrushBot/7~bl; +http://www.semrush.com/bot.html)"
74.7.242.41 - - [14/Apr/2026:10:08:50 +0000] "GET /shop/pg/1026306 HTTP/1.1" 500 1004 "http://mail.elementalmill.com/shop/pg/16232584507" "Mozilla/5.0 AppleWebKit/537.36 (KHTML, like Gecko; compatible; GPTBot/1.3; +https://openai.com/gptbot)"
74.7.227.185 - - [14/Apr/2026:10:09:21 +0000] "GET /shopping/products/16232543288 HTTP/1.1" 500 1004 "http://elementalmill.com.lab2454.com/shopping/products/16211503086" "Mozilla/5.0 AppleWebKit/537.36 (KHTML, like Gecko; compatible; GPTBot/1.3; +https://openai.com/gptbot)"
43.130.39.254 - - [14/Apr/2026:10:09:23 +0000] "GET / HTTP/1.1" 500 1004 "-" "Mozilla/5.0 (iPhone; CPU iPhone OS 13_2_3 like Mac OS X) AppleWebKit/605.1.15 (KHTML, like Gecko) Version/13.0.3 Mobile/15E148 Safari/604.1"
74.7.242.41 - - [14/Apr/2026:10:09:32 +0000] "GET /shop/pg/16232567926 HTTP/1.1" 500 1004 "http://www.elementalmill.com" "Mozilla/5.0 AppleWebKit/537.36 (KHTML, like Gecko; compatible; GPTBot/1.3; +https://openai.com/gptbot)"
66.249.64.35 - - [14/Apr/2026:10:09:47 +0000] "GET /guide/hajimete/ HTTP/1.1" 200 27733 "-" "Mozilla/5.0 (Linux; Android 6.0.1; Nexus 5X Build/MMB29P) AppleWebKit/537.36 (KHTML, like Gecko) Chrome/146.0.7680.177 Mobile Safari/537.36 (compatible; GoogleOther)"
85.208.96.198 - - [14/Apr/2026:10:09:51 +0000] "GET /shopping/products/1619953497 HTTP/1.1" 500 164 "-" "Mozilla/5.0 (compatible; SemrushBot/7~bl; +http://www.semrush.com/bot.html)"
74.7.242.41 - - [14/Apr/2026:10:09:53 +0000] "GET /shop/pg/2215344 HTTP/1.1" 500 1004 "http://mail.elementalmill.com/shopping/products/16222215344" "Mozilla/5.0 AppleWebKit/537.36 (KHTML, like Gecko; compatible; GPTBot/1.3; +https://openai.com/gptbot)"
66.249.64.35 - - [14/Apr/2026:10:10:01 +0000] "GET /888810156 HTTP/1.1" 200 28714 "-" "Mozilla/5.0 (Linux; Android 6.0.1; Nexus 5X Build/MMB29P) AppleWebKit/537.36 (KHTML, like Gecko) Chrome/146.0.7680.177 Mobile Safari/537.36 (compatible; GoogleOther)"
74.7.242.41 - - [14/Apr/2026:10:10:33 +0000] "GET /shop/pg/16201136359 HTTP/1.1" 500 1004 "http://www.elementalmill.com" "Mozilla/5.0 AppleWebKit/537.36 (KHTML, like Gecko; compatible; GPTBot/1.3; +https://openai.com/gptbot)"
185.191.171.3 - - [14/Apr/2026:10:10:52 +0000] "GET /shopping/products/1619934727 HTTP/1.1" 500 164 "-" "Mozilla/5.0 (compatible; SemrushBot/7~bl; +http://www.semrush.com/bot.html)"
74.7.242.41 - - [14/Apr/2026:10:10:55 +0000] "GET /shop/pg/1013911 HTTP/1.1" 500 1004 "http://mail.elementalmill.com/shop/customer/bookmark.php?shopping/products/16201013911" "Mozilla/5.0 AppleWebKit/537.36 (KHTML, like Gecko; compatible; GPTBot/1.3; +https://openai.com/gptbot)"
74.7.242.41 - - [14/Apr/2026:10:11:34 +0000] "GET /shop/pg/16211592335 HTTP/1.1" 500 1004 "http://www.elementalmill.com" "Mozilla/5.0 AppleWebKit/537.36 (KHTML, like Gecko; compatible; GPTBot/1.3; +https://openai.com/gptbot)"
185.191.171.6 - - [14/Apr/2026:10:11:52 +0000] "GET /shopping/products/1619922861 HTTP/1.1" 500 164 "-" "Mozilla/5.0 (compatible; SemrushBot/7~bl; +http://www.semrush.com/bot.html)"
85.208.96.196 - - [14/Apr/2026:10:12:54 +0000] "GET /shop/pg/16211561069 HTTP/1.1" 500 164 "-" "Mozilla/5.0 (compatible; SemrushBot/7~bl; +http://www.semrush.com/bot.html)"
74.7.242.41 - - [14/Apr/2026:10:13:02 +0000] "GET /shop/pg/1787931 HTTP/1.1" 500 1004 "http://mail.elementalmill.com/shopping/products/16211787931" "Mozilla/5.0 AppleWebKit/537.36 (KHTML, like Gecko; compatible; GPTBot/1.3; +https://openai.com/gptbot)"
74.7.242.41 - - [14/Apr/2026:10:13:37 +0000] "GET /shop/pg/16201103039 HTTP/1.1" 500 1004 "http://www.elementalmill.com" "Mozilla/5.0 AppleWebKit/537.36 (KHTML, like Gecko; compatible; GPTBot/1.3; +https://openai.com/gptbot)"
85.208.96.201 - - [14/Apr/2026:10:13:54 +0000] "GET /shopping/products/1619948698 HTTP/1.1" 500 164 "-" "Mozilla/5.0 (compatible; SemrushBot/7~bl; +http://www.semrush.com/bot.html)"
74.7.242.41 - - [14/Apr/2026:10:14:05 +0000] "GET /shop/pg/1021215 HTTP/1.1" 500 1004 "http://mail.elementalmill.com/shopping/products/16201021215" "Mozilla/5.0 AppleWebKit/537.36 (KHTML, like Gecko; compatible; GPTBot/1.3; +https://openai.com/gptbot)"
52.201.208.46 - - [14/Apr/2026:10:14:49 +0000] "GET / HTTP/1.1" 500 1004 "-" "Mozilla/5.0 (Windows NT 10.0; Win64; x64) AppleWebKit/537.36 (KHTML, like Gecko) Chrome/62.0.3191.0 Safari/537.36"
185.191.171.9 - - [14/Apr/2026:10:14:55 +0000] "GET /shopping/products/1619924939 HTTP/1.1" 500 164 "-" "Mozilla/5.0 (compatible; SemrushBot/7~bl; +http://www.semrush.com/bot.html)"
74.7.242.41 - - [14/Apr/2026:10:15:06 +0000] "GET /shop/pg/2483983 HTTP/1.1" 500 1004 "http://mail.elementalmill.com/shopping/products/16222483983" "Mozilla/5.0 AppleWebKit/537.36 (KHTML, like Gecko; compatible; GPTBot/1.3; +https://openai.com/gptbot)"
74.7.227.48 - - [14/Apr/2026:10:15:14 +0000] "GET /shop/pg/2082813 HTTP/1.1" 500 1004 "http://www.elementalmill.com/shopping/products/16222082813" "Mozilla/5.0 AppleWebKit/537.36 (KHTML, like Gecko; compatible; GPTBot/1.3; +https://openai.com/gptbot)"
185.191.171.9 - - [14/Apr/2026:10:15:57 +0000] "GET /shop/pg/16222036687 HTTP/1.1" 500 164 "-" "Mozilla/5.0 (compatible; SemrushBot/7~bl; +http://www.semrush.com/bot.html)"
74.7.242.41 - - [14/Apr/2026:10:16:07 +0000] "GET /shop/pg/1337913 HTTP/1.1" 500 1004 "http://mail.elementalmill.com/shop/customer/bookmark.php?shopping/products/16201337913" "Mozilla/5.0 AppleWebKit/537.36 (KHTML, like Gecko; compatible; GPTBot/1.3; +https://openai.com/gptbot)"
74.7.227.48 - - [14/Apr/2026:10:16:16 +0000] "GET /shop/pg/2009194 HTTP/1.1" 500 1004 "http://www.elementalmill.com/shopping/products/16222009194" "Mozilla/5.0 AppleWebKit/537.36 (KHTML, like Gecko; compatible; GPTBot/1.3; +https://openai.com/gptbot)"
85.208.96.193 - - [14/Apr/2026:10:16:57 +0000] "GET /shop/pg/16222047446 HTTP/1.1" 500 164 "-" "Mozilla/5.0 (compatible; SemrushBot/7~bl; +http://www.semrush.com/bot.html)"
74.7.242.41 - - [14/Apr/2026:10:17:12 +0000] "GET /shop/pg/1679564 HTTP/1.1" 500 1004 "http://mail.elementalmill.com/shop/pg/16201463099" "Mozilla/5.0 AppleWebKit/537.36 (KHTML, like Gecko; compatible; GPTBot/1.3; +https://openai.com/gptbot)"
74.7.242.41 - - [14/Apr/2026:10:17:50 +0000] "GET /shop/pg/16232649523 HTTP/1.1" 500 1004 "http://www.elementalmill.com" "Mozilla/5.0 AppleWebKit/537.36 (KHTML, like Gecko; compatible; GPTBot/1.3; +https://openai.com/gptbot)"
185.191.171.12 - - [14/Apr/2026:10:17:58 +0000] "GET /shopping/products/1619925395 HTTP/1.1" 500 164 "-" "Mozilla/5.0 (compatible; SemrushBot/7~bl; +http://www.semrush.com/bot.html)"
74.7.242.41 - - [14/Apr/2026:10:18:15 +0000] "GET /shop/pg/1598280 HTTP/1.1" 500 1004 "http://mail.elementalmill.com/shop/pg/16201381822" "Mozilla/5.0 AppleWebKit/537.36 (KHTML, like Gecko; compatible; GPTBot/1.3; +https://openai.com/gptbot)"
52.167.144.237 - - [14/Apr/2026:10:18:14 +0000] "GET /sitemap457.xml HTTP/1.1" 200 6158 "-" "Mozilla/5.0 AppleWebKit/537.36 (KHTML, like Gecko; compatible; bingbot/2.0; +http://www.bing.com/bingbot.htm) Chrome/116.0.1938.76 Safari/537.36"
74.7.227.48 - - [14/Apr/2026:10:18:22 +0000] "GET /shop/pg/1241494 HTTP/1.1" 500 1004 "http://www.elementalmill.com/shopping/products/16201241494" "Mozilla/5.0 AppleWebKit/537.36 (KHTML, like Gecko; compatible; GPTBot/1.3; +https://openai.com/gptbot)"
74.7.242.41 - - [14/Apr/2026:10:18:53 +0000] "GET /shop/pg/16201023504 HTTP/1.1" 500 1004 "http://www.elementalmill.com" "Mozilla/5.0 AppleWebKit/537.36 (KHTML, like Gecko; compatible; GPTBot/1.3; +https://openai.com/gptbot)"
85.208.96.193 - - [14/Apr/2026:10:18:59 +0000] "GET /shop/pg/2046202 HTTP/1.1" 500 164 "-" "Mozilla/5.0 (compatible; SemrushBot/7~bl; +http://www.semrush.com/bot.html)"
74.7.242.41 - - [14/Apr/2026:10:19:18 +0000] "GET /shop/pg/1604107 HTTP/1.1" 500 1004 "http://mail.elementalmill.com/shop/pg/16201387638" "Mozilla/5.0 AppleWebKit/537.36 (KHTML, like Gecko; compatible; GPTBot/1.3; +https://openai.com/gptbot)"
74.7.227.185 - - [14/Apr/2026:10:19:53 +0000] "GET /shopping/products/16201004798 HTTP/1.1" 500 1004 "http://elementalmill.com.lab2454.com/shopping/products/16193364716" "Mozilla/5.0 AppleWebKit/537.36 (KHTML, like Gecko; compatible; GPTBot/1.3; +https://openai.com/gptbot)"
185.191.171.9 - - [14/Apr/2026:10:20:00 +0000] "GET /shopping/products/1619859582 HTTP/1.1" 500 164 "-" "Mozilla/5.0 (compatible; SemrushBot/7~bl; +http://www.semrush.com/bot.html)"
74.7.242.41 - - [14/Apr/2026:10:20:19 +0000] "GET /shop/pg/2582492 HTTP/1.1" 500 1004 "http://mail.elementalmill.com/shopping/products/16232582492" "Mozilla/5.0 AppleWebKit/537.36 (KHTML, like Gecko; compatible; GPTBot/1.3; +https://openai.com/gptbot)"
74.7.242.41 - - [14/Apr/2026:10:21:00 +0000] "GET /shop/pg/16211595709 HTTP/1.1" 500 1004 "http://www.elementalmill.com" "Mozilla/5.0 AppleWebKit/537.36 (KHTML, like Gecko; compatible; GPTBot/1.3; +https://openai.com/gptbot)"
185.191.171.14 - - [14/Apr/2026:10:21:01 +0000] "GET /shopping/products/1619867331 HTTP/1.1" 500 164 "-" "Mozilla/5.0 (compatible; SemrushBot/7~bl; +http://www.semrush.com/bot.html)"
85.208.96.212 - - [14/Apr/2026:10:22:03 +0000] "GET /shopping/products/1619973714 HTTP/1.1" 500 164 "-" "Mozilla/5.0 (compatible; SemrushBot/7~bl; +http://www.semrush.com/bot.html)"
74.7.242.41 - - [14/Apr/2026:10:22:04 +0000] "GET /shop/pg/16211973309 HTTP/1.1" 500 1004 "http://www.elementalmill.com" "Mozilla/5.0 AppleWebKit/537.36 (KHTML, like Gecko; compatible; GPTBot/1.3; +https://openai.com/gptbot)"
74.7.242.41 - - [14/Apr/2026:10:22:25 +0000] "GET /shop/pg/1253324 HTTP/1.1" 500 1004 "http://mail.elementalmill.com/shop/pg/16201036859" "Mozilla/5.0 AppleWebKit/537.36 (KHTML, like Gecko; compatible; GPTBot/1.3; +https://openai.com/gptbot)"
185.191.171.17 - - [14/Apr/2026:10:23:03 +0000] "GET /shopping/products/1619958333 HTTP/1.1" 500 164 "-" "Mozilla/5.0 (compatible; SemrushBot/7~bl; +http://www.semrush.com/bot.html)"
74.7.242.41 - - [14/Apr/2026:10:23:06 +0000] "GET /shop/pg/16201131203 HTTP/1.1" 500 1004 "http://www.elementalmill.com" "Mozilla/5.0 AppleWebKit/537.36 (KHTML, like Gecko; compatible; GPTBot/1.3; +https://openai.com/gptbot)"
74.7.242.41 - - [14/Apr/2026:10:23:28 +0000] "GET /shop/pg/1557037 HTTP/1.1" 500 1004 "http://mail.elementalmill.com/shop/pg/16201340577" "Mozilla/5.0 AppleWebKit/537.36 (KHTML, like Gecko; compatible; GPTBot/1.3; +https://openai.com/gptbot)"
85.208.96.206 - - [14/Apr/2026:10:24:05 +0000] "GET /shop/pg/16211765694 HTTP/1.1" 500 164 "-" "Mozilla/5.0 (compatible; SemrushBot/7~bl; +http://www.semrush.com/bot.html)"
185.191.171.10 - - [14/Apr/2026:10:25:06 +0000] "GET /shopping/products/1619963516 HTTP/1.1" 500 164 "-" "Mozilla/5.0 (compatible; SemrushBot/7~bl; +http://www.semrush.com/bot.html)"
74.7.242.41 - - [14/Apr/2026:10:25:30 +0000] "GET /shop/pg/1364405 HTTP/1.1" 500 1004 "http://mail.elementalmill.com/shop/pg/16201147943" "Mozilla/5.0 AppleWebKit/537.36 (KHTML, like Gecko; compatible; GPTBot/1.3; +https://openai.com/gptbot)"
185.191.171.19 - - [14/Apr/2026:10:26:07 +0000] "GET /shopping/products/1619946631 HTTP/1.1" 500 164 "-" "Mozilla/5.0 (compatible; SemrushBot/7~bl; +http://www.semrush.com/bot.html)"
74.7.242.41 - - [14/Apr/2026:10:26:12 +0000] "GET /shop/pg/16191001787 HTTP/1.1" 500 1004 "http://www.elementalmill.com" "Mozilla/5.0 AppleWebKit/537.36 (KHTML, like Gecko; compatible; GPTBot/1.3; +https://openai.com/gptbot)"
74.7.242.41 - - [14/Apr/2026:10:26:35 +0000] "GET /shop/pg/1241426 HTTP/1.1" 500 1004 "http://mail.elementalmill.com/shop/pg/16211616519" "Mozilla/5.0 AppleWebKit/537.36 (KHTML, like Gecko; compatible; GPTBot/1.3; +https://openai.com/gptbot)"
74.7.227.48 - - [14/Apr/2026:10:26:45 +0000] "GET /shop/pg/2081552 HTTP/1.1" 500 1004 "http://www.elementalmill.com/shopping/products/16222081552" "Mozilla/5.0 AppleWebKit/537.36 (KHTML, like Gecko; compatible; GPTBot/1.3; +https://openai.com/gptbot)"
85.208.96.199 - - [14/Apr/2026:10:26:45 +0000] "GET /robots.txt HTTP/1.1" 500 1004 "-" "Mozilla/5.0 (compatible; SemrushBot/7~bl; +http://www.semrush.com/bot.html)"
85.208.96.206 - - [14/Apr/2026:10:27:08 +0000] "GET /shopping/products/1619943939 HTTP/1.1" 500 164 "-" "Mozilla/5.0 (compatible; SemrushBot/7~bl; +http://www.semrush.com/bot.html)"
74.7.242.41 - - [14/Apr/2026:10:27:13 +0000] "GET /shop/pg/16211749760 HTTP/1.1" 500 1004 "http://www.elementalmill.com" "Mozilla/5.0 AppleWebKit/537.36 (KHTML, like Gecko; compatible; GPTBot/1.3; +https://openai.com/gptbot)"
74.7.242.41 - - [14/Apr/2026:10:27:37 +0000] "GET /shop/pg/1455262 HTTP/1.1" 500 1004 "http://mail.elementalmill.com/shopping/products/16201455262" "Mozilla/5.0 AppleWebKit/537.36 (KHTML, like Gecko; compatible; GPTBot/1.3; +https://openai.com/gptbot)"
85.208.96.203 - - [14/Apr/2026:10:28:09 +0000] "GET /shopping/products/1619918447 HTTP/1.1" 500 164 "-" "Mozilla/5.0 (compatible; SemrushBot/7~bl; +http://www.semrush.com/bot.html)"
74.7.242.41 - - [14/Apr/2026:10:28:42 +0000] "GET /shop/pg/1534541 HTTP/1.1" 500 1004 "http://mail.elementalmill.com/shop/pg/16201318079" "Mozilla/5.0 AppleWebKit/537.36 (KHTML, like Gecko; compatible; GPTBot/1.3; +https://openai.com/gptbot)"
185.191.171.7 - - [14/Apr/2026:10:29:10 +0000] "GET /shopping/products/1619936377 HTTP/1.1" 500 164 "-" "Mozilla/5.0 (compatible; SemrushBot/7~bl; +http://www.semrush.com/bot.html)"
74.7.243.205 - - [14/Apr/2026:10:29:36 +0000] "GET /shop/pg/1545850 HTTP/1.1" 500 1004 "http://www.elementalmill.com.lab2454.com/shop/customer/bookmark.php?shopping/products/16211545850" "Mozilla/5.0 AppleWebKit/537.36 (KHTML, like Gecko; compatible; GPTBot/1.3; +https://openai.com/gptbot)"
74.7.242.41 - - [14/Apr/2026:10:29:47 +0000] "GET /shop/pg/1571077 HTTP/1.1" 500 1004 "http://mail.elementalmill.com/shop/customer/bookmark.php?shopping/products/16211571077" "Mozilla/5.0 AppleWebKit/537.36 (KHTML, like Gecko; compatible; GPTBot/1.3; +https://openai.com/gptbot)"
185.191.171.9 - - [14/Apr/2026:10:30:11 +0000] "GET /shop/pg/16222039243 HTTP/1.1" 500 164 "-" "Mozilla/5.0 (compatible; SemrushBot/7~bl; +http://www.semrush.com/bot.html)"
74.7.242.41 - - [14/Apr/2026:10:30:52 +0000] "GET /shop/pg/2409450 HTTP/1.1" 500 1004 "http://mail.elementalmill.com/shopping/products/16222409450" "Mozilla/5.0 AppleWebKit/537.36 (KHTML, like Gecko; compatible; GPTBot/1.3; +https://openai.com/gptbot)"
185.191.171.5 - - [14/Apr/2026:10:31:12 +0000] "GET /shopping/products/1619955436 HTTP/1.1" 500 164 "-" "Mozilla/5.0 (compatible; SemrushBot/7~bl; +http://www.semrush.com/bot.html)"
185.191.171.5 - - [14/Apr/2026:10:32:13 +0000] "GET /shop/pg/610649 HTTP/1.1" 500 164 "-" "Mozilla/5.0 (compatible; SemrushBot/7~bl; +http://www.semrush.com/bot.html)"
74.7.242.41 - - [14/Apr/2026:10:32:53 +0000] "GET /shop/pg/1520330 HTTP/1.1" 500 1004 "http://mail.elementalmill.com/shop/pg/16201303868" "Mozilla/5.0 AppleWebKit/537.36 (KHTML, like Gecko; compatible; GPTBot/1.3; +https://openai.com/gptbot)"
74.7.227.48 - - [14/Apr/2026:10:33:03 +0000] "GET /shop/pg/1282060 HTTP/1.1" 500 1004 "http://www.elementalmill.com/shopping/products/16201282060" "Mozilla/5.0 AppleWebKit/537.36 (KHTML, like Gecko; compatible; GPTBot/1.3; +https://openai.com/gptbot)"
185.191.171.11 - - [14/Apr/2026:10:33:16 +0000] "GET /shopping/products/1619968046 HTTP/1.1" 500 164 "-" "Mozilla/5.0 (compatible; SemrushBot/7~bl; +http://www.semrush.com/bot.html)"
74.7.242.41 - - [14/Apr/2026:10:33:54 +0000] "GET /shop/pg/1738749 HTTP/1.1" 500 1004 "http://mail.elementalmill.com/shopping/products/16211738749" "Mozilla/5.0 AppleWebKit/537.36 (KHTML, like Gecko; compatible; GPTBot/1.3; +https://openai.com/gptbot)"
74.7.227.48 - - [14/Apr/2026:10:34:05 +0000] "GET /shop/pg/2369051 HTTP/1.1" 500 1004 "http://www.elementalmill.com/shopping/products/16222369051" "Mozilla/5.0 AppleWebKit/537.36 (KHTML, like Gecko; compatible; GPTBot/1.3; +https://openai.com/gptbot)"
85.208.96.207 - - [14/Apr/2026:10:34:18 +0000] "GET /shop/pg/1720170 HTTP/1.1" 500 164 "-" "Mozilla/5.0 (compatible; SemrushBot/7~bl; +http://www.semrush.com/bot.html)"
74.7.227.185 - - [14/Apr/2026:10:34:39 +0000] "GET /shopping/products/16232547459 HTTP/1.1" 500 1004 "http://elementalmill.com.lab2454.com/shopping/products/16201498150" "Mozilla/5.0 AppleWebKit/537.36 (KHTML, like Gecko; compatible; GPTBot/1.3; +https://openai.com/gptbot)"
74.7.242.41 - - [14/Apr/2026:10:34:58 +0000] "GET /shop/pg/1817066 HTTP/1.1" 500 1004 "http://mail.elementalmill.com/shopping/products/16211817066" "Mozilla/5.0 AppleWebKit/537.36 (KHTML, like Gecko; compatible; GPTBot/1.3; +https://openai.com/gptbot)"
185.191.171.11 - - [14/Apr/2026:10:35:19 +0000] "GET /shopping/products/1619958315 HTTP/1.1" 500 164 "-" "Mozilla/5.0 (compatible; SemrushBot/7~bl; +http://www.semrush.com/bot.html)"
74.7.242.41 - - [14/Apr/2026:10:35:40 +0000] "GET /shop/pg/16211811907 HTTP/1.1" 500 1004 "http://www.elementalmill.com" "Mozilla/5.0 AppleWebKit/537.36 (KHTML, like Gecko; compatible; GPTBot/1.3; +https://openai.com/gptbot)"
74.7.242.41 - - [14/Apr/2026:10:36:02 +0000] "GET /shop/pg/1317719 HTTP/1.1" 500 1004 "http://mail.elementalmill.com/shopping/products/16201317719" "Mozilla/5.0 AppleWebKit/537.36 (KHTML, like Gecko; compatible; GPTBot/1.3; +https://openai.com/gptbot)"
185.191.171.19 - - [14/Apr/2026:10:36:20 +0000] "GET /shopping/products/1619935303 HTTP/1.1" 500 164 "-" "Mozilla/5.0 (compatible; SemrushBot/7~bl; +http://www.semrush.com/bot.html)"
74.7.242.41 - - [14/Apr/2026:10:36:43 +0000] "GET /shop/pg/16232621987 HTTP/1.1" 500 1004 "http://www.elementalmill.com" "Mozilla/5.0 AppleWebKit/537.36 (KHTML, like Gecko; compatible; GPTBot/1.3; +https://openai.com/gptbot)"
106.75.2.134 - - [14/Apr/2026:10:36:43 +0000] "GET / HTTP/1.1" 500 1004 "-" "Mozilla/5.0 (Windows NT 8_0; Win64; x64) AppleWebKit/602.49 (KHTML, like Gecko) Chrome/58.0.1626 Safari/537.36"
106.75.2.134 - - [14/Apr/2026:10:36:49 +0000] "GET /favicon.ico HTTP/1.1" 500 1004 "-" "Go-http-client/1.1"
106.75.2.134 - - [14/Apr/2026:10:36:51 +0000] "GET /robots.txt HTTP/1.1" 200 353 "-" "Go-http-client/1.1"
106.75.2.134 - - [14/Apr/2026:10:36:51 +0000] "GET /sitemap.xml HTTP/1.1" 200 6099 "-" "Go-http-client/1.1"
74.7.242.41 - - [14/Apr/2026:10:37:02 +0000] "GET /shop/pg/2264916 HTTP/1.1" 500 1004 "http://mail.elementalmill.com/shop/customer/bookmark.php?shopping/products/16222264916" "Mozilla/5.0 AppleWebKit/537.36 (KHTML, like Gecko; compatible; GPTBot/1.3; +https://openai.com/gptbot)"
185.191.171.13 - - [14/Apr/2026:10:37:22 +0000] "GET /shopping/products/1619993716 HTTP/1.1" 500 164 "-" "Mozilla/5.0 (compatible; SemrushBot/7~bl; +http://www.semrush.com/bot.html)"
74.7.242.41 - - [14/Apr/2026:10:38:03 +0000] "GET /shop/pg/1682450 HTTP/1.1" 500 1004 "http://mail.elementalmill.com/shop/pg/16201465982" "Mozilla/5.0 AppleWebKit/537.36 (KHTML, like Gecko; compatible; GPTBot/1.3; +https://openai.com/gptbot)"
85.208.96.207 - - [14/Apr/2026:10:38:23 +0000] "GET /shopping/products/1619868376 HTTP/1.1" 500 164 "-" "Mozilla/5.0 (compatible; SemrushBot/7~bl; +http://www.semrush.com/bot.html)"
66.249.64.35 - - [14/Apr/2026:10:38:23 +0000] "GET /mcgee/shop/88888797.shtml HTTP/1.1" 200 26931 "-" "Mozilla/5.0 (Linux; Android 6.0.1; Nexus 5X Build/MMB29P) AppleWebKit/537.36 (KHTML, like Gecko) Chrome/146.0.7680.177 Mobile Safari/537.36 (compatible; GoogleOther)"
74.7.242.41 - - [14/Apr/2026:10:39:06 +0000] "GET /shop/pg/2506835 HTTP/1.1" 500 1004 "http://mail.elementalmill.com/shopping/products/16232506835" "Mozilla/5.0 AppleWebKit/537.36 (KHTML, like Gecko; compatible; GPTBot/1.3; +https://openai.com/gptbot)"
85.208.96.207 - - [14/Apr/2026:10:39:24 +0000] "GET /shop/pg/16222026578 HTTP/1.1" 500 164 "-" "Mozilla/5.0 (compatible; SemrushBot/7~bl; +http://www.semrush.com/bot.html)"
74.7.242.41 - - [14/Apr/2026:10:40:07 +0000] "GET /shop/pg/1212857 HTTP/1.1" 500 1004 "http://mail.elementalmill.com/shop/pg/16211587938" "Mozilla/5.0 AppleWebKit/537.36 (KHTML, like Gecko; compatible; GPTBot/1.3; +https://openai.com/gptbot)"
185.191.171.6 - - [14/Apr/2026:10:40:25 +0000] "GET /shopping/products/1619957715 HTTP/1.1" 500 164 "-" "Mozilla/5.0 (compatible; SemrushBot/7~bl; +http://www.semrush.com/bot.html)"
74.7.242.41 - - [14/Apr/2026:10:40:50 +0000] "GET /shop/pg/16211697315 HTTP/1.1" 500 1004 "http://www.elementalmill.com" "Mozilla/5.0 AppleWebKit/537.36 (KHTML, like Gecko; compatible; GPTBot/1.3; +https://openai.com/gptbot)"
74.7.242.41 - - [14/Apr/2026:10:41:09 +0000] "GET /shop/pg/2253037 HTTP/1.1" 500 1004 "http://mail.elementalmill.com/shopping/products/16222253037" "Mozilla/5.0 AppleWebKit/537.36 (KHTML, like Gecko; compatible; GPTBot/1.3; +https://openai.com/gptbot)"
185.191.171.14 - - [14/Apr/2026:10:41:26 +0000] "GET /shopping/products/1619952712 HTTP/1.1" 500 164 "-" "Mozilla/5.0 (compatible; SemrushBot/7~bl; +http://www.semrush.com/bot.html)"
74.7.227.48 - - [14/Apr/2026:10:41:33 +0000] "GET /shop/pg/2441337 HTTP/1.1" 500 1004 "http://www.elementalmill.com/shopping/products/16222441337" "Mozilla/5.0 AppleWebKit/537.36 (KHTML, like Gecko; compatible; GPTBot/1.3; +https://openai.com/gptbot)"
74.7.243.205 - - [14/Apr/2026:10:42:11 +0000] "GET /shop/pg/2513044 HTTP/1.1" 500 1004 "http://www.elementalmill.com.lab2454.com/shopping/products/16232513044" "Mozilla/5.0 AppleWebKit/537.36 (KHTML, like Gecko; compatible; GPTBot/1.3; +https://openai.com/gptbot)"
74.7.242.41 - - [14/Apr/2026:10:42:13 +0000] "GET /shop/pg/2443926 HTTP/1.1" 500 1004 "http://mail.elementalmill.com/shopping/products/16222443926" "Mozilla/5.0 AppleWebKit/537.36 (KHTML, like Gecko; compatible; GPTBot/1.3; +https://openai.com/gptbot)"
85.208.96.198 - - [14/Apr/2026:10:42:27 +0000] "GET /shop/pg/16232581923 HTTP/1.1" 500 164 "-" "Mozilla/5.0 (compatible; SemrushBot/7~bl; +http://www.semrush.com/bot.html)"
74.7.242.41 - - [14/Apr/2026:10:43:15 +0000] "GET /shop/pg/1484061 HTTP/1.1" 500 1004 "http://mail.elementalmill.com/shopping/products/16201484061" "Mozilla/5.0 AppleWebKit/537.36 (KHTML, like Gecko; compatible; GPTBot/1.3; +https://openai.com/gptbot)"
185.191.171.8 - - [14/Apr/2026:10:43:28 +0000] "GET /shop/pg/1618323009 HTTP/1.1" 500 164 "-" "Mozilla/5.0 (compatible; SemrushBot/7~bl; +http://www.semrush.com/bot.html)"
74.7.227.48 - - [14/Apr/2026:10:43:37 +0000] "GET /shop/pg/1748843 HTTP/1.1" 500 1004 "http://www.elementalmill.com/shopping/products/16211748843" "Mozilla/5.0 AppleWebKit/537.36 (KHTML, like Gecko; compatible; GPTBot/1.3; +https://openai.com/gptbot)"
74.7.242.41 - - [14/Apr/2026:10:43:56 +0000] "GET /shop/pg/16232525976 HTTP/1.1" 500 1004 "http://www.elementalmill.com" "Mozilla/5.0 AppleWebKit/537.36 (KHTML, like Gecko; compatible; GPTBot/1.3; +https://openai.com/gptbot)"
74.7.227.185 - - [14/Apr/2026:10:44:01 +0000] "GET /shopping/products/16201184259 HTTP/1.1" 500 1004 "http://elementalmill.com.lab2454.com/shopping/products/16211895143" "Mozilla/5.0 AppleWebKit/537.36 (KHTML, like Gecko; compatible; GPTBot/1.3; +https://openai.com/gptbot)"
74.7.242.41 - - [14/Apr/2026:10:44:17 +0000] "GET /shop/pg/1330313 HTTP/1.1" 500 1004 "http://mail.elementalmill.com/shop/pg/16211705409" "Mozilla/5.0 AppleWebKit/537.36 (KHTML, like Gecko; compatible; GPTBot/1.3; +https://openai.com/gptbot)"
85.208.96.205 - - [14/Apr/2026:10:44:29 +0000] "GET /shop/pg/139956 HTTP/1.1" 500 164 "-" "Mozilla/5.0 (compatible; SemrushBot/7~bl; +http://www.semrush.com/bot.html)"
85.208.96.202 - - [14/Apr/2026:10:45:30 +0000] "GET /shopping/products/1619935688 HTTP/1.1" 500 164 "-" "Mozilla/5.0 (compatible; SemrushBot/7~bl; +http://www.semrush.com/bot.html)"
74.7.227.48 - - [14/Apr/2026:10:45:44 +0000] "GET /shop/pg/1560411 HTTP/1.1" 500 1004 "http://www.elementalmill.com/shopping/products/16211560411" "Mozilla/5.0 AppleWebKit/537.36 (KHTML, like Gecko; compatible; GPTBot/1.3; +https://openai.com/gptbot)"
74.7.242.41 - - [14/Apr/2026:10:46:27 +0000] "GET /shop/pg/1341316 HTTP/1.1" 500 1004 "http://mail.elementalmill.com/shopping/products/16201341316" "Mozilla/5.0 AppleWebKit/537.36 (KHTML, like Gecko; compatible; GPTBot/1.3; +https://openai.com/gptbot)"
85.208.96.206 - - [14/Apr/2026:10:46:31 +0000] "GET /shopping/products/1619974457 HTTP/1.1" 500 164 "-" "Mozilla/5.0 (compatible; SemrushBot/7~bl; +http://www.semrush.com/bot.html)"
74.7.242.41 - - [14/Apr/2026:10:47:31 +0000] "GET /shop/pg/1017672 HTTP/1.1" 500 1004 "http://mail.elementalmill.com/shop/customer/bookmark.php?shopping/products/16201017672" "Mozilla/5.0 AppleWebKit/537.36 (KHTML, like Gecko; compatible; GPTBot/1.3; +https://openai.com/gptbot)"
185.191.171.12 - - [14/Apr/2026:10:47:33 +0000] "GET /shopping/products/1619933812 HTTP/1.1" 500 164 "-" "Mozilla/5.0 (compatible; SemrushBot/7~bl; +http://www.semrush.com/bot.html)"
74.7.227.48 - - [14/Apr/2026:10:47:48 +0000] "GET /shop/pg/1474602 HTTP/1.1" 500 1004 "http://www.elementalmill.com/shopping/products/16201474602" "Mozilla/5.0 AppleWebKit/537.36 (KHTML, like Gecko; compatible; GPTBot/1.3; +https://openai.com/gptbot)"
85.208.96.199 - - [14/Apr/2026:10:48:04 +0000] "GET /robots.txt HTTP/1.1" 500 1004 "-" "Mozilla/5.0 (compatible; SemrushBot/7~bl; +http://www.semrush.com/bot.html)"
74.7.227.185 - - [14/Apr/2026:10:48:15 +0000] "GET /shopping/products/16232528566 HTTP/1.1" 500 1004 "http://elementalmill.com.lab2454.com/shopping/products/16232627885" "Mozilla/5.0 AppleWebKit/537.36 (KHTML, like Gecko; compatible; GPTBot/1.3; +https://openai.com/gptbot)"
185.191.171.12 - - [14/Apr/2026:10:48:34 +0000] "GET /shop/pg/315612 HTTP/1.1" 500 164 "-" "Mozilla/5.0 (compatible; SemrushBot/7~bl; +http://www.semrush.com/bot.html)"
74.7.242.41 - - [14/Apr/2026:10:48:36 +0000] "GET /shop/pg/1173257 HTTP/1.1" 500 1004 "http://mail.elementalmill.com/shop/customer/bookmark.php?shopping/products/16201173257" "Mozilla/5.0 AppleWebKit/537.36 (KHTML, like Gecko; compatible; GPTBot/1.3; +https://openai.com/gptbot)"
185.191.171.13 - - [14/Apr/2026:10:49:35 +0000] "GET /shopping/products/1619895996 HTTP/1.1" 500 164 "-" "Mozilla/5.0 (compatible; SemrushBot/7~bl; +http://www.semrush.com/bot.html)"
185.191.171.13 - - [14/Apr/2026:10:50:36 +0000] "GET /shopping/products/1619980154 HTTP/1.1" 500 164 "-" "Mozilla/5.0 (compatible; SemrushBot/7~bl; +http://www.semrush.com/bot.html)"
74.7.242.41 - - [14/Apr/2026:10:50:41 +0000] "GET /shop/pg/1464765 HTTP/1.1" 500 1004 "http://mail.elementalmill.com/shopping/products/16201464765" "Mozilla/5.0 AppleWebKit/537.36 (KHTML, like Gecko; compatible; GPTBot/1.3; +https://openai.com/gptbot)"
185.191.171.14 - - [14/Apr/2026:10:51:37 +0000] "GET /shopping/products/1619975815 HTTP/1.1" 500 164 "-" "Mozilla/5.0 (compatible; SemrushBot/7~bl; +http://www.semrush.com/bot.html)"
74.7.242.41 - - [14/Apr/2026:10:51:45 +0000] "GET /shop/pg/2326549 HTTP/1.1" 500 1004 "http://mail.elementalmill.com/shopping/products/16222326549" "Mozilla/5.0 AppleWebKit/537.36 (KHTML, like Gecko; compatible; GPTBot/1.3; +https://openai.com/gptbot)"
74.7.227.48 - - [14/Apr/2026:10:51:56 +0000] "GET /shop/pg/1947066 HTTP/1.1" 500 1004 "http://www.elementalmill.com/shopping/products/16211947066" "Mozilla/5.0 AppleWebKit/537.36 (KHTML, like Gecko; compatible; GPTBot/1.3; +https://openai.com/gptbot)"
74.7.242.41 - - [14/Apr/2026:10:52:29 +0000] "GET /shop/pg/16201450625 HTTP/1.1" 500 1004 "http://www.elementalmill.com" "Mozilla/5.0 AppleWebKit/537.36 (KHTML, like Gecko; compatible; GPTBot/1.3; +https://openai.com/gptbot)"
185.191.171.9 - - [14/Apr/2026:10:52:38 +0000] "GET /shop/pg/891650 HTTP/1.1" 500 164 "-" "Mozilla/5.0 (compatible; SemrushBot/7~bl; +http://www.semrush.com/bot.html)"
74.7.242.41 - - [14/Apr/2026:10:52:46 +0000] "GET /shop/pg/1684080 HTTP/1.1" 500 1004 "http://mail.elementalmill.com/shop/pg/16201467616" "Mozilla/5.0 AppleWebKit/537.36 (KHTML, like Gecko; compatible; GPTBot/1.3; +https://openai.com/gptbot)"
85.208.96.205 - - [14/Apr/2026:10:53:39 +0000] "GET /shopping/products/1619994640 HTTP/1.1" 500 164 "-" "Mozilla/5.0 (compatible; SemrushBot/7~bl; +http://www.semrush.com/bot.html)"
74.7.230.57 - - [14/Apr/2026:10:54:30 +0000] "GET /robots.txt HTTP/1.1" 200 291 "-" "Mozilla/5.0 (Macintosh; Intel Mac OS X 10_15_7) AppleWebKit/537.36 (KHTML, like Gecko) Chrome/131.0.0.0 Safari/537.36; compatible; OAI-SearchBot/1.3; robots.txt; +https://openai.com/searchbot"
74.7.242.41 - - [14/Apr/2026:10:54:32 +0000] "GET /shop/pg/16211684266 HTTP/1.1" 500 1004 "http://www.elementalmill.com" "Mozilla/5.0 AppleWebKit/537.36 (KHTML, like Gecko; compatible; GPTBot/1.3; +https://openai.com/gptbot)"
185.191.171.14 - - [14/Apr/2026:10:54:40 +0000] "GET /shopping/products/1619966171 HTTP/1.1" 500 164 "-" "Mozilla/5.0 (compatible; SemrushBot/7~bl; +http://www.semrush.com/bot.html)"
74.7.242.41 - - [14/Apr/2026:10:54:49 +0000] "GET /shop/pg/1462654 HTTP/1.1" 500 1004 "http://mail.elementalmill.com/shop/customer/bookmark.php?shopping/products/16201462654" "Mozilla/5.0 AppleWebKit/537.36 (KHTML, like Gecko; compatible; GPTBot/1.3; +https://openai.com/gptbot)"
85.208.96.200 - - [14/Apr/2026:10:55:40 +0000] "GET /shopping/products/1619963703 HTTP/1.1" 500 164 "-" "Mozilla/5.0 (compatible; SemrushBot/7~bl; +http://www.semrush.com/bot.html)"
74.7.242.41 - - [14/Apr/2026:10:55:53 +0000] "GET /shop/pg/2233082 HTTP/1.1" 500 1004 "http://mail.elementalmill.com/shopping/products/16222233082" "Mozilla/5.0 AppleWebKit/537.36 (KHTML, like Gecko; compatible; GPTBot/1.3; +https://openai.com/gptbot)"
74.7.227.48 - - [14/Apr/2026:10:56:06 +0000] "GET /shop/pg/1771355 HTTP/1.1" 500 1004 "http://www.elementalmill.com/shop/customer/bookmark.php?shopping/products/16211771355" "Mozilla/5.0 AppleWebKit/537.36 (KHTML, like Gecko; compatible; GPTBot/1.3; +https://openai.com/gptbot)"
85.208.96.207 - - [14/Apr/2026:10:56:41 +0000] "GET /shop/pg/1618126081 HTTP/1.1" 500 164 "-" "Mozilla/5.0 (compatible; SemrushBot/7~bl; +http://www.semrush.com/bot.html)"
85.208.96.207 - - [14/Apr/2026:10:57:43 +0000] "GET /shop/pg/1618263619 HTTP/1.1" 500 164 "-" "Mozilla/5.0 (compatible; SemrushBot/7~bl; +http://www.semrush.com/bot.html)"
85.208.96.206 - - [14/Apr/2026:10:58:44 +0000] "GET /shop/pg/2063880 HTTP/1.1" 500 164 "-" "Mozilla/5.0 (compatible; SemrushBot/7~bl; +http://www.semrush.com/bot.html)"
74.7.242.41 - - [14/Apr/2026:10:58:58 +0000] "GET /shop/pg/1642439 HTTP/1.1" 500 1004 "http://mail.elementalmill.com/shop/customer/bookmark.php?shopping/products/16211642439" "Mozilla/5.0 AppleWebKit/537.36 (KHTML, like Gecko; compatible; GPTBot/1.3; +https://openai.com/gptbot)"
52.167.144.157 - - [14/Apr/2026:10:59:28 +0000] "GET /shopping/products/16224866203 HTTP/1.1" 200 27187 "-" "Mozilla/5.0 AppleWebKit/537.36 (KHTML, like Gecko; compatible; bingbot/2.0; +http://www.bing.com/bingbot.htm) Chrome/116.0.1938.76 Safari/537.36"
66.249.64.33 - - [14/Apr/2026:10:59:40 +0000] "GET /888810170 HTTP/1.1" 200 28905 "-" "Mozilla/5.0 (Linux; Android 6.0.1; Nexus 5X Build/MMB29P) AppleWebKit/537.36 (KHTML, like Gecko) Chrome/146.0.7680.177 Mobile Safari/537.36 (compatible; GoogleOther)"
74.7.227.185 - - [14/Apr/2026:10:59:45 +0000] "GET /sitemap142.xml HTTP/1.1" 500 1004 "-" "Mozilla/5.0 AppleWebKit/537.36 (KHTML, like Gecko; compatible; GPTBot/1.3; +https://openai.com/gptbot)"
85.208.96.194 - - [14/Apr/2026:10:59:45 +0000] "GET /shopping/products/1619931455 HTTP/1.1" 500 164 "-" "Mozilla/5.0 (compatible; SemrushBot/7~bl; +http://www.semrush.com/bot.html)"
74.7.242.41 - - [14/Apr/2026:11:00:05 +0000] "GET /shop/pg/1049765 HTTP/1.1" 500 1004 "http://mail.elementalmill.com/shopping/products/16201049765" "Mozilla/5.0 AppleWebKit/537.36 (KHTML, like Gecko; compatible; GPTBot/1.3; +https://openai.com/gptbot)"
74.7.227.48 - - [14/Apr/2026:11:00:20 +0000] "GET /shop/pg/1586656 HTTP/1.1" 500 1004 "http://www.elementalmill.com/shopping/products/16211586656" "Mozilla/5.0 AppleWebKit/537.36 (KHTML, like Gecko; compatible; GPTBot/1.3; +https://openai.com/gptbot)"
185.191.171.15 - - [14/Apr/2026:11:00:46 +0000] "GET /shopping/products/1619966554 HTTP/1.1" 500 164 "-" "Mozilla/5.0 (compatible; SemrushBot/7~bl; +http://www.semrush.com/bot.html)"
74.7.242.41 - - [14/Apr/2026:11:01:08 +0000] "GET /shop/pg/1667436 HTTP/1.1" 500 1004 "http://mail.elementalmill.com/shop/pg/16201450969" "Mozilla/5.0 AppleWebKit/537.36 (KHTML, like Gecko; compatible; GPTBot/1.3; +https://openai.com/gptbot)"
185.191.171.13 - - [14/Apr/2026:11:01:47 +0000] "GET /shopping/products/1619941842 HTTP/1.1" 500 164 "-" "Mozilla/5.0 (compatible; SemrushBot/7~bl; +http://www.semrush.com/bot.html)"
85.208.96.202 - - [14/Apr/2026:11:02:48 +0000] "GET /shop/pg/16222086997 HTTP/1.1" 500 164 "-" "Mozilla/5.0 (compatible; SemrushBot/7~bl; +http://www.semrush.com/bot.html)"
74.7.227.185 - - [14/Apr/2026:11:02:49 +0000] "GET /sitemap702.xml HTTP/1.1" 500 1004 "-" "Mozilla/5.0 AppleWebKit/537.36 (KHTML, like Gecko; compatible; GPTBot/1.3; +https://openai.com/gptbot)"
74.7.243.205 - - [14/Apr/2026:11:03:09 +0000] "GET /shop/pg/2075230 HTTP/1.1" 500 1004 "http://www.elementalmill.com.lab2454.com/shopping/products/16222075230" "Mozilla/5.0 AppleWebKit/537.36 (KHTML, like Gecko; compatible; GPTBot/1.3; +https://openai.com/gptbot)"
74.7.242.41 - - [14/Apr/2026:11:03:16 +0000] "GET /shop/pg/1767266 HTTP/1.1" 500 1004 "http://mail.elementalmill.com/shopping/products/16211767266" "Mozilla/5.0 AppleWebKit/537.36 (KHTML, like Gecko; compatible; GPTBot/1.3; +https://openai.com/gptbot)"
74.7.227.48 - - [14/Apr/2026:11:03:30 +0000] "GET /shop/pg/2322172 HTTP/1.1" 500 1004 "http://www.elementalmill.com/shopping/products/16222322172" "Mozilla/5.0 AppleWebKit/537.36 (KHTML, like Gecko; compatible; GPTBot/1.3; +https://openai.com/gptbot)"
185.191.171.18 - - [14/Apr/2026:11:03:49 +0000] "GET /shopping/products/1619893503 HTTP/1.1" 500 164 "-" "Mozilla/5.0 (compatible; SemrushBot/7~bl; +http://www.semrush.com/bot.html)"
74.7.242.41 - - [14/Apr/2026:11:04:16 +0000] "GET /shop/pg/1386273 HTTP/1.1" 500 1004 "http://mail.elementalmill.com/shop/customer/bookmark.php?shopping/products/16201386273" "Mozilla/5.0 AppleWebKit/537.36 (KHTML, like Gecko; compatible; GPTBot/1.3; +https://openai.com/gptbot)"
185.191.171.6 - - [14/Apr/2026:11:04:50 +0000] "GET /shopping/products/1619961471 HTTP/1.1" 500 164 "-" "Mozilla/5.0 (compatible; SemrushBot/7~bl; +http://www.semrush.com/bot.html)"
74.7.242.41 - - [14/Apr/2026:11:04:58 +0000] "GET /shop/pg/16211822490 HTTP/1.1" 500 1004 "http://www.elementalmill.com" "Mozilla/5.0 AppleWebKit/537.36 (KHTML, like Gecko; compatible; GPTBot/1.3; +https://openai.com/gptbot)"
74.7.227.185 - - [14/Apr/2026:11:04:58 +0000] "GET /sitemap684.xml HTTP/1.1" 500 1004 "-" "Mozilla/5.0 AppleWebKit/537.36 (KHTML, like Gecko; compatible; GPTBot/1.3; +https://openai.com/gptbot)"
85.208.96.197 - - [14/Apr/2026:11:05:51 +0000] "GET /shop/pg/1619801111 HTTP/1.1" 500 164 "-" "Mozilla/5.0 (compatible; SemrushBot/7~bl; +http://www.semrush.com/bot.html)"
74.7.243.205 - - [14/Apr/2026:11:06:16 +0000] "GET /shop/pg/1657944 HTTP/1.1" 500 1004 "http://www.elementalmill.com.lab2454.com/shop/customer/bookmark.php?shopping/products/16211657944" "Mozilla/5.0 AppleWebKit/537.36 (KHTML, like Gecko; compatible; GPTBot/1.3; +https://openai.com/gptbot)"
74.7.242.41 - - [14/Apr/2026:11:06:22 +0000] "GET /shop/pg/1172946 HTTP/1.1" 500 1004 "http://mail.elementalmill.com/shop/pg/16211548043" "Mozilla/5.0 AppleWebKit/537.36 (KHTML, like Gecko; compatible; GPTBot/1.3; +https://openai.com/gptbot)"
185.191.171.1 - - [14/Apr/2026:11:06:52 +0000] "GET /shopping/products/1619973794 HTTP/1.1" 500 164 "-" "Mozilla/5.0 (compatible; SemrushBot/7~bl; +http://www.semrush.com/bot.html)"
74.7.227.185 - - [14/Apr/2026:11:07:01 +0000] "GET /sitemap124.xml HTTP/1.1" 500 1004 "-" "Mozilla/5.0 AppleWebKit/537.36 (KHTML, like Gecko; compatible; GPTBot/1.3; +https://openai.com/gptbot)"
74.7.242.41 - - [14/Apr/2026:11:07:26 +0000] "GET /shop/pg/1399290 HTTP/1.1" 500 1004 "http://mail.elementalmill.com/shopping/products/16201399290" "Mozilla/5.0 AppleWebKit/537.36 (KHTML, like Gecko; compatible; GPTBot/1.3; +https://openai.com/gptbot)"
74.7.227.48 - - [14/Apr/2026:11:07:39 +0000] "GET /shop/pg/2012838 HTTP/1.1" 500 1004 "http://www.elementalmill.com/shop/customer/bookmark.php?shopping/products/16222012838" "Mozilla/5.0 AppleWebKit/537.36 (KHTML, like Gecko; compatible; GPTBot/1.3; +https://openai.com/gptbot)"
185.191.171.3 - - [14/Apr/2026:11:07:53 +0000] "GET /shop/pg/2057287 HTTP/1.1" 500 164 "-" "Mozilla/5.0 (compatible; SemrushBot/7~bl; +http://www.semrush.com/bot.html)"
74.7.227.185 - - [14/Apr/2026:11:08:07 +0000] "GET /sitemap711.xml HTTP/1.1" 500 1004 "-" "Mozilla/5.0 AppleWebKit/537.36 (KHTML, like Gecko; compatible; GPTBot/1.3; +https://openai.com/gptbot)"
74.7.242.41 - - [14/Apr/2026:11:08:31 +0000] "GET /shop/pg/1663280 HTTP/1.1" 500 1004 "http://mail.elementalmill.com/shopping/products/16211663280" "Mozilla/5.0 AppleWebKit/537.36 (KHTML, like Gecko; compatible; GPTBot/1.3; +https://openai.com/gptbot)"
185.191.171.3 - - [14/Apr/2026:11:08:54 +0000] "GET /shop/pg/16211533366 HTTP/1.1" 500 164 "-" "Mozilla/5.0 (compatible; SemrushBot/7~bl; +http://www.semrush.com/bot.html)"
85.208.96.202 - - [14/Apr/2026:11:08:59 +0000] "GET /robots.txt HTTP/1.1" 500 1004 "-" "Mozilla/5.0 (compatible; SemrushBot/7~bl; +http://www.semrush.com/bot.html)"
74.7.227.185 - - [14/Apr/2026:11:09:08 +0000] "GET /sitemap151.xml HTTP/1.1" 500 1004 "-" "Mozilla/5.0 AppleWebKit/537.36 (KHTML, like Gecko; compatible; GPTBot/1.3; +https://openai.com/gptbot)"
74.7.242.41 - - [14/Apr/2026:11:09:34 +0000] "GET /shop/pg/1217861 HTTP/1.1" 500 1004 "http://mail.elementalmill.com/shop/pg/16211592951" "Mozilla/5.0 AppleWebKit/537.36 (KHTML, like Gecko; compatible; GPTBot/1.3; +https://openai.com/gptbot)"
185.191.171.3 - - [14/Apr/2026:11:09:55 +0000] "GET /shopping/products/1619957982 HTTP/1.1" 500 164 "-" "Mozilla/5.0 (compatible; SemrushBot/7~bl; +http://www.semrush.com/bot.html)"
74.7.227.185 - - [14/Apr/2026:11:10:12 +0000] "GET /sitemap354.xml HTTP/1.1" 500 1004 "-" "Mozilla/5.0 AppleWebKit/537.36 (KHTML, like Gecko; compatible; GPTBot/1.3; +https://openai.com/gptbot)"
74.7.242.41 - - [14/Apr/2026:11:10:39 +0000] "GET /shop/pg/1681840 HTTP/1.1" 500 1004 "http://mail.elementalmill.com/shop/pg/16201465380" "Mozilla/5.0 AppleWebKit/537.36 (KHTML, like Gecko; compatible; GPTBot/1.3; +https://openai.com/gptbot)"
74.7.227.48 - - [14/Apr/2026:11:10:43 +0000] "GET /shop/pg/2440867 HTTP/1.1" 500 1004 "http://www.elementalmill.com/shop/customer/bookmark.php?shopping/products/16222440867" "Mozilla/5.0 AppleWebKit/537.36 (KHTML, like Gecko; compatible; GPTBot/1.3; +https://openai.com/gptbot)"
185.191.171.19 - - [14/Apr/2026:11:10:55 +0000] "GET /shopping/products/1619893749 HTTP/1.1" 500 164 "-" "Mozilla/5.0 (compatible; SemrushBot/7~bl; +http://www.semrush.com/bot.html)"
74.7.227.185 - - [14/Apr/2026:11:11:13 +0000] "GET /sitemap399.xml HTTP/1.1" 500 1004 "-" "Mozilla/5.0 AppleWebKit/537.36 (KHTML, like Gecko; compatible; GPTBot/1.3; +https://openai.com/gptbot)"
74.7.242.41 - - [14/Apr/2026:11:11:21 +0000] "GET /shop/pg/16211823164 HTTP/1.1" 500 1004 "http://www.elementalmill.com" "Mozilla/5.0 AppleWebKit/537.36 (KHTML, like Gecko; compatible; GPTBot/1.3; +https://openai.com/gptbot)"
74.7.242.41 - - [14/Apr/2026:11:11:41 +0000] "GET /shop/pg/1336106 HTTP/1.1" 500 1004 "http://mail.elementalmill.com/shop/customer/bookmark.php?shopping/products/16201336106" "Mozilla/5.0 AppleWebKit/537.36 (KHTML, like Gecko; compatible; GPTBot/1.3; +https://openai.com/gptbot)"
74.7.227.48 - - [14/Apr/2026:11:11:46 +0000] "GET /shop/pg/2559902 HTTP/1.1" 500 1004 "http://www.elementalmill.com/shopping/products/16232559902" "Mozilla/5.0 AppleWebKit/537.36 (KHTML, like Gecko; compatible; GPTBot/1.3; +https://openai.com/gptbot)"
185.191.171.14 - - [14/Apr/2026:11:11:56 +0000] "GET /shopping/products/1619923705 HTTP/1.1" 500 164 "-" "Mozilla/5.0 (compatible; SemrushBot/7~bl; +http://www.semrush.com/bot.html)"
74.7.242.41 - - [14/Apr/2026:11:12:46 +0000] "GET /shop/pg/1518890 HTTP/1.1" 500 1004 "http://mail.elementalmill.com/shop/pg/16201302437" "Mozilla/5.0 AppleWebKit/537.36 (KHTML, like Gecko; compatible; GPTBot/1.3; +https://openai.com/gptbot)"
185.191.171.13 - - [14/Apr/2026:11:12:57 +0000] "GET /shopping/products/1619967825 HTTP/1.1" 500 164 "-" "Mozilla/5.0 (compatible; SemrushBot/7~bl; +http://www.semrush.com/bot.html)"
74.7.242.41 - - [14/Apr/2026:11:13:51 +0000] "GET /shop/pg/2152631 HTTP/1.1" 500 1004 "http://mail.elementalmill.com/shop/customer/bookmark.php?shopping/products/16222152631" "Mozilla/5.0 AppleWebKit/537.36 (KHTML, like Gecko; compatible; GPTBot/1.3; +https://openai.com/gptbot)"
185.191.171.11 - - [14/Apr/2026:11:13:59 +0000] "GET /shop/pg/903445 HTTP/1.1" 500 164 "-" "Mozilla/5.0 (compatible; SemrushBot/7~bl; +http://www.semrush.com/bot.html)"
74.7.227.185 - - [14/Apr/2026:11:14:20 +0000] "GET /sitemap.xml HTTP/1.1" 500 1004 "-" "Mozilla/5.0 AppleWebKit/537.36 (KHTML, like Gecko; compatible; GPTBot/1.3; +https://openai.com/gptbot)"
74.7.242.41 - - [14/Apr/2026:11:14:30 +0000] "GET /shop/pg/16201297600 HTTP/1.1" 500 1004 "http://www.elementalmill.com" "Mozilla/5.0 AppleWebKit/537.36 (KHTML, like Gecko; compatible; GPTBot/1.3; +https://openai.com/gptbot)"
74.7.242.41 - - [14/Apr/2026:11:14:52 +0000] "GET /shop/pg/1448059 HTTP/1.1" 500 1004 "http://mail.elementalmill.com/shop/pg/16211823160" "Mozilla/5.0 AppleWebKit/537.36 (KHTML, like Gecko; compatible; GPTBot/1.3; +https://openai.com/gptbot)"
185.191.171.14 - - [14/Apr/2026:11:15:01 +0000] "GET /shopping/products/1619960906 HTTP/1.1" 500 164 "-" "Mozilla/5.0 (compatible; SemrushBot/7~bl; +http://www.semrush.com/bot.html)"
74.7.227.185 - - [14/Apr/2026:11:15:22 +0000] "GET /sitemap372.xml HTTP/1.1" 500 1004 "-" "Mozilla/5.0 AppleWebKit/537.36 (KHTML, like Gecko; compatible; GPTBot/1.3; +https://openai.com/gptbot)"
74.7.242.41 - - [14/Apr/2026:11:15:56 +0000] "GET /shop/pg/1686962 HTTP/1.1" 500 1004 "http://mail.elementalmill.com/shop/pg/16201470497" "Mozilla/5.0 AppleWebKit/537.36 (KHTML, like Gecko; compatible; GPTBot/1.3; +https://openai.com/gptbot)"
85.208.96.207 - - [14/Apr/2026:11:16:02 +0000] "GET /shop/pg/16222055026 HTTP/1.1" 500 164 "-" "Mozilla/5.0 (compatible; SemrushBot/7~bl; +http://www.semrush.com/bot.html)"
74.7.227.185 - - [14/Apr/2026:11:16:26 +0000] "GET /sitemap133.xml HTTP/1.1" 500 1004 "-" "Mozilla/5.0 AppleWebKit/537.36 (KHTML, like Gecko; compatible; GPTBot/1.3; +https://openai.com/gptbot)"
74.7.227.48 - - [14/Apr/2026:11:16:59 +0000] "GET /shop/pg/1510911 HTTP/1.1" 500 1004 "http://www.elementalmill.com/shopping/products/16211510911" "Mozilla/5.0 AppleWebKit/537.36 (KHTML, like Gecko; compatible; GPTBot/1.3; +https://openai.com/gptbot)"
74.7.242.41 - - [14/Apr/2026:11:17:00 +0000] "GET /shop/pg/1314083 HTTP/1.1" 500 1004 "http://mail.elementalmill.com/shop/pg/16211689167" "Mozilla/5.0 AppleWebKit/537.36 (KHTML, like Gecko; compatible; GPTBot/1.3; +https://openai.com/gptbot)"
85.208.96.204 - - [14/Apr/2026:11:17:03 +0000] "GET /shop/pg/16201294424 HTTP/1.1" 500 164 "-" "Mozilla/5.0 (compatible; SemrushBot/7~bl; +http://www.semrush.com/bot.html)"
74.7.227.48 - - [14/Apr/2026:11:18:02 +0000] "GET /shop/pg/1540614 HTTP/1.1" 500 1004 "http://www.elementalmill.com/shop/customer/bookmark.php?shopping/products/16211540614" "Mozilla/5.0 AppleWebKit/537.36 (KHTML, like Gecko; compatible; GPTBot/1.3; +https://openai.com/gptbot)"
185.191.171.13 - - [14/Apr/2026:11:18:04 +0000] "GET /shopping/products/1619934795 HTTP/1.1" 500 164 "-" "Mozilla/5.0 (compatible; SemrushBot/7~bl; +http://www.semrush.com/bot.html)"
74.7.242.41 - - [14/Apr/2026:11:18:05 +0000] "GET /shop/pg/1643223 HTTP/1.1" 500 1004 "http://mail.elementalmill.com/shop/pg/1642065" "Mozilla/5.0 AppleWebKit/537.36 (KHTML, like Gecko; compatible; GPTBot/1.3; +https://openai.com/gptbot)"
74.7.227.185 - - [14/Apr/2026:11:18:36 +0000] "GET /sitemap363.xml HTTP/1.1" 500 1004 "-" "Mozilla/5.0 AppleWebKit/537.36 (KHTML, like Gecko; compatible; GPTBot/1.3; +https://openai.com/gptbot)"
74.7.242.41 - - [14/Apr/2026:11:18:38 +0000] "GET /shop/pg/16211553923 HTTP/1.1" 500 1004 "http://www.elementalmill.com" "Mozilla/5.0 AppleWebKit/537.36 (KHTML, like Gecko; compatible; GPTBot/1.3; +https://openai.com/gptbot)"
85.208.96.198 - - [14/Apr/2026:11:19:06 +0000] "GET /shop/pg/1619928416 HTTP/1.1" 500 164 "-" "Mozilla/5.0 (compatible; SemrushBot/7~bl; +http://www.semrush.com/bot.html)"
74.7.242.41 - - [14/Apr/2026:11:19:07 +0000] "GET /shop/pg/1670429 HTTP/1.1" 500 1004 "http://mail.elementalmill.com/shop/pg/16201453964" "Mozilla/5.0 AppleWebKit/537.36 (KHTML, like Gecko; compatible; GPTBot/1.3; +https://openai.com/gptbot)"
74.7.227.185 - - [14/Apr/2026:11:19:42 +0000] "GET /sitemap729.xml HTTP/1.1" 500 1004 "-" "Mozilla/5.0 AppleWebKit/537.36 (KHTML, like Gecko; compatible; GPTBot/1.3; +https://openai.com/gptbot)"
85.208.96.199 - - [14/Apr/2026:11:20:06 +0000] "GET /shopping/products/1619962577 HTTP/1.1" 500 164 "-" "Mozilla/5.0 (compatible; SemrushBot/7~bl; +http://www.semrush.com/bot.html)"
74.7.242.41 - - [14/Apr/2026:11:20:09 +0000] "GET /shop/pg/1380537 HTTP/1.1" 500 1004 "http://mail.elementalmill.com/shopping/products/16201380537" "Mozilla/5.0 AppleWebKit/537.36 (KHTML, like Gecko; compatible; GPTBot/1.3; +https://openai.com/gptbot)"
74.7.227.185 - - [14/Apr/2026:11:20:42 +0000] "GET /sitemap693.xml HTTP/1.1" 500 1004 "-" "Mozilla/5.0 AppleWebKit/537.36 (KHTML, like Gecko; compatible; GPTBot/1.3; +https://openai.com/gptbot)"
85.208.96.209 - - [14/Apr/2026:11:21:07 +0000] "GET /shopping/products/1619971587 HTTP/1.1" 500 164 "-" "Mozilla/5.0 (compatible; SemrushBot/7~bl; +http://www.semrush.com/bot.html)"
74.7.242.41 - - [14/Apr/2026:11:21:09 +0000] "GET /shop/pg/1785963 HTTP/1.1" 500 1004 "http://mail.elementalmill.com/shop/customer/bookmark.php?shopping/products/16211785963" "Mozilla/5.0 AppleWebKit/537.36 (KHTML, like Gecko; compatible; GPTBot/1.3; +https://openai.com/gptbot)"
74.7.242.41 - - [14/Apr/2026:11:21:48 +0000] "GET /shop/pg/16211951153 HTTP/1.1" 500 1004 "http://www.elementalmill.com" "Mozilla/5.0 AppleWebKit/537.36 (KHTML, like Gecko; compatible; GPTBot/1.3; +https://openai.com/gptbot)"
185.191.171.15 - - [14/Apr/2026:11:22:09 +0000] "GET /shopping/products/1619945295 HTTP/1.1" 500 164 "-" "Mozilla/5.0 (compatible; SemrushBot/7~bl; +http://www.semrush.com/bot.html)"
74.7.244.22 - - [14/Apr/2026:11:22:11 +0000] "GET /robots.txt HTTP/1.1" 200 111 "-" "Mozilla/5.0 (Macintosh; Intel Mac OS X 10_15_7) AppleWebKit/537.36 (KHTML, like Gecko) Chrome/131.0.0.0 Safari/537.36; compatible; OAI-SearchBot/1.3; robots.txt; +https://openai.com/searchbot"
74.7.242.41 - - [14/Apr/2026:11:22:11 +0000] "GET /shop/pg/1317912 HTTP/1.1" 500 1004 "http://mail.elementalmill.com/shop/pg/16211692994" "Mozilla/5.0 AppleWebKit/537.36 (KHTML, like Gecko; compatible; GPTBot/1.3; +https://openai.com/gptbot)"
85.208.96.195 - - [14/Apr/2026:11:23:10 +0000] "GET /shopping/products/1619973263 HTTP/1.1" 500 164 "-" "Mozilla/5.0 (compatible; SemrushBot/7~bl; +http://www.semrush.com/bot.html)"
