74.7.242.41 - - [14/Apr/2026:01:25:56 +0000] "GET /shop/pg/1519169 HTTP/1.1" 500 1004 "http://mail.elementalmill.com/shop/customer/bookmark.php?shopping/products/16211519169" "Mozilla/5.0 AppleWebKit/537.36 (KHTML, like Gecko; compatible; GPTBot/1.3; +https://openai.com/gptbot)"
74.7.242.41 - - [14/Apr/2026:01:26:32 +0000] "GET /shop/pg/16232540032 HTTP/1.1" 500 1004 "http://www.elementalmill.com" "Mozilla/5.0 AppleWebKit/537.36 (KHTML, like Gecko; compatible; GPTBot/1.3; +https://openai.com/gptbot)"
85.208.96.212 - - [14/Apr/2026:01:26:37 +0000] "GET /shopping/products/1619933213 HTTP/1.1" 500 164 "-" "Mozilla/5.0 (compatible; SemrushBot/7~bl; +http://www.semrush.com/bot.html)"
74.7.227.48 - - [14/Apr/2026:01:26:59 +0000] "GET /shop/pg/2332012 HTTP/1.1" 500 1004 "http://www.elementalmill.com/shop/customer/bookmark.php?shopping/products/16222332012" "Mozilla/5.0 AppleWebKit/537.36 (KHTML, like Gecko; compatible; GPTBot/1.3; +https://openai.com/gptbot)"
74.7.242.41 - - [14/Apr/2026:01:27:01 +0000] "GET /shop/pg/1619895 HTTP/1.1" 500 1004 "http://mail.elementalmill.com/shopping/products/16211619895" "Mozilla/5.0 AppleWebKit/537.36 (KHTML, like Gecko; compatible; GPTBot/1.3; +https://openai.com/gptbot)"
185.191.171.16 - - [14/Apr/2026:01:27:38 +0000] "GET /shopping/products/1619984724 HTTP/1.1" 500 164 "-" "Mozilla/5.0 (compatible; SemrushBot/7~bl; +http://www.semrush.com/bot.html)"
74.7.227.48 - - [14/Apr/2026:01:28:01 +0000] "GET /shop/pg/2242346 HTTP/1.1" 500 1004 "http://www.elementalmill.com/shopping/products/16222242346" "Mozilla/5.0 AppleWebKit/537.36 (KHTML, like Gecko; compatible; GPTBot/1.3; +https://openai.com/gptbot)"
74.7.242.41 - - [14/Apr/2026:01:28:02 +0000] "GET /shop/pg/1735893 HTTP/1.1" 500 1004 "http://mail.elementalmill.com/shopping/products/16211735893" "Mozilla/5.0 AppleWebKit/537.36 (KHTML, like Gecko; compatible; GPTBot/1.3; +https://openai.com/gptbot)"
74.7.242.41 - - [14/Apr/2026:01:28:38 +0000] "GET /shop/pg/16232596338 HTTP/1.1" 500 1004 "http://www.elementalmill.com" "Mozilla/5.0 AppleWebKit/537.36 (KHTML, like Gecko; compatible; GPTBot/1.3; +https://openai.com/gptbot)"
85.208.96.206 - - [14/Apr/2026:01:28:39 +0000] "GET /shopping/products/1619962153 HTTP/1.1" 500 164 "-" "Mozilla/5.0 (compatible; SemrushBot/7~bl; +http://www.semrush.com/bot.html)"
74.7.243.205 - - [14/Apr/2026:01:28:50 +0000] "GET /shop/pg/1014369 HTTP/1.1" 500 1004 "http://www.elementalmill.com.lab2454.com/shopping/products/16201014369" "Mozilla/5.0 AppleWebKit/537.36 (KHTML, like Gecko; compatible; GPTBot/1.3; +https://openai.com/gptbot)"
74.7.242.41 - - [14/Apr/2026:01:29:03 +0000] "GET /shop/pg/1839637 HTTP/1.1" 500 1004 "http://mail.elementalmill.com/shop/customer/bookmark.php?shopping/products/16211839637" "Mozilla/5.0 AppleWebKit/537.36 (KHTML, like Gecko; compatible; GPTBot/1.3; +https://openai.com/gptbot)"
185.191.171.16 - - [14/Apr/2026:01:29:40 +0000] "GET /shop/pg/2595449 HTTP/1.1" 500 164 "-" "Mozilla/5.0 (compatible; SemrushBot/7~bl; +http://www.semrush.com/bot.html)"
66.249.64.35 - - [14/Apr/2026:01:30:03 +0000] "GET /before_login/koto/edenpo/ HTTP/1.1" 200 27427 "-" "Mozilla/5.0 (Linux; Android 6.0.1; Nexus 5X Build/MMB29P) AppleWebKit/537.36 (KHTML, like Gecko) Chrome/146.0.7680.177 Mobile Safari/537.36 (compatible; GoogleOther)"
74.7.242.41 - - [14/Apr/2026:01:30:08 +0000] "GET /shop/pg/1024101 HTTP/1.1" 500 1004 "http://mail.elementalmill.com/shop/pg/16232582311" "Mozilla/5.0 AppleWebKit/537.36 (KHTML, like Gecko; compatible; GPTBot/1.3; +https://openai.com/gptbot)"
85.208.96.197 - - [14/Apr/2026:01:30:41 +0000] "GET /shopping/products/1619957763 HTTP/1.1" 500 164 "-" "Mozilla/5.0 (compatible; SemrushBot/7~bl; +http://www.semrush.com/bot.html)"
74.7.242.41 - - [14/Apr/2026:01:31:13 +0000] "GET /shop/pg/1866399 HTTP/1.1" 500 1004 "http://mail.elementalmill.com/shop/customer/bookmark.php?shopping/products/16211866399" "Mozilla/5.0 AppleWebKit/537.36 (KHTML, like Gecko; compatible; GPTBot/1.3; +https://openai.com/gptbot)"
185.191.171.11 - - [14/Apr/2026:01:31:43 +0000] "GET /shopping/products/1619863282 HTTP/1.1" 500 164 "-" "Mozilla/5.0 (compatible; SemrushBot/7~bl; +http://www.semrush.com/bot.html)"
74.7.242.41 - - [14/Apr/2026:01:31:50 +0000] "GET /shop/pg/16201175641 HTTP/1.1" 500 1004 "http://www.elementalmill.com" "Mozilla/5.0 AppleWebKit/537.36 (KHTML, like Gecko; compatible; GPTBot/1.3; +https://openai.com/gptbot)"
74.7.227.48 - - [14/Apr/2026:01:32:12 +0000] "GET /shop/pg/2392634 HTTP/1.1" 500 1004 "http://www.elementalmill.com/shopping/products/16222392634" "Mozilla/5.0 AppleWebKit/537.36 (KHTML, like Gecko; compatible; GPTBot/1.3; +https://openai.com/gptbot)"
185.191.171.7 - - [14/Apr/2026:01:32:44 +0000] "GET /shopping/products/1619968902 HTTP/1.1" 500 164 "-" "Mozilla/5.0 (compatible; SemrushBot/7~bl; +http://www.semrush.com/bot.html)"
74.7.242.41 - - [14/Apr/2026:01:33:19 +0000] "GET /shop/pg/1029718 HTTP/1.1" 500 1004 "http://mail.elementalmill.com/shop/pg/16232587914" "Mozilla/5.0 AppleWebKit/537.36 (KHTML, like Gecko; compatible; GPTBot/1.3; +https://openai.com/gptbot)"
185.191.171.8 - - [14/Apr/2026:01:33:46 +0000] "GET /shop/pg/1618321185 HTTP/1.1" 500 164 "-" "Mozilla/5.0 (compatible; SemrushBot/7~bl; +http://www.semrush.com/bot.html)"
74.7.242.41 - - [14/Apr/2026:01:34:25 +0000] "GET /shop/pg/1297968 HTTP/1.1" 500 1004 "http://mail.elementalmill.com/shop/pg/16211673059" "Mozilla/5.0 AppleWebKit/537.36 (KHTML, like Gecko; compatible; GPTBot/1.3; +https://openai.com/gptbot)"
85.208.96.204 - - [14/Apr/2026:01:34:47 +0000] "GET /shopping/products/1619948650 HTTP/1.1" 500 164 "-" "Mozilla/5.0 (compatible; SemrushBot/7~bl; +http://www.semrush.com/bot.html)"
74.7.242.41 - - [14/Apr/2026:01:35:27 +0000] "GET /shop/pg/1570884 HTTP/1.1" 500 1004 "http://mail.elementalmill.com/shop/pg/16201354426" "Mozilla/5.0 AppleWebKit/537.36 (KHTML, like Gecko; compatible; GPTBot/1.3; +https://openai.com/gptbot)"
185.191.171.10 - - [14/Apr/2026:01:35:48 +0000] "GET /shopping/products/1619914800 HTTP/1.1" 500 164 "-" "Mozilla/5.0 (compatible; SemrushBot/7~bl; +http://www.semrush.com/bot.html)"
66.249.64.35 - - [14/Apr/2026:01:36:21 +0000] "GET /swp/pointTopView/ HTTP/1.1" 200 28315 "-" "Mozilla/5.0 (Linux; Android 6.0.1; Nexus 5X Build/MMB29P) AppleWebKit/537.36 (KHTML, like Gecko) Chrome/146.0.7680.177 Mobile Safari/537.36 (compatible; GoogleOther)"
74.7.242.41 - - [14/Apr/2026:01:36:28 +0000] "GET /shop/pg/1323246 HTTP/1.1" 500 1004 "http://mail.elementalmill.com/shop/pg/16211698334" "Mozilla/5.0 AppleWebKit/537.36 (KHTML, like Gecko; compatible; GPTBot/1.3; +https://openai.com/gptbot)"
185.191.171.15 - - [14/Apr/2026:01:36:49 +0000] "GET /shopping/products/1619952473 HTTP/1.1" 500 164 "-" "Mozilla/5.0 (compatible; SemrushBot/7~bl; +http://www.semrush.com/bot.html)"
185.191.171.5 - - [14/Apr/2026:01:37:51 +0000] "GET /shop/pg/281605 HTTP/1.1" 500 164 "-" "Mozilla/5.0 (compatible; SemrushBot/7~bl; +http://www.semrush.com/bot.html)"
185.191.171.1 - - [14/Apr/2026:01:38:52 +0000] "GET /shopping/products/1619981501 HTTP/1.1" 500 164 "-" "Mozilla/5.0 (compatible; SemrushBot/7~bl; +http://www.semrush.com/bot.html)"
66.249.64.34 - - [14/Apr/2026:01:38:54 +0000] "GET /tpc/mycatalog/myCatalogListView/ HTTP/1.1" 200 27243 "-" "Mozilla/5.0 (Linux; Android 6.0.1; Nexus 5X Build/MMB29P) AppleWebKit/537.36 (KHTML, like Gecko) Chrome/146.0.7680.177 Mobile Safari/537.36 (compatible; GoogleOther)"
85.208.96.207 - - [14/Apr/2026:01:39:53 +0000] "GET /shopping/products/1619946067 HTTP/1.1" 500 164 "-" "Mozilla/5.0 (compatible; SemrushBot/7~bl; +http://www.semrush.com/bot.html)"
74.7.227.185 - - [14/Apr/2026:01:40:33 +0000] "GET /shopping/products/16211986533 HTTP/1.1" 500 1004 "http://elementalmill.com.lab2454.com/shop/pg/16222072692" "Mozilla/5.0 AppleWebKit/537.36 (KHTML, like Gecko; compatible; GPTBot/1.3; +https://openai.com/gptbot)"
185.191.171.15 - - [14/Apr/2026:01:40:54 +0000] "GET /shopping/products/1619949219 HTTP/1.1" 500 164 "-" "Mozilla/5.0 (compatible; SemrushBot/7~bl; +http://www.semrush.com/bot.html)"
74.7.243.205 - - [14/Apr/2026:01:41:27 +0000] "GET /shop/pg/1974527 HTTP/1.1" 500 1004 "http://www.elementalmill.com.lab2454.com/shopping/products/16211974527" "Mozilla/5.0 AppleWebKit/537.36 (KHTML, like Gecko; compatible; GPTBot/1.3; +https://openai.com/gptbot)"
74.7.242.41 - - [14/Apr/2026:01:41:43 +0000] "GET /shop/pg/1443947 HTTP/1.1" 500 1004 "http://mail.elementalmill.com/shop/pg/16201227485" "Mozilla/5.0 AppleWebKit/537.36 (KHTML, like Gecko; compatible; GPTBot/1.3; +https://openai.com/gptbot)"
85.208.96.200 - - [14/Apr/2026:01:41:55 +0000] "GET /shop/pg/16222088014 HTTP/1.1" 500 164 "-" "Mozilla/5.0 (compatible; SemrushBot/7~bl; +http://www.semrush.com/bot.html)"
185.191.171.5 - - [14/Apr/2026:01:42:08 +0000] "GET /robots.txt HTTP/1.1" 500 1004 "-" "Mozilla/5.0 (compatible; SemrushBot/7~bl; +http://www.semrush.com/bot.html)"
74.7.242.41 - - [14/Apr/2026:01:42:46 +0000] "GET /shop/pg/1329929 HTTP/1.1" 500 1004 "http://mail.elementalmill.com/shopping/products/16201329929" "Mozilla/5.0 AppleWebKit/537.36 (KHTML, like Gecko; compatible; GPTBot/1.3; +https://openai.com/gptbot)"
185.191.171.10 - - [14/Apr/2026:01:42:56 +0000] "GET /shopping/products/1619994955 HTTP/1.1" 500 164 "-" "Mozilla/5.0 (compatible; SemrushBot/7~bl; +http://www.semrush.com/bot.html)"
74.7.242.41 - - [14/Apr/2026:01:43:51 +0000] "GET /shop/pg/1919335 HTTP/1.1" 500 1004 "http://mail.elementalmill.com/shop/customer/bookmark.php?shopping/products/16211919335" "Mozilla/5.0 AppleWebKit/537.36 (KHTML, like Gecko; compatible; GPTBot/1.3; +https://openai.com/gptbot)"
85.208.96.199 - - [14/Apr/2026:01:43:57 +0000] "GET /shopping/products/1619928596 HTTP/1.1" 500 164 "-" "Mozilla/5.0 (compatible; SemrushBot/7~bl; +http://www.semrush.com/bot.html)"
74.7.242.41 - - [14/Apr/2026:01:44:07 +0000] "GET /shop/pg/16211734153 HTTP/1.1" 500 1004 "http://www.elementalmill.com" "Mozilla/5.0 AppleWebKit/537.36 (KHTML, like Gecko; compatible; GPTBot/1.3; +https://openai.com/gptbot)"
74.7.242.41 - - [14/Apr/2026:01:44:51 +0000] "GET /shop/pg/1604161 HTTP/1.1" 500 1004 "http://mail.elementalmill.com/shop/pg/16211979250" "Mozilla/5.0 AppleWebKit/537.36 (KHTML, like Gecko; compatible; GPTBot/1.3; +https://openai.com/gptbot)"
85.208.96.212 - - [14/Apr/2026:01:44:58 +0000] "GET /shopping/products/1619949183 HTTP/1.1" 500 164 "-" "Mozilla/5.0 (compatible; SemrushBot/7~bl; +http://www.semrush.com/bot.html)"
74.7.227.185 - - [14/Apr/2026:01:45:43 +0000] "GET /shopping/products/16211585137 HTTP/1.1" 500 1004 "http://elementalmill.com.lab2454.com/shopping/products/16232575322" "Mozilla/5.0 AppleWebKit/537.36 (KHTML, like Gecko; compatible; GPTBot/1.3; +https://openai.com/gptbot)"
74.7.242.41 - - [14/Apr/2026:01:45:52 +0000] "GET /shop/pg/1664568 HTTP/1.1" 500 1004 "http://mail.elementalmill.com/shopping/products/16211664568" "Mozilla/5.0 AppleWebKit/537.36 (KHTML, like Gecko; compatible; GPTBot/1.3; +https://openai.com/gptbot)"
85.208.96.202 - - [14/Apr/2026:01:45:59 +0000] "GET /shopping/products/1619978758 HTTP/1.1" 500 164 "-" "Mozilla/5.0 (compatible; SemrushBot/7~bl; +http://www.semrush.com/bot.html)"
74.7.227.48 - - [14/Apr/2026:01:46:55 +0000] "GET /shop/pg/1538152 HTTP/1.1" 500 1004 "http://www.elementalmill.com/shop/customer/bookmark.php?shopping/products/16211538152" "Mozilla/5.0 AppleWebKit/537.36 (KHTML, like Gecko; compatible; GPTBot/1.3; +https://openai.com/gptbot)"
85.208.96.203 - - [14/Apr/2026:01:47:00 +0000] "GET /shop/pg/1618453567 HTTP/1.1" 500 164 "-" "Mozilla/5.0 (compatible; SemrushBot/7~bl; +http://www.semrush.com/bot.html)"
66.249.64.34 - - [14/Apr/2026:01:47:04 +0000] "GET /f/towel/towel00/ HTTP/1.1" 200 27691 "-" "Mozilla/5.0 (Linux; Android 6.0.1; Nexus 5X Build/MMB29P) AppleWebKit/537.36 (KHTML, like Gecko) Chrome/146.0.7680.177 Mobile Safari/537.36 (compatible; GoogleOther)"
66.249.64.33 - - [14/Apr/2026:01:47:40 +0000] "GET /f/copy/copy00/ HTTP/1.1" 200 28445 "-" "Mozilla/5.0 (Linux; Android 6.0.1; Nexus 5X Build/MMB29P) AppleWebKit/537.36 (KHTML, like Gecko) Chrome/146.0.7680.177 Mobile Safari/537.36 (compatible; GoogleOther)"
66.249.64.33 - - [14/Apr/2026:01:47:48 +0000] "GET /guide/knowledge/delivery.html HTTP/1.1" 200 27472 "-" "Mozilla/5.0 (Linux; Android 6.0.1; Nexus 5X Build/MMB29P) AppleWebKit/537.36 (KHTML, like Gecko) Chrome/146.0.7680.177 Mobile Safari/537.36 (compatible; GoogleOther)"
74.7.242.41 - - [14/Apr/2026:01:47:55 +0000] "GET /shop/pg/1482263 HTTP/1.1" 500 1004 "http://mail.elementalmill.com/shop/pg/16211857353" "Mozilla/5.0 AppleWebKit/537.36 (KHTML, like Gecko; compatible; GPTBot/1.3; +https://openai.com/gptbot)"
185.191.171.2 - - [14/Apr/2026:01:48:01 +0000] "GET /shop/pg/16222098671 HTTP/1.1" 500 164 "-" "Mozilla/5.0 (compatible; SemrushBot/7~bl; +http://www.semrush.com/bot.html)"
66.249.64.34 - - [14/Apr/2026:01:48:19 +0000] "GET /f/copy/copy00/ HTTP/1.1" 200 28445 "-" "Mozilla/5.0 (Linux; Android 6.0.1; Nexus 5X Build/MMB29P) AppleWebKit/537.36 (KHTML, like Gecko) Chrome/146.0.7680.177 Mobile Safari/537.36 (compatible; Googlebot/2.1; +http://www.google.com/bot.html)"
185.191.171.4 - - [14/Apr/2026:01:49:02 +0000] "GET /shopping/products/1619971709 HTTP/1.1" 500 164 "-" "Mozilla/5.0 (compatible; SemrushBot/7~bl; +http://www.semrush.com/bot.html)"
74.7.242.41 - - [14/Apr/2026:01:50:01 +0000] "GET /shop/pg/1186305 HTTP/1.1" 500 1004 "http://mail.elementalmill.com/shop/pg/16211561405" "Mozilla/5.0 AppleWebKit/537.36 (KHTML, like Gecko; compatible; GPTBot/1.3; +https://openai.com/gptbot)"
85.208.96.204 - - [14/Apr/2026:01:50:04 +0000] "GET /shop/pg/16222045793 HTTP/1.1" 500 164 "-" "Mozilla/5.0 (compatible; SemrushBot/7~bl; +http://www.semrush.com/bot.html)"
74.7.227.185 - - [14/Apr/2026:01:51:00 +0000] "GET /shopping/products/16211786743 HTTP/1.1" 500 1004 "http://elementalmill.com.lab2454.com/shopping/products/16211706753" "Mozilla/5.0 AppleWebKit/537.36 (KHTML, like Gecko; compatible; GPTBot/1.3; +https://openai.com/gptbot)"
185.191.171.12 - - [14/Apr/2026:01:51:04 +0000] "GET /shopping/products/1619971531 HTTP/1.1" 500 164 "-" "Mozilla/5.0 (compatible; SemrushBot/7~bl; +http://www.semrush.com/bot.html)"
74.7.242.41 - - [14/Apr/2026:01:51:07 +0000] "GET /shop/pg/1004881 HTTP/1.1" 500 1004 "http://mail.elementalmill.com/shopping/products/16201004881" "Mozilla/5.0 AppleWebKit/537.36 (KHTML, like Gecko; compatible; GPTBot/1.3; +https://openai.com/gptbot)"
85.208.96.201 - - [14/Apr/2026:01:52:05 +0000] "GET /shopping/products/1619934768 HTTP/1.1" 500 164 "-" "Mozilla/5.0 (compatible; SemrushBot/7~bl; +http://www.semrush.com/bot.html)"
74.7.227.48 - - [14/Apr/2026:01:52:08 +0000] "GET /shop/pg/2347598 HTTP/1.1" 500 1004 "http://www.elementalmill.com/shop/customer/bookmark.php?shopping/products/16222347598" "Mozilla/5.0 AppleWebKit/537.36 (KHTML, like Gecko; compatible; GPTBot/1.3; +https://openai.com/gptbot)"
74.7.242.41 - - [14/Apr/2026:01:52:10 +0000] "GET /shop/pg/1100308 HTTP/1.1" 500 1004 "http://mail.elementalmill.com/shopping/products/16201100308" "Mozilla/5.0 AppleWebKit/537.36 (KHTML, like Gecko; compatible; GPTBot/1.3; +https://openai.com/gptbot)"
185.191.171.14 - - [14/Apr/2026:01:53:07 +0000] "GET /shopping/products/1619871218 HTTP/1.1" 500 164 "-" "Mozilla/5.0 (compatible; SemrushBot/7~bl; +http://www.semrush.com/bot.html)"
74.7.227.48 - - [14/Apr/2026:01:53:10 +0000] "GET /shop/pg/2367843 HTTP/1.1" 500 1004 "http://www.elementalmill.com/shopping/products/16222367843" "Mozilla/5.0 AppleWebKit/537.36 (KHTML, like Gecko; compatible; GPTBot/1.3; +https://openai.com/gptbot)"
74.7.227.185 - - [14/Apr/2026:01:53:11 +0000] "GET /shopping/products/16201154933 HTTP/1.1" 500 1004 "http://elementalmill.com.lab2454.com/shop/pg/16222366688" "Mozilla/5.0 AppleWebKit/537.36 (KHTML, like Gecko; compatible; GPTBot/1.3; +https://openai.com/gptbot)"
74.7.242.41 - - [14/Apr/2026:01:53:13 +0000] "GET /shop/pg/2279357 HTTP/1.1" 500 1004 "http://mail.elementalmill.com/shopping/products/16222279357" "Mozilla/5.0 AppleWebKit/537.36 (KHTML, like Gecko; compatible; GPTBot/1.3; +https://openai.com/gptbot)"
85.208.96.209 - - [14/Apr/2026:01:54:08 +0000] "GET /shopping/products/1619950801 HTTP/1.1" 500 164 "-" "Mozilla/5.0 (compatible; SemrushBot/7~bl; +http://www.semrush.com/bot.html)"
74.7.227.185 - - [14/Apr/2026:01:54:14 +0000] "GET /shopping/products/16232513822 HTTP/1.1" 500 1004 "http://elementalmill.com.lab2454.com/shopping/products/16201264207" "Mozilla/5.0 AppleWebKit/537.36 (KHTML, like Gecko; compatible; GPTBot/1.3; +https://openai.com/gptbot)"
74.7.242.41 - - [14/Apr/2026:01:54:19 +0000] "GET /shop/pg/1204251 HTTP/1.1" 500 1004 "http://mail.elementalmill.com/shop/pg/16211579342" "Mozilla/5.0 AppleWebKit/537.36 (KHTML, like Gecko; compatible; GPTBot/1.3; +https://openai.com/gptbot)"
185.191.171.19 - - [14/Apr/2026:01:55:09 +0000] "GET /shop/pg/16222046570 HTTP/1.1" 500 164 "-" "Mozilla/5.0 (compatible; SemrushBot/7~bl; +http://www.semrush.com/bot.html)"
85.208.96.203 - - [14/Apr/2026:01:56:09 +0000] "GET /shop/pg/1682138 HTTP/1.1" 500 164 "-" "Mozilla/5.0 (compatible; SemrushBot/7~bl; +http://www.semrush.com/bot.html)"
157.55.39.200 - - [14/Apr/2026:01:56:14 +0000] "GET /sitemap300.xml HTTP/1.1" 200 6133 "-" "Mozilla/5.0 AppleWebKit/537.36 (KHTML, like Gecko; compatible; bingbot/2.0; +http://www.bing.com/bingbot.htm) Chrome/116.0.1938.76 Safari/537.36"
74.7.227.48 - - [14/Apr/2026:01:56:21 +0000] "GET /shop/pg/2146075 HTTP/1.1" 500 1004 "http://www.elementalmill.com/shopping/products/16222146075" "Mozilla/5.0 AppleWebKit/537.36 (KHTML, like Gecko; compatible; GPTBot/1.3; +https://openai.com/gptbot)"
66.249.64.35 - - [14/Apr/2026:01:56:31 +0000] "GET /f/cardboard/cardboard00/ HTTP/1.1" 200 27369 "-" "Mozilla/5.0 (Linux; Android 6.0.1; Nexus 5X Build/MMB29P) AppleWebKit/537.36 (KHTML, like Gecko) Chrome/146.0.7680.177 Mobile Safari/537.36 (compatible; GoogleOther)"
85.208.96.203 - - [14/Apr/2026:01:57:10 +0000] "GET /shopping/products/1619942442 HTTP/1.1" 500 164 "-" "Mozilla/5.0 (compatible; SemrushBot/7~bl; +http://www.semrush.com/bot.html)"
74.7.242.41 - - [14/Apr/2026:01:57:22 +0000] "GET /shop/pg/1241907 HTTP/1.1" 500 1004 "http://mail.elementalmill.com/shop/pg/16201025449" "Mozilla/5.0 AppleWebKit/537.36 (KHTML, like Gecko; compatible; GPTBot/1.3; +https://openai.com/gptbot)"
66.249.64.34 - - [14/Apr/2026:01:57:48 +0000] "GET /f/before/toner/ HTTP/1.1" 200 27556 "-" "Mozilla/5.0 (Linux; Android 6.0.1; Nexus 5X Build/MMB29P) AppleWebKit/537.36 (KHTML, like Gecko) Chrome/146.0.7680.177 Mobile Safari/537.36 (compatible; GoogleOther)"
185.191.171.11 - - [14/Apr/2026:01:58:12 +0000] "GET /shopping/products/1619996104 HTTP/1.1" 500 164 "-" "Mozilla/5.0 (compatible; SemrushBot/7~bl; +http://www.semrush.com/bot.html)"
74.7.242.41 - - [14/Apr/2026:01:58:24 +0000] "GET /shop/pg/1535368 HTTP/1.1" 500 1004 "http://mail.elementalmill.com/shopping/products/16211535368" "Mozilla/5.0 AppleWebKit/537.36 (KHTML, like Gecko; compatible; GPTBot/1.3; +https://openai.com/gptbot)"
74.7.227.48 - - [14/Apr/2026:01:58:26 +0000] "GET /shop/pg/2369481 HTTP/1.1" 500 1004 "http://www.elementalmill.com/shopping/products/16222369481" "Mozilla/5.0 AppleWebKit/537.36 (KHTML, like Gecko; compatible; GPTBot/1.3; +https://openai.com/gptbot)"
85.208.96.205 - - [14/Apr/2026:01:59:13 +0000] "GET /shopping/products/1619981224 HTTP/1.1" 500 164 "-" "Mozilla/5.0 (compatible; SemrushBot/7~bl; +http://www.semrush.com/bot.html)"
74.7.242.41 - - [14/Apr/2026:01:59:24 +0000] "GET /shop/pg/1586859 HTTP/1.1" 500 1004 "http://mail.elementalmill.com/shop/pg/16211961950" "Mozilla/5.0 AppleWebKit/537.36 (KHTML, like Gecko; compatible; GPTBot/1.3; +https://openai.com/gptbot)"
85.208.96.195 - - [14/Apr/2026:02:00:14 +0000] "GET /shop/pg/1244095 HTTP/1.1" 500 164 "-" "Mozilla/5.0 (compatible; SemrushBot/7~bl; +http://www.semrush.com/bot.html)"
74.7.242.41 - - [14/Apr/2026:02:00:28 +0000] "GET /shop/pg/2133251 HTTP/1.1" 500 1004 "http://mail.elementalmill.com/shop/customer/bookmark.php?shopping/products/16222133251" "Mozilla/5.0 AppleWebKit/537.36 (KHTML, like Gecko; compatible; GPTBot/1.3; +https://openai.com/gptbot)"
85.208.96.200 - - [14/Apr/2026:02:01:15 +0000] "GET /shop/pg/16201169004 HTTP/1.1" 500 164 "-" "Mozilla/5.0 (compatible; SemrushBot/7~bl; +http://www.semrush.com/bot.html)"
74.7.242.41 - - [14/Apr/2026:02:01:28 +0000] "GET /shop/pg/1713377 HTTP/1.1" 500 1004 "http://mail.elementalmill.com/shopping/products/16211713377" "Mozilla/5.0 AppleWebKit/537.36 (KHTML, like Gecko; compatible; GPTBot/1.3; +https://openai.com/gptbot)"
74.7.227.48 - - [14/Apr/2026:02:01:40 +0000] "GET /shop/pg/1529554 HTTP/1.1" 500 1004 "http://www.elementalmill.com/shopping/products/16211529554" "Mozilla/5.0 AppleWebKit/537.36 (KHTML, like Gecko; compatible; GPTBot/1.3; +https://openai.com/gptbot)"
74.7.242.41 - - [14/Apr/2026:02:02:01 +0000] "GET /shop/pg/16201122328 HTTP/1.1" 500 1004 "http://www.elementalmill.com" "Mozilla/5.0 AppleWebKit/537.36 (KHTML, like Gecko; compatible; GPTBot/1.3; +https://openai.com/gptbot)"
40.77.167.74 - - [14/Apr/2026:02:02:08 +0000] "GET /sitemap206.xml HTTP/1.1" 200 6156 "-" "Mozilla/5.0 AppleWebKit/537.36 (KHTML, like Gecko; compatible; bingbot/2.0; +http://www.bing.com/bingbot.htm) Chrome/116.0.1938.76 Safari/537.36"
85.208.96.205 - - [14/Apr/2026:02:02:16 +0000] "GET /shopping/products/1619967891 HTTP/1.1" 500 164 "-" "Mozilla/5.0 (compatible; SemrushBot/7~bl; +http://www.semrush.com/bot.html)"
185.191.171.3 - - [14/Apr/2026:02:02:51 +0000] "GET /robots.txt HTTP/1.1" 500 1004 "-" "Mozilla/5.0 (compatible; SemrushBot/7~bl; +http://www.semrush.com/bot.html)"
185.191.171.13 - - [14/Apr/2026:02:03:17 +0000] "GET /shopping/products/1619974299 HTTP/1.1" 500 164 "-" "Mozilla/5.0 (compatible; SemrushBot/7~bl; +http://www.semrush.com/bot.html)"
74.7.242.41 - - [14/Apr/2026:02:03:32 +0000] "GET /shop/pg/1040780 HTTP/1.1" 500 1004 "http://mail.elementalmill.com/shopping/products/16201040780" "Mozilla/5.0 AppleWebKit/537.36 (KHTML, like Gecko; compatible; GPTBot/1.3; +https://openai.com/gptbot)"
74.7.227.48 - - [14/Apr/2026:02:03:43 +0000] "GET /shop/pg/1479132 HTTP/1.1" 500 1004 "http://www.elementalmill.com/shopping/products/16201479132" "Mozilla/5.0 AppleWebKit/537.36 (KHTML, like Gecko; compatible; GPTBot/1.3; +https://openai.com/gptbot)"
74.7.242.41 - - [14/Apr/2026:02:04:01 +0000] "GET /shop/pg/16211746804 HTTP/1.1" 500 1004 "http://www.elementalmill.com" "Mozilla/5.0 AppleWebKit/537.36 (KHTML, like Gecko; compatible; GPTBot/1.3; +https://openai.com/gptbot)"
185.191.171.7 - - [14/Apr/2026:02:04:18 +0000] "GET /shop/pg/16201296030 HTTP/1.1" 500 164 "-" "Mozilla/5.0 (compatible; SemrushBot/7~bl; +http://www.semrush.com/bot.html)"
85.208.96.208 - - [14/Apr/2026:02:05:19 +0000] "GET /shopping/products/1619921932 HTTP/1.1" 500 164 "-" "Mozilla/5.0 (compatible; SemrushBot/7~bl; +http://www.semrush.com/bot.html)"
66.249.64.34 - - [14/Apr/2026:02:05:20 +0000] "GET /guide/policy/regulation.html HTTP/1.1" 200 27970 "-" "Mozilla/5.0 (Linux; Android 6.0.1; Nexus 5X Build/MMB29P) AppleWebKit/537.36 (KHTML, like Gecko) Chrome/146.0.7680.177 Mobile Safari/537.36 (compatible; GoogleOther)"
74.7.242.41 - - [14/Apr/2026:02:05:42 +0000] "GET /shop/pg/1854745 HTTP/1.1" 500 1004 "http://mail.elementalmill.com/shop/customer/bookmark.php?shopping/products/16211854745" "Mozilla/5.0 AppleWebKit/537.36 (KHTML, like Gecko; compatible; GPTBot/1.3; +https://openai.com/gptbot)"
74.7.242.41 - - [14/Apr/2026:02:06:08 +0000] "GET /shop/pg/16201069430 HTTP/1.1" 500 1004 "http://www.elementalmill.com" "Mozilla/5.0 AppleWebKit/537.36 (KHTML, like Gecko; compatible; GPTBot/1.3; +https://openai.com/gptbot)"
185.191.171.2 - - [14/Apr/2026:02:06:20 +0000] "GET /shopping/products/1619989602 HTTP/1.1" 500 164 "-" "Mozilla/5.0 (compatible; SemrushBot/7~bl; +http://www.semrush.com/bot.html)"
74.7.242.41 - - [14/Apr/2026:02:06:46 +0000] "GET /shop/pg/1693039 HTTP/1.1" 500 1004 "http://mail.elementalmill.com/shopping/products/16211693039" "Mozilla/5.0 AppleWebKit/537.36 (KHTML, like Gecko; compatible; GPTBot/1.3; +https://openai.com/gptbot)"
74.7.227.48 - - [14/Apr/2026:02:06:53 +0000] "GET /shop/pg/2399407 HTTP/1.1" 500 1004 "http://www.elementalmill.com/shop/customer/bookmark.php?shopping/products/16222399407" "Mozilla/5.0 AppleWebKit/537.36 (KHTML, like Gecko; compatible; GPTBot/1.3; +https://openai.com/gptbot)"
185.191.171.14 - - [14/Apr/2026:02:07:21 +0000] "GET /shopping/products/1619982213 HTTP/1.1" 500 164 "-" "Mozilla/5.0 (compatible; SemrushBot/7~bl; +http://www.semrush.com/bot.html)"
74.7.242.41 - - [14/Apr/2026:02:07:49 +0000] "GET /shop/pg/1780336 HTTP/1.1" 500 1004 "http://mail.elementalmill.com/shop/customer/bookmark.php?shopping/products/16211780336" "Mozilla/5.0 AppleWebKit/537.36 (KHTML, like Gecko; compatible; GPTBot/1.3; +https://openai.com/gptbot)"
74.7.227.185 - - [14/Apr/2026:02:07:53 +0000] "GET /shopping/products/16232627984 HTTP/1.1" 500 1004 "http://elementalmill.com.lab2454.com/shopping/products/16211863093" "Mozilla/5.0 AppleWebKit/537.36 (KHTML, like Gecko; compatible; GPTBot/1.3; +https://openai.com/gptbot)"
74.7.242.41 - - [14/Apr/2026:02:08:12 +0000] "GET /shop/pg/16211860452 HTTP/1.1" 500 1004 "http://www.elementalmill.com" "Mozilla/5.0 AppleWebKit/537.36 (KHTML, like Gecko; compatible; GPTBot/1.3; +https://openai.com/gptbot)"
185.191.171.4 - - [14/Apr/2026:02:08:22 +0000] "GET /shop/pg/16211721477 HTTP/1.1" 500 164 "-" "Mozilla/5.0 (compatible; SemrushBot/7~bl; +http://www.semrush.com/bot.html)"
66.249.64.35 - - [14/Apr/2026:02:08:30 +0000] "GET /guide/policy/browser/accessibility.html HTTP/1.1" 200 27707 "-" "Mozilla/5.0 (Linux; Android 6.0.1; Nexus 5X Build/MMB29P) AppleWebKit/537.36 (KHTML, like Gecko) Chrome/146.0.7680.177 Mobile Safari/537.36 (compatible; GoogleOther)"
74.7.242.41 - - [14/Apr/2026:02:08:53 +0000] "GET /shop/pg/1233804 HTTP/1.1" 500 1004 "http://mail.elementalmill.com/shopping/products/16201233804" "Mozilla/5.0 AppleWebKit/537.36 (KHTML, like Gecko; compatible; GPTBot/1.3; +https://openai.com/gptbot)"
74.7.227.185 - - [14/Apr/2026:02:08:57 +0000] "GET /shopping/products/16211709210 HTTP/1.1" 500 1004 "http://elementalmill.com.lab2454.com/shop/pg/16222112690" "Mozilla/5.0 AppleWebKit/537.36 (KHTML, like Gecko; compatible; GPTBot/1.3; +https://openai.com/gptbot)"
85.208.96.193 - - [14/Apr/2026:02:09:23 +0000] "GET /shop/pg/16222087465 HTTP/1.1" 500 164 "-" "Mozilla/5.0 (compatible; SemrushBot/7~bl; +http://www.semrush.com/bot.html)"
74.7.242.41 - - [14/Apr/2026:02:09:58 +0000] "GET /shop/pg/2238301 HTTP/1.1" 500 1004 "http://mail.elementalmill.com/shopping/products/16222238301" "Mozilla/5.0 AppleWebKit/537.36 (KHTML, like Gecko; compatible; GPTBot/1.3; +https://openai.com/gptbot)"
74.7.242.41 - - [14/Apr/2026:02:10:16 +0000] "GET /shop/pg/16201456015 HTTP/1.1" 500 1004 "http://www.elementalmill.com" "Mozilla/5.0 AppleWebKit/537.36 (KHTML, like Gecko; compatible; GPTBot/1.3; +https://openai.com/gptbot)"
185.191.171.15 - - [14/Apr/2026:02:10:24 +0000] "GET /shop/pg/16201359573 HTTP/1.1" 500 164 "-" "Mozilla/5.0 (compatible; SemrushBot/7~bl; +http://www.semrush.com/bot.html)"
207.46.13.127 - - [14/Apr/2026:02:10:41 +0000] "GET /sitemap182.xml HTTP/1.1" 200 6064 "-" "Mozilla/5.0 AppleWebKit/537.36 (KHTML, like Gecko; compatible; bingbot/2.0; +http://www.bing.com/bingbot.htm) Chrome/116.0.1938.76 Safari/537.36"
74.7.227.48 - - [14/Apr/2026:02:11:01 +0000] "GET /shop/pg/1181537 HTTP/1.1" 500 1004 "http://www.elementalmill.com/shopping/products/16201181537" "Mozilla/5.0 AppleWebKit/537.36 (KHTML, like Gecko; compatible; GPTBot/1.3; +https://openai.com/gptbot)"
74.7.242.41 - - [14/Apr/2026:02:11:05 +0000] "GET /shop/pg/1704303 HTTP/1.1" 500 1004 "http://mail.elementalmill.com/shop/customer/bookmark.php?shopping/products/16211704303" "Mozilla/5.0 AppleWebKit/537.36 (KHTML, like Gecko; compatible; GPTBot/1.3; +https://openai.com/gptbot)"
185.191.171.7 - - [14/Apr/2026:02:11:25 +0000] "GET /shopping/products/1619965703 HTTP/1.1" 500 164 "-" "Mozilla/5.0 (compatible; SemrushBot/7~bl; +http://www.semrush.com/bot.html)"
74.7.227.48 - - [14/Apr/2026:02:12:03 +0000] "GET /shop/pg/1947338 HTTP/1.1" 500 1004 "http://www.elementalmill.com/shopping/products/16211947338" "Mozilla/5.0 AppleWebKit/537.36 (KHTML, like Gecko; compatible; GPTBot/1.3; +https://openai.com/gptbot)"
74.7.242.41 - - [14/Apr/2026:02:12:06 +0000] "GET /shop/pg/1794098 HTTP/1.1" 500 1004 "http://mail.elementalmill.com/shopping/products/16211794098" "Mozilla/5.0 AppleWebKit/537.36 (KHTML, like Gecko; compatible; GPTBot/1.3; +https://openai.com/gptbot)"
185.191.171.12 - - [14/Apr/2026:02:12:26 +0000] "GET /shopping/products/1619969419 HTTP/1.1" 500 164 "-" "Mozilla/5.0 (compatible; SemrushBot/7~bl; +http://www.semrush.com/bot.html)"
74.7.242.41 - - [14/Apr/2026:02:13:09 +0000] "GET /shop/pg/2647792 HTTP/1.1" 500 1004 "http://mail.elementalmill.com/shopping/products/16232647792" "Mozilla/5.0 AppleWebKit/537.36 (KHTML, like Gecko; compatible; GPTBot/1.3; +https://openai.com/gptbot)"
85.208.96.197 - - [14/Apr/2026:02:13:28 +0000] "GET /shopping/products/1619965506 HTTP/1.1" 500 164 "-" "Mozilla/5.0 (compatible; SemrushBot/7~bl; +http://www.semrush.com/bot.html)"
66.249.64.35 - - [14/Apr/2026:02:14:10 +0000] "GET /mbr/catalog/createAccountView/ HTTP/1.1" 200 27472 "-" "Mozilla/5.0 (Linux; Android 6.0.1; Nexus 5X Build/MMB29P) AppleWebKit/537.36 (KHTML, like Gecko) Chrome/146.0.7680.177 Mobile Safari/537.36 (compatible; GoogleOther)"
74.7.242.41 - - [14/Apr/2026:02:14:18 +0000] "GET /shop/pg/1648215 HTTP/1.1" 500 1004 "http://mail.elementalmill.com/shop/pg/16201431760" "Mozilla/5.0 AppleWebKit/537.36 (KHTML, like Gecko; compatible; GPTBot/1.3; +https://openai.com/gptbot)"
185.191.171.3 - - [14/Apr/2026:02:14:29 +0000] "GET /shopping/products/1619930650 HTTP/1.1" 500 164 "-" "Mozilla/5.0 (compatible; SemrushBot/7~bl; +http://www.semrush.com/bot.html)"
74.7.227.185 - - [14/Apr/2026:02:15:13 +0000] "GET /shopping/products/16201362989 HTTP/1.1" 500 1004 "http://elementalmill.com.lab2454.com/shopping/products/16201405779" "Mozilla/5.0 AppleWebKit/537.36 (KHTML, like Gecko; compatible; GPTBot/1.3; +https://openai.com/gptbot)"
74.7.242.41 - - [14/Apr/2026:02:15:19 +0000] "GET /shop/pg/1420316 HTTP/1.1" 500 1004 "http://mail.elementalmill.com/shop/customer/bookmark.php?shopping/products/16201420316" "Mozilla/5.0 AppleWebKit/537.36 (KHTML, like Gecko; compatible; GPTBot/1.3; +https://openai.com/gptbot)"
185.191.171.13 - - [14/Apr/2026:02:15:30 +0000] "GET /shopping/products/1619954510 HTTP/1.1" 500 164 "-" "Mozilla/5.0 (compatible; SemrushBot/7~bl; +http://www.semrush.com/bot.html)"
74.7.227.48 - - [14/Apr/2026:02:16:17 +0000] "GET /shop/pg/2054147 HTTP/1.1" 500 1004 "http://www.elementalmill.com/shop/customer/bookmark.php?shopping/products/16222054147" "Mozilla/5.0 AppleWebKit/537.36 (KHTML, like Gecko; compatible; GPTBot/1.3; +https://openai.com/gptbot)"
74.7.242.41 - - [14/Apr/2026:02:16:21 +0000] "GET /shop/pg/1425280 HTTP/1.1" 500 1004 "http://mail.elementalmill.com/shop/pg/16211800381" "Mozilla/5.0 AppleWebKit/537.36 (KHTML, like Gecko; compatible; GPTBot/1.3; +https://openai.com/gptbot)"
185.191.171.15 - - [14/Apr/2026:02:16:32 +0000] "GET /shopping/products/1619938341 HTTP/1.1" 500 164 "-" "Mozilla/5.0 (compatible; SemrushBot/7~bl; +http://www.semrush.com/bot.html)"
74.7.242.41 - - [14/Apr/2026:02:16:37 +0000] "GET /shop/pg/16211996223 HTTP/1.1" 500 1004 "http://www.elementalmill.com" "Mozilla/5.0 AppleWebKit/537.36 (KHTML, like Gecko; compatible; GPTBot/1.3; +https://openai.com/gptbot)"
74.7.242.41 - - [14/Apr/2026:02:17:25 +0000] "GET /shop/pg/1703916 HTTP/1.1" 500 1004 "http://mail.elementalmill.com/shop/pg/16201487452" "Mozilla/5.0 AppleWebKit/537.36 (KHTML, like Gecko; compatible; GPTBot/1.3; +https://openai.com/gptbot)"
185.191.171.4 - - [14/Apr/2026:02:17:34 +0000] "GET /shop/pg/16222074907 HTTP/1.1" 500 164 "-" "Mozilla/5.0 (compatible; SemrushBot/7~bl; +http://www.semrush.com/bot.html)"
74.7.242.41 - - [14/Apr/2026:02:18:30 +0000] "GET /shop/pg/1605840 HTTP/1.1" 500 1004 "http://mail.elementalmill.com/shop/pg/16201389373" "Mozilla/5.0 AppleWebKit/537.36 (KHTML, like Gecko; compatible; GPTBot/1.3; +https://openai.com/gptbot)"
85.208.96.210 - - [14/Apr/2026:02:18:36 +0000] "GET /shopping/products/1619994062 HTTP/1.1" 500 164 "-" "Mozilla/5.0 (compatible; SemrushBot/7~bl; +http://www.semrush.com/bot.html)"
74.7.242.41 - - [14/Apr/2026:02:18:47 +0000] "GET /shop/pg/16201038823 HTTP/1.1" 500 1004 "http://www.elementalmill.com" "Mozilla/5.0 AppleWebKit/537.36 (KHTML, like Gecko; compatible; GPTBot/1.3; +https://openai.com/gptbot)"
66.249.64.34 - - [14/Apr/2026:02:19:13 +0000] "GET /ol/0/ HTTP/1.1" 200 27560 "-" "Mozilla/5.0 (Linux; Android 6.0.1; Nexus 5X Build/MMB29P) AppleWebKit/537.36 (KHTML, like Gecko) Chrome/146.0.7680.177 Mobile Safari/537.36 (compatible; GoogleOther)"
74.7.242.41 - - [14/Apr/2026:02:19:33 +0000] "GET /shop/pg/1933155 HTTP/1.1" 500 1004 "http://mail.elementalmill.com/shop/pg/1619791997" "Mozilla/5.0 AppleWebKit/537.36 (KHTML, like Gecko; compatible; GPTBot/1.3; +https://openai.com/gptbot)"
85.208.96.206 - - [14/Apr/2026:02:19:38 +0000] "GET /shopping/products/1619928640 HTTP/1.1" 500 164 "-" "Mozilla/5.0 (compatible; SemrushBot/7~bl; +http://www.semrush.com/bot.html)"
74.7.242.41 - - [14/Apr/2026:02:19:54 +0000] "GET /shop/pg/16201461762 HTTP/1.1" 500 1004 "http://www.elementalmill.com" "Mozilla/5.0 AppleWebKit/537.36 (KHTML, like Gecko; compatible; GPTBot/1.3; +https://openai.com/gptbot)"
74.7.227.48 - - [14/Apr/2026:02:20:37 +0000] "GET /shop/pg/1770218 HTTP/1.1" 500 1004 "http://www.elementalmill.com/shopping/products/16211770218" "Mozilla/5.0 AppleWebKit/537.36 (KHTML, like Gecko; compatible; GPTBot/1.3; +https://openai.com/gptbot)"
74.7.242.41 - - [14/Apr/2026:02:20:38 +0000] "GET /shop/pg/1642241 HTTP/1.1" 500 1004 "http://mail.elementalmill.com/shop/pg/16201425776" "Mozilla/5.0 AppleWebKit/537.36 (KHTML, like Gecko; compatible; GPTBot/1.3; +https://openai.com/gptbot)"
85.208.96.202 - - [14/Apr/2026:02:20:39 +0000] "GET /shopping/products/1619974170 HTTP/1.1" 500 164 "-" "Mozilla/5.0 (compatible; SemrushBot/7~bl; +http://www.semrush.com/bot.html)"
74.7.242.41 - - [14/Apr/2026:02:21:38 +0000] "GET /shop/pg/1527142 HTTP/1.1" 500 1004 "http://mail.elementalmill.com/shop/pg/16211902243" "Mozilla/5.0 AppleWebKit/537.36 (KHTML, like Gecko; compatible; GPTBot/1.3; +https://openai.com/gptbot)"
185.191.171.16 - - [14/Apr/2026:02:21:40 +0000] "GET /shop/pg/1618291071 HTTP/1.1" 500 164 "-" "Mozilla/5.0 (compatible; SemrushBot/7~bl; +http://www.semrush.com/bot.html)"
185.191.171.4 - - [14/Apr/2026:02:22:41 +0000] "GET /shopping/products/1619906196 HTTP/1.1" 500 164 "-" "Mozilla/5.0 (compatible; SemrushBot/7~bl; +http://www.semrush.com/bot.html)"
66.249.64.34 - - [14/Apr/2026:02:22:59 +0000] "GET /e/09/ HTTP/1.1" 200 27357 "-" "Mozilla/5.0 (Linux; Android 6.0.1; Nexus 5X Build/MMB29P) AppleWebKit/537.36 (KHTML, like Gecko) Chrome/146.0.7680.177 Mobile Safari/537.36 (compatible; GoogleOther)"
207.46.13.9 - - [14/Apr/2026:02:23:12 +0000] "GET /sitemap467.xml HTTP/1.1" 200 6107 "-" "Mozilla/5.0 AppleWebKit/537.36 (KHTML, like Gecko; compatible; bingbot/2.0; +http://www.bing.com/bingbot.htm) Chrome/116.0.1938.76 Safari/537.36"
185.191.171.8 - - [14/Apr/2026:02:23:31 +0000] "GET /robots.txt HTTP/1.1" 500 1004 "-" "Mozilla/5.0 (compatible; SemrushBot/7~bl; +http://www.semrush.com/bot.html)"
85.208.96.204 - - [14/Apr/2026:02:23:42 +0000] "GET /shopping/products/1619979732 HTTP/1.1" 500 164 "-" "Mozilla/5.0 (compatible; SemrushBot/7~bl; +http://www.semrush.com/bot.html)"
74.7.227.48 - - [14/Apr/2026:02:23:48 +0000] "GET /shop/pg/1080561 HTTP/1.1" 500 1004 "http://www.elementalmill.com/shopping/products/16201080561" "Mozilla/5.0 AppleWebKit/537.36 (KHTML, like Gecko; compatible; GPTBot/1.3; +https://openai.com/gptbot)"
74.7.242.41 - - [14/Apr/2026:02:24:05 +0000] "GET /shop/pg/16201318727 HTTP/1.1" 500 1004 "http://www.elementalmill.com" "Mozilla/5.0 AppleWebKit/537.36 (KHTML, like Gecko; compatible; GPTBot/1.3; +https://openai.com/gptbot)"
85.208.96.206 - - [14/Apr/2026:02:24:44 +0000] "GET /shopping/products/1619918458 HTTP/1.1" 500 164 "-" "Mozilla/5.0 (compatible; SemrushBot/7~bl; +http://www.semrush.com/bot.html)"
74.7.242.41 - - [14/Apr/2026:02:24:48 +0000] "GET /shop/pg/1351335 HTTP/1.1" 500 1004 "http://mail.elementalmill.com/shop/customer/bookmark.php?shopping/products/16201351335" "Mozilla/5.0 AppleWebKit/537.36 (KHTML, like Gecko; compatible; GPTBot/1.3; +https://openai.com/gptbot)"
74.7.227.48 - - [14/Apr/2026:02:24:49 +0000] "GET /shop/pg/1520271 HTTP/1.1" 500 1004 "http://www.elementalmill.com/shopping/products/16211520271" "Mozilla/5.0 AppleWebKit/537.36 (KHTML, like Gecko; compatible; GPTBot/1.3; +https://openai.com/gptbot)"
85.208.96.207 - - [14/Apr/2026:02:25:45 +0000] "GET /shopping/products/1619955391 HTTP/1.1" 500 164 "-" "Mozilla/5.0 (compatible; SemrushBot/7~bl; +http://www.semrush.com/bot.html)"
74.7.227.48 - - [14/Apr/2026:02:25:49 +0000] "GET /shop/pg/1964480 HTTP/1.1" 500 1004 "http://www.elementalmill.com/shopping/products/16211964480" "Mozilla/5.0 AppleWebKit/537.36 (KHTML, like Gecko; compatible; GPTBot/1.3; +https://openai.com/gptbot)"
185.191.171.13 - - [14/Apr/2026:02:26:46 +0000] "GET /shopping/products/1619935166 HTTP/1.1" 500 164 "-" "Mozilla/5.0 (compatible; SemrushBot/7~bl; +http://www.semrush.com/bot.html)"
74.7.227.48 - - [14/Apr/2026:02:26:51 +0000] "GET /shop/pg/2125412 HTTP/1.1" 500 1004 "http://www.elementalmill.com/shopping/products/16222125412" "Mozilla/5.0 AppleWebKit/537.36 (KHTML, like Gecko; compatible; GPTBot/1.3; +https://openai.com/gptbot)"
74.7.242.41 - - [14/Apr/2026:02:26:55 +0000] "GET /shop/pg/1142303 HTTP/1.1" 500 1004 "http://mail.elementalmill.com/shopping/products/16201142303" "Mozilla/5.0 AppleWebKit/537.36 (KHTML, like Gecko; compatible; GPTBot/1.3; +https://openai.com/gptbot)"
74.7.242.41 - - [14/Apr/2026:02:27:13 +0000] "GET /shop/pg/16211805757 HTTP/1.1" 500 1004 "http://www.elementalmill.com" "Mozilla/5.0 AppleWebKit/537.36 (KHTML, like Gecko; compatible; GPTBot/1.3; +https://openai.com/gptbot)"
185.191.171.13 - - [14/Apr/2026:02:27:47 +0000] "GET /shopping/products/1619946055 HTTP/1.1" 500 164 "-" "Mozilla/5.0 (compatible; SemrushBot/7~bl; +http://www.semrush.com/bot.html)"
74.7.227.48 - - [14/Apr/2026:02:27:52 +0000] "GET /shop/pg/1552823 HTTP/1.1" 500 1004 "http://www.elementalmill.com/shopping/products/16211552823" "Mozilla/5.0 AppleWebKit/537.36 (KHTML, like Gecko; compatible; GPTBot/1.3; +https://openai.com/gptbot)"
185.191.171.12 - - [14/Apr/2026:02:28:49 +0000] "GET /shop/pg/1618497240 HTTP/1.1" 500 164 "-" "Mozilla/5.0 (compatible; SemrushBot/7~bl; +http://www.semrush.com/bot.html)"
74.7.242.41 - - [14/Apr/2026:02:29:05 +0000] "GET /shop/pg/1437941 HTTP/1.1" 500 1004 "http://mail.elementalmill.com/shop/pg/16201221485" "Mozilla/5.0 AppleWebKit/537.36 (KHTML, like Gecko; compatible; GPTBot/1.3; +https://openai.com/gptbot)"
74.7.242.41 - - [14/Apr/2026:02:29:17 +0000] "GET /shop/pg/16211864645 HTTP/1.1" 500 1004 "http://www.elementalmill.com" "Mozilla/5.0 AppleWebKit/537.36 (KHTML, like Gecko; compatible; GPTBot/1.3; +https://openai.com/gptbot)"
185.191.171.4 - - [14/Apr/2026:02:29:50 +0000] "GET /shopping/products/1619951783 HTTP/1.1" 500 164 "-" "Mozilla/5.0 (compatible; SemrushBot/7~bl; +http://www.semrush.com/bot.html)"
66.249.64.33 - - [14/Apr/2026:02:29:55 +0000] "GET /f/special/hakui/ HTTP/1.1" 200 28404 "-" "Mozilla/5.0 (Linux; Android 6.0.1; Nexus 5X Build/MMB29P) AppleWebKit/537.36 (KHTML, like Gecko) Chrome/146.0.7680.177 Mobile Safari/537.36 (compatible; GoogleOther)"
74.7.227.48 - - [14/Apr/2026:02:29:59 +0000] "GET /shop/pg/1677926 HTTP/1.1" 500 1004 "http://www.elementalmill.com/shop/customer/bookmark.php?shopping/products/16211677926" "Mozilla/5.0 AppleWebKit/537.36 (KHTML, like Gecko; compatible; GPTBot/1.3; +https://openai.com/gptbot)"
74.7.242.41 - - [14/Apr/2026:02:30:08 +0000] "GET /shop/pg/2376101 HTTP/1.1" 500 1004 "http://mail.elementalmill.com/shopping/products/16222376101" "Mozilla/5.0 AppleWebKit/537.36 (KHTML, like Gecko; compatible; GPTBot/1.3; +https://openai.com/gptbot)"
185.191.171.2 - - [14/Apr/2026:02:30:51 +0000] "GET /shop/pg/1619951228 HTTP/1.1" 500 164 "-" "Mozilla/5.0 (compatible; SemrushBot/7~bl; +http://www.semrush.com/bot.html)"
34.82.123.251 - - [14/Apr/2026:02:30:58 +0000] "GET / HTTP/1.1" 500 2431 "-" "Mozilla/5.0 (Windows NT 10.0; Win64; x64) AppleWebKit/537.36 (KHTML, like Gecko) Chrome/78.0.3904.108 Safari/537.36"
34.82.123.251 - - [14/Apr/2026:02:30:59 +0000] "GET / HTTP/1.1" 500 2431 "-" "Mozilla/5.0 (Windows NT 10.0; Win64; x64) AppleWebKit/537.36 (KHTML, like Gecko) Chrome/78.0.3904.108 Safari/537.36"
74.7.227.48 - - [14/Apr/2026:02:31:01 +0000] "GET /shop/pg/1005116 HTTP/1.1" 500 1004 "http://www.elementalmill.com/shopping/products/16201005116" "Mozilla/5.0 AppleWebKit/537.36 (KHTML, like Gecko; compatible; GPTBot/1.3; +https://openai.com/gptbot)"
34.82.123.251 - - [14/Apr/2026:02:31:00 +0000] "GET /wp-includes/wlwmanifest.xml HTTP/1.1" 200 190934 "-" "Mozilla/5.0 (Windows NT 10.0; Win64; x64) AppleWebKit/537.36 (KHTML, like Gecko) Chrome/78.0.3904.108 Safari/537.36"
34.82.123.251 - - [14/Apr/2026:02:31:11 +0000] "GET /xmlrpc.php?rsd HTTP/1.1" 500 2431 "-" "Mozilla/5.0 (Windows NT 10.0; Win64; x64) AppleWebKit/537.36 (KHTML, like Gecko) Chrome/78.0.3904.108 Safari/537.36"
34.82.123.251 - - [14/Apr/2026:02:31:12 +0000] "GET / HTTP/1.1" 500 2431 "-" "Mozilla/5.0 (Windows NT 10.0; Win64; x64) AppleWebKit/537.36 (KHTML, like Gecko) Chrome/78.0.3904.108 Safari/537.36"
74.7.242.41 - - [14/Apr/2026:02:31:19 +0000] "GET /shop/pg/2378970 HTTP/1.1" 500 1004 "http://mail.elementalmill.com/shopping/products/16222378970" "Mozilla/5.0 AppleWebKit/537.36 (KHTML, like Gecko; compatible; GPTBot/1.3; +https://openai.com/gptbot)"
34.82.123.251 - - [14/Apr/2026:02:31:14 +0000] "GET /blog/wp-includes/wlwmanifest.xml HTTP/1.1" 200 190908 "-" "Mozilla/5.0 (Windows NT 10.0; Win64; x64) AppleWebKit/537.36 (KHTML, like Gecko) Chrome/78.0.3904.108 Safari/537.36"
34.82.123.251 - - [14/Apr/2026:02:31:25 +0000] "GET /web/wp-includes/wlwmanifest.xml HTTP/1.1" 200 190938 "-" "Mozilla/5.0 (Windows NT 10.0; Win64; x64) AppleWebKit/537.36 (KHTML, like Gecko) Chrome/78.0.3904.108 Safari/537.36"
34.82.123.251 - - [14/Apr/2026:02:31:32 +0000] "GET /wordpress/wp-includes/wlwmanifest.xml HTTP/1.1" 200 191333 "-" "Mozilla/5.0 (Windows NT 10.0; Win64; x64) AppleWebKit/537.36 (KHTML, like Gecko) Chrome/78.0.3904.108 Safari/537.36"
34.82.123.251 - - [14/Apr/2026:02:31:38 +0000] "GET /website/wp-includes/wlwmanifest.xml HTTP/1.1" 200 192010 "-" "Mozilla/5.0 (Windows NT 10.0; Win64; x64) AppleWebKit/537.36 (KHTML, like Gecko) Chrome/78.0.3904.108 Safari/537.36"
66.249.64.35 - - [14/Apr/2026:02:31:48 +0000] "GET /f/services/otoriyose01/ HTTP/1.1" 200 29028 "-" "Mozilla/5.0 (Linux; Android 6.0.1; Nexus 5X Build/MMB29P) AppleWebKit/537.36 (KHTML, like Gecko) Chrome/146.0.7680.177 Mobile Safari/537.36 (compatible; GoogleOther)"
34.82.123.251 - - [14/Apr/2026:02:31:45 +0000] "GET /wp/wp-includes/wlwmanifest.xml HTTP/1.1" 200 192010 "-" "Mozilla/5.0 (Windows NT 10.0; Win64; x64) AppleWebKit/537.36 (KHTML, like Gecko) Chrome/78.0.3904.108 Safari/537.36"
185.191.171.12 - - [14/Apr/2026:02:31:52 +0000] "GET /shop/pg/1619900144 HTTP/1.1" 500 164 "-" "Mozilla/5.0 (compatible; SemrushBot/7~bl; +http://www.semrush.com/bot.html)"
34.82.123.251 - - [14/Apr/2026:02:31:53 +0000] "GET /news/wp-includes/wlwmanifest.xml HTTP/1.1" 200 191869 "-" "Mozilla/5.0 (Windows NT 10.0; Win64; x64) AppleWebKit/537.36 (KHTML, like Gecko) Chrome/78.0.3904.108 Safari/537.36"
34.82.123.251 - - [14/Apr/2026:02:32:00 +0000] "GET /2018/wp-includes/wlwmanifest.xml HTTP/1.1" 200 190680 "-" "Mozilla/5.0 (Windows NT 10.0; Win64; x64) AppleWebKit/537.36 (KHTML, like Gecko) Chrome/78.0.3904.108 Safari/537.36"
74.7.227.48 - - [14/Apr/2026:02:32:08 +0000] "GET /shop/pg/1190532 HTTP/1.1" 500 1004 "http://www.elementalmill.com/shopping/products/16201190532" "Mozilla/5.0 AppleWebKit/537.36 (KHTML, like Gecko; compatible; GPTBot/1.3; +https://openai.com/gptbot)"
34.82.123.251 - - [14/Apr/2026:02:32:05 +0000] "GET /2019/wp-includes/wlwmanifest.xml HTTP/1.1" 200 190908 "-" "Mozilla/5.0 (Windows NT 10.0; Win64; x64) AppleWebKit/537.36 (KHTML, like Gecko) Chrome/78.0.3904.108 Safari/537.36"
74.7.242.41 - - [14/Apr/2026:02:32:15 +0000] "GET /shop/pg/1483489 HTTP/1.1" 500 1004 "http://mail.elementalmill.com/shop/pg/16211858569" "Mozilla/5.0 AppleWebKit/537.36 (KHTML, like Gecko; compatible; GPTBot/1.3; +https://openai.com/gptbot)"
34.82.123.251 - - [14/Apr/2026:02:32:14 +0000] "GET /shop/wp-includes/wlwmanifest.xml HTTP/1.1" 200 192010 "-" "Mozilla/5.0 (Windows NT 10.0; Win64; x64) AppleWebKit/537.36 (KHTML, like Gecko) Chrome/78.0.3904.108 Safari/537.36"
34.82.123.251 - - [14/Apr/2026:02:32:24 +0000] "GET /wp1/wp-includes/wlwmanifest.xml HTTP/1.1" 200 192010 "-" "Mozilla/5.0 (Windows NT 10.0; Win64; x64) AppleWebKit/537.36 (KHTML, like Gecko) Chrome/78.0.3904.108 Safari/537.36"
34.82.123.251 - - [14/Apr/2026:02:32:32 +0000] "GET /test/wp-includes/wlwmanifest.xml HTTP/1.1" 200 192010 "-" "Mozilla/5.0 (Windows NT 10.0; Win64; x64) AppleWebKit/537.36 (KHTML, like Gecko) Chrome/78.0.3904.108 Safari/537.36"
34.82.123.251 - - [14/Apr/2026:02:32:40 +0000] "GET /media/wp-includes/wlwmanifest.xml HTTP/1.1" 200 190908 "-" "Mozilla/5.0 (Windows NT 10.0; Win64; x64) AppleWebKit/537.36 (KHTML, like Gecko) Chrome/78.0.3904.108 Safari/537.36"
34.82.123.251 - - [14/Apr/2026:02:32:46 +0000] "GET /wp2/wp-includes/wlwmanifest.xml HTTP/1.1" 200 190703 "-" "Mozilla/5.0 (Windows NT 10.0; Win64; x64) AppleWebKit/537.36 (KHTML, like Gecko) Chrome/78.0.3904.108 Safari/537.36"
185.191.171.16 - - [14/Apr/2026:02:32:53 +0000] "GET /shop/pg/16222057351 HTTP/1.1" 500 164 "-" "Mozilla/5.0 (compatible; SemrushBot/7~bl; +http://www.semrush.com/bot.html)"
34.82.123.251 - - [14/Apr/2026:02:32:52 +0000] "GET /site/wp-includes/wlwmanifest.xml HTTP/1.1" 200 190802 "-" "Mozilla/5.0 (Windows NT 10.0; Win64; x64) AppleWebKit/537.36 (KHTML, like Gecko) Chrome/78.0.3904.108 Safari/537.36"
34.82.123.251 - - [14/Apr/2026:02:33:00 +0000] "GET /cms/wp-includes/wlwmanifest.xml HTTP/1.1" 200 190652 "-" "Mozilla/5.0 (Windows NT 10.0; Win64; x64) AppleWebKit/537.36 (KHTML, like Gecko) Chrome/78.0.3904.108 Safari/537.36"
34.82.123.251 - - [14/Apr/2026:02:33:08 +0000] "GET /sito/wp-includes/wlwmanifest.xml HTTP/1.1" 200 192010 "-" "Mozilla/5.0 (Windows NT 10.0; Win64; x64) AppleWebKit/537.36 (KHTML, like Gecko) Chrome/78.0.3904.108 Safari/537.36"
74.7.242.41 - - [14/Apr/2026:02:33:18 +0000] "GET /shop/pg/1525989 HTTP/1.1" 500 1004 "http://mail.elementalmill.com/shop/pg/16201309528" "Mozilla/5.0 AppleWebKit/537.36 (KHTML, like Gecko; compatible; GPTBot/1.3; +https://openai.com/gptbot)"
185.191.171.6 - - [14/Apr/2026:02:33:54 +0000] "GET /shopping/products/1619950058 HTTP/1.1" 500 164 "-" "Mozilla/5.0 (compatible; SemrushBot/7~bl; +http://www.semrush.com/bot.html)"
74.7.227.185 - - [14/Apr/2026:02:33:58 +0000] "GET /shopping/products/16201252804 HTTP/1.1" 500 1004 "http://elementalmill.com.lab2454.com/sitemap363.xml" "Mozilla/5.0 AppleWebKit/537.36 (KHTML, like Gecko; compatible; GPTBot/1.3; +https://openai.com/gptbot)"
74.7.242.41 - - [14/Apr/2026:02:34:22 +0000] "GET /shop/pg/1328487 HTTP/1.1" 500 1004 "http://mail.elementalmill.com/shop/pg/16211703578" "Mozilla/5.0 AppleWebKit/537.36 (KHTML, like Gecko; compatible; GPTBot/1.3; +https://openai.com/gptbot)"
40.77.167.14 - - [14/Apr/2026:02:34:45 +0000] "GET /sitemap276.xml HTTP/1.1" 200 6159 "-" "Mozilla/5.0 AppleWebKit/537.36 (KHTML, like Gecko; compatible; bingbot/2.0; +http://www.bing.com/bingbot.htm) Chrome/116.0.1938.76 Safari/537.36"
185.191.171.9 - - [14/Apr/2026:02:34:55 +0000] "GET /shop/pg/2061593 HTTP/1.1" 500 164 "-" "Mozilla/5.0 (compatible; SemrushBot/7~bl; +http://www.semrush.com/bot.html)"
74.7.242.41 - - [14/Apr/2026:02:35:28 +0000] "GET /shop/pg/2603181 HTTP/1.1" 500 1004 "http://mail.elementalmill.com/shopping/products/16232603181" "Mozilla/5.0 AppleWebKit/537.36 (KHTML, like Gecko; compatible; GPTBot/1.3; +https://openai.com/gptbot)"
185.191.171.12 - - [14/Apr/2026:02:35:57 +0000] "GET /shopping/products/1619950892 HTTP/1.1" 500 164 "-" "Mozilla/5.0 (compatible; SemrushBot/7~bl; +http://www.semrush.com/bot.html)"
74.7.242.41 - - [14/Apr/2026:02:36:33 +0000] "GET /shop/pg/1394870 HTTP/1.1" 500 1004 "http://mail.elementalmill.com/shop/pg/16201178399" "Mozilla/5.0 AppleWebKit/537.36 (KHTML, like Gecko; compatible; GPTBot/1.3; +https://openai.com/gptbot)"
74.7.242.41 - - [14/Apr/2026:02:36:45 +0000] "GET /shop/pg/16201125737 HTTP/1.1" 500 1004 "http://www.elementalmill.com" "Mozilla/5.0 AppleWebKit/537.36 (KHTML, like Gecko; compatible; GPTBot/1.3; +https://openai.com/gptbot)"
85.208.96.207 - - [14/Apr/2026:02:36:58 +0000] "GET /shopping/products/1619932482 HTTP/1.1" 500 164 "-" "Mozilla/5.0 (compatible; SemrushBot/7~bl; +http://www.semrush.com/bot.html)"
185.191.171.9 - - [14/Apr/2026:02:37:59 +0000] "GET /shop/pg/1422505 HTTP/1.1" 500 164 "-" "Mozilla/5.0 (compatible; SemrushBot/7~bl; +http://www.semrush.com/bot.html)"
74.7.227.48 - - [14/Apr/2026:02:38:26 +0000] "GET /shop/pg/1137672 HTTP/1.1" 500 1004 "http://www.elementalmill.com/shop/customer/bookmark.php?shopping/products/16201137672" "Mozilla/5.0 AppleWebKit/537.36 (KHTML, like Gecko; compatible; GPTBot/1.3; +https://openai.com/gptbot)"
74.7.242.41 - - [14/Apr/2026:02:38:35 +0000] "GET /shop/pg/1312564 HTTP/1.1" 500 1004 "http://mail.elementalmill.com/shop/pg/16201096107" "Mozilla/5.0 AppleWebKit/537.36 (KHTML, like Gecko; compatible; GPTBot/1.3; +https://openai.com/gptbot)"
