74.7.242.41 - - [14/Apr/2026:08:53:19 +0000] "GET /shop/pg/2009317 HTTP/1.1" 500 1004 "http://mail.elementalmill.com/shop/pg/1619868166" "Mozilla/5.0 AppleWebKit/537.36 (KHTML, like Gecko; compatible; GPTBot/1.3; +https://openai.com/gptbot)"
185.191.171.2 - - [14/Apr/2026:08:53:29 +0000] "GET /shopping/products/1619952012 HTTP/1.1" 500 164 "-" "Mozilla/5.0 (compatible; SemrushBot/7~bl; +http://www.semrush.com/bot.html)"
74.7.227.48 - - [14/Apr/2026:08:54:18 +0000] "GET /shop/pg/1913379 HTTP/1.1" 500 1004 "http://www.elementalmill.com/shop/customer/bookmark.php?shopping/products/16211913379" "Mozilla/5.0 AppleWebKit/537.36 (KHTML, like Gecko; compatible; GPTBot/1.3; +https://openai.com/gptbot)"
74.7.242.41 - - [14/Apr/2026:08:54:22 +0000] "GET /shop/pg/1014592 HTTP/1.1" 500 1004 "http://mail.elementalmill.com/shop/pg/16232572800" "Mozilla/5.0 AppleWebKit/537.36 (KHTML, like Gecko; compatible; GPTBot/1.3; +https://openai.com/gptbot)"
185.191.171.2 - - [14/Apr/2026:08:54:31 +0000] "GET /shop/pg/445890 HTTP/1.1" 500 164 "-" "Mozilla/5.0 (compatible; SemrushBot/7~bl; +http://www.semrush.com/bot.html)"
74.7.242.41 - - [14/Apr/2026:08:55:23 +0000] "GET /shop/pg/2284953 HTTP/1.1" 500 1004 "http://mail.elementalmill.com/shopping/products/16222284953" "Mozilla/5.0 AppleWebKit/537.36 (KHTML, like Gecko; compatible; GPTBot/1.3; +https://openai.com/gptbot)"
85.208.96.205 - - [14/Apr/2026:08:55:32 +0000] "GET /shopping/products/1619937849 HTTP/1.1" 500 164 "-" "Mozilla/5.0 (compatible; SemrushBot/7~bl; +http://www.semrush.com/bot.html)"
74.7.242.41 - - [14/Apr/2026:08:56:28 +0000] "GET /shop/pg/1766981 HTTP/1.1" 500 1004 "http://mail.elementalmill.com/shopping/products/16211766981" "Mozilla/5.0 AppleWebKit/537.36 (KHTML, like Gecko; compatible; GPTBot/1.3; +https://openai.com/gptbot)"
85.208.96.210 - - [14/Apr/2026:08:56:33 +0000] "GET /shopping/products/1619930560 HTTP/1.1" 500 164 "-" "Mozilla/5.0 (compatible; SemrushBot/7~bl; +http://www.semrush.com/bot.html)"
74.7.227.48 - - [14/Apr/2026:08:57:29 +0000] "GET /shop/pg/1519163 HTTP/1.1" 500 1004 "http://www.elementalmill.com/shop/customer/bookmark.php?shopping/products/16211519163" "Mozilla/5.0 AppleWebKit/537.36 (KHTML, like Gecko; compatible; GPTBot/1.3; +https://openai.com/gptbot)"
74.7.242.41 - - [14/Apr/2026:08:57:32 +0000] "GET /shop/pg/2271044 HTTP/1.1" 500 1004 "http://mail.elementalmill.com/shopping/products/16222271044" "Mozilla/5.0 AppleWebKit/537.36 (KHTML, like Gecko; compatible; GPTBot/1.3; +https://openai.com/gptbot)"
185.191.171.11 - - [14/Apr/2026:08:57:34 +0000] "GET /shop/pg/1619750468 HTTP/1.1" 500 164 "-" "Mozilla/5.0 (compatible; SemrushBot/7~bl; +http://www.semrush.com/bot.html)"
185.191.171.18 - - [14/Apr/2026:08:58:35 +0000] "GET /shopping/products/1619971873 HTTP/1.1" 500 164 "-" "Mozilla/5.0 (compatible; SemrushBot/7~bl; +http://www.semrush.com/bot.html)"
74.7.242.41 - - [14/Apr/2026:08:58:38 +0000] "GET /shop/pg/2644268 HTTP/1.1" 500 1004 "http://mail.elementalmill.com/shopping/products/16232644268" "Mozilla/5.0 AppleWebKit/537.36 (KHTML, like Gecko; compatible; GPTBot/1.3; +https://openai.com/gptbot)"
74.7.242.41 - - [14/Apr/2026:08:59:04 +0000] "GET /shop/pg/16201108424 HTTP/1.1" 500 1004 "http://www.elementalmill.com" "Mozilla/5.0 AppleWebKit/537.36 (KHTML, like Gecko; compatible; GPTBot/1.3; +https://openai.com/gptbot)"
185.191.171.11 - - [14/Apr/2026:08:59:39 +0000] "GET /shop/pg/16222004804 HTTP/1.1" 500 164 "-" "Mozilla/5.0 (compatible; SemrushBot/7~bl; +http://www.semrush.com/bot.html)"
74.7.242.41 - - [14/Apr/2026:08:59:41 +0000] "GET /shop/pg/1992045 HTTP/1.1" 500 1004 "http://mail.elementalmill.com/shop/customer/bookmark.php?shopping/products/16211992045" "Mozilla/5.0 AppleWebKit/537.36 (KHTML, like Gecko; compatible; GPTBot/1.3; +https://openai.com/gptbot)"
74.7.227.48 - - [14/Apr/2026:09:00:36 +0000] "GET /shop/pg/2187742 HTTP/1.1" 500 1004 "http://www.elementalmill.com/shop/customer/bookmark.php?shopping/products/16222187742" "Mozilla/5.0 AppleWebKit/537.36 (KHTML, like Gecko; compatible; GPTBot/1.3; +https://openai.com/gptbot)"
85.208.96.205 - - [14/Apr/2026:09:00:40 +0000] "GET /shopping/products/1619949429 HTTP/1.1" 500 164 "-" "Mozilla/5.0 (compatible; SemrushBot/7~bl; +http://www.semrush.com/bot.html)"
185.191.171.13 - - [14/Apr/2026:09:01:42 +0000] "GET /shopping/products/1619918640 HTTP/1.1" 500 164 "-" "Mozilla/5.0 (compatible; SemrushBot/7~bl; +http://www.semrush.com/bot.html)"
74.7.242.41 - - [14/Apr/2026:09:01:45 +0000] "GET /shop/pg/1626635 HTTP/1.1" 500 1004 "http://mail.elementalmill.com/shop/pg/16201410179" "Mozilla/5.0 AppleWebKit/537.36 (KHTML, like Gecko; compatible; GPTBot/1.3; +https://openai.com/gptbot)"
74.7.242.41 - - [14/Apr/2026:09:02:09 +0000] "GET /shop/pg/16211786703 HTTP/1.1" 500 1004 "http://www.elementalmill.com" "Mozilla/5.0 AppleWebKit/537.36 (KHTML, like Gecko; compatible; GPTBot/1.3; +https://openai.com/gptbot)"
185.191.171.3 - - [14/Apr/2026:09:02:42 +0000] "GET /shopping/products/1619922776 HTTP/1.1" 500 164 "-" "Mozilla/5.0 (compatible; SemrushBot/7~bl; +http://www.semrush.com/bot.html)"
74.7.227.48 - - [14/Apr/2026:09:02:43 +0000] "GET /shop/pg/1691085 HTTP/1.1" 500 1004 "http://www.elementalmill.com/shopping/products/16211691085" "Mozilla/5.0 AppleWebKit/537.36 (KHTML, like Gecko; compatible; GPTBot/1.3; +https://openai.com/gptbot)"
74.7.242.41 - - [14/Apr/2026:09:02:50 +0000] "GET /shop/pg/1098654 HTTP/1.1" 500 1004 "http://mail.elementalmill.com/shop/customer/bookmark.php?shopping/products/16201098654" "Mozilla/5.0 AppleWebKit/537.36 (KHTML, like Gecko; compatible; GPTBot/1.3; +https://openai.com/gptbot)"
185.191.171.10 - - [14/Apr/2026:09:02:52 +0000] "GET /robots.txt HTTP/1.1" 500 1004 "-" "Mozilla/5.0 (compatible; SemrushBot/7~bl; +http://www.semrush.com/bot.html)"
185.191.171.8 - - [14/Apr/2026:09:03:43 +0000] "GET /shopping/products/1619933628 HTTP/1.1" 500 164 "-" "Mozilla/5.0 (compatible; SemrushBot/7~bl; +http://www.semrush.com/bot.html)"
74.7.242.41 - - [14/Apr/2026:09:03:51 +0000] "GET /shop/pg/1156121 HTTP/1.1" 500 1004 "http://mail.elementalmill.com/shop/customer/bookmark.php?shopping/products/16201156121" "Mozilla/5.0 AppleWebKit/537.36 (KHTML, like Gecko; compatible; GPTBot/1.3; +https://openai.com/gptbot)"
85.208.96.199 - - [14/Apr/2026:09:04:44 +0000] "GET /shopping/products/1619967135 HTTP/1.1" 500 164 "-" "Mozilla/5.0 (compatible; SemrushBot/7~bl; +http://www.semrush.com/bot.html)"
185.191.171.8 - - [14/Apr/2026:09:05:45 +0000] "GET /shopping/products/1619861002 HTTP/1.1" 500 164 "-" "Mozilla/5.0 (compatible; SemrushBot/7~bl; +http://www.semrush.com/bot.html)"
74.7.242.41 - - [14/Apr/2026:09:05:57 +0000] "GET /shop/pg/1907636 HTTP/1.1" 500 1004 "http://mail.elementalmill.com/shop/customer/bookmark.php?shopping/products/16211907636" "Mozilla/5.0 AppleWebKit/537.36 (KHTML, like Gecko; compatible; GPTBot/1.3; +https://openai.com/gptbot)"
185.191.171.12 - - [14/Apr/2026:09:06:46 +0000] "GET /shopping/products/1619927621 HTTP/1.1" 500 164 "-" "Mozilla/5.0 (compatible; SemrushBot/7~bl; +http://www.semrush.com/bot.html)"
74.7.227.48 - - [14/Apr/2026:09:06:58 +0000] "GET /shop/pg/2450780 HTTP/1.1" 500 1004 "http://www.elementalmill.com/shop/customer/bookmark.php?shopping/products/16222450780" "Mozilla/5.0 AppleWebKit/537.36 (KHTML, like Gecko; compatible; GPTBot/1.3; +https://openai.com/gptbot)"
74.7.242.41 - - [14/Apr/2026:09:06:59 +0000] "GET /shop/pg/1007223 HTTP/1.1" 500 1004 "http://mail.elementalmill.com/shop/pg/16232565430" "Mozilla/5.0 AppleWebKit/537.36 (KHTML, like Gecko; compatible; GPTBot/1.3; +https://openai.com/gptbot)"
74.7.227.185 - - [14/Apr/2026:09:07:25 +0000] "GET /shopping/products/16232565314 HTTP/1.1" 500 1004 "http://elementalmill.com.lab2454.com/shopping/products/16185336078" "Mozilla/5.0 AppleWebKit/537.36 (KHTML, like Gecko; compatible; GPTBot/1.3; +https://openai.com/gptbot)"
185.191.171.6 - - [14/Apr/2026:09:07:47 +0000] "GET /shop/pg/1776244 HTTP/1.1" 500 164 "-" "Mozilla/5.0 (compatible; SemrushBot/7~bl; +http://www.semrush.com/bot.html)"
74.7.242.41 - - [14/Apr/2026:09:08:02 +0000] "GET /shop/pg/1557931 HTTP/1.1" 500 1004 "http://mail.elementalmill.com/shop/pg/16201341474" "Mozilla/5.0 AppleWebKit/537.36 (KHTML, like Gecko; compatible; GPTBot/1.3; +https://openai.com/gptbot)"
20.166.25.209 - - [14/Apr/2026:09:08:30 +0000] "GET /wp-content/plugins/hellopress/wp_filemanager.php HTTP/1.1" 500 2431 "-" "-"
20.166.25.209 - - [14/Apr/2026:09:08:30 +0000] "GET /file6.php HTTP/1.1" 500 2431 "-" "-"
20.166.25.209 - - [14/Apr/2026:09:08:31 +0000] "GET //wp-admin/js/index.php HTTP/1.1" 500 2431 "-" "-"
20.166.25.209 - - [14/Apr/2026:09:08:32 +0000] "GET /dx.php HTTP/1.1" 500 2431 "-" "-"
20.166.25.209 - - [14/Apr/2026:09:08:32 +0000] "GET /cc.php HTTP/1.1" 500 2431 "-" "-"
20.166.25.209 - - [14/Apr/2026:09:08:33 +0000] "GET /wp-at.php HTTP/1.1" 500 2431 "-" "-"
20.166.25.209 - - [14/Apr/2026:09:08:34 +0000] "GET /puc.php HTTP/1.1" 500 2431 "-" "-"
20.166.25.209 - - [14/Apr/2026:09:08:35 +0000] "GET //themes.php HTTP/1.1" 500 2431 "-" "-"
20.166.25.209 - - [14/Apr/2026:09:08:36 +0000] "GET /ewp.php HTTP/1.1" 500 2431 "-" "-"
20.166.25.209 - - [14/Apr/2026:09:08:36 +0000] "GET /kikikoko.php HTTP/1.1" 500 2431 "-" "-"
20.166.25.209 - - [14/Apr/2026:09:08:37 +0000] "GET //nwflm.php HTTP/1.1" 500 2431 "-" "-"
20.166.25.209 - - [14/Apr/2026:09:08:42 +0000] "GET /dx.php HTTP/1.1" 500 2431 "-" "-"
20.166.25.209 - - [14/Apr/2026:09:08:43 +0000] "GET /xff.php HTTP/1.1" 500 2431 "-" "-"
20.166.25.209 - - [14/Apr/2026:09:08:43 +0000] "GET /lupo.php HTTP/1.1" 500 2431 "-" "-"
20.166.25.209 - - [14/Apr/2026:09:08:44 +0000] "GET /awa.php HTTP/1.1" 500 2431 "-" "-"
20.166.25.209 - - [14/Apr/2026:09:08:47 +0000] "GET /popo.php HTTP/1.1" 500 2431 "-" "-"
20.166.25.209 - - [14/Apr/2026:09:08:47 +0000] "GET /water.php HTTP/1.1" 500 2431 "-" "-"
20.166.25.209 - - [14/Apr/2026:09:08:48 +0000] "GET /wp-admin/js/red.php HTTP/1.1" 500 2431 "-" "-"
185.191.171.16 - - [14/Apr/2026:09:08:48 +0000] "GET /shopping/products/1619876220 HTTP/1.1" 500 164 "-" "Mozilla/5.0 (compatible; SemrushBot/7~bl; +http://www.semrush.com/bot.html)"
20.166.25.209 - - [14/Apr/2026:09:08:49 +0000] "GET /13.php HTTP/1.1" 500 2431 "-" "-"
20.166.25.209 - - [14/Apr/2026:09:08:49 +0000] "GET /wert.php HTTP/1.1" 500 2431 "-" "-"
20.166.25.209 - - [14/Apr/2026:09:08:50 +0000] "GET /11.php HTTP/1.1" 500 2431 "-" "-"
20.166.25.209 - - [14/Apr/2026:09:08:51 +0000] "GET /p.php HTTP/1.1" 500 2431 "-" "-"
20.166.25.209 - - [14/Apr/2026:09:08:51 +0000] "GET //wp-includes/Requests/ HTTP/1.1" 500 2431 "-" "-"
20.166.25.209 - - [14/Apr/2026:09:08:52 +0000] "GET /bthil.php HTTP/1.1" 500 2431 "-" "-"
20.166.25.209 - - [14/Apr/2026:09:08:53 +0000] "GET //shell.php HTTP/1.1" 500 2431 "-" "-"
20.166.25.209 - - [14/Apr/2026:09:08:53 +0000] "GET /tea.php HTTP/1.1" 500 2431 "-" "-"
20.166.25.209 - - [14/Apr/2026:09:08:54 +0000] "GET /seo.php HTTP/1.1" 500 2431 "-" "-"
20.166.25.209 - - [14/Apr/2026:09:08:54 +0000] "GET /7.php HTTP/1.1" 500 2431 "-" "-"
20.166.25.209 - - [14/Apr/2026:09:08:55 +0000] "GET /8.php HTTP/1.1" 500 2431 "-" "-"
20.166.25.209 - - [14/Apr/2026:09:08:55 +0000] "GET /1.php HTTP/1.1" 500 2431 "-" "-"
20.166.25.209 - - [14/Apr/2026:09:08:56 +0000] "GET /2.php HTTP/1.1" 500 2431 "-" "-"
20.166.25.209 - - [14/Apr/2026:09:08:57 +0000] "GET /3.php HTTP/1.1" 500 2431 "-" "-"
20.166.25.209 - - [14/Apr/2026:09:08:57 +0000] "GET /4.php HTTP/1.1" 500 2431 "-" "-"
20.166.25.209 - - [14/Apr/2026:09:08:58 +0000] "GET /5.php HTTP/1.1" 500 2431 "-" "-"
20.166.25.209 - - [14/Apr/2026:09:08:59 +0000] "GET /6.php HTTP/1.1" 500 2431 "-" "-"
20.166.25.209 - - [14/Apr/2026:09:08:59 +0000] "GET /9.php HTTP/1.1" 500 2431 "-" "-"
20.166.25.209 - - [14/Apr/2026:09:09:00 +0000] "GET /10.php HTTP/1.1" 500 2431 "-" "-"
20.166.25.209 - - [14/Apr/2026:09:09:00 +0000] "GET /files/xaw.php HTTP/1.1" 500 2431 "-" "-"
20.166.25.209 - - [14/Apr/2026:09:09:01 +0000] "GET /100.php HTTP/1.1" 500 2431 "-" "-"
20.166.25.209 - - [14/Apr/2026:09:09:02 +0000] "GET /.well-known/nastar.php HTTP/1.1" 500 2431 "-" "-"
20.166.25.209 - - [14/Apr/2026:09:09:02 +0000] "GET /f35_S.php HTTP/1.1" 500 2431 "-" "-"
20.166.25.209 - - [14/Apr/2026:09:09:03 +0000] "GET /2026w.php HTTP/1.1" 500 2431 "-" "-"
20.166.25.209 - - [14/Apr/2026:09:09:03 +0000] "GET /111.php HTTP/1.1" 500 2431 "-" "-"
20.166.25.209 - - [14/Apr/2026:09:09:04 +0000] "GET /wp1.php HTTP/1.1" 500 2431 "-" "-"
74.7.242.41 - - [14/Apr/2026:09:09:04 +0000] "GET /shop/pg/1917521 HTTP/1.1" 500 1004 "http://mail.elementalmill.com/shop/customer/bookmark.php?shopping/products/16211917521" "Mozilla/5.0 AppleWebKit/537.36 (KHTML, like Gecko; compatible; GPTBot/1.3; +https://openai.com/gptbot)"
20.166.25.209 - - [14/Apr/2026:09:09:04 +0000] "GET /aligk.php HTTP/1.1" 500 2431 "-" "-"
20.166.25.209 - - [14/Apr/2026:09:09:05 +0000] "GET /byrgo.php HTTP/1.1" 500 2431 "-" "-"
20.166.25.209 - - [14/Apr/2026:09:09:06 +0000] "GET //xwpg.php HTTP/1.1" 500 2431 "-" "-"
20.166.25.209 - - [14/Apr/2026:09:09:06 +0000] "GET /ass.php HTTP/1.1" 500 2431 "-" "-"
20.166.25.209 - - [14/Apr/2026:09:09:07 +0000] "GET //about.php HTTP/1.1" 200 349 "-" "-"
20.166.25.209 - - [14/Apr/2026:09:09:07 +0000] "GET /no18.php HTTP/1.1" 500 2431 "-" "-"
20.166.25.209 - - [14/Apr/2026:09:09:07 +0000] "GET /fine.php HTTP/1.1" 500 2431 "-" "-"
74.7.227.48 - - [14/Apr/2026:09:09:07 +0000] "GET /shop/pg/1738004 HTTP/1.1" 500 1004 "http://www.elementalmill.com/shopping/products/16211738004" "Mozilla/5.0 AppleWebKit/537.36 (KHTML, like Gecko; compatible; GPTBot/1.3; +https://openai.com/gptbot)"
20.166.25.209 - - [14/Apr/2026:09:09:08 +0000] "GET /zample.php HTTP/1.1" 500 2431 "-" "-"
20.166.25.209 - - [14/Apr/2026:09:09:08 +0000] "GET /hplfuns.php HTTP/1.1" 500 2431 "-" "-"
20.166.25.209 - - [14/Apr/2026:09:09:09 +0000] "GET /xa.php HTTP/1.1" 500 2431 "-" "-"
20.166.25.209 - - [14/Apr/2026:09:09:09 +0000] "GET //admin.php HTTP/1.1" 500 2431 "-" "-"
20.166.25.209 - - [14/Apr/2026:09:09:10 +0000] "GET /inege.php HTTP/1.1" 500 2431 "-" "-"
20.166.25.209 - - [14/Apr/2026:09:09:10 +0000] "GET /fe5.php HTTP/1.1" 500 2431 "-" "-"
20.166.25.209 - - [14/Apr/2026:09:09:11 +0000] "GET /uuu.php HTTP/1.1" 500 2431 "-" "-"
20.166.25.209 - - [14/Apr/2026:09:09:11 +0000] "GET /wp-admin/maint/x6.php HTTP/1.1" 500 2431 "-" "-"
20.166.25.209 - - [14/Apr/2026:09:09:12 +0000] "GET /no1.php HTTP/1.1" 500 2431 "-" "-"
20.166.25.209 - - [14/Apr/2026:09:09:12 +0000] "GET /w2025.php HTTP/1.1" 500 2431 "-" "-"
20.166.25.209 - - [14/Apr/2026:09:09:13 +0000] "GET /fvvff.php HTTP/1.1" 500 2431 "-" "-"
20.166.25.209 - - [14/Apr/2026:09:09:13 +0000] "GET /a2.php HTTP/1.1" 500 2431 "-" "-"
20.166.25.209 - - [14/Apr/2026:09:09:14 +0000] "GET //edit.php HTTP/1.1" 500 2431 "-" "-"
20.166.25.209 - - [14/Apr/2026:09:09:14 +0000] "GET /ioxi-o.php HTTP/1.1" 500 2431 "-" "-"
20.166.25.209 - - [14/Apr/2026:09:09:15 +0000] "GET /wp-content/admin.php HTTP/1.1" 500 2431 "-" "-"
20.166.25.209 - - [14/Apr/2026:09:09:16 +0000] "GET /66.php HTTP/1.1" 500 2431 "-" "-"
20.166.25.209 - - [14/Apr/2026:09:09:16 +0000] "GET /a5.php HTTP/1.1" 500 2431 "-" "-"
20.166.25.209 - - [14/Apr/2026:09:09:17 +0000] "GET /ol.php HTTP/1.1" 500 2431 "-" "-"
20.166.25.209 - - [14/Apr/2026:09:09:17 +0000] "GET //f6.php HTTP/1.1" 500 2431 "-" "-"
20.166.25.209 - - [14/Apr/2026:09:09:17 +0000] "GET //inputs.php HTTP/1.1" 500 2431 "-" "-"
20.166.25.209 - - [14/Apr/2026:09:09:18 +0000] "GET /style.php HTTP/1.1" 500 2431 "-" "-"
20.166.25.209 - - [14/Apr/2026:09:09:18 +0000] "GET //aa.php HTTP/1.1" 500 2431 "-" "-"
20.166.25.209 - - [14/Apr/2026:09:09:19 +0000] "GET //av.php HTTP/1.1" 500 2431 "-" "-"
20.166.25.209 - - [14/Apr/2026:09:09:19 +0000] "GET /wp-admin/css/bolt.php HTTP/1.1" 500 2431 "-" "-"
20.166.25.209 - - [14/Apr/2026:09:09:20 +0000] "GET /bless4.php HTTP/1.1" 500 2431 "-" "-"
20.166.25.209 - - [14/Apr/2026:09:09:20 +0000] "GET /wp-act.php HTTP/1.1" 500 2431 "-" "-"
20.166.25.209 - - [14/Apr/2026:09:09:21 +0000] "GET /xqq.php HTTP/1.1" 500 2431 "-" "-"
20.166.25.209 - - [14/Apr/2026:09:09:21 +0000] "GET /plss3.php HTTP/1.1" 500 2431 "-" "-"
20.166.25.209 - - [14/Apr/2026:09:09:22 +0000] "GET /aaa.php?p= HTTP/1.1" 500 2431 "-" "-"
20.166.25.209 - - [14/Apr/2026:09:09:22 +0000] "GET /classwithtostring.php?p= HTTP/1.1" 500 2431 "-" "-"
20.166.25.209 - - [14/Apr/2026:09:09:23 +0000] "GET /wp-content/themes/index.php HTTP/1.1" 500 2431 "-" "-"
20.166.25.209 - - [14/Apr/2026:09:09:23 +0000] "GET /tinyfilemanager.php?p= HTTP/1.1" 500 2431 "-" "-"
20.166.25.209 - - [14/Apr/2026:09:09:24 +0000] "GET /wp-update.php HTTP/1.1" 500 2431 "-" "-"
20.166.25.209 - - [14/Apr/2026:09:09:24 +0000] "GET /sbhu.php HTTP/1.1" 500 2431 "-" "-"
20.166.25.209 - - [14/Apr/2026:09:09:25 +0000] "GET /wp-blog.php HTTP/1.1" 500 2431 "-" "-"
20.166.25.209 - - [14/Apr/2026:09:09:25 +0000] "GET //wp-includes/js/jquery/ HTTP/1.1" 500 2431 "-" "-"
20.166.25.209 - - [14/Apr/2026:09:09:26 +0000] "GET //wp-content/admin.php HTTP/1.1" 500 2431 "-" "-"
20.166.25.209 - - [14/Apr/2026:09:09:26 +0000] "GET /ms-edit.php HTTP/1.1" 500 2431 "-" "-"
20.166.25.209 - - [14/Apr/2026:09:09:27 +0000] "GET //adminfuns.php HTTP/1.1" 500 2431 "-" "-"
20.166.25.209 - - [14/Apr/2026:09:09:27 +0000] "GET /goods.php HTTP/1.1" 500 2431 "-" "-"
20.166.25.209 - - [14/Apr/2026:09:09:28 +0000] "GET /ms-edit.php HTTP/1.1" 500 2431 "-" "-"
20.166.25.209 - - [14/Apr/2026:09:09:28 +0000] "GET /222.php HTTP/1.1" 500 2431 "-" "-"
20.166.25.209 - - [14/Apr/2026:09:09:29 +0000] "GET //cgi-bin/index.php HTTP/1.1" 500 2431 "-" "-"
20.166.25.209 - - [14/Apr/2026:09:09:29 +0000] "GET /fff.php HTTP/1.1" 500 2431 "-" "-"
20.166.25.209 - - [14/Apr/2026:09:09:30 +0000] "GET /wp-content/ HTTP/1.1" 500 2431 "-" "-"
20.166.25.209 - - [14/Apr/2026:09:09:30 +0000] "GET /we.php HTTP/1.1" 500 2431 "-" "-"
20.166.25.209 - - [14/Apr/2026:09:09:31 +0000] "GET /alpha.php HTTP/1.1" 500 2431 "-" "-"
20.166.25.209 - - [14/Apr/2026:09:09:32 +0000] "GET /makeasmtp.php?p= HTTP/1.1" 500 2431 "-" "-"
20.166.25.209 - - [14/Apr/2026:09:09:32 +0000] "GET /wp-michan.php HTTP/1.1" 500 2431 "-" "-"
20.166.25.209 - - [14/Apr/2026:09:09:33 +0000] "GET //admin1.php HTTP/1.1" 500 2431 "-" "-"
20.166.25.209 - - [14/Apr/2026:09:09:33 +0000] "GET //wp-includes/css/dist/ HTTP/1.1" 500 2431 "-" "-"
20.166.25.209 - - [14/Apr/2026:09:09:34 +0000] "GET /BDKR28WP.php HTTP/1.1" 500 2431 "-" "-"
20.166.25.209 - - [14/Apr/2026:09:09:35 +0000] "GET //wp-includes/l10n/ HTTP/1.1" 500 2431 "-" "-"
20.166.25.209 - - [14/Apr/2026:09:09:35 +0000] "GET /wen.php HTTP/1.1" 500 2431 "-" "-"
20.166.25.209 - - [14/Apr/2026:09:09:36 +0000] "GET /wp.php HTTP/1.1" 500 2431 "-" "-"
20.166.25.209 - - [14/Apr/2026:09:09:36 +0000] "GET /wp-admin/js/fi.php HTTP/1.1" 500 2431 "-" "-"
20.166.25.209 - - [14/Apr/2026:09:09:37 +0000] "GET /fe5.php HTTP/1.1" 500 2431 "-" "-"
20.166.25.209 - - [14/Apr/2026:09:09:38 +0000] "GET //wp-content/uploads/2021/02/index.php HTTP/1.1" 500 2431 "-" "-"
20.166.25.209 - - [14/Apr/2026:09:09:38 +0000] "GET /av.php HTTP/1.1" 500 2431 "-" "-"
20.166.25.209 - - [14/Apr/2026:09:09:39 +0000] "GET /abcd.php HTTP/1.1" 500 2431 "-" "-"
20.166.25.209 - - [14/Apr/2026:09:09:40 +0000] "GET /fi.php HTTP/1.1" 500 2431 "-" "-"
20.166.25.209 - - [14/Apr/2026:09:09:40 +0000] "GET //a1.php HTTP/1.1" 500 2431 "-" "-"
20.166.25.209 - - [14/Apr/2026:09:09:41 +0000] "GET /update/f35.php HTTP/1.1" 500 2431 "-" "-"
20.166.25.209 - - [14/Apr/2026:09:09:41 +0000] "GET /wp-includes/Text/Diff/Engine/about.php HTTP/1.1" 500 2431 "-" "-"
20.166.25.209 - - [14/Apr/2026:09:09:42 +0000] "GET /f35.php HTTP/1.1" 500 2431 "-" "-"
20.166.25.209 - - [14/Apr/2026:09:09:43 +0000] "GET //wp-includes/css/index.php?p= HTTP/1.1" 500 2431 "-" "-"
20.166.25.209 - - [14/Apr/2026:09:09:43 +0000] "GET /wp-includes/SimplePie/ HTTP/1.1" 500 2431 "-" "-"
20.166.25.209 - - [14/Apr/2026:09:09:44 +0000] "GET //wp-content/plugins/wp-file-manager/admin/ HTTP/1.1" 500 2431 "-" "-"
20.166.25.209 - - [14/Apr/2026:09:09:45 +0000] "GET /k.php HTTP/1.1" 500 2431 "-" "-"
20.166.25.209 - - [14/Apr/2026:09:09:45 +0000] "GET /dev.php HTTP/1.1" 500 2431 "-" "-"
20.166.25.209 - - [14/Apr/2026:09:09:46 +0000] "GET /bal.php HTTP/1.1" 500 2431 "-" "-"
20.166.25.209 - - [14/Apr/2026:09:09:47 +0000] "GET /in.php HTTP/1.1" 500 2431 "-" "-"
20.166.25.209 - - [14/Apr/2026:09:09:47 +0000] "GET /gssdd.php HTTP/1.1" 500 2431 "-" "-"
20.166.25.209 - - [14/Apr/2026:09:09:48 +0000] "GET //cgi-bin/admin.php HTTP/1.1" 500 2431 "-" "-"
20.166.25.209 - - [14/Apr/2026:09:09:49 +0000] "GET /bs1.php HTTP/1.1" 500 2431 "-" "-"
185.191.171.17 - - [14/Apr/2026:09:09:49 +0000] "GET /shopping/products/1619969404 HTTP/1.1" 500 164 "-" "Mozilla/5.0 (compatible; SemrushBot/7~bl; +http://www.semrush.com/bot.html)"
20.166.25.209 - - [14/Apr/2026:09:09:49 +0000] "GET /bengi.php HTTP/1.1" 500 2431 "-" "-"
20.166.25.209 - - [14/Apr/2026:09:09:50 +0000] "GET /wp-content/plugins/pwnd/as.php HTTP/1.1" 500 2431 "-" "-"
20.166.25.209 - - [14/Apr/2026:09:09:51 +0000] "GET /axx.php HTTP/1.1" 500 2431 "-" "-"
20.166.25.209 - - [14/Apr/2026:09:09:51 +0000] "GET /alfashell.php HTTP/1.1" 500 2431 "-" "-"
20.166.25.209 - - [14/Apr/2026:09:09:52 +0000] "GET /gettest.php HTTP/1.1" 500 2431 "-" "-"
20.166.25.209 - - [14/Apr/2026:09:09:53 +0000] "GET /acp.php HTTP/1.1" 500 2431 "-" "-"
20.166.25.209 - - [14/Apr/2026:09:09:53 +0000] "GET /file48.php HTTP/1.1" 500 2431 "-" "-"
20.166.25.209 - - [14/Apr/2026:09:09:54 +0000] "GET /g.php HTTP/1.1" 500 2431 "-" "-"
20.166.25.209 - - [14/Apr/2026:09:09:54 +0000] "GET /wp-content/ HTTP/1.1" 500 2431 "-" "-"
20.166.25.209 - - [14/Apr/2026:09:09:55 +0000] "GET /simple.php HTTP/1.1" 500 2431 "-" "-"
20.166.25.209 - - [14/Apr/2026:09:09:55 +0000] "GET /ew.php HTTP/1.1" 500 2431 "-" "-"
20.166.25.209 - - [14/Apr/2026:09:09:56 +0000] "GET /file21.php HTTP/1.1" 500 2431 "-" "-"
20.166.25.209 - - [14/Apr/2026:09:09:57 +0000] "GET /hypo.php HTTP/1.1" 500 2431 "-" "-"
20.166.25.209 - - [14/Apr/2026:09:09:57 +0000] "GET /file18.php HTTP/1.1" 500 2431 "-" "-"
20.166.25.209 - - [14/Apr/2026:09:09:58 +0000] "GET /vee.php HTTP/1.1" 500 2431 "-" "-"
20.166.25.209 - - [14/Apr/2026:09:09:59 +0000] "GET /cabs.php HTTP/1.1" 500 2431 "-" "-"
20.166.25.209 - - [14/Apr/2026:09:09:59 +0000] "GET /xwx1.php HTTP/1.1" 500 2431 "-" "-"
20.166.25.209 - - [14/Apr/2026:09:10:00 +0000] "GET /x1da.php HTTP/1.1" 500 2431 "-" "-"
20.166.25.209 - - [14/Apr/2026:09:10:01 +0000] "GET /jp.php HTTP/1.1" 500 2431 "-" "-"
20.166.25.209 - - [14/Apr/2026:09:10:01 +0000] "GET /chosen.php HTTP/1.1" 500 2431 "-" "-"
74.7.242.41 - - [14/Apr/2026:09:10:32 +0000] "GET /shop/pg/16211978101 HTTP/1.1" 500 1004 "http://www.elementalmill.com" "Mozilla/5.0 AppleWebKit/537.36 (KHTML, like Gecko; compatible; GPTBot/1.3; +https://openai.com/gptbot)"
85.208.96.211 - - [14/Apr/2026:09:10:50 +0000] "GET /shopping/products/1619907691 HTTP/1.1" 500 164 "-" "Mozilla/5.0 (compatible; SemrushBot/7~bl; +http://www.semrush.com/bot.html)"
74.7.242.41 - - [14/Apr/2026:09:11:08 +0000] "GET /shop/pg/1087190 HTTP/1.1" 500 1004 "http://mail.elementalmill.com/shop/customer/bookmark.php?shopping/products/16201087190" "Mozilla/5.0 AppleWebKit/537.36 (KHTML, like Gecko; compatible; GPTBot/1.3; +https://openai.com/gptbot)"
74.7.227.185 - - [14/Apr/2026:09:11:38 +0000] "GET /shopping/products/16211962973 HTTP/1.1" 500 1004 "http://elementalmill.com.lab2454.com/shopping/products/16211920639" "Mozilla/5.0 AppleWebKit/537.36 (KHTML, like Gecko; compatible; GPTBot/1.3; +https://openai.com/gptbot)"
185.191.171.7 - - [14/Apr/2026:09:11:51 +0000] "GET /shopping/products/1619943925 HTTP/1.1" 500 164 "-" "Mozilla/5.0 (compatible; SemrushBot/7~bl; +http://www.semrush.com/bot.html)"
74.7.242.41 - - [14/Apr/2026:09:12:39 +0000] "GET /shop/pg/16201062408 HTTP/1.1" 500 1004 "http://www.elementalmill.com" "Mozilla/5.0 AppleWebKit/537.36 (KHTML, like Gecko; compatible; GPTBot/1.3; +https://openai.com/gptbot)"
85.208.96.208 - - [14/Apr/2026:09:12:52 +0000] "GET /shop/pg/439329 HTTP/1.1" 500 164 "-" "Mozilla/5.0 (compatible; SemrushBot/7~bl; +http://www.semrush.com/bot.html)"
85.208.96.212 - - [14/Apr/2026:09:13:53 +0000] "GET /shopping/products/1619864174 HTTP/1.1" 500 164 "-" "Mozilla/5.0 (compatible; SemrushBot/7~bl; +http://www.semrush.com/bot.html)"
74.7.242.41 - - [14/Apr/2026:09:14:18 +0000] "GET /shop/pg/1256892 HTTP/1.1" 500 1004 "http://mail.elementalmill.com/shop/pg/16211632001" "Mozilla/5.0 AppleWebKit/537.36 (KHTML, like Gecko; compatible; GPTBot/1.3; +https://openai.com/gptbot)"
74.7.227.48 - - [14/Apr/2026:09:14:18 +0000] "GET /shop/pg/1576568 HTTP/1.1" 500 1004 "http://www.elementalmill.com/shop/customer/bookmark.php?shopping/products/16211576568" "Mozilla/5.0 AppleWebKit/537.36 (KHTML, like Gecko; compatible; GPTBot/1.3; +https://openai.com/gptbot)"
85.208.96.211 - - [14/Apr/2026:09:14:54 +0000] "GET /shopping/products/1619946492 HTTP/1.1" 500 164 "-" "Mozilla/5.0 (compatible; SemrushBot/7~bl; +http://www.semrush.com/bot.html)"
74.7.227.48 - - [14/Apr/2026:09:15:20 +0000] "GET /shop/pg/1823790 HTTP/1.1" 500 1004 "http://www.elementalmill.com/shopping/products/16211823790" "Mozilla/5.0 AppleWebKit/537.36 (KHTML, like Gecko; compatible; GPTBot/1.3; +https://openai.com/gptbot)"
170.106.35.137 - - [14/Apr/2026:09:15:44 +0000] "GET / HTTP/1.1" 500 1004 "-" "Mozilla/5.0 (iPhone; CPU iPhone OS 13_2_3 like Mac OS X) AppleWebKit/605.1.15 (KHTML, like Gecko) Version/13.0.3 Mobile/15E148 Safari/604.1"
85.208.96.194 - - [14/Apr/2026:09:15:54 +0000] "GET /shopping/products/1619982201 HTTP/1.1" 500 164 "-" "Mozilla/5.0 (compatible; SemrushBot/7~bl; +http://www.semrush.com/bot.html)"
185.191.171.12 - - [14/Apr/2026:09:16:56 +0000] "GET /shopping/products/1619972756 HTTP/1.1" 500 164 "-" "Mozilla/5.0 (compatible; SemrushBot/7~bl; +http://www.semrush.com/bot.html)"
85.208.96.197 - - [14/Apr/2026:09:17:57 +0000] "GET /shop/pg/2029893 HTTP/1.1" 500 164 "-" "Mozilla/5.0 (compatible; SemrushBot/7~bl; +http://www.semrush.com/bot.html)"
185.191.171.3 - - [14/Apr/2026:09:18:58 +0000] "GET /shopping/products/1619945500 HTTP/1.1" 500 164 "-" "Mozilla/5.0 (compatible; SemrushBot/7~bl; +http://www.semrush.com/bot.html)"
74.7.242.41 - - [14/Apr/2026:09:19:28 +0000] "GET /shop/pg/1315510 HTTP/1.1" 500 1004 "http://mail.elementalmill.com/shop/customer/bookmark.php?shopping/products/16201315510" "Mozilla/5.0 AppleWebKit/537.36 (KHTML, like Gecko; compatible; GPTBot/1.3; +https://openai.com/gptbot)"
85.208.96.211 - - [14/Apr/2026:09:19:59 +0000] "GET /shopping/products/1619948176 HTTP/1.1" 500 164 "-" "Mozilla/5.0 (compatible; SemrushBot/7~bl; +http://www.semrush.com/bot.html)"
74.7.242.41 - - [14/Apr/2026:09:20:30 +0000] "GET /shop/pg/1871775 HTTP/1.1" 500 1004 "http://mail.elementalmill.com/shopping/products/16211871775" "Mozilla/5.0 AppleWebKit/537.36 (KHTML, like Gecko; compatible; GPTBot/1.3; +https://openai.com/gptbot)"
85.208.96.209 - - [14/Apr/2026:09:21:01 +0000] "GET /shopping/products/1619957609 HTTP/1.1" 500 164 "-" "Mozilla/5.0 (compatible; SemrushBot/7~bl; +http://www.semrush.com/bot.html)"
74.7.242.41 - - [14/Apr/2026:09:21:06 +0000] "GET /shop/pg/16201159312 HTTP/1.1" 500 1004 "http://www.elementalmill.com" "Mozilla/5.0 AppleWebKit/537.36 (KHTML, like Gecko; compatible; GPTBot/1.3; +https://openai.com/gptbot)"
74.7.242.41 - - [14/Apr/2026:09:21:35 +0000] "GET /shop/pg/1413689 HTTP/1.1" 500 1004 "http://mail.elementalmill.com/shop/pg/16201197227" "Mozilla/5.0 AppleWebKit/537.36 (KHTML, like Gecko; compatible; GPTBot/1.3; +https://openai.com/gptbot)"
74.7.227.48 - - [14/Apr/2026:09:21:36 +0000] "GET /shop/pg/1566125 HTTP/1.1" 500 1004 "http://www.elementalmill.com/shopping/products/16211566125" "Mozilla/5.0 AppleWebKit/537.36 (KHTML, like Gecko; compatible; GPTBot/1.3; +https://openai.com/gptbot)"
85.208.96.201 - - [14/Apr/2026:09:22:02 +0000] "GET /shop/pg/2092431 HTTP/1.1" 500 164 "-" "Mozilla/5.0 (compatible; SemrushBot/7~bl; +http://www.semrush.com/bot.html)"
74.7.242.41 - - [14/Apr/2026:09:22:40 +0000] "GET /shop/pg/1369217 HTTP/1.1" 500 1004 "http://mail.elementalmill.com/shop/customer/bookmark.php?shopping/products/16201369217" "Mozilla/5.0 AppleWebKit/537.36 (KHTML, like Gecko; compatible; GPTBot/1.3; +https://openai.com/gptbot)"
85.208.96.198 - - [14/Apr/2026:09:23:03 +0000] "GET /shopping/products/1619950538 HTTP/1.1" 500 164 "-" "Mozilla/5.0 (compatible; SemrushBot/7~bl; +http://www.semrush.com/bot.html)"
74.7.227.48 - - [14/Apr/2026:09:23:44 +0000] "GET /shop/pg/1128350 HTTP/1.1" 500 1004 "http://www.elementalmill.com/shop/customer/bookmark.php?shopping/products/16201128350" "Mozilla/5.0 AppleWebKit/537.36 (KHTML, like Gecko; compatible; GPTBot/1.3; +https://openai.com/gptbot)"
85.208.96.208 - - [14/Apr/2026:09:24:01 +0000] "GET /robots.txt HTTP/1.1" 500 1004 "-" "Mozilla/5.0 (compatible; SemrushBot/7~bl; +http://www.semrush.com/bot.html)"
85.208.96.208 - - [14/Apr/2026:09:24:05 +0000] "GET /shopping/products/1619998519 HTTP/1.1" 500 164 "-" "Mozilla/5.0 (compatible; SemrushBot/7~bl; +http://www.semrush.com/bot.html)"
74.7.227.48 - - [14/Apr/2026:09:24:49 +0000] "GET /shop/pg/1425339 HTTP/1.1" 500 1004 "http://www.elementalmill.com/shop/customer/bookmark.php?shopping/products/16201425339" "Mozilla/5.0 AppleWebKit/537.36 (KHTML, like Gecko; compatible; GPTBot/1.3; +https://openai.com/gptbot)"
185.191.171.11 - - [14/Apr/2026:09:25:06 +0000] "GET /shopping/products/1619961477 HTTP/1.1" 500 164 "-" "Mozilla/5.0 (compatible; SemrushBot/7~bl; +http://www.semrush.com/bot.html)"
74.7.243.205 - - [14/Apr/2026:09:25:29 +0000] "GET /shop/pg/2452213 HTTP/1.1" 500 1004 "http://www.elementalmill.com.lab2454.com/shop/customer/bookmark.php?shopping/products/16222452213" "Mozilla/5.0 AppleWebKit/537.36 (KHTML, like Gecko; compatible; GPTBot/1.3; +https://openai.com/gptbot)"
74.7.242.41 - - [14/Apr/2026:09:25:51 +0000] "GET /shop/pg/1259978 HTTP/1.1" 500 1004 "http://mail.elementalmill.com/shop/pg/16211635074" "Mozilla/5.0 AppleWebKit/537.36 (KHTML, like Gecko; compatible; GPTBot/1.3; +https://openai.com/gptbot)"
74.7.227.48 - - [14/Apr/2026:09:25:51 +0000] "GET /shop/pg/2429786 HTTP/1.1" 500 1004 "http://www.elementalmill.com/shopping/products/16222429786" "Mozilla/5.0 AppleWebKit/537.36 (KHTML, like Gecko; compatible; GPTBot/1.3; +https://openai.com/gptbot)"
185.191.171.13 - - [14/Apr/2026:09:26:08 +0000] "GET /shop/pg/16211778549 HTTP/1.1" 500 164 "-" "Mozilla/5.0 (compatible; SemrushBot/7~bl; +http://www.semrush.com/bot.html)"
74.7.242.41 - - [14/Apr/2026:09:26:22 +0000] "GET /shop/pg/16211715318 HTTP/1.1" 500 1004 "http://www.elementalmill.com" "Mozilla/5.0 AppleWebKit/537.36 (KHTML, like Gecko; compatible; GPTBot/1.3; +https://openai.com/gptbot)"
185.191.171.14 - - [14/Apr/2026:09:27:09 +0000] "GET /shopping/products/1619930582 HTTP/1.1" 500 164 "-" "Mozilla/5.0 (compatible; SemrushBot/7~bl; +http://www.semrush.com/bot.html)"
74.7.227.48 - - [14/Apr/2026:09:27:54 +0000] "GET /shop/pg/2607768 HTTP/1.1" 500 1004 "http://www.elementalmill.com/shopping/products/16232607768" "Mozilla/5.0 AppleWebKit/537.36 (KHTML, like Gecko; compatible; GPTBot/1.3; +https://openai.com/gptbot)"
74.7.242.41 - - [14/Apr/2026:09:28:01 +0000] "GET /shop/pg/1637803 HTTP/1.1" 500 1004 "http://mail.elementalmill.com/shop/customer/bookmark.php?shopping/products/16211637803" "Mozilla/5.0 AppleWebKit/537.36 (KHTML, like Gecko; compatible; GPTBot/1.3; +https://openai.com/gptbot)"
85.208.96.202 - - [14/Apr/2026:09:28:09 +0000] "GET /shop/pg/1107818 HTTP/1.1" 500 164 "-" "Mozilla/5.0 (compatible; SemrushBot/7~bl; +http://www.semrush.com/bot.html)"
74.7.242.41 - - [14/Apr/2026:09:28:27 +0000] "GET /shop/pg/16211612839 HTTP/1.1" 500 1004 "http://www.elementalmill.com" "Mozilla/5.0 AppleWebKit/537.36 (KHTML, like Gecko; compatible; GPTBot/1.3; +https://openai.com/gptbot)"
74.7.227.48 - - [14/Apr/2026:09:28:57 +0000] "GET /shop/pg/2044503 HTTP/1.1" 500 1004 "http://www.elementalmill.com/shop/customer/bookmark.php?shopping/products/16222044503" "Mozilla/5.0 AppleWebKit/537.36 (KHTML, like Gecko; compatible; GPTBot/1.3; +https://openai.com/gptbot)"
185.191.171.10 - - [14/Apr/2026:09:29:10 +0000] "GET /shopping/products/1619999251 HTTP/1.1" 500 164 "-" "Mozilla/5.0 (compatible; SemrushBot/7~bl; +http://www.semrush.com/bot.html)"
74.7.227.48 - - [14/Apr/2026:09:29:58 +0000] "GET /shop/pg/2090779 HTTP/1.1" 500 1004 "http://www.elementalmill.com/shopping/products/16222090779" "Mozilla/5.0 AppleWebKit/537.36 (KHTML, like Gecko; compatible; GPTBot/1.3; +https://openai.com/gptbot)"
185.191.171.18 - - [14/Apr/2026:09:30:11 +0000] "GET /shop/pg/1618486593 HTTP/1.1" 500 164 "-" "Mozilla/5.0 (compatible; SemrushBot/7~bl; +http://www.semrush.com/bot.html)"
74.7.242.41 - - [14/Apr/2026:09:30:31 +0000] "GET /shop/pg/16211538656 HTTP/1.1" 500 1004 "http://www.elementalmill.com" "Mozilla/5.0 AppleWebKit/537.36 (KHTML, like Gecko; compatible; GPTBot/1.3; +https://openai.com/gptbot)"
74.7.227.48 - - [14/Apr/2026:09:31:04 +0000] "GET /shop/pg/2053632 HTTP/1.1" 500 1004 "http://www.elementalmill.com/shop/customer/bookmark.php?shopping/products/16222053632" "Mozilla/5.0 AppleWebKit/537.36 (KHTML, like Gecko; compatible; GPTBot/1.3; +https://openai.com/gptbot)"
85.208.96.212 - - [14/Apr/2026:09:31:12 +0000] "GET /shop/pg/16222101830 HTTP/1.1" 500 164 "-" "Mozilla/5.0 (compatible; SemrushBot/7~bl; +http://www.semrush.com/bot.html)"
85.208.96.195 - - [14/Apr/2026:09:32:12 +0000] "GET /shopping/products/1619949629 HTTP/1.1" 500 164 "-" "Mozilla/5.0 (compatible; SemrushBot/7~bl; +http://www.semrush.com/bot.html)"
74.7.243.205 - - [14/Apr/2026:09:32:49 +0000] "GET /shop/pg/2511014 HTTP/1.1" 500 1004 "http://www.elementalmill.com.lab2454.com/shop/customer/bookmark.php?shopping/products/16232511014" "Mozilla/5.0 AppleWebKit/537.36 (KHTML, like Gecko; compatible; GPTBot/1.3; +https://openai.com/gptbot)"
74.7.242.41 - - [14/Apr/2026:09:33:12 +0000] "GET /shop/pg/1855822 HTTP/1.1" 500 1004 "http://mail.elementalmill.com/shopping/products/16211855822" "Mozilla/5.0 AppleWebKit/537.36 (KHTML, like Gecko; compatible; GPTBot/1.3; +https://openai.com/gptbot)"
185.191.171.7 - - [14/Apr/2026:09:33:13 +0000] "GET /shop/pg/16211677258 HTTP/1.1" 500 164 "-" "Mozilla/5.0 (compatible; SemrushBot/7~bl; +http://www.semrush.com/bot.html)"
74.7.242.41 - - [14/Apr/2026:09:33:42 +0000] "GET /shop/pg/16201300865 HTTP/1.1" 500 1004 "http://www.elementalmill.com" "Mozilla/5.0 AppleWebKit/537.36 (KHTML, like Gecko; compatible; GPTBot/1.3; +https://openai.com/gptbot)"
185.191.171.7 - - [14/Apr/2026:09:34:14 +0000] "GET /shop/pg/16211828167 HTTP/1.1" 500 164 "-" "Mozilla/5.0 (compatible; SemrushBot/7~bl; +http://www.semrush.com/bot.html)"
74.7.227.48 - - [14/Apr/2026:09:34:18 +0000] "GET /shop/pg/1174781 HTTP/1.1" 500 1004 "http://www.elementalmill.com/shopping/products/16201174781" "Mozilla/5.0 AppleWebKit/537.36 (KHTML, like Gecko; compatible; GPTBot/1.3; +https://openai.com/gptbot)"
74.7.227.185 - - [14/Apr/2026:09:34:59 +0000] "GET /shopping/products/16201411978 HTTP/1.1" 500 1004 "http://elementalmill.com.lab2454.com/shopping/products/16201017323" "Mozilla/5.0 AppleWebKit/537.36 (KHTML, like Gecko; compatible; GPTBot/1.3; +https://openai.com/gptbot)"
74.7.242.41 - - [14/Apr/2026:09:35:15 +0000] "GET /shop/pg/1024424 HTTP/1.1" 500 1004 "http://mail.elementalmill.com/shopping/products/16201024424" "Mozilla/5.0 AppleWebKit/537.36 (KHTML, like Gecko; compatible; GPTBot/1.3; +https://openai.com/gptbot)"
85.208.96.202 - - [14/Apr/2026:09:35:16 +0000] "GET /shop/pg/1994232 HTTP/1.1" 500 164 "-" "Mozilla/5.0 (compatible; SemrushBot/7~bl; +http://www.semrush.com/bot.html)"
185.191.171.8 - - [14/Apr/2026:09:36:16 +0000] "GET /shop/pg/16211990571 HTTP/1.1" 500 164 "-" "Mozilla/5.0 (compatible; SemrushBot/7~bl; +http://www.semrush.com/bot.html)"
74.7.242.41 - - [14/Apr/2026:09:36:17 +0000] "GET /shop/pg/2644653 HTTP/1.1" 500 1004 "http://mail.elementalmill.com/shop/customer/bookmark.php?shopping/products/16232644653" "Mozilla/5.0 AppleWebKit/537.36 (KHTML, like Gecko; compatible; GPTBot/1.3; +https://openai.com/gptbot)"
185.191.171.11 - - [14/Apr/2026:09:37:18 +0000] "GET /shopping/products/1619984893 HTTP/1.1" 500 164 "-" "Mozilla/5.0 (compatible; SemrushBot/7~bl; +http://www.semrush.com/bot.html)"
74.7.227.185 - - [14/Apr/2026:09:38:08 +0000] "GET /shopping/products/16201391806 HTTP/1.1" 500 1004 "http://elementalmill.com.lab2454.com/shopping/products/16211855073" "Mozilla/5.0 AppleWebKit/537.36 (KHTML, like Gecko; compatible; GPTBot/1.3; +https://openai.com/gptbot)"
85.208.96.193 - - [14/Apr/2026:09:38:19 +0000] "GET /shopping/products/1619879888 HTTP/1.1" 500 164 "-" "Mozilla/5.0 (compatible; SemrushBot/7~bl; +http://www.semrush.com/bot.html)"
74.7.242.41 - - [14/Apr/2026:09:38:21 +0000] "GET /shop/pg/1707033 HTTP/1.1" 500 1004 "http://mail.elementalmill.com/shop/pg/16201490572" "Mozilla/5.0 AppleWebKit/537.36 (KHTML, like Gecko; compatible; GPTBot/1.3; +https://openai.com/gptbot)"
74.7.227.185 - - [14/Apr/2026:09:39:09 +0000] "GET /shopping/products/16232572675 HTTP/1.1" 500 1004 "http://elementalmill.com.lab2454.com/shop/pg/16222026266" "Mozilla/5.0 AppleWebKit/537.36 (KHTML, like Gecko; compatible; GPTBot/1.3; +https://openai.com/gptbot)"
185.191.171.11 - - [14/Apr/2026:09:39:20 +0000] "GET /shopping/products/1619999119 HTTP/1.1" 500 164 "-" "Mozilla/5.0 (compatible; SemrushBot/7~bl; +http://www.semrush.com/bot.html)"
74.7.227.48 - - [14/Apr/2026:09:39:26 +0000] "GET /shop/pg/1423955 HTTP/1.1" 500 1004 "http://www.elementalmill.com/shopping/products/16201423955" "Mozilla/5.0 AppleWebKit/537.36 (KHTML, like Gecko; compatible; GPTBot/1.3; +https://openai.com/gptbot)"
74.7.242.41 - - [14/Apr/2026:09:39:59 +0000] "GET /shop/pg/16201438040 HTTP/1.1" 500 1004 "http://www.elementalmill.com" "Mozilla/5.0 AppleWebKit/537.36 (KHTML, like Gecko; compatible; GPTBot/1.3; +https://openai.com/gptbot)"
185.191.171.11 - - [14/Apr/2026:09:40:21 +0000] "GET /shopping/products/1619927259 HTTP/1.1" 500 164 "-" "Mozilla/5.0 (compatible; SemrushBot/7~bl; +http://www.semrush.com/bot.html)"
185.191.171.7 - - [14/Apr/2026:09:41:21 +0000] "GET /shopping/products/1619956400 HTTP/1.1" 500 164 "-" "Mozilla/5.0 (compatible; SemrushBot/7~bl; +http://www.semrush.com/bot.html)"
74.7.242.41 - - [14/Apr/2026:09:41:29 +0000] "GET /shop/pg/1752088 HTTP/1.1" 500 1004 "http://mail.elementalmill.com/shop/customer/bookmark.php?shopping/products/16211752088" "Mozilla/5.0 AppleWebKit/537.36 (KHTML, like Gecko; compatible; GPTBot/1.3; +https://openai.com/gptbot)"
185.191.171.16 - - [14/Apr/2026:09:42:22 +0000] "GET /shopping/products/1619957895 HTTP/1.1" 500 164 "-" "Mozilla/5.0 (compatible; SemrushBot/7~bl; +http://www.semrush.com/bot.html)"
74.7.242.41 - - [14/Apr/2026:09:42:34 +0000] "GET /shop/pg/1178586 HTTP/1.1" 500 1004 "http://mail.elementalmill.com/shopping/products/16201178586" "Mozilla/5.0 AppleWebKit/537.36 (KHTML, like Gecko; compatible; GPTBot/1.3; +https://openai.com/gptbot)"
85.208.96.210 - - [14/Apr/2026:09:43:23 +0000] "GET /shop/pg/16211796321 HTTP/1.1" 500 164 "-" "Mozilla/5.0 (compatible; SemrushBot/7~bl; +http://www.semrush.com/bot.html)"
74.7.242.41 - - [14/Apr/2026:09:43:37 +0000] "GET /shop/pg/1396032 HTTP/1.1" 500 1004 "http://mail.elementalmill.com/shop/customer/bookmark.php?shopping/products/16201396032" "Mozilla/5.0 AppleWebKit/537.36 (KHTML, like Gecko; compatible; GPTBot/1.3; +https://openai.com/gptbot)"
185.191.171.9 - - [14/Apr/2026:09:44:24 +0000] "GET /shop/pg/16222088606 HTTP/1.1" 500 164 "-" "Mozilla/5.0 (compatible; SemrushBot/7~bl; +http://www.semrush.com/bot.html)"
74.7.227.48 - - [14/Apr/2026:09:44:41 +0000] "GET /shop/pg/1140838 HTTP/1.1" 500 1004 "http://www.elementalmill.com/shopping/products/16201140838" "Mozilla/5.0 AppleWebKit/537.36 (KHTML, like Gecko; compatible; GPTBot/1.3; +https://openai.com/gptbot)"
74.7.242.41 - - [14/Apr/2026:09:44:42 +0000] "GET /shop/pg/1840121 HTTP/1.1" 500 1004 "http://mail.elementalmill.com/shopping/products/16211840121" "Mozilla/5.0 AppleWebKit/537.36 (KHTML, like Gecko; compatible; GPTBot/1.3; +https://openai.com/gptbot)"
74.7.244.23 - - [14/Apr/2026:09:44:43 +0000] "GET /robots.txt HTTP/1.1" 200 101 "-" "Mozilla/5.0 (Macintosh; Intel Mac OS X 10_15_7) AppleWebKit/537.36 (KHTML, like Gecko) Chrome/131.0.0.0 Safari/537.36; compatible; OAI-SearchBot/1.3; robots.txt; +https://openai.com/searchbot"
85.208.96.205 - - [14/Apr/2026:09:45:09 +0000] "GET /robots.txt HTTP/1.1" 500 1004 "-" "Mozilla/5.0 (compatible; SemrushBot/7~bl; +http://www.semrush.com/bot.html)"
185.191.171.16 - - [14/Apr/2026:09:45:26 +0000] "GET /shopping/products/1619993128 HTTP/1.1" 500 164 "-" "Mozilla/5.0 (compatible; SemrushBot/7~bl; +http://www.semrush.com/bot.html)"
85.208.96.197 - - [14/Apr/2026:09:46:27 +0000] "GET /shop/pg/16222086635 HTTP/1.1" 500 164 "-" "Mozilla/5.0 (compatible; SemrushBot/7~bl; +http://www.semrush.com/bot.html)"
185.191.171.10 - - [14/Apr/2026:09:47:28 +0000] "GET /shopping/products/1619941178 HTTP/1.1" 500 164 "-" "Mozilla/5.0 (compatible; SemrushBot/7~bl; +http://www.semrush.com/bot.html)"
74.7.242.41 - - [14/Apr/2026:09:47:51 +0000] "GET /shop/pg/1715506 HTTP/1.1" 500 1004 "http://mail.elementalmill.com/shop/pg/16201499043" "Mozilla/5.0 AppleWebKit/537.36 (KHTML, like Gecko; compatible; GPTBot/1.3; +https://openai.com/gptbot)"
85.208.96.195 - - [14/Apr/2026:09:48:29 +0000] "GET /shop/pg/1619954159 HTTP/1.1" 500 164 "-" "Mozilla/5.0 (compatible; SemrushBot/7~bl; +http://www.semrush.com/bot.html)"
40.77.167.67 - - [14/Apr/2026:09:48:49 +0000] "GET /sitemap288.xml HTTP/1.1" 200 6042 "-" "Mozilla/5.0 AppleWebKit/537.36 (KHTML, like Gecko; compatible; bingbot/2.0; +http://www.bing.com/bingbot.htm) Chrome/116.0.1938.76 Safari/537.36"
74.7.227.48 - - [14/Apr/2026:09:48:58 +0000] "GET /shop/pg/2361982 HTTP/1.1" 500 1004 "http://www.elementalmill.com/shop/customer/bookmark.php?shopping/products/16222361982" "Mozilla/5.0 AppleWebKit/537.36 (KHTML, like Gecko; compatible; GPTBot/1.3; +https://openai.com/gptbot)"
85.208.96.209 - - [14/Apr/2026:09:49:30 +0000] "GET /shopping/products/1619972049 HTTP/1.1" 500 164 "-" "Mozilla/5.0 (compatible; SemrushBot/7~bl; +http://www.semrush.com/bot.html)"
74.7.242.41 - - [14/Apr/2026:09:49:59 +0000] "GET /shop/pg/1465989 HTTP/1.1" 500 1004 "http://mail.elementalmill.com/shopping/products/16201465989" "Mozilla/5.0 AppleWebKit/537.36 (KHTML, like Gecko; compatible; GPTBot/1.3; +https://openai.com/gptbot)"
85.208.96.199 - - [14/Apr/2026:09:50:31 +0000] "GET /shopping/products/1619986410 HTTP/1.1" 500 164 "-" "Mozilla/5.0 (compatible; SemrushBot/7~bl; +http://www.semrush.com/bot.html)"
74.7.242.41 - - [14/Apr/2026:09:50:32 +0000] "GET /shop/pg/16211634527 HTTP/1.1" 500 1004 "http://www.elementalmill.com" "Mozilla/5.0 AppleWebKit/537.36 (KHTML, like Gecko; compatible; GPTBot/1.3; +https://openai.com/gptbot)"
74.7.242.41 - - [14/Apr/2026:09:51:03 +0000] "GET /shop/pg/1479431 HTTP/1.1" 500 1004 "http://mail.elementalmill.com/shop/pg/16201262966" "Mozilla/5.0 AppleWebKit/537.36 (KHTML, like Gecko; compatible; GPTBot/1.3; +https://openai.com/gptbot)"
85.208.96.206 - - [14/Apr/2026:09:51:32 +0000] "GET /shopping/products/1619969955 HTTP/1.1" 500 164 "-" "Mozilla/5.0 (compatible; SemrushBot/7~bl; +http://www.semrush.com/bot.html)"
74.7.241.141 - - [14/Apr/2026:09:51:38 +0000] "GET /robots.txt HTTP/1.1" 200 353 "-" "Mozilla/5.0 (Macintosh; Intel Mac OS X 10_15_7) AppleWebKit/537.36 (KHTML, like Gecko) Chrome/131.0.0.0 Safari/537.36; compatible; OAI-SearchBot/1.3; robots.txt; +https://openai.com/searchbot"
74.7.242.41 - - [14/Apr/2026:09:52:03 +0000] "GET /shop/pg/1219065 HTTP/1.1" 500 1004 "http://mail.elementalmill.com/shopping/products/16201219065" "Mozilla/5.0 AppleWebKit/537.36 (KHTML, like Gecko; compatible; GPTBot/1.3; +https://openai.com/gptbot)"
185.191.171.6 - - [14/Apr/2026:09:52:33 +0000] "GET /shop/pg/1944897 HTTP/1.1" 500 164 "-" "Mozilla/5.0 (compatible; SemrushBot/7~bl; +http://www.semrush.com/bot.html)"
74.7.242.41 - - [14/Apr/2026:09:53:04 +0000] "GET /shop/pg/1387949 HTTP/1.1" 500 1004 "http://mail.elementalmill.com/shop/pg/16201171487" "Mozilla/5.0 AppleWebKit/537.36 (KHTML, like Gecko; compatible; GPTBot/1.3; +https://openai.com/gptbot)"
85.208.96.194 - - [14/Apr/2026:09:53:35 +0000] "GET /shop/pg/2623503 HTTP/1.1" 500 164 "-" "Mozilla/5.0 (compatible; SemrushBot/7~bl; +http://www.semrush.com/bot.html)"
74.7.242.41 - - [14/Apr/2026:09:54:07 +0000] "GET /shop/pg/1411941 HTTP/1.1" 500 1004 "http://mail.elementalmill.com/shopping/products/16201411941" "Mozilla/5.0 AppleWebKit/537.36 (KHTML, like Gecko; compatible; GPTBot/1.3; +https://openai.com/gptbot)"
85.208.96.193 - - [14/Apr/2026:09:54:36 +0000] "GET /shopping/products/1619970747 HTTP/1.1" 500 164 "-" "Mozilla/5.0 (compatible; SemrushBot/7~bl; +http://www.semrush.com/bot.html)"
74.7.242.41 - - [14/Apr/2026:09:55:08 +0000] "GET /shop/pg/1194175 HTTP/1.1" 500 1004 "http://mail.elementalmill.com/shop/customer/bookmark.php?shopping/products/16201194175" "Mozilla/5.0 AppleWebKit/537.36 (KHTML, like Gecko; compatible; GPTBot/1.3; +https://openai.com/gptbot)"
185.191.171.16 - - [14/Apr/2026:09:55:37 +0000] "GET /shop/pg/13618 HTTP/1.1" 500 164 "-" "Mozilla/5.0 (compatible; SemrushBot/7~bl; +http://www.semrush.com/bot.html)"
74.7.242.41 - - [14/Apr/2026:09:56:09 +0000] "GET /shop/pg/1375093 HTTP/1.1" 500 1004 "http://mail.elementalmill.com/shopping/products/16201375093" "Mozilla/5.0 AppleWebKit/537.36 (KHTML, like Gecko; compatible; GPTBot/1.3; +https://openai.com/gptbot)"
185.191.171.11 - - [14/Apr/2026:09:56:38 +0000] "GET /shopping/products/1619869237 HTTP/1.1" 500 164 "-" "Mozilla/5.0 (compatible; SemrushBot/7~bl; +http://www.semrush.com/bot.html)"
74.7.227.185 - - [14/Apr/2026:09:57:04 +0000] "GET /shopping/products/16211896474 HTTP/1.1" 500 1004 "http://elementalmill.com.lab2454.com/shopping/products/16211939747" "Mozilla/5.0 AppleWebKit/537.36 (KHTML, like Gecko; compatible; GPTBot/1.3; +https://openai.com/gptbot)"
74.7.227.48 - - [14/Apr/2026:09:57:21 +0000] "GET /shop/pg/1285778 HTTP/1.1" 500 1004 "http://www.elementalmill.com/shopping/products/16201285778" "Mozilla/5.0 AppleWebKit/537.36 (KHTML, like Gecko; compatible; GPTBot/1.3; +https://openai.com/gptbot)"
85.208.96.199 - - [14/Apr/2026:09:57:39 +0000] "GET /shop/pg/16211999896 HTTP/1.1" 500 164 "-" "Mozilla/5.0 (compatible; SemrushBot/7~bl; +http://www.semrush.com/bot.html)"
74.7.243.205 - - [14/Apr/2026:09:57:55 +0000] "GET /shop/pg/2547722 HTTP/1.1" 500 1004 "http://www.elementalmill.com.lab2454.com/shopping/products/16232547722" "Mozilla/5.0 AppleWebKit/537.36 (KHTML, like Gecko; compatible; GPTBot/1.3; +https://openai.com/gptbot)"
74.7.242.41 - - [14/Apr/2026:09:58:15 +0000] "GET /shop/pg/1153347 HTTP/1.1" 500 1004 "http://mail.elementalmill.com/shop/pg/16211528438" "Mozilla/5.0 AppleWebKit/537.36 (KHTML, like Gecko; compatible; GPTBot/1.3; +https://openai.com/gptbot)"
85.208.96.210 - - [14/Apr/2026:09:58:40 +0000] "GET /shopping/products/1619993142 HTTP/1.1" 500 164 "-" "Mozilla/5.0 (compatible; SemrushBot/7~bl; +http://www.semrush.com/bot.html)"
85.208.96.209 - - [14/Apr/2026:09:59:41 +0000] "GET /shop/pg/1618492203 HTTP/1.1" 500 164 "-" "Mozilla/5.0 (compatible; SemrushBot/7~bl; +http://www.semrush.com/bot.html)"
74.7.242.41 - - [14/Apr/2026:10:00:24 +0000] "GET /shop/pg/1591187 HTTP/1.1" 500 1004 "http://mail.elementalmill.com/shop/pg/16201374725" "Mozilla/5.0 AppleWebKit/537.36 (KHTML, like Gecko; compatible; GPTBot/1.3; +https://openai.com/gptbot)"
185.191.171.15 - - [14/Apr/2026:10:00:42 +0000] "GET /shopping/products/1619960582 HTTP/1.1" 500 164 "-" "Mozilla/5.0 (compatible; SemrushBot/7~bl; +http://www.semrush.com/bot.html)"
74.7.227.185 - - [14/Apr/2026:10:01:06 +0000] "GET /shopping/products/16201390342 HTTP/1.1" 500 1004 "http://elementalmill.com.lab2454.com/shopping/products/16201485119" "Mozilla/5.0 AppleWebKit/537.36 (KHTML, like Gecko; compatible; GPTBot/1.3; +https://openai.com/gptbot)"
74.7.242.41 - - [14/Apr/2026:10:01:28 +0000] "GET /shop/pg/1039884 HTTP/1.1" 500 1004 "http://mail.elementalmill.com/shop/pg/16232598082" "Mozilla/5.0 AppleWebKit/537.36 (KHTML, like Gecko; compatible; GPTBot/1.3; +https://openai.com/gptbot)"
185.191.171.12 - - [14/Apr/2026:10:01:44 +0000] "GET /shopping/products/1619991670 HTTP/1.1" 500 164 "-" "Mozilla/5.0 (compatible; SemrushBot/7~bl; +http://www.semrush.com/bot.html)"
74.7.242.41 - - [14/Apr/2026:10:02:08 +0000] "GET /shop/pg/16201457411 HTTP/1.1" 500 1004 "http://www.elementalmill.com" "Mozilla/5.0 AppleWebKit/537.36 (KHTML, like Gecko; compatible; GPTBot/1.3; +https://openai.com/gptbot)"
74.7.242.41 - - [14/Apr/2026:10:02:33 +0000] "GET /shop/pg/2248143 HTTP/1.1" 500 1004 "http://mail.elementalmill.com/shopping/products/16222248143" "Mozilla/5.0 AppleWebKit/537.36 (KHTML, like Gecko; compatible; GPTBot/1.3; +https://openai.com/gptbot)"
85.208.96.204 - - [14/Apr/2026:10:02:44 +0000] "GET /shopping/products/1619971984 HTTP/1.1" 500 164 "-" "Mozilla/5.0 (compatible; SemrushBot/7~bl; +http://www.semrush.com/bot.html)"
74.7.242.41 - - [14/Apr/2026:10:03:13 +0000] "GET /shop/pg/16201200614 HTTP/1.1" 500 1004 "http://www.elementalmill.com" "Mozilla/5.0 AppleWebKit/537.36 (KHTML, like Gecko; compatible; GPTBot/1.3; +https://openai.com/gptbot)"
74.7.242.41 - - [14/Apr/2026:10:03:38 +0000] "GET /shop/pg/2504741 HTTP/1.1" 500 1004 "http://mail.elementalmill.com/shop/customer/bookmark.php?shopping/products/16232504741" "Mozilla/5.0 AppleWebKit/537.36 (KHTML, like Gecko; compatible; GPTBot/1.3; +https://openai.com/gptbot)"
85.208.96.203 - - [14/Apr/2026:10:03:45 +0000] "GET /shopping/products/1619973978 HTTP/1.1" 500 164 "-" "Mozilla/5.0 (compatible; SemrushBot/7~bl; +http://www.semrush.com/bot.html)"
