74.7.242.41 - - [13/Apr/2026:21:50:26 +0000] "GET /shop/pg/16211977559 HTTP/1.1" 500 1004 "http://www.elementalmill.com" "Mozilla/5.0 AppleWebKit/537.36 (KHTML, like Gecko; compatible; GPTBot/1.3; +https://openai.com/gptbot)"
185.191.171.1 - - [13/Apr/2026:21:50:50 +0000] "GET /shop/pg/1619947226 HTTP/1.1" 500 164 "-" "Mozilla/5.0 (compatible; SemrushBot/7~bl; +http://www.semrush.com/bot.html)"
74.7.242.41 - - [13/Apr/2026:21:51:00 +0000] "GET /shop/pg/1892921 HTTP/1.1" 500 1004 "http://mail.elementalmill.com/shop/customer/bookmark.php?shopping/products/16211892921" "Mozilla/5.0 AppleWebKit/537.36 (KHTML, like Gecko; compatible; GPTBot/1.3; +https://openai.com/gptbot)"
74.7.242.41 - - [13/Apr/2026:21:51:29 +0000] "GET /shop/pg/16211976778 HTTP/1.1" 500 1004 "http://www.elementalmill.com" "Mozilla/5.0 AppleWebKit/537.36 (KHTML, like Gecko; compatible; GPTBot/1.3; +https://openai.com/gptbot)"
85.208.96.202 - - [13/Apr/2026:21:51:51 +0000] "GET /shop/pg/941553 HTTP/1.1" 500 164 "-" "Mozilla/5.0 (compatible; SemrushBot/7~bl; +http://www.semrush.com/bot.html)"
74.7.241.175 - - [13/Apr/2026:21:52:25 +0000] "GET /robots.txt HTTP/1.1" 200 362 "-" "Mozilla/5.0 (Macintosh; Intel Mac OS X 10_15_7) AppleWebKit/537.36 (KHTML, like Gecko) Chrome/131.0.0.0 Safari/537.36; compatible; OAI-SearchBot/1.3; robots.txt; +https://openai.com/searchbot"
85.208.96.196 - - [13/Apr/2026:21:52:52 +0000] "GET /shopping/products/1619941470 HTTP/1.1" 500 164 "-" "Mozilla/5.0 (compatible; SemrushBot/7~bl; +http://www.semrush.com/bot.html)"
185.191.171.15 - - [13/Apr/2026:21:53:53 +0000] "GET /shop/pg/16211806348 HTTP/1.1" 500 164 "-" "Mozilla/5.0 (compatible; SemrushBot/7~bl; +http://www.semrush.com/bot.html)"
74.7.242.41 - - [13/Apr/2026:21:54:15 +0000] "GET /shop/pg/1174506 HTTP/1.1" 500 1004 "http://mail.elementalmill.com/shop/pg/16211549588" "Mozilla/5.0 AppleWebKit/537.36 (KHTML, like Gecko; compatible; GPTBot/1.3; +https://openai.com/gptbot)"
185.191.171.14 - - [13/Apr/2026:21:54:55 +0000] "GET /shopping/products/1619878888 HTTP/1.1" 500 164 "-" "Mozilla/5.0 (compatible; SemrushBot/7~bl; +http://www.semrush.com/bot.html)"
74.7.227.48 - - [13/Apr/2026:21:55:27 +0000] "GET /shop/pg/1023566 HTTP/1.1" 500 1004 "http://www.elementalmill.com/shopping/products/16201023566" "Mozilla/5.0 AppleWebKit/537.36 (KHTML, like Gecko; compatible; GPTBot/1.3; +https://openai.com/gptbot)"
185.191.171.15 - - [13/Apr/2026:21:55:56 +0000] "GET /shopping/products/1619990166 HTTP/1.1" 500 164 "-" "Mozilla/5.0 (compatible; SemrushBot/7~bl; +http://www.semrush.com/bot.html)"
74.7.227.48 - - [13/Apr/2026:21:56:29 +0000] "GET /shop/pg/1302170 HTTP/1.1" 500 1004 "http://www.elementalmill.com/shop/customer/bookmark.php?shopping/products/16201302170" "Mozilla/5.0 AppleWebKit/537.36 (KHTML, like Gecko; compatible; GPTBot/1.3; +https://openai.com/gptbot)"
185.191.171.8 - - [13/Apr/2026:21:56:58 +0000] "GET /shop/pg/1618462951 HTTP/1.1" 500 164 "-" "Mozilla/5.0 (compatible; SemrushBot/7~bl; +http://www.semrush.com/bot.html)"
74.7.242.41 - - [13/Apr/2026:21:57:22 +0000] "GET /shop/pg/1503355 HTTP/1.1" 500 1004 "http://mail.elementalmill.com/shop/customer/bookmark.php?shopping/products/16211503355" "Mozilla/5.0 AppleWebKit/537.36 (KHTML, like Gecko; compatible; GPTBot/1.3; +https://openai.com/gptbot)"
74.7.227.48 - - [13/Apr/2026:21:57:33 +0000] "GET /shop/pg/2157802 HTTP/1.1" 500 1004 "http://www.elementalmill.com/shop/customer/bookmark.php?shopping/products/16222157802" "Mozilla/5.0 AppleWebKit/537.36 (KHTML, like Gecko; compatible; GPTBot/1.3; +https://openai.com/gptbot)"
185.191.171.19 - - [13/Apr/2026:21:57:59 +0000] "GET /shopping/products/1619948849 HTTP/1.1" 500 164 "-" "Mozilla/5.0 (compatible; SemrushBot/7~bl; +http://www.semrush.com/bot.html)"
74.7.242.41 - - [13/Apr/2026:21:58:26 +0000] "GET /shop/pg/1172937 HTTP/1.1" 500 1004 "http://mail.elementalmill.com/shop/pg/16211548034" "Mozilla/5.0 AppleWebKit/537.36 (KHTML, like Gecko; compatible; GPTBot/1.3; +https://openai.com/gptbot)"
74.7.243.205 - - [13/Apr/2026:21:58:35 +0000] "GET /shop/pg/1871439 HTTP/1.1" 500 1004 "http://www.elementalmill.com.lab2454.com/shopping/products/16211871439" "Mozilla/5.0 AppleWebKit/537.36 (KHTML, like Gecko; compatible; GPTBot/1.3; +https://openai.com/gptbot)"
85.208.96.202 - - [13/Apr/2026:21:59:00 +0000] "GET /shopping/products/1619974248 HTTP/1.1" 500 164 "-" "Mozilla/5.0 (compatible; SemrushBot/7~bl; +http://www.semrush.com/bot.html)"
85.208.96.204 - - [13/Apr/2026:22:00:01 +0000] "GET /shop/pg/16201086421 HTTP/1.1" 500 164 "-" "Mozilla/5.0 (compatible; SemrushBot/7~bl; +http://www.semrush.com/bot.html)"
157.55.39.13 - - [13/Apr/2026:22:00:06 +0000] "GET /shop/88985122653.html HTTP/1.1" 200 27261 "-" "Mozilla/5.0 AppleWebKit/537.36 (KHTML, like Gecko; compatible; bingbot/2.0; +http://www.bing.com/bingbot.htm) Chrome/116.0.1938.76 Safari/537.36"
85.208.96.201 - - [13/Apr/2026:22:01:02 +0000] "GET /shop/pg/1600605 HTTP/1.1" 500 164 "-" "Mozilla/5.0 (compatible; SemrushBot/7~bl; +http://www.semrush.com/bot.html)"
74.7.242.41 - - [13/Apr/2026:22:01:31 +0000] "GET /shop/pg/1283949 HTTP/1.1" 500 1004 "http://mail.elementalmill.com/shopping/products/16201283949" "Mozilla/5.0 AppleWebKit/537.36 (KHTML, like Gecko; compatible; GPTBot/1.3; +https://openai.com/gptbot)"
74.7.243.205 - - [13/Apr/2026:22:01:38 +0000] "GET /shop/pg/1203481 HTTP/1.1" 500 1004 "http://www.elementalmill.com.lab2454.com/shop/pg/16211578570" "Mozilla/5.0 AppleWebKit/537.36 (KHTML, like Gecko; compatible; GPTBot/1.3; +https://openai.com/gptbot)"
85.208.96.211 - - [13/Apr/2026:22:02:02 +0000] "GET /shopping/products/1619906252 HTTP/1.1" 500 164 "-" "Mozilla/5.0 (compatible; SemrushBot/7~bl; +http://www.semrush.com/bot.html)"
74.7.242.41 - - [13/Apr/2026:22:02:36 +0000] "GET /shop/pg/1379534 HTTP/1.1" 500 1004 "http://mail.elementalmill.com/shop/pg/16201163081" "Mozilla/5.0 AppleWebKit/537.36 (KHTML, like Gecko; compatible; GPTBot/1.3; +https://openai.com/gptbot)"
68.219.103.206 - - [13/Apr/2026:22:02:47 +0000] "GET /wp-content/plugins/hellopress/wp_filemanager.php HTTP/1.1" 500 2431 "-" "-"
74.7.227.48 - - [13/Apr/2026:22:02:46 +0000] "GET /shop/pg/1445954 HTTP/1.1" 500 1004 "http://www.elementalmill.com/shopping/products/16201445954" "Mozilla/5.0 AppleWebKit/537.36 (KHTML, like Gecko; compatible; GPTBot/1.3; +https://openai.com/gptbot)"
68.219.103.206 - - [13/Apr/2026:22:02:48 +0000] "GET /flower.php HTTP/1.1" 500 2431 "-" "-"
68.219.103.206 - - [13/Apr/2026:22:02:49 +0000] "GET /a7.php HTTP/1.1" 500 2431 "-" "-"
68.219.103.206 - - [13/Apr/2026:22:02:52 +0000] "GET /doc.php HTTP/1.1" 500 2431 "-" "-"
68.219.103.206 - - [13/Apr/2026:22:02:58 +0000] "GET /mifta.php HTTP/1.1" 500 2431 "-" "-"
185.191.171.1 - - [13/Apr/2026:22:03:03 +0000] "GET /shopping/products/1619938422 HTTP/1.1" 500 164 "-" "Mozilla/5.0 (compatible; SemrushBot/7~bl; +http://www.semrush.com/bot.html)"
68.219.103.206 - - [13/Apr/2026:22:03:08 +0000] "GET /Geforce.php HTTP/1.1" 500 2431 "-" "-"
68.219.103.206 - - [13/Apr/2026:22:03:10 +0000] "GET /packsin1.php HTTP/1.1" 500 2431 "-" "-"
68.219.103.206 - - [13/Apr/2026:22:03:13 +0000] "GET /xs.php HTTP/1.1" 500 2431 "-" "-"
68.219.103.206 - - [13/Apr/2026:22:03:16 +0000] "GET /son1.php HTTP/1.1" 500 2431 "-" "-"
68.219.103.206 - - [13/Apr/2026:22:03:24 +0000] "GET /wp-includes/theme-compat/wp-login.php HTTP/1.1" 500 2431 "-" "-"
68.219.103.206 - - [13/Apr/2026:22:03:25 +0000] "GET /aboute.php HTTP/1.1" 500 2431 "-" "-"
68.219.103.206 - - [13/Apr/2026:22:03:27 +0000] "GET /pp.php HTTP/1.1" 500 2431 "-" "-"
68.219.103.206 - - [13/Apr/2026:22:03:28 +0000] "GET /ng.php HTTP/1.1" 500 2431 "-" "-"
68.219.103.206 - - [13/Apr/2026:22:03:30 +0000] "GET /tiny2.php HTTP/1.1" 500 2431 "-" "-"
68.219.103.206 - - [13/Apr/2026:22:03:32 +0000] "GET /state.php HTTP/1.1" 500 2431 "-" "-"
68.219.103.206 - - [13/Apr/2026:22:03:34 +0000] "GET /2.php HTTP/1.1" 500 2431 "-" "-"
68.219.103.206 - - [13/Apr/2026:22:03:36 +0000] "GET /wps.php HTTP/1.1" 500 2431 "-" "-"
74.7.242.41 - - [13/Apr/2026:22:03:37 +0000] "GET /shop/pg/1894865 HTTP/1.1" 500 1004 "http://mail.elementalmill.com/shop/customer/bookmark.php?shopping/products/16211894865" "Mozilla/5.0 AppleWebKit/537.36 (KHTML, like Gecko; compatible; GPTBot/1.3; +https://openai.com/gptbot)"
68.219.103.206 - - [13/Apr/2026:22:03:38 +0000] "GET /ayk.php HTTP/1.1" 500 2431 "-" "-"
68.219.103.206 - - [13/Apr/2026:22:03:40 +0000] "GET /wgift1.php HTTP/1.1" 500 2431 "-" "-"
68.219.103.206 - - [13/Apr/2026:22:03:41 +0000] "GET /ss.php HTTP/1.1" 500 2431 "-" "-"
68.219.103.206 - - [13/Apr/2026:22:03:43 +0000] "GET /tx79.php HTTP/1.1" 500 2431 "-" "-"
68.219.103.206 - - [13/Apr/2026:22:03:44 +0000] "GET /7.php HTTP/1.1" 500 2431 "-" "-"
68.219.103.206 - - [13/Apr/2026:22:03:45 +0000] "GET /wp-admin/images/admin.php HTTP/1.1" 500 2431 "-" "-"
68.219.103.206 - - [13/Apr/2026:22:03:47 +0000] "GET /config.php HTTP/1.1" 500 2431 "-" "-"
68.219.103.206 - - [13/Apr/2026:22:03:49 +0000] "GET /gecko.php HTTP/1.1" 500 2431 "-" "-"
68.219.103.206 - - [13/Apr/2026:22:03:55 +0000] "GET /tiny HTTP/1.1" 500 2431 "-" "-"
68.219.103.206 - - [13/Apr/2026:22:03:58 +0000] "GET /tiny.php HTTP/1.1" 500 2431 "-" "-"
68.219.103.206 - - [13/Apr/2026:22:03:59 +0000] "GET /eFpU3yHnriNNLtvdefault.php HTTP/1.1" 500 2431 "-" "-"
74.7.242.41 - - [13/Apr/2026:22:04:01 +0000] "GET /shop/pg/16211687189 HTTP/1.1" 500 1004 "http://www.elementalmill.com" "Mozilla/5.0 AppleWebKit/537.36 (KHTML, like Gecko; compatible; GPTBot/1.3; +https://openai.com/gptbot)"
185.191.171.11 - - [13/Apr/2026:22:04:04 +0000] "GET /shopping/products/1619938898 HTTP/1.1" 500 164 "-" "Mozilla/5.0 (compatible; SemrushBot/7~bl; +http://www.semrush.com/bot.html)"
68.219.103.206 - - [13/Apr/2026:22:04:07 +0000] "GET /class-wp-image.php HTTP/1.1" 500 2431 "-" "-"
68.219.103.206 - - [13/Apr/2026:22:04:09 +0000] "GET /8.php HTTP/1.1" 500 2431 "-" "-"
68.219.103.206 - - [13/Apr/2026:22:04:11 +0000] "GET /sadcut1.php HTTP/1.1" 500 2431 "-" "-"
68.219.103.206 - - [13/Apr/2026:22:04:18 +0000] "GET /footer.php HTTP/1.1" 500 2431 "-" "-"
68.219.103.206 - - [13/Apr/2026:22:04:20 +0000] "GET /img.php HTTP/1.1" 500 2431 "-" "-"
68.219.103.206 - - [13/Apr/2026:22:04:21 +0000] "GET /12.php HTTP/1.1" 500 2431 "-" "-"
68.219.103.206 - - [13/Apr/2026:22:04:24 +0000] "GET /xwx1.php HTTP/1.1" 500 2431 "-" "-"
68.219.103.206 - - [13/Apr/2026:22:04:26 +0000] "GET /xff.php HTTP/1.1" 500 2431 "-" "-"
68.219.103.206 - - [13/Apr/2026:22:04:27 +0000] "GET /lib.php HTTP/1.1" 500 2431 "-" "-"
68.219.103.206 - - [13/Apr/2026:22:04:28 +0000] "GET /roksad1.php HTTP/1.1" 500 2431 "-" "-"
68.219.103.206 - - [13/Apr/2026:22:04:29 +0000] "GET /wmore1.php HTTP/1.1" 500 2431 "-" "-"
68.219.103.206 - - [13/Apr/2026:22:04:31 +0000] "GET /adminfuns.php HTTP/1.1" 500 2431 "-" "-"
68.219.103.206 - - [13/Apr/2026:22:04:33 +0000] "GET /chosen.php HTTP/1.1" 500 2431 "-" "-"
68.219.103.206 - - [13/Apr/2026:22:04:35 +0000] "GET /dass.php HTTP/1.1" 500 2431 "-" "-"
68.219.103.206 - - [13/Apr/2026:22:04:39 +0000] "GET /db.php HTTP/1.1" 500 2431 "-" "-"
68.219.103.206 - - [13/Apr/2026:22:04:40 +0000] "GET /less.php HTTP/1.1" 500 2431 "-" "-"
74.7.242.41 - - [13/Apr/2026:22:04:40 +0000] "GET /shop/pg/1723744 HTTP/1.1" 500 1004 "http://mail.elementalmill.com/shop/pg/16201507284" "Mozilla/5.0 AppleWebKit/537.36 (KHTML, like Gecko; compatible; GPTBot/1.3; +https://openai.com/gptbot)"
68.219.103.206 - - [13/Apr/2026:22:04:42 +0000] "GET /ws86.php HTTP/1.1" 500 2431 "-" "-"
68.219.103.206 - - [13/Apr/2026:22:04:43 +0000] "GET /maxro.php HTTP/1.1" 500 2431 "-" "-"
68.219.103.206 - - [13/Apr/2026:22:04:44 +0000] "GET /classwithtostring.php HTTP/1.1" 500 2431 "-" "-"
68.219.103.206 - - [13/Apr/2026:22:04:45 +0000] "GET /1s7y8wt9dz.php HTTP/1.1" 500 2431 "-" "-"
68.219.103.206 - - [13/Apr/2026:22:04:46 +0000] "GET /bdktk.php HTTP/1.1" 500 2431 "-" "-"
68.219.103.206 - - [13/Apr/2026:22:04:48 +0000] "GET /v5.php HTTP/1.1" 500 2431 "-" "-"
68.219.103.206 - - [13/Apr/2026:22:04:49 +0000] "GET /ws85.php HTTP/1.1" 500 2431 "-" "-"
68.219.103.206 - - [13/Apr/2026:22:04:51 +0000] "GET /ws87.php HTTP/1.1" 500 2431 "-" "-"
68.219.103.206 - - [13/Apr/2026:22:04:52 +0000] "GET /layout.php HTTP/1.1" 500 2431 "-" "-"
68.219.103.206 - - [13/Apr/2026:22:04:53 +0000] "GET /r2.php HTTP/1.1" 500 2431 "-" "-"
68.219.103.206 - - [13/Apr/2026:22:04:56 +0000] "GET /ah25.php HTTP/1.1" 500 2431 "-" "-"
74.7.227.48 - - [13/Apr/2026:22:04:57 +0000] "GET /shop/pg/2133772 HTTP/1.1" 500 1004 "http://www.elementalmill.com/shopping/products/16222133772" "Mozilla/5.0 AppleWebKit/537.36 (KHTML, like Gecko; compatible; GPTBot/1.3; +https://openai.com/gptbot)"
68.219.103.206 - - [13/Apr/2026:22:04:58 +0000] "GET /006.php HTTP/1.1" 500 2431 "-" "-"
68.219.103.206 - - [13/Apr/2026:22:05:00 +0000] "GET /samll.php HTTP/1.1" 500 2431 "-" "-"
68.219.103.206 - - [13/Apr/2026:22:05:01 +0000] "GET /zogy1.php HTTP/1.1" 500 2431 "-" "-"
68.219.103.206 - - [13/Apr/2026:22:05:04 +0000] "GET /aios-bootstrap.php HTTP/1.1" 500 2431 "-" "-"
85.208.96.205 - - [13/Apr/2026:22:05:05 +0000] "GET /shop/pg/297368 HTTP/1.1" 500 164 "-" "Mozilla/5.0 (compatible; SemrushBot/7~bl; +http://www.semrush.com/bot.html)"
68.219.103.206 - - [13/Apr/2026:22:05:09 +0000] "GET /rh.php HTTP/1.1" 500 2431 "-" "-"
68.219.103.206 - - [13/Apr/2026:22:05:10 +0000] "GET /gz.php HTTP/1.1" 500 2431 "-" "-"
68.219.103.206 - - [13/Apr/2026:22:05:12 +0000] "GET /gelio1.php HTTP/1.1" 500 2431 "-" "-"
68.219.103.206 - - [13/Apr/2026:22:05:13 +0000] "GET /areak1.php HTTP/1.1" 500 2431 "-" "-"
68.219.103.206 - - [13/Apr/2026:22:05:14 +0000] "GET /qqa.php HTTP/1.1" 500 2431 "-" "-"
68.219.103.206 - - [13/Apr/2026:22:05:17 +0000] "GET /dx.php HTTP/1.1" 500 2431 "-" "-"
68.219.103.206 - - [13/Apr/2026:22:05:19 +0000] "GET /ga.php HTTP/1.1" 500 2431 "-" "-"
68.219.103.206 - - [13/Apr/2026:22:05:22 +0000] "GET /xozx.php HTTP/1.1" 500 2431 "-" "-"
68.219.103.206 - - [13/Apr/2026:22:05:25 +0000] "GET /1100.php HTTP/1.1" 500 2431 "-" "-"
68.219.103.206 - - [13/Apr/2026:22:05:35 +0000] "GET /press.php HTTP/1.1" 500 2431 "-" "-"
68.219.103.206 - - [13/Apr/2026:22:05:36 +0000] "GET /f35.php HTTP/1.1" 500 2431 "-" "-"
68.219.103.206 - - [13/Apr/2026:22:05:37 +0000] "GET /wp-kz.php HTTP/1.1" 500 2431 "-" "-"
68.219.103.206 - - [13/Apr/2026:22:05:39 +0000] "GET /wp-lo.php HTTP/1.1" 500 2431 "-" "-"
68.219.103.206 - - [13/Apr/2026:22:05:41 +0000] "GET /fone1.php HTTP/1.1" 500 2431 "-" "-"
68.219.103.206 - - [13/Apr/2026:22:05:42 +0000] "GET /Ipv6.php HTTP/1.1" 500 2431 "-" "-"
74.7.242.41 - - [13/Apr/2026:22:05:45 +0000] "GET /shop/pg/2243738 HTTP/1.1" 500 1004 "http://mail.elementalmill.com/shopping/products/16222243738" "Mozilla/5.0 AppleWebKit/537.36 (KHTML, like Gecko; compatible; GPTBot/1.3; +https://openai.com/gptbot)"
68.219.103.206 - - [13/Apr/2026:22:05:45 +0000] "GET /file-gertdxz.php HTTP/1.1" 500 2431 "-" "-"
68.219.103.206 - - [13/Apr/2026:22:05:47 +0000] "GET /xper1.php HTTP/1.1" 500 2431 "-" "-"
68.219.103.206 - - [13/Apr/2026:22:05:48 +0000] "GET /yuzuru1.php HTTP/1.1" 500 2431 "-" "-"
68.219.103.206 - - [13/Apr/2026:22:05:50 +0000] "GET /wglum1.php HTTP/1.1" 500 2431 "-" "-"
68.219.103.206 - - [13/Apr/2026:22:05:51 +0000] "GET /saorix1.php HTTP/1.1" 500 2431 "-" "-"
68.219.103.206 - - [13/Apr/2026:22:05:53 +0000] "GET /xper.php HTTP/1.1" 500 2431 "-" "-"
68.219.103.206 - - [13/Apr/2026:22:05:57 +0000] "GET /wxpass.php HTTP/1.1" 500 2431 "-" "-"
68.219.103.206 - - [13/Apr/2026:22:05:59 +0000] "GET /000.php HTTP/1.1" 500 2431 "-" "-"
68.219.103.206 - - [13/Apr/2026:22:06:02 +0000] "GET //config.php? HTTP/1.1" 500 2431 "-" "-"
85.208.96.208 - - [13/Apr/2026:22:06:06 +0000] "GET /shopping/products/1619954627 HTTP/1.1" 500 164 "-" "Mozilla/5.0 (compatible; SemrushBot/7~bl; +http://www.semrush.com/bot.html)"
68.219.103.206 - - [13/Apr/2026:22:06:08 +0000] "GET /x3x.php HTTP/1.1" 500 2431 "-" "-"
68.219.103.206 - - [13/Apr/2026:22:06:22 +0000] "GET /xy.php HTTP/1.1" 500 2431 "-" "-"
68.219.103.206 - - [13/Apr/2026:22:06:37 +0000] "GET /global.php HTTP/1.1" 500 2431 "-" "-"
68.219.103.206 - - [13/Apr/2026:22:06:38 +0000] "GET /themes.php HTTP/1.1" 500 2431 "-" "-"
68.219.103.206 - - [13/Apr/2026:22:06:39 +0000] "GET /link.php HTTP/1.1" 500 2431 "-" "-"
68.219.103.206 - - [13/Apr/2026:22:06:40 +0000] "GET /ortasekerli1.php HTTP/1.1" 500 2431 "-" "-"
68.219.103.206 - - [13/Apr/2026:22:06:41 +0000] "GET /wp-block.php HTTP/1.1" 500 2431 "-" "-"
68.219.103.206 - - [13/Apr/2026:22:06:51 +0000] "GET /wp-includes/wincust.php HTTP/1.1" 500 2431 "-" "-"
68.219.103.206 - - [13/Apr/2026:22:06:54 +0000] "GET /acp.php HTTP/1.1" 500 2431 "-" "-"
68.219.103.206 - - [13/Apr/2026:22:06:56 +0000] "GET /fs.php HTTP/1.1" 500 2431 "-" "-"
68.219.103.206 - - [13/Apr/2026:22:06:58 +0000] "GET /xltt.php HTTP/1.1" 500 2431 "-" "-"
68.219.103.206 - - [13/Apr/2026:22:07:01 +0000] "GET /ws57.php HTTP/1.1" 500 2431 "-" "-"
68.219.103.206 - - [13/Apr/2026:22:07:03 +0000] "GET /ws61.php HTTP/1.1" 500 2431 "-" "-"
68.219.103.206 - - [13/Apr/2026:22:07:04 +0000] "GET /ws66.php HTTP/1.1" 500 2431 "-" "-"
68.219.103.206 - - [13/Apr/2026:22:07:06 +0000] "GET /ws80.php HTTP/1.1" 500 2431 "-" "-"
85.208.96.199 - - [13/Apr/2026:22:07:07 +0000] "GET /shopping/products/1619946462 HTTP/1.1" 500 164 "-" "Mozilla/5.0 (compatible; SemrushBot/7~bl; +http://www.semrush.com/bot.html)"
68.219.103.206 - - [13/Apr/2026:22:07:07 +0000] "GET /xynz.php HTTP/1.1" 500 2431 "-" "-"
68.219.103.206 - - [13/Apr/2026:22:07:09 +0000] "GET /wp-01ul.php HTTP/1.1" 500 2431 "-" "-"
68.219.103.206 - - [13/Apr/2026:22:07:11 +0000] "GET /e7.php HTTP/1.1" 500 2431 "-" "-"
68.219.103.206 - - [13/Apr/2026:22:07:12 +0000] "GET /e3.php HTTP/1.1" 500 2431 "-" "-"
68.219.103.206 - - [13/Apr/2026:22:07:14 +0000] "GET /aevly.php HTTP/1.1" 500 2431 "-" "-"
68.219.103.206 - - [13/Apr/2026:22:07:16 +0000] "GET /bthil.php HTTP/1.1" 500 2431 "-" "-"
66.249.64.35 - - [13/Apr/2026:22:07:17 +0000] "GET /etc/disclaimer.html HTTP/1.1" 200 27029 "-" "Mozilla/5.0 (Linux; Android 6.0.1; Nexus 5X Build/MMB29P) AppleWebKit/537.36 (KHTML, like Gecko) Chrome/146.0.7680.177 Mobile Safari/537.36 (compatible; GoogleOther)"
68.219.103.206 - - [13/Apr/2026:22:07:20 +0000] "GET /wp-class.php HTTP/1.1" 500 2431 "-" "-"
68.219.103.206 - - [13/Apr/2026:22:07:21 +0000] "GET /cilus.php HTTP/1.1" 500 2431 "-" "-"
68.219.103.206 - - [13/Apr/2026:22:07:23 +0000] "GET /d.php HTTP/1.1" 500 2431 "-" "-"
68.219.103.206 - - [13/Apr/2026:22:07:24 +0000] "GET /error_log.php HTTP/1.1" 500 2431 "-" "-"
66.249.64.33 - - [13/Apr/2026:22:07:24 +0000] "GET /buyer/view/a010/DAA01010.html HTTP/1.1" 200 28272 "-" "Mozilla/5.0 (Linux; Android 6.0.1; Nexus 5X Build/MMB29P) AppleWebKit/537.36 (KHTML, like Gecko) Chrome/146.0.7680.177 Mobile Safari/537.36 (compatible; GoogleOther)"
68.219.103.206 - - [13/Apr/2026:22:07:27 +0000] "GET /Ov-Simple1.php HTTP/1.1" 500 2431 "-" "-"
68.219.103.206 - - [13/Apr/2026:22:07:37 +0000] "GET /curl.php HTTP/1.1" 500 2431 "-" "-"
68.219.103.206 - - [13/Apr/2026:22:07:38 +0000] "GET /sallu.php HTTP/1.1" 500 2431 "-" "-"
68.219.103.206 - - [13/Apr/2026:22:07:44 +0000] "GET //f6.php HTTP/1.1" 500 2431 "-" "-"
68.219.103.206 - - [13/Apr/2026:22:07:45 +0000] "GET //edit.php HTTP/1.1" 500 2431 "-" "-"
74.7.242.41 - - [13/Apr/2026:22:07:49 +0000] "GET /shop/pg/2057963 HTTP/1.1" 500 1004 "http://mail.elementalmill.com/shop/customer/bookmark.php?shopping/products/16222057963" "Mozilla/5.0 AppleWebKit/537.36 (KHTML, like Gecko; compatible; GPTBot/1.3; +https://openai.com/gptbot)"
68.219.103.206 - - [13/Apr/2026:22:07:49 +0000] "GET //aa.php HTTP/1.1" 500 2431 "-" "-"
68.219.103.206 - - [13/Apr/2026:22:07:51 +0000] "GET /goods_260325043000.php HTTP/1.1" 500 2431 "-" "-"
68.219.103.206 - - [13/Apr/2026:22:07:59 +0000] "GET /goods_260401065719.php HTTP/1.1" 500 2431 "-" "-"
74.7.227.48 - - [13/Apr/2026:22:08:05 +0000] "GET /shop/pg/1105314 HTTP/1.1" 500 1004 "http://www.elementalmill.com/shopping/products/16201105314" "Mozilla/5.0 AppleWebKit/537.36 (KHTML, like Gecko; compatible; GPTBot/1.3; +https://openai.com/gptbot)"
85.208.96.210 - - [13/Apr/2026:22:08:08 +0000] "GET /shop/pg/1618188505 HTTP/1.1" 500 164 "-" "Mozilla/5.0 (compatible; SemrushBot/7~bl; +http://www.semrush.com/bot.html)"
74.7.242.41 - - [13/Apr/2026:22:08:53 +0000] "GET /shop/pg/2404692 HTTP/1.1" 500 1004 "http://mail.elementalmill.com/shop/customer/bookmark.php?shopping/products/16222404692" "Mozilla/5.0 AppleWebKit/537.36 (KHTML, like Gecko; compatible; GPTBot/1.3; +https://openai.com/gptbot)"
74.7.243.205 - - [13/Apr/2026:22:09:07 +0000] "GET /shop/pg/1524100 HTTP/1.1" 500 1004 "http://www.elementalmill.com.lab2454.com/shopping/products/16211524100" "Mozilla/5.0 AppleWebKit/537.36 (KHTML, like Gecko; compatible; GPTBot/1.3; +https://openai.com/gptbot)"
85.208.96.206 - - [13/Apr/2026:22:09:09 +0000] "GET /shopping/products/1619949378 HTTP/1.1" 500 164 "-" "Mozilla/5.0 (compatible; SemrushBot/7~bl; +http://www.semrush.com/bot.html)"
74.7.242.41 - - [13/Apr/2026:22:09:20 +0000] "GET /shop/pg/16211644250 HTTP/1.1" 500 1004 "http://www.elementalmill.com" "Mozilla/5.0 AppleWebKit/537.36 (KHTML, like Gecko; compatible; GPTBot/1.3; +https://openai.com/gptbot)"
74.7.242.41 - - [13/Apr/2026:22:09:56 +0000] "GET /shop/pg/2218690 HTTP/1.1" 500 1004 "http://mail.elementalmill.com/shopping/products/16222218690" "Mozilla/5.0 AppleWebKit/537.36 (KHTML, like Gecko; compatible; GPTBot/1.3; +https://openai.com/gptbot)"
74.7.227.48 - - [13/Apr/2026:22:10:06 +0000] "GET /shop/pg/1001264 HTTP/1.1" 500 1004 "http://www.elementalmill.com/shop/customer/bookmark.php?shopping/products/16201001264" "Mozilla/5.0 AppleWebKit/537.36 (KHTML, like Gecko; compatible; GPTBot/1.3; +https://openai.com/gptbot)"
85.208.96.205 - - [13/Apr/2026:22:10:10 +0000] "GET /shop/pg/1265969 HTTP/1.1" 500 164 "-" "Mozilla/5.0 (compatible; SemrushBot/7~bl; +http://www.semrush.com/bot.html)"
74.7.242.41 - - [13/Apr/2026:22:10:19 +0000] "GET /shop/pg/16201214396 HTTP/1.1" 500 1004 "http://www.elementalmill.com" "Mozilla/5.0 AppleWebKit/537.36 (KHTML, like Gecko; compatible; GPTBot/1.3; +https://openai.com/gptbot)"
74.7.242.41 - - [13/Apr/2026:22:11:00 +0000] "GET /shop/pg/1594252 HTTP/1.1" 500 1004 "http://mail.elementalmill.com/shopping/products/16211594252" "Mozilla/5.0 AppleWebKit/537.36 (KHTML, like Gecko; compatible; GPTBot/1.3; +https://openai.com/gptbot)"
185.191.171.13 - - [13/Apr/2026:22:11:12 +0000] "GET /shopping/products/1619974557 HTTP/1.1" 500 164 "-" "Mozilla/5.0 (compatible; SemrushBot/7~bl; +http://www.semrush.com/bot.html)"
74.7.227.48 - - [13/Apr/2026:22:11:14 +0000] "GET /shop/pg/2473294 HTTP/1.1" 500 1004 "http://www.elementalmill.com/shopping/products/16222473294" "Mozilla/5.0 AppleWebKit/537.36 (KHTML, like Gecko; compatible; GPTBot/1.3; +https://openai.com/gptbot)"
85.208.96.208 - - [13/Apr/2026:22:11:51 +0000] "GET /robots.txt HTTP/1.1" 500 1004 "-" "Mozilla/5.0 (compatible; SemrushBot/7~bl; +http://www.semrush.com/bot.html)"
74.7.242.41 - - [13/Apr/2026:22:11:59 +0000] "GET /shop/pg/1758213 HTTP/1.1" 500 1004 "http://mail.elementalmill.com/shop/customer/bookmark.php?shopping/products/16211758213" "Mozilla/5.0 AppleWebKit/537.36 (KHTML, like Gecko; compatible; GPTBot/1.3; +https://openai.com/gptbot)"
85.208.96.201 - - [13/Apr/2026:22:12:13 +0000] "GET /shop/pg/16222090486 HTTP/1.1" 500 164 "-" "Mozilla/5.0 (compatible; SemrushBot/7~bl; +http://www.semrush.com/bot.html)"
185.191.171.14 - - [13/Apr/2026:22:13:15 +0000] "GET /shopping/products/1619866316 HTTP/1.1" 500 164 "-" "Mozilla/5.0 (compatible; SemrushBot/7~bl; +http://www.semrush.com/bot.html)"
74.7.243.205 - - [13/Apr/2026:22:13:19 +0000] "GET /shop/pg/1350133 HTTP/1.1" 500 1004 "http://www.elementalmill.com.lab2454.com/shopping/products/16201350133" "Mozilla/5.0 AppleWebKit/537.36 (KHTML, like Gecko; compatible; GPTBot/1.3; +https://openai.com/gptbot)"
74.7.242.41 - - [13/Apr/2026:22:13:29 +0000] "GET /shop/pg/16211511936 HTTP/1.1" 500 1004 "http://www.elementalmill.com" "Mozilla/5.0 AppleWebKit/537.36 (KHTML, like Gecko; compatible; GPTBot/1.3; +https://openai.com/gptbot)"
74.7.242.41 - - [13/Apr/2026:22:14:02 +0000] "GET /shop/pg/1180138 HTTP/1.1" 500 1004 "http://mail.elementalmill.com/shopping/products/16201180138" "Mozilla/5.0 AppleWebKit/537.36 (KHTML, like Gecko; compatible; GPTBot/1.3; +https://openai.com/gptbot)"
185.191.171.10 - - [13/Apr/2026:22:14:16 +0000] "GET /shopping/products/1619963899 HTTP/1.1" 500 164 "-" "Mozilla/5.0 (compatible; SemrushBot/7~bl; +http://www.semrush.com/bot.html)"
74.7.227.185 - - [13/Apr/2026:22:14:23 +0000] "GET /shopping/products/16232646052 HTTP/1.1" 500 1004 "http://elementalmill.com.lab2454.com/shopping/products/162186586584" "Mozilla/5.0 AppleWebKit/537.36 (KHTML, like Gecko; compatible; GPTBot/1.3; +https://openai.com/gptbot)"
74.7.242.41 - - [13/Apr/2026:22:15:08 +0000] "GET /shop/pg/1473445 HTTP/1.1" 500 1004 "http://mail.elementalmill.com/shop/pg/16201256976" "Mozilla/5.0 AppleWebKit/537.36 (KHTML, like Gecko; compatible; GPTBot/1.3; +https://openai.com/gptbot)"
185.191.171.12 - - [13/Apr/2026:22:15:17 +0000] "GET /shopping/products/1619938321 HTTP/1.1" 500 164 "-" "Mozilla/5.0 (compatible; SemrushBot/7~bl; +http://www.semrush.com/bot.html)"
74.7.242.41 - - [13/Apr/2026:22:16:09 +0000] "GET /shop/pg/1004023 HTTP/1.1" 500 1004 "http://mail.elementalmill.com/shopping/products/16201004023" "Mozilla/5.0 AppleWebKit/537.36 (KHTML, like Gecko; compatible; GPTBot/1.3; +https://openai.com/gptbot)"
185.191.171.16 - - [13/Apr/2026:22:16:19 +0000] "GET /shopping/products/1619921371 HTTP/1.1" 500 164 "-" "Mozilla/5.0 (compatible; SemrushBot/7~bl; +http://www.semrush.com/bot.html)"
74.7.243.205 - - [13/Apr/2026:22:16:27 +0000] "GET /shop/pg/1186221 HTTP/1.1" 500 1004 "http://www.elementalmill.com.lab2454.com/shopping/products/16201186221" "Mozilla/5.0 AppleWebKit/537.36 (KHTML, like Gecko; compatible; GPTBot/1.3; +https://openai.com/gptbot)"
74.7.242.41 - - [13/Apr/2026:22:16:40 +0000] "GET /shop/pg/16201161731 HTTP/1.1" 500 1004 "http://www.elementalmill.com" "Mozilla/5.0 AppleWebKit/537.36 (KHTML, like Gecko; compatible; GPTBot/1.3; +https://openai.com/gptbot)"
85.208.96.201 - - [13/Apr/2026:22:17:20 +0000] "GET /shop/pg/1618409788 HTTP/1.1" 500 164 "-" "Mozilla/5.0 (compatible; SemrushBot/7~bl; +http://www.semrush.com/bot.html)"
74.7.242.41 - - [13/Apr/2026:22:17:43 +0000] "GET /shop/pg/16211965785 HTTP/1.1" 500 1004 "http://www.elementalmill.com" "Mozilla/5.0 AppleWebKit/537.36 (KHTML, like Gecko; compatible; GPTBot/1.3; +https://openai.com/gptbot)"
74.7.242.41 - - [13/Apr/2026:22:18:17 +0000] "GET /shop/pg/1153986 HTTP/1.1" 500 1004 "http://mail.elementalmill.com/shop/pg/16211529077" "Mozilla/5.0 AppleWebKit/537.36 (KHTML, like Gecko; compatible; GPTBot/1.3; +https://openai.com/gptbot)"
185.191.171.3 - - [13/Apr/2026:22:18:21 +0000] "GET /shop/pg/1439161 HTTP/1.1" 500 164 "-" "Mozilla/5.0 (compatible; SemrushBot/7~bl; +http://www.semrush.com/bot.html)"
74.7.242.41 - - [13/Apr/2026:22:18:43 +0000] "GET /shop/pg/16211614401 HTTP/1.1" 500 1004 "http://www.elementalmill.com" "Mozilla/5.0 AppleWebKit/537.36 (KHTML, like Gecko; compatible; GPTBot/1.3; +https://openai.com/gptbot)"
74.7.242.41 - - [13/Apr/2026:22:19:17 +0000] "GET /shop/pg/1923868 HTTP/1.1" 500 1004 "http://mail.elementalmill.com/shop/customer/bookmark.php?shopping/products/16211923868" "Mozilla/5.0 AppleWebKit/537.36 (KHTML, like Gecko; compatible; GPTBot/1.3; +https://openai.com/gptbot)"
85.208.96.206 - - [13/Apr/2026:22:19:22 +0000] "GET /shopping/products/1619983287 HTTP/1.1" 500 164 "-" "Mozilla/5.0 (compatible; SemrushBot/7~bl; +http://www.semrush.com/bot.html)"
74.7.227.48 - - [13/Apr/2026:22:19:37 +0000] "GET /shop/pg/1017187 HTTP/1.1" 500 1004 "http://www.elementalmill.com/shopping/products/16201017187" "Mozilla/5.0 AppleWebKit/537.36 (KHTML, like Gecko; compatible; GPTBot/1.3; +https://openai.com/gptbot)"
85.208.96.193 - - [13/Apr/2026:22:20:23 +0000] "GET /shopping/products/1619883465 HTTP/1.1" 500 164 "-" "Mozilla/5.0 (compatible; SemrushBot/7~bl; +http://www.semrush.com/bot.html)"
74.7.242.41 - - [13/Apr/2026:22:20:23 +0000] "GET /shop/pg/1041323 HTTP/1.1" 500 1004 "http://mail.elementalmill.com/shopping/products/16201041323" "Mozilla/5.0 AppleWebKit/537.36 (KHTML, like Gecko; compatible; GPTBot/1.3; +https://openai.com/gptbot)"
74.7.227.185 - - [13/Apr/2026:22:20:43 +0000] "GET /shopping/products/16211866970 HTTP/1.1" 500 1004 "http://elementalmill.com.lab2454.com/shop/pg/16222081383" "Mozilla/5.0 AppleWebKit/537.36 (KHTML, like Gecko; compatible; GPTBot/1.3; +https://openai.com/gptbot)"
185.191.171.10 - - [13/Apr/2026:22:21:24 +0000] "GET /shopping/products/1619938145 HTTP/1.1" 500 164 "-" "Mozilla/5.0 (compatible; SemrushBot/7~bl; +http://www.semrush.com/bot.html)"
74.7.242.41 - - [13/Apr/2026:22:21:24 +0000] "GET /shop/pg/1010053 HTTP/1.1" 500 1004 "http://mail.elementalmill.com/shopping/products/16201010053" "Mozilla/5.0 AppleWebKit/537.36 (KHTML, like Gecko; compatible; GPTBot/1.3; +https://openai.com/gptbot)"
74.7.227.185 - - [13/Apr/2026:22:21:48 +0000] "GET /shopping/products/16201150330 HTTP/1.1" 500 1004 "http://elementalmill.com.lab2454.com/shopping/products/16201432191" "Mozilla/5.0 AppleWebKit/537.36 (KHTML, like Gecko; compatible; GPTBot/1.3; +https://openai.com/gptbot)"
66.249.64.34 - - [13/Apr/2026:22:22:17 +0000] "GET /f/timecard/timecard00/ HTTP/1.1" 200 28705 "-" "Mozilla/5.0 (Linux; Android 6.0.1; Nexus 5X Build/MMB29P) AppleWebKit/537.36 (KHTML, like Gecko) Chrome/146.0.7680.177 Mobile Safari/537.36 (compatible; GoogleOther)"
66.249.64.34 - - [13/Apr/2026:22:22:23 +0000] "GET /odr/order/apiGetCartItems/ HTTP/1.1" 200 27877 "http://www.elementalmill.com/f/timecard/timecard00/" "Mozilla/5.0 (Linux; Android 6.0.1; Nexus 5X Build/MMB29P) AppleWebKit/537.36 (KHTML, like Gecko) Chrome/146.0.7680.177 Mobile Safari/537.36 (compatible; GoogleOther)"
185.191.171.3 - - [13/Apr/2026:22:22:25 +0000] "GET /shop/pg/16222182240 HTTP/1.1" 500 164 "-" "Mozilla/5.0 (compatible; SemrushBot/7~bl; +http://www.semrush.com/bot.html)"
74.7.242.41 - - [13/Apr/2026:22:22:29 +0000] "GET /shop/pg/1524416 HTTP/1.1" 500 1004 "http://mail.elementalmill.com/shop/pg/16201307954" "Mozilla/5.0 AppleWebKit/537.36 (KHTML, like Gecko; compatible; GPTBot/1.3; +https://openai.com/gptbot)"
66.249.64.33 - - [13/Apr/2026:22:22:38 +0000] "GET /ctg/apiAllLCate/ HTTP/1.1" 200 27350 "http://www.elementalmill.com/f/timecard/timecard00/" "Mozilla/5.0 (Linux; Android 6.0.1; Nexus 5X Build/MMB29P) AppleWebKit/537.36 (KHTML, like Gecko) Chrome/146.0.7680.177 Mobile Safari/537.36 (compatible; GoogleOther)"
66.249.64.33 - - [13/Apr/2026:22:22:43 +0000] "GET /resource/js/json/megadrop_2015new.json HTTP/1.1" 200 27449 "http://www.elementalmill.com/f/timecard/timecard00/" "Mozilla/5.0 (Linux; Android 6.0.1; Nexus 5X Build/MMB29P) AppleWebKit/537.36 (KHTML, like Gecko) Chrome/146.0.7680.177 Mobile Safari/537.36 (compatible; GoogleOther)"
74.7.227.48 - - [13/Apr/2026:22:22:51 +0000] "GET /shop/pg/2536237 HTTP/1.1" 500 1004 "http://www.elementalmill.com/shop/customer/bookmark.php?shopping/products/16232536237" "Mozilla/5.0 AppleWebKit/537.36 (KHTML, like Gecko; compatible; GPTBot/1.3; +https://openai.com/gptbot)"
185.191.171.13 - - [13/Apr/2026:22:23:26 +0000] "GET /shopping/products/1619939809 HTTP/1.1" 500 164 "-" "Mozilla/5.0 (compatible; SemrushBot/7~bl; +http://www.semrush.com/bot.html)"
85.208.96.208 - - [13/Apr/2026:22:24:28 +0000] "GET /shop/pg/892920 HTTP/1.1" 500 164 "-" "Mozilla/5.0 (compatible; SemrushBot/7~bl; +http://www.semrush.com/bot.html)"
185.191.171.12 - - [13/Apr/2026:22:25:29 +0000] "GET /shopping/products/1619992941 HTTP/1.1" 500 164 "-" "Mozilla/5.0 (compatible; SemrushBot/7~bl; +http://www.semrush.com/bot.html)"
74.7.242.41 - - [13/Apr/2026:22:25:40 +0000] "GET /shop/pg/1307311 HTTP/1.1" 500 1004 "http://mail.elementalmill.com/shop/pg/16211682406" "Mozilla/5.0 AppleWebKit/537.36 (KHTML, like Gecko; compatible; GPTBot/1.3; +https://openai.com/gptbot)"
85.208.96.193 - - [13/Apr/2026:22:26:30 +0000] "GET /shopping/products/1619927758 HTTP/1.1" 500 164 "-" "Mozilla/5.0 (compatible; SemrushBot/7~bl; +http://www.semrush.com/bot.html)"
66.249.64.33 - - [13/Apr/2026:22:27:16 +0000] "GET /guide/knowledge/exchange.html HTTP/1.1" 200 27258 "-" "Mozilla/5.0 (Linux; Android 6.0.1; Nexus 5X Build/MMB29P) AppleWebKit/537.36 (KHTML, like Gecko) Chrome/146.0.7680.177 Mobile Safari/537.36 (compatible; GoogleOther)"
85.208.96.196 - - [13/Apr/2026:22:27:31 +0000] "GET /shopping/products/1619866358 HTTP/1.1" 500 164 "-" "Mozilla/5.0 (compatible; SemrushBot/7~bl; +http://www.semrush.com/bot.html)"
74.7.227.48 - - [13/Apr/2026:22:28:13 +0000] "GET /shop/pg/2077221 HTTP/1.1" 500 1004 "http://www.elementalmill.com/shop/customer/bookmark.php?shopping/products/16222077221" "Mozilla/5.0 AppleWebKit/537.36 (KHTML, like Gecko; compatible; GPTBot/1.3; +https://openai.com/gptbot)"
185.191.171.3 - - [13/Apr/2026:22:28:32 +0000] "GET /shopping/products/1619952064 HTTP/1.1" 500 164 "-" "Mozilla/5.0 (compatible; SemrushBot/7~bl; +http://www.semrush.com/bot.html)"
74.7.242.41 - - [13/Apr/2026:22:28:44 +0000] "GET /shop/pg/1045197 HTTP/1.1" 500 1004 "http://mail.elementalmill.com/shop/customer/bookmark.php?shopping/products/16201045197" "Mozilla/5.0 AppleWebKit/537.36 (KHTML, like Gecko; compatible; GPTBot/1.3; +https://openai.com/gptbot)"
74.7.242.41 - - [13/Apr/2026:22:29:16 +0000] "GET /shop/pg/16201137615 HTTP/1.1" 500 1004 "http://www.elementalmill.com" "Mozilla/5.0 AppleWebKit/537.36 (KHTML, like Gecko; compatible; GPTBot/1.3; +https://openai.com/gptbot)"
85.208.96.204 - - [13/Apr/2026:22:29:32 +0000] "GET /shopping/products/1619988888 HTTP/1.1" 500 164 "-" "Mozilla/5.0 (compatible; SemrushBot/7~bl; +http://www.semrush.com/bot.html)"
74.7.242.41 - - [13/Apr/2026:22:29:48 +0000] "GET /shop/pg/2189762 HTTP/1.1" 500 1004 "http://mail.elementalmill.com/shop/customer/bookmark.php?shopping/products/16222189762" "Mozilla/5.0 AppleWebKit/537.36 (KHTML, like Gecko; compatible; GPTBot/1.3; +https://openai.com/gptbot)"
74.7.227.48 - - [13/Apr/2026:22:30:19 +0000] "GET /shop/pg/2338108 HTTP/1.1" 500 1004 "http://www.elementalmill.com/shopping/products/16222338108" "Mozilla/5.0 AppleWebKit/537.36 (KHTML, like Gecko; compatible; GPTBot/1.3; +https://openai.com/gptbot)"
85.208.96.206 - - [13/Apr/2026:22:30:34 +0000] "GET /shopping/products/1619962840 HTTP/1.1" 500 164 "-" "Mozilla/5.0 (compatible; SemrushBot/7~bl; +http://www.semrush.com/bot.html)"
185.191.171.11 - - [13/Apr/2026:22:31:35 +0000] "GET /shopping/products/1619969896 HTTP/1.1" 500 164 "-" "Mozilla/5.0 (compatible; SemrushBot/7~bl; +http://www.semrush.com/bot.html)"
85.208.96.203 - - [13/Apr/2026:22:32:35 +0000] "GET /shopping/products/1619949075 HTTP/1.1" 500 164 "-" "Mozilla/5.0 (compatible; SemrushBot/7~bl; +http://www.semrush.com/bot.html)"
74.7.242.41 - - [13/Apr/2026:22:32:55 +0000] "GET /shop/pg/1462140 HTTP/1.1" 500 1004 "http://mail.elementalmill.com/shop/pg/16211837234" "Mozilla/5.0 AppleWebKit/537.36 (KHTML, like Gecko; compatible; GPTBot/1.3; +https://openai.com/gptbot)"
185.191.171.11 - - [13/Apr/2026:22:33:09 +0000] "GET /robots.txt HTTP/1.1" 500 1004 "-" "Mozilla/5.0 (compatible; SemrushBot/7~bl; +http://www.semrush.com/bot.html)"
74.7.242.41 - - [13/Apr/2026:22:33:26 +0000] "GET /shop/pg/16201282043 HTTP/1.1" 500 1004 "http://www.elementalmill.com" "Mozilla/5.0 AppleWebKit/537.36 (KHTML, like Gecko; compatible; GPTBot/1.3; +https://openai.com/gptbot)"
85.208.96.210 - - [13/Apr/2026:22:33:36 +0000] "GET /shop/pg/366231 HTTP/1.1" 500 164 "-" "Mozilla/5.0 (compatible; SemrushBot/7~bl; +http://www.semrush.com/bot.html)"
74.7.243.205 - - [13/Apr/2026:22:34:18 +0000] "GET /shop/pg/1865234 HTTP/1.1" 500 1004 "http://www.elementalmill.com.lab2454.com/shopping/products/16211865234" "Mozilla/5.0 AppleWebKit/537.36 (KHTML, like Gecko; compatible; GPTBot/1.3; +https://openai.com/gptbot)"
74.7.242.41 - - [13/Apr/2026:22:34:28 +0000] "GET /shop/pg/16211996672 HTTP/1.1" 500 1004 "http://www.elementalmill.com" "Mozilla/5.0 AppleWebKit/537.36 (KHTML, like Gecko; compatible; GPTBot/1.3; +https://openai.com/gptbot)"
85.208.96.203 - - [13/Apr/2026:22:34:38 +0000] "GET /shopping/products/1619900193 HTTP/1.1" 500 164 "-" "Mozilla/5.0 (compatible; SemrushBot/7~bl; +http://www.semrush.com/bot.html)"
74.7.227.48 - - [13/Apr/2026:22:35:30 +0000] "GET /shop/pg/1048153 HTTP/1.1" 500 1004 "http://www.elementalmill.com/shopping/products/16201048153" "Mozilla/5.0 AppleWebKit/537.36 (KHTML, like Gecko; compatible; GPTBot/1.3; +https://openai.com/gptbot)"
85.208.96.212 - - [13/Apr/2026:22:35:38 +0000] "GET /shop/pg/448658 HTTP/1.1" 500 164 "-" "Mozilla/5.0 (compatible; SemrushBot/7~bl; +http://www.semrush.com/bot.html)"
74.7.242.41 - - [13/Apr/2026:22:36:00 +0000] "GET /shop/pg/1139618 HTTP/1.1" 500 1004 "http://mail.elementalmill.com/shopping/products/16201139618" "Mozilla/5.0 AppleWebKit/537.36 (KHTML, like Gecko; compatible; GPTBot/1.3; +https://openai.com/gptbot)"
185.191.171.1 - - [13/Apr/2026:22:36:39 +0000] "GET /shopping/products/1619935545 HTTP/1.1" 500 164 "-" "Mozilla/5.0 (compatible; SemrushBot/7~bl; +http://www.semrush.com/bot.html)"
74.7.242.41 - - [13/Apr/2026:22:37:04 +0000] "GET /shop/pg/1311295 HTTP/1.1" 500 1004 "http://mail.elementalmill.com/shop/pg/16201094829" "Mozilla/5.0 AppleWebKit/537.36 (KHTML, like Gecko; compatible; GPTBot/1.3; +https://openai.com/gptbot)"
74.7.242.41 - - [13/Apr/2026:22:37:37 +0000] "GET /shop/pg/16211893867 HTTP/1.1" 500 1004 "http://www.elementalmill.com" "Mozilla/5.0 AppleWebKit/537.36 (KHTML, like Gecko; compatible; GPTBot/1.3; +https://openai.com/gptbot)"
85.208.96.203 - - [13/Apr/2026:22:37:40 +0000] "GET /shopping/products/1619961534 HTTP/1.1" 500 164 "-" "Mozilla/5.0 (compatible; SemrushBot/7~bl; +http://www.semrush.com/bot.html)"
74.7.242.41 - - [13/Apr/2026:22:38:06 +0000] "GET /shop/pg/1441845 HTTP/1.1" 500 1004 "http://mail.elementalmill.com/shopping/products/16201441845" "Mozilla/5.0 AppleWebKit/537.36 (KHTML, like Gecko; compatible; GPTBot/1.3; +https://openai.com/gptbot)"
74.7.227.48 - - [13/Apr/2026:22:38:40 +0000] "GET /shop/pg/1875094 HTTP/1.1" 500 1004 "http://www.elementalmill.com/shopping/products/16211875094" "Mozilla/5.0 AppleWebKit/537.36 (KHTML, like Gecko; compatible; GPTBot/1.3; +https://openai.com/gptbot)"
74.7.242.41 - - [13/Apr/2026:22:38:40 +0000] "GET /shop/pg/16232598256 HTTP/1.1" 500 1004 "http://www.elementalmill.com" "Mozilla/5.0 AppleWebKit/537.36 (KHTML, like Gecko; compatible; GPTBot/1.3; +https://openai.com/gptbot)"
85.208.96.203 - - [13/Apr/2026:22:38:41 +0000] "GET /shopping/products/1619951749 HTTP/1.1" 500 164 "-" "Mozilla/5.0 (compatible; SemrushBot/7~bl; +http://www.semrush.com/bot.html)"
74.7.242.41 - - [13/Apr/2026:22:39:06 +0000] "GET /shop/pg/1864938 HTTP/1.1" 500 1004 "http://mail.elementalmill.com/shop/customer/bookmark.php?shopping/products/16211864938" "Mozilla/5.0 AppleWebKit/537.36 (KHTML, like Gecko; compatible; GPTBot/1.3; +https://openai.com/gptbot)"
85.208.96.201 - - [13/Apr/2026:22:39:42 +0000] "GET /shop/pg/16201499334 HTTP/1.1" 500 164 "-" "Mozilla/5.0 (compatible; SemrushBot/7~bl; +http://www.semrush.com/bot.html)"
74.7.242.41 - - [13/Apr/2026:22:39:43 +0000] "GET /shop/pg/16211540517 HTTP/1.1" 500 1004 "http://www.elementalmill.com" "Mozilla/5.0 AppleWebKit/537.36 (KHTML, like Gecko; compatible; GPTBot/1.3; +https://openai.com/gptbot)"
74.7.227.48 - - [13/Apr/2026:22:39:44 +0000] "GET /shop/pg/1306286 HTTP/1.1" 500 1004 "http://www.elementalmill.com/shopping/products/16201306286" "Mozilla/5.0 AppleWebKit/537.36 (KHTML, like Gecko; compatible; GPTBot/1.3; +https://openai.com/gptbot)"
74.7.242.41 - - [13/Apr/2026:22:40:07 +0000] "GET /shop/pg/1172798 HTTP/1.1" 500 1004 "http://mail.elementalmill.com/shop/pg/16211547879" "Mozilla/5.0 AppleWebKit/537.36 (KHTML, like Gecko; compatible; GPTBot/1.3; +https://openai.com/gptbot)"
85.208.96.212 - - [13/Apr/2026:22:40:43 +0000] "GET /shop/pg/1618254184 HTTP/1.1" 500 164 "-" "Mozilla/5.0 (compatible; SemrushBot/7~bl; +http://www.semrush.com/bot.html)"
74.7.227.48 - - [13/Apr/2026:22:40:49 +0000] "GET /shop/pg/1755703 HTTP/1.1" 500 1004 "http://www.elementalmill.com/shopping/products/16211755703" "Mozilla/5.0 AppleWebKit/537.36 (KHTML, like Gecko; compatible; GPTBot/1.3; +https://openai.com/gptbot)"
74.7.242.41 - - [13/Apr/2026:22:41:09 +0000] "GET /shop/pg/1649242 HTTP/1.1" 500 1004 "http://mail.elementalmill.com/shop/pg/16201432782" "Mozilla/5.0 AppleWebKit/537.36 (KHTML, like Gecko; compatible; GPTBot/1.3; +https://openai.com/gptbot)"
85.208.96.207 - - [13/Apr/2026:22:41:44 +0000] "GET /shopping/products/1619953307 HTTP/1.1" 500 164 "-" "Mozilla/5.0 (compatible; SemrushBot/7~bl; +http://www.semrush.com/bot.html)"
74.7.242.41 - - [13/Apr/2026:22:42:13 +0000] "GET /shop/pg/1803764 HTTP/1.1" 500 1004 "http://mail.elementalmill.com/shop/customer/bookmark.php?shopping/products/16211803764" "Mozilla/5.0 AppleWebKit/537.36 (KHTML, like Gecko; compatible; GPTBot/1.3; +https://openai.com/gptbot)"
85.208.96.207 - - [13/Apr/2026:22:42:45 +0000] "GET /shop/pg/2564668 HTTP/1.1" 500 164 "-" "Mozilla/5.0 (compatible; SemrushBot/7~bl; +http://www.semrush.com/bot.html)"
185.191.171.14 - - [13/Apr/2026:22:43:46 +0000] "GET /shop/pg/16232558307 HTTP/1.1" 500 164 "-" "Mozilla/5.0 (compatible; SemrushBot/7~bl; +http://www.semrush.com/bot.html)"
74.7.227.48 - - [13/Apr/2026:22:44:00 +0000] "GET /shop/pg/1613978 HTTP/1.1" 500 1004 "http://www.elementalmill.com/shopping/products/16211613978" "Mozilla/5.0 AppleWebKit/537.36 (KHTML, like Gecko; compatible; GPTBot/1.3; +https://openai.com/gptbot)"
74.7.242.41 - - [13/Apr/2026:22:44:17 +0000] "GET /shop/pg/1272529 HTTP/1.1" 500 1004 "http://mail.elementalmill.com/shop/pg/16201056069" "Mozilla/5.0 AppleWebKit/537.36 (KHTML, like Gecko; compatible; GPTBot/1.3; +https://openai.com/gptbot)"
185.191.171.11 - - [13/Apr/2026:22:44:48 +0000] "GET /shop/pg/897398 HTTP/1.1" 500 164 "-" "Mozilla/5.0 (compatible; SemrushBot/7~bl; +http://www.semrush.com/bot.html)"
185.191.171.9 - - [13/Apr/2026:22:45:49 +0000] "GET /shopping/products/1619890413 HTTP/1.1" 500 164 "-" "Mozilla/5.0 (compatible; SemrushBot/7~bl; +http://www.semrush.com/bot.html)"
74.7.242.41 - - [13/Apr/2026:22:46:27 +0000] "GET /shop/pg/1954926 HTTP/1.1" 500 1004 "http://mail.elementalmill.com/shopping/products/16211954926" "Mozilla/5.0 AppleWebKit/537.36 (KHTML, like Gecko; compatible; GPTBot/1.3; +https://openai.com/gptbot)"
85.208.96.201 - - [13/Apr/2026:22:46:50 +0000] "GET /shop/pg/16201455475 HTTP/1.1" 500 164 "-" "Mozilla/5.0 (compatible; SemrushBot/7~bl; +http://www.semrush.com/bot.html)"
74.7.230.57 - - [13/Apr/2026:22:47:05 +0000] "GET /robots.txt HTTP/1.1" 200 291 "-" "Mozilla/5.0 (Macintosh; Intel Mac OS X 10_15_7) AppleWebKit/537.36 (KHTML, like Gecko) Chrome/131.0.0.0 Safari/537.36; compatible; OAI-SearchBot/1.3; robots.txt; +https://openai.com/searchbot"
74.7.242.41 - - [13/Apr/2026:22:47:27 +0000] "GET /shop/pg/1304067 HTTP/1.1" 500 1004 "http://mail.elementalmill.com/shop/pg/16211679155" "Mozilla/5.0 AppleWebKit/537.36 (KHTML, like Gecko; compatible; GPTBot/1.3; +https://openai.com/gptbot)"
74.7.243.205 - - [13/Apr/2026:22:47:51 +0000] "GET /shop/pg/1040692 HTTP/1.1" 500 1004 "http://www.elementalmill.com.lab2454.com/shopping/products/16201040692" "Mozilla/5.0 AppleWebKit/537.36 (KHTML, like Gecko; compatible; GPTBot/1.3; +https://openai.com/gptbot)"
185.191.171.8 - - [13/Apr/2026:22:47:51 +0000] "GET /shop/pg/1618402461 HTTP/1.1" 500 164 "-" "Mozilla/5.0 (compatible; SemrushBot/7~bl; +http://www.semrush.com/bot.html)"
66.249.64.35 - - [13/Apr/2026:22:48:42 +0000] "GET /f/services/kintai/touchontime/ HTTP/1.1" 200 27130 "-" "Mozilla/5.0 (Linux; Android 6.0.1; Nexus 5X Build/MMB29P) AppleWebKit/537.36 (KHTML, like Gecko) Chrome/146.0.7680.177 Mobile Safari/537.36 (compatible; GoogleOther)"
66.249.64.34 - - [13/Apr/2026:22:48:46 +0000] "GET /odr/order/apiGetCartItems/ HTTP/1.1" 200 27877 "http://www.elementalmill.com/f/services/kintai/touchontime/" "Mozilla/5.0 (Linux; Android 6.0.1; Nexus 5X Build/MMB29P) AppleWebKit/537.36 (KHTML, like Gecko) Chrome/146.0.7680.177 Mobile Safari/537.36 (compatible; GoogleOther)"
85.208.96.204 - - [13/Apr/2026:22:48:52 +0000] "GET /shop/pg/16201371457 HTTP/1.1" 500 164 "-" "Mozilla/5.0 (compatible; SemrushBot/7~bl; +http://www.semrush.com/bot.html)"
66.249.64.33 - - [13/Apr/2026:22:48:54 +0000] "GET /ctg/apiAllLCate/ HTTP/1.1" 200 27350 "http://www.elementalmill.com/f/services/kintai/touchontime/" "Mozilla/5.0 (Linux; Android 6.0.1; Nexus 5X Build/MMB29P) AppleWebKit/537.36 (KHTML, like Gecko) Chrome/146.0.7680.177 Mobile Safari/537.36 (compatible; GoogleOther)"
66.249.64.34 - - [13/Apr/2026:22:49:02 +0000] "GET /resource/js/json/megadrop_2015new.json HTTP/1.1" 200 27449 "http://www.elementalmill.com/f/services/kintai/touchontime/" "Mozilla/5.0 (Linux; Android 6.0.1; Nexus 5X Build/MMB29P) AppleWebKit/537.36 (KHTML, like Gecko) Chrome/146.0.7680.177 Mobile Safari/537.36 (compatible; GoogleOther)"
74.7.227.48 - - [13/Apr/2026:22:49:12 +0000] "GET /shop/pg/2134945 HTTP/1.1" 500 1004 "http://www.elementalmill.com/shop/customer/bookmark.php?shopping/products/16222134945" "Mozilla/5.0 AppleWebKit/537.36 (KHTML, like Gecko; compatible; GPTBot/1.3; +https://openai.com/gptbot)"
66.249.64.33 - - [13/Apr/2026:22:49:12 +0000] "GET /iqr/inquiryInputView/?inquiryId=IQR0015 HTTP/1.1" 200 27984 "-" "Mozilla/5.0 (Linux; Android 6.0.1; Nexus 5X Build/MMB29P) AppleWebKit/537.36 (KHTML, like Gecko) Chrome/146.0.7680.177 Mobile Safari/537.36 (compatible; GoogleOther)"
74.7.242.41 - - [13/Apr/2026:22:49:33 +0000] "GET /shop/pg/1284142 HTTP/1.1" 500 1004 "http://mail.elementalmill.com/shop/customer/bookmark.php?shopping/products/16201284142" "Mozilla/5.0 AppleWebKit/537.36 (KHTML, like Gecko; compatible; GPTBot/1.3; +https://openai.com/gptbot)"
185.191.171.1 - - [13/Apr/2026:22:49:53 +0000] "GET /shop/pg/16222054262 HTTP/1.1" 500 164 "-" "Mozilla/5.0 (compatible; SemrushBot/7~bl; +http://www.semrush.com/bot.html)"
74.7.227.48 - - [13/Apr/2026:22:50:12 +0000] "GET /shop/pg/1199220 HTTP/1.1" 500 1004 "http://www.elementalmill.com/shopping/products/16201199220" "Mozilla/5.0 AppleWebKit/537.36 (KHTML, like Gecko; compatible; GPTBot/1.3; +https://openai.com/gptbot)"
74.7.242.41 - - [13/Apr/2026:22:50:35 +0000] "GET /shop/pg/1459317 HTTP/1.1" 500 1004 "http://mail.elementalmill.com/shop/pg/16211834414" "Mozilla/5.0 AppleWebKit/537.36 (KHTML, like Gecko; compatible; GPTBot/1.3; +https://openai.com/gptbot)"
85.208.96.210 - - [13/Apr/2026:22:50:55 +0000] "GET /shopping/products/1619878597 HTTP/1.1" 500 164 "-" "Mozilla/5.0 (compatible; SemrushBot/7~bl; +http://www.semrush.com/bot.html)"
74.7.227.185 - - [13/Apr/2026:22:51:14 +0000] "GET /shopping/products/16225124147 HTTP/1.1" 500 1004 "http://elementalmill.com.lab2454.com/sitemap151.xml" "Mozilla/5.0 AppleWebKit/537.36 (KHTML, like Gecko; compatible; GPTBot/1.3; +https://openai.com/gptbot)"
74.7.227.48 - - [13/Apr/2026:22:51:14 +0000] "GET /shop/pg/2305865 HTTP/1.1" 500 1004 "http://www.elementalmill.com/shopping/products/16222305865" "Mozilla/5.0 AppleWebKit/537.36 (KHTML, like Gecko; compatible; GPTBot/1.3; +https://openai.com/gptbot)"
74.7.242.41 - - [13/Apr/2026:22:51:18 +0000] "GET /shop/pg/16211772734 HTTP/1.1" 500 1004 "http://www.elementalmill.com" "Mozilla/5.0 AppleWebKit/537.36 (KHTML, like Gecko; compatible; GPTBot/1.3; +https://openai.com/gptbot)"
74.7.242.41 - - [13/Apr/2026:22:51:38 +0000] "GET /shop/pg/1491378 HTTP/1.1" 500 1004 "http://mail.elementalmill.com/shop/pg/16201274920" "Mozilla/5.0 AppleWebKit/537.36 (KHTML, like Gecko; compatible; GPTBot/1.3; +https://openai.com/gptbot)"
85.208.96.200 - - [13/Apr/2026:22:51:55 +0000] "GET /shopping/products/1619996884 HTTP/1.1" 500 164 "-" "Mozilla/5.0 (compatible; SemrushBot/7~bl; +http://www.semrush.com/bot.html)"
74.7.227.48 - - [13/Apr/2026:22:52:20 +0000] "GET /shop/pg/2083104 HTTP/1.1" 500 1004 "http://www.elementalmill.com/shop/customer/bookmark.php?shopping/products/16222083104" "Mozilla/5.0 AppleWebKit/537.36 (KHTML, like Gecko; compatible; GPTBot/1.3; +https://openai.com/gptbot)"
74.7.242.41 - - [13/Apr/2026:22:52:39 +0000] "GET /shop/pg/2248739 HTTP/1.1" 500 1004 "http://mail.elementalmill.com/shopping/products/16222248739" "Mozilla/5.0 AppleWebKit/537.36 (KHTML, like Gecko; compatible; GPTBot/1.3; +https://openai.com/gptbot)"
185.191.171.18 - - [13/Apr/2026:22:52:56 +0000] "GET /shopping/products/1619956827 HTTP/1.1" 500 164 "-" "Mozilla/5.0 (compatible; SemrushBot/7~bl; +http://www.semrush.com/bot.html)"
74.7.242.41 - - [13/Apr/2026:22:53:40 +0000] "GET /shop/pg/2388461 HTTP/1.1" 500 1004 "http://mail.elementalmill.com/shopping/products/16222388461" "Mozilla/5.0 AppleWebKit/537.36 (KHTML, like Gecko; compatible; GPTBot/1.3; +https://openai.com/gptbot)"
85.208.96.210 - - [13/Apr/2026:22:53:57 +0000] "GET /shop/pg/16222410725 HTTP/1.1" 500 164 "-" "Mozilla/5.0 (compatible; SemrushBot/7~bl; +http://www.semrush.com/bot.html)"
85.208.96.212 - - [13/Apr/2026:22:54:11 +0000] "GET /robots.txt HTTP/1.1" 500 1004 "-" "Mozilla/5.0 (compatible; SemrushBot/7~bl; +http://www.semrush.com/bot.html)"
74.7.242.41 - - [13/Apr/2026:22:54:41 +0000] "GET /shop/pg/1672940 HTTP/1.1" 500 1004 "http://mail.elementalmill.com/shop/pg/16201456475" "Mozilla/5.0 AppleWebKit/537.36 (KHTML, like Gecko; compatible; GPTBot/1.3; +https://openai.com/gptbot)"
85.208.96.199 - - [13/Apr/2026:22:54:58 +0000] "GET /shopping/products/1619981950 HTTP/1.1" 500 164 "-" "Mozilla/5.0 (compatible; SemrushBot/7~bl; +http://www.semrush.com/bot.html)"
74.7.227.48 - - [13/Apr/2026:22:55:22 +0000] "GET /shop/pg/2548859 HTTP/1.1" 500 1004 "http://www.elementalmill.com/shopping/products/16232548859" "Mozilla/5.0 AppleWebKit/537.36 (KHTML, like Gecko; compatible; GPTBot/1.3; +https://openai.com/gptbot)"
