74.7.242.41 - - [13/Apr/2026:22:55:45 +0000] "GET /shop/pg/1191435 HTTP/1.1" 500 1004 "http://mail.elementalmill.com/shop/customer/bookmark.php?shopping/products/16201191435" "Mozilla/5.0 AppleWebKit/537.36 (KHTML, like Gecko; compatible; GPTBot/1.3; +https://openai.com/gptbot)"
185.191.171.10 - - [13/Apr/2026:22:55:59 +0000] "GET /shopping/products/1619947127 HTTP/1.1" 500 164 "-" "Mozilla/5.0 (compatible; SemrushBot/7~bl; +http://www.semrush.com/bot.html)"
74.7.242.41 - - [13/Apr/2026:22:56:24 +0000] "GET /shop/pg/16201175327 HTTP/1.1" 500 1004 "http://www.elementalmill.com" "Mozilla/5.0 AppleWebKit/537.36 (KHTML, like Gecko; compatible; GPTBot/1.3; +https://openai.com/gptbot)"
74.7.227.185 - - [13/Apr/2026:22:56:30 +0000] "GET /shopping/products/16201236527 HTTP/1.1" 500 1004 "http://elementalmill.com.lab2454.com/shop/pg/16222318285" "Mozilla/5.0 AppleWebKit/537.36 (KHTML, like Gecko; compatible; GPTBot/1.3; +https://openai.com/gptbot)"
74.7.242.41 - - [13/Apr/2026:22:56:46 +0000] "GET /shop/pg/1143195 HTTP/1.1" 500 1004 "http://mail.elementalmill.com/shop/pg/16211518286" "Mozilla/5.0 AppleWebKit/537.36 (KHTML, like Gecko; compatible; GPTBot/1.3; +https://openai.com/gptbot)"
85.208.96.197 - - [13/Apr/2026:22:57:00 +0000] "GET /shopping/products/1619954531 HTTP/1.1" 500 164 "-" "Mozilla/5.0 (compatible; SemrushBot/7~bl; +http://www.semrush.com/bot.html)"
74.7.242.41 - - [13/Apr/2026:22:57:47 +0000] "GET /shop/pg/1129577 HTTP/1.1" 500 1004 "http://mail.elementalmill.com/shop/pg/16211504673" "Mozilla/5.0 AppleWebKit/537.36 (KHTML, like Gecko; compatible; GPTBot/1.3; +https://openai.com/gptbot)"
85.208.96.205 - - [13/Apr/2026:22:58:01 +0000] "GET /shop/pg/180680 HTTP/1.1" 500 164 "-" "Mozilla/5.0 (compatible; SemrushBot/7~bl; +http://www.semrush.com/bot.html)"
74.7.243.205 - - [13/Apr/2026:22:58:14 +0000] "GET /shop/pg/1778650 HTTP/1.1" 500 1004 "http://www.elementalmill.com.lab2454.com/shopping/products/16211778650" "Mozilla/5.0 AppleWebKit/537.36 (KHTML, like Gecko; compatible; GPTBot/1.3; +https://openai.com/gptbot)"
85.208.96.204 - - [13/Apr/2026:22:59:03 +0000] "GET /shop/pg/2041065 HTTP/1.1" 500 164 "-" "Mozilla/5.0 (compatible; SemrushBot/7~bl; +http://www.semrush.com/bot.html)"
85.208.96.208 - - [13/Apr/2026:23:00:03 +0000] "GET /shopping/products/1619983711 HTTP/1.1" 500 164 "-" "Mozilla/5.0 (compatible; SemrushBot/7~bl; +http://www.semrush.com/bot.html)"
74.7.242.41 - - [13/Apr/2026:23:00:40 +0000] "GET /shop/pg/16201398166 HTTP/1.1" 500 1004 "http://www.elementalmill.com" "Mozilla/5.0 AppleWebKit/537.36 (KHTML, like Gecko; compatible; GPTBot/1.3; +https://openai.com/gptbot)"
74.7.242.41 - - [13/Apr/2026:23:00:56 +0000] "GET /shop/pg/1611498 HTTP/1.1" 500 1004 "http://mail.elementalmill.com/shop/pg/16201395037" "Mozilla/5.0 AppleWebKit/537.36 (KHTML, like Gecko; compatible; GPTBot/1.3; +https://openai.com/gptbot)"
85.208.96.202 - - [13/Apr/2026:23:01:04 +0000] "GET /shopping/products/1619996626 HTTP/1.1" 500 164 "-" "Mozilla/5.0 (compatible; SemrushBot/7~bl; +http://www.semrush.com/bot.html)"
74.7.227.48 - - [13/Apr/2026:23:01:41 +0000] "GET /shop/pg/1292718 HTTP/1.1" 500 1004 "http://www.elementalmill.com/shopping/products/16201292718" "Mozilla/5.0 AppleWebKit/537.36 (KHTML, like Gecko; compatible; GPTBot/1.3; +https://openai.com/gptbot)"
74.7.242.41 - - [13/Apr/2026:23:02:00 +0000] "GET /shop/pg/1538067 HTTP/1.1" 500 1004 "http://mail.elementalmill.com/shopping/products/16211538067" "Mozilla/5.0 AppleWebKit/537.36 (KHTML, like Gecko; compatible; GPTBot/1.3; +https://openai.com/gptbot)"
85.208.96.206 - - [13/Apr/2026:23:02:05 +0000] "GET /shop/pg/16222083263 HTTP/1.1" 500 164 "-" "Mozilla/5.0 (compatible; SemrushBot/7~bl; +http://www.semrush.com/bot.html)"
74.7.242.41 - - [13/Apr/2026:23:02:42 +0000] "GET /shop/pg/16211993484 HTTP/1.1" 500 1004 "http://www.elementalmill.com" "Mozilla/5.0 AppleWebKit/537.36 (KHTML, like Gecko; compatible; GPTBot/1.3; +https://openai.com/gptbot)"
74.7.242.41 - - [13/Apr/2026:23:03:04 +0000] "GET /shop/pg/1546630 HTTP/1.1" 500 1004 "http://mail.elementalmill.com/shopping/products/16211546630" "Mozilla/5.0 AppleWebKit/537.36 (KHTML, like Gecko; compatible; GPTBot/1.3; +https://openai.com/gptbot)"
85.208.96.198 - - [13/Apr/2026:23:03:06 +0000] "GET /shopping/products/1619963510 HTTP/1.1" 500 164 "-" "Mozilla/5.0 (compatible; SemrushBot/7~bl; +http://www.semrush.com/bot.html)"
74.7.243.205 - - [13/Apr/2026:23:03:26 +0000] "GET /shop/pg/2618616 HTTP/1.1" 500 1004 "http://www.elementalmill.com.lab2454.com/shopping/products/16232618616" "Mozilla/5.0 AppleWebKit/537.36 (KHTML, like Gecko; compatible; GPTBot/1.3; +https://openai.com/gptbot)"
74.7.242.41 - - [13/Apr/2026:23:03:48 +0000] "GET /shop/pg/16201260026 HTTP/1.1" 500 1004 "http://www.elementalmill.com" "Mozilla/5.0 AppleWebKit/537.36 (KHTML, like Gecko; compatible; GPTBot/1.3; +https://openai.com/gptbot)"
207.46.13.9 - - [13/Apr/2026:23:03:47 +0000] "GET /shop/89048105210.html HTTP/1.1" 200 27457 "-" "Mozilla/5.0 AppleWebKit/537.36 (KHTML, like Gecko; compatible; bingbot/2.0; +http://www.bing.com/bingbot.htm) Chrome/116.0.1938.76 Safari/537.36"
85.208.96.194 - - [13/Apr/2026:23:04:08 +0000] "GET /shopping/products/1619953236 HTTP/1.1" 500 164 "-" "Mozilla/5.0 (compatible; SemrushBot/7~bl; +http://www.semrush.com/bot.html)"
85.208.96.207 - - [13/Apr/2026:23:05:09 +0000] "GET /shopping/products/1619935273 HTTP/1.1" 500 164 "-" "Mozilla/5.0 (compatible; SemrushBot/7~bl; +http://www.semrush.com/bot.html)"
74.7.242.41 - - [13/Apr/2026:23:05:14 +0000] "GET /shop/pg/1284378 HTTP/1.1" 500 1004 "http://mail.elementalmill.com/shop/customer/bookmark.php?shopping/products/16201284378" "Mozilla/5.0 AppleWebKit/537.36 (KHTML, like Gecko; compatible; GPTBot/1.3; +https://openai.com/gptbot)"
74.7.243.205 - - [13/Apr/2026:23:05:32 +0000] "GET /shop/pg/1414608 HTTP/1.1" 500 1004 "http://www.elementalmill.com.lab2454.com/shop/customer/bookmark.php?shopping/products/16201414608" "Mozilla/5.0 AppleWebKit/537.36 (KHTML, like Gecko; compatible; GPTBot/1.3; +https://openai.com/gptbot)"
74.7.227.48 - - [13/Apr/2026:23:05:54 +0000] "GET /shop/pg/2433050 HTTP/1.1" 500 1004 "http://www.elementalmill.com/shop/customer/bookmark.php?shopping/products/16222433050" "Mozilla/5.0 AppleWebKit/537.36 (KHTML, like Gecko; compatible; GPTBot/1.3; +https://openai.com/gptbot)"
85.208.96.205 - - [13/Apr/2026:23:06:10 +0000] "GET /shopping/products/1619926193 HTTP/1.1" 500 164 "-" "Mozilla/5.0 (compatible; SemrushBot/7~bl; +http://www.semrush.com/bot.html)"
74.7.242.41 - - [13/Apr/2026:23:06:19 +0000] "GET /shop/pg/2583195 HTTP/1.1" 500 1004 "http://mail.elementalmill.com/shop/customer/bookmark.php?shopping/products/16232583195" "Mozilla/5.0 AppleWebKit/537.36 (KHTML, like Gecko; compatible; GPTBot/1.3; +https://openai.com/gptbot)"
207.46.13.9 - - [13/Apr/2026:23:06:26 +0000] "GET /shop/89069373293.html HTTP/1.1" 200 27685 "-" "Mozilla/5.0 AppleWebKit/537.36 (KHTML, like Gecko; compatible; bingbot/2.0; +http://www.bing.com/bingbot.htm) Chrome/116.0.1938.76 Safari/537.36"
74.7.227.185 - - [13/Apr/2026:23:06:55 +0000] "GET /shopping/products/16211569882 HTTP/1.1" 500 1004 "http://elementalmill.com.lab2454.com/shopping/products/16211550019" "Mozilla/5.0 AppleWebKit/537.36 (KHTML, like Gecko; compatible; GPTBot/1.3; +https://openai.com/gptbot)"
74.7.242.41 - - [13/Apr/2026:23:06:58 +0000] "GET /shop/pg/16211941961 HTTP/1.1" 500 1004 "http://www.elementalmill.com" "Mozilla/5.0 AppleWebKit/537.36 (KHTML, like Gecko; compatible; GPTBot/1.3; +https://openai.com/gptbot)"
185.191.171.17 - - [13/Apr/2026:23:07:11 +0000] "GET /shop/pg/16222095542 HTTP/1.1" 500 164 "-" "Mozilla/5.0 (compatible; SemrushBot/7~bl; +http://www.semrush.com/bot.html)"
74.7.242.41 - - [13/Apr/2026:23:07:25 +0000] "GET /shop/pg/1305420 HTTP/1.1" 500 1004 "http://mail.elementalmill.com/shop/pg/16201088953" "Mozilla/5.0 AppleWebKit/537.36 (KHTML, like Gecko; compatible; GPTBot/1.3; +https://openai.com/gptbot)"
74.7.243.205 - - [13/Apr/2026:23:07:40 +0000] "GET /shop/pg/2491062 HTTP/1.1" 500 1004 "http://www.elementalmill.com.lab2454.com/shopping/products/16222491062" "Mozilla/5.0 AppleWebKit/537.36 (KHTML, like Gecko; compatible; GPTBot/1.3; +https://openai.com/gptbot)"
74.7.242.41 - - [13/Apr/2026:23:08:00 +0000] "GET /shop/pg/16201142720 HTTP/1.1" 500 1004 "http://www.elementalmill.com" "Mozilla/5.0 AppleWebKit/537.36 (KHTML, like Gecko; compatible; GPTBot/1.3; +https://openai.com/gptbot)"
74.7.227.48 - - [13/Apr/2026:23:08:03 +0000] "GET /shop/pg/1105601 HTTP/1.1" 500 1004 "http://www.elementalmill.com/shopping/products/16201105601" "Mozilla/5.0 AppleWebKit/537.36 (KHTML, like Gecko; compatible; GPTBot/1.3; +https://openai.com/gptbot)"
185.191.171.5 - - [13/Apr/2026:23:08:12 +0000] "GET /shopping/products/1619967943 HTTP/1.1" 500 164 "-" "Mozilla/5.0 (compatible; SemrushBot/7~bl; +http://www.semrush.com/bot.html)"
74.7.242.41 - - [13/Apr/2026:23:08:25 +0000] "GET /shop/pg/2346527 HTTP/1.1" 500 1004 "http://mail.elementalmill.com/shopping/products/16222346527" "Mozilla/5.0 AppleWebKit/537.36 (KHTML, like Gecko; compatible; GPTBot/1.3; +https://openai.com/gptbot)"
74.7.244.22 - - [13/Apr/2026:23:08:44 +0000] "GET /robots.txt HTTP/1.1" 200 111 "-" "Mozilla/5.0 (Macintosh; Intel Mac OS X 10_15_7) AppleWebKit/537.36 (KHTML, like Gecko) Chrome/131.0.0.0 Safari/537.36; compatible; OAI-SearchBot/1.3; robots.txt; +https://openai.com/searchbot"
74.7.227.48 - - [13/Apr/2026:23:09:03 +0000] "GET /shop/pg/2322072 HTTP/1.1" 500 1004 "http://www.elementalmill.com/shopping/products/16222322072" "Mozilla/5.0 AppleWebKit/537.36 (KHTML, like Gecko; compatible; GPTBot/1.3; +https://openai.com/gptbot)"
185.191.171.11 - - [13/Apr/2026:23:09:13 +0000] "GET /shopping/products/1619921955 HTTP/1.1" 500 164 "-" "Mozilla/5.0 (compatible; SemrushBot/7~bl; +http://www.semrush.com/bot.html)"
74.7.242.41 - - [13/Apr/2026:23:09:26 +0000] "GET /shop/pg/1621929 HTTP/1.1" 500 1004 "http://mail.elementalmill.com/shop/pg/16201405468" "Mozilla/5.0 AppleWebKit/537.36 (KHTML, like Gecko; compatible; GPTBot/1.3; +https://openai.com/gptbot)"
74.7.227.185 - - [13/Apr/2026:23:10:07 +0000] "GET /shopping/products/16211790809 HTTP/1.1" 500 1004 "http://elementalmill.com.lab2454.com/shopping/products/161810806" "Mozilla/5.0 AppleWebKit/537.36 (KHTML, like Gecko; compatible; GPTBot/1.3; +https://openai.com/gptbot)"
85.208.96.208 - - [13/Apr/2026:23:10:14 +0000] "GET /shopping/products/1619982852 HTTP/1.1" 500 164 "-" "Mozilla/5.0 (compatible; SemrushBot/7~bl; +http://www.semrush.com/bot.html)"
74.7.242.41 - - [13/Apr/2026:23:10:27 +0000] "GET /shop/pg/1482428 HTTP/1.1" 500 1004 "http://mail.elementalmill.com/shop/pg/16201265963" "Mozilla/5.0 AppleWebKit/537.36 (KHTML, like Gecko; compatible; GPTBot/1.3; +https://openai.com/gptbot)"
74.7.242.41 - - [13/Apr/2026:23:11:08 +0000] "GET /shop/pg/16211515513 HTTP/1.1" 500 1004 "http://www.elementalmill.com" "Mozilla/5.0 AppleWebKit/537.36 (KHTML, like Gecko; compatible; GPTBot/1.3; +https://openai.com/gptbot)"
74.7.227.48 - - [13/Apr/2026:23:11:12 +0000] "GET /shop/pg/1296015 HTTP/1.1" 500 1004 "http://www.elementalmill.com/shopping/products/16201296015" "Mozilla/5.0 AppleWebKit/537.36 (KHTML, like Gecko; compatible; GPTBot/1.3; +https://openai.com/gptbot)"
85.208.96.203 - - [13/Apr/2026:23:11:15 +0000] "GET /shopping/products/1619950262 HTTP/1.1" 500 164 "-" "Mozilla/5.0 (compatible; SemrushBot/7~bl; +http://www.semrush.com/bot.html)"
74.7.242.41 - - [13/Apr/2026:23:11:32 +0000] "GET /shop/pg/1514013 HTTP/1.1" 500 1004 "http://mail.elementalmill.com/shop/pg/16201297546" "Mozilla/5.0 AppleWebKit/537.36 (KHTML, like Gecko; compatible; GPTBot/1.3; +https://openai.com/gptbot)"
185.191.171.4 - - [13/Apr/2026:23:12:16 +0000] "GET /shopping/products/1619875161 HTTP/1.1" 500 164 "-" "Mozilla/5.0 (compatible; SemrushBot/7~bl; +http://www.semrush.com/bot.html)"
74.7.227.48 - - [13/Apr/2026:23:12:18 +0000] "GET /shop/pg/1099148 HTTP/1.1" 500 1004 "http://www.elementalmill.com/shop/customer/bookmark.php?shopping/products/16201099148" "Mozilla/5.0 AppleWebKit/537.36 (KHTML, like Gecko; compatible; GPTBot/1.3; +https://openai.com/gptbot)"
74.7.242.41 - - [13/Apr/2026:23:12:33 +0000] "GET /shop/pg/2293208 HTTP/1.1" 500 1004 "http://mail.elementalmill.com/shop/customer/bookmark.php?shopping/products/16222293208" "Mozilla/5.0 AppleWebKit/537.36 (KHTML, like Gecko; compatible; GPTBot/1.3; +https://openai.com/gptbot)"
85.208.96.205 - - [13/Apr/2026:23:13:17 +0000] "GET /shopping/products/1619864240 HTTP/1.1" 500 164 "-" "Mozilla/5.0 (compatible; SemrushBot/7~bl; +http://www.semrush.com/bot.html)"
74.7.242.41 - - [13/Apr/2026:23:13:33 +0000] "GET /shop/pg/1956972 HTTP/1.1" 500 1004 "http://mail.elementalmill.com/shop/customer/bookmark.php?shopping/products/16211956972" "Mozilla/5.0 AppleWebKit/537.36 (KHTML, like Gecko; compatible; GPTBot/1.3; +https://openai.com/gptbot)"
185.191.171.7 - - [13/Apr/2026:23:14:18 +0000] "GET /shop/pg/16201011523 HTTP/1.1" 500 164 "-" "Mozilla/5.0 (compatible; SemrushBot/7~bl; +http://www.semrush.com/bot.html)"
85.208.96.207 - - [13/Apr/2026:23:15:05 +0000] "GET /robots.txt HTTP/1.1" 500 1004 "-" "Mozilla/5.0 (compatible; SemrushBot/7~bl; +http://www.semrush.com/bot.html)"
74.7.242.41 - - [13/Apr/2026:23:15:15 +0000] "GET /shop/pg/16201179393 HTTP/1.1" 500 1004 "http://www.elementalmill.com" "Mozilla/5.0 AppleWebKit/537.36 (KHTML, like Gecko; compatible; GPTBot/1.3; +https://openai.com/gptbot)"
85.208.96.210 - - [13/Apr/2026:23:15:18 +0000] "GET /shop/pg/2066366 HTTP/1.1" 500 164 "-" "Mozilla/5.0 (compatible; SemrushBot/7~bl; +http://www.semrush.com/bot.html)"
74.7.242.41 - - [13/Apr/2026:23:15:42 +0000] "GET /shop/pg/1954350 HTTP/1.1" 500 1004 "http://mail.elementalmill.com/shopping/products/16211954350" "Mozilla/5.0 AppleWebKit/537.36 (KHTML, like Gecko; compatible; GPTBot/1.3; +https://openai.com/gptbot)"
185.191.171.18 - - [13/Apr/2026:23:16:19 +0000] "GET /shopping/products/1619924634 HTTP/1.1" 500 164 "-" "Mozilla/5.0 (compatible; SemrushBot/7~bl; +http://www.semrush.com/bot.html)"
74.7.227.48 - - [13/Apr/2026:23:16:32 +0000] "GET /shop/pg/1407816 HTTP/1.1" 500 1004 "http://www.elementalmill.com/shopping/products/16201407816" "Mozilla/5.0 AppleWebKit/537.36 (KHTML, like Gecko; compatible; GPTBot/1.3; +https://openai.com/gptbot)"
185.191.171.13 - - [13/Apr/2026:23:17:21 +0000] "GET /shop/pg/1618131565 HTTP/1.1" 500 164 "-" "Mozilla/5.0 (compatible; SemrushBot/7~bl; +http://www.semrush.com/bot.html)"
74.7.227.185 - - [13/Apr/2026:23:17:26 +0000] "GET /shopping/products/16232634941 HTTP/1.1" 500 1004 "http://elementalmill.com.lab2454.com/shopping/products/16232624273" "Mozilla/5.0 AppleWebKit/537.36 (KHTML, like Gecko; compatible; GPTBot/1.3; +https://openai.com/gptbot)"
74.7.242.41 - - [13/Apr/2026:23:17:49 +0000] "GET /shop/pg/1328955 HTTP/1.1" 500 1004 "http://mail.elementalmill.com/shop/pg/16211704055" "Mozilla/5.0 AppleWebKit/537.36 (KHTML, like Gecko; compatible; GPTBot/1.3; +https://openai.com/gptbot)"
52.167.144.196 - - [13/Apr/2026:23:17:47 +0000] "GET /sitemap222.xml HTTP/1.1" 200 6183 "-" "Mozilla/5.0 AppleWebKit/537.36 (KHTML, like Gecko; compatible; bingbot/2.0; +http://www.bing.com/bingbot.htm) Chrome/116.0.1938.76 Safari/537.36"
85.208.96.198 - - [13/Apr/2026:23:18:22 +0000] "GET /shopping/products/1619949840 HTTP/1.1" 500 164 "-" "Mozilla/5.0 (compatible; SemrushBot/7~bl; +http://www.semrush.com/bot.html)"
74.7.242.41 - - [13/Apr/2026:23:18:52 +0000] "GET /shop/pg/1593291 HTTP/1.1" 500 1004 "http://mail.elementalmill.com/shop/pg/16201376830" "Mozilla/5.0 AppleWebKit/537.36 (KHTML, like Gecko; compatible; GPTBot/1.3; +https://openai.com/gptbot)"
74.7.243.205 - - [13/Apr/2026:23:19:18 +0000] "GET /shop/pg/1324684 HTTP/1.1" 500 1004 "http://www.elementalmill.com.lab2454.com/shop/pg/16211699764" "Mozilla/5.0 AppleWebKit/537.36 (KHTML, like Gecko; compatible; GPTBot/1.3; +https://openai.com/gptbot)"
85.208.96.207 - - [13/Apr/2026:23:19:23 +0000] "GET /shopping/products/1619974085 HTTP/1.1" 500 164 "-" "Mozilla/5.0 (compatible; SemrushBot/7~bl; +http://www.semrush.com/bot.html)"
74.7.242.41 - - [13/Apr/2026:23:19:56 +0000] "GET /shop/pg/2005255 HTTP/1.1" 500 1004 "http://mail.elementalmill.com/shop/customer/bookmark.php?shopping/products/16222005255" "Mozilla/5.0 AppleWebKit/537.36 (KHTML, like Gecko; compatible; GPTBot/1.3; +https://openai.com/gptbot)"
185.191.171.10 - - [13/Apr/2026:23:20:23 +0000] "GET /shopping/products/1619875109 HTTP/1.1" 500 164 "-" "Mozilla/5.0 (compatible; SemrushBot/7~bl; +http://www.semrush.com/bot.html)"
74.7.242.41 - - [13/Apr/2026:23:20:27 +0000] "GET /shop/pg/16211536273 HTTP/1.1" 500 1004 "http://www.elementalmill.com" "Mozilla/5.0 AppleWebKit/537.36 (KHTML, like Gecko; compatible; GPTBot/1.3; +https://openai.com/gptbot)"
74.7.242.41 - - [13/Apr/2026:23:21:01 +0000] "GET /shop/pg/1311506 HTTP/1.1" 500 1004 "http://mail.elementalmill.com/shopping/products/16201311506" "Mozilla/5.0 AppleWebKit/537.36 (KHTML, like Gecko; compatible; GPTBot/1.3; +https://openai.com/gptbot)"
185.191.171.10 - - [13/Apr/2026:23:21:24 +0000] "GET /shop/pg/2077473 HTTP/1.1" 500 164 "-" "Mozilla/5.0 (compatible; SemrushBot/7~bl; +http://www.semrush.com/bot.html)"
74.7.227.48 - - [13/Apr/2026:23:21:46 +0000] "GET /shop/pg/1833084 HTTP/1.1" 500 1004 "http://www.elementalmill.com/shopping/products/16211833084" "Mozilla/5.0 AppleWebKit/537.36 (KHTML, like Gecko; compatible; GPTBot/1.3; +https://openai.com/gptbot)"
74.7.242.41 - - [13/Apr/2026:23:22:04 +0000] "GET /shop/pg/1149680 HTTP/1.1" 500 1004 "http://mail.elementalmill.com/shop/customer/bookmark.php?shopping/products/16201149680" "Mozilla/5.0 AppleWebKit/537.36 (KHTML, like Gecko; compatible; GPTBot/1.3; +https://openai.com/gptbot)"
185.191.171.8 - - [13/Apr/2026:23:22:25 +0000] "GET /shopping/products/1619975547 HTTP/1.1" 500 164 "-" "Mozilla/5.0 (compatible; SemrushBot/7~bl; +http://www.semrush.com/bot.html)"
74.7.242.41 - - [13/Apr/2026:23:23:08 +0000] "GET /shop/pg/1506653 HTTP/1.1" 500 1004 "http://mail.elementalmill.com/shopping/products/16211506653" "Mozilla/5.0 AppleWebKit/537.36 (KHTML, like Gecko; compatible; GPTBot/1.3; +https://openai.com/gptbot)"
185.191.171.14 - - [13/Apr/2026:23:23:27 +0000] "GET /shopping/products/1619961105 HTTP/1.1" 500 164 "-" "Mozilla/5.0 (compatible; SemrushBot/7~bl; +http://www.semrush.com/bot.html)"
74.7.242.41 - - [13/Apr/2026:23:23:40 +0000] "GET /shop/pg/16201286026 HTTP/1.1" 500 1004 "http://www.elementalmill.com" "Mozilla/5.0 AppleWebKit/537.36 (KHTML, like Gecko; compatible; GPTBot/1.3; +https://openai.com/gptbot)"
74.7.242.41 - - [13/Apr/2026:23:24:11 +0000] "GET /shop/pg/1314958 HTTP/1.1" 500 1004 "http://mail.elementalmill.com/shop/customer/bookmark.php?shopping/products/16201314958" "Mozilla/5.0 AppleWebKit/537.36 (KHTML, like Gecko; compatible; GPTBot/1.3; +https://openai.com/gptbot)"
85.208.96.206 - - [13/Apr/2026:23:24:28 +0000] "GET /shop/pg/16222081915 HTTP/1.1" 500 164 "-" "Mozilla/5.0 (compatible; SemrushBot/7~bl; +http://www.semrush.com/bot.html)"
74.7.242.41 - - [13/Apr/2026:23:24:43 +0000] "GET /shop/pg/16232511009 HTTP/1.1" 500 1004 "http://www.elementalmill.com" "Mozilla/5.0 AppleWebKit/537.36 (KHTML, like Gecko; compatible; GPTBot/1.3; +https://openai.com/gptbot)"
74.7.242.41 - - [13/Apr/2026:23:25:18 +0000] "GET /shop/pg/2215458 HTTP/1.1" 500 1004 "http://mail.elementalmill.com/shopping/products/16222215458" "Mozilla/5.0 AppleWebKit/537.36 (KHTML, like Gecko; compatible; GPTBot/1.3; +https://openai.com/gptbot)"
185.191.171.16 - - [13/Apr/2026:23:25:29 +0000] "GET /shop/pg/16211743530 HTTP/1.1" 500 164 "-" "Mozilla/5.0 (compatible; SemrushBot/7~bl; +http://www.semrush.com/bot.html)"
74.7.242.41 - - [13/Apr/2026:23:25:42 +0000] "GET /shop/pg/16232566146 HTTP/1.1" 500 1004 "http://www.elementalmill.com" "Mozilla/5.0 AppleWebKit/537.36 (KHTML, like Gecko; compatible; GPTBot/1.3; +https://openai.com/gptbot)"
74.7.227.48 - - [13/Apr/2026:23:25:58 +0000] "GET /shop/pg/1618611 HTTP/1.1" 500 1004 "http://www.elementalmill.com/shop/customer/bookmark.php?shopping/products/16211618611" "Mozilla/5.0 AppleWebKit/537.36 (KHTML, like Gecko; compatible; GPTBot/1.3; +https://openai.com/gptbot)"
74.7.242.41 - - [13/Apr/2026:23:26:17 +0000] "GET /shop/pg/2010136 HTTP/1.1" 500 1004 "http://mail.elementalmill.com/shopping/products/16222010136" "Mozilla/5.0 AppleWebKit/537.36 (KHTML, like Gecko; compatible; GPTBot/1.3; +https://openai.com/gptbot)"
185.191.171.9 - - [13/Apr/2026:23:26:30 +0000] "GET /shopping/products/1619988844 HTTP/1.1" 500 164 "-" "Mozilla/5.0 (compatible; SemrushBot/7~bl; +http://www.semrush.com/bot.html)"
74.7.242.41 - - [13/Apr/2026:23:27:18 +0000] "GET /shop/pg/1455374 HTTP/1.1" 500 1004 "http://mail.elementalmill.com/shop/pg/16201238909" "Mozilla/5.0 AppleWebKit/537.36 (KHTML, like Gecko; compatible; GPTBot/1.3; +https://openai.com/gptbot)"
85.208.96.201 - - [13/Apr/2026:23:27:31 +0000] "GET /shopping/products/1619933342 HTTP/1.1" 500 164 "-" "Mozilla/5.0 (compatible; SemrushBot/7~bl; +http://www.semrush.com/bot.html)"
157.55.39.55 - - [13/Apr/2026:23:27:38 +0000] "GET / HTTP/1.1" 200 27035 "-" "Mozilla/5.0 AppleWebKit/537.36 (KHTML, like Gecko; compatible; bingbot/2.0; +http://www.bing.com/bingbot.htm) Chrome/116.0.1938.76 Safari/537.36"
185.191.171.13 - - [13/Apr/2026:23:28:32 +0000] "GET /shopping/products/1619892461 HTTP/1.1" 500 164 "-" "Mozilla/5.0 (compatible; SemrushBot/7~bl; +http://www.semrush.com/bot.html)"
74.7.242.41 - - [13/Apr/2026:23:29:29 +0000] "GET /shop/pg/1714972 HTTP/1.1" 500 1004 "http://mail.elementalmill.com/shop/pg/16201498506" "Mozilla/5.0 AppleWebKit/537.36 (KHTML, like Gecko; compatible; GPTBot/1.3; +https://openai.com/gptbot)"
185.191.171.13 - - [13/Apr/2026:23:29:33 +0000] "GET /shopping/products/1619959022 HTTP/1.1" 500 164 "-" "Mozilla/5.0 (compatible; SemrushBot/7~bl; +http://www.semrush.com/bot.html)"
74.7.227.48 - - [13/Apr/2026:23:30:06 +0000] "GET /shop/pg/1522491 HTTP/1.1" 500 1004 "http://www.elementalmill.com/shopping/products/16211522491" "Mozilla/5.0 AppleWebKit/537.36 (KHTML, like Gecko; compatible; GPTBot/1.3; +https://openai.com/gptbot)"
185.191.171.7 - - [13/Apr/2026:23:30:34 +0000] "GET /shop/pg/16222048378 HTTP/1.1" 500 164 "-" "Mozilla/5.0 (compatible; SemrushBot/7~bl; +http://www.semrush.com/bot.html)"
74.7.242.41 - - [13/Apr/2026:23:31:04 +0000] "GET /shop/pg/16211509767 HTTP/1.1" 500 1004 "http://www.elementalmill.com" "Mozilla/5.0 AppleWebKit/537.36 (KHTML, like Gecko; compatible; GPTBot/1.3; +https://openai.com/gptbot)"
66.249.64.35 - - [13/Apr/2026:23:31:33 +0000] "GET /etc/drugRules.html HTTP/1.1" 200 27888 "-" "Mozilla/5.0 (Linux; Android 6.0.1; Nexus 5X Build/MMB29P) AppleWebKit/537.36 (KHTML, like Gecko) Chrome/146.0.7680.177 Mobile Safari/537.36 (compatible; GoogleOther)"
85.208.96.211 - - [13/Apr/2026:23:31:35 +0000] "GET /shopping/products/1619922178 HTTP/1.1" 500 164 "-" "Mozilla/5.0 (compatible; SemrushBot/7~bl; +http://www.semrush.com/bot.html)"
74.7.242.41 - - [13/Apr/2026:23:31:38 +0000] "GET /shop/pg/1878143 HTTP/1.1" 500 1004 "http://mail.elementalmill.com/shop/customer/bookmark.php?shopping/products/16211878143" "Mozilla/5.0 AppleWebKit/537.36 (KHTML, like Gecko; compatible; GPTBot/1.3; +https://openai.com/gptbot)"
74.7.227.185 - - [13/Apr/2026:23:31:53 +0000] "GET /shopping/products/16211826435 HTTP/1.1" 500 1004 "http://elementalmill.com.lab2454.com/shopping/products/16201327751" "Mozilla/5.0 AppleWebKit/537.36 (KHTML, like Gecko; compatible; GPTBot/1.3; +https://openai.com/gptbot)"
66.249.64.35 - - [13/Apr/2026:23:32:00 +0000] "GET /robots.txt HTTP/1.1" 200 362 "-" "Mozilla/5.0 (compatible; Googlebot/2.1; +http://www.google.com/bot.html)"
74.7.227.48 - - [13/Apr/2026:23:32:16 +0000] "GET /shop/pg/2357750 HTTP/1.1" 500 1004 "http://www.elementalmill.com/shop/customer/bookmark.php?shopping/products/16222357750" "Mozilla/5.0 AppleWebKit/537.36 (KHTML, like Gecko; compatible; GPTBot/1.3; +https://openai.com/gptbot)"
85.208.96.195 - - [13/Apr/2026:23:32:36 +0000] "GET /shopping/products/1619878970 HTTP/1.1" 500 164 "-" "Mozilla/5.0 (compatible; SemrushBot/7~bl; +http://www.semrush.com/bot.html)"
74.7.242.41 - - [13/Apr/2026:23:32:41 +0000] "GET /shop/pg/1977346 HTTP/1.1" 500 1004 "http://mail.elementalmill.com/shop/customer/bookmark.php?shopping/products/16211977346" "Mozilla/5.0 AppleWebKit/537.36 (KHTML, like Gecko; compatible; GPTBot/1.3; +https://openai.com/gptbot)"
74.7.227.48 - - [13/Apr/2026:23:33:20 +0000] "GET /shop/pg/2562897 HTTP/1.1" 500 1004 "http://www.elementalmill.com/shopping/products/16232562897" "Mozilla/5.0 AppleWebKit/537.36 (KHTML, like Gecko; compatible; GPTBot/1.3; +https://openai.com/gptbot)"
185.191.171.16 - - [13/Apr/2026:23:33:37 +0000] "GET /shop/pg/510606 HTTP/1.1" 500 164 "-" "Mozilla/5.0 (compatible; SemrushBot/7~bl; +http://www.semrush.com/bot.html)"
74.7.242.41 - - [13/Apr/2026:23:33:46 +0000] "GET /shop/pg/1474099 HTTP/1.1" 500 1004 "http://mail.elementalmill.com/shopping/products/16201474099" "Mozilla/5.0 AppleWebKit/537.36 (KHTML, like Gecko; compatible; GPTBot/1.3; +https://openai.com/gptbot)"
185.191.171.12 - - [13/Apr/2026:23:34:38 +0000] "GET /shop/pg/16201358688 HTTP/1.1" 500 164 "-" "Mozilla/5.0 (compatible; SemrushBot/7~bl; +http://www.semrush.com/bot.html)"
74.7.242.41 - - [13/Apr/2026:23:34:46 +0000] "GET /shop/pg/1164065 HTTP/1.1" 500 1004 "http://mail.elementalmill.com/shopping/products/16201164065" "Mozilla/5.0 AppleWebKit/537.36 (KHTML, like Gecko; compatible; GPTBot/1.3; +https://openai.com/gptbot)"
74.7.227.185 - - [13/Apr/2026:23:35:00 +0000] "GET /shopping/products/16201190427 HTTP/1.1" 500 1004 "http://elementalmill.com.lab2454.com/shop/pg/88108" "Mozilla/5.0 AppleWebKit/537.36 (KHTML, like Gecko; compatible; GPTBot/1.3; +https://openai.com/gptbot)"
74.7.242.41 - - [13/Apr/2026:23:35:10 +0000] "GET /shop/pg/16232611712 HTTP/1.1" 500 1004 "http://www.elementalmill.com" "Mozilla/5.0 AppleWebKit/537.36 (KHTML, like Gecko; compatible; GPTBot/1.3; +https://openai.com/gptbot)"
185.191.171.19 - - [13/Apr/2026:23:35:39 +0000] "GET /shop/pg/16211718213 HTTP/1.1" 500 164 "-" "Mozilla/5.0 (compatible; SemrushBot/7~bl; +http://www.semrush.com/bot.html)"
74.7.242.41 - - [13/Apr/2026:23:35:50 +0000] "GET /shop/pg/1101600 HTTP/1.1" 500 1004 "http://mail.elementalmill.com/shopping/products/16201101600" "Mozilla/5.0 AppleWebKit/537.36 (KHTML, like Gecko; compatible; GPTBot/1.3; +https://openai.com/gptbot)"
85.208.96.208 - - [13/Apr/2026:23:36:09 +0000] "GET /robots.txt HTTP/1.1" 500 1004 "-" "Mozilla/5.0 (compatible; SemrushBot/7~bl; +http://www.semrush.com/bot.html)"
185.191.171.2 - - [13/Apr/2026:23:36:40 +0000] "GET /shop/pg/1710654 HTTP/1.1" 500 164 "-" "Mozilla/5.0 (compatible; SemrushBot/7~bl; +http://www.semrush.com/bot.html)"
185.191.171.11 - - [13/Apr/2026:23:37:40 +0000] "GET /shopping/products/1619862116 HTTP/1.1" 500 164 "-" "Mozilla/5.0 (compatible; SemrushBot/7~bl; +http://www.semrush.com/bot.html)"
74.7.242.41 - - [13/Apr/2026:23:38:00 +0000] "GET /shop/pg/1897596 HTTP/1.1" 500 1004 "http://mail.elementalmill.com/shopping/products/16211897596" "Mozilla/5.0 AppleWebKit/537.36 (KHTML, like Gecko; compatible; GPTBot/1.3; +https://openai.com/gptbot)"
185.191.171.6 - - [13/Apr/2026:23:38:42 +0000] "GET /shop/pg/171164 HTTP/1.1" 500 164 "-" "Mozilla/5.0 (compatible; SemrushBot/7~bl; +http://www.semrush.com/bot.html)"
74.7.242.41 - - [13/Apr/2026:23:39:06 +0000] "GET /shop/pg/1957240 HTTP/1.1" 500 1004 "http://mail.elementalmill.com/shopping/products/16211957240" "Mozilla/5.0 AppleWebKit/537.36 (KHTML, like Gecko; compatible; GPTBot/1.3; +https://openai.com/gptbot)"
85.208.96.212 - - [13/Apr/2026:23:39:43 +0000] "GET /shopping/products/1619998187 HTTP/1.1" 500 164 "-" "Mozilla/5.0 (compatible; SemrushBot/7~bl; +http://www.semrush.com/bot.html)"
74.7.242.41 - - [13/Apr/2026:23:40:07 +0000] "GET /shop/pg/1215944 HTTP/1.1" 500 1004 "http://mail.elementalmill.com/shop/pg/16211591043" "Mozilla/5.0 AppleWebKit/537.36 (KHTML, like Gecko; compatible; GPTBot/1.3; +https://openai.com/gptbot)"
74.7.227.48 - - [13/Apr/2026:23:40:42 +0000] "GET /shop/pg/1605667 HTTP/1.1" 500 1004 "http://www.elementalmill.com/shopping/products/16211605667" "Mozilla/5.0 AppleWebKit/537.36 (KHTML, like Gecko; compatible; GPTBot/1.3; +https://openai.com/gptbot)"
85.208.96.202 - - [13/Apr/2026:23:40:44 +0000] "GET /shopping/products/1619993385 HTTP/1.1" 500 164 "-" "Mozilla/5.0 (compatible; SemrushBot/7~bl; +http://www.semrush.com/bot.html)"
74.7.242.41 - - [13/Apr/2026:23:41:09 +0000] "GET /shop/pg/2330264 HTTP/1.1" 500 1004 "http://mail.elementalmill.com/shop/customer/bookmark.php?shopping/products/16222330264" "Mozilla/5.0 AppleWebKit/537.36 (KHTML, like Gecko; compatible; GPTBot/1.3; +https://openai.com/gptbot)"
185.191.171.18 - - [13/Apr/2026:23:41:45 +0000] "GET /shop/pg/16211754474 HTTP/1.1" 500 164 "-" "Mozilla/5.0 (compatible; SemrushBot/7~bl; +http://www.semrush.com/bot.html)"
185.191.171.2 - - [13/Apr/2026:23:42:46 +0000] "GET /shopping/products/1619964687 HTTP/1.1" 500 164 "-" "Mozilla/5.0 (compatible; SemrushBot/7~bl; +http://www.semrush.com/bot.html)"
74.7.227.48 - - [13/Apr/2026:23:42:46 +0000] "GET /shop/pg/1816794 HTTP/1.1" 500 1004 "http://www.elementalmill.com/shopping/products/16211816794" "Mozilla/5.0 AppleWebKit/537.36 (KHTML, like Gecko; compatible; GPTBot/1.3; +https://openai.com/gptbot)"
74.7.242.41 - - [13/Apr/2026:23:42:47 +0000] "GET /shop/pg/16211895224 HTTP/1.1" 500 1004 "http://www.elementalmill.com" "Mozilla/5.0 AppleWebKit/537.36 (KHTML, like Gecko; compatible; GPTBot/1.3; +https://openai.com/gptbot)"
74.7.242.41 - - [13/Apr/2026:23:42:48 +0000] "GET /shop/pg/1057380 HTTP/1.1" 500 1004 "http://mail.elementalmill.com/shop/pg/16232615578" "Mozilla/5.0 AppleWebKit/537.36 (KHTML, like Gecko; compatible; GPTBot/1.3; +https://openai.com/gptbot)"
74.7.242.41 - - [13/Apr/2026:23:43:16 +0000] "GET /shop/pg/1807088 HTTP/1.1" 500 1004 "http://mail.elementalmill.com/shopping/products/16211807088" "Mozilla/5.0 AppleWebKit/537.36 (KHTML, like Gecko; compatible; GPTBot/1.3; +https://openai.com/gptbot)"
85.208.96.195 - - [13/Apr/2026:23:43:47 +0000] "GET /shop/pg/16232635824 HTTP/1.1" 500 164 "-" "Mozilla/5.0 (compatible; SemrushBot/7~bl; +http://www.semrush.com/bot.html)"
74.7.242.41 - - [13/Apr/2026:23:43:56 +0000] "GET /shop/pg/16201037233 HTTP/1.1" 500 1004 "http://www.elementalmill.com" "Mozilla/5.0 AppleWebKit/537.36 (KHTML, like Gecko; compatible; GPTBot/1.3; +https://openai.com/gptbot)"
74.7.242.41 - - [13/Apr/2026:23:44:17 +0000] "GET /shop/pg/1199814 HTTP/1.1" 500 1004 "http://mail.elementalmill.com/shop/pg/16211574905" "Mozilla/5.0 AppleWebKit/537.36 (KHTML, like Gecko; compatible; GPTBot/1.3; +https://openai.com/gptbot)"
85.208.96.207 - - [13/Apr/2026:23:44:48 +0000] "GET /shop/pg/920740 HTTP/1.1" 500 164 "-" "Mozilla/5.0 (compatible; SemrushBot/7~bl; +http://www.semrush.com/bot.html)"
74.7.242.41 - - [13/Apr/2026:23:45:22 +0000] "GET /shop/pg/1488629 HTTP/1.1" 500 1004 "http://mail.elementalmill.com/shopping/products/16201488629" "Mozilla/5.0 AppleWebKit/537.36 (KHTML, like Gecko; compatible; GPTBot/1.3; +https://openai.com/gptbot)"
85.208.96.196 - - [13/Apr/2026:23:45:49 +0000] "GET /shopping/products/1619946203 HTTP/1.1" 500 164 "-" "Mozilla/5.0 (compatible; SemrushBot/7~bl; +http://www.semrush.com/bot.html)"
74.7.242.41 - - [13/Apr/2026:23:46:26 +0000] "GET /shop/pg/2424655 HTTP/1.1" 500 1004 "http://mail.elementalmill.com/shopping/products/16222424655" "Mozilla/5.0 AppleWebKit/537.36 (KHTML, like Gecko; compatible; GPTBot/1.3; +https://openai.com/gptbot)"
85.208.96.200 - - [13/Apr/2026:23:46:50 +0000] "GET /shop/pg/1619573290 HTTP/1.1" 500 164 "-" "Mozilla/5.0 (compatible; SemrushBot/7~bl; +http://www.semrush.com/bot.html)"
74.7.227.48 - - [13/Apr/2026:23:47:00 +0000] "GET /shop/pg/1958374 HTTP/1.1" 500 1004 "http://www.elementalmill.com/shop/customer/bookmark.php?shopping/products/16211958374" "Mozilla/5.0 AppleWebKit/537.36 (KHTML, like Gecko; compatible; GPTBot/1.3; +https://openai.com/gptbot)"
74.7.242.41 - - [13/Apr/2026:23:47:30 +0000] "GET /shop/pg/1432197 HTTP/1.1" 500 1004 "http://mail.elementalmill.com/shop/pg/16211807300" "Mozilla/5.0 AppleWebKit/537.36 (KHTML, like Gecko; compatible; GPTBot/1.3; +https://openai.com/gptbot)"
185.191.171.2 - - [13/Apr/2026:23:47:51 +0000] "GET /shop/pg/16211750817 HTTP/1.1" 500 164 "-" "Mozilla/5.0 (compatible; SemrushBot/7~bl; +http://www.semrush.com/bot.html)"
74.7.227.48 - - [13/Apr/2026:23:48:04 +0000] "GET /shop/pg/2097917 HTTP/1.1" 500 1004 "http://www.elementalmill.com/shop/customer/bookmark.php?shopping/products/16222097917" "Mozilla/5.0 AppleWebKit/537.36 (KHTML, like Gecko; compatible; GPTBot/1.3; +https://openai.com/gptbot)"
74.7.242.41 - - [13/Apr/2026:23:48:35 +0000] "GET /shop/pg/2240295 HTTP/1.1" 500 1004 "http://mail.elementalmill.com/shopping/products/16222240295" "Mozilla/5.0 AppleWebKit/537.36 (KHTML, like Gecko; compatible; GPTBot/1.3; +https://openai.com/gptbot)"
85.208.96.193 - - [13/Apr/2026:23:48:52 +0000] "GET /shopping/products/1619961637 HTTP/1.1" 500 164 "-" "Mozilla/5.0 (compatible; SemrushBot/7~bl; +http://www.semrush.com/bot.html)"
74.7.227.48 - - [13/Apr/2026:23:49:08 +0000] "GET /shop/pg/1731229 HTTP/1.1" 500 1004 "http://www.elementalmill.com/shopping/products/16211731229" "Mozilla/5.0 AppleWebKit/537.36 (KHTML, like Gecko; compatible; GPTBot/1.3; +https://openai.com/gptbot)"
66.249.64.34 - - [13/Apr/2026:23:49:12 +0000] "GET /f/laminate/laminate00/ HTTP/1.1" 200 27405 "-" "Mozilla/5.0 (Linux; Android 6.0.1; Nexus 5X Build/MMB29P) AppleWebKit/537.36 (KHTML, like Gecko) Chrome/146.0.7680.177 Mobile Safari/537.36 (compatible; GoogleOther)"
66.249.64.34 - - [13/Apr/2026:23:49:22 +0000] "GET /odr/order/apiGetCartItems/ HTTP/1.1" 200 27877 "http://www.elementalmill.com/f/laminate/laminate00/" "Mozilla/5.0 (Linux; Android 6.0.1; Nexus 5X Build/MMB29P) AppleWebKit/537.36 (KHTML, like Gecko) Chrome/146.0.7680.177 Mobile Safari/537.36 (compatible; GoogleOther)"
85.208.96.206 - - [13/Apr/2026:23:49:53 +0000] "GET /shopping/products/1619967482 HTTP/1.1" 500 164 "-" "Mozilla/5.0 (compatible; SemrushBot/7~bl; +http://www.semrush.com/bot.html)"
74.7.242.41 - - [13/Apr/2026:23:50:16 +0000] "GET /shop/pg/2478189 HTTP/1.1" 500 1004 "http://mail.elementalmill.com/shopping/products/16222478189" "Mozilla/5.0 AppleWebKit/537.36 (KHTML, like Gecko; compatible; GPTBot/1.3; +https://openai.com/gptbot)"
85.208.96.206 - - [13/Apr/2026:23:50:54 +0000] "GET /shopping/products/1619942555 HTTP/1.1" 500 164 "-" "Mozilla/5.0 (compatible; SemrushBot/7~bl; +http://www.semrush.com/bot.html)"
74.7.242.41 - - [13/Apr/2026:23:51:12 +0000] "GET /shop/pg/16211557744 HTTP/1.1" 500 1004 "http://www.elementalmill.com" "Mozilla/5.0 AppleWebKit/537.36 (KHTML, like Gecko; compatible; GPTBot/1.3; +https://openai.com/gptbot)"
85.208.96.196 - - [13/Apr/2026:23:51:55 +0000] "GET /shopping/products/1619936972 HTTP/1.1" 500 164 "-" "Mozilla/5.0 (compatible; SemrushBot/7~bl; +http://www.semrush.com/bot.html)"
74.7.242.41 - - [13/Apr/2026:23:52:46 +0000] "GET /shop/pg/2538636 HTTP/1.1" 500 1004 "http://mail.elementalmill.com/shop/customer/bookmark.php?shopping/products/16232538636" "Mozilla/5.0 AppleWebKit/537.36 (KHTML, like Gecko; compatible; GPTBot/1.3; +https://openai.com/gptbot)"
185.191.171.4 - - [13/Apr/2026:23:52:57 +0000] "GET /shopping/products/1619998469 HTTP/1.1" 500 164 "-" "Mozilla/5.0 (compatible; SemrushBot/7~bl; +http://www.semrush.com/bot.html)"
74.7.227.48 - - [13/Apr/2026:23:53:19 +0000] "GET /shop/pg/1017657 HTTP/1.1" 500 1004 "http://www.elementalmill.com/shopping/products/16201017657" "Mozilla/5.0 AppleWebKit/537.36 (KHTML, like Gecko; compatible; GPTBot/1.3; +https://openai.com/gptbot)"
74.7.242.41 - - [13/Apr/2026:23:53:46 +0000] "GET /shop/pg/1578972 HTTP/1.1" 500 1004 "http://mail.elementalmill.com/shop/customer/bookmark.php?shopping/products/16211578972" "Mozilla/5.0 AppleWebKit/537.36 (KHTML, like Gecko; compatible; GPTBot/1.3; +https://openai.com/gptbot)"
185.191.171.14 - - [13/Apr/2026:23:53:58 +0000] "GET /shopping/products/1619967936 HTTP/1.1" 500 164 "-" "Mozilla/5.0 (compatible; SemrushBot/7~bl; +http://www.semrush.com/bot.html)"
74.7.227.48 - - [13/Apr/2026:23:54:22 +0000] "GET /shop/pg/2612630 HTTP/1.1" 500 1004 "http://www.elementalmill.com/shopping/products/16232612630" "Mozilla/5.0 AppleWebKit/537.36 (KHTML, like Gecko; compatible; GPTBot/1.3; +https://openai.com/gptbot)"
74.7.242.41 - - [13/Apr/2026:23:54:48 +0000] "GET /shop/pg/1564500 HTTP/1.1" 500 1004 "http://mail.elementalmill.com/shop/pg/16201348039" "Mozilla/5.0 AppleWebKit/537.36 (KHTML, like Gecko; compatible; GPTBot/1.3; +https://openai.com/gptbot)"
185.191.171.1 - - [13/Apr/2026:23:54:59 +0000] "GET /shopping/products/1619981585 HTTP/1.1" 500 164 "-" "Mozilla/5.0 (compatible; SemrushBot/7~bl; +http://www.semrush.com/bot.html)"
66.249.64.34 - - [13/Apr/2026:23:55:08 +0000] "GET /e/07/ HTTP/1.1" 200 27258 "-" "Mozilla/5.0 (Linux; Android 6.0.1; Nexus 5X Build/MMB29P) AppleWebKit/537.36 (KHTML, like Gecko) Chrome/146.0.7680.177 Mobile Safari/537.36 (compatible; GoogleOther)"
66.249.64.33 - - [13/Apr/2026:23:55:16 +0000] "GET /f/special/adult_diapers/ HTTP/1.1" 200 27490 "-" "Mozilla/5.0 (Linux; Android 6.0.1; Nexus 5X Build/MMB29P) AppleWebKit/537.36 (KHTML, like Gecko) Chrome/146.0.7680.177 Mobile Safari/537.36 (compatible; GoogleOther)"
74.7.242.41 - - [13/Apr/2026:23:55:23 +0000] "GET /shop/pg/16211765986 HTTP/1.1" 500 1004 "http://www.elementalmill.com" "Mozilla/5.0 AppleWebKit/537.36 (KHTML, like Gecko; compatible; GPTBot/1.3; +https://openai.com/gptbot)"
74.7.227.48 - - [13/Apr/2026:23:55:30 +0000] "GET /shop/pg/2618647 HTTP/1.1" 500 1004 "http://www.elementalmill.com/shop/customer/bookmark.php?shopping/products/16232618647" "Mozilla/5.0 AppleWebKit/537.36 (KHTML, like Gecko; compatible; GPTBot/1.3; +https://openai.com/gptbot)"
66.249.64.33 - - [13/Apr/2026:23:55:31 +0000] "GET /etc/alcohol.html HTTP/1.1" 200 28455 "-" "Mozilla/5.0 (Linux; Android 6.0.1; Nexus 5X Build/MMB29P) AppleWebKit/537.36 (KHTML, like Gecko) Chrome/146.0.7680.177 Mobile Safari/537.36 (compatible; GoogleOther)"
66.249.64.33 - - [13/Apr/2026:23:55:38 +0000] "GET /webapp/shops-club/servlet/YLogonSSLView?byStockAddSetModal=1&transitionURL= HTTP/1.1" 200 27212 "-" "Mozilla/5.0 (Linux; Android 6.0.1; Nexus 5X Build/MMB29P) AppleWebKit/537.36 (KHTML, like Gecko) Chrome/146.0.7680.177 Mobile Safari/537.36 (compatible; GoogleOther)"
66.249.64.33 - - [13/Apr/2026:23:55:41 +0000] "GET /f/special/adult_diapers/ HTTP/1.1" 200 27490 "-" "Mozilla/5.0 (Linux; Android 6.0.1; Nexus 5X Build/MMB29P) AppleWebKit/537.36 (KHTML, like Gecko) Chrome/146.0.7680.177 Mobile Safari/537.36 (compatible; Googlebot/2.1; +http://www.google.com/bot.html)"
157.55.39.202 - - [13/Apr/2026:23:55:43 +0000] "GET /shop/890738528592.html HTTP/1.1" 200 27111 "-" "Mozilla/5.0 AppleWebKit/537.36 (KHTML, like Gecko; compatible; bingbot/2.0; +http://www.bing.com/bingbot.htm) Chrome/116.0.1938.76 Safari/537.36"
66.249.64.33 - - [13/Apr/2026:23:55:45 +0000] "GET /categoryindex/a/ HTTP/1.1" 200 27469 "-" "Mozilla/5.0 (Linux; Android 6.0.1; Nexus 5X Build/MMB29P) AppleWebKit/537.36 (KHTML, like Gecko) Chrome/146.0.7680.177 Mobile Safari/537.36 (compatible; GoogleOther)"
66.249.64.33 - - [13/Apr/2026:23:55:46 +0000] "GET /odr/order/apiGetCartItems/ HTTP/1.1" 200 27877 "http://www.elementalmill.com/f/special/adult_diapers/" "Mozilla/5.0 (Linux; Android 6.0.1; Nexus 5X Build/MMB29P) AppleWebKit/537.36 (KHTML, like Gecko) Chrome/146.0.7680.177 Mobile Safari/537.36 (compatible; Googlebot/2.1; +http://www.google.com/bot.html)"
66.249.64.33 - - [13/Apr/2026:23:55:47 +0000] "GET /webapp/shops-club/servlet/YLogonSSLView?byStockAddSetModal=1&transitionURL= HTTP/1.1" 200 27212 "-" "Mozilla/5.0 (Linux; Android 6.0.1; Nexus 5X Build/MMB29P) AppleWebKit/537.36 (KHTML, like Gecko) Chrome/146.0.7680.177 Mobile Safari/537.36 (compatible; Googlebot/2.1; +http://www.google.com/bot.html)"
66.249.64.33 - - [13/Apr/2026:23:55:49 +0000] "GET /ctg/apiAllLCate/ HTTP/1.1" 200 27350 "http://www.elementalmill.com/f/special/adult_diapers/" "Mozilla/5.0 (Linux; Android 6.0.1; Nexus 5X Build/MMB29P) AppleWebKit/537.36 (KHTML, like Gecko) Chrome/146.0.7680.177 Mobile Safari/537.36 (compatible; Googlebot/2.1; +http://www.google.com/bot.html)"
66.249.64.33 - - [13/Apr/2026:23:55:51 +0000] "GET /resource/js/json/megadrop_2015new.json HTTP/1.1" 200 27449 "http://www.elementalmill.com/f/special/adult_diapers/" "Mozilla/5.0 (Linux; Android 6.0.1; Nexus 5X Build/MMB29P) AppleWebKit/537.36 (KHTML, like Gecko) Chrome/146.0.7680.177 Mobile Safari/537.36 (compatible; Googlebot/2.1; +http://www.google.com/bot.html)"
74.7.242.41 - - [13/Apr/2026:23:55:53 +0000] "GET /shop/pg/1310934 HTTP/1.1" 500 1004 "http://mail.elementalmill.com/shop/pg/16211686031" "Mozilla/5.0 AppleWebKit/537.36 (KHTML, like Gecko; compatible; GPTBot/1.3; +https://openai.com/gptbot)"
66.249.64.33 - - [13/Apr/2026:23:55:52 +0000] "GET /ja/themes/179 HTTP/1.1" 200 28024 "-" "Mozilla/5.0 (Linux; Android 6.0.1; Nexus 5X Build/MMB29P) AppleWebKit/537.36 (KHTML, like Gecko) Chrome/146.0.7680.177 Mobile Safari/537.36 (compatible; GoogleOther)"
74.7.227.185 - - [13/Apr/2026:23:55:57 +0000] "GET /shopping/products/16211781401 HTTP/1.1" 500 1004 "http://elementalmill.com.lab2454.com/shopping/products/16201180910" "Mozilla/5.0 AppleWebKit/537.36 (KHTML, like Gecko; compatible; GPTBot/1.3; +https://openai.com/gptbot)"
66.249.64.35 - - [13/Apr/2026:23:55:59 +0000] "GET /e/03/ HTTP/1.1" 200 27119 "-" "Mozilla/5.0 (Linux; Android 6.0.1; Nexus 5X Build/MMB29P) AppleWebKit/537.36 (KHTML, like Gecko) Chrome/146.0.7680.177 Mobile Safari/537.36 (compatible; GoogleOther)"
185.191.171.12 - - [13/Apr/2026:23:56:00 +0000] "GET /shop/pg/1326530 HTTP/1.1" 500 164 "-" "Mozilla/5.0 (compatible; SemrushBot/7~bl; +http://www.semrush.com/bot.html)"
66.249.64.33 - - [13/Apr/2026:23:56:12 +0000] "GET /etc/alcohol.html HTTP/1.1" 200 28455 "-" "Mozilla/5.0 (Linux; Android 6.0.1; Nexus 5X Build/MMB29P) AppleWebKit/537.36 (KHTML, like Gecko) Chrome/146.0.7680.177 Mobile Safari/537.36 (compatible; Googlebot/2.1; +http://www.google.com/bot.html)"
85.208.96.202 - - [13/Apr/2026:23:56:37 +0000] "GET /robots.txt HTTP/1.1" 500 1004 "-" "Mozilla/5.0 (compatible; SemrushBot/7~bl; +http://www.semrush.com/bot.html)"
66.249.64.33 - - [13/Apr/2026:23:56:39 +0000] "GET /e/03/ HTTP/1.1" 200 27119 "-" "Mozilla/5.0 (Linux; Android 6.0.1; Nexus 5X Build/MMB29P) AppleWebKit/537.36 (KHTML, like Gecko) Chrome/146.0.7680.177 Mobile Safari/537.36 (compatible; Googlebot/2.1; +http://www.google.com/bot.html)"
66.249.64.33 - - [13/Apr/2026:23:56:52 +0000] "GET /odr/order/apiGetCartItems/ HTTP/1.1" 200 27877 "http://www.elementalmill.com/e/03/" "Mozilla/5.0 (Linux; Android 6.0.1; Nexus 5X Build/MMB29P) AppleWebKit/537.36 (KHTML, like Gecko) Chrome/146.0.7680.177 Mobile Safari/537.36 (compatible; Googlebot/2.1; +http://www.google.com/bot.html)"
74.7.242.41 - - [13/Apr/2026:23:56:54 +0000] "GET /shop/pg/1182241 HTTP/1.1" 500 1004 "http://mail.elementalmill.com/shopping/products/16201182241" "Mozilla/5.0 AppleWebKit/537.36 (KHTML, like Gecko; compatible; GPTBot/1.3; +https://openai.com/gptbot)"
74.7.243.205 - - [13/Apr/2026:23:57:01 +0000] "GET /shop/pg/2112609 HTTP/1.1" 500 1004 "http://www.elementalmill.com.lab2454.com/shop/customer/bookmark.php?shopping/products/16222112609" "Mozilla/5.0 AppleWebKit/537.36 (KHTML, like Gecko; compatible; GPTBot/1.3; +https://openai.com/gptbot)"
185.191.171.10 - - [13/Apr/2026:23:57:02 +0000] "GET /shopping/products/1619939762 HTTP/1.1" 500 164 "-" "Mozilla/5.0 (compatible; SemrushBot/7~bl; +http://www.semrush.com/bot.html)"
66.249.64.34 - - [13/Apr/2026:23:57:26 +0000] "GET /ctg/apiAllLCate/ HTTP/1.1" 200 27350 "http://www.elementalmill.com/e/03/" "Mozilla/5.0 (Linux; Android 6.0.1; Nexus 5X Build/MMB29P) AppleWebKit/537.36 (KHTML, like Gecko) Chrome/146.0.7680.177 Mobile Safari/537.36 (compatible; Googlebot/2.1; +http://www.google.com/bot.html)"
66.249.64.33 - - [13/Apr/2026:23:57:30 +0000] "GET /resource/js/json/megadrop_2015new.json HTTP/1.1" 200 27449 "http://www.elementalmill.com/e/03/" "Mozilla/5.0 (Linux; Android 6.0.1; Nexus 5X Build/MMB29P) AppleWebKit/537.36 (KHTML, like Gecko) Chrome/146.0.7680.177 Mobile Safari/537.36 (compatible; Googlebot/2.1; +http://www.google.com/bot.html)"
74.7.227.48 - - [13/Apr/2026:23:57:38 +0000] "GET /shop/pg/1677392 HTTP/1.1" 500 1004 "http://www.elementalmill.com/shopping/products/16211677392" "Mozilla/5.0 AppleWebKit/537.36 (KHTML, like Gecko; compatible; GPTBot/1.3; +https://openai.com/gptbot)"
85.208.96.195 - - [13/Apr/2026:23:58:03 +0000] "GET /shopping/products/1619945369 HTTP/1.1" 500 164 "-" "Mozilla/5.0 (compatible; SemrushBot/7~bl; +http://www.semrush.com/bot.html)"
74.7.242.41 - - [13/Apr/2026:23:58:31 +0000] "GET /shop/pg/16211858596 HTTP/1.1" 500 1004 "http://www.elementalmill.com" "Mozilla/5.0 AppleWebKit/537.36 (KHTML, like Gecko; compatible; GPTBot/1.3; +https://openai.com/gptbot)"
74.7.242.41 - - [13/Apr/2026:23:58:59 +0000] "GET /shop/pg/1298670 HTTP/1.1" 500 1004 "http://mail.elementalmill.com/shop/pg/16211673761" "Mozilla/5.0 AppleWebKit/537.36 (KHTML, like Gecko; compatible; GPTBot/1.3; +https://openai.com/gptbot)"
85.208.96.202 - - [13/Apr/2026:23:59:04 +0000] "GET /shopping/products/1619962953 HTTP/1.1" 500 164 "-" "Mozilla/5.0 (compatible; SemrushBot/7~bl; +http://www.semrush.com/bot.html)"
185.191.171.3 - - [14/Apr/2026:00:00:05 +0000] "GET /shop/pg/16222095650 HTTP/1.1" 500 164 "-" "Mozilla/5.0 (compatible; SemrushBot/7~bl; +http://www.semrush.com/bot.html)"
74.7.242.41 - - [14/Apr/2026:00:00:10 +0000] "GET /shop/pg/1974520 HTTP/1.1" 500 1004 "http://mail.elementalmill.com/shopping/products/16211974520" "Mozilla/5.0 AppleWebKit/537.36 (KHTML, like Gecko; compatible; GPTBot/1.3; +https://openai.com/gptbot)"
74.7.227.48 - - [14/Apr/2026:00:00:47 +0000] "GET /shop/pg/2044097 HTTP/1.1" 500 1004 "http://www.elementalmill.com/shopping/products/16222044097" "Mozilla/5.0 AppleWebKit/537.36 (KHTML, like Gecko; compatible; GPTBot/1.3; +https://openai.com/gptbot)"
185.191.171.17 - - [14/Apr/2026:00:01:06 +0000] "GET /shop/pg/16211759367 HTTP/1.1" 500 164 "-" "Mozilla/5.0 (compatible; SemrushBot/7~bl; +http://www.semrush.com/bot.html)"
74.7.242.41 - - [14/Apr/2026:00:01:38 +0000] "GET /shop/pg/16201057646 HTTP/1.1" 500 1004 "http://www.elementalmill.com" "Mozilla/5.0 AppleWebKit/537.36 (KHTML, like Gecko; compatible; GPTBot/1.3; +https://openai.com/gptbot)"
66.249.64.35 - - [14/Apr/2026:00:01:48 +0000] "GET /guide/policy/privacy.html HTTP/1.1" 200 28543 "-" "Mozilla/5.0 (Linux; Android 6.0.1; Nexus 5X Build/MMB29P) AppleWebKit/537.36 (KHTML, like Gecko) Chrome/146.0.7680.177 Mobile Safari/537.36 (compatible; GoogleOther)"
85.208.96.199 - - [14/Apr/2026:00:02:07 +0000] "GET /shop/pg/685574 HTTP/1.1" 500 164 "-" "Mozilla/5.0 (compatible; SemrushBot/7~bl; +http://www.semrush.com/bot.html)"
74.7.242.41 - - [14/Apr/2026:00:02:10 +0000] "GET /shop/pg/1945602 HTTP/1.1" 500 1004 "http://mail.elementalmill.com/shop/pg/1944441" "Mozilla/5.0 AppleWebKit/537.36 (KHTML, like Gecko; compatible; GPTBot/1.3; +https://openai.com/gptbot)"
66.249.64.34 - - [14/Apr/2026:00:02:23 +0000] "GET /robots.txt HTTP/1.1" 200 362 "-" "Mozilla/5.0 (compatible; Googlebot/2.1; +http://www.google.com/bot.html)"
185.247.137.176 - - [14/Apr/2026:00:02:31 +0000] "GET / HTTP/1.1" 500 1004 "-" "Mozilla/5.0 (compatible; InternetMeasurement/1.0; +https://internet-measurement.com/)"
74.7.227.48 - - [14/Apr/2026:00:02:53 +0000] "GET /shop/pg/1504911 HTTP/1.1" 500 1004 "http://www.elementalmill.com/shop/customer/bookmark.php?shopping/products/16211504911" "Mozilla/5.0 AppleWebKit/537.36 (KHTML, like Gecko; compatible; GPTBot/1.3; +https://openai.com/gptbot)"
85.208.96.199 - - [14/Apr/2026:00:03:07 +0000] "GET /shopping/products/1619978691 HTTP/1.1" 500 164 "-" "Mozilla/5.0 (compatible; SemrushBot/7~bl; +http://www.semrush.com/bot.html)"
74.7.227.185 - - [14/Apr/2026:00:03:20 +0000] "GET /shopping/products/16211593458 HTTP/1.1" 500 1004 "http://elementalmill.com.lab2454.com/shopping/products/16201410728" "Mozilla/5.0 AppleWebKit/537.36 (KHTML, like Gecko; compatible; GPTBot/1.3; +https://openai.com/gptbot)"
85.208.96.205 - - [14/Apr/2026:00:04:08 +0000] "GET /shop/pg/2053026 HTTP/1.1" 500 164 "-" "Mozilla/5.0 (compatible; SemrushBot/7~bl; +http://www.semrush.com/bot.html)"
74.7.242.41 - - [14/Apr/2026:00:04:16 +0000] "GET /shop/pg/1365089 HTTP/1.1" 500 1004 "http://mail.elementalmill.com/shop/pg/16211740185" "Mozilla/5.0 AppleWebKit/537.36 (KHTML, like Gecko; compatible; GPTBot/1.3; +https://openai.com/gptbot)"
85.208.96.205 - - [14/Apr/2026:00:05:09 +0000] "GET /shop/pg/16201405047 HTTP/1.1" 500 164 "-" "Mozilla/5.0 (compatible; SemrushBot/7~bl; +http://www.semrush.com/bot.html)"
185.191.171.13 - - [14/Apr/2026:00:06:10 +0000] "GET /shopping/products/1619983586 HTTP/1.1" 500 164 "-" "Mozilla/5.0 (compatible; SemrushBot/7~bl; +http://www.semrush.com/bot.html)"
74.7.242.41 - - [14/Apr/2026:00:06:22 +0000] "GET /shop/pg/2644314 HTTP/1.1" 500 1004 "http://mail.elementalmill.com/shop/customer/bookmark.php?shopping/products/16232644314" "Mozilla/5.0 AppleWebKit/537.36 (KHTML, like Gecko; compatible; GPTBot/1.3; +https://openai.com/gptbot)"
74.7.243.205 - - [14/Apr/2026:00:06:23 +0000] "GET /shop/pg/2202191 HTTP/1.1" 500 1004 "http://www.elementalmill.com.lab2454.com/shop/customer/bookmark.php?shopping/products/16222202191" "Mozilla/5.0 AppleWebKit/537.36 (KHTML, like Gecko; compatible; GPTBot/1.3; +https://openai.com/gptbot)"
74.7.227.185 - - [14/Apr/2026:00:06:29 +0000] "GET /shopping/products/16216903413 HTTP/1.1" 500 1004 "http://elementalmill.com.lab2454.com/sitemap363.xml" "Mozilla/5.0 AppleWebKit/537.36 (KHTML, like Gecko; compatible; GPTBot/1.3; +https://openai.com/gptbot)"
