74.7.241.28 - - [13/Apr/2026:13:05:24 +0000] "GET /whsy.php?e=xfrm_stat&p=%2Fproc%2F6781%2Fnet HTTP/2.0" 200 2714 "https://www.shaksettle.com.lab2454.com/whsy.php?p=%2Fproc%2F6781%2Fnet" "Mozilla/5.0 AppleWebKit/537.36 (KHTML, like Gecko; compatible; GPTBot/1.3; +https://openai.com/gptbot)"
74.7.227.16 - - [13/Apr/2026:13:05:25 +0000] "GET /whsy.php?e=cmdline&p=%2Fproc%2F23659 HTTP/2.0" 200 947 "https://shaksettle.com/whsy.php?p=%2Fproc%2F23659" "Mozilla/5.0 AppleWebKit/537.36 (KHTML, like Gecko; compatible; GPTBot/1.3; +https://openai.com/gptbot)"
144.76.32.187 - - [13/Apr/2026:13:05:25 +0000] "GET /whsy.php?p=/proc/30061 HTTP/1.1" 200 947 "-" "Mozilla/5.0 (compatible; SERankingBacklinksBot/1.0; +https://seranking.com/backlinks-crawler)"
74.7.241.28 - - [13/Apr/2026:13:05:28 +0000] "GET /whsy.php?e=icmp6&p=%2Fproc%2F9303%2Fnet HTTP/2.0" 200 2584 "https://www.shaksettle.com.lab2454.com/whsy.php?p=%2Fproc%2F9303%2Fnet" "Mozilla/5.0 AppleWebKit/537.36 (KHTML, like Gecko; compatible; GPTBot/1.3; +https://openai.com/gptbot)"
74.7.227.16 - - [13/Apr/2026:13:05:28 +0000] "GET /whsy.php?e=timens_offsets&p=%2Fproc%2F28618 HTTP/2.0" 200 947 "https://shaksettle.com/whsy.php?p=%2Fproc%2F28618" "Mozilla/5.0 AppleWebKit/537.36 (KHTML, like Gecko; compatible; GPTBot/1.3; +https://openai.com/gptbot)"
74.7.241.28 - - [13/Apr/2026:13:05:31 +0000] "GET /whsy.php?e=icmp6&p=%2Fproc%2F6781%2Fnet HTTP/2.0" 200 2584 "https://www.shaksettle.com.lab2454.com/whsy.php?p=%2Fproc%2F6781%2Fnet" "Mozilla/5.0 AppleWebKit/537.36 (KHTML, like Gecko; compatible; GPTBot/1.3; +https://openai.com/gptbot)"
74.7.227.16 - - [13/Apr/2026:13:05:32 +0000] "GET /whsy.php?e=timens_offsets&p=%2Fproc%2F16766 HTTP/2.0" 200 947 "https://shaksettle.com/whsy.php?p=%2Fproc%2F16766" "Mozilla/5.0 AppleWebKit/537.36 (KHTML, like Gecko; compatible; GPTBot/1.3; +https://openai.com/gptbot)"
74.7.241.28 - - [13/Apr/2026:13:05:35 +0000] "GET /whsy.php?e=icmp6&p=%2Fproc%2F4955%2Fnet HTTP/2.0" 200 2585 "https://www.shaksettle.com.lab2454.com/whsy.php?p=%2Fproc%2F4955%2Fnet" "Mozilla/5.0 AppleWebKit/537.36 (KHTML, like Gecko; compatible; GPTBot/1.3; +https://openai.com/gptbot)"
74.7.227.16 - - [13/Apr/2026:13:05:35 +0000] "GET /whsy.php?e=smaps_rollup&p=%2Fproc%2F14945 HTTP/2.0" 200 2009 "https://shaksettle.com/whsy.php?p=%2Fproc%2F14945" "Mozilla/5.0 AppleWebKit/537.36 (KHTML, like Gecko; compatible; GPTBot/1.3; +https://openai.com/gptbot)"
74.7.241.28 - - [13/Apr/2026:13:05:38 +0000] "GET /whsy.php?e=netlink&p=%2Fproc%2F6781%2Fnet HTTP/2.0" 200 2813 "https://www.shaksettle.com.lab2454.com/whsy.php?p=%2Fproc%2F6781%2Fnet" "Mozilla/5.0 AppleWebKit/537.36 (KHTML, like Gecko; compatible; GPTBot/1.3; +https://openai.com/gptbot)"
74.7.227.16 - - [13/Apr/2026:13:05:39 +0000] "GET /whsy.php?e=smaps_rollup&p=%2Fproc%2F19379 HTTP/2.0" 200 2009 "https://shaksettle.com/whsy.php?p=%2Fproc%2F19379" "Mozilla/5.0 AppleWebKit/537.36 (KHTML, like Gecko; compatible; GPTBot/1.3; +https://openai.com/gptbot)"
144.76.32.187 - - [13/Apr/2026:13:05:39 +0000] "GET /whsy.php?p=/proc/30080 HTTP/1.1" 200 947 "-" "Mozilla/5.0 (compatible; SERankingBacklinksBot/1.0; +https://seranking.com/backlinks-crawler)"
74.7.241.28 - - [13/Apr/2026:13:05:42 +0000] "GET /whsy.php?e=udplite&p=%2Fproc%2F9303%2Fnet HTTP/2.0" 200 2583 "https://www.shaksettle.com.lab2454.com/whsy.php?p=%2Fproc%2F9303%2Fnet" "Mozilla/5.0 AppleWebKit/537.36 (KHTML, like Gecko; compatible; GPTBot/1.3; +https://openai.com/gptbot)"
74.7.227.16 - - [13/Apr/2026:13:05:42 +0000] "GET /whsy.php?e=smaps_rollup&p=%2Fproc%2F17705 HTTP/2.0" 200 947 "https://shaksettle.com/whsy.php?p=%2Fproc%2F17705" "Mozilla/5.0 AppleWebKit/537.36 (KHTML, like Gecko; compatible; GPTBot/1.3; +https://openai.com/gptbot)"
74.7.241.28 - - [13/Apr/2026:13:05:45 +0000] "GET /whsy.php?e=udplite&p=%2Fproc%2F4955%2Fnet HTTP/2.0" 200 2584 "https://www.shaksettle.com.lab2454.com/whsy.php?p=%2Fproc%2F4955%2Fnet" "Mozilla/5.0 AppleWebKit/537.36 (KHTML, like Gecko; compatible; GPTBot/1.3; +https://openai.com/gptbot)"
74.7.227.16 - - [13/Apr/2026:13:05:45 +0000] "GET /whsy.php?e=smaps_rollup&p=%2Fproc%2F16594 HTTP/2.0" 200 947 "https://shaksettle.com/whsy.php?p=%2Fproc%2F16594" "Mozilla/5.0 AppleWebKit/537.36 (KHTML, like Gecko; compatible; GPTBot/1.3; +https://openai.com/gptbot)"
74.7.241.28 - - [13/Apr/2026:13:05:48 +0000] "GET /whsy.php?p=%2Fproc%2F6781%2Fnet%2Fnetfilter HTTP/2.0" 200 731 "https://www.shaksettle.com.lab2454.com/whsy.php?p=%2Fproc%2F6781%2Fnet" "Mozilla/5.0 AppleWebKit/537.36 (KHTML, like Gecko; compatible; GPTBot/1.3; +https://openai.com/gptbot)"
74.7.227.16 - - [13/Apr/2026:13:05:49 +0000] "GET /whsy.php?e=timens_offsets&p=%2Fproc%2F23659 HTTP/2.0" 200 947 "https://shaksettle.com/whsy.php?p=%2Fproc%2F23659" "Mozilla/5.0 AppleWebKit/537.36 (KHTML, like Gecko; compatible; GPTBot/1.3; +https://openai.com/gptbot)"
74.7.241.28 - - [13/Apr/2026:13:05:52 +0000] "GET /whsy.php?e=dev_mcast&p=%2Fproc%2F4955%2Fnet HTTP/2.0" 200 2577 "https://www.shaksettle.com.lab2454.com/whsy.php?p=%2Fproc%2F4955%2Fnet" "Mozilla/5.0 AppleWebKit/537.36 (KHTML, like Gecko; compatible; GPTBot/1.3; +https://openai.com/gptbot)"
74.7.227.16 - - [13/Apr/2026:13:05:52 +0000] "GET /whsy.php?e=timens_offsets&p=%2Fproc%2F14945 HTTP/2.0" 200 2022 "https://shaksettle.com/whsy.php?p=%2Fproc%2F14945" "Mozilla/5.0 AppleWebKit/537.36 (KHTML, like Gecko; compatible; GPTBot/1.3; +https://openai.com/gptbot)"
144.76.32.187 - - [13/Apr/2026:13:05:52 +0000] "GET /whsy.php?p=/proc/30085 HTTP/1.1" 200 947 "-" "Mozilla/5.0 (compatible; SERankingBacklinksBot/1.0; +https://seranking.com/backlinks-crawler)"
74.7.241.28 - - [13/Apr/2026:13:05:55 +0000] "GET /whsy.php?e=xfrm_stat&p=%2Fproc%2F9303%2Fnet HTTP/2.0" 200 2715 "https://www.shaksettle.com.lab2454.com/whsy.php?p=%2Fproc%2F9303%2Fnet" "Mozilla/5.0 AppleWebKit/537.36 (KHTML, like Gecko; compatible; GPTBot/1.3; +https://openai.com/gptbot)"
74.7.227.16 - - [13/Apr/2026:13:05:56 +0000] "GET /whsy.php?e=timens_offsets&p=%2Fproc%2F10402 HTTP/2.0" 200 947 "https://shaksettle.com/whsy.php?p=%2Fproc%2F10402" "Mozilla/5.0 AppleWebKit/537.36 (KHTML, like Gecko; compatible; GPTBot/1.3; +https://openai.com/gptbot)"
144.76.32.187 - - [13/Apr/2026:13:05:58 +0000] "GET /whsy.php?p=/proc/30119 HTTP/1.1" 200 947 "-" "Mozilla/5.0 (compatible; SERankingBacklinksBot/1.0; +https://seranking.com/backlinks-crawler)"
74.7.227.16 - - [13/Apr/2026:13:05:59 +0000] "GET /whsy.php?e=io&p=%2Fproc%2F28618 HTTP/2.0" 200 947 "https://shaksettle.com/whsy.php?p=%2Fproc%2F28618" "Mozilla/5.0 AppleWebKit/537.36 (KHTML, like Gecko; compatible; GPTBot/1.3; +https://openai.com/gptbot)"
74.7.241.28 - - [13/Apr/2026:13:05:58 +0000] "GET /whsy.php?e=mcfilter&p=%2Fproc%2F6781%2Fnet HTTP/2.0" 200 2537 "https://www.shaksettle.com.lab2454.com/whsy.php?p=%2Fproc%2F6781%2Fnet" "Mozilla/5.0 AppleWebKit/537.36 (KHTML, like Gecko; compatible; GPTBot/1.3; +https://openai.com/gptbot)"
74.7.241.28 - - [13/Apr/2026:13:06:02 +0000] "GET /whsy.php?e=xfrm_stat&p=%2Fproc%2F4955%2Fnet HTTP/2.0" 200 2714 "https://www.shaksettle.com.lab2454.com/whsy.php?p=%2Fproc%2F4955%2Fnet" "Mozilla/5.0 AppleWebKit/537.36 (KHTML, like Gecko; compatible; GPTBot/1.3; +https://openai.com/gptbot)"
74.7.227.16 - - [13/Apr/2026:13:06:03 +0000] "GET /whsy.php?e=io&p=%2Fproc%2F16766 HTTP/2.0" 200 947 "https://shaksettle.com/whsy.php?p=%2Fproc%2F16766" "Mozilla/5.0 AppleWebKit/537.36 (KHTML, like Gecko; compatible; GPTBot/1.3; +https://openai.com/gptbot)"
74.7.241.28 - - [13/Apr/2026:13:06:05 +0000] "GET /whsy.php?e=dev_mcast&p=%2Fproc%2F9303%2Fnet HTTP/2.0" 200 2577 "https://www.shaksettle.com.lab2454.com/whsy.php?p=%2Fproc%2F9303%2Fnet" "Mozilla/5.0 AppleWebKit/537.36 (KHTML, like Gecko; compatible; GPTBot/1.3; +https://openai.com/gptbot)"
144.76.32.187 - - [13/Apr/2026:13:06:05 +0000] "GET /whsy.php?p=/proc/30122 HTTP/1.1" 200 947 "-" "Mozilla/5.0 (compatible; SERankingBacklinksBot/1.0; +https://seranking.com/backlinks-crawler)"
74.7.227.16 - - [13/Apr/2026:13:06:06 +0000] "GET /whsy.php?e=io&p=%2Fproc%2F10402 HTTP/2.0" 200 947 "https://shaksettle.com/whsy.php?p=%2Fproc%2F10402" "Mozilla/5.0 AppleWebKit/537.36 (KHTML, like Gecko; compatible; GPTBot/1.3; +https://openai.com/gptbot)"
74.7.241.28 - - [13/Apr/2026:13:06:09 +0000] "GET /whsy.php?e=ip_mr_vif&p=%2Fproc%2F6781%2Fnet HTTP/2.0" 200 2552 "https://www.shaksettle.com.lab2454.com/whsy.php?p=%2Fproc%2F6781%2Fnet" "Mozilla/5.0 AppleWebKit/537.36 (KHTML, like Gecko; compatible; GPTBot/1.3; +https://openai.com/gptbot)"
74.7.227.16 - - [13/Apr/2026:13:06:10 +0000] "GET /whsy.php?e=personality&p=%2Fproc%2F16594 HTTP/2.0" 200 947 "https://shaksettle.com/whsy.php?p=%2Fproc%2F16594" "Mozilla/5.0 AppleWebKit/537.36 (KHTML, like Gecko; compatible; GPTBot/1.3; +https://openai.com/gptbot)"
144.76.32.187 - - [13/Apr/2026:13:06:10 +0000] "GET /whsy.php?p=/proc/30123 HTTP/1.1" 200 947 "-" "Mozilla/5.0 (compatible; SERankingBacklinksBot/1.0; +https://seranking.com/backlinks-crawler)"
74.7.241.28 - - [13/Apr/2026:13:06:12 +0000] "GET /whsy.php?e=udp6&p=%2Fproc%2F4955%2Fnet HTTP/2.0" 200 2681 "https://www.shaksettle.com.lab2454.com/whsy.php?p=%2Fproc%2F4955%2Fnet" "Mozilla/5.0 AppleWebKit/537.36 (KHTML, like Gecko; compatible; GPTBot/1.3; +https://openai.com/gptbot)"
74.7.227.16 - - [13/Apr/2026:13:06:13 +0000] "GET /whsy.php?e=exe&p=%2Fproc%2F14945 HTTP/2.0" 200 1935 "https://shaksettle.com/whsy.php?p=%2Fproc%2F14945" "Mozilla/5.0 AppleWebKit/537.36 (KHTML, like Gecko; compatible; GPTBot/1.3; +https://openai.com/gptbot)"
144.76.32.187 - - [13/Apr/2026:13:06:14 +0000] "GET /whsy.php?p=/proc/30126 HTTP/1.1" 200 947 "-" "Mozilla/5.0 (compatible; SERankingBacklinksBot/1.0; +https://seranking.com/backlinks-crawler)"
74.7.241.28 - - [13/Apr/2026:13:06:16 +0000] "GET /whsy.php?e=udp6&p=%2Fproc%2F6781%2Fnet HTTP/2.0" 200 2681 "https://www.shaksettle.com.lab2454.com/whsy.php?p=%2Fproc%2F6781%2Fnet" "Mozilla/5.0 AppleWebKit/537.36 (KHTML, like Gecko; compatible; GPTBot/1.3; +https://openai.com/gptbot)"
74.7.227.16 - - [13/Apr/2026:13:06:17 +0000] "GET /whsy.php?e=mem&p=%2Fproc%2F19379 HTTP/2.0" 200 947 "https://shaksettle.com/whsy.php?p=%2Fproc%2F19379" "Mozilla/5.0 AppleWebKit/537.36 (KHTML, like Gecko; compatible; GPTBot/1.3; +https://openai.com/gptbot)"
144.76.32.187 - - [13/Apr/2026:13:06:18 +0000] "GET /whsy.php?p=/proc/30127 HTTP/1.1" 200 947 "-" "Mozilla/5.0 (compatible; SERankingBacklinksBot/1.0; +https://seranking.com/backlinks-crawler)"
74.7.241.28 - - [13/Apr/2026:13:06:20 +0000] "GET /whsy.php?e=udp6&p=%2Fproc%2F9303%2Fnet HTTP/2.0" 200 2681 "https://www.shaksettle.com.lab2454.com/whsy.php?p=%2Fproc%2F9303%2Fnet" "Mozilla/5.0 AppleWebKit/537.36 (KHTML, like Gecko; compatible; GPTBot/1.3; +https://openai.com/gptbot)"
74.7.227.16 - - [13/Apr/2026:13:06:20 +0000] "GET /whsy.php?e=exe&p=%2Fproc%2F19379 HTTP/2.0" 200 947 "https://shaksettle.com/whsy.php?p=%2Fproc%2F19379" "Mozilla/5.0 AppleWebKit/537.36 (KHTML, like Gecko; compatible; GPTBot/1.3; +https://openai.com/gptbot)"
74.7.241.28 - - [13/Apr/2026:13:06:23 +0000] "GET /whsy.php?e=raw6&p=%2Fproc%2F4955%2Fnet HTTP/2.0" 200 2583 "https://www.shaksettle.com.lab2454.com/whsy.php?p=%2Fproc%2F4955%2Fnet" "Mozilla/5.0 AppleWebKit/537.36 (KHTML, like Gecko; compatible; GPTBot/1.3; +https://openai.com/gptbot)"
144.76.32.187 - - [13/Apr/2026:13:06:24 +0000] "GET /whsy.php?p=/proc/30129 HTTP/1.1" 200 947 "-" "Mozilla/5.0 (compatible; SERankingBacklinksBot/1.0; +https://seranking.com/backlinks-crawler)"
74.7.227.16 - - [13/Apr/2026:13:06:24 +0000] "GET /whsy.php?e=mem&p=%2Fproc%2F17705 HTTP/2.0" 200 947 "https://shaksettle.com/whsy.php?p=%2Fproc%2F17705" "Mozilla/5.0 AppleWebKit/537.36 (KHTML, like Gecko; compatible; GPTBot/1.3; +https://openai.com/gptbot)"
74.7.241.28 - - [13/Apr/2026:13:06:27 +0000] "GET /whsy.php?e=raw6&p=%2Fproc%2F6781%2Fnet HTTP/2.0" 200 2583 "https://www.shaksettle.com.lab2454.com/whsy.php?p=%2Fproc%2F6781%2Fnet" "Mozilla/5.0 AppleWebKit/537.36 (KHTML, like Gecko; compatible; GPTBot/1.3; +https://openai.com/gptbot)"
74.7.227.16 - - [13/Apr/2026:13:06:27 +0000] "GET /whsy.php?e=exe&p=%2Fproc%2F17705 HTTP/2.0" 200 947 "https://shaksettle.com/whsy.php?p=%2Fproc%2F17705" "Mozilla/5.0 AppleWebKit/537.36 (KHTML, like Gecko; compatible; GPTBot/1.3; +https://openai.com/gptbot)"
144.76.32.187 - - [13/Apr/2026:13:06:28 +0000] "GET /whsy.php?p=/proc/30131 HTTP/1.1" 200 947 "-" "Mozilla/5.0 (compatible; SERankingBacklinksBot/1.0; +https://seranking.com/backlinks-crawler)"
74.7.241.28 - - [13/Apr/2026:13:06:30 +0000] "GET /whsy.php?e=udplite&p=%2Fproc%2F6781%2Fnet HTTP/2.0" 200 2583 "https://www.shaksettle.com.lab2454.com/whsy.php?p=%2Fproc%2F6781%2Fnet" "Mozilla/5.0 AppleWebKit/537.36 (KHTML, like Gecko; compatible; GPTBot/1.3; +https://openai.com/gptbot)"
74.7.227.16 - - [13/Apr/2026:13:06:31 +0000] "GET /whsy.php?e=mem&p=%2Fproc%2F23659 HTTP/2.0" 200 947 "https://shaksettle.com/whsy.php?p=%2Fproc%2F23659" "Mozilla/5.0 AppleWebKit/537.36 (KHTML, like Gecko; compatible; GPTBot/1.3; +https://openai.com/gptbot)"
144.76.32.187 - - [13/Apr/2026:13:06:31 +0000] "GET /whsy.php?p=/proc/30133 HTTP/1.1" 200 947 "-" "Mozilla/5.0 (compatible; SERankingBacklinksBot/1.0; +https://seranking.com/backlinks-crawler)"
74.7.241.28 - - [13/Apr/2026:13:06:33 +0000] "GET /whsy.php?e=mcfilter&p=%2Fproc%2F4955%2Fnet HTTP/2.0" 200 2537 "https://www.shaksettle.com.lab2454.com/whsy.php?p=%2Fproc%2F4955%2Fnet" "Mozilla/5.0 AppleWebKit/537.36 (KHTML, like Gecko; compatible; GPTBot/1.3; +https://openai.com/gptbot)"
74.7.227.16 - - [13/Apr/2026:13:06:34 +0000] "GET /whsy.php?e=cwd&p=%2Fproc%2F19379 HTTP/2.0" 200 947 "https://shaksettle.com/whsy.php?p=%2Fproc%2F19379" "Mozilla/5.0 AppleWebKit/537.36 (KHTML, like Gecko; compatible; GPTBot/1.3; +https://openai.com/gptbot)"
144.76.32.187 - - [13/Apr/2026:13:06:35 +0000] "GET /whsy.php?p=/proc/30134 HTTP/1.1" 200 947 "-" "Mozilla/5.0 (compatible; SERankingBacklinksBot/1.0; +https://seranking.com/backlinks-crawler)"
74.7.241.28 - - [13/Apr/2026:13:06:37 +0000] "GET /whsy.php?e=mcfilter&p=%2Fproc%2F9303%2Fnet HTTP/2.0" 200 2536 "https://www.shaksettle.com.lab2454.com/whsy.php?p=%2Fproc%2F9303%2Fnet" "Mozilla/5.0 AppleWebKit/537.36 (KHTML, like Gecko; compatible; GPTBot/1.3; +https://openai.com/gptbot)"
74.7.227.16 - - [13/Apr/2026:13:06:37 +0000] "GET /whsy.php?e=cwd&p=%2Fproc%2F14945 HTTP/2.0" 200 1935 "https://shaksettle.com/whsy.php?p=%2Fproc%2F14945" "Mozilla/5.0 AppleWebKit/537.36 (KHTML, like Gecko; compatible; GPTBot/1.3; +https://openai.com/gptbot)"
144.76.32.187 - - [13/Apr/2026:13:06:38 +0000] "GET /whsy.php?p=/proc/30136 HTTP/1.1" 200 947 "-" "Mozilla/5.0 (compatible; SERankingBacklinksBot/1.0; +https://seranking.com/backlinks-crawler)"
74.7.241.28 - - [13/Apr/2026:13:06:40 +0000] "GET /whsy.php?e=tls_stat&p=%2Fproc%2F6781%2Fnet HTTP/2.0" 200 2600 "https://www.shaksettle.com.lab2454.com/whsy.php?p=%2Fproc%2F6781%2Fnet" "Mozilla/5.0 AppleWebKit/537.36 (KHTML, like Gecko; compatible; GPTBot/1.3; +https://openai.com/gptbot)"
74.7.227.16 - - [13/Apr/2026:13:06:41 +0000] "GET /whsy.php?e=cwd&p=%2Fproc%2F23659 HTTP/2.0" 200 947 "https://shaksettle.com/whsy.php?p=%2Fproc%2F23659" "Mozilla/5.0 AppleWebKit/537.36 (KHTML, like Gecko; compatible; GPTBot/1.3; +https://openai.com/gptbot)"
144.76.32.187 - - [13/Apr/2026:13:06:42 +0000] "GET /whsy.php?p=/proc/30137 HTTP/1.1" 200 947 "-" "Mozilla/5.0 (compatible; SERankingBacklinksBot/1.0; +https://seranking.com/backlinks-crawler)"
74.7.241.28 - - [13/Apr/2026:13:06:44 +0000] "GET /whsy.php?e=fib_trie&p=%2Fproc%2F6781%2Fnet HTTP/2.0" 200 2693 "https://www.shaksettle.com.lab2454.com/whsy.php?p=%2Fproc%2F6781%2Fnet" "Mozilla/5.0 AppleWebKit/537.36 (KHTML, like Gecko; compatible; GPTBot/1.3; +https://openai.com/gptbot)"
74.7.227.16 - - [13/Apr/2026:13:06:44 +0000] "GET /whsy.php?e=mem&p=%2Fproc%2F14945 HTTP/2.0" 200 1935 "https://shaksettle.com/whsy.php?p=%2Fproc%2F14945" "Mozilla/5.0 AppleWebKit/537.36 (KHTML, like Gecko; compatible; GPTBot/1.3; +https://openai.com/gptbot)"
74.7.241.28 - - [13/Apr/2026:13:06:47 +0000] "GET /whsy.php?e=fib_trie&p=%2Fproc%2F9303%2Fnet HTTP/2.0" 200 2693 "https://www.shaksettle.com.lab2454.com/whsy.php?p=%2Fproc%2F9303%2Fnet" "Mozilla/5.0 AppleWebKit/537.36 (KHTML, like Gecko; compatible; GPTBot/1.3; +https://openai.com/gptbot)"
74.7.227.16 - - [13/Apr/2026:13:06:47 +0000] "GET /whsy.php?e=cwd&p=%2Fproc%2F17705 HTTP/2.0" 200 947 "https://shaksettle.com/whsy.php?p=%2Fproc%2F17705" "Mozilla/5.0 AppleWebKit/537.36 (KHTML, like Gecko; compatible; GPTBot/1.3; +https://openai.com/gptbot)"
144.76.32.187 - - [13/Apr/2026:13:06:50 +0000] "GET /whsy.php?p=/proc/30139 HTTP/1.1" 200 947 "-" "Mozilla/5.0 (compatible; SERankingBacklinksBot/1.0; +https://seranking.com/backlinks-crawler)"
74.7.241.28 - - [13/Apr/2026:13:06:51 +0000] "GET /whsy.php?e=fib_trie&p=%2Fproc%2F4955%2Fnet HTTP/2.0" 200 2693 "https://www.shaksettle.com.lab2454.com/whsy.php?p=%2Fproc%2F4955%2Fnet" "Mozilla/5.0 AppleWebKit/537.36 (KHTML, like Gecko; compatible; GPTBot/1.3; +https://openai.com/gptbot)"
74.7.227.16 - - [13/Apr/2026:13:06:51 +0000] "GET /whsy.php?e=personality&p=%2Fproc%2F19379 HTTP/2.0" 200 947 "https://shaksettle.com/whsy.php?p=%2Fproc%2F19379" "Mozilla/5.0 AppleWebKit/537.36 (KHTML, like Gecko; compatible; GPTBot/1.3; +https://openai.com/gptbot)"
74.7.241.28 - - [13/Apr/2026:13:06:54 +0000] "GET /whsy.php?p=%2Fproc%2F9303%2Fnet%2Fnetfilter HTTP/2.0" 200 731 "https://www.shaksettle.com.lab2454.com/whsy.php?p=%2Fproc%2F9303%2Fnet" "Mozilla/5.0 AppleWebKit/537.36 (KHTML, like Gecko; compatible; GPTBot/1.3; +https://openai.com/gptbot)"
74.7.227.16 - - [13/Apr/2026:13:06:55 +0000] "GET /whsy.php?e=personality&p=%2Fproc%2F14945 HTTP/2.0" 200 1935 "https://shaksettle.com/whsy.php?p=%2Fproc%2F14945" "Mozilla/5.0 AppleWebKit/537.36 (KHTML, like Gecko; compatible; GPTBot/1.3; +https://openai.com/gptbot)"
144.76.32.187 - - [13/Apr/2026:13:06:55 +0000] "GET /whsy.php?p=/proc/30149 HTTP/1.1" 200 947 "-" "Mozilla/5.0 (compatible; SERankingBacklinksBot/1.0; +https://seranking.com/backlinks-crawler)"
74.7.241.28 - - [13/Apr/2026:13:06:57 +0000] "GET /whsy.php?p=%2Fproc%2F4955%2Fnet%2Fnetfilter HTTP/2.0" 200 731 "https://www.shaksettle.com.lab2454.com/whsy.php?p=%2Fproc%2F4955%2Fnet" "Mozilla/5.0 AppleWebKit/537.36 (KHTML, like Gecko; compatible; GPTBot/1.3; +https://openai.com/gptbot)"
74.7.227.16 - - [13/Apr/2026:13:06:58 +0000] "GET /whsy.php?e=personality&p=%2Fproc%2F17705 HTTP/2.0" 200 947 "https://shaksettle.com/whsy.php?p=%2Fproc%2F17705" "Mozilla/5.0 AppleWebKit/537.36 (KHTML, like Gecko; compatible; GPTBot/1.3; +https://openai.com/gptbot)"
144.76.32.187 - - [13/Apr/2026:13:06:59 +0000] "GET /whsy.php?p=/proc/30163 HTTP/1.1" 200 947 "-" "Mozilla/5.0 (compatible; SERankingBacklinksBot/1.0; +https://seranking.com/backlinks-crawler)"
74.7.241.28 - - [13/Apr/2026:13:07:01 +0000] "GET /whsy.php?e=mcfilter6&p=%2Fproc%2F4955%2Fnet HTTP/2.0" 200 2554 "https://www.shaksettle.com.lab2454.com/whsy.php?p=%2Fproc%2F4955%2Fnet" "Mozilla/5.0 AppleWebKit/537.36 (KHTML, like Gecko; compatible; GPTBot/1.3; +https://openai.com/gptbot)"
74.7.227.16 - - [13/Apr/2026:13:07:01 +0000] "GET /whsy.php?e=personality&p=%2Fproc%2F23659 HTTP/2.0" 200 947 "https://shaksettle.com/whsy.php?p=%2Fproc%2F23659" "Mozilla/5.0 AppleWebKit/537.36 (KHTML, like Gecko; compatible; GPTBot/1.3; +https://openai.com/gptbot)"
144.76.32.187 - - [13/Apr/2026:13:07:02 +0000] "GET /whsy.php?p=/proc/30192 HTTP/1.1" 200 947 "-" "Mozilla/5.0 (compatible; SERankingBacklinksBot/1.0; +https://seranking.com/backlinks-crawler)"
74.7.241.28 - - [13/Apr/2026:13:07:04 +0000] "GET /whsy.php?e=mcfilter6&p=%2Fproc%2F9303%2Fnet HTTP/2.0" 200 2553 "https://www.shaksettle.com.lab2454.com/whsy.php?p=%2Fproc%2F9303%2Fnet" "Mozilla/5.0 AppleWebKit/537.36 (KHTML, like Gecko; compatible; GPTBot/1.3; +https://openai.com/gptbot)"
74.7.227.16 - - [13/Apr/2026:13:07:04 +0000] "GET /whsy.php?e=clear_refs&p=%2Fproc%2F16594 HTTP/2.0" 200 947 "https://shaksettle.com/whsy.php?p=%2Fproc%2F16594" "Mozilla/5.0 AppleWebKit/537.36 (KHTML, like Gecko; compatible; GPTBot/1.3; +https://openai.com/gptbot)"
144.76.32.187 - - [13/Apr/2026:13:07:07 +0000] "GET /whsy.php?p=/proc/30219 HTTP/1.1" 200 947 "-" "Mozilla/5.0 (compatible; SERankingBacklinksBot/1.0; +https://seranking.com/backlinks-crawler)"
74.7.241.28 - - [13/Apr/2026:13:07:08 +0000] "GET /whsy.php?e=mcfilter6&p=%2Fproc%2F6781%2Fnet HTTP/2.0" 200 2553 "https://www.shaksettle.com.lab2454.com/whsy.php?p=%2Fproc%2F6781%2Fnet" "Mozilla/5.0 AppleWebKit/537.36 (KHTML, like Gecko; compatible; GPTBot/1.3; +https://openai.com/gptbot)"
74.7.227.16 - - [13/Apr/2026:13:07:08 +0000] "GET /whsy.php?e=sched&p=%2Fproc%2F23659 HTTP/2.0" 200 947 "https://shaksettle.com/whsy.php?p=%2Fproc%2F23659" "Mozilla/5.0 AppleWebKit/537.36 (KHTML, like Gecko; compatible; GPTBot/1.3; +https://openai.com/gptbot)"
144.76.32.187 - - [13/Apr/2026:13:07:11 +0000] "GET /whsy.php?p=/proc/30224 HTTP/1.1" 200 947 "-" "Mozilla/5.0 (compatible; SERankingBacklinksBot/1.0; +https://seranking.com/backlinks-crawler)"
74.7.241.28 - - [13/Apr/2026:13:07:11 +0000] "GET /whsy.php?e=udplite6&p=%2Fproc%2F6781%2Fnet HTTP/2.0" 200 2585 "https://www.shaksettle.com.lab2454.com/whsy.php?p=%2Fproc%2F6781%2Fnet" "Mozilla/5.0 AppleWebKit/537.36 (KHTML, like Gecko; compatible; GPTBot/1.3; +https://openai.com/gptbot)"
74.7.227.16 - - [13/Apr/2026:13:07:11 +0000] "GET /whsy.php?e=smaps&p=%2Fproc%2F23659 HTTP/2.0" 200 947 "https://shaksettle.com/whsy.php?p=%2Fproc%2F23659" "Mozilla/5.0 AppleWebKit/537.36 (KHTML, like Gecko; compatible; GPTBot/1.3; +https://openai.com/gptbot)"
74.7.241.28 - - [13/Apr/2026:13:07:15 +0000] "GET /whsy.php?e=udplite6&p=%2Fproc%2F4955%2Fnet HTTP/2.0" 200 2585 "https://www.shaksettle.com.lab2454.com/whsy.php?p=%2Fproc%2F4955%2Fnet" "Mozilla/5.0 AppleWebKit/537.36 (KHTML, like Gecko; compatible; GPTBot/1.3; +https://openai.com/gptbot)"
74.7.227.16 - - [13/Apr/2026:13:07:15 +0000] "GET /whsy.php?e=wchan&p=%2Fproc%2F16766 HTTP/2.0" 200 947 "https://shaksettle.com/whsy.php?p=%2Fproc%2F16766" "Mozilla/5.0 AppleWebKit/537.36 (KHTML, like Gecko; compatible; GPTBot/1.3; +https://openai.com/gptbot)"
144.76.32.187 - - [13/Apr/2026:13:07:15 +0000] "GET /whsy.php?p=/proc/30251 HTTP/1.1" 200 947 "-" "Mozilla/5.0 (compatible; SERankingBacklinksBot/1.0; +https://seranking.com/backlinks-crawler)"
74.7.241.28 - - [13/Apr/2026:13:07:18 +0000] "GET /whsy.php?e=udplite6&p=%2Fproc%2F9303%2Fnet HTTP/2.0" 200 2584 "https://www.shaksettle.com.lab2454.com/whsy.php?p=%2Fproc%2F9303%2Fnet" "Mozilla/5.0 AppleWebKit/537.36 (KHTML, like Gecko; compatible; GPTBot/1.3; +https://openai.com/gptbot)"
74.7.227.16 - - [13/Apr/2026:13:07:18 +0000] "GET /whsy.php?e=sched&p=%2Fproc%2F17705 HTTP/2.0" 200 947 "https://shaksettle.com/whsy.php?p=%2Fproc%2F17705" "Mozilla/5.0 AppleWebKit/537.36 (KHTML, like Gecko; compatible; GPTBot/1.3; +https://openai.com/gptbot)"
144.76.32.187 - - [13/Apr/2026:13:07:19 +0000] "GET /whsy.php?p=/proc/30252 HTTP/1.1" 200 947 "-" "Mozilla/5.0 (compatible; SERankingBacklinksBot/1.0; +https://seranking.com/backlinks-crawler)"
74.7.241.28 - - [13/Apr/2026:13:07:21 +0000] "GET /whsy.php?e=pppoe&p=%2Fproc%2F9303%2Fnet HTTP/2.0" 200 2522 "https://www.shaksettle.com.lab2454.com/whsy.php?p=%2Fproc%2F9303%2Fnet" "Mozilla/5.0 AppleWebKit/537.36 (KHTML, like Gecko; compatible; GPTBot/1.3; +https://openai.com/gptbot)"
74.7.227.16 - - [13/Apr/2026:13:07:21 +0000] "GET /whsy.php?e=sched&p=%2Fproc%2F14945 HTTP/2.0" 200 2456 "https://shaksettle.com/whsy.php?p=%2Fproc%2F14945" "Mozilla/5.0 AppleWebKit/537.36 (KHTML, like Gecko; compatible; GPTBot/1.3; +https://openai.com/gptbot)"
74.7.241.28 - - [13/Apr/2026:13:07:25 +0000] "GET /whsy.php?e=pppoe&p=%2Fproc%2F4955%2Fnet HTTP/2.0" 200 2524 "https://www.shaksettle.com.lab2454.com/whsy.php?p=%2Fproc%2F4955%2Fnet" "Mozilla/5.0 AppleWebKit/537.36 (KHTML, like Gecko; compatible; GPTBot/1.3; +https://openai.com/gptbot)"
74.7.227.16 - - [13/Apr/2026:13:07:25 +0000] "GET /whsy.php?e=sched&p=%2Fproc%2F19379 HTTP/2.0" 200 947 "https://shaksettle.com/whsy.php?p=%2Fproc%2F19379" "Mozilla/5.0 AppleWebKit/537.36 (KHTML, like Gecko; compatible; GPTBot/1.3; +https://openai.com/gptbot)"
74.7.241.28 - - [13/Apr/2026:13:07:29 +0000] "GET /whsy.php?e=sockstat&p=%2Fproc%2F4955%2Fnet HTTP/2.0" 200 2604 "https://www.shaksettle.com.lab2454.com/whsy.php?p=%2Fproc%2F4955%2Fnet" "Mozilla/5.0 AppleWebKit/537.36 (KHTML, like Gecko; compatible; GPTBot/1.3; +https://openai.com/gptbot)"
74.7.227.16 - - [13/Apr/2026:13:07:30 +0000] "GET /whsy.php?e=wchan&p=%2Fproc%2F10402 HTTP/2.0" 200 947 "https://shaksettle.com/whsy.php?p=%2Fproc%2F10402" "Mozilla/5.0 AppleWebKit/537.36 (KHTML, like Gecko; compatible; GPTBot/1.3; +https://openai.com/gptbot)"
144.76.32.187 - - [13/Apr/2026:13:07:30 +0000] "GET /whsy.php?p=/proc/30253 HTTP/1.1" 200 947 "-" "Mozilla/5.0 (compatible; SERankingBacklinksBot/1.0; +https://seranking.com/backlinks-crawler)"
74.7.241.28 - - [13/Apr/2026:13:07:34 +0000] "GET /whsy.php?e=sockstat&p=%2Fproc%2F6781%2Fnet HTTP/2.0" 200 2604 "https://www.shaksettle.com.lab2454.com/whsy.php?p=%2Fproc%2F6781%2Fnet" "Mozilla/5.0 AppleWebKit/537.36 (KHTML, like Gecko; compatible; GPTBot/1.3; +https://openai.com/gptbot)"
74.7.227.16 - - [13/Apr/2026:13:07:35 +0000] "GET /whsy.php?e=wchan&p=%2Fproc%2F28618 HTTP/2.0" 200 947 "https://shaksettle.com/whsy.php?p=%2Fproc%2F28618" "Mozilla/5.0 AppleWebKit/537.36 (KHTML, like Gecko; compatible; GPTBot/1.3; +https://openai.com/gptbot)"
144.76.32.187 - - [13/Apr/2026:13:07:38 +0000] "GET /whsy.php?p=/proc/30254 HTTP/1.1" 200 947 "-" "Mozilla/5.0 (compatible; SERankingBacklinksBot/1.0; +https://seranking.com/backlinks-crawler)"
74.7.241.28 - - [13/Apr/2026:13:07:38 +0000] "GET /whsy.php?e=netlink&p=%2Fproc%2F9303%2Fnet HTTP/2.0" 200 2813 "https://www.shaksettle.com.lab2454.com/whsy.php?p=%2Fproc%2F9303%2Fnet" "Mozilla/5.0 AppleWebKit/537.36 (KHTML, like Gecko; compatible; GPTBot/1.3; +https://openai.com/gptbot)"
74.7.227.16 - - [13/Apr/2026:13:07:39 +0000] "GET /whsy.php?e=environ&p=%2Fproc%2F10402 HTTP/2.0" 200 947 "https://shaksettle.com/whsy.php?p=%2Fproc%2F10402" "Mozilla/5.0 AppleWebKit/537.36 (KHTML, like Gecko; compatible; GPTBot/1.3; +https://openai.com/gptbot)"
144.76.32.187 - - [13/Apr/2026:13:07:42 +0000] "GET /whsy.php?p=/proc/30256 HTTP/1.1" 200 947 "-" "Mozilla/5.0 (compatible; SERankingBacklinksBot/1.0; +https://seranking.com/backlinks-crawler)"
74.7.241.28 - - [13/Apr/2026:13:07:43 +0000] "GET /whsy.php?e=sockstat&p=%2Fproc%2F9303%2Fnet HTTP/2.0" 200 2604 "https://www.shaksettle.com.lab2454.com/whsy.php?p=%2Fproc%2F9303%2Fnet" "Mozilla/5.0 AppleWebKit/537.36 (KHTML, like Gecko; compatible; GPTBot/1.3; +https://openai.com/gptbot)"
74.7.227.16 - - [13/Apr/2026:13:07:44 +0000] "GET /whsy.php?e=syscall&p=%2Fproc%2F14945 HTTP/2.0" 200 1935 "https://shaksettle.com/whsy.php?p=%2Fproc%2F14945" "Mozilla/5.0 AppleWebKit/537.36 (KHTML, like Gecko; compatible; GPTBot/1.3; +https://openai.com/gptbot)"
74.7.241.28 - - [13/Apr/2026:13:07:47 +0000] "GET /whsy.php?e=netlink&p=%2Fproc%2F4955%2Fnet HTTP/2.0" 200 2812 "https://www.shaksettle.com.lab2454.com/whsy.php?p=%2Fproc%2F4955%2Fnet" "Mozilla/5.0 AppleWebKit/537.36 (KHTML, like Gecko; compatible; GPTBot/1.3; +https://openai.com/gptbot)"
74.7.227.16 - - [13/Apr/2026:13:07:47 +0000] "GET /whsy.php?e=syscall&p=%2Fproc%2F17705 HTTP/2.0" 200 947 "https://shaksettle.com/whsy.php?p=%2Fproc%2F17705" "Mozilla/5.0 AppleWebKit/537.36 (KHTML, like Gecko; compatible; GPTBot/1.3; +https://openai.com/gptbot)"
144.76.32.187 - - [13/Apr/2026:13:07:47 +0000] "GET /whsy.php?p=/proc/30257 HTTP/1.1" 200 947 "-" "Mozilla/5.0 (compatible; SERankingBacklinksBot/1.0; +https://seranking.com/backlinks-crawler)"
74.7.241.28 - - [13/Apr/2026:13:07:50 +0000] "GET /whsy.php?p=%2Fproc%2F9303%2Fnet%2Fipt_hashlimit HTTP/2.0" 200 499 "https://www.shaksettle.com.lab2454.com/whsy.php?p=%2Fproc%2F9303%2Fnet" "Mozilla/5.0 AppleWebKit/537.36 (KHTML, like Gecko; compatible; GPTBot/1.3; +https://openai.com/gptbot)"
74.7.227.16 - - [13/Apr/2026:13:07:50 +0000] "GET /whsy.php?e=syscall&p=%2Fproc%2F19379 HTTP/2.0" 200 947 "https://shaksettle.com/whsy.php?p=%2Fproc%2F19379" "Mozilla/5.0 AppleWebKit/537.36 (KHTML, like Gecko; compatible; GPTBot/1.3; +https://openai.com/gptbot)"
144.76.32.187 - - [13/Apr/2026:13:07:52 +0000] "GET /whsy.php?p=/proc/30259 HTTP/1.1" 200 947 "-" "Mozilla/5.0 (compatible; SERankingBacklinksBot/1.0; +https://seranking.com/backlinks-crawler)"
74.7.241.28 - - [13/Apr/2026:13:07:54 +0000] "GET /whsy.php?p=%2Fproc%2F4955%2Fnet%2Fipt_hashlimit HTTP/2.0" 200 499 "https://www.shaksettle.com.lab2454.com/whsy.php?p=%2Fproc%2F4955%2Fnet" "Mozilla/5.0 AppleWebKit/537.36 (KHTML, like Gecko; compatible; GPTBot/1.3; +https://openai.com/gptbot)"
74.7.227.16 - - [13/Apr/2026:13:07:54 +0000] "GET /whsy.php?e=environ&p=%2Fproc%2F16766 HTTP/2.0" 200 947 "https://shaksettle.com/whsy.php?p=%2Fproc%2F16766" "Mozilla/5.0 AppleWebKit/537.36 (KHTML, like Gecko; compatible; GPTBot/1.3; +https://openai.com/gptbot)"
144.76.32.187 - - [13/Apr/2026:13:07:56 +0000] "GET /whsy.php?p=/proc/30260 HTTP/1.1" 200 947 "-" "Mozilla/5.0 (compatible; SERankingBacklinksBot/1.0; +https://seranking.com/backlinks-crawler)"
74.7.241.28 - - [13/Apr/2026:13:07:57 +0000] "GET /whsy.php?e=rt_cache&p=%2Fproc%2F9303%2Fnet HTTP/2.0" 200 2597 "https://www.shaksettle.com.lab2454.com/whsy.php?p=%2Fproc%2F9303%2Fnet" "Mozilla/5.0 AppleWebKit/537.36 (KHTML, like Gecko; compatible; GPTBot/1.3; +https://openai.com/gptbot)"
74.7.227.16 - - [13/Apr/2026:13:07:58 +0000] "GET /whsy.php?e=environ&p=%2Fproc%2F28618 HTTP/2.0" 200 947 "https://shaksettle.com/whsy.php?p=%2Fproc%2F28618" "Mozilla/5.0 AppleWebKit/537.36 (KHTML, like Gecko; compatible; GPTBot/1.3; +https://openai.com/gptbot)"
144.76.32.187 - - [13/Apr/2026:13:08:00 +0000] "GET /whsy.php?p=/proc/30261 HTTP/1.1" 200 947 "-" "Mozilla/5.0 (compatible; SERankingBacklinksBot/1.0; +https://seranking.com/backlinks-crawler)"
74.7.241.28 - - [13/Apr/2026:13:08:01 +0000] "GET /whsy.php?e=rt_cache&p=%2Fproc%2F4955%2Fnet HTTP/2.0" 200 2598 "https://www.shaksettle.com.lab2454.com/whsy.php?p=%2Fproc%2F4955%2Fnet" "Mozilla/5.0 AppleWebKit/537.36 (KHTML, like Gecko; compatible; GPTBot/1.3; +https://openai.com/gptbot)"
74.7.227.16 - - [13/Apr/2026:13:08:01 +0000] "GET /whsy.php?e=environ&p=%2Fproc%2F19379 HTTP/2.0" 200 947 "https://shaksettle.com/whsy.php?p=%2Fproc%2F19379" "Mozilla/5.0 AppleWebKit/537.36 (KHTML, like Gecko; compatible; GPTBot/1.3; +https://openai.com/gptbot)"
74.7.241.28 - - [13/Apr/2026:13:08:04 +0000] "GET /whsy.php?e=ip_mr_vif&p=%2Fproc%2F9303%2Fnet HTTP/2.0" 200 2551 "https://www.shaksettle.com.lab2454.com/whsy.php?p=%2Fproc%2F9303%2Fnet" "Mozilla/5.0 AppleWebKit/537.36 (KHTML, like Gecko; compatible; GPTBot/1.3; +https://openai.com/gptbot)"
144.76.32.187 - - [13/Apr/2026:13:08:04 +0000] "GET /whsy.php?p=/proc/30262 HTTP/1.1" 200 947 "-" "Mozilla/5.0 (compatible; SERankingBacklinksBot/1.0; +https://seranking.com/backlinks-crawler)"
74.7.227.16 - - [13/Apr/2026:13:08:05 +0000] "GET /whsy.php?e=syscall&p=%2Fproc%2F16594 HTTP/2.0" 200 947 "https://shaksettle.com/whsy.php?p=%2Fproc%2F16594" "Mozilla/5.0 AppleWebKit/537.36 (KHTML, like Gecko; compatible; GPTBot/1.3; +https://openai.com/gptbot)"
74.7.241.28 - - [13/Apr/2026:13:08:08 +0000] "GET /whsy.php?e=ip_mr_vif&p=%2Fproc%2F4955%2Fnet HTTP/2.0" 200 2552 "https://www.shaksettle.com.lab2454.com/whsy.php?p=%2Fproc%2F4955%2Fnet" "Mozilla/5.0 AppleWebKit/537.36 (KHTML, like Gecko; compatible; GPTBot/1.3; +https://openai.com/gptbot)"
144.76.32.187 - - [13/Apr/2026:13:08:08 +0000] "GET /whsy.php?p=/proc/30263 HTTP/1.1" 200 947 "-" "Mozilla/5.0 (compatible; SERankingBacklinksBot/1.0; +https://seranking.com/backlinks-crawler)"
74.7.227.16 - - [13/Apr/2026:13:08:08 +0000] "GET /whsy.php?e=environ&p=%2Fproc%2F14945 HTTP/2.0" 200 1935 "https://shaksettle.com/whsy.php?p=%2Fproc%2F14945" "Mozilla/5.0 AppleWebKit/537.36 (KHTML, like Gecko; compatible; GPTBot/1.3; +https://openai.com/gptbot)"
74.7.241.28 - - [13/Apr/2026:13:08:11 +0000] "GET /whsy.php?e=ip_vs&p=%2Fproc%2F6781%2Fnet HTTP/2.0" 200 2616 "https://www.shaksettle.com.lab2454.com/whsy.php?p=%2Fproc%2F6781%2Fnet" "Mozilla/5.0 AppleWebKit/537.36 (KHTML, like Gecko; compatible; GPTBot/1.3; +https://openai.com/gptbot)"
144.76.32.187 - - [13/Apr/2026:13:08:12 +0000] "GET /whsy.php?p=/proc/30264 HTTP/1.1" 200 947 "-" "Mozilla/5.0 (compatible; SERankingBacklinksBot/1.0; +https://seranking.com/backlinks-crawler)"
74.7.227.16 - - [13/Apr/2026:13:08:12 +0000] "GET /whsy.php?e=pagemap&p=%2Fproc%2F16594 HTTP/2.0" 200 947 "https://shaksettle.com/whsy.php?p=%2Fproc%2F16594" "Mozilla/5.0 AppleWebKit/537.36 (KHTML, like Gecko; compatible; GPTBot/1.3; +https://openai.com/gptbot)"
74.7.241.28 - - [13/Apr/2026:13:08:14 +0000] "GET /whsy.php?e=rt_cache&p=%2Fproc%2F6781%2Fnet HTTP/2.0" 200 2598 "https://www.shaksettle.com.lab2454.com/whsy.php?p=%2Fproc%2F6781%2Fnet" "Mozilla/5.0 AppleWebKit/537.36 (KHTML, like Gecko; compatible; GPTBot/1.3; +https://openai.com/gptbot)"
74.7.227.16 - - [13/Apr/2026:13:08:15 +0000] "GET /whsy.php?e=environ&p=%2Fproc%2F23659 HTTP/2.0" 200 947 "https://shaksettle.com/whsy.php?p=%2Fproc%2F23659" "Mozilla/5.0 AppleWebKit/537.36 (KHTML, like Gecko; compatible; GPTBot/1.3; +https://openai.com/gptbot)"
144.76.32.187 - - [13/Apr/2026:13:08:15 +0000] "GET /whsy.php?p=/proc/30265 HTTP/1.1" 200 947 "-" "Mozilla/5.0 (compatible; SERankingBacklinksBot/1.0; +https://seranking.com/backlinks-crawler)"
74.7.241.28 - - [13/Apr/2026:13:08:18 +0000] "GET /whsy.php?e=tls_stat&p=%2Fproc%2F4955%2Fnet HTTP/2.0" 200 2600 "https://www.shaksettle.com.lab2454.com/whsy.php?p=%2Fproc%2F4955%2Fnet" "Mozilla/5.0 AppleWebKit/537.36 (KHTML, like Gecko; compatible; GPTBot/1.3; +https://openai.com/gptbot)"
74.7.227.16 - - [13/Apr/2026:13:08:18 +0000] "GET /whsy.php?e=environ&p=%2Fproc%2F17705 HTTP/2.0" 200 947 "https://shaksettle.com/whsy.php?p=%2Fproc%2F17705" "Mozilla/5.0 AppleWebKit/537.36 (KHTML, like Gecko; compatible; GPTBot/1.3; +https://openai.com/gptbot)"
144.76.32.187 - - [13/Apr/2026:13:08:19 +0000] "GET /whsy.php?p=/proc/30266 HTTP/1.1" 200 947 "-" "Mozilla/5.0 (compatible; SERankingBacklinksBot/1.0; +https://seranking.com/backlinks-crawler)"
74.7.241.28 - - [13/Apr/2026:13:08:21 +0000] "GET /whsy.php?e=rt_acct&p=%2Fproc%2F6781%2Fnet HTTP/2.0" 200 2528 "https://www.shaksettle.com.lab2454.com/whsy.php?p=%2Fproc%2F6781%2Fnet" "Mozilla/5.0 AppleWebKit/537.36 (KHTML, like Gecko; compatible; GPTBot/1.3; +https://openai.com/gptbot)"
74.7.227.16 - - [13/Apr/2026:13:08:22 +0000] "GET /whsy.php?p=%2Fproc%2F30099 HTTP/2.0" 200 947 "https://shaksettle.com/whsy.php?p=%2Fproc%2F8015%2F.." "Mozilla/5.0 AppleWebKit/537.36 (KHTML, like Gecko; compatible; GPTBot/1.3; +https://openai.com/gptbot)"
144.76.32.187 - - [13/Apr/2026:13:08:25 +0000] "GET /whsy.php?p=/proc/30267 HTTP/1.1" 200 947 "-" "Mozilla/5.0 (compatible; SERankingBacklinksBot/1.0; +https://seranking.com/backlinks-crawler)"
74.7.241.28 - - [13/Apr/2026:13:08:25 +0000] "GET /whsy.php?p=%2Fproc%2F6781%2Fnet%2Frpc HTTP/2.0" 200 859 "https://www.shaksettle.com.lab2454.com/whsy.php?p=%2Fproc%2F6781%2Fnet" "Mozilla/5.0 AppleWebKit/537.36 (KHTML, like Gecko; compatible; GPTBot/1.3; +https://openai.com/gptbot)"
74.7.227.16 - - [13/Apr/2026:13:08:25 +0000] "GET /whsy.php?p=%2Fproc%2F28950 HTTP/2.0" 200 947 "https://shaksettle.com/whsy.php?p=%2Fproc%2F8015%2F.." "Mozilla/5.0 AppleWebKit/537.36 (KHTML, like Gecko; compatible; GPTBot/1.3; +https://openai.com/gptbot)"
74.7.241.28 - - [13/Apr/2026:13:08:28 +0000] "GET /whsy.php?p=%2Fproc%2F9303%2Fnet%2Frpc HTTP/2.0" 200 859 "https://www.shaksettle.com.lab2454.com/whsy.php?p=%2Fproc%2F9303%2Fnet" "Mozilla/5.0 AppleWebKit/537.36 (KHTML, like Gecko; compatible; GPTBot/1.3; +https://openai.com/gptbot)"
74.7.227.16 - - [13/Apr/2026:13:08:29 +0000] "GET /whsy.php?p=%2Fproc%2F13241 HTTP/2.0" 200 947 "https://shaksettle.com/whsy.php?p=%2Fproc%2F8015%2F.." "Mozilla/5.0 AppleWebKit/537.36 (KHTML, like Gecko; compatible; GPTBot/1.3; +https://openai.com/gptbot)"
144.76.32.187 - - [13/Apr/2026:13:08:30 +0000] "GET /whsy.php?p=/proc/30284 HTTP/1.1" 200 947 "-" "Mozilla/5.0 (compatible; SERankingBacklinksBot/1.0; +https://seranking.com/backlinks-crawler)"
74.7.241.28 - - [13/Apr/2026:13:08:32 +0000] "GET /whsy.php?p=%2Fproc%2F4955%2Fnet%2Frpc HTTP/2.0" 200 859 "https://www.shaksettle.com.lab2454.com/whsy.php?p=%2Fproc%2F4955%2Fnet" "Mozilla/5.0 AppleWebKit/537.36 (KHTML, like Gecko; compatible; GPTBot/1.3; +https://openai.com/gptbot)"
74.7.227.16 - - [13/Apr/2026:13:08:32 +0000] "GET /whsy.php?p=%2Fproc%2F17633 HTTP/2.0" 200 947 "https://shaksettle.com/whsy.php?p=%2Fproc%2F8015%2F.." "Mozilla/5.0 AppleWebKit/537.36 (KHTML, like Gecko; compatible; GPTBot/1.3; +https://openai.com/gptbot)"
144.76.32.187 - - [13/Apr/2026:13:08:33 +0000] "GET /whsy.php?p=/proc/30291 HTTP/1.1" 200 947 "-" "Mozilla/5.0 (compatible; SERankingBacklinksBot/1.0; +https://seranking.com/backlinks-crawler)"
74.7.241.28 - - [13/Apr/2026:13:08:35 +0000] "GET /whsy.php?e=protocols&p=%2Fproc%2F6781%2Fnet HTTP/2.0" 200 2955 "https://www.shaksettle.com.lab2454.com/whsy.php?p=%2Fproc%2F6781%2Fnet" "Mozilla/5.0 AppleWebKit/537.36 (KHTML, like Gecko; compatible; GPTBot/1.3; +https://openai.com/gptbot)"
74.7.227.16 - - [13/Apr/2026:13:08:35 +0000] "GET /whsy.php?p=%2Fproc%2F13325 HTTP/2.0" 200 947 "https://shaksettle.com/whsy.php?p=%2Fproc%2F8015%2F.." "Mozilla/5.0 AppleWebKit/537.36 (KHTML, like Gecko; compatible; GPTBot/1.3; +https://openai.com/gptbot)"
144.76.32.187 - - [13/Apr/2026:13:08:37 +0000] "GET /whsy.php?p=/proc/30346 HTTP/1.1" 200 947 "-" "Mozilla/5.0 (compatible; SERankingBacklinksBot/1.0; +https://seranking.com/backlinks-crawler)"
74.7.241.28 - - [13/Apr/2026:13:08:38 +0000] "GET /whsy.php?e=netstat&p=%2Fproc%2F6781%2Fnet HTTP/2.0" 200 4261 "https://www.shaksettle.com.lab2454.com/whsy.php?p=%2Fproc%2F6781%2Fnet" "Mozilla/5.0 AppleWebKit/537.36 (KHTML, like Gecko; compatible; GPTBot/1.3; +https://openai.com/gptbot)"
74.7.227.16 - - [13/Apr/2026:13:08:39 +0000] "GET /whsy.php?p=%2Fproc%2F14736 HTTP/2.0" 200 947 "https://shaksettle.com/whsy.php?p=%2Fproc%2F8015%2F.." "Mozilla/5.0 AppleWebKit/537.36 (KHTML, like Gecko; compatible; GPTBot/1.3; +https://openai.com/gptbot)"
144.76.32.187 - - [13/Apr/2026:13:08:41 +0000] "GET /whsy.php?p=/proc/30356 HTTP/1.1" 200 947 "-" "Mozilla/5.0 (compatible; SERankingBacklinksBot/1.0; +https://seranking.com/backlinks-crawler)"
74.7.241.28 - - [13/Apr/2026:13:08:42 +0000] "GET /whsy.php?e=netstat&p=%2Fproc%2F4955%2Fnet HTTP/2.0" 200 4259 "https://www.shaksettle.com.lab2454.com/whsy.php?p=%2Fproc%2F4955%2Fnet" "Mozilla/5.0 AppleWebKit/537.36 (KHTML, like Gecko; compatible; GPTBot/1.3; +https://openai.com/gptbot)"
74.7.227.16 - - [13/Apr/2026:13:08:42 +0000] "GET /whsy.php?p=%2Fproc%2F24134 HTTP/2.0" 200 947 "https://shaksettle.com/whsy.php?p=%2Fproc%2F8015%2F.." "Mozilla/5.0 AppleWebKit/537.36 (KHTML, like Gecko; compatible; GPTBot/1.3; +https://openai.com/gptbot)"
74.7.241.28 - - [13/Apr/2026:13:08:45 +0000] "GET /whsy.php?e=netstat&p=%2Fproc%2F9303%2Fnet HTTP/2.0" 200 4262 "https://www.shaksettle.com.lab2454.com/whsy.php?p=%2Fproc%2F9303%2Fnet" "Mozilla/5.0 AppleWebKit/537.36 (KHTML, like Gecko; compatible; GPTBot/1.3; +https://openai.com/gptbot)"
74.7.227.16 - - [13/Apr/2026:13:08:46 +0000] "GET /whsy.php?p=%2Fproc%2F28456 HTTP/2.0" 200 947 "https://shaksettle.com/whsy.php?p=%2Fproc%2F8015%2F.." "Mozilla/5.0 AppleWebKit/537.36 (KHTML, like Gecko; compatible; GPTBot/1.3; +https://openai.com/gptbot)"
74.7.241.28 - - [13/Apr/2026:13:08:49 +0000] "GET /whsy.php?e=protocols&p=%2Fproc%2F4955%2Fnet HTTP/2.0" 200 2956 "https://www.shaksettle.com.lab2454.com/whsy.php?p=%2Fproc%2F4955%2Fnet" "Mozilla/5.0 AppleWebKit/537.36 (KHTML, like Gecko; compatible; GPTBot/1.3; +https://openai.com/gptbot)"
74.7.227.16 - - [13/Apr/2026:13:08:49 +0000] "GET /whsy.php?p=%2Fproc%2F26761 HTTP/2.0" 200 1936 "https://shaksettle.com/whsy.php?p=%2Fproc%2F8015%2F.." "Mozilla/5.0 AppleWebKit/537.36 (KHTML, like Gecko; compatible; GPTBot/1.3; +https://openai.com/gptbot)"
144.76.32.187 - - [13/Apr/2026:13:08:51 +0000] "GET /whsy.php?p=/proc/30396 HTTP/1.1" 200 947 "-" "Mozilla/5.0 (compatible; SERankingBacklinksBot/1.0; +https://seranking.com/backlinks-crawler)"
74.7.241.28 - - [13/Apr/2026:13:08:52 +0000] "GET /whsy.php?e=protocols&p=%2Fproc%2F9303%2Fnet HTTP/2.0" 200 2958 "https://www.shaksettle.com.lab2454.com/whsy.php?p=%2Fproc%2F9303%2Fnet" "Mozilla/5.0 AppleWebKit/537.36 (KHTML, like Gecko; compatible; GPTBot/1.3; +https://openai.com/gptbot)"
74.7.227.16 - - [13/Apr/2026:13:08:53 +0000] "GET /whsy.php?p=%2Fproc%2F13605 HTTP/2.0" 200 1935 "https://shaksettle.com/whsy.php?p=%2Fproc%2F8015%2F.." "Mozilla/5.0 AppleWebKit/537.36 (KHTML, like Gecko; compatible; GPTBot/1.3; +https://openai.com/gptbot)"
144.76.32.187 - - [13/Apr/2026:13:08:54 +0000] "GET /whsy.php?p=/proc/30397 HTTP/1.1" 200 947 "-" "Mozilla/5.0 (compatible; SERankingBacklinksBot/1.0; +https://seranking.com/backlinks-crawler)"
74.7.241.28 - - [13/Apr/2026:13:08:56 +0000] "GET /whsy.php?e=connector&p=%2Fproc%2F6781%2Fnet HTTP/2.0" 200 2522 "https://www.shaksettle.com.lab2454.com/whsy.php?p=%2Fproc%2F6781%2Fnet" "Mozilla/5.0 AppleWebKit/537.36 (KHTML, like Gecko; compatible; GPTBot/1.3; +https://openai.com/gptbot)"
74.7.227.16 - - [13/Apr/2026:13:08:56 +0000] "GET /whsy.php?p=%2Fproc%2F17626 HTTP/2.0" 200 947 "https://shaksettle.com/whsy.php?p=%2Fproc%2F8015%2F.." "Mozilla/5.0 AppleWebKit/537.36 (KHTML, like Gecko; compatible; GPTBot/1.3; +https://openai.com/gptbot)"
144.76.32.187 - - [13/Apr/2026:13:08:59 +0000] "GET /whsy.php?p=/proc/30399 HTTP/1.1" 200 947 "-" "Mozilla/5.0 (compatible; SERankingBacklinksBot/1.0; +https://seranking.com/backlinks-crawler)"
74.7.241.28 - - [13/Apr/2026:13:08:59 +0000] "GET /whsy.php?e=sockstat6&p=%2Fproc%2F6781%2Fnet HTTP/2.0" 200 2562 "https://www.shaksettle.com.lab2454.com/whsy.php?p=%2Fproc%2F6781%2Fnet" "Mozilla/5.0 AppleWebKit/537.36 (KHTML, like Gecko; compatible; GPTBot/1.3; +https://openai.com/gptbot)"
74.7.227.16 - - [13/Apr/2026:13:09:00 +0000] "GET /whsy.php?p=%2Fproc%2F15516 HTTP/2.0" 200 947 "https://shaksettle.com/whsy.php?p=%2Fproc%2F8015%2F.." "Mozilla/5.0 AppleWebKit/537.36 (KHTML, like Gecko; compatible; GPTBot/1.3; +https://openai.com/gptbot)"
74.7.241.28 - - [13/Apr/2026:13:09:02 +0000] "GET /whsy.php?p=%2Fproc%2F6781%2Fnet%2Frpc%2Fauth.unix.gid HTTP/2.0" 200 744 "https://www.shaksettle.com.lab2454.com/whsy.php?p=%2Fproc%2F6781%2Fnet%2Frpc" "Mozilla/5.0 AppleWebKit/537.36 (KHTML, like Gecko; compatible; GPTBot/1.3; +https://openai.com/gptbot)"
74.7.227.16 - - [13/Apr/2026:13:09:03 +0000] "GET /whsy.php?p=%2Fproc%2F28967 HTTP/2.0" 200 947 "https://shaksettle.com/whsy.php?p=%2Fproc%2F8015%2F.." "Mozilla/5.0 AppleWebKit/537.36 (KHTML, like Gecko; compatible; GPTBot/1.3; +https://openai.com/gptbot)"
144.76.32.187 - - [13/Apr/2026:13:09:04 +0000] "GET /whsy.php?p=/proc/30403 HTTP/1.1" 200 947 "-" "Mozilla/5.0 (compatible; SERankingBacklinksBot/1.0; +https://seranking.com/backlinks-crawler)"
74.7.241.28 - - [13/Apr/2026:13:09:06 +0000] "GET /whsy.php?p=%2Fproc%2F9303%2Fnet%2Frpc%2Fnfs4.nametoid HTTP/2.0" 200 742 "https://www.shaksettle.com.lab2454.com/whsy.php?p=%2Fproc%2F9303%2Fnet%2Frpc" "Mozilla/5.0 AppleWebKit/537.36 (KHTML, like Gecko; compatible; GPTBot/1.3; +https://openai.com/gptbot)"
74.7.227.16 - - [13/Apr/2026:13:09:06 +0000] "GET /whsy.php?p=%2Fproc%2F24351 HTTP/2.0" 200 947 "https://shaksettle.com/whsy.php?p=%2Fproc%2F8015%2F.." "Mozilla/5.0 AppleWebKit/537.36 (KHTML, like Gecko; compatible; GPTBot/1.3; +https://openai.com/gptbot)"
74.7.241.28 - - [13/Apr/2026:13:09:09 +0000] "GET /whsy.php?p=%2Fproc%2F9303%2Fnet%2Frpc%2Fnfs4.idtoname HTTP/2.0" 200 742 "https://www.shaksettle.com.lab2454.com/whsy.php?p=%2Fproc%2F9303%2Fnet%2Frpc" "Mozilla/5.0 AppleWebKit/537.36 (KHTML, like Gecko; compatible; GPTBot/1.3; +https://openai.com/gptbot)"
144.76.32.187 - - [13/Apr/2026:13:09:10 +0000] "GET /whsy.php?p=/proc/30447 HTTP/1.1" 200 947 "-" "Mozilla/5.0 (compatible; SERankingBacklinksBot/1.0; +https://seranking.com/backlinks-crawler)"
74.7.227.16 - - [13/Apr/2026:13:09:10 +0000] "GET /whsy.php?p=%2Fproc%2F23012 HTTP/2.0" 200 947 "https://shaksettle.com/whsy.php?p=%2Fproc%2F8015%2F.." "Mozilla/5.0 AppleWebKit/537.36 (KHTML, like Gecko; compatible; GPTBot/1.3; +https://openai.com/gptbot)"
74.7.241.28 - - [13/Apr/2026:13:09:13 +0000] "GET /whsy.php?p=%2Fproc%2F6781%2Fnet%2Frpc%2Fnfs4.nametoid HTTP/2.0" 200 743 "https://www.shaksettle.com.lab2454.com/whsy.php?p=%2Fproc%2F6781%2Fnet%2Frpc" "Mozilla/5.0 AppleWebKit/537.36 (KHTML, like Gecko; compatible; GPTBot/1.3; +https://openai.com/gptbot)"
74.7.227.16 - - [13/Apr/2026:13:09:14 +0000] "GET /whsy.php?e=mountstats&p=%2Fproc%2F16594 HTTP/2.0" 200 947 "https://shaksettle.com/whsy.php?p=%2Fproc%2F16594" "Mozilla/5.0 AppleWebKit/537.36 (KHTML, like Gecko; compatible; GPTBot/1.3; +https://openai.com/gptbot)"
144.76.32.187 - - [13/Apr/2026:13:09:15 +0000] "GET /whsy.php?p=/proc/30461 HTTP/1.1" 200 947 "-" "Mozilla/5.0 (compatible; SERankingBacklinksBot/1.0; +https://seranking.com/backlinks-crawler)"
74.7.241.28 - - [13/Apr/2026:13:09:16 +0000] "GET /whsy.php?p=%2Fproc%2F6781%2Fnet%2Frpc%2Fnfs4.idtoname HTTP/2.0" 200 743 "https://www.shaksettle.com.lab2454.com/whsy.php?p=%2Fproc%2F6781%2Fnet%2Frpc" "Mozilla/5.0 AppleWebKit/537.36 (KHTML, like Gecko; compatible; GPTBot/1.3; +https://openai.com/gptbot)"
74.7.227.16 - - [13/Apr/2026:13:09:17 +0000] "GET /whsy.php?e=loginuid&p=%2Fproc%2F19379 HTTP/2.0" 200 947 "https://shaksettle.com/whsy.php?p=%2Fproc%2F19379" "Mozilla/5.0 AppleWebKit/537.36 (KHTML, like Gecko; compatible; GPTBot/1.3; +https://openai.com/gptbot)"
144.76.32.187 - - [13/Apr/2026:13:09:20 +0000] "GET /whsy.php?p=/proc/30481 HTTP/1.1" 200 947 "-" "Mozilla/5.0 (compatible; SERankingBacklinksBot/1.0; +https://seranking.com/backlinks-crawler)"
74.7.241.28 - - [13/Apr/2026:13:09:20 +0000] "GET /whsy.php?e=anycast6&p=%2Fproc%2F4955%2Fnet HTTP/2.0" 200 2506 "https://www.shaksettle.com.lab2454.com/whsy.php?p=%2Fproc%2F4955%2Fnet" "Mozilla/5.0 AppleWebKit/537.36 (KHTML, like Gecko; compatible; GPTBot/1.3; +https://openai.com/gptbot)"
74.7.227.16 - - [13/Apr/2026:13:09:21 +0000] "GET /whsy.php?e=loginuid&p=%2Fproc%2F14945 HTTP/2.0" 200 2012 "https://shaksettle.com/whsy.php?p=%2Fproc%2F14945" "Mozilla/5.0 AppleWebKit/537.36 (KHTML, like Gecko; compatible; GPTBot/1.3; +https://openai.com/gptbot)"
74.7.241.28 - - [13/Apr/2026:13:09:24 +0000] "GET /whsy.php?e=sockstat6&p=%2Fproc%2F4955%2Fnet HTTP/2.0" 200 2562 "https://www.shaksettle.com.lab2454.com/whsy.php?p=%2Fproc%2F4955%2Fnet" "Mozilla/5.0 AppleWebKit/537.36 (KHTML, like Gecko; compatible; GPTBot/1.3; +https://openai.com/gptbot)"
74.7.227.16 - - [13/Apr/2026:13:09:24 +0000] "GET /whsy.php?e=loginuid&p=%2Fproc%2F17705 HTTP/2.0" 200 947 "https://shaksettle.com/whsy.php?p=%2Fproc%2F17705" "Mozilla/5.0 AppleWebKit/537.36 (KHTML, like Gecko; compatible; GPTBot/1.3; +https://openai.com/gptbot)"
74.7.241.28 - - [13/Apr/2026:13:09:27 +0000] "GET /whsy.php?e=rt6_stats&p=%2Fproc%2F4955%2Fnet HTTP/2.0" 200 2528 "https://www.shaksettle.com.lab2454.com/whsy.php?p=%2Fproc%2F4955%2Fnet" "Mozilla/5.0 AppleWebKit/537.36 (KHTML, like Gecko; compatible; GPTBot/1.3; +https://openai.com/gptbot)"
74.7.227.16 - - [13/Apr/2026:13:09:28 +0000] "GET /whsy.php?e=mountinfo&p=%2Fproc%2F26761 HTTP/2.0" 200 2988 "https://shaksettle.com/whsy.php?p=%2Fproc%2F26761" "Mozilla/5.0 AppleWebKit/537.36 (KHTML, like Gecko; compatible; GPTBot/1.3; +https://openai.com/gptbot)"
74.7.241.28 - - [13/Apr/2026:13:09:30 +0000] "GET /whsy.php?e=anycast6&p=%2Fproc%2F6781%2Fnet HTTP/2.0" 200 2506 "https://www.shaksettle.com.lab2454.com/whsy.php?p=%2Fproc%2F6781%2Fnet" "Mozilla/5.0 AppleWebKit/537.36 (KHTML, like Gecko; compatible; GPTBot/1.3; +https://openai.com/gptbot)"
144.76.32.187 - - [13/Apr/2026:13:09:31 +0000] "GET /whsy.php?p=/proc/30495 HTTP/1.1" 200 947 "-" "Mozilla/5.0 (compatible; SERankingBacklinksBot/1.0; +https://seranking.com/backlinks-crawler)"
74.7.227.16 - - [13/Apr/2026:13:09:31 +0000] "GET /whsy.php?e=timerslack_ns&p=%2Fproc%2F13605 HTTP/2.0" 200 2007 "https://shaksettle.com/whsy.php?p=%2Fproc%2F13605" "Mozilla/5.0 AppleWebKit/537.36 (KHTML, like Gecko; compatible; GPTBot/1.3; +https://openai.com/gptbot)"
74.7.241.28 - - [13/Apr/2026:13:09:34 +0000] "GET /whsy.php?e=rt6_stats&p=%2Fproc%2F9303%2Fnet HTTP/2.0" 200 2527 "https://www.shaksettle.com.lab2454.com/whsy.php?p=%2Fproc%2F9303%2Fnet" "Mozilla/5.0 AppleWebKit/537.36 (KHTML, like Gecko; compatible; GPTBot/1.3; +https://openai.com/gptbot)"
144.76.32.187 - - [13/Apr/2026:13:09:34 +0000] "GET /whsy.php?p=/proc/30518 HTTP/1.1" 200 947 "-" "Mozilla/5.0 (compatible; SERankingBacklinksBot/1.0; +https://seranking.com/backlinks-crawler)"
74.7.227.16 - - [13/Apr/2026:13:09:35 +0000] "GET /whsy.php?e=statm&p=%2Fproc%2F13605 HTTP/2.0" 200 2032 "https://shaksettle.com/whsy.php?p=%2Fproc%2F13605" "Mozilla/5.0 AppleWebKit/537.36 (KHTML, like Gecko; compatible; GPTBot/1.3; +https://openai.com/gptbot)"
74.7.241.28 - - [13/Apr/2026:13:09:38 +0000] "GET /whsy.php?e=anycast6&p=%2Fproc%2F9303%2Fnet HTTP/2.0" 200 2505 "https://www.shaksettle.com.lab2454.com/whsy.php?p=%2Fproc%2F9303%2Fnet" "Mozilla/5.0 AppleWebKit/537.36 (KHTML, like Gecko; compatible; GPTBot/1.3; +https://openai.com/gptbot)"
74.7.227.16 - - [13/Apr/2026:13:09:39 +0000] "GET /whsy.php?e=stack&p=%2Fproc%2F13605 HTTP/2.0" 200 1935 "https://shaksettle.com/whsy.php?p=%2Fproc%2F13605" "Mozilla/5.0 AppleWebKit/537.36 (KHTML, like Gecko; compatible; GPTBot/1.3; +https://openai.com/gptbot)"
144.76.32.187 - - [13/Apr/2026:13:09:40 +0000] "GET /whsy.php?p=/proc/30525 HTTP/1.1" 200 947 "-" "Mozilla/5.0 (compatible; SERankingBacklinksBot/1.0; +https://seranking.com/backlinks-crawler)"
