144.76.32.187 - - [13/Apr/2026:15:41:55 +0000] "GET /whsy.php?p=/proc/4942/ns/ HTTP/1.1" 200 5048 "-" "Mozilla/5.0 (compatible; SERankingBacklinksBot/1.0; +https://seranking.com/backlinks-crawler)"
144.76.32.187 - - [13/Apr/2026:15:41:59 +0000] "GET /whsy.php?p=/proc/10590/cwd HTTP/1.1" 200 947 "-" "Mozilla/5.0 (compatible; SERankingBacklinksBot/1.0; +https://seranking.com/backlinks-crawler)"
144.76.32.187 - - [13/Apr/2026:15:42:04 +0000] "GET /whsy.php?p=/proc/19455/fd/ HTTP/1.1" 200 947 "-" "Mozilla/5.0 (compatible; SERankingBacklinksBot/1.0; +https://seranking.com/backlinks-crawler)"
144.76.32.187 - - [13/Apr/2026:15:42:08 +0000] "GET /whsy.php?p=/proc/10590/fd/ HTTP/1.1" 200 947 "-" "Mozilla/5.0 (compatible; SERankingBacklinksBot/1.0; +https://seranking.com/backlinks-crawler)"
144.76.32.187 - - [13/Apr/2026:15:42:15 +0000] "GET /whsy.php?p=/proc/19455/ns/ HTTP/1.1" 200 947 "-" "Mozilla/5.0 (compatible; SERankingBacklinksBot/1.0; +https://seranking.com/backlinks-crawler)"
144.76.32.187 - - [13/Apr/2026:15:42:19 +0000] "GET /whsy.php?p=/proc/10590/ns/ HTTP/1.1" 200 947 "-" "Mozilla/5.0 (compatible; SERankingBacklinksBot/1.0; +https://seranking.com/backlinks-crawler)"
144.76.32.187 - - [13/Apr/2026:15:42:23 +0000] "GET /whsy.php?p=/proc/14673/net HTTP/1.1" 200 947 "-" "Mozilla/5.0 (compatible; SERankingBacklinksBot/1.0; +https://seranking.com/backlinks-crawler)"
144.76.32.187 - - [13/Apr/2026:15:42:29 +0000] "GET /whsy.php?p=/proc/15758/cwd HTTP/1.1" 200 947 "-" "Mozilla/5.0 (compatible; SERankingBacklinksBot/1.0; +https://seranking.com/backlinks-crawler)"
144.76.32.187 - - [13/Apr/2026:15:42:35 +0000] "GET /whsy.php?p=/proc/25801/net HTTP/1.1" 200 947 "-" "Mozilla/5.0 (compatible; SERankingBacklinksBot/1.0; +https://seranking.com/backlinks-crawler)"
144.76.32.187 - - [13/Apr/2026:15:42:38 +0000] "GET /whsy.php?p=/proc/17187/fd/ HTTP/1.1" 200 5167 "-" "Mozilla/5.0 (compatible; SERankingBacklinksBot/1.0; +https://seranking.com/backlinks-crawler)"
144.76.32.187 - - [13/Apr/2026:15:42:43 +0000] "GET /whsy.php?p=/proc/17187/ns/ HTTP/1.1" 200 5166 "-" "Mozilla/5.0 (compatible; SERankingBacklinksBot/1.0; +https://seranking.com/backlinks-crawler)"
144.76.32.187 - - [13/Apr/2026:15:42:47 +0000] "GET /whsy.php?p=/proc/17192/fd/ HTTP/1.1" 200 5167 "-" "Mozilla/5.0 (compatible; SERankingBacklinksBot/1.0; +https://seranking.com/backlinks-crawler)"
144.76.32.187 - - [13/Apr/2026:15:42:52 +0000] "GET /whsy.php?p=/proc/17192/ns/ HTTP/1.1" 200 5166 "-" "Mozilla/5.0 (compatible; SERankingBacklinksBot/1.0; +https://seranking.com/backlinks-crawler)"
144.76.32.187 - - [13/Apr/2026:15:42:56 +0000] "GET /whsy.php?p=/proc/17194/fd/ HTTP/1.1" 200 5167 "-" "Mozilla/5.0 (compatible; SERankingBacklinksBot/1.0; +https://seranking.com/backlinks-crawler)"
144.76.32.187 - - [13/Apr/2026:15:43:01 +0000] "GET /whsy.php?p=/proc/17194/ns/ HTTP/1.1" 200 5166 "-" "Mozilla/5.0 (compatible; SERankingBacklinksBot/1.0; +https://seranking.com/backlinks-crawler)"
74.7.241.28 - - [13/Apr/2026:15:43:04 +0000] "GET /whsy.php?p=%2Fproc%2F62%2F.. HTTP/2.0" 200 3744 "https://www.shaksettle.com.lab2454.com/whsy.php?p=%2Fproc%2F62" "Mozilla/5.0 AppleWebKit/537.36 (KHTML, like Gecko; compatible; GPTBot/1.3; +https://openai.com/gptbot)"
144.76.32.187 - - [13/Apr/2026:15:43:05 +0000] "GET /whsy.php?p=/proc/27165/net HTTP/1.1" 200 947 "-" "Mozilla/5.0 (compatible; SERankingBacklinksBot/1.0; +https://seranking.com/backlinks-crawler)"
144.76.32.187 - - [13/Apr/2026:15:43:11 +0000] "GET /whsy.php?p=/proc/17197/fd/ HTTP/1.1" 200 5167 "-" "Mozilla/5.0 (compatible; SERankingBacklinksBot/1.0; +https://seranking.com/backlinks-crawler)"
144.76.32.187 - - [13/Apr/2026:15:43:17 +0000] "GET /whsy.php?p=/proc/28490/net HTTP/1.1" 200 947 "-" "Mozilla/5.0 (compatible; SERankingBacklinksBot/1.0; +https://seranking.com/backlinks-crawler)"
144.76.32.187 - - [13/Apr/2026:15:43:28 +0000] "GET /whsy.php?p=/proc/17197/ns/ HTTP/1.1" 200 5166 "-" "Mozilla/5.0 (compatible; SERankingBacklinksBot/1.0; +https://seranking.com/backlinks-crawler)"
144.76.32.187 - - [13/Apr/2026:15:43:35 +0000] "GET /whsy.php?p=/proc/17207/fd/ HTTP/1.1" 200 5335 "-" "Mozilla/5.0 (compatible; SERankingBacklinksBot/1.0; +https://seranking.com/backlinks-crawler)"
144.76.32.187 - - [13/Apr/2026:15:43:45 +0000] "GET /whsy.php?p=/proc/30125/fd/ HTTP/1.1" 200 5167 "-" "Mozilla/5.0 (compatible; SERankingBacklinksBot/1.0; +https://seranking.com/backlinks-crawler)"
144.76.32.187 - - [13/Apr/2026:15:44:17 +0000] "GET /whsy.php?p=/proc/17207/ns/ HTTP/1.1" 200 4830 "-" "Mozilla/5.0 (compatible; SERankingBacklinksBot/1.0; +https://seranking.com/backlinks-crawler)"
144.76.32.187 - - [13/Apr/2026:15:44:22 +0000] "GET /whsy.php?p=/proc/30125/ns/ HTTP/1.1" 200 4662 "-" "Mozilla/5.0 (compatible; SERankingBacklinksBot/1.0; +https://seranking.com/backlinks-crawler)"
144.76.32.187 - - [13/Apr/2026:15:44:26 +0000] "GET /whsy.php?p=/proc/17213/fd/ HTTP/1.1" 200 5167 "-" "Mozilla/5.0 (compatible; SERankingBacklinksBot/1.0; +https://seranking.com/backlinks-crawler)"
144.76.32.187 - - [13/Apr/2026:15:44:32 +0000] "GET /whsy.php?p=/proc/30467/fd/ HTTP/1.1" 200 4916 "-" "Mozilla/5.0 (compatible; SERankingBacklinksBot/1.0; +https://seranking.com/backlinks-crawler)"
144.76.32.187 - - [13/Apr/2026:15:44:36 +0000] "GET /whsy.php?p=/proc/17213/ns/ HTTP/1.1" 200 5166 "-" "Mozilla/5.0 (compatible; SERankingBacklinksBot/1.0; +https://seranking.com/backlinks-crawler)"
144.76.32.187 - - [13/Apr/2026:15:44:41 +0000] "GET /whsy.php?p=/proc/30467/ns/ HTTP/1.1" 200 5082 "-" "Mozilla/5.0 (compatible; SERankingBacklinksBot/1.0; +https://seranking.com/backlinks-crawler)"
144.76.32.187 - - [13/Apr/2026:15:44:52 +0000] "GET /whsy.php?p=/proc/17218/fd/ HTTP/1.1" 200 5167 "-" "Mozilla/5.0 (compatible; SERankingBacklinksBot/1.0; +https://seranking.com/backlinks-crawler)"
144.76.32.187 - - [13/Apr/2026:15:44:55 +0000] "GET /whsy.php?p=/proc/30671/fd/ HTTP/1.1" 200 5083 "-" "Mozilla/5.0 (compatible; SERankingBacklinksBot/1.0; +https://seranking.com/backlinks-crawler)"
144.76.32.187 - - [13/Apr/2026:15:45:00 +0000] "GET /whsy.php?p=/proc/17218/ns/ HTTP/1.1" 200 5166 "-" "Mozilla/5.0 (compatible; SERankingBacklinksBot/1.0; +https://seranking.com/backlinks-crawler)"
144.76.32.187 - - [13/Apr/2026:15:45:03 +0000] "GET /whsy.php?p=/proc/30671/ns/ HTTP/1.1" 200 5082 "-" "Mozilla/5.0 (compatible; SERankingBacklinksBot/1.0; +https://seranking.com/backlinks-crawler)"
144.76.32.187 - - [13/Apr/2026:15:45:09 +0000] "GET /whsy.php?p=/proc/17226/fd/ HTTP/1.1" 200 5167 "-" "Mozilla/5.0 (compatible; SERankingBacklinksBot/1.0; +https://seranking.com/backlinks-crawler)"
144.76.32.187 - - [13/Apr/2026:15:45:14 +0000] "GET /whsy.php?p=/proc/30762/net HTTP/1.1" 200 947 "-" "Mozilla/5.0 (compatible; SERankingBacklinksBot/1.0; +https://seranking.com/backlinks-crawler)"
144.76.32.187 - - [13/Apr/2026:15:45:21 +0000] "GET /whsy.php?p=/proc/31082/net HTTP/1.1" 200 947 "-" "Mozilla/5.0 (compatible; SERankingBacklinksBot/1.0; +https://seranking.com/backlinks-crawler)"
144.76.32.187 - - [13/Apr/2026:15:45:24 +0000] "GET /whsy.php?p=/proc/17226/ns/ HTTP/1.1" 200 4662 "-" "Mozilla/5.0 (compatible; SERankingBacklinksBot/1.0; +https://seranking.com/backlinks-crawler)"
74.7.241.28 - - [13/Apr/2026:15:45:24 +0000] "GET /whsy.php?p=%2Fproc%2F81%2F.. HTTP/2.0" 200 3722 "https://www.shaksettle.com.lab2454.com/whsy.php?p=%2Fproc%2F81" "Mozilla/5.0 AppleWebKit/537.36 (KHTML, like Gecko; compatible; GPTBot/1.3; +https://openai.com/gptbot)"
144.76.32.187 - - [13/Apr/2026:15:45:29 +0000] "GET /whsy.php?p=/proc/17235/fd/ HTTP/1.1" 200 5167 "-" "Mozilla/5.0 (compatible; SERankingBacklinksBot/1.0; +https://seranking.com/backlinks-crawler)"
144.76.32.187 - - [13/Apr/2026:15:45:34 +0000] "GET /whsy.php?p=/proc/32731/cwd HTTP/1.1" 200 947 "-" "Mozilla/5.0 (compatible; SERankingBacklinksBot/1.0; +https://seranking.com/backlinks-crawler)"
144.76.32.187 - - [13/Apr/2026:15:45:38 +0000] "GET /whsy.php?p=/proc/32731/net HTTP/1.1" 200 947 "-" "Mozilla/5.0 (compatible; SERankingBacklinksBot/1.0; +https://seranking.com/backlinks-crawler)"
144.76.32.187 - - [13/Apr/2026:15:45:42 +0000] "GET /whsy.php?p=/proc/17235/ns/ HTTP/1.1" 200 5083 "-" "Mozilla/5.0 (compatible; SERankingBacklinksBot/1.0; +https://seranking.com/backlinks-crawler)"
144.76.32.187 - - [13/Apr/2026:15:45:47 +0000] "GET /whsy.php?p=/proc/32732/cwd HTTP/1.1" 200 947 "-" "Mozilla/5.0 (compatible; SERankingBacklinksBot/1.0; +https://seranking.com/backlinks-crawler)"
144.76.32.187 - - [13/Apr/2026:15:45:51 +0000] "GET /whsy.php?p=/proc/32732/net HTTP/1.1" 200 947 "-" "Mozilla/5.0 (compatible; SERankingBacklinksBot/1.0; +https://seranking.com/backlinks-crawler)"
144.76.32.187 - - [13/Apr/2026:15:45:55 +0000] "GET /whsy.php?p=/proc/17246/fd/ HTTP/1.1" 200 4999 "-" "Mozilla/5.0 (compatible; SERankingBacklinksBot/1.0; +https://seranking.com/backlinks-crawler)"
144.76.32.187 - - [13/Apr/2026:15:46:00 +0000] "GET /whsy.php?p=/proc/17246/ns/ HTTP/1.1" 200 5166 "-" "Mozilla/5.0 (compatible; SERankingBacklinksBot/1.0; +https://seranking.com/backlinks-crawler)"
144.76.32.187 - - [13/Apr/2026:15:46:04 +0000] "GET /whsy.php?p=/proc/17259/fd/ HTTP/1.1" 200 5167 "-" "Mozilla/5.0 (compatible; SERankingBacklinksBot/1.0; +https://seranking.com/backlinks-crawler)"
144.76.32.187 - - [13/Apr/2026:15:46:08 +0000] "GET /whsy.php?p=/proc/17259/ns/ HTTP/1.1" 200 5587 "-" "Mozilla/5.0 (compatible; SERankingBacklinksBot/1.0; +https://seranking.com/backlinks-crawler)"
144.76.32.187 - - [13/Apr/2026:15:46:13 +0000] "GET /whsy.php?p=/proc/17268/fd/ HTTP/1.1" 200 5167 "-" "Mozilla/5.0 (compatible; SERankingBacklinksBot/1.0; +https://seranking.com/backlinks-crawler)"
144.76.32.187 - - [13/Apr/2026:15:46:16 +0000] "GET /whsy.php?p=/proc/17268/ns/ HTTP/1.1" 200 5082 "-" "Mozilla/5.0 (compatible; SERankingBacklinksBot/1.0; +https://seranking.com/backlinks-crawler)"
144.76.32.187 - - [13/Apr/2026:15:46:23 +0000] "GET /whsy.php?p=/proc/17276/fd/ HTTP/1.1" 200 5083 "-" "Mozilla/5.0 (compatible; SERankingBacklinksBot/1.0; +https://seranking.com/backlinks-crawler)"
144.76.32.187 - - [13/Apr/2026:15:46:27 +0000] "GET /whsy.php?p=/proc/17276/ns/ HTTP/1.1" 200 5334 "-" "Mozilla/5.0 (compatible; SERankingBacklinksBot/1.0; +https://seranking.com/backlinks-crawler)"
144.76.32.187 - - [13/Apr/2026:15:46:33 +0000] "GET /whsy.php?p=/proc/17291/fd/ HTTP/1.1" 200 947 "-" "Mozilla/5.0 (compatible; SERankingBacklinksBot/1.0; +https://seranking.com/backlinks-crawler)"
144.76.32.187 - - [13/Apr/2026:15:46:36 +0000] "GET /whsy.php?p=/proc/17291/ns/ HTTP/1.1" 200 947 "-" "Mozilla/5.0 (compatible; SERankingBacklinksBot/1.0; +https://seranking.com/backlinks-crawler)"
144.76.32.187 - - [13/Apr/2026:15:46:40 +0000] "GET /whsy.php?p=/proc/17297/fd/ HTTP/1.1" 200 4999 "-" "Mozilla/5.0 (compatible; SERankingBacklinksBot/1.0; +https://seranking.com/backlinks-crawler)"
144.76.32.187 - - [13/Apr/2026:15:46:44 +0000] "GET /whsy.php?p=/proc/17297/ns/ HTTP/1.1" 200 4998 "-" "Mozilla/5.0 (compatible; SERankingBacklinksBot/1.0; +https://seranking.com/backlinks-crawler)"
144.76.32.187 - - [13/Apr/2026:15:46:50 +0000] "GET /whsy.php?p=/proc/17304/fd/ HTTP/1.1" 200 4999 "-" "Mozilla/5.0 (compatible; SERankingBacklinksBot/1.0; +https://seranking.com/backlinks-crawler)"
144.76.32.187 - - [13/Apr/2026:15:46:57 +0000] "GET /whsy.php?p=/proc/17304/ns/ HTTP/1.1" 200 5166 "-" "Mozilla/5.0 (compatible; SERankingBacklinksBot/1.0; +https://seranking.com/backlinks-crawler)"
144.76.32.187 - - [13/Apr/2026:15:47:01 +0000] "GET /whsy.php?p=/proc/17315/fd/ HTTP/1.1" 200 4579 "-" "Mozilla/5.0 (compatible; SERankingBacklinksBot/1.0; +https://seranking.com/backlinks-crawler)"
144.76.32.187 - - [13/Apr/2026:15:47:06 +0000] "GET /whsy.php?p=/proc/17315/ns/ HTTP/1.1" 200 4747 "-" "Mozilla/5.0 (compatible; SERankingBacklinksBot/1.0; +https://seranking.com/backlinks-crawler)"
74.7.241.28 - - [13/Apr/2026:15:47:10 +0000] "GET /whsy.php?p=%2Fproc%2F21%2F.. HTTP/2.0" 200 3746 "https://www.shaksettle.com.lab2454.com/whsy.php?p=%2Fproc%2F21" "Mozilla/5.0 AppleWebKit/537.36 (KHTML, like Gecko; compatible; GPTBot/1.3; +https://openai.com/gptbot)"
144.76.32.187 - - [13/Apr/2026:15:47:10 +0000] "GET /whsy.php?p=/var/preserve/.. HTTP/1.1" 200 875 "-" "Mozilla/5.0 (compatible; SERankingBacklinksBot/1.0; +https://seranking.com/backlinks-crawler)"
144.76.32.187 - - [13/Apr/2026:15:47:16 +0000] "GET /whsy.php?e=io&p=/proc/14673 HTTP/1.1" 200 947 "-" "Mozilla/5.0 (compatible; SERankingBacklinksBot/1.0; +https://seranking.com/backlinks-crawler)"
144.76.32.187 - - [13/Apr/2026:15:47:20 +0000] "GET /whsy.php?p=/proc/10590/root HTTP/1.1" 200 947 "-" "Mozilla/5.0 (compatible; SERankingBacklinksBot/1.0; +https://seranking.com/backlinks-crawler)"
144.76.32.187 - - [13/Apr/2026:15:47:24 +0000] "GET /whsy.php?p=/proc/14673/attr HTTP/1.1" 200 947 "-" "Mozilla/5.0 (compatible; SERankingBacklinksBot/1.0; +https://seranking.com/backlinks-crawler)"
144.76.32.187 - - [13/Apr/2026:15:47:31 +0000] "GET /whsy.php?p=/proc/14673/task HTTP/1.1" 200 947 "-" "Mozilla/5.0 (compatible; SERankingBacklinksBot/1.0; +https://seranking.com/backlinks-crawler)"
144.76.32.187 - - [13/Apr/2026:15:47:34 +0000] "GET /whsy.php?e=io&p=/proc/25801 HTTP/1.1" 200 947 "-" "Mozilla/5.0 (compatible; SERankingBacklinksBot/1.0; +https://seranking.com/backlinks-crawler)"
144.76.32.187 - - [13/Apr/2026:15:47:38 +0000] "GET /whsy.php?p=/proc/15758/root HTTP/1.1" 200 947 "-" "Mozilla/5.0 (compatible; SERankingBacklinksBot/1.0; +https://seranking.com/backlinks-crawler)"
144.76.32.187 - - [13/Apr/2026:15:47:48 +0000] "GET /whsy.php?p=/proc/25801/attr HTTP/1.1" 200 947 "-" "Mozilla/5.0 (compatible; SERankingBacklinksBot/1.0; +https://seranking.com/backlinks-crawler)"
144.76.32.187 - - [13/Apr/2026:15:47:51 +0000] "GET /whsy.php?p=/proc/25801/task HTTP/1.1" 200 947 "-" "Mozilla/5.0 (compatible; SERankingBacklinksBot/1.0; +https://seranking.com/backlinks-crawler)"
144.76.32.187 - - [13/Apr/2026:15:47:57 +0000] "GET /whsy.php?e=io&p=/proc/27165 HTTP/1.1" 200 947 "-" "Mozilla/5.0 (compatible; SERankingBacklinksBot/1.0; +https://seranking.com/backlinks-crawler)"
144.76.32.187 - - [13/Apr/2026:15:48:02 +0000] "GET /whsy.php?e=io&p=/proc/28490 HTTP/1.1" 200 947 "-" "Mozilla/5.0 (compatible; SERankingBacklinksBot/1.0; +https://seranking.com/backlinks-crawler)"
144.76.32.187 - - [13/Apr/2026:15:48:09 +0000] "GET /whsy.php?e=io&p=/proc/30762 HTTP/1.1" 200 947 "-" "Mozilla/5.0 (compatible; SERankingBacklinksBot/1.0; +https://seranking.com/backlinks-crawler)"
144.76.32.187 - - [13/Apr/2026:15:48:13 +0000] "GET /whsy.php?e=io&p=/proc/31082 HTTP/1.1" 200 947 "-" "Mozilla/5.0 (compatible; SERankingBacklinksBot/1.0; +https://seranking.com/backlinks-crawler)"
144.76.32.187 - - [13/Apr/2026:15:48:20 +0000] "GET /whsy.php?e=io&p=/proc/32731 HTTP/1.1" 200 947 "-" "Mozilla/5.0 (compatible; SERankingBacklinksBot/1.0; +https://seranking.com/backlinks-crawler)"
144.76.32.187 - - [13/Apr/2026:15:48:26 +0000] "GET /whsy.php?e=io&p=/proc/32732 HTTP/1.1" 200 947 "-" "Mozilla/5.0 (compatible; SERankingBacklinksBot/1.0; +https://seranking.com/backlinks-crawler)"
144.76.32.187 - - [13/Apr/2026:15:48:32 +0000] "GET /whsy.php?p=/proc/27165/attr HTTP/1.1" 200 947 "-" "Mozilla/5.0 (compatible; SERankingBacklinksBot/1.0; +https://seranking.com/backlinks-crawler)"
74.7.241.28 - - [13/Apr/2026:15:48:33 +0000] "GET /whsy.php?p=%2Fproc%2F26%2F.. HTTP/2.0" 200 3704 "https://www.shaksettle.com.lab2454.com/whsy.php?p=%2Fproc%2F26" "Mozilla/5.0 AppleWebKit/537.36 (KHTML, like Gecko; compatible; GPTBot/1.3; +https://openai.com/gptbot)"
144.76.32.187 - - [13/Apr/2026:15:48:40 +0000] "GET /whsy.php?p=/proc/27165/task HTTP/1.1" 200 947 "-" "Mozilla/5.0 (compatible; SERankingBacklinksBot/1.0; +https://seranking.com/backlinks-crawler)"
144.76.32.187 - - [13/Apr/2026:15:48:46 +0000] "GET /whsy.php?p=/proc/28490/attr HTTP/1.1" 200 947 "-" "Mozilla/5.0 (compatible; SERankingBacklinksBot/1.0; +https://seranking.com/backlinks-crawler)"
144.76.32.187 - - [13/Apr/2026:15:48:54 +0000] "GET /whsy.php?p=/proc/28490/task HTTP/1.1" 200 947 "-" "Mozilla/5.0 (compatible; SERankingBacklinksBot/1.0; +https://seranking.com/backlinks-crawler)"
144.76.32.187 - - [13/Apr/2026:15:49:00 +0000] "GET /whsy.php?p=/proc/30762/attr HTTP/1.1" 200 947 "-" "Mozilla/5.0 (compatible; SERankingBacklinksBot/1.0; +https://seranking.com/backlinks-crawler)"
144.76.32.187 - - [13/Apr/2026:15:49:07 +0000] "GET /whsy.php?p=/proc/30762/task HTTP/1.1" 200 947 "-" "Mozilla/5.0 (compatible; SERankingBacklinksBot/1.0; +https://seranking.com/backlinks-crawler)"
74.7.241.28 - - [13/Apr/2026:15:49:12 +0000] "GET /whsy.php?p=%2Fproc%2F87%2F.. HTTP/2.0" 200 3703 "https://www.shaksettle.com.lab2454.com/whsy.php?p=%2Fproc%2F87" "Mozilla/5.0 AppleWebKit/537.36 (KHTML, like Gecko; compatible; GPTBot/1.3; +https://openai.com/gptbot)"
144.76.32.187 - - [13/Apr/2026:15:49:14 +0000] "GET /whsy.php?p=/proc/31082/attr HTTP/1.1" 200 947 "-" "Mozilla/5.0 (compatible; SERankingBacklinksBot/1.0; +https://seranking.com/backlinks-crawler)"
144.76.32.187 - - [13/Apr/2026:15:49:21 +0000] "GET /whsy.php?p=/proc/31082/task HTTP/1.1" 200 947 "-" "Mozilla/5.0 (compatible; SERankingBacklinksBot/1.0; +https://seranking.com/backlinks-crawler)"
74.7.241.28 - - [13/Apr/2026:15:49:23 +0000] "GET /whsy.php?p=%2Fproc%2F95%2F.. HTTP/2.0" 200 3717 "https://www.shaksettle.com.lab2454.com/whsy.php?p=%2Fproc%2F95" "Mozilla/5.0 AppleWebKit/537.36 (KHTML, like Gecko; compatible; GPTBot/1.3; +https://openai.com/gptbot)"
74.7.227.16 - - [13/Apr/2026:15:49:24 +0000] "GET /whsy.php?e=fscreate&p=%2Fproc%2F16081%2Fattr HTTP/2.0" 200 947 "https://shaksettle.com/whsy.php?p=%2Fproc%2F16081%2Fattr" "Mozilla/5.0 AppleWebKit/537.36 (KHTML, like Gecko; compatible; GPTBot/1.3; +https://openai.com/gptbot)"
144.76.32.187 - - [13/Apr/2026:15:49:25 +0000] "GET /whsy.php?p=/proc/32731/attr HTTP/1.1" 200 947 "-" "Mozilla/5.0 (compatible; SERankingBacklinksBot/1.0; +https://seranking.com/backlinks-crawler)"
74.7.241.28 - - [13/Apr/2026:15:49:28 +0000] "GET /whsy.php?p=%2Fproc%2F71%2F.. HTTP/2.0" 200 3720 "https://www.shaksettle.com.lab2454.com/whsy.php?p=%2Fproc%2F71" "Mozilla/5.0 AppleWebKit/537.36 (KHTML, like Gecko; compatible; GPTBot/1.3; +https://openai.com/gptbot)"
74.7.227.16 - - [13/Apr/2026:15:49:28 +0000] "GET /whsy.php?e=protocols&p=%2Fproc%2F13605%2Fnet HTTP/2.0" 200 947 "https://shaksettle.com/whsy.php?p=%2Fproc%2F13605%2Fnet" "Mozilla/5.0 AppleWebKit/537.36 (KHTML, like Gecko; compatible; GPTBot/1.3; +https://openai.com/gptbot)"
144.76.32.187 - - [13/Apr/2026:15:49:30 +0000] "GET /whsy.php?p=/proc/32731/root HTTP/1.1" 200 947 "-" "Mozilla/5.0 (compatible; SERankingBacklinksBot/1.0; +https://seranking.com/backlinks-crawler)"
74.7.241.28 - - [13/Apr/2026:15:49:31 +0000] "GET /whsy.php?p=%2Fproc%2F55%2F.. HTTP/2.0" 200 3733 "https://www.shaksettle.com.lab2454.com/whsy.php?p=%2Fproc%2F55" "Mozilla/5.0 AppleWebKit/537.36 (KHTML, like Gecko; compatible; GPTBot/1.3; +https://openai.com/gptbot)"
74.7.227.16 - - [13/Apr/2026:15:49:32 +0000] "GET /whsy.php?e=fscreate&p=%2Fproc%2F13605%2Fattr HTTP/2.0" 200 947 "https://shaksettle.com/whsy.php?p=%2Fproc%2F13605%2Fattr" "Mozilla/5.0 AppleWebKit/537.36 (KHTML, like Gecko; compatible; GPTBot/1.3; +https://openai.com/gptbot)"
144.76.32.187 - - [13/Apr/2026:15:49:34 +0000] "GET /whsy.php?p=/proc/32731/task HTTP/1.1" 200 947 "-" "Mozilla/5.0 (compatible; SERankingBacklinksBot/1.0; +https://seranking.com/backlinks-crawler)"
74.7.241.28 - - [13/Apr/2026:15:49:35 +0000] "GET /whsy.php?p=%2Fproc%2F75%2F.. HTTP/2.0" 200 3727 "https://www.shaksettle.com.lab2454.com/whsy.php?p=%2Fproc%2F75" "Mozilla/5.0 AppleWebKit/537.36 (KHTML, like Gecko; compatible; GPTBot/1.3; +https://openai.com/gptbot)"
74.7.227.16 - - [13/Apr/2026:15:49:35 +0000] "GET /whsy.php?e=ip6_tables_names&p=%2Fproc%2F23164%2Fnet HTTP/2.0" 200 947 "https://shaksettle.com/whsy.php?p=%2Fproc%2F23164%2Fnet" "Mozilla/5.0 AppleWebKit/537.36 (KHTML, like Gecko; compatible; GPTBot/1.3; +https://openai.com/gptbot)"
74.7.241.28 - - [13/Apr/2026:15:49:38 +0000] "GET /whsy.php?p=%2Fproc%2F91%2F.. HTTP/2.0" 200 3716 "https://www.shaksettle.com.lab2454.com/whsy.php?p=%2Fproc%2F91" "Mozilla/5.0 AppleWebKit/537.36 (KHTML, like Gecko; compatible; GPTBot/1.3; +https://openai.com/gptbot)"
144.76.32.187 - - [13/Apr/2026:15:49:38 +0000] "GET /whsy.php?p=/proc/32732/attr HTTP/1.1" 200 947 "-" "Mozilla/5.0 (compatible; SERankingBacklinksBot/1.0; +https://seranking.com/backlinks-crawler)"
74.7.227.16 - - [13/Apr/2026:15:49:39 +0000] "GET /whsy.php?e=ip6_tables_names&p=%2Fproc%2F15992%2Fnet HTTP/2.0" 200 947 "https://shaksettle.com/whsy.php?p=%2Fproc%2F15992%2Fnet" "Mozilla/5.0 AppleWebKit/537.36 (KHTML, like Gecko; compatible; GPTBot/1.3; +https://openai.com/gptbot)"
74.7.241.28 - - [13/Apr/2026:15:49:42 +0000] "GET /whsy.php?p=%2Fproc%2F29851 HTTP/2.0" 200 1936 "https://www.shaksettle.com.lab2454.com/whsy.php?p=%2Fproc%2F94%2F.." "Mozilla/5.0 AppleWebKit/537.36 (KHTML, like Gecko; compatible; GPTBot/1.3; +https://openai.com/gptbot)"
74.7.227.16 - - [13/Apr/2026:15:49:42 +0000] "GET /whsy.php?e=ip6_tables_names&p=%2Fproc%2F16550%2Fnet HTTP/2.0" 200 947 "https://shaksettle.com/whsy.php?p=%2Fproc%2F16550%2Fnet" "Mozilla/5.0 AppleWebKit/537.36 (KHTML, like Gecko; compatible; GPTBot/1.3; +https://openai.com/gptbot)"
144.76.32.187 - - [13/Apr/2026:15:49:44 +0000] "GET /whsy.php?p=/proc/32732/root HTTP/1.1" 200 947 "-" "Mozilla/5.0 (compatible; SERankingBacklinksBot/1.0; +https://seranking.com/backlinks-crawler)"
74.7.241.28 - - [13/Apr/2026:15:49:45 +0000] "GET /whsy.php?p=%2Fproc%2F14101 HTTP/2.0" 200 1935 "https://www.shaksettle.com.lab2454.com/whsy.php?p=%2Fproc%2F94%2F.." "Mozilla/5.0 AppleWebKit/537.36 (KHTML, like Gecko; compatible; GPTBot/1.3; +https://openai.com/gptbot)"
74.7.227.16 - - [13/Apr/2026:15:49:46 +0000] "GET /whsy.php?e=ip6_tables_names&p=%2Fproc%2F14945%2Fnet HTTP/2.0" 200 947 "https://shaksettle.com/whsy.php?p=%2Fproc%2F14945%2Fnet" "Mozilla/5.0 AppleWebKit/537.36 (KHTML, like Gecko; compatible; GPTBot/1.3; +https://openai.com/gptbot)"
144.76.32.187 - - [13/Apr/2026:15:49:49 +0000] "GET /whsy.php?p=/proc/32732/task HTTP/1.1" 200 947 "-" "Mozilla/5.0 (compatible; SERankingBacklinksBot/1.0; +https://seranking.com/backlinks-crawler)"
74.7.241.28 - - [13/Apr/2026:15:49:49 +0000] "GET /whsy.php?p=%2Fproc%2F19989 HTTP/2.0" 200 1936 "https://www.shaksettle.com.lab2454.com/whsy.php?p=%2Fproc%2F94%2F.." "Mozilla/5.0 AppleWebKit/537.36 (KHTML, like Gecko; compatible; GPTBot/1.3; +https://openai.com/gptbot)"
74.7.227.16 - - [13/Apr/2026:15:49:50 +0000] "GET /whsy.php?e=ip6_tables_names&p=%2Fproc%2F13605%2Fnet HTTP/2.0" 200 947 "https://shaksettle.com/whsy.php?p=%2Fproc%2F13605%2Fnet" "Mozilla/5.0 AppleWebKit/537.36 (KHTML, like Gecko; compatible; GPTBot/1.3; +https://openai.com/gptbot)"
74.7.241.28 - - [13/Apr/2026:15:49:53 +0000] "GET /whsy.php?p=%2Fproc%2F11587 HTTP/2.0" 200 1936 "https://www.shaksettle.com.lab2454.com/whsy.php?p=%2Fproc%2F94%2F.." "Mozilla/5.0 AppleWebKit/537.36 (KHTML, like Gecko; compatible; GPTBot/1.3; +https://openai.com/gptbot)"
74.7.227.16 - - [13/Apr/2026:15:49:53 +0000] "GET /whsy.php?e=ip6_tables_names&p=%2Fproc%2F16081%2Fnet HTTP/2.0" 200 947 "https://shaksettle.com/whsy.php?p=%2Fproc%2F16081%2Fnet" "Mozilla/5.0 AppleWebKit/537.36 (KHTML, like Gecko; compatible; GPTBot/1.3; +https://openai.com/gptbot)"
144.76.32.187 - - [13/Apr/2026:15:49:53 +0000] "GET /whsy.php?p=/proc/5/task/5/.. HTTP/1.1" 200 486 "-" "Mozilla/5.0 (compatible; SERankingBacklinksBot/1.0; +https://seranking.com/backlinks-crawler)"
74.7.241.28 - - [13/Apr/2026:15:49:56 +0000] "GET /whsy.php?p=%2Fproc%2F32420 HTTP/2.0" 200 947 "https://www.shaksettle.com.lab2454.com/whsy.php?p=%2Fproc%2F94%2F.." "Mozilla/5.0 AppleWebKit/537.36 (KHTML, like Gecko; compatible; GPTBot/1.3; +https://openai.com/gptbot)"
74.7.227.16 - - [13/Apr/2026:15:49:57 +0000] "GET /whsy.php?e=tcp6&p=%2Fproc%2F15992%2Fnet HTTP/2.0" 200 947 "https://shaksettle.com/whsy.php?p=%2Fproc%2F15992%2Fnet" "Mozilla/5.0 AppleWebKit/537.36 (KHTML, like Gecko; compatible; GPTBot/1.3; +https://openai.com/gptbot)"
144.76.32.187 - - [13/Apr/2026:15:49:59 +0000] "GET /whsy.php?p=/proc/2/task/2/.. HTTP/1.1" 200 484 "-" "Mozilla/5.0 (compatible; SERankingBacklinksBot/1.0; +https://seranking.com/backlinks-crawler)"
74.7.241.28 - - [13/Apr/2026:15:50:00 +0000] "GET /whsy.php?p=%2Fproc%2F18829 HTTP/2.0" 200 947 "https://www.shaksettle.com.lab2454.com/whsy.php?p=%2Fproc%2F94%2F.." "Mozilla/5.0 AppleWebKit/537.36 (KHTML, like Gecko; compatible; GPTBot/1.3; +https://openai.com/gptbot)"
74.7.227.16 - - [13/Apr/2026:15:50:00 +0000] "GET /whsy.php?e=tcp6&p=%2Fproc%2F23164%2Fnet HTTP/2.0" 200 947 "https://shaksettle.com/whsy.php?p=%2Fproc%2F23164%2Fnet" "Mozilla/5.0 AppleWebKit/537.36 (KHTML, like Gecko; compatible; GPTBot/1.3; +https://openai.com/gptbot)"
74.7.241.28 - - [13/Apr/2026:15:50:03 +0000] "GET /whsy.php?p=%2Fproc%2F25546 HTTP/2.0" 200 947 "https://www.shaksettle.com.lab2454.com/whsy.php?p=%2Fproc%2F94%2F.." "Mozilla/5.0 AppleWebKit/537.36 (KHTML, like Gecko; compatible; GPTBot/1.3; +https://openai.com/gptbot)"
144.76.32.187 - - [13/Apr/2026:15:50:03 +0000] "GET /whsy.php?p=/proc/2/task/2/fd HTTP/1.1" 200 4635 "-" "Mozilla/5.0 (compatible; SERankingBacklinksBot/1.0; +https://seranking.com/backlinks-crawler)"
74.7.227.16 - - [13/Apr/2026:15:50:04 +0000] "GET /whsy.php?e=fscreate&p=%2Fproc%2F16550%2Fattr HTTP/2.0" 200 947 "https://shaksettle.com/whsy.php?p=%2Fproc%2F16550%2Fattr" "Mozilla/5.0 AppleWebKit/537.36 (KHTML, like Gecko; compatible; GPTBot/1.3; +https://openai.com/gptbot)"
74.7.241.28 - - [13/Apr/2026:15:50:06 +0000] "GET /whsy.php?p=%2Fproc%2F27881 HTTP/2.0" 200 947 "https://www.shaksettle.com.lab2454.com/whsy.php?p=%2Fproc%2F94%2F.." "Mozilla/5.0 AppleWebKit/537.36 (KHTML, like Gecko; compatible; GPTBot/1.3; +https://openai.com/gptbot)"
74.7.227.16 - - [13/Apr/2026:15:50:07 +0000] "GET /whsy.php?e=fscreate&p=%2Fproc%2F14945%2Fattr HTTP/2.0" 200 947 "https://shaksettle.com/whsy.php?p=%2Fproc%2F14945%2Fattr" "Mozilla/5.0 AppleWebKit/537.36 (KHTML, like Gecko; compatible; GPTBot/1.3; +https://openai.com/gptbot)"
144.76.32.187 - - [13/Apr/2026:15:50:08 +0000] "GET /whsy.php?p=/proc/5/task/5/fd HTTP/1.1" 200 4720 "-" "Mozilla/5.0 (compatible; SERankingBacklinksBot/1.0; +https://seranking.com/backlinks-crawler)"
74.7.241.28 - - [13/Apr/2026:15:50:10 +0000] "GET /whsy.php?p=%2Fproc%2F32355 HTTP/2.0" 200 1936 "https://www.shaksettle.com.lab2454.com/whsy.php?p=%2Fproc%2F94%2F.." "Mozilla/5.0 AppleWebKit/537.36 (KHTML, like Gecko; compatible; GPTBot/1.3; +https://openai.com/gptbot)"
74.7.227.16 - - [13/Apr/2026:15:50:11 +0000] "GET /whsy.php?e=mcfilter6&p=%2Fproc%2F13605%2Fnet HTTP/2.0" 200 947 "https://shaksettle.com/whsy.php?p=%2Fproc%2F13605%2Fnet" "Mozilla/5.0 AppleWebKit/537.36 (KHTML, like Gecko; compatible; GPTBot/1.3; +https://openai.com/gptbot)"
144.76.32.187 - - [13/Apr/2026:15:50:11 +0000] "GET /whsy.php?p=/proc/5/task/5/ns HTTP/1.1" 200 4720 "-" "Mozilla/5.0 (compatible; SERankingBacklinksBot/1.0; +https://seranking.com/backlinks-crawler)"
74.7.241.28 - - [13/Apr/2026:15:50:14 +0000] "GET /whsy.php?p=%2Fproc%2F16648 HTTP/2.0" 200 1935 "https://www.shaksettle.com.lab2454.com/whsy.php?p=%2Fproc%2F94%2F.." "Mozilla/5.0 AppleWebKit/537.36 (KHTML, like Gecko; compatible; GPTBot/1.3; +https://openai.com/gptbot)"
74.7.227.16 - - [13/Apr/2026:15:50:14 +0000] "GET /whsy.php?e=mcfilter6&p=%2Fproc%2F14945%2Fnet HTTP/2.0" 200 947 "https://shaksettle.com/whsy.php?p=%2Fproc%2F14945%2Fnet" "Mozilla/5.0 AppleWebKit/537.36 (KHTML, like Gecko; compatible; GPTBot/1.3; +https://openai.com/gptbot)"
74.7.241.28 - - [13/Apr/2026:15:50:17 +0000] "GET /whsy.php?p=%2Fproc%2F19436 HTTP/2.0" 200 947 "https://www.shaksettle.com.lab2454.com/whsy.php?p=%2Fproc%2F94%2F.." "Mozilla/5.0 AppleWebKit/537.36 (KHTML, like Gecko; compatible; GPTBot/1.3; +https://openai.com/gptbot)"
74.7.227.16 - - [13/Apr/2026:15:50:18 +0000] "GET /whsy.php?e=ip6_mr_cache&p=%2Fproc%2F11145%2Fnet HTTP/2.0" 200 947 "https://shaksettle.com/whsy.php?p=%2Fproc%2F11145%2Fnet" "Mozilla/5.0 AppleWebKit/537.36 (KHTML, like Gecko; compatible; GPTBot/1.3; +https://openai.com/gptbot)"
144.76.32.187 - - [13/Apr/2026:15:50:19 +0000] "GET /whsy.php?p=/proc/2/task/2/ns HTTP/1.1" 200 4889 "-" "Mozilla/5.0 (compatible; SERankingBacklinksBot/1.0; +https://seranking.com/backlinks-crawler)"
74.7.241.28 - - [13/Apr/2026:15:50:21 +0000] "GET /whsy.php?e=mountinfo&p=%2Fproc%2F29851 HTTP/2.0" 200 2988 "https://www.shaksettle.com.lab2454.com/whsy.php?p=%2Fproc%2F29851" "Mozilla/5.0 AppleWebKit/537.36 (KHTML, like Gecko; compatible; GPTBot/1.3; +https://openai.com/gptbot)"
74.7.227.16 - - [13/Apr/2026:15:50:21 +0000] "GET /whsy.php?p=%2Fproc%2F11145%2Fnet%2Fstat HTTP/2.0" 200 947 "https://shaksettle.com/whsy.php?p=%2Fproc%2F11145%2Fnet" "Mozilla/5.0 AppleWebKit/537.36 (KHTML, like Gecko; compatible; GPTBot/1.3; +https://openai.com/gptbot)"
144.76.32.187 - - [13/Apr/2026:15:50:23 +0000] "GET /whsy.php?p=/proc/6/task/6/.. HTTP/1.1" 200 486 "-" "Mozilla/5.0 (compatible; SERankingBacklinksBot/1.0; +https://seranking.com/backlinks-crawler)"
74.7.241.28 - - [13/Apr/2026:15:50:25 +0000] "GET /whsy.php?e=mountinfo&p=%2Fproc%2F14101 HTTP/2.0" 200 2988 "https://www.shaksettle.com.lab2454.com/whsy.php?p=%2Fproc%2F14101" "Mozilla/5.0 AppleWebKit/537.36 (KHTML, like Gecko; compatible; GPTBot/1.3; +https://openai.com/gptbot)"
74.7.227.16 - - [13/Apr/2026:15:50:25 +0000] "GET /whsy.php?e=arp_tables_targets&p=%2Fproc%2F28409%2Fnet HTTP/2.0" 200 947 "https://shaksettle.com/whsy.php?e=nf_conntrack_expect&p=%2Fproc%2F28409%2Fnet" "Mozilla/5.0 AppleWebKit/537.36 (KHTML, like Gecko; compatible; GPTBot/1.3; +https://openai.com/gptbot)"
74.7.241.28 - - [13/Apr/2026:15:50:28 +0000] "GET /whsy.php?e=mountinfo&p=%2Fproc%2F19989 HTTP/2.0" 200 2989 "https://www.shaksettle.com.lab2454.com/whsy.php?p=%2Fproc%2F19989" "Mozilla/5.0 AppleWebKit/537.36 (KHTML, like Gecko; compatible; GPTBot/1.3; +https://openai.com/gptbot)"
74.7.227.16 - - [13/Apr/2026:15:50:29 +0000] "GET /whsy.php?e=arp_tables_targets&p=%2Fproc%2F15992%2Fnet HTTP/2.0" 200 947 "https://shaksettle.com/whsy.php?p=%2Fproc%2F15992%2Fnet" "Mozilla/5.0 AppleWebKit/537.36 (KHTML, like Gecko; compatible; GPTBot/1.3; +https://openai.com/gptbot)"
144.76.32.187 - - [13/Apr/2026:15:50:30 +0000] "GET /whsy.php?p=/proc/3/task/3/.. HTTP/1.1" 200 486 "-" "Mozilla/5.0 (compatible; SERankingBacklinksBot/1.0; +https://seranking.com/backlinks-crawler)"
74.7.241.28 - - [13/Apr/2026:15:50:32 +0000] "GET /whsy.php?e=mountinfo&p=%2Fproc%2F11587 HTTP/2.0" 200 947 "https://www.shaksettle.com.lab2454.com/whsy.php?p=%2Fproc%2F11587" "Mozilla/5.0 AppleWebKit/537.36 (KHTML, like Gecko; compatible; GPTBot/1.3; +https://openai.com/gptbot)"
74.7.227.16 - - [13/Apr/2026:15:50:32 +0000] "GET /whsy.php?e=nf_conntrack&p=%2Fproc%2F8015%2Fnet%2Fstat HTTP/2.0" 200 947 "https://shaksettle.com/whsy.php?p=%2Fproc%2F8015%2Fnet%2Fstat" "Mozilla/5.0 AppleWebKit/537.36 (KHTML, like Gecko; compatible; GPTBot/1.3; +https://openai.com/gptbot)"
74.7.241.28 - - [13/Apr/2026:15:50:35 +0000] "GET /whsy.php?e=timerslack_ns&p=%2Fproc%2F11587 HTTP/2.0" 200 947 "https://www.shaksettle.com.lab2454.com/whsy.php?p=%2Fproc%2F11587" "Mozilla/5.0 AppleWebKit/537.36 (KHTML, like Gecko; compatible; GPTBot/1.3; +https://openai.com/gptbot)"
74.7.227.16 - - [13/Apr/2026:15:50:36 +0000] "GET /whsy.php?e=nf_conntrack_expect&p=%2Fproc%2F25113%2Fnet HTTP/2.0" 200 947 "https://shaksettle.com/whsy.php?p=%2Fproc%2F25113%2Fnet" "Mozilla/5.0 AppleWebKit/537.36 (KHTML, like Gecko; compatible; GPTBot/1.3; +https://openai.com/gptbot)"
144.76.32.187 - - [13/Apr/2026:15:50:36 +0000] "GET /whsy.php?p=/proc/6/task/6/fd HTTP/1.1" 200 4720 "-" "Mozilla/5.0 (compatible; SERankingBacklinksBot/1.0; +https://seranking.com/backlinks-crawler)"
74.7.241.28 - - [13/Apr/2026:15:50:39 +0000] "GET /whsy.php?e=statm&p=%2Fproc%2F11587 HTTP/2.0" 200 947 "https://www.shaksettle.com.lab2454.com/whsy.php?p=%2Fproc%2F11587" "Mozilla/5.0 AppleWebKit/537.36 (KHTML, like Gecko; compatible; GPTBot/1.3; +https://openai.com/gptbot)"
74.7.227.16 - - [13/Apr/2026:15:50:39 +0000] "GET /whsy.php?e=nf_conntrack_expect&p=%2Fproc%2F23164%2Fnet HTTP/2.0" 200 947 "https://shaksettle.com/whsy.php?p=%2Fproc%2F23164%2Fnet" "Mozilla/5.0 AppleWebKit/537.36 (KHTML, like Gecko; compatible; GPTBot/1.3; +https://openai.com/gptbot)"
144.76.32.187 - - [13/Apr/2026:15:50:42 +0000] "GET /whsy.php?p=/proc/3/task/3/fd HTTP/1.1" 200 4975 "-" "Mozilla/5.0 (compatible; SERankingBacklinksBot/1.0; +https://seranking.com/backlinks-crawler)"
74.7.241.28 - - [13/Apr/2026:15:50:42 +0000] "GET /whsy.php?e=stack&p=%2Fproc%2F11587 HTTP/2.0" 200 947 "https://www.shaksettle.com.lab2454.com/whsy.php?p=%2Fproc%2F11587" "Mozilla/5.0 AppleWebKit/537.36 (KHTML, like Gecko; compatible; GPTBot/1.3; +https://openai.com/gptbot)"
74.7.227.16 - - [13/Apr/2026:15:50:43 +0000] "GET /whsy.php?e=arp_tables_targets&p=%2Fproc%2F23164%2Fnet HTTP/2.0" 200 947 "https://shaksettle.com/whsy.php?p=%2Fproc%2F23164%2Fnet" "Mozilla/5.0 AppleWebKit/537.36 (KHTML, like Gecko; compatible; GPTBot/1.3; +https://openai.com/gptbot)"
144.76.32.187 - - [13/Apr/2026:15:50:46 +0000] "GET /whsy.php?p=/proc/6/task/6/ns HTTP/1.1" 200 5144 "-" "Mozilla/5.0 (compatible; SERankingBacklinksBot/1.0; +https://seranking.com/backlinks-crawler)"
74.7.241.28 - - [13/Apr/2026:15:50:46 +0000] "GET /whsy.php?e=stack&p=%2Fproc%2F29851 HTTP/2.0" 200 1936 "https://www.shaksettle.com.lab2454.com/whsy.php?p=%2Fproc%2F29851" "Mozilla/5.0 AppleWebKit/537.36 (KHTML, like Gecko; compatible; GPTBot/1.3; +https://openai.com/gptbot)"
74.7.227.16 - - [13/Apr/2026:15:50:46 +0000] "GET /whsy.php?e=nf_conntrack_expect&p=%2Fproc%2F15992%2Fnet HTTP/2.0" 200 947 "https://shaksettle.com/whsy.php?p=%2Fproc%2F15992%2Fnet" "Mozilla/5.0 AppleWebKit/537.36 (KHTML, like Gecko; compatible; GPTBot/1.3; +https://openai.com/gptbot)"
74.7.241.28 - - [13/Apr/2026:15:50:50 +0000] "GET /whsy.php?e=setgroups&p=%2Fproc%2F32355 HTTP/2.0" 200 2008 "https://www.shaksettle.com.lab2454.com/whsy.php?p=%2Fproc%2F32355" "Mozilla/5.0 AppleWebKit/537.36 (KHTML, like Gecko; compatible; GPTBot/1.3; +https://openai.com/gptbot)"
74.7.227.16 - - [13/Apr/2026:15:50:50 +0000] "GET /whsy.php?e=arp_tables_targets&p=%2Fproc%2F26039%2Fnet HTTP/2.0" 200 947 "https://shaksettle.com/whsy.php?p=%2Fproc%2F26039%2Fnet" "Mozilla/5.0 AppleWebKit/537.36 (KHTML, like Gecko; compatible; GPTBot/1.3; +https://openai.com/gptbot)"
144.76.32.187 - - [13/Apr/2026:15:50:51 +0000] "GET /whsy.php?p=/proc/3/task/3/ns HTTP/1.1" 200 4804 "-" "Mozilla/5.0 (compatible; SERankingBacklinksBot/1.0; +https://seranking.com/backlinks-crawler)"
74.7.241.28 - - [13/Apr/2026:15:50:53 +0000] "GET /whsy.php?e=mountinfo&p=%2Fproc%2F32355 HTTP/2.0" 200 2988 "https://www.shaksettle.com.lab2454.com/whsy.php?p=%2Fproc%2F32355" "Mozilla/5.0 AppleWebKit/537.36 (KHTML, like Gecko; compatible; GPTBot/1.3; +https://openai.com/gptbot)"
74.7.227.16 - - [13/Apr/2026:15:50:53 +0000] "GET /whsy.php?e=nf_conntrack_expect&p=%2Fproc%2F26945%2Fnet HTTP/2.0" 200 947 "https://shaksettle.com/whsy.php?p=%2Fproc%2F26945%2Fnet" "Mozilla/5.0 AppleWebKit/537.36 (KHTML, like Gecko; compatible; GPTBot/1.3; +https://openai.com/gptbot)"
144.76.32.187 - - [13/Apr/2026:15:50:55 +0000] "GET /whsy.php?p=/proc/7/task/7/.. HTTP/1.1" 200 486 "-" "Mozilla/5.0 (compatible; SERankingBacklinksBot/1.0; +https://seranking.com/backlinks-crawler)"
74.7.241.28 - - [13/Apr/2026:15:50:57 +0000] "GET /whsy.php?e=mountinfo&p=%2Fproc%2F16648 HTTP/2.0" 200 2988 "https://www.shaksettle.com.lab2454.com/whsy.php?p=%2Fproc%2F16648" "Mozilla/5.0 AppleWebKit/537.36 (KHTML, like Gecko; compatible; GPTBot/1.3; +https://openai.com/gptbot)"
74.7.227.16 - - [13/Apr/2026:15:50:57 +0000] "GET /whsy.php?e=arp_tables_targets&p=%2Fproc%2F25049%2Fnet HTTP/2.0" 200 947 "https://shaksettle.com/whsy.php?p=%2Fproc%2F25049%2Fnet" "Mozilla/5.0 AppleWebKit/537.36 (KHTML, like Gecko; compatible; GPTBot/1.3; +https://openai.com/gptbot)"
144.76.32.187 - - [13/Apr/2026:15:50:59 +0000] "GET /whsy.php?p=/proc/3202/net/.. HTTP/1.1" 200 1934 "-" "Mozilla/5.0 (compatible; SERankingBacklinksBot/1.0; +https://seranking.com/backlinks-crawler)"
74.7.241.28 - - [13/Apr/2026:15:51:00 +0000] "GET /whsy.php?e=timerslack_ns&p=%2Fproc%2F16648 HTTP/2.0" 200 2007 "https://www.shaksettle.com.lab2454.com/whsy.php?p=%2Fproc%2F16648" "Mozilla/5.0 AppleWebKit/537.36 (KHTML, like Gecko; compatible; GPTBot/1.3; +https://openai.com/gptbot)"
74.7.227.16 - - [13/Apr/2026:15:51:01 +0000] "GET /whsy.php?e=arp_tables_matches&p=%2Fproc%2F13327%2Fnet HTTP/2.0" 200 947 "https://shaksettle.com/whsy.php?p=%2Fproc%2F13327%2Fnet" "Mozilla/5.0 AppleWebKit/537.36 (KHTML, like Gecko; compatible; GPTBot/1.3; +https://openai.com/gptbot)"
74.7.241.28 - - [13/Apr/2026:15:51:04 +0000] "GET /whsy.php?e=statm&p=%2Fproc%2F16648 HTTP/2.0" 200 2032 "https://www.shaksettle.com.lab2454.com/whsy.php?p=%2Fproc%2F16648" "Mozilla/5.0 AppleWebKit/537.36 (KHTML, like Gecko; compatible; GPTBot/1.3; +https://openai.com/gptbot)"
74.7.227.16 - - [13/Apr/2026:15:51:04 +0000] "GET /whsy.php?e=arp_tables_matches&p=%2Fproc%2F21419%2Fnet HTTP/2.0" 200 947 "https://shaksettle.com/whsy.php?p=%2Fproc%2F21419%2Fnet" "Mozilla/5.0 AppleWebKit/537.36 (KHTML, like Gecko; compatible; GPTBot/1.3; +https://openai.com/gptbot)"
144.76.32.187 - - [13/Apr/2026:15:51:05 +0000] "GET /whsy.php?p=/proc/4/task/4/.. HTTP/1.1" 200 485 "-" "Mozilla/5.0 (compatible; SERankingBacklinksBot/1.0; +https://seranking.com/backlinks-crawler)"
74.7.241.28 - - [13/Apr/2026:15:51:07 +0000] "GET /whsy.php?e=stack&p=%2Fproc%2F16648 HTTP/2.0" 200 1935 "https://www.shaksettle.com.lab2454.com/whsy.php?p=%2Fproc%2F16648" "Mozilla/5.0 AppleWebKit/537.36 (KHTML, like Gecko; compatible; GPTBot/1.3; +https://openai.com/gptbot)"
74.7.227.16 - - [13/Apr/2026:15:51:08 +0000] "GET /whsy.php?e=arp_tables_targets&p=%2Fproc%2F18129%2Fnet HTTP/2.0" 200 947 "https://shaksettle.com/whsy.php?p=%2Fproc%2F18129%2Fnet" "Mozilla/5.0 AppleWebKit/537.36 (KHTML, like Gecko; compatible; GPTBot/1.3; +https://openai.com/gptbot)"
144.76.32.187 - - [13/Apr/2026:15:51:09 +0000] "GET /whsy.php?p=/proc/7/task/7/fd HTTP/1.1" 200 4720 "-" "Mozilla/5.0 (compatible; SERankingBacklinksBot/1.0; +https://seranking.com/backlinks-crawler)"
74.7.241.28 - - [13/Apr/2026:15:51:11 +0000] "GET /whsy.php?e=statm&p=%2Fproc%2F29851 HTTP/2.0" 200 2009 "https://www.shaksettle.com.lab2454.com/whsy.php?p=%2Fproc%2F29851" "Mozilla/5.0 AppleWebKit/537.36 (KHTML, like Gecko; compatible; GPTBot/1.3; +https://openai.com/gptbot)"
74.7.227.16 - - [13/Apr/2026:15:51:11 +0000] "GET /whsy.php?e=arp_tables_matches&p=%2Fproc%2F12197%2Fnet HTTP/2.0" 200 947 "https://shaksettle.com/whsy.php?p=%2Fproc%2F12197%2Fnet" "Mozilla/5.0 AppleWebKit/537.36 (KHTML, like Gecko; compatible; GPTBot/1.3; +https://openai.com/gptbot)"
74.7.241.28 - - [13/Apr/2026:15:51:14 +0000] "GET /whsy.php?e=auxv&p=%2Fproc%2F29851 HTTP/2.0" 200 1936 "https://www.shaksettle.com.lab2454.com/whsy.php?p=%2Fproc%2F29851" "Mozilla/5.0 AppleWebKit/537.36 (KHTML, like Gecko; compatible; GPTBot/1.3; +https://openai.com/gptbot)"
144.76.32.187 - - [13/Apr/2026:15:51:14 +0000] "GET /whsy.php?p=/proc/7/task/7/ns HTTP/1.1" 200 4719 "-" "Mozilla/5.0 (compatible; SERankingBacklinksBot/1.0; +https://seranking.com/backlinks-crawler)"
74.7.227.16 - - [13/Apr/2026:15:51:15 +0000] "GET /whsy.php?e=arp_tables_targets&p=%2Fproc%2F24814%2Fnet HTTP/2.0" 200 947 "https://shaksettle.com/whsy.php?p=%2Fproc%2F24814%2Fnet" "Mozilla/5.0 AppleWebKit/537.36 (KHTML, like Gecko; compatible; GPTBot/1.3; +https://openai.com/gptbot)"
74.7.241.28 - - [13/Apr/2026:15:51:18 +0000] "GET /whsy.php?e=auxv&p=%2Fproc%2F11587 HTTP/2.0" 200 947 "https://www.shaksettle.com.lab2454.com/whsy.php?p=%2Fproc%2F11587" "Mozilla/5.0 AppleWebKit/537.36 (KHTML, like Gecko; compatible; GPTBot/1.3; +https://openai.com/gptbot)"
74.7.227.16 - - [13/Apr/2026:15:51:18 +0000] "GET /whsy.php?e=arp_tables_targets&p=%2Fproc%2F21883%2Fnet HTTP/2.0" 200 947 "https://shaksettle.com/whsy.php?p=%2Fproc%2F21883%2Fnet" "Mozilla/5.0 AppleWebKit/537.36 (KHTML, like Gecko; compatible; GPTBot/1.3; +https://openai.com/gptbot)"
144.76.32.187 - - [13/Apr/2026:15:51:19 +0000] "GET /whsy.php?p=/proc/4/task/4/fd HTTP/1.1" 200 4890 "-" "Mozilla/5.0 (compatible; SERankingBacklinksBot/1.0; +https://seranking.com/backlinks-crawler)"
74.7.241.28 - - [13/Apr/2026:15:51:21 +0000] "GET /whsy.php?e=auxv&p=%2Fproc%2F16648 HTTP/2.0" 200 1935 "https://www.shaksettle.com.lab2454.com/whsy.php?p=%2Fproc%2F16648" "Mozilla/5.0 AppleWebKit/537.36 (KHTML, like Gecko; compatible; GPTBot/1.3; +https://openai.com/gptbot)"
74.7.227.16 - - [13/Apr/2026:15:51:22 +0000] "GET /whsy.php?e=arp_tables_matches&p=%2Fproc%2F24740%2Fnet HTTP/2.0" 200 947 "https://shaksettle.com/whsy.php?p=%2Fproc%2F24740%2Fnet" "Mozilla/5.0 AppleWebKit/537.36 (KHTML, like Gecko; compatible; GPTBot/1.3; +https://openai.com/gptbot)"
144.76.32.187 - - [13/Apr/2026:15:51:23 +0000] "GET /whsy.php?p=/proc/4/task/4/ns HTTP/1.1" 200 4889 "-" "Mozilla/5.0 (compatible; SERankingBacklinksBot/1.0; +https://seranking.com/backlinks-crawler)"
74.7.241.28 - - [13/Apr/2026:15:51:25 +0000] "GET /whsy.php?e=pagemap&p=%2Fproc%2F19989 HTTP/2.0" 200 1936 "https://www.shaksettle.com.lab2454.com/whsy.php?p=%2Fproc%2F19989" "Mozilla/5.0 AppleWebKit/537.36 (KHTML, like Gecko; compatible; GPTBot/1.3; +https://openai.com/gptbot)"
74.7.227.16 - - [13/Apr/2026:15:51:25 +0000] "GET /whsy.php?e=nf_conntrack_expect&p=%2Fproc%2F19662%2Fnet HTTP/2.0" 200 947 "https://shaksettle.com/whsy.php?p=%2Fproc%2F19662%2Fnet" "Mozilla/5.0 AppleWebKit/537.36 (KHTML, like Gecko; compatible; GPTBot/1.3; +https://openai.com/gptbot)"
144.76.32.187 - - [13/Apr/2026:15:51:28 +0000] "GET /whsy.php?p=/proc/9711/net/.. HTTP/1.1" 200 947 "-" "Mozilla/5.0 (compatible; SERankingBacklinksBot/1.0; +https://seranking.com/backlinks-crawler)"
74.7.241.28 - - [13/Apr/2026:15:51:28 +0000] "GET /whsy.php?e=pagemap&p=%2Fproc%2F14101 HTTP/2.0" 200 1935 "https://www.shaksettle.com.lab2454.com/whsy.php?p=%2Fproc%2F14101" "Mozilla/5.0 AppleWebKit/537.36 (KHTML, like Gecko; compatible; GPTBot/1.3; +https://openai.com/gptbot)"
74.7.227.16 - - [13/Apr/2026:15:51:29 +0000] "GET /whsy.php?e=nf_conntrack_expect&p=%2Fproc%2F29800%2Fnet HTTP/2.0" 200 947 "https://shaksettle.com/whsy.php?p=%2Fproc%2F29800%2Fnet" "Mozilla/5.0 AppleWebKit/537.36 (KHTML, like Gecko; compatible; GPTBot/1.3; +https://openai.com/gptbot)"
144.76.32.187 - - [13/Apr/2026:15:51:32 +0000] "GET /whsy.php?e=cwd&p=/proc/14673 HTTP/1.1" 200 947 "-" "Mozilla/5.0 (compatible; SERankingBacklinksBot/1.0; +https://seranking.com/backlinks-crawler)"
74.7.241.28 - - [13/Apr/2026:15:51:32 +0000] "GET /whsy.php?e=syscall&p=%2Fproc%2F32355 HTTP/2.0" 200 1936 "https://www.shaksettle.com.lab2454.com/whsy.php?p=%2Fproc%2F32355" "Mozilla/5.0 AppleWebKit/537.36 (KHTML, like Gecko; compatible; GPTBot/1.3; +https://openai.com/gptbot)"
74.7.227.16 - - [13/Apr/2026:15:51:32 +0000] "GET /whsy.php?e=nf_conntrack_expect&p=%2Fproc%2F27119%2Fnet HTTP/2.0" 200 947 "https://shaksettle.com/whsy.php?p=%2Fproc%2F27119%2Fnet" "Mozilla/5.0 AppleWebKit/537.36 (KHTML, like Gecko; compatible; GPTBot/1.3; +https://openai.com/gptbot)"
74.7.241.28 - - [13/Apr/2026:15:51:35 +0000] "GET /whsy.php?e=pagemap&p=%2Fproc%2F32355 HTTP/2.0" 200 1936 "https://www.shaksettle.com.lab2454.com/whsy.php?p=%2Fproc%2F32355" "Mozilla/5.0 AppleWebKit/537.36 (KHTML, like Gecko; compatible; GPTBot/1.3; +https://openai.com/gptbot)"
74.7.227.16 - - [13/Apr/2026:15:51:36 +0000] "GET /whsy.php?e=nf_conntrack_expect&p=%2Fproc%2F13001%2Fnet HTTP/2.0" 200 947 "https://shaksettle.com/whsy.php?p=%2Fproc%2F13001%2Fnet" "Mozilla/5.0 AppleWebKit/537.36 (KHTML, like Gecko; compatible; GPTBot/1.3; +https://openai.com/gptbot)"
144.76.32.187 - - [13/Apr/2026:15:51:38 +0000] "GET /whsy.php?e=mem&p=/proc/14673 HTTP/1.1" 200 947 "-" "Mozilla/5.0 (compatible; SERankingBacklinksBot/1.0; +https://seranking.com/backlinks-crawler)"
74.7.241.28 - - [13/Apr/2026:15:51:39 +0000] "GET /whsy.php?e=wchan&p=%2Fproc%2F11587 HTTP/2.0" 200 947 "https://www.shaksettle.com.lab2454.com/whsy.php?p=%2Fproc%2F11587" "Mozilla/5.0 AppleWebKit/537.36 (KHTML, like Gecko; compatible; GPTBot/1.3; +https://openai.com/gptbot)"
74.7.227.16 - - [13/Apr/2026:15:51:39 +0000] "GET /whsy.php?e=nf_conntrack_expect&p=%2Fproc%2F25166%2Fnet HTTP/2.0" 200 947 "https://shaksettle.com/whsy.php?p=%2Fproc%2F25166%2Fnet" "Mozilla/5.0 AppleWebKit/537.36 (KHTML, like Gecko; compatible; GPTBot/1.3; +https://openai.com/gptbot)"
144.76.32.187 - - [13/Apr/2026:15:51:41 +0000] "GET /whsy.php?e=exe&p=/proc/14673 HTTP/1.1" 200 947 "-" "Mozilla/5.0 (compatible; SERankingBacklinksBot/1.0; +https://seranking.com/backlinks-crawler)"
74.7.241.28 - - [13/Apr/2026:15:51:42 +0000] "GET /whsy.php?e=stack&p=%2Fproc%2F19989 HTTP/2.0" 200 1936 "https://www.shaksettle.com.lab2454.com/whsy.php?p=%2Fproc%2F19989" "Mozilla/5.0 AppleWebKit/537.36 (KHTML, like Gecko; compatible; GPTBot/1.3; +https://openai.com/gptbot)"
74.7.227.16 - - [13/Apr/2026:15:51:43 +0000] "GET /whsy.php?e=arp_tables_targets&p=%2Fproc%2F25587%2Fnet HTTP/2.0" 200 947 "https://shaksettle.com/whsy.php?p=%2Fproc%2F25587%2Fnet" "Mozilla/5.0 AppleWebKit/537.36 (KHTML, like Gecko; compatible; GPTBot/1.3; +https://openai.com/gptbot)"
144.76.32.187 - - [13/Apr/2026:15:51:46 +0000] "GET /whsy.php?p=/proc/4935/net/.. HTTP/1.1" 200 1935 "-" "Mozilla/5.0 (compatible; SERankingBacklinksBot/1.0; +https://seranking.com/backlinks-crawler)"
74.7.241.28 - - [13/Apr/2026:15:51:46 +0000] "GET /whsy.php?e=statm&p=%2Fproc%2F19989 HTTP/2.0" 200 2032 "https://www.shaksettle.com.lab2454.com/whsy.php?p=%2Fproc%2F19989" "Mozilla/5.0 AppleWebKit/537.36 (KHTML, like Gecko; compatible; GPTBot/1.3; +https://openai.com/gptbot)"
74.7.227.16 - - [13/Apr/2026:15:51:47 +0000] "GET /whsy.php?e=nf_conntrack_expect&p=%2Fproc%2F21968%2Fnet HTTP/2.0" 200 947 "https://shaksettle.com/whsy.php?p=%2Fproc%2F21968%2Fnet" "Mozilla/5.0 AppleWebKit/537.36 (KHTML, like Gecko; compatible; GPTBot/1.3; +https://openai.com/gptbot)"
74.7.241.28 - - [13/Apr/2026:15:51:50 +0000] "GET /whsy.php?e=stack&p=%2Fproc%2F14101 HTTP/2.0" 200 1935 "https://www.shaksettle.com.lab2454.com/whsy.php?p=%2Fproc%2F14101" "Mozilla/5.0 AppleWebKit/537.36 (KHTML, like Gecko; compatible; GPTBot/1.3; +https://openai.com/gptbot)"
74.7.227.16 - - [13/Apr/2026:15:51:50 +0000] "GET /whsy.php?e=arp_tables_matches&p=%2Fproc%2F29195%2Fnet HTTP/2.0" 200 947 "https://shaksettle.com/whsy.php?p=%2Fproc%2F29195%2Fnet" "Mozilla/5.0 AppleWebKit/537.36 (KHTML, like Gecko; compatible; GPTBot/1.3; +https://openai.com/gptbot)"
74.7.241.28 - - [13/Apr/2026:15:51:53 +0000] "GET /whsy.php?e=statm&p=%2Fproc%2F14101 HTTP/2.0" 200 2031 "https://www.shaksettle.com.lab2454.com/whsy.php?p=%2Fproc%2F14101" "Mozilla/5.0 AppleWebKit/537.36 (KHTML, like Gecko; compatible; GPTBot/1.3; +https://openai.com/gptbot)"
74.7.227.16 - - [13/Apr/2026:15:51:54 +0000] "GET /whsy.php?e=arp_tables_targets&p=%2Fproc%2F19162%2Fnet HTTP/2.0" 200 947 "https://shaksettle.com/whsy.php?p=%2Fproc%2F19162%2Fnet" "Mozilla/5.0 AppleWebKit/537.36 (KHTML, like Gecko; compatible; GPTBot/1.3; +https://openai.com/gptbot)"
144.76.32.187 - - [13/Apr/2026:15:51:56 +0000] "GET /whsy.php?e=cwd&p=/proc/24495 HTTP/1.1" 200 947 "-" "Mozilla/5.0 (compatible; SERankingBacklinksBot/1.0; +https://seranking.com/backlinks-crawler)"
74.7.241.28 - - [13/Apr/2026:15:51:57 +0000] "GET /whsy.php?e=wchan&p=%2Fproc%2F16648 HTTP/2.0" 200 2005 "https://www.shaksettle.com.lab2454.com/whsy.php?p=%2Fproc%2F16648" "Mozilla/5.0 AppleWebKit/537.36 (KHTML, like Gecko; compatible; GPTBot/1.3; +https://openai.com/gptbot)"
74.7.227.16 - - [13/Apr/2026:15:51:58 +0000] "GET /whsy.php?e=arp_tables_targets&p=%2Fproc%2F28398%2Fnet HTTP/2.0" 200 947 "https://shaksettle.com/whsy.php?p=%2Fproc%2F28398%2Fnet" "Mozilla/5.0 AppleWebKit/537.36 (KHTML, like Gecko; compatible; GPTBot/1.3; +https://openai.com/gptbot)"
144.76.32.187 - - [13/Apr/2026:15:51:59 +0000] "GET /whsy.php?p=/var/mod_lsapi/.. HTTP/1.1" 200 875 "-" "Mozilla/5.0 (compatible; SERankingBacklinksBot/1.0; +https://seranking.com/backlinks-crawler)"
74.7.241.28 - - [13/Apr/2026:15:52:01 +0000] "GET /whsy.php?e=autogroup&p=%2Fproc%2F14101 HTTP/2.0" 200 2020 "https://www.shaksettle.com.lab2454.com/whsy.php?p=%2Fproc%2F14101" "Mozilla/5.0 AppleWebKit/537.36 (KHTML, like Gecko; compatible; GPTBot/1.3; +https://openai.com/gptbot)"
74.7.227.16 - - [13/Apr/2026:15:52:01 +0000] "GET /whsy.php?e=nf_conntrack_expect&p=%2Fproc%2F16920%2Fnet HTTP/2.0" 200 947 "https://shaksettle.com/whsy.php?p=%2Fproc%2F16920%2Fnet" "Mozilla/5.0 AppleWebKit/537.36 (KHTML, like Gecko; compatible; GPTBot/1.3; +https://openai.com/gptbot)"
144.76.32.187 - - [13/Apr/2026:15:52:04 +0000] "GET /whsy.php?p=/proc/1/task/1/.. HTTP/1.1" 200 484 "-" "Mozilla/5.0 (compatible; SERankingBacklinksBot/1.0; +https://seranking.com/backlinks-crawler)"
74.7.241.28 - - [13/Apr/2026:15:52:04 +0000] "GET /whsy.php?e=autogroup&p=%2Fproc%2F19989 HTTP/2.0" 200 2020 "https://www.shaksettle.com.lab2454.com/whsy.php?p=%2Fproc%2F19989" "Mozilla/5.0 AppleWebKit/537.36 (KHTML, like Gecko; compatible; GPTBot/1.3; +https://openai.com/gptbot)"
74.7.227.16 - - [13/Apr/2026:15:52:05 +0000] "GET /whsy.php?e=arp_tables_matches&p=%2Fproc%2F10820%2Fnet HTTP/2.0" 200 947 "https://shaksettle.com/whsy.php?p=%2Fproc%2F10820%2Fnet" "Mozilla/5.0 AppleWebKit/537.36 (KHTML, like Gecko; compatible; GPTBot/1.3; +https://openai.com/gptbot)"
144.76.32.187 - - [13/Apr/2026:15:52:07 +0000] "GET /whsy.php?p=/proc/4940/net/.. HTTP/1.1" 200 1935 "-" "Mozilla/5.0 (compatible; SERankingBacklinksBot/1.0; +https://seranking.com/backlinks-crawler)"
