144.76.32.187 - - [13/Apr/2026:12:04:49 +0000] "GET /whsy.php?p=/proc/18861 HTTP/1.1" 200 947 "-" "Mozilla/5.0 (compatible; SERankingBacklinksBot/1.0; +https://seranking.com/backlinks-crawler)"
74.7.227.16 - - [13/Apr/2026:12:04:50 +0000] "GET /whsy.php?p=%2Fproc%2F22963%2Fns HTTP/2.0" 200 947 "https://shaksettle.com/whsy.php?p=%2Fproc%2F22963" "Mozilla/5.0 AppleWebKit/537.36 (KHTML, like Gecko; compatible; GPTBot/1.3; +https://openai.com/gptbot)"
74.7.241.28 - - [13/Apr/2026:12:04:50 +0000] "GET /whsy.php?e=root&p=%2Fproc%2F19810 HTTP/2.0" 200 947 "https://www.shaksettle.com.lab2454.com/whsy.php?p=%2Fproc%2F19810" "Mozilla/5.0 AppleWebKit/537.36 (KHTML, like Gecko; compatible; GPTBot/1.3; +https://openai.com/gptbot)"
74.7.227.16 - - [13/Apr/2026:12:04:53 +0000] "GET /whsy.php?p=%2Fproc%2F15953%2Ffd HTTP/2.0" 200 947 "https://shaksettle.com/whsy.php?p=%2Fproc%2F15953" "Mozilla/5.0 AppleWebKit/537.36 (KHTML, like Gecko; compatible; GPTBot/1.3; +https://openai.com/gptbot)"
74.7.241.28 - - [13/Apr/2026:12:04:53 +0000] "GET /whsy.php?e=mountstats&p=%2Fproc%2F29978 HTTP/2.0" 200 1935 "https://www.shaksettle.com.lab2454.com/whsy.php?p=%2Fproc%2F29978" "Mozilla/5.0 AppleWebKit/537.36 (KHTML, like Gecko; compatible; GPTBot/1.3; +https://openai.com/gptbot)"
74.7.227.16 - - [13/Apr/2026:12:04:56 +0000] "GET /whsy.php?p=%2Fproc%2F27942%2Ffd HTTP/2.0" 200 947 "https://shaksettle.com/whsy.php?p=%2Fproc%2F27942" "Mozilla/5.0 AppleWebKit/537.36 (KHTML, like Gecko; compatible; GPTBot/1.3; +https://openai.com/gptbot)"
74.7.241.28 - - [13/Apr/2026:12:04:56 +0000] "GET /whsy.php?e=mountstats&p=%2Fproc%2F16200 HTTP/2.0" 200 947 "https://www.shaksettle.com.lab2454.com/whsy.php?p=%2Fproc%2F16200" "Mozilla/5.0 AppleWebKit/537.36 (KHTML, like Gecko; compatible; GPTBot/1.3; +https://openai.com/gptbot)"
74.7.227.16 - - [13/Apr/2026:12:04:59 +0000] "GET /whsy.php?p=%2Fproc%2F15953%2Fns HTTP/2.0" 200 947 "https://shaksettle.com/whsy.php?p=%2Fproc%2F15953" "Mozilla/5.0 AppleWebKit/537.36 (KHTML, like Gecko; compatible; GPTBot/1.3; +https://openai.com/gptbot)"
74.7.241.28 - - [13/Apr/2026:12:05:00 +0000] "GET /whsy.php?e=mountstats&p=%2Fproc%2F24074 HTTP/2.0" 200 947 "https://www.shaksettle.com.lab2454.com/whsy.php?p=%2Fproc%2F24074" "Mozilla/5.0 AppleWebKit/537.36 (KHTML, like Gecko; compatible; GPTBot/1.3; +https://openai.com/gptbot)"
144.76.32.187 - - [13/Apr/2026:12:05:00 +0000] "GET /whsy.php?p=/proc/18867 HTTP/1.1" 200 947 "-" "Mozilla/5.0 (compatible; SERankingBacklinksBot/1.0; +https://seranking.com/backlinks-crawler)"
74.7.227.16 - - [13/Apr/2026:12:05:03 +0000] "GET /whsy.php?p=%2Fproc%2F24084%2Fns HTTP/2.0" 200 947 "https://shaksettle.com/whsy.php?p=%2Fproc%2F24084" "Mozilla/5.0 AppleWebKit/537.36 (KHTML, like Gecko; compatible; GPTBot/1.3; +https://openai.com/gptbot)"
74.7.241.28 - - [13/Apr/2026:12:05:03 +0000] "GET /whsy.php?e=mountstats&p=%2Fproc%2F27942 HTTP/2.0" 200 947 "https://www.shaksettle.com.lab2454.com/whsy.php?p=%2Fproc%2F27942" "Mozilla/5.0 AppleWebKit/537.36 (KHTML, like Gecko; compatible; GPTBot/1.3; +https://openai.com/gptbot)"
144.76.32.187 - - [13/Apr/2026:12:05:05 +0000] "GET /whsy.php?p=/proc/25092 HTTP/1.1" 200 947 "-" "Mozilla/5.0 (compatible; SERankingBacklinksBot/1.0; +https://seranking.com/backlinks-crawler)"
74.7.227.16 - - [13/Apr/2026:12:05:06 +0000] "GET /whsy.php?p=%2Fproc%2F19810%2Ffd HTTP/2.0" 200 947 "https://shaksettle.com/whsy.php?p=%2Fproc%2F19810" "Mozilla/5.0 AppleWebKit/537.36 (KHTML, like Gecko; compatible; GPTBot/1.3; +https://openai.com/gptbot)"
74.7.241.28 - - [13/Apr/2026:12:05:06 +0000] "GET /whsy.php?e=mountstats&p=%2Fproc%2F29588 HTTP/2.0" 200 947 "https://www.shaksettle.com.lab2454.com/whsy.php?p=%2Fproc%2F29588" "Mozilla/5.0 AppleWebKit/537.36 (KHTML, like Gecko; compatible; GPTBot/1.3; +https://openai.com/gptbot)"
74.7.227.16 - - [13/Apr/2026:12:05:09 +0000] "GET /whsy.php?p=%2Fproc%2F24084%2Ffd HTTP/2.0" 200 947 "https://shaksettle.com/whsy.php?p=%2Fproc%2F24084" "Mozilla/5.0 AppleWebKit/537.36 (KHTML, like Gecko; compatible; GPTBot/1.3; +https://openai.com/gptbot)"
74.7.241.28 - - [13/Apr/2026:12:05:09 +0000] "GET /whsy.php?e=cgroup&p=%2Fproc%2F30031 HTTP/2.0" 200 947 "https://www.shaksettle.com.lab2454.com/whsy.php?p=%2Fproc%2F30031" "Mozilla/5.0 AppleWebKit/537.36 (KHTML, like Gecko; compatible; GPTBot/1.3; +https://openai.com/gptbot)"
74.7.227.16 - - [13/Apr/2026:12:05:13 +0000] "GET /whsy.php?p=%2Fproc%2F12933%2Fns HTTP/2.0" 200 947 "https://shaksettle.com/whsy.php?p=%2Fproc%2F12933" "Mozilla/5.0 AppleWebKit/537.36 (KHTML, like Gecko; compatible; GPTBot/1.3; +https://openai.com/gptbot)"
74.7.241.28 - - [13/Apr/2026:12:05:13 +0000] "GET /whsy.php?e=cpuset&p=%2Fproc%2F30031 HTTP/2.0" 200 947 "https://www.shaksettle.com.lab2454.com/whsy.php?p=%2Fproc%2F30031" "Mozilla/5.0 AppleWebKit/537.36 (KHTML, like Gecko; compatible; GPTBot/1.3; +https://openai.com/gptbot)"
74.7.227.16 - - [13/Apr/2026:12:05:16 +0000] "GET /whsy.php?p=%2Fproc%2F19810%2Fns HTTP/2.0" 200 947 "https://shaksettle.com/whsy.php?p=%2Fproc%2F19810" "Mozilla/5.0 AppleWebKit/537.36 (KHTML, like Gecko; compatible; GPTBot/1.3; +https://openai.com/gptbot)"
74.7.241.28 - - [13/Apr/2026:12:05:16 +0000] "GET /whsy.php?e=mounts&p=%2Fproc%2F29226 HTTP/2.0" 200 947 "https://www.shaksettle.com.lab2454.com/whsy.php?p=%2Fproc%2F29226" "Mozilla/5.0 AppleWebKit/537.36 (KHTML, like Gecko; compatible; GPTBot/1.3; +https://openai.com/gptbot)"
74.7.227.16 - - [13/Apr/2026:12:05:19 +0000] "GET /whsy.php?p=%2Fproc%2F24563%2Ffd HTTP/2.0" 200 947 "https://shaksettle.com/whsy.php?p=%2Fproc%2F24563" "Mozilla/5.0 AppleWebKit/537.36 (KHTML, like Gecko; compatible; GPTBot/1.3; +https://openai.com/gptbot)"
74.7.241.28 - - [13/Apr/2026:12:05:19 +0000] "GET /whsy.php?e=limits&p=%2Fproc%2F29226 HTTP/2.0" 200 947 "https://www.shaksettle.com.lab2454.com/whsy.php?p=%2Fproc%2F29226" "Mozilla/5.0 AppleWebKit/537.36 (KHTML, like Gecko; compatible; GPTBot/1.3; +https://openai.com/gptbot)"
144.76.32.187 - - [13/Apr/2026:12:05:19 +0000] "GET /whsy.php?e=comm&p=/proc/29069 HTTP/1.1" 200 947 "-" "Mozilla/5.0 (compatible; SERankingBacklinksBot/1.0; +https://seranking.com/backlinks-crawler)"
144.76.32.187 - - [13/Apr/2026:12:05:22 +0000] "GET /whsy.php?p=/proc/18897 HTTP/1.1" 200 947 "-" "Mozilla/5.0 (compatible; SERankingBacklinksBot/1.0; +https://seranking.com/backlinks-crawler)"
74.7.227.16 - - [13/Apr/2026:12:05:22 +0000] "GET /whsy.php?p=%2Fproc%2F27942%2Fns HTTP/2.0" 200 947 "https://shaksettle.com/whsy.php?p=%2Fproc%2F27942" "Mozilla/5.0 AppleWebKit/537.36 (KHTML, like Gecko; compatible; GPTBot/1.3; +https://openai.com/gptbot)"
74.7.241.28 - - [13/Apr/2026:12:05:23 +0000] "GET /whsy.php?e=status&p=%2Fproc%2F27942 HTTP/2.0" 200 947 "https://www.shaksettle.com.lab2454.com/whsy.php?p=%2Fproc%2F27942" "Mozilla/5.0 AppleWebKit/537.36 (KHTML, like Gecko; compatible; GPTBot/1.3; +https://openai.com/gptbot)"
74.7.227.16 - - [13/Apr/2026:12:05:26 +0000] "GET /whsy.php?p=%2Fproc%2F13964%2Fns HTTP/2.0" 200 947 "https://shaksettle.com/whsy.php?p=%2Fproc%2F13964" "Mozilla/5.0 AppleWebKit/537.36 (KHTML, like Gecko; compatible; GPTBot/1.3; +https://openai.com/gptbot)"
74.7.241.28 - - [13/Apr/2026:12:05:26 +0000] "GET /whsy.php?e=loginuid&p=%2Fproc%2F29226 HTTP/2.0" 200 947 "https://www.shaksettle.com.lab2454.com/whsy.php?p=%2Fproc%2F29226" "Mozilla/5.0 AppleWebKit/537.36 (KHTML, like Gecko; compatible; GPTBot/1.3; +https://openai.com/gptbot)"
144.76.32.187 - - [13/Apr/2026:12:05:27 +0000] "GET /whsy.php?p=/proc/25093 HTTP/1.1" 200 947 "-" "Mozilla/5.0 (compatible; SERankingBacklinksBot/1.0; +https://seranking.com/backlinks-crawler)"
74.7.227.16 - - [13/Apr/2026:12:05:29 +0000] "GET /whsy.php?p=%2Fproc%2F24563%2Fns HTTP/2.0" 200 947 "https://shaksettle.com/whsy.php?p=%2Fproc%2F24563" "Mozilla/5.0 AppleWebKit/537.36 (KHTML, like Gecko; compatible; GPTBot/1.3; +https://openai.com/gptbot)"
74.7.241.28 - - [13/Apr/2026:12:05:29 +0000] "GET /whsy.php?e=numa_maps&p=%2Fproc%2F30031 HTTP/2.0" 200 947 "https://www.shaksettle.com.lab2454.com/whsy.php?p=%2Fproc%2F30031" "Mozilla/5.0 AppleWebKit/537.36 (KHTML, like Gecko; compatible; GPTBot/1.3; +https://openai.com/gptbot)"
144.76.32.187 - - [13/Apr/2026:12:05:31 +0000] "GET /whsy.php?p=/proc/18931 HTTP/1.1" 200 947 "-" "Mozilla/5.0 (compatible; SERankingBacklinksBot/1.0; +https://seranking.com/backlinks-crawler)"
74.7.227.16 - - [13/Apr/2026:12:05:32 +0000] "GET /whsy.php?p=%2Fproc%2F12933%2Ffd HTTP/2.0" 200 947 "https://shaksettle.com/whsy.php?p=%2Fproc%2F12933" "Mozilla/5.0 AppleWebKit/537.36 (KHTML, like Gecko; compatible; GPTBot/1.3; +https://openai.com/gptbot)"
74.7.227.16 - - [13/Apr/2026:12:05:36 +0000] "GET /whsy.php?p=%2Fproc%2F12934%2Fns HTTP/2.0" 200 947 "https://shaksettle.com/whsy.php?p=%2Fproc%2F12934" "Mozilla/5.0 AppleWebKit/537.36 (KHTML, like Gecko; compatible; GPTBot/1.3; +https://openai.com/gptbot)"
144.76.32.187 - - [13/Apr/2026:12:05:36 +0000] "GET /whsy.php?p=/proc/25106 HTTP/1.1" 200 947 "-" "Mozilla/5.0 (compatible; SERankingBacklinksBot/1.0; +https://seranking.com/backlinks-crawler)"
74.7.227.16 - - [13/Apr/2026:12:05:39 +0000] "GET /whsy.php?p=%2Fproc%2F24563%2Ffdinfo HTTP/2.0" 200 947 "https://shaksettle.com/whsy.php?p=%2Fproc%2F24563" "Mozilla/5.0 AppleWebKit/537.36 (KHTML, like Gecko; compatible; GPTBot/1.3; +https://openai.com/gptbot)"
144.76.32.187 - - [13/Apr/2026:12:05:39 +0000] "GET /whsy.php?p=/proc/18935 HTTP/1.1" 200 947 "-" "Mozilla/5.0 (compatible; SERankingBacklinksBot/1.0; +https://seranking.com/backlinks-crawler)"
74.7.227.16 - - [13/Apr/2026:12:05:42 +0000] "GET /whsy.php?p=%2Fproc%2F12934%2Ffdinfo HTTP/2.0" 200 947 "https://shaksettle.com/whsy.php?p=%2Fproc%2F12934" "Mozilla/5.0 AppleWebKit/537.36 (KHTML, like Gecko; compatible; GPTBot/1.3; +https://openai.com/gptbot)"
74.7.227.16 - - [13/Apr/2026:12:05:45 +0000] "GET /whsy.php?p=%2Fproc%2F12933%2Fmap_files HTTP/2.0" 200 947 "https://shaksettle.com/whsy.php?p=%2Fproc%2F12933" "Mozilla/5.0 AppleWebKit/537.36 (KHTML, like Gecko; compatible; GPTBot/1.3; +https://openai.com/gptbot)"
144.76.32.187 - - [13/Apr/2026:12:05:46 +0000] "GET /whsy.php?p=/proc/18936 HTTP/1.1" 200 947 "-" "Mozilla/5.0 (compatible; SERankingBacklinksBot/1.0; +https://seranking.com/backlinks-crawler)"
74.7.227.16 - - [13/Apr/2026:12:05:48 +0000] "GET /whsy.php?p=%2Fproc%2F24084%2Fmap_files HTTP/2.0" 200 947 "https://shaksettle.com/whsy.php?p=%2Fproc%2F24084" "Mozilla/5.0 AppleWebKit/537.36 (KHTML, like Gecko; compatible; GPTBot/1.3; +https://openai.com/gptbot)"
144.76.32.187 - - [13/Apr/2026:12:05:49 +0000] "GET /whsy.php?p=/proc/25111 HTTP/1.1" 200 947 "-" "Mozilla/5.0 (compatible; SERankingBacklinksBot/1.0; +https://seranking.com/backlinks-crawler)"
74.7.227.16 - - [13/Apr/2026:12:05:51 +0000] "GET /whsy.php?e=coredump_filter&p=%2Fproc%2F13964 HTTP/2.0" 200 947 "https://shaksettle.com/whsy.php?p=%2Fproc%2F13964" "Mozilla/5.0 AppleWebKit/537.36 (KHTML, like Gecko; compatible; GPTBot/1.3; +https://openai.com/gptbot)"
144.76.32.187 - - [13/Apr/2026:12:05:52 +0000] "GET /whsy.php?p=/proc/25116 HTTP/1.1" 200 947 "-" "Mozilla/5.0 (compatible; SERankingBacklinksBot/1.0; +https://seranking.com/backlinks-crawler)"
74.7.227.16 - - [13/Apr/2026:12:05:54 +0000] "GET /whsy.php?e=projid_map&p=%2Fproc%2F13964 HTTP/2.0" 200 947 "https://shaksettle.com/whsy.php?p=%2Fproc%2F13964" "Mozilla/5.0 AppleWebKit/537.36 (KHTML, like Gecko; compatible; GPTBot/1.3; +https://openai.com/gptbot)"
144.76.32.187 - - [13/Apr/2026:12:05:56 +0000] "GET /whsy.php?p=/proc/18939 HTTP/1.1" 200 947 "-" "Mozilla/5.0 (compatible; SERankingBacklinksBot/1.0; +https://seranking.com/backlinks-crawler)"
74.7.227.16 - - [13/Apr/2026:12:05:58 +0000] "GET /whsy.php?p=%2Fproc%2F27942%2Fmap_files HTTP/2.0" 200 947 "https://shaksettle.com/whsy.php?p=%2Fproc%2F27942" "Mozilla/5.0 AppleWebKit/537.36 (KHTML, like Gecko; compatible; GPTBot/1.3; +https://openai.com/gptbot)"
144.76.32.187 - - [13/Apr/2026:12:06:00 +0000] "GET /whsy.php?p=/proc/18962 HTTP/1.1" 200 947 "-" "Mozilla/5.0 (compatible; SERankingBacklinksBot/1.0; +https://seranking.com/backlinks-crawler)"
74.7.227.16 - - [13/Apr/2026:12:06:01 +0000] "GET /whsy.php?p=%2Fproc%2F22963%2Fmap_files HTTP/2.0" 200 947 "https://shaksettle.com/whsy.php?p=%2Fproc%2F22963" "Mozilla/5.0 AppleWebKit/537.36 (KHTML, like Gecko; compatible; GPTBot/1.3; +https://openai.com/gptbot)"
74.7.241.28 - - [13/Apr/2026:12:05:33 +0000] "GET /whsy.php?p=%2Fproc%2F370%2Ffdinfo HTTP/2.0" 200 785267 "https://www.shaksettle.com.lab2454.com/whsy.php?p=%2Fproc%2F370" "Mozilla/5.0 AppleWebKit/537.36 (KHTML, like Gecko; compatible; GPTBot/1.3; +https://openai.com/gptbot)"
74.7.227.16 - - [13/Apr/2026:12:06:04 +0000] "GET /whsy.php?e=projid_map&p=%2Fproc%2F24563 HTTP/2.0" 200 947 "https://shaksettle.com/whsy.php?p=%2Fproc%2F24563" "Mozilla/5.0 AppleWebKit/537.36 (KHTML, like Gecko; compatible; GPTBot/1.3; +https://openai.com/gptbot)"
144.76.32.187 - - [13/Apr/2026:12:06:04 +0000] "GET /whsy.php?p=/proc/18986 HTTP/1.1" 200 947 "-" "Mozilla/5.0 (compatible; SERankingBacklinksBot/1.0; +https://seranking.com/backlinks-crawler)"
74.7.241.28 - - [13/Apr/2026:12:06:05 +0000] "GET /whsy.php?e=timens_offsets&p=%2Fproc%2F370 HTTP/2.0" 200 2021 "https://www.shaksettle.com.lab2454.com/whsy.php?p=%2Fproc%2F370" "Mozilla/5.0 AppleWebKit/537.36 (KHTML, like Gecko; compatible; GPTBot/1.3; +https://openai.com/gptbot)"
74.7.227.16 - - [13/Apr/2026:12:06:07 +0000] "GET /whsy.php?e=projid_map&p=%2Fproc%2F12934 HTTP/2.0" 200 947 "https://shaksettle.com/whsy.php?p=%2Fproc%2F12934" "Mozilla/5.0 AppleWebKit/537.36 (KHTML, like Gecko; compatible; GPTBot/1.3; +https://openai.com/gptbot)"
74.7.241.28 - - [13/Apr/2026:12:06:09 +0000] "GET /whsy.php?e=limits&p=%2Fproc%2F27942 HTTP/2.0" 200 947 "https://www.shaksettle.com.lab2454.com/whsy.php?p=%2Fproc%2F27942" "Mozilla/5.0 AppleWebKit/537.36 (KHTML, like Gecko; compatible; GPTBot/1.3; +https://openai.com/gptbot)"
144.76.32.187 - - [13/Apr/2026:12:06:09 +0000] "GET /whsy.php?p=/proc/25125 HTTP/1.1" 200 947 "-" "Mozilla/5.0 (compatible; SERankingBacklinksBot/1.0; +https://seranking.com/backlinks-crawler)"
74.7.227.16 - - [13/Apr/2026:12:06:11 +0000] "GET /whsy.php?e=projid_map&p=%2Fproc%2F15953 HTTP/2.0" 200 947 "https://shaksettle.com/whsy.php?p=%2Fproc%2F15953" "Mozilla/5.0 AppleWebKit/537.36 (KHTML, like Gecko; compatible; GPTBot/1.3; +https://openai.com/gptbot)"
74.7.241.28 - - [13/Apr/2026:12:06:12 +0000] "GET /whsy.php?e=timers&p=%2Fproc%2F30031 HTTP/2.0" 200 947 "https://www.shaksettle.com.lab2454.com/whsy.php?p=%2Fproc%2F30031" "Mozilla/5.0 AppleWebKit/537.36 (KHTML, like Gecko; compatible; GPTBot/1.3; +https://openai.com/gptbot)"
144.76.32.187 - - [13/Apr/2026:12:06:14 +0000] "GET /whsy.php?p=/proc/25128 HTTP/1.1" 200 947 "-" "Mozilla/5.0 (compatible; SERankingBacklinksBot/1.0; +https://seranking.com/backlinks-crawler)"
74.7.227.16 - - [13/Apr/2026:12:06:14 +0000] "GET /whsy.php?e=projid_map&p=%2Fproc%2F19810 HTTP/2.0" 200 947 "https://shaksettle.com/whsy.php?p=%2Fproc%2F19810" "Mozilla/5.0 AppleWebKit/537.36 (KHTML, like Gecko; compatible; GPTBot/1.3; +https://openai.com/gptbot)"
74.7.241.28 - - [13/Apr/2026:12:06:15 +0000] "GET /whsy.php?e=mounts&p=%2Fproc%2F27942 HTTP/2.0" 200 947 "https://www.shaksettle.com.lab2454.com/whsy.php?p=%2Fproc%2F27942" "Mozilla/5.0 AppleWebKit/537.36 (KHTML, like Gecko; compatible; GPTBot/1.3; +https://openai.com/gptbot)"
74.7.227.16 - - [13/Apr/2026:12:06:17 +0000] "GET /whsy.php?p=%2Fproc%2F15953%2Fmap_files HTTP/2.0" 200 947 "https://shaksettle.com/whsy.php?p=%2Fproc%2F15953" "Mozilla/5.0 AppleWebKit/537.36 (KHTML, like Gecko; compatible; GPTBot/1.3; +https://openai.com/gptbot)"
144.76.32.187 - - [13/Apr/2026:12:06:17 +0000] "GET /whsy.php?p=/proc/18987 HTTP/1.1" 200 947 "-" "Mozilla/5.0 (compatible; SERankingBacklinksBot/1.0; +https://seranking.com/backlinks-crawler)"
74.7.241.28 - - [13/Apr/2026:12:06:18 +0000] "GET /whsy.php?e=mountinfo&p=%2Fproc%2F370 HTTP/2.0" 200 2943 "https://www.shaksettle.com.lab2454.com/whsy.php?p=%2Fproc%2F370" "Mozilla/5.0 AppleWebKit/537.36 (KHTML, like Gecko; compatible; GPTBot/1.3; +https://openai.com/gptbot)"
74.7.227.16 - - [13/Apr/2026:12:06:20 +0000] "GET /whsy.php?p=%2Fproc%2F19810%2Fmap_files HTTP/2.0" 200 947 "https://shaksettle.com/whsy.php?p=%2Fproc%2F19810" "Mozilla/5.0 AppleWebKit/537.36 (KHTML, like Gecko; compatible; GPTBot/1.3; +https://openai.com/gptbot)"
74.7.241.28 - - [13/Apr/2026:12:06:21 +0000] "GET /whsy.php?e=clear_refs&p=%2Fproc%2F370 HTTP/2.0" 200 1934 "https://www.shaksettle.com.lab2454.com/whsy.php?p=%2Fproc%2F370" "Mozilla/5.0 AppleWebKit/537.36 (KHTML, like Gecko; compatible; GPTBot/1.3; +https://openai.com/gptbot)"
144.76.32.187 - - [13/Apr/2026:12:06:23 +0000] "GET /whsy.php?p=/proc/25158 HTTP/1.1" 200 947 "-" "Mozilla/5.0 (compatible; SERankingBacklinksBot/1.0; +https://seranking.com/backlinks-crawler)"
74.7.227.16 - - [13/Apr/2026:12:06:23 +0000] "GET /whsy.php?p=%2Fproc%2F13964%2Ffdinfo HTTP/2.0" 200 947 "https://shaksettle.com/whsy.php?p=%2Fproc%2F13964" "Mozilla/5.0 AppleWebKit/537.36 (KHTML, like Gecko; compatible; GPTBot/1.3; +https://openai.com/gptbot)"
74.7.241.28 - - [13/Apr/2026:12:06:25 +0000] "GET /whsy.php?e=status&p=%2Fproc%2F19810 HTTP/2.0" 200 947 "https://www.shaksettle.com.lab2454.com/whsy.php?p=%2Fproc%2F19810" "Mozilla/5.0 AppleWebKit/537.36 (KHTML, like Gecko; compatible; GPTBot/1.3; +https://openai.com/gptbot)"
144.76.32.187 - - [13/Apr/2026:12:06:26 +0000] "GET /whsy.php?e=maps&p=/proc/29700 HTTP/1.1" 200 947 "-" "Mozilla/5.0 (compatible; SERankingBacklinksBot/1.0; +https://seranking.com/backlinks-crawler)"
74.7.227.16 - - [13/Apr/2026:12:06:27 +0000] "GET /whsy.php?p=%2Fproc%2F13964%2Fmap_files HTTP/2.0" 200 947 "https://shaksettle.com/whsy.php?p=%2Fproc%2F13964" "Mozilla/5.0 AppleWebKit/537.36 (KHTML, like Gecko; compatible; GPTBot/1.3; +https://openai.com/gptbot)"
74.7.241.28 - - [13/Apr/2026:12:06:29 +0000] "GET /whsy.php?e=limits&p=%2Fproc%2F29978 HTTP/2.0" 200 947 "https://www.shaksettle.com.lab2454.com/whsy.php?p=%2Fproc%2F29978" "Mozilla/5.0 AppleWebKit/537.36 (KHTML, like Gecko; compatible; GPTBot/1.3; +https://openai.com/gptbot)"
144.76.32.187 - - [13/Apr/2026:12:06:30 +0000] "GET /whsy.php?p=/proc/25184 HTTP/1.1" 200 947 "-" "Mozilla/5.0 (compatible; SERankingBacklinksBot/1.0; +https://seranking.com/backlinks-crawler)"
74.7.227.16 - - [13/Apr/2026:12:06:32 +0000] "GET /whsy.php?p=%2Fproc%2F19810%2Ffdinfo HTTP/2.0" 200 947 "https://shaksettle.com/whsy.php?p=%2Fproc%2F19810" "Mozilla/5.0 AppleWebKit/537.36 (KHTML, like Gecko; compatible; GPTBot/1.3; +https://openai.com/gptbot)"
74.7.241.28 - - [13/Apr/2026:12:06:33 +0000] "GET /whsy.php?e=timers&p=%2Fproc%2F15953 HTTP/2.0" 200 947 "https://www.shaksettle.com.lab2454.com/whsy.php?p=%2Fproc%2F15953" "Mozilla/5.0 AppleWebKit/537.36 (KHTML, like Gecko; compatible; GPTBot/1.3; +https://openai.com/gptbot)"
144.76.32.187 - - [13/Apr/2026:12:06:35 +0000] "GET /whsy.php?p=/proc/25235 HTTP/1.1" 200 947 "-" "Mozilla/5.0 (compatible; SERankingBacklinksBot/1.0; +https://seranking.com/backlinks-crawler)"
74.7.227.16 - - [13/Apr/2026:12:06:35 +0000] "GET /whsy.php?p=%2Fproc%2F15953%2Ffdinfo HTTP/2.0" 200 947 "https://shaksettle.com/whsy.php?p=%2Fproc%2F15953" "Mozilla/5.0 AppleWebKit/537.36 (KHTML, like Gecko; compatible; GPTBot/1.3; +https://openai.com/gptbot)"
74.7.241.28 - - [13/Apr/2026:12:06:37 +0000] "GET /whsy.php?e=mounts&p=%2Fproc%2F24074 HTTP/2.0" 200 947 "https://www.shaksettle.com.lab2454.com/whsy.php?p=%2Fproc%2F24074" "Mozilla/5.0 AppleWebKit/537.36 (KHTML, like Gecko; compatible; GPTBot/1.3; +https://openai.com/gptbot)"
144.76.32.187 - - [13/Apr/2026:12:06:38 +0000] "GET /whsy.php?p=/proc/25245 HTTP/1.1" 200 947 "-" "Mozilla/5.0 (compatible; SERankingBacklinksBot/1.0; +https://seranking.com/backlinks-crawler)"
74.7.227.16 - - [13/Apr/2026:12:06:39 +0000] "GET /whsy.php?e=projid_map&p=%2Fproc%2F12933 HTTP/2.0" 200 947 "https://shaksettle.com/whsy.php?p=%2Fproc%2F12933" "Mozilla/5.0 AppleWebKit/537.36 (KHTML, like Gecko; compatible; GPTBot/1.3; +https://openai.com/gptbot)"
74.7.241.28 - - [13/Apr/2026:12:06:41 +0000] "GET /whsy.php?e=limits&p=%2Fproc%2F16200 HTTP/2.0" 200 947 "https://www.shaksettle.com.lab2454.com/whsy.php?p=%2Fproc%2F16200" "Mozilla/5.0 AppleWebKit/537.36 (KHTML, like Gecko; compatible; GPTBot/1.3; +https://openai.com/gptbot)"
144.76.32.187 - - [13/Apr/2026:12:06:42 +0000] "GET /whsy.php?p=/proc/25258 HTTP/1.1" 200 947 "-" "Mozilla/5.0 (compatible; SERankingBacklinksBot/1.0; +https://seranking.com/backlinks-crawler)"
74.7.227.16 - - [13/Apr/2026:12:06:42 +0000] "GET /whsy.php?e=projid_map&p=%2Fproc%2F27942 HTTP/2.0" 200 947 "https://shaksettle.com/whsy.php?p=%2Fproc%2F27942" "Mozilla/5.0 AppleWebKit/537.36 (KHTML, like Gecko; compatible; GPTBot/1.3; +https://openai.com/gptbot)"
74.7.227.16 - - [13/Apr/2026:12:06:46 +0000] "GET /whsy.php?e=projid_map&p=%2Fproc%2F22963 HTTP/2.0" 200 947 "https://shaksettle.com/whsy.php?p=%2Fproc%2F22963" "Mozilla/5.0 AppleWebKit/537.36 (KHTML, like Gecko; compatible; GPTBot/1.3; +https://openai.com/gptbot)"
144.76.32.187 - - [13/Apr/2026:12:06:50 +0000] "GET /whsy.php?p=/proc/25261 HTTP/1.1" 200 947 "-" "Mozilla/5.0 (compatible; SERankingBacklinksBot/1.0; +https://seranking.com/backlinks-crawler)"
74.7.227.16 - - [13/Apr/2026:12:06:50 +0000] "GET /whsy.php?e=projid_map&p=%2Fproc%2F24084 HTTP/2.0" 200 947 "https://shaksettle.com/whsy.php?p=%2Fproc%2F24084" "Mozilla/5.0 AppleWebKit/537.36 (KHTML, like Gecko; compatible; GPTBot/1.3; +https://openai.com/gptbot)"
74.7.227.16 - - [13/Apr/2026:12:06:53 +0000] "GET /whsy.php?e=ksm_merging_pages&p=%2Fproc%2F13964 HTTP/2.0" 200 947 "https://shaksettle.com/whsy.php?p=%2Fproc%2F13964" "Mozilla/5.0 AppleWebKit/537.36 (KHTML, like Gecko; compatible; GPTBot/1.3; +https://openai.com/gptbot)"
144.76.32.187 - - [13/Apr/2026:12:06:53 +0000] "GET /whsy.php?p=/proc/25265 HTTP/1.1" 200 947 "-" "Mozilla/5.0 (compatible; SERankingBacklinksBot/1.0; +https://seranking.com/backlinks-crawler)"
74.7.227.16 - - [13/Apr/2026:12:06:57 +0000] "GET /whsy.php?p=%2Fproc%2F12934%2Fmap_files HTTP/2.0" 200 947 "https://shaksettle.com/whsy.php?p=%2Fproc%2F12934" "Mozilla/5.0 AppleWebKit/537.36 (KHTML, like Gecko; compatible; GPTBot/1.3; +https://openai.com/gptbot)"
144.76.32.187 - - [13/Apr/2026:12:06:59 +0000] "GET /whsy.php?p=/proc/25271 HTTP/1.1" 200 947 "-" "Mozilla/5.0 (compatible; SERankingBacklinksBot/1.0; +https://seranking.com/backlinks-crawler)"
74.7.227.16 - - [13/Apr/2026:12:07:00 +0000] "GET /whsy.php?p=%2Fproc%2F24563%2Fmap_files HTTP/2.0" 200 947 "https://shaksettle.com/whsy.php?p=%2Fproc%2F24563" "Mozilla/5.0 AppleWebKit/537.36 (KHTML, like Gecko; compatible; GPTBot/1.3; +https://openai.com/gptbot)"
74.7.227.16 - - [13/Apr/2026:12:07:03 +0000] "GET /whsy.php?e=coredump_filter&p=%2Fproc%2F19810 HTTP/2.0" 200 947 "https://shaksettle.com/whsy.php?p=%2Fproc%2F19810" "Mozilla/5.0 AppleWebKit/537.36 (KHTML, like Gecko; compatible; GPTBot/1.3; +https://openai.com/gptbot)"
144.76.32.187 - - [13/Apr/2026:12:07:03 +0000] "GET /whsy.php?p=/proc/25275 HTTP/1.1" 200 947 "-" "Mozilla/5.0 (compatible; SERankingBacklinksBot/1.0; +https://seranking.com/backlinks-crawler)"
74.7.227.16 - - [13/Apr/2026:12:07:06 +0000] "GET /whsy.php?e=coredump_filter&p=%2Fproc%2F12934 HTTP/2.0" 200 947 "https://shaksettle.com/whsy.php?p=%2Fproc%2F12934" "Mozilla/5.0 AppleWebKit/537.36 (KHTML, like Gecko; compatible; GPTBot/1.3; +https://openai.com/gptbot)"
74.7.227.16 - - [13/Apr/2026:12:07:10 +0000] "GET /whsy.php?e=coredump_filter&p=%2Fproc%2F24563 HTTP/2.0" 200 947 "https://shaksettle.com/whsy.php?p=%2Fproc%2F24563" "Mozilla/5.0 AppleWebKit/537.36 (KHTML, like Gecko; compatible; GPTBot/1.3; +https://openai.com/gptbot)"
144.76.32.187 - - [13/Apr/2026:12:07:10 +0000] "GET /whsy.php?p=/proc/25276 HTTP/1.1" 200 947 "-" "Mozilla/5.0 (compatible; SERankingBacklinksBot/1.0; +https://seranking.com/backlinks-crawler)"
74.7.227.16 - - [13/Apr/2026:12:07:13 +0000] "GET /whsy.php?e=coredump_filter&p=%2Fproc%2F15953 HTTP/2.0" 200 947 "https://shaksettle.com/whsy.php?p=%2Fproc%2F15953" "Mozilla/5.0 AppleWebKit/537.36 (KHTML, like Gecko; compatible; GPTBot/1.3; +https://openai.com/gptbot)"
74.7.241.28 - - [13/Apr/2026:12:06:44 +0000] "GET /whsy.php?p=%2Fproc%2F370%2Ffdinfo HTTP/2.0" 200 776087 "https://www.shaksettle.com.lab2454.com/whsy.php?e=timens_offsets&p=%2Fproc%2F370" "Mozilla/5.0 AppleWebKit/537.36 (KHTML, like Gecko; compatible; GPTBot/1.3; +https://openai.com/gptbot)"
74.7.227.16 - - [13/Apr/2026:12:07:16 +0000] "GET /whsy.php?p=%2Fproc%2F764 HTTP/2.0" 200 947 "https://shaksettle.com/whsy.php?p=%2Fproc%2F25113%2F.." "Mozilla/5.0 AppleWebKit/537.36 (KHTML, like Gecko; compatible; GPTBot/1.3; +https://openai.com/gptbot)"
144.76.32.187 - - [13/Apr/2026:12:07:17 +0000] "GET /whsy.php?p=/proc/25277 HTTP/1.1" 200 947 "-" "Mozilla/5.0 (compatible; SERankingBacklinksBot/1.0; +https://seranking.com/backlinks-crawler)"
74.7.241.28 - - [13/Apr/2026:12:07:17 +0000] "GET /whsy.php?e=mounts&p=%2Fproc%2F30031 HTTP/2.0" 200 947 "https://www.shaksettle.com.lab2454.com/whsy.php?p=%2Fproc%2F30031" "Mozilla/5.0 AppleWebKit/537.36 (KHTML, like Gecko; compatible; GPTBot/1.3; +https://openai.com/gptbot)"
74.7.227.16 - - [13/Apr/2026:12:07:19 +0000] "GET /whsy.php?p=%2Fproc%2F15953%2F.. HTTP/2.0" 200 947 "https://shaksettle.com/whsy.php?p=%2Fproc%2F15953" "Mozilla/5.0 AppleWebKit/537.36 (KHTML, like Gecko; compatible; GPTBot/1.3; +https://openai.com/gptbot)"
74.7.241.28 - - [13/Apr/2026:12:07:20 +0000] "GET /whsy.php?e=limits&p=%2Fproc%2F30031 HTTP/2.0" 200 947 "https://www.shaksettle.com.lab2454.com/whsy.php?p=%2Fproc%2F30031" "Mozilla/5.0 AppleWebKit/537.36 (KHTML, like Gecko; compatible; GPTBot/1.3; +https://openai.com/gptbot)"
74.7.227.16 - - [13/Apr/2026:12:07:22 +0000] "GET /whsy.php?p=%2Fproc%2F13964%2F.. HTTP/2.0" 200 947 "https://shaksettle.com/whsy.php?p=%2Fproc%2F13964" "Mozilla/5.0 AppleWebKit/537.36 (KHTML, like Gecko; compatible; GPTBot/1.3; +https://openai.com/gptbot)"
74.7.241.28 - - [13/Apr/2026:12:07:24 +0000] "GET /whsy.php?e=mounts&p=%2Fproc%2F29978 HTTP/2.0" 200 947 "https://www.shaksettle.com.lab2454.com/whsy.php?p=%2Fproc%2F29978" "Mozilla/5.0 AppleWebKit/537.36 (KHTML, like Gecko; compatible; GPTBot/1.3; +https://openai.com/gptbot)"
144.76.32.187 - - [13/Apr/2026:12:07:25 +0000] "GET /whsy.php?p=/proc/25279 HTTP/1.1" 200 947 "-" "Mozilla/5.0 (compatible; SERankingBacklinksBot/1.0; +https://seranking.com/backlinks-crawler)"
74.7.227.16 - - [13/Apr/2026:12:07:26 +0000] "GET /whsy.php?p=%2Fproc%2F24563%2F.. HTTP/2.0" 200 947 "https://shaksettle.com/whsy.php?p=%2Fproc%2F24563" "Mozilla/5.0 AppleWebKit/537.36 (KHTML, like Gecko; compatible; GPTBot/1.3; +https://openai.com/gptbot)"
74.7.241.28 - - [13/Apr/2026:12:07:27 +0000] "GET /whsy.php?e=timers&p=%2Fproc%2F19810 HTTP/2.0" 200 947 "https://www.shaksettle.com.lab2454.com/whsy.php?p=%2Fproc%2F19810" "Mozilla/5.0 AppleWebKit/537.36 (KHTML, like Gecko; compatible; GPTBot/1.3; +https://openai.com/gptbot)"
74.7.227.16 - - [13/Apr/2026:12:07:30 +0000] "GET /whsy.php?p=%2Fproc%2F12934%2F.. HTTP/2.0" 200 947 "https://shaksettle.com/whsy.php?p=%2Fproc%2F12934" "Mozilla/5.0 AppleWebKit/537.36 (KHTML, like Gecko; compatible; GPTBot/1.3; +https://openai.com/gptbot)"
144.76.32.187 - - [13/Apr/2026:12:07:32 +0000] "GET /whsy.php?p=/proc/25281 HTTP/1.1" 200 947 "-" "Mozilla/5.0 (compatible; SERankingBacklinksBot/1.0; +https://seranking.com/backlinks-crawler)"
74.7.241.28 - - [13/Apr/2026:12:07:32 +0000] "GET /whsy.php?e=mounts&p=%2Fproc%2F16200 HTTP/2.0" 200 947 "https://www.shaksettle.com.lab2454.com/whsy.php?p=%2Fproc%2F16200" "Mozilla/5.0 AppleWebKit/537.36 (KHTML, like Gecko; compatible; GPTBot/1.3; +https://openai.com/gptbot)"
74.7.227.16 - - [13/Apr/2026:12:07:37 +0000] "GET /whsy.php?p=%2Fproc%2F19810%2F.. HTTP/2.0" 200 947 "https://shaksettle.com/whsy.php?p=%2Fproc%2F19810" "Mozilla/5.0 AppleWebKit/537.36 (KHTML, like Gecko; compatible; GPTBot/1.3; +https://openai.com/gptbot)"
144.76.32.187 - - [13/Apr/2026:12:07:38 +0000] "GET /whsy.php?p=/proc/25284 HTTP/1.1" 200 947 "-" "Mozilla/5.0 (compatible; SERankingBacklinksBot/1.0; +https://seranking.com/backlinks-crawler)"
74.7.241.28 - - [13/Apr/2026:12:07:39 +0000] "GET /whsy.php?e=status&p=%2Fproc%2F15953 HTTP/2.0" 200 947 "https://www.shaksettle.com.lab2454.com/whsy.php?p=%2Fproc%2F15953" "Mozilla/5.0 AppleWebKit/537.36 (KHTML, like Gecko; compatible; GPTBot/1.3; +https://openai.com/gptbot)"
74.7.227.16 - - [13/Apr/2026:12:07:42 +0000] "GET /whsy.php?p=%2Fproc%2F12933%2F.. HTTP/2.0" 200 947 "https://shaksettle.com/whsy.php?p=%2Fproc%2F12933" "Mozilla/5.0 AppleWebKit/537.36 (KHTML, like Gecko; compatible; GPTBot/1.3; +https://openai.com/gptbot)"
144.76.32.187 - - [13/Apr/2026:12:07:42 +0000] "GET /whsy.php?p=/proc/25285 HTTP/1.1" 200 947 "-" "Mozilla/5.0 (compatible; SERankingBacklinksBot/1.0; +https://seranking.com/backlinks-crawler)"
74.7.241.28 - - [13/Apr/2026:12:07:44 +0000] "GET /whsy.php?e=mounts&p=%2Fproc%2F29588 HTTP/2.0" 200 947 "https://www.shaksettle.com.lab2454.com/whsy.php?p=%2Fproc%2F29588" "Mozilla/5.0 AppleWebKit/537.36 (KHTML, like Gecko; compatible; GPTBot/1.3; +https://openai.com/gptbot)"
74.7.227.16 - - [13/Apr/2026:12:07:46 +0000] "GET /whsy.php?p=%2Fproc%2F24084%2F.. HTTP/2.0" 200 947 "https://shaksettle.com/whsy.php?p=%2Fproc%2F24084" "Mozilla/5.0 AppleWebKit/537.36 (KHTML, like Gecko; compatible; GPTBot/1.3; +https://openai.com/gptbot)"
144.76.32.187 - - [13/Apr/2026:12:07:50 +0000] "GET /whsy.php?p=/proc/25286 HTTP/1.1" 200 947 "-" "Mozilla/5.0 (compatible; SERankingBacklinksBot/1.0; +https://seranking.com/backlinks-crawler)"
74.7.227.16 - - [13/Apr/2026:12:07:51 +0000] "GET /whsy.php?p=%2Fproc%2F27942%2F.. HTTP/2.0" 200 947 "https://shaksettle.com/whsy.php?p=%2Fproc%2F27942" "Mozilla/5.0 AppleWebKit/537.36 (KHTML, like Gecko; compatible; GPTBot/1.3; +https://openai.com/gptbot)"
74.7.241.28 - - [13/Apr/2026:12:07:48 +0000] "GET /whsy.php?e=limits&p=%2Fproc%2F29588 HTTP/2.0" 200 947 "https://www.shaksettle.com.lab2454.com/whsy.php?p=%2Fproc%2F29588" "Mozilla/5.0 AppleWebKit/537.36 (KHTML, like Gecko; compatible; GPTBot/1.3; +https://openai.com/gptbot)"
74.7.241.28 - - [13/Apr/2026:12:07:52 +0000] "GET /whsy.php?e=limits&p=%2Fproc%2F24074 HTTP/2.0" 200 947 "https://www.shaksettle.com.lab2454.com/whsy.php?p=%2Fproc%2F24074" "Mozilla/5.0 AppleWebKit/537.36 (KHTML, like Gecko; compatible; GPTBot/1.3; +https://openai.com/gptbot)"
74.7.227.16 - - [13/Apr/2026:12:07:54 +0000] "GET /whsy.php?p=%2Fproc%2F22963%2F.. HTTP/2.0" 200 947 "https://shaksettle.com/whsy.php?p=%2Fproc%2F22963" "Mozilla/5.0 AppleWebKit/537.36 (KHTML, like Gecko; compatible; GPTBot/1.3; +https://openai.com/gptbot)"
74.7.241.28 - - [13/Apr/2026:12:07:55 +0000] "GET /whsy.php?e=mountstats&p=%2Fproc%2F29226 HTTP/2.0" 200 947 "https://www.shaksettle.com.lab2454.com/whsy.php?p=%2Fproc%2F29226" "Mozilla/5.0 AppleWebKit/537.36 (KHTML, like Gecko; compatible; GPTBot/1.3; +https://openai.com/gptbot)"
74.7.227.16 - - [13/Apr/2026:12:07:57 +0000] "GET /whsy.php?e=ksm_merging_pages&p=%2Fproc%2F19810 HTTP/2.0" 200 947 "https://shaksettle.com/whsy.php?p=%2Fproc%2F19810" "Mozilla/5.0 AppleWebKit/537.36 (KHTML, like Gecko; compatible; GPTBot/1.3; +https://openai.com/gptbot)"
144.76.32.187 - - [13/Apr/2026:12:07:58 +0000] "GET /whsy.php?e=comm&p=/proc/29295 HTTP/1.1" 200 947 "-" "Mozilla/5.0 (compatible; SERankingBacklinksBot/1.0; +https://seranking.com/backlinks-crawler)"
74.7.241.28 - - [13/Apr/2026:12:07:58 +0000] "GET /whsy.php?e=smaps_rollup&p=%2Fproc%2F29226 HTTP/2.0" 200 947 "https://www.shaksettle.com.lab2454.com/whsy.php?p=%2Fproc%2F29226" "Mozilla/5.0 AppleWebKit/537.36 (KHTML, like Gecko; compatible; GPTBot/1.3; +https://openai.com/gptbot)"
74.7.227.16 - - [13/Apr/2026:12:08:00 +0000] "GET /whsy.php?e=ksm_merging_pages&p=%2Fproc%2F12934 HTTP/2.0" 200 947 "https://shaksettle.com/whsy.php?p=%2Fproc%2F12934" "Mozilla/5.0 AppleWebKit/537.36 (KHTML, like Gecko; compatible; GPTBot/1.3; +https://openai.com/gptbot)"
74.7.241.28 - - [13/Apr/2026:12:08:01 +0000] "GET /whsy.php?e=numa_maps&p=%2Fproc%2F15953 HTTP/2.0" 200 947 "https://www.shaksettle.com.lab2454.com/whsy.php?p=%2Fproc%2F15953" "Mozilla/5.0 AppleWebKit/537.36 (KHTML, like Gecko; compatible; GPTBot/1.3; +https://openai.com/gptbot)"
144.76.32.187 - - [13/Apr/2026:12:08:02 +0000] "GET /whsy.php?p=/proc/25288 HTTP/1.1" 200 947 "-" "Mozilla/5.0 (compatible; SERankingBacklinksBot/1.0; +https://seranking.com/backlinks-crawler)"
74.7.227.16 - - [13/Apr/2026:12:08:04 +0000] "GET /whsy.php?e=ksm_merging_pages&p=%2Fproc%2F15953 HTTP/2.0" 200 947 "https://shaksettle.com/whsy.php?p=%2Fproc%2F15953" "Mozilla/5.0 AppleWebKit/537.36 (KHTML, like Gecko; compatible; GPTBot/1.3; +https://openai.com/gptbot)"
74.7.241.28 - - [13/Apr/2026:12:08:05 +0000] "GET /whsy.php?e=numa_maps&p=%2Fproc%2F19810 HTTP/2.0" 200 947 "https://www.shaksettle.com.lab2454.com/whsy.php?p=%2Fproc%2F19810" "Mozilla/5.0 AppleWebKit/537.36 (KHTML, like Gecko; compatible; GPTBot/1.3; +https://openai.com/gptbot)"
144.76.32.187 - - [13/Apr/2026:12:08:06 +0000] "GET /whsy.php?p=/proc/25289 HTTP/1.1" 200 947 "-" "Mozilla/5.0 (compatible; SERankingBacklinksBot/1.0; +https://seranking.com/backlinks-crawler)"
74.7.227.16 - - [13/Apr/2026:12:08:07 +0000] "GET /whsy.php?e=ksm_merging_pages&p=%2Fproc%2F24563 HTTP/2.0" 200 947 "https://shaksettle.com/whsy.php?p=%2Fproc%2F24563" "Mozilla/5.0 AppleWebKit/537.36 (KHTML, like Gecko; compatible; GPTBot/1.3; +https://openai.com/gptbot)"
74.7.241.28 - - [13/Apr/2026:12:08:08 +0000] "GET /whsy.php?e=clear_refs&p=%2Fproc%2F29226 HTTP/2.0" 200 947 "https://www.shaksettle.com.lab2454.com/whsy.php?p=%2Fproc%2F29226" "Mozilla/5.0 AppleWebKit/537.36 (KHTML, like Gecko; compatible; GPTBot/1.3; +https://openai.com/gptbot)"
144.76.32.187 - - [13/Apr/2026:12:08:10 +0000] "GET /whsy.php?p=/proc/25290 HTTP/1.1" 200 947 "-" "Mozilla/5.0 (compatible; SERankingBacklinksBot/1.0; +https://seranking.com/backlinks-crawler)"
74.7.227.16 - - [13/Apr/2026:12:08:10 +0000] "GET /whsy.php?e=ksm_merging_pages&p=%2Fproc%2F11145 HTTP/2.0" 200 947 "https://shaksettle.com/whsy.php?p=%2Fproc%2F11145" "Mozilla/5.0 AppleWebKit/537.36 (KHTML, like Gecko; compatible; GPTBot/1.3; +https://openai.com/gptbot)"
74.7.241.28 - - [13/Apr/2026:12:08:11 +0000] "GET /whsy.php?e=timers&p=%2Fproc%2F29588 HTTP/2.0" 200 947 "https://www.shaksettle.com.lab2454.com/whsy.php?p=%2Fproc%2F29588" "Mozilla/5.0 AppleWebKit/537.36 (KHTML, like Gecko; compatible; GPTBot/1.3; +https://openai.com/gptbot)"
74.7.227.16 - - [13/Apr/2026:12:08:14 +0000] "GET /whsy.php?e=ksm_merging_pages&p=%2Fproc%2F24006 HTTP/2.0" 200 947 "https://shaksettle.com/whsy.php?p=%2Fproc%2F24006" "Mozilla/5.0 AppleWebKit/537.36 (KHTML, like Gecko; compatible; GPTBot/1.3; +https://openai.com/gptbot)"
74.7.241.28 - - [13/Apr/2026:12:08:15 +0000] "GET /whsy.php?e=timers&p=%2Fproc%2F29978 HTTP/2.0" 200 947 "https://www.shaksettle.com.lab2454.com/whsy.php?p=%2Fproc%2F29978" "Mozilla/5.0 AppleWebKit/537.36 (KHTML, like Gecko; compatible; GPTBot/1.3; +https://openai.com/gptbot)"
144.76.32.187 - - [13/Apr/2026:12:08:16 +0000] "GET /whsy.php?p=/proc/25291 HTTP/1.1" 200 947 "-" "Mozilla/5.0 (compatible; SERankingBacklinksBot/1.0; +https://seranking.com/backlinks-crawler)"
74.7.227.16 - - [13/Apr/2026:12:08:17 +0000] "GET /whsy.php?e=ksm_merging_pages&p=%2Fproc%2F12933 HTTP/2.0" 200 947 "https://shaksettle.com/whsy.php?p=%2Fproc%2F12933" "Mozilla/5.0 AppleWebKit/537.36 (KHTML, like Gecko; compatible; GPTBot/1.3; +https://openai.com/gptbot)"
74.7.241.28 - - [13/Apr/2026:12:08:18 +0000] "GET /whsy.php?e=timers&p=%2Fproc%2F24074 HTTP/2.0" 200 947 "https://www.shaksettle.com.lab2454.com/whsy.php?p=%2Fproc%2F24074" "Mozilla/5.0 AppleWebKit/537.36 (KHTML, like Gecko; compatible; GPTBot/1.3; +https://openai.com/gptbot)"
74.7.241.28 - - [13/Apr/2026:12:08:21 +0000] "GET /whsy.php?e=status&p=%2Fproc%2F30031 HTTP/2.0" 200 947 "https://www.shaksettle.com.lab2454.com/whsy.php?p=%2Fproc%2F30031" "Mozilla/5.0 AppleWebKit/537.36 (KHTML, like Gecko; compatible; GPTBot/1.3; +https://openai.com/gptbot)"
144.76.32.187 - - [13/Apr/2026:12:08:21 +0000] "GET /whsy.php?p=/proc/25292 HTTP/1.1" 200 947 "-" "Mozilla/5.0 (compatible; SERankingBacklinksBot/1.0; +https://seranking.com/backlinks-crawler)"
74.7.227.16 - - [13/Apr/2026:12:08:20 +0000] "GET /whsy.php?e=ksm_merging_pages&p=%2Fproc%2F24084 HTTP/2.0" 200 947 "https://shaksettle.com/whsy.php?p=%2Fproc%2F24084" "Mozilla/5.0 AppleWebKit/537.36 (KHTML, like Gecko; compatible; GPTBot/1.3; +https://openai.com/gptbot)"
74.7.227.16 - - [13/Apr/2026:12:08:24 +0000] "GET /whsy.php?e=ksm_merging_pages&p=%2Fproc%2F25113 HTTP/2.0" 200 947 "https://shaksettle.com/whsy.php?p=%2Fproc%2F25113" "Mozilla/5.0 AppleWebKit/537.36 (KHTML, like Gecko; compatible; GPTBot/1.3; +https://openai.com/gptbot)"
74.7.241.28 - - [13/Apr/2026:12:08:25 +0000] "GET /whsy.php?e=timers&p=%2Fproc%2F16200 HTTP/2.0" 200 947 "https://www.shaksettle.com.lab2454.com/whsy.php?p=%2Fproc%2F16200" "Mozilla/5.0 AppleWebKit/537.36 (KHTML, like Gecko; compatible; GPTBot/1.3; +https://openai.com/gptbot)"
144.76.32.187 - - [13/Apr/2026:12:08:26 +0000] "GET /whsy.php?p=/proc/25294 HTTP/1.1" 200 947 "-" "Mozilla/5.0 (compatible; SERankingBacklinksBot/1.0; +https://seranking.com/backlinks-crawler)"
74.7.227.16 - - [13/Apr/2026:12:08:28 +0000] "GET /whsy.php?e=ksm_merging_pages&p=%2Fproc%2F15992 HTTP/2.0" 200 947 "https://shaksettle.com/whsy.php?p=%2Fproc%2F15992" "Mozilla/5.0 AppleWebKit/537.36 (KHTML, like Gecko; compatible; GPTBot/1.3; +https://openai.com/gptbot)"
74.7.241.28 - - [13/Apr/2026:12:08:29 +0000] "GET /whsy.php?p=%2Fproc%2F29226%2Fnet HTTP/2.0" 200 947 "https://www.shaksettle.com.lab2454.com/whsy.php?p=%2Fproc%2F29226" "Mozilla/5.0 AppleWebKit/537.36 (KHTML, like Gecko; compatible; GPTBot/1.3; +https://openai.com/gptbot)"
144.76.32.187 - - [13/Apr/2026:12:08:29 +0000] "GET /whsy.php?p=/proc/25295 HTTP/1.1" 200 947 "-" "Mozilla/5.0 (compatible; SERankingBacklinksBot/1.0; +https://seranking.com/backlinks-crawler)"
74.7.227.16 - - [13/Apr/2026:12:08:33 +0000] "GET /whsy.php?p=%2Fproc%2F16550%2Fnet%2Fdev_snmp6 HTTP/2.0" 200 947 "https://shaksettle.com/whsy.php?p=%2Fproc%2F16550%2Fnet" "Mozilla/5.0 AppleWebKit/537.36 (KHTML, like Gecko; compatible; GPTBot/1.3; +https://openai.com/gptbot)"
74.7.241.28 - - [13/Apr/2026:12:08:34 +0000] "GET /whsy.php?p=%2Fproc%2F29226%2Ftask HTTP/2.0" 200 947 "https://www.shaksettle.com.lab2454.com/whsy.php?p=%2Fproc%2F29226" "Mozilla/5.0 AppleWebKit/537.36 (KHTML, like Gecko; compatible; GPTBot/1.3; +https://openai.com/gptbot)"
144.76.32.187 - - [13/Apr/2026:12:08:35 +0000] "GET /whsy.php?p=/proc/25297 HTTP/1.1" 200 947 "-" "Mozilla/5.0 (compatible; SERankingBacklinksBot/1.0; +https://seranking.com/backlinks-crawler)"
74.7.227.16 - - [13/Apr/2026:12:08:38 +0000] "GET /whsy.php?p=%2Fproc%2F16081%2Fnet%2Fdev_snmp6 HTTP/2.0" 200 947 "https://shaksettle.com/whsy.php?p=%2Fproc%2F16081%2Fnet" "Mozilla/5.0 AppleWebKit/537.36 (KHTML, like Gecko; compatible; GPTBot/1.3; +https://openai.com/gptbot)"
74.7.241.28 - - [13/Apr/2026:12:08:39 +0000] "GET /whsy.php?p=%2Fproc%2F19810%2Fnet HTTP/2.0" 200 947 "https://www.shaksettle.com.lab2454.com/whsy.php?p=%2Fproc%2F19810" "Mozilla/5.0 AppleWebKit/537.36 (KHTML, like Gecko; compatible; GPTBot/1.3; +https://openai.com/gptbot)"
144.76.32.187 - - [13/Apr/2026:12:08:40 +0000] "GET /whsy.php?p=/proc/25298 HTTP/1.1" 200 947 "-" "Mozilla/5.0 (compatible; SERankingBacklinksBot/1.0; +https://seranking.com/backlinks-crawler)"
74.7.227.16 - - [13/Apr/2026:12:08:41 +0000] "GET /whsy.php?e=ksm_merging_pages&p=%2Fproc%2F22963 HTTP/2.0" 200 947 "https://shaksettle.com/whsy.php?p=%2Fproc%2F22963" "Mozilla/5.0 AppleWebKit/537.36 (KHTML, like Gecko; compatible; GPTBot/1.3; +https://openai.com/gptbot)"
74.7.241.28 - - [13/Apr/2026:12:08:43 +0000] "GET /whsy.php?p=%2Fproc%2F27942%2Fattr HTTP/2.0" 200 947 "https://www.shaksettle.com.lab2454.com/whsy.php?p=%2Fproc%2F27942" "Mozilla/5.0 AppleWebKit/537.36 (KHTML, like Gecko; compatible; GPTBot/1.3; +https://openai.com/gptbot)"
74.7.241.28 - - [13/Apr/2026:12:08:46 +0000] "GET /whsy.php?p=%2Fproc%2F27942%2Ftask HTTP/2.0" 200 947 "https://www.shaksettle.com.lab2454.com/whsy.php?p=%2Fproc%2F27942" "Mozilla/5.0 AppleWebKit/537.36 (KHTML, like Gecko; compatible; GPTBot/1.3; +https://openai.com/gptbot)"
74.7.227.16 - - [13/Apr/2026:12:08:46 +0000] "GET /whsy.php?e=ksm_merging_pages&p=%2Fproc%2F27942 HTTP/2.0" 200 947 "https://shaksettle.com/whsy.php?p=%2Fproc%2F27942" "Mozilla/5.0 AppleWebKit/537.36 (KHTML, like Gecko; compatible; GPTBot/1.3; +https://openai.com/gptbot)"
74.7.227.16 - - [13/Apr/2026:12:08:49 +0000] "GET /whsy.php?e=nf_log&p=%2Fproc%2F16081%2Fnet%2Fnetfilter HTTP/2.0" 200 947 "https://shaksettle.com/whsy.php?p=%2Fproc%2F16081%2Fnet%2Fnetfilter" "Mozilla/5.0 AppleWebKit/537.36 (KHTML, like Gecko; compatible; GPTBot/1.3; +https://openai.com/gptbot)"
144.76.32.187 - - [13/Apr/2026:12:08:50 +0000] "GET /whsy.php?p=/proc/25299 HTTP/1.1" 200 947 "-" "Mozilla/5.0 (compatible; SERankingBacklinksBot/1.0; +https://seranking.com/backlinks-crawler)"
74.7.241.28 - - [13/Apr/2026:12:08:50 +0000] "GET /whsy.php?p=%2Fproc%2F16200%2Fattr HTTP/2.0" 200 947 "https://www.shaksettle.com.lab2454.com/whsy.php?p=%2Fproc%2F16200" "Mozilla/5.0 AppleWebKit/537.36 (KHTML, like Gecko; compatible; GPTBot/1.3; +https://openai.com/gptbot)"
74.7.227.16 - - [13/Apr/2026:12:08:53 +0000] "GET /whsy.php?e=coredump_filter&p=%2Fproc%2F11145 HTTP/2.0" 200 947 "https://shaksettle.com/whsy.php?p=%2Fproc%2F11145" "Mozilla/5.0 AppleWebKit/537.36 (KHTML, like Gecko; compatible; GPTBot/1.3; +https://openai.com/gptbot)"
144.76.32.187 - - [13/Apr/2026:12:08:54 +0000] "GET /whsy.php?p=/proc/25300 HTTP/1.1" 200 947 "-" "Mozilla/5.0 (compatible; SERankingBacklinksBot/1.0; +https://seranking.com/backlinks-crawler)"
74.7.241.28 - - [13/Apr/2026:12:08:54 +0000] "GET /whsy.php?p=%2Fproc%2F30031%2Fattr HTTP/2.0" 200 947 "https://www.shaksettle.com.lab2454.com/whsy.php?p=%2Fproc%2F30031" "Mozilla/5.0 AppleWebKit/537.36 (KHTML, like Gecko; compatible; GPTBot/1.3; +https://openai.com/gptbot)"
74.7.227.16 - - [13/Apr/2026:12:08:57 +0000] "GET /whsy.php?e=keycreate&p=%2Fproc%2F23164%2Fattr HTTP/2.0" 200 947 "https://shaksettle.com/whsy.php?p=%2Fproc%2F23164%2Fattr" "Mozilla/5.0 AppleWebKit/537.36 (KHTML, like Gecko; compatible; GPTBot/1.3; +https://openai.com/gptbot)"
74.7.241.28 - - [13/Apr/2026:12:08:58 +0000] "GET /whsy.php?p=%2Fproc%2F29588%2Fnet HTTP/2.0" 200 947 "https://www.shaksettle.com.lab2454.com/whsy.php?p=%2Fproc%2F29588" "Mozilla/5.0 AppleWebKit/537.36 (KHTML, like Gecko; compatible; GPTBot/1.3; +https://openai.com/gptbot)"
144.76.32.187 - - [13/Apr/2026:12:09:00 +0000] "GET /whsy.php?p=/proc/25319 HTTP/1.1" 200 947 "-" "Mozilla/5.0 (compatible; SERankingBacklinksBot/1.0; +https://seranking.com/backlinks-crawler)"
74.7.227.16 - - [13/Apr/2026:12:09:01 +0000] "GET /whsy.php?e=nf_log&p=%2Fproc%2F25113%2Fnet%2Fnetfilter HTTP/2.0" 200 947 "https://shaksettle.com/whsy.php?p=%2Fproc%2F25113%2Fnet%2Fnetfilter" "Mozilla/5.0 AppleWebKit/537.36 (KHTML, like Gecko; compatible; GPTBot/1.3; +https://openai.com/gptbot)"
74.7.241.28 - - [13/Apr/2026:12:09:02 +0000] "GET /whsy.php?p=%2Fproc%2F24074%2Ftask HTTP/2.0" 200 947 "https://www.shaksettle.com.lab2454.com/whsy.php?p=%2Fproc%2F24074" "Mozilla/5.0 AppleWebKit/537.36 (KHTML, like Gecko; compatible; GPTBot/1.3; +https://openai.com/gptbot)"
74.7.227.16 - - [13/Apr/2026:12:09:05 +0000] "GET /whsy.php?e=connector&p=%2Fproc%2F25113%2Fnet HTTP/2.0" 200 947 "https://shaksettle.com/whsy.php?p=%2Fproc%2F25113%2Fnet" "Mozilla/5.0 AppleWebKit/537.36 (KHTML, like Gecko; compatible; GPTBot/1.3; +https://openai.com/gptbot)"
74.7.241.28 - - [13/Apr/2026:12:09:06 +0000] "GET /whsy.php?p=%2Fproc%2F16200%2Fnet HTTP/2.0" 200 947 "https://www.shaksettle.com.lab2454.com/whsy.php?p=%2Fproc%2F16200" "Mozilla/5.0 AppleWebKit/537.36 (KHTML, like Gecko; compatible; GPTBot/1.3; +https://openai.com/gptbot)"
144.76.32.187 - - [13/Apr/2026:12:09:07 +0000] "GET /whsy.php?p=/proc/25368 HTTP/1.1" 200 947 "-" "Mozilla/5.0 (compatible; SERankingBacklinksBot/1.0; +https://seranking.com/backlinks-crawler)"
74.7.227.16 - - [13/Apr/2026:12:09:09 +0000] "GET /whsy.php?e=connector&p=%2Fproc%2F15992%2Fnet HTTP/2.0" 200 947 "https://shaksettle.com/whsy.php?p=%2Fproc%2F15992%2Fnet" "Mozilla/5.0 AppleWebKit/537.36 (KHTML, like Gecko; compatible; GPTBot/1.3; +https://openai.com/gptbot)"
74.7.241.28 - - [13/Apr/2026:12:09:10 +0000] "GET /whsy.php?p=%2Fproc%2F19810%2Fattr HTTP/2.0" 200 947 "https://www.shaksettle.com.lab2454.com/whsy.php?p=%2Fproc%2F19810" "Mozilla/5.0 AppleWebKit/537.36 (KHTML, like Gecko; compatible; GPTBot/1.3; +https://openai.com/gptbot)"
144.76.32.187 - - [13/Apr/2026:12:09:12 +0000] "GET /whsy.php?p=/proc/25382 HTTP/1.1" 200 947 "-" "Mozilla/5.0 (compatible; SERankingBacklinksBot/1.0; +https://seranking.com/backlinks-crawler)"
74.7.227.16 - - [13/Apr/2026:12:09:14 +0000] "GET /whsy.php?p=%2Fproc%2F15992%2Fnet%2Fsctp HTTP/2.0" 200 947 "https://shaksettle.com/whsy.php?p=%2Fproc%2F15992%2Fnet" "Mozilla/5.0 AppleWebKit/537.36 (KHTML, like Gecko; compatible; GPTBot/1.3; +https://openai.com/gptbot)"
74.7.241.28 - - [13/Apr/2026:12:09:15 +0000] "GET /whsy.php?p=%2Fproc%2F29226%2Fattr HTTP/2.0" 200 947 "https://www.shaksettle.com.lab2454.com/whsy.php?p=%2Fproc%2F29226" "Mozilla/5.0 AppleWebKit/537.36 (KHTML, like Gecko; compatible; GPTBot/1.3; +https://openai.com/gptbot)"
144.76.32.187 - - [13/Apr/2026:12:09:17 +0000] "GET /whsy.php?p=/proc/25385 HTTP/1.1" 200 947 "-" "Mozilla/5.0 (compatible; SERankingBacklinksBot/1.0; +https://seranking.com/backlinks-crawler)"
74.7.227.16 - - [13/Apr/2026:12:09:19 +0000] "GET /whsy.php?p=%2Fproc%2F23164%2Fnet%2Fsctp HTTP/2.0" 200 947 "https://shaksettle.com/whsy.php?p=%2Fproc%2F23164%2Fnet" "Mozilla/5.0 AppleWebKit/537.36 (KHTML, like Gecko; compatible; GPTBot/1.3; +https://openai.com/gptbot)"
74.7.241.28 - - [13/Apr/2026:12:09:20 +0000] "GET /whsy.php?p=%2Fproc%2F15953%2Ftask HTTP/2.0" 200 947 "https://www.shaksettle.com.lab2454.com/whsy.php?p=%2Fproc%2F15953" "Mozilla/5.0 AppleWebKit/537.36 (KHTML, like Gecko; compatible; GPTBot/1.3; +https://openai.com/gptbot)"
144.76.32.187 - - [13/Apr/2026:12:09:21 +0000] "GET /whsy.php?e=comm&p=/proc/29700 HTTP/1.1" 200 947 "-" "Mozilla/5.0 (compatible; SERankingBacklinksBot/1.0; +https://seranking.com/backlinks-crawler)"
74.7.227.16 - - [13/Apr/2026:12:09:23 +0000] "GET /whsy.php?p=%2Fproc%2F25113%2Fnet%2Fsctp HTTP/2.0" 200 947 "https://shaksettle.com/whsy.php?p=%2Fproc%2F25113%2Fnet" "Mozilla/5.0 AppleWebKit/537.36 (KHTML, like Gecko; compatible; GPTBot/1.3; +https://openai.com/gptbot)"
74.7.241.28 - - [13/Apr/2026:12:09:24 +0000] "GET /whsy.php?p=%2Fproc%2F30031%2Ftask HTTP/2.0" 200 947 "https://www.shaksettle.com.lab2454.com/whsy.php?p=%2Fproc%2F30031" "Mozilla/5.0 AppleWebKit/537.36 (KHTML, like Gecko; compatible; GPTBot/1.3; +https://openai.com/gptbot)"
144.76.32.187 - - [13/Apr/2026:12:09:25 +0000] "GET /whsy.php?p=/proc/25387 HTTP/1.1" 200 947 "-" "Mozilla/5.0 (compatible; SERankingBacklinksBot/1.0; +https://seranking.com/backlinks-crawler)"
74.7.227.16 - - [13/Apr/2026:12:09:27 +0000] "GET /whsy.php?p=%2Fproc%2F23164%2Fnet%2Frpc HTTP/2.0" 200 947 "https://shaksettle.com/whsy.php?p=%2Fproc%2F23164%2Fnet" "Mozilla/5.0 AppleWebKit/537.36 (KHTML, like Gecko; compatible; GPTBot/1.3; +https://openai.com/gptbot)"
74.7.241.28 - - [13/Apr/2026:12:09:27 +0000] "GET /whsy.php?p=%2Fproc%2F15953%2Fattr HTTP/2.0" 200 947 "https://www.shaksettle.com.lab2454.com/whsy.php?p=%2Fproc%2F15953" "Mozilla/5.0 AppleWebKit/537.36 (KHTML, like Gecko; compatible; GPTBot/1.3; +https://openai.com/gptbot)"
144.76.32.187 - - [13/Apr/2026:12:09:29 +0000] "GET /whsy.php?p=/proc/25388 HTTP/1.1" 200 947 "-" "Mozilla/5.0 (compatible; SERankingBacklinksBot/1.0; +https://seranking.com/backlinks-crawler)"
74.7.227.16 - - [13/Apr/2026:12:09:30 +0000] "GET /whsy.php?p=%2Fproc%2F25113%2Fnet%2Frpc HTTP/2.0" 200 947 "https://shaksettle.com/whsy.php?p=%2Fproc%2F25113%2Fnet" "Mozilla/5.0 AppleWebKit/537.36 (KHTML, like Gecko; compatible; GPTBot/1.3; +https://openai.com/gptbot)"
74.7.241.28 - - [13/Apr/2026:12:09:31 +0000] "GET /whsy.php?p=%2Fproc%2F16200%2Ftask HTTP/2.0" 200 947 "https://www.shaksettle.com.lab2454.com/whsy.php?p=%2Fproc%2F16200" "Mozilla/5.0 AppleWebKit/537.36 (KHTML, like Gecko; compatible; GPTBot/1.3; +https://openai.com/gptbot)"
74.7.227.16 - - [13/Apr/2026:12:09:34 +0000] "GET /whsy.php?p=%2Fproc%2F15992%2Fnet%2Frpc HTTP/2.0" 200 947 "https://shaksettle.com/whsy.php?p=%2Fproc%2F15992%2Fnet" "Mozilla/5.0 AppleWebKit/537.36 (KHTML, like Gecko; compatible; GPTBot/1.3; +https://openai.com/gptbot)"
74.7.241.28 - - [13/Apr/2026:12:09:35 +0000] "GET /whsy.php?p=%2Fproc%2F24074%2Fnet HTTP/2.0" 200 947 "https://www.shaksettle.com.lab2454.com/whsy.php?p=%2Fproc%2F24074" "Mozilla/5.0 AppleWebKit/537.36 (KHTML, like Gecko; compatible; GPTBot/1.3; +https://openai.com/gptbot)"
144.76.32.187 - - [13/Apr/2026:12:09:38 +0000] "GET /whsy.php?p=/proc/25397 HTTP/1.1" 200 947 "-" "Mozilla/5.0 (compatible; SERankingBacklinksBot/1.0; +https://seranking.com/backlinks-crawler)"
74.7.227.16 - - [13/Apr/2026:12:09:40 +0000] "GET /whsy.php?p=%2Fproc%2F15992%2Fnet%2Fvlan HTTP/2.0" 200 947 "https://shaksettle.com/whsy.php?p=%2Fproc%2F15992%2Fnet" "Mozilla/5.0 AppleWebKit/537.36 (KHTML, like Gecko; compatible; GPTBot/1.3; +https://openai.com/gptbot)"
74.7.241.28 - - [13/Apr/2026:12:09:43 +0000] "GET /whsy.php?p=%2Fproc%2F27942%2Fnet HTTP/2.0" 200 947 "https://www.shaksettle.com.lab2454.com/whsy.php?p=%2Fproc%2F27942" "Mozilla/5.0 AppleWebKit/537.36 (KHTML, like Gecko; compatible; GPTBot/1.3; +https://openai.com/gptbot)"
