74.7.241.28 - - [13/Apr/2026:15:56:22 +0000] "GET /whsy.php?e=cmdline&p=%2Fproc%2F14101 HTTP/2.0" 200 947 "https://www.shaksettle.com.lab2454.com/whsy.php?p=%2Fproc%2F14101" "Mozilla/5.0 AppleWebKit/537.36 (KHTML, like Gecko; compatible; GPTBot/1.3; +https://openai.com/gptbot)"
74.7.227.16 - - [13/Apr/2026:15:56:23 +0000] "GET /whsy.php?e=arp_tables_matches&p=%2Fproc%2F27784%2Fnet HTTP/2.0" 200 947 "https://shaksettle.com/whsy.php?p=%2Fproc%2F27784%2Fnet" "Mozilla/5.0 AppleWebKit/537.36 (KHTML, like Gecko; compatible; GPTBot/1.3; +https://openai.com/gptbot)"
74.7.241.28 - - [13/Apr/2026:15:56:26 +0000] "GET /whsy.php?e=sessionid&p=%2Fproc%2F32355 HTTP/2.0" 200 2015 "https://www.shaksettle.com.lab2454.com/whsy.php?p=%2Fproc%2F32355" "Mozilla/5.0 AppleWebKit/537.36 (KHTML, like Gecko; compatible; GPTBot/1.3; +https://openai.com/gptbot)"
74.7.227.16 - - [13/Apr/2026:15:56:26 +0000] "GET /whsy.php?e=arp_tables_targets&p=%2Fproc%2F32319%2Fnet HTTP/2.0" 200 947 "https://shaksettle.com/whsy.php?p=%2Fproc%2F32319%2Fnet" "Mozilla/5.0 AppleWebKit/537.36 (KHTML, like Gecko; compatible; GPTBot/1.3; +https://openai.com/gptbot)"
144.76.32.187 - - [13/Apr/2026:15:56:29 +0000] "GET /whsy.php?p=/proc/17187/net/.. HTTP/1.1" 200 1936 "-" "Mozilla/5.0 (compatible; SERankingBacklinksBot/1.0; +https://seranking.com/backlinks-crawler)"
74.7.241.28 - - [13/Apr/2026:15:56:29 +0000] "GET /whsy.php?e=schedstat&p=%2Fproc%2F32355 HTTP/2.0" 200 2025 "https://www.shaksettle.com.lab2454.com/whsy.php?p=%2Fproc%2F32355" "Mozilla/5.0 AppleWebKit/537.36 (KHTML, like Gecko; compatible; GPTBot/1.3; +https://openai.com/gptbot)"
74.7.227.16 - - [13/Apr/2026:15:56:30 +0000] "GET /whsy.php?e=nf_conntrack_expect&p=%2Fproc%2F30342%2Fnet HTTP/2.0" 200 947 "https://shaksettle.com/whsy.php?p=%2Fproc%2F30342%2Fnet" "Mozilla/5.0 AppleWebKit/537.36 (KHTML, like Gecko; compatible; GPTBot/1.3; +https://openai.com/gptbot)"
74.7.241.28 - - [13/Apr/2026:15:56:33 +0000] "GET /whsy.php?e=ksm_stat&p=%2Fproc%2F11587 HTTP/2.0" 200 947 "https://www.shaksettle.com.lab2454.com/whsy.php?p=%2Fproc%2F11587" "Mozilla/5.0 AppleWebKit/537.36 (KHTML, like Gecko; compatible; GPTBot/1.3; +https://openai.com/gptbot)"
74.7.227.16 - - [13/Apr/2026:15:56:34 +0000] "GET /whsy.php?e=arp_tables_matches&p=%2Fproc%2F27709%2Fnet HTTP/2.0" 200 947 "https://shaksettle.com/whsy.php?p=%2Fproc%2F27709%2Fnet" "Mozilla/5.0 AppleWebKit/537.36 (KHTML, like Gecko; compatible; GPTBot/1.3; +https://openai.com/gptbot)"
144.76.32.187 - - [13/Apr/2026:15:56:36 +0000] "GET /whsy.php?p=/proc/7/net/rpc/.. HTTP/1.1" 200 2438 "-" "Mozilla/5.0 (compatible; SERankingBacklinksBot/1.0; +https://seranking.com/backlinks-crawler)"
74.7.241.28 - - [13/Apr/2026:15:56:37 +0000] "GET /whsy.php?e=ksm_stat&p=%2Fproc%2F16648 HTTP/2.0" 200 1935 "https://www.shaksettle.com.lab2454.com/whsy.php?p=%2Fproc%2F16648" "Mozilla/5.0 AppleWebKit/537.36 (KHTML, like Gecko; compatible; GPTBot/1.3; +https://openai.com/gptbot)"
74.7.227.16 - - [13/Apr/2026:15:56:37 +0000] "GET /whsy.php?e=arp_tables_matches&p=%2Fproc%2F20566%2Fnet HTTP/2.0" 200 947 "https://shaksettle.com/whsy.php?p=%2Fproc%2F20566%2Fnet" "Mozilla/5.0 AppleWebKit/537.36 (KHTML, like Gecko; compatible; GPTBot/1.3; +https://openai.com/gptbot)"
74.7.241.28 - - [13/Apr/2026:15:56:41 +0000] "GET /whsy.php?e=ksm_stat&p=%2Fproc%2F29851 HTTP/2.0" 200 1936 "https://www.shaksettle.com.lab2454.com/whsy.php?p=%2Fproc%2F29851" "Mozilla/5.0 AppleWebKit/537.36 (KHTML, like Gecko; compatible; GPTBot/1.3; +https://openai.com/gptbot)"
74.7.227.16 - - [13/Apr/2026:15:56:41 +0000] "GET /whsy.php?e=nf_conntrack_expect&p=%2Fproc%2F19324%2Fnet HTTP/2.0" 200 947 "https://shaksettle.com/whsy.php?p=%2Fproc%2F19324%2Fnet" "Mozilla/5.0 AppleWebKit/537.36 (KHTML, like Gecko; compatible; GPTBot/1.3; +https://openai.com/gptbot)"
144.76.32.187 - - [13/Apr/2026:15:56:41 +0000] "GET /whsy.php?p=/proc/25801/fdinfo HTTP/1.1" 200 947 "-" "Mozilla/5.0 (compatible; SERankingBacklinksBot/1.0; +https://seranking.com/backlinks-crawler)"
144.76.32.187 - - [13/Apr/2026:15:56:44 +0000] "GET /whsy.php?p=/proc/7/task/7/net HTTP/1.1" 200 2454 "-" "Mozilla/5.0 (compatible; SERankingBacklinksBot/1.0; +https://seranking.com/backlinks-crawler)"
74.7.241.28 - - [13/Apr/2026:15:56:44 +0000] "GET /whsy.php?e=timerslack_ns&p=%2Fproc%2F32355 HTTP/2.0" 200 2008 "https://www.shaksettle.com.lab2454.com/whsy.php?p=%2Fproc%2F32355" "Mozilla/5.0 AppleWebKit/537.36 (KHTML, like Gecko; compatible; GPTBot/1.3; +https://openai.com/gptbot)"
74.7.227.16 - - [13/Apr/2026:15:56:45 +0000] "GET /whsy.php?e=arp_tables_targets&p=%2Fproc%2F26984%2Fnet HTTP/2.0" 200 947 "https://shaksettle.com/whsy.php?p=%2Fproc%2F26984%2Fnet" "Mozilla/5.0 AppleWebKit/537.36 (KHTML, like Gecko; compatible; GPTBot/1.3; +https://openai.com/gptbot)"
144.76.32.187 - - [13/Apr/2026:15:56:48 +0000] "GET /whsy.php?p=/proc/17192/net/.. HTTP/1.1" 200 1935 "-" "Mozilla/5.0 (compatible; SERankingBacklinksBot/1.0; +https://seranking.com/backlinks-crawler)"
74.7.241.28 - - [13/Apr/2026:15:56:48 +0000] "GET /whsy.php?e=oom_score_adj&p=%2Fproc%2F14101 HTTP/2.0" 200 947 "https://www.shaksettle.com.lab2454.com/whsy.php?p=%2Fproc%2F14101" "Mozilla/5.0 AppleWebKit/537.36 (KHTML, like Gecko; compatible; GPTBot/1.3; +https://openai.com/gptbot)"
74.7.227.16 - - [13/Apr/2026:15:56:48 +0000] "GET /whsy.php?e=arp_tables_targets&p=%2Fproc%2F29585%2Fnet HTTP/2.0" 200 947 "https://shaksettle.com/whsy.php?p=%2Fproc%2F29585%2Fnet" "Mozilla/5.0 AppleWebKit/537.36 (KHTML, like Gecko; compatible; GPTBot/1.3; +https://openai.com/gptbot)"
74.7.241.28 - - [13/Apr/2026:15:56:52 +0000] "GET /whsy.php?e=oom_score_adj&p=%2Fproc%2F19989 HTTP/2.0" 200 2008 "https://www.shaksettle.com.lab2454.com/whsy.php?p=%2Fproc%2F19989" "Mozilla/5.0 AppleWebKit/537.36 (KHTML, like Gecko; compatible; GPTBot/1.3; +https://openai.com/gptbot)"
74.7.227.16 - - [13/Apr/2026:15:56:52 +0000] "GET /whsy.php?e=arp_tables_targets&p=%2Fproc%2F32163%2Fnet HTTP/2.0" 200 947 "https://shaksettle.com/whsy.php?p=%2Fproc%2F32163%2Fnet" "Mozilla/5.0 AppleWebKit/537.36 (KHTML, like Gecko; compatible; GPTBot/1.3; +https://openai.com/gptbot)"
144.76.32.187 - - [13/Apr/2026:15:56:52 +0000] "GET /whsy.php?p=/proc/9711/attr/.. HTTP/1.1" 200 947 "-" "Mozilla/5.0 (compatible; SERankingBacklinksBot/1.0; +https://seranking.com/backlinks-crawler)"
74.7.241.28 - - [13/Apr/2026:15:56:55 +0000] "GET /whsy.php?e=root&p=%2Fproc%2F29851 HTTP/2.0" 200 1936 "https://www.shaksettle.com.lab2454.com/whsy.php?p=%2Fproc%2F29851" "Mozilla/5.0 AppleWebKit/537.36 (KHTML, like Gecko; compatible; GPTBot/1.3; +https://openai.com/gptbot)"
144.76.32.187 - - [13/Apr/2026:15:56:55 +0000] "GET /whsy.php?p=/proc/17194/net/.. HTTP/1.1" 200 1936 "-" "Mozilla/5.0 (compatible; SERankingBacklinksBot/1.0; +https://seranking.com/backlinks-crawler)"
74.7.227.16 - - [13/Apr/2026:15:56:55 +0000] "GET /whsy.php?e=arp_tables_targets&p=%2Fproc%2F30342%2Fnet HTTP/2.0" 200 947 "https://shaksettle.com/whsy.php?p=%2Fproc%2F30342%2Fnet" "Mozilla/5.0 AppleWebKit/537.36 (KHTML, like Gecko; compatible; GPTBot/1.3; +https://openai.com/gptbot)"
74.7.241.28 - - [13/Apr/2026:15:56:59 +0000] "GET /whsy.php?e=personality&p=%2Fproc%2F14101 HTTP/2.0" 200 947 "https://www.shaksettle.com.lab2454.com/whsy.php?p=%2Fproc%2F14101" "Mozilla/5.0 AppleWebKit/537.36 (KHTML, like Gecko; compatible; GPTBot/1.3; +https://openai.com/gptbot)"
74.7.227.16 - - [13/Apr/2026:15:56:59 +0000] "GET /whsy.php?e=nf_conntrack_expect&p=%2Fproc%2F30337%2Fnet HTTP/2.0" 200 947 "https://shaksettle.com/whsy.php?p=%2Fproc%2F30337%2Fnet" "Mozilla/5.0 AppleWebKit/537.36 (KHTML, like Gecko; compatible; GPTBot/1.3; +https://openai.com/gptbot)"
144.76.32.187 - - [13/Apr/2026:15:56:59 +0000] "GET /whsy.php?p=/proc/9711/fdinfo/ HTTP/1.1" 200 947 "-" "Mozilla/5.0 (compatible; SERankingBacklinksBot/1.0; +https://seranking.com/backlinks-crawler)"
74.7.241.28 - - [13/Apr/2026:15:57:02 +0000] "GET /whsy.php?e=personality&p=%2Fproc%2F19989 HTTP/2.0" 200 1936 "https://www.shaksettle.com.lab2454.com/whsy.php?p=%2Fproc%2F19989" "Mozilla/5.0 AppleWebKit/537.36 (KHTML, like Gecko; compatible; GPTBot/1.3; +https://openai.com/gptbot)"
74.7.227.16 - - [13/Apr/2026:15:57:03 +0000] "GET /whsy.php?e=nf_conntrack_expect&p=%2Fproc%2F30249%2Fnet HTTP/2.0" 200 947 "https://shaksettle.com/whsy.php?p=%2Fproc%2F30249%2Fnet" "Mozilla/5.0 AppleWebKit/537.36 (KHTML, like Gecko; compatible; GPTBot/1.3; +https://openai.com/gptbot)"
144.76.32.187 - - [13/Apr/2026:15:57:04 +0000] "GET /whsy.php?p=/proc/17197/net/.. HTTP/1.1" 200 1936 "-" "Mozilla/5.0 (compatible; SERankingBacklinksBot/1.0; +https://seranking.com/backlinks-crawler)"
74.7.241.28 - - [13/Apr/2026:15:57:06 +0000] "GET /whsy.php?e=oom_score_adj&p=%2Fproc%2F29851 HTTP/2.0" 200 2008 "https://www.shaksettle.com.lab2454.com/whsy.php?p=%2Fproc%2F29851" "Mozilla/5.0 AppleWebKit/537.36 (KHTML, like Gecko; compatible; GPTBot/1.3; +https://openai.com/gptbot)"
74.7.227.16 - - [13/Apr/2026:15:57:06 +0000] "GET /whsy.php?e=arp_tables_matches&p=%2Fproc%2F17791%2Fnet HTTP/2.0" 200 947 "https://shaksettle.com/whsy.php?p=%2Fproc%2F17791%2Fnet" "Mozilla/5.0 AppleWebKit/537.36 (KHTML, like Gecko; compatible; GPTBot/1.3; +https://openai.com/gptbot)"
74.7.241.28 - - [13/Apr/2026:15:57:10 +0000] "GET /whsy.php?e=oom_score_adj&p=%2Fproc%2F16648 HTTP/2.0" 200 2007 "https://www.shaksettle.com.lab2454.com/whsy.php?p=%2Fproc%2F16648" "Mozilla/5.0 AppleWebKit/537.36 (KHTML, like Gecko; compatible; GPTBot/1.3; +https://openai.com/gptbot)"
74.7.227.16 - - [13/Apr/2026:15:57:10 +0000] "GET /whsy.php?e=arp_tables_targets&p=%2Fproc%2F18527%2Fnet HTTP/2.0" 200 947 "https://shaksettle.com/whsy.php?e=ip6_flowlabel&p=%2Fproc%2F18527%2Fnet" "Mozilla/5.0 AppleWebKit/537.36 (KHTML, like Gecko; compatible; GPTBot/1.3; +https://openai.com/gptbot)"
144.76.32.187 - - [13/Apr/2026:15:57:11 +0000] "GET /whsy.php?e=auxv&p=/proc/27165 HTTP/1.1" 200 947 "-" "Mozilla/5.0 (compatible; SERankingBacklinksBot/1.0; +https://seranking.com/backlinks-crawler)"
74.7.241.28 - - [13/Apr/2026:15:57:13 +0000] "GET /whsy.php?e=oom_score_adj&p=%2Fproc%2F11587 HTTP/2.0" 200 947 "https://www.shaksettle.com.lab2454.com/whsy.php?p=%2Fproc%2F11587" "Mozilla/5.0 AppleWebKit/537.36 (KHTML, like Gecko; compatible; GPTBot/1.3; +https://openai.com/gptbot)"
74.7.227.16 - - [13/Apr/2026:15:57:14 +0000] "GET /whsy.php?e=arp_tables_matches&p=%2Fproc%2F20390%2Fnet HTTP/2.0" 200 947 "https://shaksettle.com/whsy.php?e=tcp6&p=%2Fproc%2F20390%2Fnet" "Mozilla/5.0 AppleWebKit/537.36 (KHTML, like Gecko; compatible; GPTBot/1.3; +https://openai.com/gptbot)"
74.7.241.28 - - [13/Apr/2026:15:57:17 +0000] "GET /whsy.php?e=maps&p=%2Fproc%2F14101 HTTP/2.0" 200 947 "https://www.shaksettle.com.lab2454.com/whsy.php?p=%2Fproc%2F14101" "Mozilla/5.0 AppleWebKit/537.36 (KHTML, like Gecko; compatible; GPTBot/1.3; +https://openai.com/gptbot)"
74.7.227.16 - - [13/Apr/2026:15:57:17 +0000] "GET /whsy.php?e=nf_conntrack_expect&p=%2Fproc%2F21567%2Fnet HTTP/2.0" 200 947 "https://shaksettle.com/whsy.php?p=%2Fproc%2F21567%2Fnet" "Mozilla/5.0 AppleWebKit/537.36 (KHTML, like Gecko; compatible; GPTBot/1.3; +https://openai.com/gptbot)"
144.76.32.187 - - [13/Apr/2026:15:57:19 +0000] "GET /whsy.php?e=stat&p=/proc/27165 HTTP/1.1" 200 947 "-" "Mozilla/5.0 (compatible; SERankingBacklinksBot/1.0; +https://seranking.com/backlinks-crawler)"
74.7.241.28 - - [13/Apr/2026:15:57:21 +0000] "GET /whsy.php?e=maps&p=%2Fproc%2F32355 HTTP/2.0" 200 2119 "https://www.shaksettle.com.lab2454.com/whsy.php?p=%2Fproc%2F32355" "Mozilla/5.0 AppleWebKit/537.36 (KHTML, like Gecko; compatible; GPTBot/1.3; +https://openai.com/gptbot)"
74.7.227.16 - - [13/Apr/2026:15:57:21 +0000] "GET /whsy.php?e=arp_tables_matches&p=%2Fproc%2F25677%2Fnet HTTP/2.0" 200 947 "https://shaksettle.com/whsy.php?p=%2Fproc%2F25677%2Fnet" "Mozilla/5.0 AppleWebKit/537.36 (KHTML, like Gecko; compatible; GPTBot/1.3; +https://openai.com/gptbot)"
144.76.32.187 - - [13/Apr/2026:15:57:23 +0000] "GET /whsy.php?e=auxv&p=/proc/28490 HTTP/1.1" 200 947 "-" "Mozilla/5.0 (compatible; SERankingBacklinksBot/1.0; +https://seranking.com/backlinks-crawler)"
74.7.241.28 - - [13/Apr/2026:15:57:24 +0000] "GET /whsy.php?e=root&p=%2Fproc%2F14101 HTTP/2.0" 200 947 "https://www.shaksettle.com.lab2454.com/whsy.php?p=%2Fproc%2F14101" "Mozilla/5.0 AppleWebKit/537.36 (KHTML, like Gecko; compatible; GPTBot/1.3; +https://openai.com/gptbot)"
74.7.227.16 - - [13/Apr/2026:15:57:24 +0000] "GET /whsy.php?e=arp_tables_matches&p=%2Fproc%2F31244%2Fnet HTTP/2.0" 200 947 "https://shaksettle.com/whsy.php?p=%2Fproc%2F31244%2Fnet" "Mozilla/5.0 AppleWebKit/537.36 (KHTML, like Gecko; compatible; GPTBot/1.3; +https://openai.com/gptbot)"
144.76.32.187 - - [13/Apr/2026:15:57:27 +0000] "GET /whsy.php?e=stat&p=/proc/28490 HTTP/1.1" 200 947 "-" "Mozilla/5.0 (compatible; SERankingBacklinksBot/1.0; +https://seranking.com/backlinks-crawler)"
74.7.241.28 - - [13/Apr/2026:15:57:28 +0000] "GET /whsy.php?e=root&p=%2Fproc%2F19989 HTTP/2.0" 200 1936 "https://www.shaksettle.com.lab2454.com/whsy.php?p=%2Fproc%2F19989" "Mozilla/5.0 AppleWebKit/537.36 (KHTML, like Gecko; compatible; GPTBot/1.3; +https://openai.com/gptbot)"
74.7.227.16 - - [13/Apr/2026:15:57:28 +0000] "GET /whsy.php?e=nf_conntrack_expect&p=%2Fproc%2F20846%2Fnet HTTP/2.0" 200 947 "https://shaksettle.com/whsy.php?p=%2Fproc%2F20846%2Fnet" "Mozilla/5.0 AppleWebKit/537.36 (KHTML, like Gecko; compatible; GPTBot/1.3; +https://openai.com/gptbot)"
74.7.241.28 - - [13/Apr/2026:15:57:31 +0000] "GET /whsy.php?e=comm&p=%2Fproc%2F32355 HTTP/2.0" 200 2008 "https://www.shaksettle.com.lab2454.com/whsy.php?p=%2Fproc%2F32355" "Mozilla/5.0 AppleWebKit/537.36 (KHTML, like Gecko; compatible; GPTBot/1.3; +https://openai.com/gptbot)"
74.7.227.16 - - [13/Apr/2026:15:57:31 +0000] "GET /whsy.php?e=arp_tables_matches&p=%2Fproc%2F10152%2Fnet HTTP/2.0" 200 947 "https://shaksettle.com/whsy.php?p=%2Fproc%2F10152%2Fnet" "Mozilla/5.0 AppleWebKit/537.36 (KHTML, like Gecko; compatible; GPTBot/1.3; +https://openai.com/gptbot)"
144.76.32.187 - - [13/Apr/2026:15:57:32 +0000] "GET /whsy.php?e=root&p=/proc/27165 HTTP/1.1" 200 947 "-" "Mozilla/5.0 (compatible; SERankingBacklinksBot/1.0; +https://seranking.com/backlinks-crawler)"
74.7.241.28 - - [13/Apr/2026:15:57:35 +0000] "GET /whsy.php?e=comm&p=%2Fproc%2F14101 HTTP/2.0" 200 947 "https://www.shaksettle.com.lab2454.com/whsy.php?p=%2Fproc%2F14101" "Mozilla/5.0 AppleWebKit/537.36 (KHTML, like Gecko; compatible; GPTBot/1.3; +https://openai.com/gptbot)"
74.7.227.16 - - [13/Apr/2026:15:57:35 +0000] "GET /whsy.php?e=nf_flowtable&p=%2Fproc%2F3955%2Fnet%2Fstat HTTP/2.0" 200 947 "https://shaksettle.com/whsy.php?p=%2Fproc%2F3955%2Fnet%2Fstat" "Mozilla/5.0 AppleWebKit/537.36 (KHTML, like Gecko; compatible; GPTBot/1.3; +https://openai.com/gptbot)"
144.76.32.187 - - [13/Apr/2026:15:57:37 +0000] "GET /whsy.php?p=/proc/9711/net/rpc HTTP/1.1" 200 947 "-" "Mozilla/5.0 (compatible; SERankingBacklinksBot/1.0; +https://seranking.com/backlinks-crawler)"
74.7.241.28 - - [13/Apr/2026:15:57:38 +0000] "GET /whsy.php?e=root&p=%2Fproc%2F32355 HTTP/2.0" 200 1936 "https://www.shaksettle.com.lab2454.com/whsy.php?p=%2Fproc%2F32355" "Mozilla/5.0 AppleWebKit/537.36 (KHTML, like Gecko; compatible; GPTBot/1.3; +https://openai.com/gptbot)"
74.7.227.16 - - [13/Apr/2026:15:57:38 +0000] "GET /whsy.php?e=arp_tables_targets&p=%2Fproc%2F17118%2Fnet HTTP/2.0" 200 947 "https://shaksettle.com/whsy.php?p=%2Fproc%2F17118%2Fnet" "Mozilla/5.0 AppleWebKit/537.36 (KHTML, like Gecko; compatible; GPTBot/1.3; +https://openai.com/gptbot)"
144.76.32.187 - - [13/Apr/2026:15:57:40 +0000] "GET /whsy.php?p=/proc/17207/net/.. HTTP/1.1" 200 1936 "-" "Mozilla/5.0 (compatible; SERankingBacklinksBot/1.0; +https://seranking.com/backlinks-crawler)"
74.7.241.28 - - [13/Apr/2026:15:57:42 +0000] "GET /whsy.php?e=comm&p=%2Fproc%2F19989 HTTP/2.0" 200 2008 "https://www.shaksettle.com.lab2454.com/whsy.php?p=%2Fproc%2F19989" "Mozilla/5.0 AppleWebKit/537.36 (KHTML, like Gecko; compatible; GPTBot/1.3; +https://openai.com/gptbot)"
74.7.227.16 - - [13/Apr/2026:15:57:42 +0000] "GET /whsy.php?e=arp_tables_targets&p=%2Fproc%2F24683%2Fnet HTTP/2.0" 200 947 "https://shaksettle.com/whsy.php?p=%2Fproc%2F24683%2Fnet" "Mozilla/5.0 AppleWebKit/537.36 (KHTML, like Gecko; compatible; GPTBot/1.3; +https://openai.com/gptbot)"
144.76.32.187 - - [13/Apr/2026:15:57:45 +0000] "GET /whsy.php?e=root&p=/proc/28490 HTTP/1.1" 200 947 "-" "Mozilla/5.0 (compatible; SERankingBacklinksBot/1.0; +https://seranking.com/backlinks-crawler)"
74.7.241.28 - - [13/Apr/2026:15:57:46 +0000] "GET /whsy.php?e=stat&p=%2Fproc%2F32355 HTTP/2.0" 200 2127 "https://www.shaksettle.com.lab2454.com/whsy.php?p=%2Fproc%2F32355" "Mozilla/5.0 AppleWebKit/537.36 (KHTML, like Gecko; compatible; GPTBot/1.3; +https://openai.com/gptbot)"
74.7.227.16 - - [13/Apr/2026:15:57:46 +0000] "GET /whsy.php?e=nf_conntrack_expect&p=%2Fproc%2F16961%2Fnet HTTP/2.0" 200 947 "https://shaksettle.com/whsy.php?p=%2Fproc%2F16961%2Fnet" "Mozilla/5.0 AppleWebKit/537.36 (KHTML, like Gecko; compatible; GPTBot/1.3; +https://openai.com/gptbot)"
74.7.241.28 - - [13/Apr/2026:15:57:49 +0000] "GET /whsy.php?e=maps&p=%2Fproc%2F19989 HTTP/2.0" 200 2119 "https://www.shaksettle.com.lab2454.com/whsy.php?p=%2Fproc%2F19989" "Mozilla/5.0 AppleWebKit/537.36 (KHTML, like Gecko; compatible; GPTBot/1.3; +https://openai.com/gptbot)"
74.7.227.16 - - [13/Apr/2026:15:57:49 +0000] "GET /whsy.php?e=arp_tables_targets&p=%2Fproc%2F24713%2Fnet HTTP/2.0" 200 947 "https://shaksettle.com/whsy.php?p=%2Fproc%2F24713%2Fnet" "Mozilla/5.0 AppleWebKit/537.36 (KHTML, like Gecko; compatible; GPTBot/1.3; +https://openai.com/gptbot)"
74.7.241.28 - - [13/Apr/2026:15:57:53 +0000] "GET /whsy.php?e=clear_refs&p=%2Fproc%2F11587 HTTP/2.0" 200 947 "https://www.shaksettle.com.lab2454.com/whsy.php?p=%2Fproc%2F11587" "Mozilla/5.0 AppleWebKit/537.36 (KHTML, like Gecko; compatible; GPTBot/1.3; +https://openai.com/gptbot)"
74.7.227.16 - - [13/Apr/2026:15:57:53 +0000] "GET /whsy.php?e=arp_tables_targets&p=%2Fproc%2F20107%2Fnet HTTP/2.0" 200 947 "https://shaksettle.com/whsy.php?p=%2Fproc%2F20107%2Fnet" "Mozilla/5.0 AppleWebKit/537.36 (KHTML, like Gecko; compatible; GPTBot/1.3; +https://openai.com/gptbot)"
74.7.241.28 - - [13/Apr/2026:15:57:56 +0000] "GET /whsy.php?e=clear_refs&p=%2Fproc%2F16648 HTTP/2.0" 200 1935 "https://www.shaksettle.com.lab2454.com/whsy.php?p=%2Fproc%2F16648" "Mozilla/5.0 AppleWebKit/537.36 (KHTML, like Gecko; compatible; GPTBot/1.3; +https://openai.com/gptbot)"
74.7.227.16 - - [13/Apr/2026:15:57:57 +0000] "GET /whsy.php?e=nf_conntrack_expect&p=%2Fproc%2F20937%2Fnet HTTP/2.0" 200 947 "https://shaksettle.com/whsy.php?p=%2Fproc%2F20937%2Fnet" "Mozilla/5.0 AppleWebKit/537.36 (KHTML, like Gecko; compatible; GPTBot/1.3; +https://openai.com/gptbot)"
74.7.241.28 - - [13/Apr/2026:15:58:00 +0000] "GET /whsy.php?e=comm&p=%2Fproc%2F16648 HTTP/2.0" 200 2007 "https://www.shaksettle.com.lab2454.com/whsy.php?p=%2Fproc%2F16648" "Mozilla/5.0 AppleWebKit/537.36 (KHTML, like Gecko; compatible; GPTBot/1.3; +https://openai.com/gptbot)"
74.7.227.16 - - [13/Apr/2026:15:58:00 +0000] "GET /whsy.php?e=arp_tables_targets&p=%2Fproc%2F10190%2Fnet HTTP/2.0" 200 947 "https://shaksettle.com/whsy.php?p=%2Fproc%2F10190%2Fnet" "Mozilla/5.0 AppleWebKit/537.36 (KHTML, like Gecko; compatible; GPTBot/1.3; +https://openai.com/gptbot)"
144.76.32.187 - - [13/Apr/2026:15:58:00 +0000] "GET /whsy.php?p=/proc/9711/task/.. HTTP/1.1" 200 947 "-" "Mozilla/5.0 (compatible; SERankingBacklinksBot/1.0; +https://seranking.com/backlinks-crawler)"
74.7.241.28 - - [13/Apr/2026:15:58:04 +0000] "GET /whsy.php?e=maps&p=%2Fproc%2F11587 HTTP/2.0" 200 947 "https://www.shaksettle.com.lab2454.com/whsy.php?p=%2Fproc%2F11587" "Mozilla/5.0 AppleWebKit/537.36 (KHTML, like Gecko; compatible; GPTBot/1.3; +https://openai.com/gptbot)"
74.7.227.16 - - [13/Apr/2026:15:58:04 +0000] "GET /whsy.php?e=nf_conntrack_expect&p=%2Fproc%2F30370%2Fnet HTTP/2.0" 200 947 "https://shaksettle.com/whsy.php?p=%2Fproc%2F30370%2Fnet" "Mozilla/5.0 AppleWebKit/537.36 (KHTML, like Gecko; compatible; GPTBot/1.3; +https://openai.com/gptbot)"
74.7.241.28 - - [13/Apr/2026:15:58:07 +0000] "GET /whsy.php?e=maps&p=%2Fproc%2F16648 HTTP/2.0" 200 2118 "https://www.shaksettle.com.lab2454.com/whsy.php?p=%2Fproc%2F16648" "Mozilla/5.0 AppleWebKit/537.36 (KHTML, like Gecko; compatible; GPTBot/1.3; +https://openai.com/gptbot)"
74.7.227.16 - - [13/Apr/2026:15:58:07 +0000] "GET /whsy.php?e=arp_tables_matches&p=%2Fproc%2F15992%2Fnet HTTP/2.0" 200 947 "https://shaksettle.com/whsy.php?p=%2Fproc%2F15992%2Fnet" "Mozilla/5.0 AppleWebKit/537.36 (KHTML, like Gecko; compatible; GPTBot/1.3; +https://openai.com/gptbot)"
144.76.32.187 - - [13/Apr/2026:15:58:08 +0000] "GET /whsy.php?p=/proc/17213/net/.. HTTP/1.1" 200 1935 "-" "Mozilla/5.0 (compatible; SERankingBacklinksBot/1.0; +https://seranking.com/backlinks-crawler)"
74.7.241.28 - - [13/Apr/2026:15:58:11 +0000] "GET /whsy.php?e=comm&p=%2Fproc%2F11587 HTTP/2.0" 200 947 "https://www.shaksettle.com.lab2454.com/whsy.php?p=%2Fproc%2F11587" "Mozilla/5.0 AppleWebKit/537.36 (KHTML, like Gecko; compatible; GPTBot/1.3; +https://openai.com/gptbot)"
74.7.227.16 - - [13/Apr/2026:15:58:11 +0000] "GET /whsy.php?e=nf_conntrack_expect&p=%2Fproc%2F26918%2Fnet HTTP/2.0" 200 947 "https://shaksettle.com/whsy.php?p=%2Fproc%2F26918%2Fnet" "Mozilla/5.0 AppleWebKit/537.36 (KHTML, like Gecko; compatible; GPTBot/1.3; +https://openai.com/gptbot)"
144.76.32.187 - - [13/Apr/2026:15:58:11 +0000] "GET /whsy.php?p=/sys/fs/nfs/net/.. HTTP/1.1" 200 483 "-" "Mozilla/5.0 (compatible; SERankingBacklinksBot/1.0; +https://seranking.com/backlinks-crawler)"
74.7.241.28 - - [13/Apr/2026:15:58:14 +0000] "GET /whsy.php?e=cpuset&p=%2Fproc%2F19989 HTTP/2.0" 200 2006 "https://www.shaksettle.com.lab2454.com/whsy.php?p=%2Fproc%2F19989" "Mozilla/5.0 AppleWebKit/537.36 (KHTML, like Gecko; compatible; GPTBot/1.3; +https://openai.com/gptbot)"
74.7.227.16 - - [13/Apr/2026:15:58:15 +0000] "GET /whsy.php?e=arp_tables_matches&p=%2Fproc%2F15265%2Fnet HTTP/2.0" 200 947 "https://shaksettle.com/whsy.php?p=%2Fproc%2F15265%2Fnet" "Mozilla/5.0 AppleWebKit/537.36 (KHTML, like Gecko; compatible; GPTBot/1.3; +https://openai.com/gptbot)"
74.7.241.28 - - [13/Apr/2026:15:58:18 +0000] "GET /whsy.php?e=cgroup&p=%2Fproc%2F19989 HTTP/2.0" 200 2139 "https://www.shaksettle.com.lab2454.com/whsy.php?p=%2Fproc%2F19989" "Mozilla/5.0 AppleWebKit/537.36 (KHTML, like Gecko; compatible; GPTBot/1.3; +https://openai.com/gptbot)"
144.76.32.187 - - [13/Apr/2026:15:58:18 +0000] "GET /whsy.php?p=/proc/27165/fdinfo HTTP/1.1" 200 947 "-" "Mozilla/5.0 (compatible; SERankingBacklinksBot/1.0; +https://seranking.com/backlinks-crawler)"
74.7.227.16 - - [13/Apr/2026:15:58:18 +0000] "GET /whsy.php?e=arp_tables_matches&p=%2Fproc%2F16271%2Fnet HTTP/2.0" 200 947 "https://shaksettle.com/whsy.php?p=%2Fproc%2F16271%2Fnet%2Fipt_hashlimit%2F.." "Mozilla/5.0 AppleWebKit/537.36 (KHTML, like Gecko; compatible; GPTBot/1.3; +https://openai.com/gptbot)"
74.7.241.28 - - [13/Apr/2026:15:58:21 +0000] "GET /whsy.php?e=cgroup&p=%2Fproc%2F14101 HTTP/2.0" 200 947 "https://www.shaksettle.com.lab2454.com/whsy.php?p=%2Fproc%2F14101" "Mozilla/5.0 AppleWebKit/537.36 (KHTML, like Gecko; compatible; GPTBot/1.3; +https://openai.com/gptbot)"
74.7.227.16 - - [13/Apr/2026:15:58:22 +0000] "GET /whsy.php?e=arp_tables_matches&p=%2Fproc%2F17213%2Fnet HTTP/2.0" 200 2441 "https://shaksettle.com/whsy.php?p=%2Fproc%2F17213%2Fnet" "Mozilla/5.0 AppleWebKit/537.36 (KHTML, like Gecko; compatible; GPTBot/1.3; +https://openai.com/gptbot)"
144.76.32.187 - - [13/Apr/2026:15:58:22 +0000] "GET /whsy.php?p=/proc/17218/net/.. HTTP/1.1" 200 1936 "-" "Mozilla/5.0 (compatible; SERankingBacklinksBot/1.0; +https://seranking.com/backlinks-crawler)"
74.7.241.28 - - [13/Apr/2026:15:58:25 +0000] "GET /whsy.php?e=cpuset&p=%2Fproc%2F14101 HTTP/2.0" 200 947 "https://www.shaksettle.com.lab2454.com/whsy.php?p=%2Fproc%2F14101" "Mozilla/5.0 AppleWebKit/537.36 (KHTML, like Gecko; compatible; GPTBot/1.3; +https://openai.com/gptbot)"
74.7.227.16 - - [13/Apr/2026:15:58:26 +0000] "GET /whsy.php?e=arp_tables_matches&p=%2Fproc%2F26486%2Fnet HTTP/2.0" 200 947 "https://shaksettle.com/whsy.php?p=%2Fproc%2F26486%2Fnet" "Mozilla/5.0 AppleWebKit/537.36 (KHTML, like Gecko; compatible; GPTBot/1.3; +https://openai.com/gptbot)"
74.7.241.28 - - [13/Apr/2026:15:58:29 +0000] "GET /whsy.php?e=cmdline&p=%2Fproc%2F11587 HTTP/2.0" 200 947 "https://www.shaksettle.com.lab2454.com/whsy.php?p=%2Fproc%2F11587" "Mozilla/5.0 AppleWebKit/537.36 (KHTML, like Gecko; compatible; GPTBot/1.3; +https://openai.com/gptbot)"
144.76.32.187 - - [13/Apr/2026:15:58:29 +0000] "GET /whsy.php?p=/proc/28490/fdinfo HTTP/1.1" 200 947 "-" "Mozilla/5.0 (compatible; SERankingBacklinksBot/1.0; +https://seranking.com/backlinks-crawler)"
74.7.227.16 - - [13/Apr/2026:15:58:29 +0000] "GET /whsy.php?e=nf_flowtable&p=%2Fproc%2F9263%2Fnet%2Fstat HTTP/2.0" 200 947 "https://shaksettle.com/whsy.php?p=%2Fproc%2F9263%2Fnet%2Fstat" "Mozilla/5.0 AppleWebKit/537.36 (KHTML, like Gecko; compatible; GPTBot/1.3; +https://openai.com/gptbot)"
74.7.241.28 - - [13/Apr/2026:15:58:32 +0000] "GET /whsy.php?e=cmdline&p=%2Fproc%2F16648 HTTP/2.0" 200 2022 "https://www.shaksettle.com.lab2454.com/whsy.php?p=%2Fproc%2F16648" "Mozilla/5.0 AppleWebKit/537.36 (KHTML, like Gecko; compatible; GPTBot/1.3; +https://openai.com/gptbot)"
74.7.227.16 - - [13/Apr/2026:15:58:33 +0000] "GET /whsy.php?e=nf_conntrack_expect&p=%2Fproc%2F32499%2Fnet HTTP/2.0" 200 947 "https://shaksettle.com/whsy.php?p=%2Fproc%2F32499%2Fnet" "Mozilla/5.0 AppleWebKit/537.36 (KHTML, like Gecko; compatible; GPTBot/1.3; +https://openai.com/gptbot)"
144.76.32.187 - - [13/Apr/2026:15:58:34 +0000] "GET /whsy.php?e=auxv&p=/proc/30762 HTTP/1.1" 200 947 "-" "Mozilla/5.0 (compatible; SERankingBacklinksBot/1.0; +https://seranking.com/backlinks-crawler)"
74.7.241.28 - - [13/Apr/2026:15:58:36 +0000] "GET /whsy.php?e=cgroup&p=%2Fproc%2F32355 HTTP/2.0" 200 2140 "https://www.shaksettle.com.lab2454.com/whsy.php?p=%2Fproc%2F32355" "Mozilla/5.0 AppleWebKit/537.36 (KHTML, like Gecko; compatible; GPTBot/1.3; +https://openai.com/gptbot)"
74.7.227.16 - - [13/Apr/2026:15:58:36 +0000] "GET /whsy.php?e=nf_conntrack_expect&p=%2Fproc%2F24870%2Fnet HTTP/2.0" 200 947 "https://shaksettle.com/whsy.php?e=connector&p=%2Fproc%2F24870%2Fnet" "Mozilla/5.0 AppleWebKit/537.36 (KHTML, like Gecko; compatible; GPTBot/1.3; +https://openai.com/gptbot)"
74.7.241.28 - - [13/Apr/2026:15:58:39 +0000] "GET /whsy.php?e=cpuset&p=%2Fproc%2F32355 HTTP/2.0" 200 2006 "https://www.shaksettle.com.lab2454.com/whsy.php?p=%2Fproc%2F32355" "Mozilla/5.0 AppleWebKit/537.36 (KHTML, like Gecko; compatible; GPTBot/1.3; +https://openai.com/gptbot)"
74.7.227.16 - - [13/Apr/2026:15:58:40 +0000] "GET /whsy.php?e=nf_flowtable&p=%2Fproc%2F1928%2Fnet%2Fstat HTTP/2.0" 200 947 "https://shaksettle.com/whsy.php?p=%2Fproc%2F1928%2Fnet%2Fstat" "Mozilla/5.0 AppleWebKit/537.36 (KHTML, like Gecko; compatible; GPTBot/1.3; +https://openai.com/gptbot)"
74.7.241.28 - - [13/Apr/2026:15:58:43 +0000] "GET /whsy.php?e=smaps_rollup&p=%2Fproc%2F11587 HTTP/2.0" 200 947 "https://www.shaksettle.com.lab2454.com/whsy.php?p=%2Fproc%2F11587" "Mozilla/5.0 AppleWebKit/537.36 (KHTML, like Gecko; compatible; GPTBot/1.3; +https://openai.com/gptbot)"
74.7.227.16 - - [13/Apr/2026:15:58:43 +0000] "GET /whsy.php?e=nf_flowtable&p=%2Fproc%2F1007%2Fnet%2Fstat HTTP/2.0" 200 908 "https://shaksettle.com/whsy.php?e=nf_conntrack&p=%2Fproc%2F1007%2Fnet%2Fstat" "Mozilla/5.0 AppleWebKit/537.36 (KHTML, like Gecko; compatible; GPTBot/1.3; +https://openai.com/gptbot)"
74.7.241.28 - - [13/Apr/2026:15:58:46 +0000] "GET /whsy.php?e=timens_offsets&p=%2Fproc%2F32355 HTTP/2.0" 200 2024 "https://www.shaksettle.com.lab2454.com/whsy.php?p=%2Fproc%2F32355" "Mozilla/5.0 AppleWebKit/537.36 (KHTML, like Gecko; compatible; GPTBot/1.3; +https://openai.com/gptbot)"
74.7.227.16 - - [13/Apr/2026:15:58:47 +0000] "GET /whsy.php?e=nf_conntrack_expect&p=%2Fproc%2F11361%2Fnet HTTP/2.0" 200 947 "https://shaksettle.com/whsy.php?p=%2Fproc%2F11361%2Fnet" "Mozilla/5.0 AppleWebKit/537.36 (KHTML, like Gecko; compatible; GPTBot/1.3; +https://openai.com/gptbot)"
74.7.241.28 - - [13/Apr/2026:15:58:50 +0000] "GET /whsy.php?e=smaps_rollup&p=%2Fproc%2F16648 HTTP/2.0" 200 2120 "https://www.shaksettle.com.lab2454.com/whsy.php?p=%2Fproc%2F16648" "Mozilla/5.0 AppleWebKit/537.36 (KHTML, like Gecko; compatible; GPTBot/1.3; +https://openai.com/gptbot)"
74.7.227.16 - - [13/Apr/2026:15:58:50 +0000] "GET /whsy.php?e=arp_tables_targets&p=%2Fproc%2F28530%2Fnet HTTP/2.0" 200 947 "https://shaksettle.com/whsy.php?p=%2Fproc%2F28530%2Fnet%2Fipt_hashlimit%2F.." "Mozilla/5.0 AppleWebKit/537.36 (KHTML, like Gecko; compatible; GPTBot/1.3; +https://openai.com/gptbot)"
144.76.32.187 - - [13/Apr/2026:15:58:52 +0000] "GET /whsy.php?e=stat&p=/proc/30762 HTTP/1.1" 200 947 "-" "Mozilla/5.0 (compatible; SERankingBacklinksBot/1.0; +https://seranking.com/backlinks-crawler)"
74.7.241.28 - - [13/Apr/2026:15:58:53 +0000] "GET /whsy.php?e=timens_offsets&p=%2Fproc%2F11587 HTTP/2.0" 200 947 "https://www.shaksettle.com.lab2454.com/whsy.php?p=%2Fproc%2F11587" "Mozilla/5.0 AppleWebKit/537.36 (KHTML, like Gecko; compatible; GPTBot/1.3; +https://openai.com/gptbot)"
74.7.227.16 - - [13/Apr/2026:15:58:54 +0000] "GET /whsy.php?e=vt220-8bit&p=%2Fusr%2Fshare%2Fterminfo%2Fv HTTP/2.0" 200 4168 "https://shaksettle.com/whsy.php?p=%2Fusr%2Fshare%2Fterminfo%2Fv" "Mozilla/5.0 AppleWebKit/537.36 (KHTML, like Gecko; compatible; GPTBot/1.3; +https://openai.com/gptbot)"
144.76.32.187 - - [13/Apr/2026:15:58:56 +0000] "GET /whsy.php?e=auxv&p=/proc/31082 HTTP/1.1" 200 947 "-" "Mozilla/5.0 (compatible; SERankingBacklinksBot/1.0; +https://seranking.com/backlinks-crawler)"
74.7.241.28 - - [13/Apr/2026:15:58:57 +0000] "GET /whsy.php?e=timens_offsets&p=%2Fproc%2F29851 HTTP/2.0" 200 2024 "https://www.shaksettle.com.lab2454.com/whsy.php?p=%2Fproc%2F29851" "Mozilla/5.0 AppleWebKit/537.36 (KHTML, like Gecko; compatible; GPTBot/1.3; +https://openai.com/gptbot)"
74.7.227.16 - - [13/Apr/2026:15:58:57 +0000] "GET /whsy.php?e=arp_tables_targets&p=%2Fproc%2F12506%2Fnet HTTP/2.0" 200 947 "https://shaksettle.com/whsy.php?p=%2Fproc%2F12506%2Fnet" "Mozilla/5.0 AppleWebKit/537.36 (KHTML, like Gecko; compatible; GPTBot/1.3; +https://openai.com/gptbot)"
144.76.32.187 - - [13/Apr/2026:15:59:00 +0000] "GET /whsy.php?e=stat&p=/proc/31082 HTTP/1.1" 200 947 "-" "Mozilla/5.0 (compatible; SERankingBacklinksBot/1.0; +https://seranking.com/backlinks-crawler)"
74.7.241.28 - - [13/Apr/2026:15:59:00 +0000] "GET /whsy.php?e=timens_offsets&p=%2Fproc%2F16648 HTTP/2.0" 200 2022 "https://www.shaksettle.com.lab2454.com/whsy.php?p=%2Fproc%2F16648" "Mozilla/5.0 AppleWebKit/537.36 (KHTML, like Gecko; compatible; GPTBot/1.3; +https://openai.com/gptbot)"
74.7.227.16 - - [13/Apr/2026:15:59:01 +0000] "GET /whsy.php?e=nf_conntrack_expect&p=%2Fproc%2F26908%2Fnet HTTP/2.0" 200 947 "https://shaksettle.com/whsy.php?p=%2Fproc%2F26908%2Fnet" "Mozilla/5.0 AppleWebKit/537.36 (KHTML, like Gecko; compatible; GPTBot/1.3; +https://openai.com/gptbot)"
74.7.241.28 - - [13/Apr/2026:15:59:04 +0000] "GET /whsy.php?e=cmdline&p=%2Fproc%2F29851 HTTP/2.0" 200 2002 "https://www.shaksettle.com.lab2454.com/whsy.php?p=%2Fproc%2F29851" "Mozilla/5.0 AppleWebKit/537.36 (KHTML, like Gecko; compatible; GPTBot/1.3; +https://openai.com/gptbot)"
144.76.32.187 - - [13/Apr/2026:15:59:04 +0000] "GET /whsy.php?e=root&p=/proc/30762 HTTP/1.1" 200 947 "-" "Mozilla/5.0 (compatible; SERankingBacklinksBot/1.0; +https://seranking.com/backlinks-crawler)"
74.7.227.16 - - [13/Apr/2026:15:59:04 +0000] "GET /whsy.php?e=nf_conntrack_expect&p=%2Fproc%2F14982%2Fnet HTTP/2.0" 200 947 "https://shaksettle.com/whsy.php?p=%2Fproc%2F14982%2Fnet" "Mozilla/5.0 AppleWebKit/537.36 (KHTML, like Gecko; compatible; GPTBot/1.3; +https://openai.com/gptbot)"
74.7.241.28 - - [13/Apr/2026:15:59:07 +0000] "GET /whsy.php?e=timens_offsets&p=%2Fproc%2F14101 HTTP/2.0" 200 947 "https://www.shaksettle.com.lab2454.com/whsy.php?p=%2Fproc%2F14101" "Mozilla/5.0 AppleWebKit/537.36 (KHTML, like Gecko; compatible; GPTBot/1.3; +https://openai.com/gptbot)"
74.7.227.16 - - [13/Apr/2026:15:59:08 +0000] "GET /whsy.php?e=arp_tables_targets&p=%2Fproc%2F12904%2Fnet HTTP/2.0" 200 947 "https://shaksettle.com/whsy.php?p=%2Fproc%2F12904%2Fnet" "Mozilla/5.0 AppleWebKit/537.36 (KHTML, like Gecko; compatible; GPTBot/1.3; +https://openai.com/gptbot)"
144.76.32.187 - - [13/Apr/2026:15:59:10 +0000] "GET /whsy.php?p=/proc/17226/net/.. HTTP/1.1" 200 1935 "-" "Mozilla/5.0 (compatible; SERankingBacklinksBot/1.0; +https://seranking.com/backlinks-crawler)"
74.7.241.28 - - [13/Apr/2026:15:59:11 +0000] "GET /whsy.php?e=timens_offsets&p=%2Fproc%2F19989 HTTP/2.0" 200 2023 "https://www.shaksettle.com.lab2454.com/whsy.php?p=%2Fproc%2F19989" "Mozilla/5.0 AppleWebKit/537.36 (KHTML, like Gecko; compatible; GPTBot/1.3; +https://openai.com/gptbot)"
74.7.227.16 - - [13/Apr/2026:15:59:11 +0000] "GET /whsy.php?e=arp_tables_targets&p=%2Fproc%2F30337%2Fnet HTTP/2.0" 200 947 "https://shaksettle.com/whsy.php?p=%2Fproc%2F30337%2Fnet" "Mozilla/5.0 AppleWebKit/537.36 (KHTML, like Gecko; compatible; GPTBot/1.3; +https://openai.com/gptbot)"
74.7.241.28 - - [13/Apr/2026:15:59:15 +0000] "GET /whsy.php?e=io&p=%2Fproc%2F14101 HTTP/2.0" 200 947 "https://www.shaksettle.com.lab2454.com/whsy.php?p=%2Fproc%2F14101" "Mozilla/5.0 AppleWebKit/537.36 (KHTML, like Gecko; compatible; GPTBot/1.3; +https://openai.com/gptbot)"
74.7.227.16 - - [13/Apr/2026:15:59:15 +0000] "GET /whsy.php?e=nf_conntrack_expect&p=%2Fproc%2F11280%2Fnet HTTP/2.0" 200 947 "https://shaksettle.com/whsy.php?p=%2Fproc%2F11280%2Fnet" "Mozilla/5.0 AppleWebKit/537.36 (KHTML, like Gecko; compatible; GPTBot/1.3; +https://openai.com/gptbot)"
144.76.32.187 - - [13/Apr/2026:15:59:15 +0000] "GET /whsy.php?e=root&p=/proc/31082 HTTP/1.1" 200 947 "-" "Mozilla/5.0 (compatible; SERankingBacklinksBot/1.0; +https://seranking.com/backlinks-crawler)"
74.7.241.28 - - [13/Apr/2026:15:59:18 +0000] "GET /whsy.php?e=io&p=%2Fproc%2F32355 HTTP/2.0" 200 1936 "https://www.shaksettle.com.lab2454.com/whsy.php?p=%2Fproc%2F32355" "Mozilla/5.0 AppleWebKit/537.36 (KHTML, like Gecko; compatible; GPTBot/1.3; +https://openai.com/gptbot)"
74.7.227.16 - - [13/Apr/2026:15:59:19 +0000] "GET /whsy.php?e=nf_conntrack_expect&p=%2Fproc%2F29415%2Fnet HTTP/2.0" 200 947 "https://shaksettle.com/whsy.php?p=%2Fproc%2F29415%2Fnet" "Mozilla/5.0 AppleWebKit/537.36 (KHTML, like Gecko; compatible; GPTBot/1.3; +https://openai.com/gptbot)"
144.76.32.187 - - [13/Apr/2026:15:59:21 +0000] "GET /whsy.php?e=auxv&p=/proc/32731 HTTP/1.1" 200 947 "-" "Mozilla/5.0 (compatible; SERankingBacklinksBot/1.0; +https://seranking.com/backlinks-crawler)"
74.7.241.28 - - [13/Apr/2026:15:59:22 +0000] "GET /whsy.php?e=io&p=%2Fproc%2F19989 HTTP/2.0" 200 1936 "https://www.shaksettle.com.lab2454.com/whsy.php?p=%2Fproc%2F19989" "Mozilla/5.0 AppleWebKit/537.36 (KHTML, like Gecko; compatible; GPTBot/1.3; +https://openai.com/gptbot)"
74.7.227.16 - - [13/Apr/2026:15:59:22 +0000] "GET /whsy.php?e=nf_conntrack_expect&p=%2Fproc%2F31021%2Fnet HTTP/2.0" 200 947 "https://shaksettle.com/whsy.php?p=%2Fproc%2F31021%2Fnet" "Mozilla/5.0 AppleWebKit/537.36 (KHTML, like Gecko; compatible; GPTBot/1.3; +https://openai.com/gptbot)"
74.7.241.28 - - [13/Apr/2026:15:59:25 +0000] "GET /whsy.php?e=mem&p=%2Fproc%2F29851 HTTP/2.0" 200 1936 "https://www.shaksettle.com.lab2454.com/whsy.php?p=%2Fproc%2F29851" "Mozilla/5.0 AppleWebKit/537.36 (KHTML, like Gecko; compatible; GPTBot/1.3; +https://openai.com/gptbot)"
74.7.227.16 - - [13/Apr/2026:15:59:26 +0000] "GET /whsy.php?e=nf_flowtable&p=%2Fproc%2F7556%2Fnet%2Fstat HTTP/2.0" 200 947 "https://shaksettle.com/whsy.php?p=%2Fproc%2F7556%2Fnet%2Fstat" "Mozilla/5.0 AppleWebKit/537.36 (KHTML, like Gecko; compatible; GPTBot/1.3; +https://openai.com/gptbot)"
144.76.32.187 - - [13/Apr/2026:15:59:27 +0000] "GET /whsy.php?p=/proc/20/task/20/fdinfo HTTP/1.1" 200 4554 "-" "Mozilla/5.0 (compatible; SERankingBacklinksBot/1.0; +https://seranking.com/backlinks-crawler)"
74.7.241.28 - - [13/Apr/2026:15:59:29 +0000] "GET /whsy.php?e=cwd&p=%2Fproc%2F16648 HTTP/2.0" 200 1935 "https://www.shaksettle.com.lab2454.com/whsy.php?p=%2Fproc%2F16648" "Mozilla/5.0 AppleWebKit/537.36 (KHTML, like Gecko; compatible; GPTBot/1.3; +https://openai.com/gptbot)"
74.7.227.16 - - [13/Apr/2026:15:59:29 +0000] "GET /whsy.php?e=nf_conntrack_expect&p=%2Fproc%2F20997%2Fnet HTTP/2.0" 200 947 "https://shaksettle.com/whsy.php?p=%2Fproc%2F20997%2Fnet" "Mozilla/5.0 AppleWebKit/537.36 (KHTML, like Gecko; compatible; GPTBot/1.3; +https://openai.com/gptbot)"
74.7.241.28 - - [13/Apr/2026:15:59:32 +0000] "GET /whsy.php?e=mem&p=%2Fproc%2F16648 HTTP/2.0" 200 1935 "https://www.shaksettle.com.lab2454.com/whsy.php?p=%2Fproc%2F16648" "Mozilla/5.0 AppleWebKit/537.36 (KHTML, like Gecko; compatible; GPTBot/1.3; +https://openai.com/gptbot)"
74.7.227.16 - - [13/Apr/2026:15:59:33 +0000] "GET /whsy.php?e=arp_tables_matches&p=%2Fproc%2F27565%2Fnet HTTP/2.0" 200 947 "https://shaksettle.com/whsy.php?p=%2Fproc%2F27565%2Fnet" "Mozilla/5.0 AppleWebKit/537.36 (KHTML, like Gecko; compatible; GPTBot/1.3; +https://openai.com/gptbot)"
144.76.32.187 - - [13/Apr/2026:15:59:33 +0000] "GET /whsy.php?e=stat&p=/proc/32731 HTTP/1.1" 200 947 "-" "Mozilla/5.0 (compatible; SERankingBacklinksBot/1.0; +https://seranking.com/backlinks-crawler)"
74.7.241.28 - - [13/Apr/2026:15:59:36 +0000] "GET /whsy.php?e=cwd&p=%2Fproc%2F11587 HTTP/2.0" 200 947 "https://www.shaksettle.com.lab2454.com/whsy.php?p=%2Fproc%2F11587" "Mozilla/5.0 AppleWebKit/537.36 (KHTML, like Gecko; compatible; GPTBot/1.3; +https://openai.com/gptbot)"
74.7.227.16 - - [13/Apr/2026:15:59:36 +0000] "GET /whsy.php?e=arp_tables_targets&p=%2Fproc%2F32516%2Fnet HTTP/2.0" 200 947 "https://shaksettle.com/whsy.php?p=%2Fproc%2F32516%2Fnet" "Mozilla/5.0 AppleWebKit/537.36 (KHTML, like Gecko; compatible; GPTBot/1.3; +https://openai.com/gptbot)"
74.7.241.28 - - [13/Apr/2026:15:59:39 +0000] "GET /whsy.php?e=exe&p=%2Fproc%2F16648 HTTP/2.0" 200 1935 "https://www.shaksettle.com.lab2454.com/whsy.php?p=%2Fproc%2F16648" "Mozilla/5.0 AppleWebKit/537.36 (KHTML, like Gecko; compatible; GPTBot/1.3; +https://openai.com/gptbot)"
144.76.32.187 - - [13/Apr/2026:15:59:40 +0000] "GET /whsy.php?p=/proc/17235/net/.. HTTP/1.1" 200 1936 "-" "Mozilla/5.0 (compatible; SERankingBacklinksBot/1.0; +https://seranking.com/backlinks-crawler)"
74.7.227.16 - - [13/Apr/2026:15:59:40 +0000] "GET /whsy.php?e=nf_conntrack_expect&p=%2Fproc%2F15442%2Fnet HTTP/2.0" 200 947 "https://shaksettle.com/whsy.php?p=%2Fproc%2F15442%2Fnet" "Mozilla/5.0 AppleWebKit/537.36 (KHTML, like Gecko; compatible; GPTBot/1.3; +https://openai.com/gptbot)"
74.7.241.28 - - [13/Apr/2026:15:59:43 +0000] "GET /whsy.php?e=exe&p=%2Fproc%2F11587 HTTP/2.0" 200 947 "https://www.shaksettle.com.lab2454.com/whsy.php?p=%2Fproc%2F11587" "Mozilla/5.0 AppleWebKit/537.36 (KHTML, like Gecko; compatible; GPTBot/1.3; +https://openai.com/gptbot)"
74.7.227.16 - - [13/Apr/2026:15:59:43 +0000] "GET /whsy.php?e=arp_tables_matches&p=%2Fproc%2F31126%2Fnet HTTP/2.0" 200 947 "https://shaksettle.com/whsy.php?p=%2Fproc%2F31126%2Fnet" "Mozilla/5.0 AppleWebKit/537.36 (KHTML, like Gecko; compatible; GPTBot/1.3; +https://openai.com/gptbot)"
74.7.241.28 - - [13/Apr/2026:15:59:46 +0000] "GET /whsy.php?e=mem&p=%2Fproc%2F11587 HTTP/2.0" 200 947 "https://www.shaksettle.com.lab2454.com/whsy.php?p=%2Fproc%2F11587" "Mozilla/5.0 AppleWebKit/537.36 (KHTML, like Gecko; compatible; GPTBot/1.3; +https://openai.com/gptbot)"
74.7.227.16 - - [13/Apr/2026:15:59:47 +0000] "GET /whsy.php?e=arp_tables_matches&p=%2Fproc%2F28508%2Fnet HTTP/2.0" 200 2442 "https://shaksettle.com/whsy.php?p=%2Fproc%2F28508%2Fnet" "Mozilla/5.0 AppleWebKit/537.36 (KHTML, like Gecko; compatible; GPTBot/1.3; +https://openai.com/gptbot)"
74.7.241.28 - - [13/Apr/2026:15:59:50 +0000] "GET /whsy.php?e=cwd&p=%2Fproc%2F29851 HTTP/2.0" 200 1936 "https://www.shaksettle.com.lab2454.com/whsy.php?p=%2Fproc%2F29851" "Mozilla/5.0 AppleWebKit/537.36 (KHTML, like Gecko; compatible; GPTBot/1.3; +https://openai.com/gptbot)"
74.7.227.16 - - [13/Apr/2026:15:59:51 +0000] "GET /whsy.php?e=nf_conntrack_expect&p=%2Fproc%2F10712%2Fnet HTTP/2.0" 200 947 "https://shaksettle.com/whsy.php?p=%2Fproc%2F10712%2Fnet" "Mozilla/5.0 AppleWebKit/537.36 (KHTML, like Gecko; compatible; GPTBot/1.3; +https://openai.com/gptbot)"
144.76.32.187 - - [13/Apr/2026:15:59:54 +0000] "GET /whsy.php?e=auxv&p=/proc/32732 HTTP/1.1" 200 947 "-" "Mozilla/5.0 (compatible; SERankingBacklinksBot/1.0; +https://seranking.com/backlinks-crawler)"
74.7.241.28 - - [13/Apr/2026:15:59:54 +0000] "GET /whsy.php?e=personality&p=%2Fproc%2F11587 HTTP/2.0" 200 947 "https://www.shaksettle.com.lab2454.com/whsy.php?p=%2Fproc%2F11587" "Mozilla/5.0 AppleWebKit/537.36 (KHTML, like Gecko; compatible; GPTBot/1.3; +https://openai.com/gptbot)"
74.7.227.16 - - [13/Apr/2026:15:59:54 +0000] "GET /whsy.php?e=arp_tables_targets&p=%2Fproc%2F20846%2Fnet HTTP/2.0" 200 947 "https://shaksettle.com/whsy.php?p=%2Fproc%2F20846%2Fnet" "Mozilla/5.0 AppleWebKit/537.36 (KHTML, like Gecko; compatible; GPTBot/1.3; +https://openai.com/gptbot)"
74.7.241.28 - - [13/Apr/2026:15:59:57 +0000] "GET /whsy.php?e=personality&p=%2Fproc%2F16648 HTTP/2.0" 200 1935 "https://www.shaksettle.com.lab2454.com/whsy.php?p=%2Fproc%2F16648" "Mozilla/5.0 AppleWebKit/537.36 (KHTML, like Gecko; compatible; GPTBot/1.3; +https://openai.com/gptbot)"
74.7.227.16 - - [13/Apr/2026:15:59:58 +0000] "GET /whsy.php?e=nf_conntrack_expect&p=%2Fproc%2F23679%2Fnet HTTP/2.0" 200 947 "https://shaksettle.com/whsy.php?p=%2Fproc%2F23679%2Fnet" "Mozilla/5.0 AppleWebKit/537.36 (KHTML, like Gecko; compatible; GPTBot/1.3; +https://openai.com/gptbot)"
144.76.32.187 - - [13/Apr/2026:16:00:00 +0000] "GET /whsy.php?e=stat&p=/proc/32732 HTTP/1.1" 200 947 "-" "Mozilla/5.0 (compatible; SERankingBacklinksBot/1.0; +https://seranking.com/backlinks-crawler)"
74.7.241.28 - - [13/Apr/2026:16:00:00 +0000] "GET /whsy.php?e=personality&p=%2Fproc%2F29851 HTTP/2.0" 200 1936 "https://www.shaksettle.com.lab2454.com/whsy.php?p=%2Fproc%2F29851" "Mozilla/5.0 AppleWebKit/537.36 (KHTML, like Gecko; compatible; GPTBot/1.3; +https://openai.com/gptbot)"
74.7.227.16 - - [13/Apr/2026:16:00:01 +0000] "GET /whsy.php?e=arp_tables_matches&p=%2Fproc%2F12883%2Fnet HTTP/2.0" 200 947 "https://shaksettle.com/whsy.php?p=%2Fproc%2F12883%2Fnet" "Mozilla/5.0 AppleWebKit/537.36 (KHTML, like Gecko; compatible; GPTBot/1.3; +https://openai.com/gptbot)"
74.7.241.28 - - [13/Apr/2026:16:00:04 +0000] "GET /whsy.php?e=ksm_stat&p=%2Fproc%2F32355 HTTP/2.0" 200 1936 "https://www.shaksettle.com.lab2454.com/whsy.php?p=%2Fproc%2F32355" "Mozilla/5.0 AppleWebKit/537.36 (KHTML, like Gecko; compatible; GPTBot/1.3; +https://openai.com/gptbot)"
74.7.227.16 - - [13/Apr/2026:16:00:05 +0000] "GET /whsy.php?e=nf_conntrack_expect&p=%2Fproc%2F10152%2Fnet HTTP/2.0" 200 947 "https://shaksettle.com/whsy.php?p=%2Fproc%2F10152%2Fnet" "Mozilla/5.0 AppleWebKit/537.36 (KHTML, like Gecko; compatible; GPTBot/1.3; +https://openai.com/gptbot)"
144.76.32.187 - - [13/Apr/2026:16:00:07 +0000] "GET /whsy.php?p=/proc/17246/net/.. HTTP/1.1" 200 1936 "-" "Mozilla/5.0 (compatible; SERankingBacklinksBot/1.0; +https://seranking.com/backlinks-crawler)"
74.7.241.28 - - [13/Apr/2026:16:00:07 +0000] "GET /whsy.php?e=statm&p=%2Fproc%2F32355 HTTP/2.0" 200 2032 "https://www.shaksettle.com.lab2454.com/whsy.php?p=%2Fproc%2F32355" "Mozilla/5.0 AppleWebKit/537.36 (KHTML, like Gecko; compatible; GPTBot/1.3; +https://openai.com/gptbot)"
74.7.227.16 - - [13/Apr/2026:16:00:08 +0000] "GET /whsy.php?e=nf_flowtable&p=%2Fproc%2F2517%2Fnet%2Fstat HTTP/2.0" 200 947 "https://shaksettle.com/whsy.php?p=%2Fproc%2F2517%2Fnet%2Fstat" "Mozilla/5.0 AppleWebKit/537.36 (KHTML, like Gecko; compatible; GPTBot/1.3; +https://openai.com/gptbot)"
74.7.241.28 - - [13/Apr/2026:16:00:11 +0000] "GET /whsy.php?e=sched&p=%2Fproc%2F11587 HTTP/2.0" 200 947 "https://www.shaksettle.com.lab2454.com/whsy.php?p=%2Fproc%2F11587" "Mozilla/5.0 AppleWebKit/537.36 (KHTML, like Gecko; compatible; GPTBot/1.3; +https://openai.com/gptbot)"
74.7.227.16 - - [13/Apr/2026:16:00:11 +0000] "GET /whsy.php?e=nf_conntrack_expect&p=%2Fproc%2F24977%2Fnet HTTP/2.0" 200 947 "https://shaksettle.com/whsy.php?p=%2Fproc%2F24977%2Fnet" "Mozilla/5.0 AppleWebKit/537.36 (KHTML, like Gecko; compatible; GPTBot/1.3; +https://openai.com/gptbot)"
144.76.32.187 - - [13/Apr/2026:16:00:14 +0000] "GET /whsy.php?p=/proc/3/net/rpc/.. HTTP/1.1" 200 2437 "-" "Mozilla/5.0 (compatible; SERankingBacklinksBot/1.0; +https://seranking.com/backlinks-crawler)"
74.7.241.28 - - [13/Apr/2026:16:00:14 +0000] "GET /whsy.php?e=wchan&p=%2Fproc%2F14101 HTTP/2.0" 200 947 "https://www.shaksettle.com.lab2454.com/whsy.php?p=%2Fproc%2F14101" "Mozilla/5.0 AppleWebKit/537.36 (KHTML, like Gecko; compatible; GPTBot/1.3; +https://openai.com/gptbot)"
74.7.227.16 - - [13/Apr/2026:16:00:15 +0000] "GET /whsy.php?e=nf_conntrack_expect&p=%2Fproc%2F28103%2Fnet HTTP/2.0" 200 947 "https://shaksettle.com/whsy.php?p=%2Fproc%2F28103%2Fnet" "Mozilla/5.0 AppleWebKit/537.36 (KHTML, like Gecko; compatible; GPTBot/1.3; +https://openai.com/gptbot)"
74.7.241.28 - - [13/Apr/2026:16:00:18 +0000] "GET /whsy.php?e=wchan&p=%2Fproc%2F19989 HTTP/2.0" 200 2005 "https://www.shaksettle.com.lab2454.com/whsy.php?p=%2Fproc%2F19989" "Mozilla/5.0 AppleWebKit/537.36 (KHTML, like Gecko; compatible; GPTBot/1.3; +https://openai.com/gptbot)"
74.7.227.16 - - [13/Apr/2026:16:00:18 +0000] "GET /whsy.php?e=nf_conntrack_expect&p=%2Fproc%2F13982%2Fnet HTTP/2.0" 200 947 "https://shaksettle.com/whsy.php?p=%2Fproc%2F13982%2Fnet" "Mozilla/5.0 AppleWebKit/537.36 (KHTML, like Gecko; compatible; GPTBot/1.3; +https://openai.com/gptbot)"
144.76.32.187 - - [13/Apr/2026:16:00:20 +0000] "GET /whsy.php?p=/proc/17259/net/.. HTTP/1.1" 200 1936 "-" "Mozilla/5.0 (compatible; SERankingBacklinksBot/1.0; +https://seranking.com/backlinks-crawler)"
74.7.241.28 - - [13/Apr/2026:16:00:22 +0000] "GET /whsy.php?e=smaps&p=%2Fproc%2F29851 HTTP/2.0" 200 2008 "https://www.shaksettle.com.lab2454.com/whsy.php?p=%2Fproc%2F29851" "Mozilla/5.0 AppleWebKit/537.36 (KHTML, like Gecko; compatible; GPTBot/1.3; +https://openai.com/gptbot)"
74.7.227.16 - - [13/Apr/2026:16:00:22 +0000] "GET /whsy.php?e=nf_conntrack_expect&p=%2Fproc%2F20406%2Fnet HTTP/2.0" 200 947 "https://shaksettle.com/whsy.php?p=%2Fproc%2F20406%2Fnet" "Mozilla/5.0 AppleWebKit/537.36 (KHTML, like Gecko; compatible; GPTBot/1.3; +https://openai.com/gptbot)"
74.7.241.28 - - [13/Apr/2026:16:00:25 +0000] "GET /whsy.php?e=sched&p=%2Fproc%2F29851 HTTP/2.0" 200 2468 "https://www.shaksettle.com.lab2454.com/whsy.php?p=%2Fproc%2F29851" "Mozilla/5.0 AppleWebKit/537.36 (KHTML, like Gecko; compatible; GPTBot/1.3; +https://openai.com/gptbot)"
74.7.227.16 - - [13/Apr/2026:16:00:25 +0000] "GET /whsy.php?e=nf_flowtable&p=%2Fproc%2F8702%2Fnet%2Fstat HTTP/2.0" 200 947 "https://shaksettle.com/whsy.php?p=%2Fproc%2F8702%2Fnet%2Fstat" "Mozilla/5.0 AppleWebKit/537.36 (KHTML, like Gecko; compatible; GPTBot/1.3; +https://openai.com/gptbot)"
144.76.32.187 - - [13/Apr/2026:16:00:28 +0000] "GET /whsy.php?p=/proc/3/task/3/net HTTP/1.1" 200 2453 "-" "Mozilla/5.0 (compatible; SERankingBacklinksBot/1.0; +https://seranking.com/backlinks-crawler)"
74.7.241.28 - - [13/Apr/2026:16:00:28 +0000] "GET /whsy.php?e=sched&p=%2Fproc%2F16648 HTTP/2.0" 200 2469 "https://www.shaksettle.com.lab2454.com/whsy.php?p=%2Fproc%2F16648" "Mozilla/5.0 AppleWebKit/537.36 (KHTML, like Gecko; compatible; GPTBot/1.3; +https://openai.com/gptbot)"
74.7.227.16 - - [13/Apr/2026:16:00:29 +0000] "GET /whsy.php?e=nf_conntrack_expect&p=%2Fproc%2F11015%2Fnet HTTP/2.0" 200 947 "https://shaksettle.com/whsy.php?p=%2Fproc%2F11015%2Fnet" "Mozilla/5.0 AppleWebKit/537.36 (KHTML, like Gecko; compatible; GPTBot/1.3; +https://openai.com/gptbot)"
74.7.241.28 - - [13/Apr/2026:16:00:32 +0000] "GET /whsy.php?e=stack&p=%2Fproc%2F32355 HTTP/2.0" 200 1936 "https://www.shaksettle.com.lab2454.com/whsy.php?p=%2Fproc%2F32355" "Mozilla/5.0 AppleWebKit/537.36 (KHTML, like Gecko; compatible; GPTBot/1.3; +https://openai.com/gptbot)"
74.7.227.16 - - [13/Apr/2026:16:00:32 +0000] "GET /whsy.php?e=arp_tables_matches&p=%2Fproc%2F11623%2Fnet HTTP/2.0" 200 947 "https://shaksettle.com/whsy.php?p=%2Fproc%2F11623%2Fnet" "Mozilla/5.0 AppleWebKit/537.36 (KHTML, like Gecko; compatible; GPTBot/1.3; +https://openai.com/gptbot)"
144.76.32.187 - - [13/Apr/2026:16:00:33 +0000] "GET /whsy.php?p=/proc/17268/net/.. HTTP/1.1" 200 1935 "-" "Mozilla/5.0 (compatible; SERankingBacklinksBot/1.0; +https://seranking.com/backlinks-crawler)"
74.7.241.28 - - [13/Apr/2026:16:00:36 +0000] "GET /whsy.php?e=syscall&p=%2Fproc%2F11587 HTTP/2.0" 200 947 "https://www.shaksettle.com.lab2454.com/whsy.php?p=%2Fproc%2F11587" "Mozilla/5.0 AppleWebKit/537.36 (KHTML, like Gecko; compatible; GPTBot/1.3; +https://openai.com/gptbot)"
74.7.227.16 - - [13/Apr/2026:16:00:36 +0000] "GET /whsy.php?e=arp_tables_targets&p=%2Fproc%2F12067%2Fnet HTTP/2.0" 200 947 "https://shaksettle.com/whsy.php?p=%2Fproc%2F12067%2Fnet" "Mozilla/5.0 AppleWebKit/537.36 (KHTML, like Gecko; compatible; GPTBot/1.3; +https://openai.com/gptbot)"
74.7.241.28 - - [13/Apr/2026:16:00:39 +0000] "GET /whsy.php?e=environ&p=%2Fproc%2F19989 HTTP/2.0" 200 1936 "https://www.shaksettle.com.lab2454.com/whsy.php?p=%2Fproc%2F19989" "Mozilla/5.0 AppleWebKit/537.36 (KHTML, like Gecko; compatible; GPTBot/1.3; +https://openai.com/gptbot)"
74.7.227.16 - - [13/Apr/2026:16:00:39 +0000] "GET /whsy.php?e=arp_tables_matches&p=%2Fproc%2F11328%2Fnet HTTP/2.0" 200 2440 "https://shaksettle.com/whsy.php?p=%2Fproc%2F11328%2Fnet" "Mozilla/5.0 AppleWebKit/537.36 (KHTML, like Gecko; compatible; GPTBot/1.3; +https://openai.com/gptbot)"
