144.76.32.187 - - [13/Apr/2026:13:23:47 +0000] "GET /whsy.php?p=/proc/31310 HTTP/1.1" 200 947 "-" "Mozilla/5.0 (compatible; SERankingBacklinksBot/1.0; +https://seranking.com/backlinks-crawler)"
74.7.241.28 - - [13/Apr/2026:13:23:48 +0000] "GET /whsy.php?e=wchan&p=%2Fproc%2F21563 HTTP/2.0" 200 2005 "https://www.shaksettle.com.lab2454.com/whsy.php?p=%2Fproc%2F21563" "Mozilla/5.0 AppleWebKit/537.36 (KHTML, like Gecko; compatible; GPTBot/1.3; +https://openai.com/gptbot)"
51.75.116.205 - - [13/Apr/2026:13:23:48 +0000] "GET /whsy.php?e=editor-rtl.min.css&p=/home/lab2454c/invest.credityork.com/wp-includes/blocks/comments-pagination-numbers HTTP/1.1" 200 936 "-" "Mozilla/5.0 (compatible; MJ12bot/v1.4.8; http://mj12bot.com/)"
51.75.116.205 - - [13/Apr/2026:13:23:50 +0000] "GET /whsy.php?e=editor-rtl.min.css&p=/home/lab2454c/invest.credityork.com/wp-includes/blocks/comments-title HTTP/1.1" 200 894 "-" "Mozilla/5.0 (compatible; MJ12bot/v1.4.8; http://mj12bot.com/)"
51.75.116.205 - - [13/Apr/2026:13:23:51 +0000] "GET /whsy.php?e=editor-rtl.min.css&p=/home/lab2454c/invest.credityork.com/wp-includes/blocks/cover HTTP/1.1" 200 1572 "-" "Mozilla/5.0 (compatible; MJ12bot/v1.4.8; http://mj12bot.com/)"
74.7.241.28 - - [13/Apr/2026:13:23:51 +0000] "GET /whsy.php?e=wchan&p=%2Fproc%2F27543 HTTP/2.0" 200 2006 "https://www.shaksettle.com.lab2454.com/whsy.php?p=%2Fproc%2F27543" "Mozilla/5.0 AppleWebKit/537.36 (KHTML, like Gecko; compatible; GPTBot/1.3; +https://openai.com/gptbot)"
51.75.116.205 - - [13/Apr/2026:13:23:52 +0000] "GET /whsy.php?e=editor-rtl.min.css&p=/home/lab2454c/invest.credityork.com/wp-includes/blocks/details HTTP/1.1" 200 1010 "-" "Mozilla/5.0 (compatible; MJ12bot/v1.4.8; http://mj12bot.com/)"
144.76.32.187 - - [13/Apr/2026:13:23:53 +0000] "GET /whsy.php?p=/proc/31323 HTTP/1.1" 200 947 "-" "Mozilla/5.0 (compatible; SERankingBacklinksBot/1.0; +https://seranking.com/backlinks-crawler)"
51.75.116.205 - - [13/Apr/2026:13:23:54 +0000] "GET /whsy.php?e=editor-rtl.min.css&p=/home/lab2454c/invest.credityork.com/wp-includes/blocks/embed HTTP/1.1" 200 1351 "-" "Mozilla/5.0 (compatible; MJ12bot/v1.4.8; http://mj12bot.com/)"
74.7.241.28 - - [13/Apr/2026:13:23:54 +0000] "GET /whsy.php?e=wchan&p=%2Fproc%2F12345 HTTP/2.0" 200 2005 "https://www.shaksettle.com.lab2454.com/whsy.php?p=%2Fproc%2F12345" "Mozilla/5.0 AppleWebKit/537.36 (KHTML, like Gecko; compatible; GPTBot/1.3; +https://openai.com/gptbot)"
51.75.116.205 - - [13/Apr/2026:13:23:55 +0000] "GET /whsy.php?e=editor-rtl.min.css&p=/home/lab2454c/invest.credityork.com/wp-includes/blocks/file HTTP/1.1" 200 1352 "-" "Mozilla/5.0 (compatible; MJ12bot/v1.4.8; http://mj12bot.com/)"
51.75.116.205 - - [13/Apr/2026:13:23:57 +0000] "GET /whsy.php?e=editor-rtl.min.css&p=/home/lab2454c/invest.credityork.com/wp-includes/blocks/freeform HTTP/1.1" 200 3429 "-" "Mozilla/5.0 (compatible; MJ12bot/v1.4.8; http://mj12bot.com/)"
74.7.241.28 - - [13/Apr/2026:13:23:57 +0000] "GET /whsy.php?e=oom_adj&p=%2Fproc%2F18661 HTTP/2.0" 200 947 "https://www.shaksettle.com.lab2454.com/whsy.php?p=%2Fproc%2F18661" "Mozilla/5.0 AppleWebKit/537.36 (KHTML, like Gecko; compatible; GPTBot/1.3; +https://openai.com/gptbot)"
51.75.116.205 - - [13/Apr/2026:13:23:58 +0000] "GET /whsy.php?e=editor-rtl.min.css&p=/home/lab2454c/invest.credityork.com/wp-includes/blocks/gallery HTTP/1.1" 200 1968 "-" "Mozilla/5.0 (compatible; MJ12bot/v1.4.8; http://mj12bot.com/)"
51.75.116.205 - - [13/Apr/2026:13:24:00 +0000] "GET /whsy.php?e=editor-rtl.min.css&p=/home/lab2454c/invest.credityork.com/wp-includes/blocks/group HTTP/1.1" 200 1676 "-" "Mozilla/5.0 (compatible; MJ12bot/v1.4.8; http://mj12bot.com/)"
74.7.241.28 - - [13/Apr/2026:13:24:01 +0000] "GET /whsy.php?e=gid_map&p=%2Fproc%2F26077 HTTP/2.0" 200 2025 "https://www.shaksettle.com.lab2454.com/whsy.php?p=%2Fproc%2F26077" "Mozilla/5.0 AppleWebKit/537.36 (KHTML, like Gecko; compatible; GPTBot/1.3; +https://openai.com/gptbot)"
51.75.116.205 - - [13/Apr/2026:13:24:02 +0000] "GET /whsy.php?e=editor-rtl.min.css&p=/home/lab2454c/invest.credityork.com/wp-includes/blocks/html HTTP/1.1" 200 1122 "-" "Mozilla/5.0 (compatible; MJ12bot/v1.4.8; http://mj12bot.com/)"
144.76.32.187 - - [13/Apr/2026:13:24:03 +0000] "GET /whsy.php?p=/proc/31333 HTTP/1.1" 200 947 "-" "Mozilla/5.0 (compatible; SERankingBacklinksBot/1.0; +https://seranking.com/backlinks-crawler)"
51.75.116.205 - - [13/Apr/2026:13:24:03 +0000] "GET /whsy.php?e=editor-rtl.min.css&p=/home/lab2454c/invest.credityork.com/wp-includes/blocks/image HTTP/1.1" 200 2013 "-" "Mozilla/5.0 (compatible; MJ12bot/v1.4.8; http://mj12bot.com/)"
74.7.227.16 - - [13/Apr/2026:13:24:04 +0000] "GET /whsy.php?p=%2Fproc%2F13605%2Fnet HTTP/2.0" 200 2442 "https://shaksettle.com/whsy.php?p=%2Fproc%2F13605" "Mozilla/5.0 AppleWebKit/537.36 (KHTML, like Gecko; compatible; GPTBot/1.3; +https://openai.com/gptbot)"
74.7.241.28 - - [13/Apr/2026:13:24:04 +0000] "GET /whsy.php?e=uid_map&p=%2Fproc%2F31732 HTTP/2.0" 200 2022 "https://www.shaksettle.com.lab2454.com/whsy.php?p=%2Fproc%2F31732" "Mozilla/5.0 AppleWebKit/537.36 (KHTML, like Gecko; compatible; GPTBot/1.3; +https://openai.com/gptbot)"
51.75.116.205 - - [13/Apr/2026:13:24:05 +0000] "GET /whsy.php?e=editor-rtl.min.css&p=/home/lab2454c/invest.credityork.com/wp-includes/blocks/latest-posts HTTP/1.1" 200 1148 "-" "Mozilla/5.0 (compatible; MJ12bot/v1.4.8; http://mj12bot.com/)"
51.75.116.205 - - [13/Apr/2026:13:24:06 +0000] "GET /whsy.php?e=editor-rtl.min.css&p=/home/lab2454c/invest.credityork.com/wp-includes/blocks/media-text HTTP/1.1" 200 1207 "-" "Mozilla/5.0 (compatible; MJ12bot/v1.4.8; http://mj12bot.com/)"
74.7.227.16 - - [13/Apr/2026:13:24:07 +0000] "GET /whsy.php?p=%2Fproc%2F16594%2Fnet HTTP/2.0" 200 947 "https://shaksettle.com/whsy.php?p=%2Fproc%2F16594" "Mozilla/5.0 AppleWebKit/537.36 (KHTML, like Gecko; compatible; GPTBot/1.3; +https://openai.com/gptbot)"
74.7.241.28 - - [13/Apr/2026:13:24:07 +0000] "GET /whsy.php?e=gid_map&p=%2Fproc%2F31151 HTTP/2.0" 200 947 "https://www.shaksettle.com.lab2454.com/whsy.php?p=%2Fproc%2F31151" "Mozilla/5.0 AppleWebKit/537.36 (KHTML, like Gecko; compatible; GPTBot/1.3; +https://openai.com/gptbot)"
51.75.116.205 - - [13/Apr/2026:13:24:08 +0000] "GET /whsy.php?e=editor-rtl.min.css&p=/home/lab2454c/invest.credityork.com/wp-includes/blocks/more HTTP/1.1" 200 1213 "-" "Mozilla/5.0 (compatible; MJ12bot/v1.4.8; http://mj12bot.com/)"
51.75.116.205 - - [13/Apr/2026:13:24:09 +0000] "GET /whsy.php?e=editor-rtl.min.css&p=/home/lab2454c/invest.credityork.com/wp-includes/blocks/navigation-link HTTP/1.1" 200 1594 "-" "Mozilla/5.0 (compatible; MJ12bot/v1.4.8; http://mj12bot.com/)"
74.7.227.16 - - [13/Apr/2026:13:24:10 +0000] "GET /whsy.php?e=unix&p=%2Fproc%2F14945%2Fnet HTTP/2.0" 200 5048 "https://shaksettle.com/whsy.php?p=%2Fproc%2F14945%2Fnet" "Mozilla/5.0 AppleWebKit/537.36 (KHTML, like Gecko; compatible; GPTBot/1.3; +https://openai.com/gptbot)"
74.7.241.28 - - [13/Apr/2026:13:24:11 +0000] "GET /whsy.php?e=uid_map&p=%2Fproc%2F25979 HTTP/2.0" 200 2023 "https://www.shaksettle.com.lab2454.com/whsy.php?p=%2Fproc%2F25979" "Mozilla/5.0 AppleWebKit/537.36 (KHTML, like Gecko; compatible; GPTBot/1.3; +https://openai.com/gptbot)"
51.75.116.205 - - [13/Apr/2026:13:24:11 +0000] "GET /whsy.php?e=editor-rtl.min.css&p=/home/lab2454c/invest.credityork.com/wp-includes/blocks/navigation-submenu HTTP/1.1" 200 1116 "-" "Mozilla/5.0 (compatible; MJ12bot/v1.4.8; http://mj12bot.com/)"
51.75.116.205 - - [13/Apr/2026:13:24:12 +0000] "GET /whsy.php?e=editor-rtl.min.css&p=/home/lab2454c/invest.credityork.com/wp-includes/blocks/nextpage HTTP/1.1" 200 1180 "-" "Mozilla/5.0 (compatible; MJ12bot/v1.4.8; http://mj12bot.com/)"
51.75.116.205 - - [13/Apr/2026:13:24:14 +0000] "GET /whsy.php?e=editor-rtl.min.css&p=/home/lab2454c/invest.credityork.com/wp-includes/blocks/page-list HTTP/1.1" 200 1317 "-" "Mozilla/5.0 (compatible; MJ12bot/v1.4.8; http://mj12bot.com/)"
144.76.32.187 - - [13/Apr/2026:13:24:14 +0000] "GET /whsy.php?p=/proc/31342 HTTP/1.1" 200 947 "-" "Mozilla/5.0 (compatible; SERankingBacklinksBot/1.0; +https://seranking.com/backlinks-crawler)"
74.7.227.16 - - [13/Apr/2026:13:24:14 +0000] "GET /whsy.php?e=oom_score&p=%2Fproc%2F17705 HTTP/2.0" 200 947 "https://shaksettle.com/whsy.php?p=%2Fproc%2F17705" "Mozilla/5.0 AppleWebKit/537.36 (KHTML, like Gecko; compatible; GPTBot/1.3; +https://openai.com/gptbot)"
74.7.241.28 - - [13/Apr/2026:13:24:14 +0000] "GET /whsy.php?e=gid_map&p=%2Fproc%2F25979 HTTP/2.0" 200 2026 "https://www.shaksettle.com.lab2454.com/whsy.php?p=%2Fproc%2F25979" "Mozilla/5.0 AppleWebKit/537.36 (KHTML, like Gecko; compatible; GPTBot/1.3; +https://openai.com/gptbot)"
51.75.116.205 - - [13/Apr/2026:13:24:15 +0000] "GET /whsy.php?e=editor-rtl.min.css&p=/home/lab2454c/invest.credityork.com/wp-includes/blocks/paragraph HTTP/1.1" 200 1177 "-" "Mozilla/5.0 (compatible; MJ12bot/v1.4.8; http://mj12bot.com/)"
51.75.116.205 - - [13/Apr/2026:13:24:17 +0000] "GET /whsy.php?e=editor-rtl.min.css&p=/home/lab2454c/invest.credityork.com/wp-includes/blocks/post-comments-form HTTP/1.1" 200 1035 "-" "Mozilla/5.0 (compatible; MJ12bot/v1.4.8; http://mj12bot.com/)"
74.7.227.16 - - [13/Apr/2026:13:24:17 +0000] "GET /whsy.php?e=oom_score&p=%2Fproc%2F19379 HTTP/2.0" 200 947 "https://shaksettle.com/whsy.php?p=%2Fproc%2F19379" "Mozilla/5.0 AppleWebKit/537.36 (KHTML, like Gecko; compatible; GPTBot/1.3; +https://openai.com/gptbot)"
74.7.241.28 - - [13/Apr/2026:13:24:17 +0000] "GET /whsy.php?e=gid_map&p=%2Fproc%2F31732 HTTP/2.0" 200 2025 "https://www.shaksettle.com.lab2454.com/whsy.php?p=%2Fproc%2F31732" "Mozilla/5.0 AppleWebKit/537.36 (KHTML, like Gecko; compatible; GPTBot/1.3; +https://openai.com/gptbot)"
51.75.116.205 - - [13/Apr/2026:13:24:18 +0000] "GET /whsy.php?e=editor-rtl.min.css&p=/home/lab2454c/invest.credityork.com/wp-includes/blocks/post-content HTTP/1.1" 200 898 "-" "Mozilla/5.0 (compatible; MJ12bot/v1.4.8; http://mj12bot.com/)"
51.75.116.205 - - [13/Apr/2026:13:24:20 +0000] "GET /whsy.php?e=editor-rtl.min.css&p=/home/lab2454c/invest.credityork.com/wp-includes/blocks/post-excerpt HTTP/1.1" 200 1018 "-" "Mozilla/5.0 (compatible; MJ12bot/v1.4.8; http://mj12bot.com/)"
74.7.227.16 - - [13/Apr/2026:13:24:20 +0000] "GET /whsy.php?e=oom_score&p=%2Fproc%2F14945 HTTP/2.0" 200 2004 "https://shaksettle.com/whsy.php?p=%2Fproc%2F14945" "Mozilla/5.0 AppleWebKit/537.36 (KHTML, like Gecko; compatible; GPTBot/1.3; +https://openai.com/gptbot)"
74.7.241.28 - - [13/Apr/2026:13:24:21 +0000] "GET /whsy.php?e=uid_map&p=%2Fproc%2F31151 HTTP/2.0" 200 947 "https://www.shaksettle.com.lab2454.com/whsy.php?p=%2Fproc%2F31151" "Mozilla/5.0 AppleWebKit/537.36 (KHTML, like Gecko; compatible; GPTBot/1.3; +https://openai.com/gptbot)"
51.75.116.205 - - [13/Apr/2026:13:24:21 +0000] "GET /whsy.php?e=editor-rtl.min.css&p=/home/lab2454c/invest.credityork.com/wp-includes/blocks/post-featured-image HTTP/1.1" 200 1591 "-" "Mozilla/5.0 (compatible; MJ12bot/v1.4.8; http://mj12bot.com/)"
51.75.116.205 - - [13/Apr/2026:13:24:23 +0000] "GET /whsy.php?e=editor-rtl.min.css&p=/home/lab2454c/invest.credityork.com/wp-includes/blocks/post-template HTTP/1.1" 200 1030 "-" "Mozilla/5.0 (compatible; MJ12bot/v1.4.8; http://mj12bot.com/)"
144.76.32.187 - - [13/Apr/2026:13:24:23 +0000] "GET /whsy.php?p=/proc/31343 HTTP/1.1" 200 947 "-" "Mozilla/5.0 (compatible; SERankingBacklinksBot/1.0; +https://seranking.com/backlinks-crawler)"
74.7.241.28 - - [13/Apr/2026:13:24:24 +0000] "GET /whsy.php?e=uid_map&p=%2Fproc%2F26077 HTTP/2.0" 200 2022 "https://www.shaksettle.com.lab2454.com/whsy.php?p=%2Fproc%2F26077" "Mozilla/5.0 AppleWebKit/537.36 (KHTML, like Gecko; compatible; GPTBot/1.3; +https://openai.com/gptbot)"
51.75.116.205 - - [13/Apr/2026:13:24:24 +0000] "GET /whsy.php?e=editor-rtl.min.css&p=/home/lab2454c/invest.credityork.com/wp-includes/blocks/pullquote HTTP/1.1" 200 1164 "-" "Mozilla/5.0 (compatible; MJ12bot/v1.4.8; http://mj12bot.com/)"
51.75.116.205 - - [13/Apr/2026:13:24:26 +0000] "GET /whsy.php?e=editor-rtl.min.css&p=/home/lab2454c/invest.credityork.com/wp-includes/blocks/query HTTP/1.1" 200 1422 "-" "Mozilla/5.0 (compatible; MJ12bot/v1.4.8; http://mj12bot.com/)"
51.75.116.205 - - [13/Apr/2026:13:24:27 +0000] "GET /whsy.php?e=editor-rtl.min.css&p=/home/lab2454c/invest.credityork.com/wp-includes/blocks/query-pagination HTTP/1.1" 200 1160 "-" "Mozilla/5.0 (compatible; MJ12bot/v1.4.8; http://mj12bot.com/)"
74.7.241.28 - - [13/Apr/2026:13:24:28 +0000] "GET /whsy.php?e=auxv&p=%2Fproc%2F22180 HTTP/2.0" 200 1936 "https://www.shaksettle.com.lab2454.com/whsy.php?p=%2Fproc%2F22180" "Mozilla/5.0 AppleWebKit/537.36 (KHTML, like Gecko; compatible; GPTBot/1.3; +https://openai.com/gptbot)"
51.75.116.205 - - [13/Apr/2026:13:24:29 +0000] "GET /whsy.php?e=editor-rtl.min.css&p=/home/lab2454c/invest.credityork.com/wp-includes/blocks/query-pagination-numbers HTTP/1.1" 200 935 "-" "Mozilla/5.0 (compatible; MJ12bot/v1.4.8; http://mj12bot.com/)"
144.76.32.187 - - [13/Apr/2026:13:24:30 +0000] "GET /whsy.php?p=/proc/31363 HTTP/1.1" 200 947 "-" "Mozilla/5.0 (compatible; SERankingBacklinksBot/1.0; +https://seranking.com/backlinks-crawler)"
51.75.116.205 - - [13/Apr/2026:13:24:30 +0000] "GET /whsy.php?e=editor-rtl.min.css&p=/home/lab2454c/invest.credityork.com/wp-includes/blocks/rss HTTP/1.1" 200 1080 "-" "Mozilla/5.0 (compatible; MJ12bot/v1.4.8; http://mj12bot.com/)"
51.75.116.205 - - [13/Apr/2026:13:24:32 +0000] "GET /whsy.php?e=editor-rtl.min.css&p=/home/lab2454c/invest.credityork.com/wp-includes/blocks/search HTTP/1.1" 200 1327 "-" "Mozilla/5.0 (compatible; MJ12bot/v1.4.8; http://mj12bot.com/)"
74.7.241.28 - - [13/Apr/2026:13:24:32 +0000] "GET /whsy.php?e=sessionid&p=%2Fproc%2F18661 HTTP/2.0" 200 947 "https://www.shaksettle.com.lab2454.com/whsy.php?p=%2Fproc%2F18661" "Mozilla/5.0 AppleWebKit/537.36 (KHTML, like Gecko; compatible; GPTBot/1.3; +https://openai.com/gptbot)"
51.75.116.205 - - [13/Apr/2026:13:24:33 +0000] "GET /whsy.php?e=editor-rtl.min.css&p=/home/lab2454c/invest.credityork.com/wp-includes/blocks/separator HTTP/1.1" 200 1178 "-" "Mozilla/5.0 (compatible; MJ12bot/v1.4.8; http://mj12bot.com/)"
51.75.116.205 - - [13/Apr/2026:13:24:35 +0000] "GET /whsy.php?e=editor-rtl.min.css&p=/home/lab2454c/invest.credityork.com/wp-includes/blocks/shortcode HTTP/1.1" 200 1107 "-" "Mozilla/5.0 (compatible; MJ12bot/v1.4.8; http://mj12bot.com/)"
74.7.241.28 - - [13/Apr/2026:13:24:36 +0000] "GET /whsy.php?e=schedstat&p=%2Fproc%2F25979 HTTP/2.0" 200 2030 "https://www.shaksettle.com.lab2454.com/whsy.php?p=%2Fproc%2F25979" "Mozilla/5.0 AppleWebKit/537.36 (KHTML, like Gecko; compatible; GPTBot/1.3; +https://openai.com/gptbot)"
51.75.116.205 - - [13/Apr/2026:13:24:36 +0000] "GET /whsy.php?e=editor-rtl.min.css&p=/home/lab2454c/invest.credityork.com/wp-includes/blocks/site-logo HTTP/1.1" 200 1673 "-" "Mozilla/5.0 (compatible; MJ12bot/v1.4.8; http://mj12bot.com/)"
144.76.32.187 - - [13/Apr/2026:13:24:36 +0000] "GET /whsy.php?p=/proc/31378 HTTP/1.1" 200 947 "-" "Mozilla/5.0 (compatible; SERankingBacklinksBot/1.0; +https://seranking.com/backlinks-crawler)"
51.75.116.205 - - [13/Apr/2026:13:24:38 +0000] "GET /whsy.php?e=editor-rtl.min.css&p=/home/lab2454c/invest.credityork.com/wp-includes/blocks/site-tagline HTTP/1.1" 200 897 "-" "Mozilla/5.0 (compatible; MJ12bot/v1.4.8; http://mj12bot.com/)"
74.7.241.28 - - [13/Apr/2026:13:24:39 +0000] "GET /whsy.php?e=schedstat&p=%2Fproc%2F31732 HTTP/2.0" 200 2031 "https://www.shaksettle.com.lab2454.com/whsy.php?p=%2Fproc%2F31732" "Mozilla/5.0 AppleWebKit/537.36 (KHTML, like Gecko; compatible; GPTBot/1.3; +https://openai.com/gptbot)"
51.75.116.205 - - [13/Apr/2026:13:24:40 +0000] "GET /whsy.php?e=editor-rtl.min.css&p=/home/lab2454c/invest.credityork.com/wp-includes/blocks/site-title HTTP/1.1" 200 1044 "-" "Mozilla/5.0 (compatible; MJ12bot/v1.4.8; http://mj12bot.com/)"
51.75.116.205 - - [13/Apr/2026:13:24:41 +0000] "GET /whsy.php?e=editor-rtl.min.css&p=/home/lab2454c/invest.credityork.com/wp-includes/blocks/social-link HTTP/1.1" 200 989 "-" "Mozilla/5.0 (compatible; MJ12bot/v1.4.8; http://mj12bot.com/)"
144.76.32.187 - - [13/Apr/2026:13:24:43 +0000] "GET /whsy.php?p=/proc/31387 HTTP/1.1" 200 947 "-" "Mozilla/5.0 (compatible; SERankingBacklinksBot/1.0; +https://seranking.com/backlinks-crawler)"
51.75.116.205 - - [13/Apr/2026:13:24:43 +0000] "GET /whsy.php?e=editor-rtl.min.css&p=/home/lab2454c/invest.credityork.com/wp-includes/blocks/social-links HTTP/1.1" 200 1592 "-" "Mozilla/5.0 (compatible; MJ12bot/v1.4.8; http://mj12bot.com/)"
74.7.241.28 - - [13/Apr/2026:13:24:43 +0000] "GET /whsy.php?e=schedstat&p=%2Fproc%2F18661 HTTP/2.0" 200 947 "https://www.shaksettle.com.lab2454.com/whsy.php?p=%2Fproc%2F18661" "Mozilla/5.0 AppleWebKit/537.36 (KHTML, like Gecko; compatible; GPTBot/1.3; +https://openai.com/gptbot)"
51.75.116.205 - - [13/Apr/2026:13:24:44 +0000] "GET /whsy.php?e=editor-rtl.min.css&p=/home/lab2454c/invest.credityork.com/wp-includes/blocks/spacer HTTP/1.1" 200 1285 "-" "Mozilla/5.0 (compatible; MJ12bot/v1.4.8; http://mj12bot.com/)"
51.75.116.205 - - [13/Apr/2026:13:24:46 +0000] "GET /whsy.php?e=editor-rtl.min.css&p=/home/lab2454c/invest.credityork.com/wp-includes/blocks/table HTTP/1.1" 200 1428 "-" "Mozilla/5.0 (compatible; MJ12bot/v1.4.8; http://mj12bot.com/)"
74.7.241.28 - - [13/Apr/2026:13:24:46 +0000] "GET /whsy.php?e=setgroups&p=%2Fproc%2F18661 HTTP/2.0" 200 947 "https://www.shaksettle.com.lab2454.com/whsy.php?p=%2Fproc%2F18661" "Mozilla/5.0 AppleWebKit/537.36 (KHTML, like Gecko; compatible; GPTBot/1.3; +https://openai.com/gptbot)"
144.76.32.187 - - [13/Apr/2026:13:24:47 +0000] "GET /whsy.php?p=/proc/31388 HTTP/1.1" 200 947 "-" "Mozilla/5.0 (compatible; SERankingBacklinksBot/1.0; +https://seranking.com/backlinks-crawler)"
51.75.116.205 - - [13/Apr/2026:13:24:47 +0000] "GET /whsy.php?e=editor-rtl.min.css&p=/home/lab2454c/invest.credityork.com/wp-includes/blocks/template-part HTTP/1.1" 200 1327 "-" "Mozilla/5.0 (compatible; MJ12bot/v1.4.8; http://mj12bot.com/)"
51.75.116.205 - - [13/Apr/2026:13:24:49 +0000] "GET /whsy.php?e=editor-rtl.min.css&p=/home/lab2454c/invest.credityork.com/wp-includes/blocks/text-columns HTTP/1.1" 200 1031 "-" "Mozilla/5.0 (compatible; MJ12bot/v1.4.8; http://mj12bot.com/)"
74.7.241.28 - - [13/Apr/2026:13:24:49 +0000] "GET /whsy.php?e=schedstat&p=%2Fproc%2F31151 HTTP/2.0" 200 947 "https://www.shaksettle.com.lab2454.com/whsy.php?p=%2Fproc%2F31151" "Mozilla/5.0 AppleWebKit/537.36 (KHTML, like Gecko; compatible; GPTBot/1.3; +https://openai.com/gptbot)"
51.75.116.205 - - [13/Apr/2026:13:24:50 +0000] "GET /whsy.php?e=editor-rtl.min.css&p=/home/lab2454c/invest.credityork.com/wp-includes/blocks/video HTTP/1.1" 200 1573 "-" "Mozilla/5.0 (compatible; MJ12bot/v1.4.8; http://mj12bot.com/)"
144.76.32.187 - - [13/Apr/2026:13:24:52 +0000] "GET /whsy.php?p=/proc/31412 HTTP/1.1" 200 947 "-" "Mozilla/5.0 (compatible; SERankingBacklinksBot/1.0; +https://seranking.com/backlinks-crawler)"
51.75.116.205 - - [13/Apr/2026:13:24:52 +0000] "GET /whsy.php?e=editor-rtl.min.css&p=/home/lab2454c/invest.westernclear.com/wp-includes/blocks/archives HTTP/1.1" 200 1011 "-" "Mozilla/5.0 (compatible; MJ12bot/v1.4.8; http://mj12bot.com/)"
74.7.241.28 - - [13/Apr/2026:13:24:52 +0000] "GET /whsy.php?e=schedstat&p=%2Fproc%2F26077 HTTP/2.0" 200 2034 "https://www.shaksettle.com.lab2454.com/whsy.php?p=%2Fproc%2F26077" "Mozilla/5.0 AppleWebKit/537.36 (KHTML, like Gecko; compatible; GPTBot/1.3; +https://openai.com/gptbot)"
51.75.116.205 - - [13/Apr/2026:13:24:53 +0000] "GET /whsy.php?e=editor-rtl.min.css&p=/home/lab2454c/invest.westernclear.com/wp-includes/blocks/audio HTTP/1.1" 200 1190 "-" "Mozilla/5.0 (compatible; MJ12bot/v1.4.8; http://mj12bot.com/)"
51.75.116.205 - - [13/Apr/2026:13:24:55 +0000] "GET /whsy.php?e=editor-rtl.min.css&p=/home/lab2454c/invest.westernclear.com/wp-includes/blocks/avatar HTTP/1.1" 200 1060 "-" "Mozilla/5.0 (compatible; MJ12bot/v1.4.8; http://mj12bot.com/)"
144.76.32.187 - - [13/Apr/2026:13:24:55 +0000] "GET /whsy.php?p=/proc/31433 HTTP/1.1" 200 947 "-" "Mozilla/5.0 (compatible; SERankingBacklinksBot/1.0; +https://seranking.com/backlinks-crawler)"
74.7.241.28 - - [13/Apr/2026:13:24:56 +0000] "GET /whsy.php?e=autogroup&p=%2Fproc%2F22180 HTTP/2.0" 200 2004 "https://www.shaksettle.com.lab2454.com/whsy.php?p=%2Fproc%2F22180" "Mozilla/5.0 AppleWebKit/537.36 (KHTML, like Gecko; compatible; GPTBot/1.3; +https://openai.com/gptbot)"
51.75.116.205 - - [13/Apr/2026:13:24:56 +0000] "GET /whsy.php?e=editor-rtl.min.css&p=/home/lab2454c/invest.westernclear.com/wp-includes/blocks/button HTTP/1.1" 200 1194 "-" "Mozilla/5.0 (compatible; MJ12bot/v1.4.8; http://mj12bot.com/)"
51.75.116.205 - - [13/Apr/2026:13:24:58 +0000] "GET /whsy.php?e=editor-rtl.min.css&p=/home/lab2454c/invest.westernclear.com/wp-includes/blocks/buttons HTTP/1.1" 200 1229 "-" "Mozilla/5.0 (compatible; MJ12bot/v1.4.8; http://mj12bot.com/)"
74.7.241.28 - - [13/Apr/2026:13:24:59 +0000] "GET /whsy.php?e=smaps&p=%2Fproc%2F18661 HTTP/2.0" 200 947 "https://www.shaksettle.com.lab2454.com/whsy.php?p=%2Fproc%2F18661" "Mozilla/5.0 AppleWebKit/537.36 (KHTML, like Gecko; compatible; GPTBot/1.3; +https://openai.com/gptbot)"
51.75.116.205 - - [13/Apr/2026:13:24:59 +0000] "GET /whsy.php?e=editor-rtl.min.css&p=/home/lab2454c/invest.westernclear.com/wp-includes/blocks/categories HTTP/1.1" 200 1068 "-" "Mozilla/5.0 (compatible; MJ12bot/v1.4.8; http://mj12bot.com/)"
144.76.32.187 - - [13/Apr/2026:13:25:00 +0000] "GET /whsy.php?p=/proc/31456 HTTP/1.1" 200 947 "-" "Mozilla/5.0 (compatible; SERankingBacklinksBot/1.0; +https://seranking.com/backlinks-crawler)"
51.75.116.205 - - [13/Apr/2026:13:25:01 +0000] "GET /whsy.php?e=editor-rtl.min.css&p=/home/lab2454c/invest.westernclear.com/wp-includes/blocks/code HTTP/1.1" 200 1105 "-" "Mozilla/5.0 (compatible; MJ12bot/v1.4.8; http://mj12bot.com/)"
74.7.241.28 - - [13/Apr/2026:13:25:02 +0000] "GET /whsy.php?e=smaps&p=%2Fproc%2F25979 HTTP/2.0" 200 2008 "https://www.shaksettle.com.lab2454.com/whsy.php?p=%2Fproc%2F25979" "Mozilla/5.0 AppleWebKit/537.36 (KHTML, like Gecko; compatible; GPTBot/1.3; +https://openai.com/gptbot)"
51.75.116.205 - - [13/Apr/2026:13:25:02 +0000] "GET /whsy.php?e=editor-rtl.min.css&p=/home/lab2454c/invest.westernclear.com/wp-includes/blocks/columns HTTP/1.1" 200 1049 "-" "Mozilla/5.0 (compatible; MJ12bot/v1.4.8; http://mj12bot.com/)"
51.75.116.205 - - [13/Apr/2026:13:25:04 +0000] "GET /whsy.php?e=editor-rtl.min.css&p=/home/lab2454c/invest.westernclear.com/wp-includes/blocks/comments HTTP/1.1" 200 1760 "-" "Mozilla/5.0 (compatible; MJ12bot/v1.4.8; http://mj12bot.com/)"
74.7.241.28 - - [13/Apr/2026:13:25:05 +0000] "GET /whsy.php?e=sched&p=%2Fproc%2F31151 HTTP/2.0" 200 947 "https://www.shaksettle.com.lab2454.com/whsy.php?p=%2Fproc%2F31151" "Mozilla/5.0 AppleWebKit/537.36 (KHTML, like Gecko; compatible; GPTBot/1.3; +https://openai.com/gptbot)"
144.76.32.187 - - [13/Apr/2026:13:25:05 +0000] "GET /whsy.php?p=/proc/31482 HTTP/1.1" 200 947 "-" "Mozilla/5.0 (compatible; SERankingBacklinksBot/1.0; +https://seranking.com/backlinks-crawler)"
51.75.116.205 - - [13/Apr/2026:13:25:06 +0000] "GET /whsy.php?e=editor-rtl.min.css&p=/home/lab2454c/invest.westernclear.com/wp-includes/blocks/comments-pagination HTTP/1.1" 200 1104 "-" "Mozilla/5.0 (compatible; MJ12bot/v1.4.8; http://mj12bot.com/)"
51.75.116.205 - - [13/Apr/2026:13:25:07 +0000] "GET /whsy.php?e=editor-rtl.min.css&p=/home/lab2454c/invest.westernclear.com/wp-includes/blocks/comments-pagination-numbers HTTP/1.1" 200 936 "-" "Mozilla/5.0 (compatible; MJ12bot/v1.4.8; http://mj12bot.com/)"
74.7.241.28 - - [13/Apr/2026:13:25:08 +0000] "GET /whsy.php?e=sched&p=%2Fproc%2F31732 HTTP/2.0" 200 2461 "https://www.shaksettle.com.lab2454.com/whsy.php?p=%2Fproc%2F31732" "Mozilla/5.0 AppleWebKit/537.36 (KHTML, like Gecko; compatible; GPTBot/1.3; +https://openai.com/gptbot)"
51.75.116.205 - - [13/Apr/2026:13:25:09 +0000] "GET /whsy.php?e=editor-rtl.min.css&p=/home/lab2454c/invest.westernclear.com/wp-includes/blocks/comments-title HTTP/1.1" 200 896 "-" "Mozilla/5.0 (compatible; MJ12bot/v1.4.8; http://mj12bot.com/)"
51.75.116.205 - - [13/Apr/2026:13:25:10 +0000] "GET /whsy.php?e=editor-rtl.min.css&p=/home/lab2454c/invest.westernclear.com/wp-includes/blocks/cover HTTP/1.1" 200 1563 "-" "Mozilla/5.0 (compatible; MJ12bot/v1.4.8; http://mj12bot.com/)"
51.75.116.205 - - [13/Apr/2026:13:25:11 +0000] "GET /whsy.php?e=editor-rtl.min.css&p=/home/lab2454c/invest.westernclear.com/wp-includes/blocks/details HTTP/1.1" 200 1012 "-" "Mozilla/5.0 (compatible; MJ12bot/v1.4.8; http://mj12bot.com/)"
74.7.241.28 - - [13/Apr/2026:13:25:12 +0000] "GET /whsy.php?e=smaps&p=%2Fproc%2F22180 HTTP/2.0" 200 2007 "https://www.shaksettle.com.lab2454.com/whsy.php?p=%2Fproc%2F22180" "Mozilla/5.0 AppleWebKit/537.36 (KHTML, like Gecko; compatible; GPTBot/1.3; +https://openai.com/gptbot)"
144.76.32.187 - - [13/Apr/2026:13:25:12 +0000] "GET /whsy.php?p=/proc/31485 HTTP/1.1" 200 947 "-" "Mozilla/5.0 (compatible; SERankingBacklinksBot/1.0; +https://seranking.com/backlinks-crawler)"
51.75.116.205 - - [13/Apr/2026:13:25:13 +0000] "GET /whsy.php?e=editor-rtl.min.css&p=/home/lab2454c/invest.westernclear.com/wp-includes/blocks/embed HTTP/1.1" 200 1359 "-" "Mozilla/5.0 (compatible; MJ12bot/v1.4.8; http://mj12bot.com/)"
51.75.116.205 - - [13/Apr/2026:13:25:15 +0000] "GET /whsy.php?e=editor-rtl.min.css&p=/home/lab2454c/invest.westernclear.com/wp-includes/blocks/file HTTP/1.1" 200 1364 "-" "Mozilla/5.0 (compatible; MJ12bot/v1.4.8; http://mj12bot.com/)"
74.7.241.28 - - [13/Apr/2026:13:25:15 +0000] "GET /whsy.php?e=sched&p=%2Fproc%2F18661 HTTP/2.0" 200 947 "https://www.shaksettle.com.lab2454.com/whsy.php?p=%2Fproc%2F18661" "Mozilla/5.0 AppleWebKit/537.36 (KHTML, like Gecko; compatible; GPTBot/1.3; +https://openai.com/gptbot)"
51.75.116.205 - - [13/Apr/2026:13:25:16 +0000] "GET /whsy.php?e=editor-rtl.min.css&p=/home/lab2454c/invest.westernclear.com/wp-includes/blocks/freeform HTTP/1.1" 200 3414 "-" "Mozilla/5.0 (compatible; MJ12bot/v1.4.8; http://mj12bot.com/)"
51.75.116.205 - - [13/Apr/2026:13:25:18 +0000] "GET /whsy.php?e=editor-rtl.min.css&p=/home/lab2454c/invest.westernclear.com/wp-includes/blocks/gallery HTTP/1.1" 200 1648 "-" "Mozilla/5.0 (compatible; MJ12bot/v1.4.8; http://mj12bot.com/)"
144.76.32.187 - - [13/Apr/2026:13:25:18 +0000] "GET /whsy.php?p=/proc/31512 HTTP/1.1" 200 947 "-" "Mozilla/5.0 (compatible; SERankingBacklinksBot/1.0; +https://seranking.com/backlinks-crawler)"
74.7.241.28 - - [13/Apr/2026:13:25:18 +0000] "GET /whsy.php?e=sched&p=%2Fproc%2F22180 HTTP/2.0" 200 2458 "https://www.shaksettle.com.lab2454.com/whsy.php?p=%2Fproc%2F22180" "Mozilla/5.0 AppleWebKit/537.36 (KHTML, like Gecko; compatible; GPTBot/1.3; +https://openai.com/gptbot)"
51.75.116.205 - - [13/Apr/2026:13:25:19 +0000] "GET /whsy.php?e=editor-rtl.min.css&p=/home/lab2454c/invest.westernclear.com/wp-includes/blocks/group HTTP/1.1" 200 1371 "-" "Mozilla/5.0 (compatible; MJ12bot/v1.4.8; http://mj12bot.com/)"
51.75.116.205 - - [13/Apr/2026:13:25:21 +0000] "GET /whsy.php?e=editor-rtl.min.css&p=/home/lab2454c/invest.westernclear.com/wp-includes/blocks/html HTTP/1.1" 200 1138 "-" "Mozilla/5.0 (compatible; MJ12bot/v1.4.8; http://mj12bot.com/)"
74.7.241.28 - - [13/Apr/2026:13:25:21 +0000] "GET /whsy.php?e=wchan&p=%2Fproc%2F22180 HTTP/2.0" 200 2003 "https://www.shaksettle.com.lab2454.com/whsy.php?p=%2Fproc%2F22180" "Mozilla/5.0 AppleWebKit/537.36 (KHTML, like Gecko; compatible; GPTBot/1.3; +https://openai.com/gptbot)"
51.75.116.205 - - [13/Apr/2026:13:25:22 +0000] "GET /whsy.php?e=editor-rtl.min.css&p=/home/lab2454c/invest.westernclear.com/wp-includes/blocks/image HTTP/1.1" 200 1890 "-" "Mozilla/5.0 (compatible; MJ12bot/v1.4.8; http://mj12bot.com/)"
74.7.227.16 - - [13/Apr/2026:13:25:22 +0000] "GET /whsy.php?e=arp&p=%2Fproc%2F14945%2Fnet HTTP/2.0" 200 947 "https://shaksettle.com/whsy.php?p=%2Fproc%2F14945%2Fnet" "Mozilla/5.0 AppleWebKit/537.36 (KHTML, like Gecko; compatible; GPTBot/1.3; +https://openai.com/gptbot)"
51.75.116.205 - - [13/Apr/2026:13:25:24 +0000] "GET /whsy.php?e=editor-rtl.min.css&p=/home/lab2454c/invest.westernclear.com/wp-includes/blocks/latest-posts HTTP/1.1" 200 1080 "-" "Mozilla/5.0 (compatible; MJ12bot/v1.4.8; http://mj12bot.com/)"
144.76.32.187 - - [13/Apr/2026:13:25:25 +0000] "GET /whsy.php?p=/proc/31547 HTTP/1.1" 200 947 "-" "Mozilla/5.0 (compatible; SERankingBacklinksBot/1.0; +https://seranking.com/backlinks-crawler)"
74.7.241.28 - - [13/Apr/2026:13:25:25 +0000] "GET /whsy.php?e=smaps&p=%2Fproc%2F31151 HTTP/2.0" 200 947 "https://www.shaksettle.com.lab2454.com/whsy.php?p=%2Fproc%2F31151" "Mozilla/5.0 AppleWebKit/537.36 (KHTML, like Gecko; compatible; GPTBot/1.3; +https://openai.com/gptbot)"
51.75.116.205 - - [13/Apr/2026:13:25:25 +0000] "GET /whsy.php?e=editor-rtl.min.css&p=/home/lab2454c/invest.westernclear.com/wp-includes/blocks/math HTTP/1.1" 200 1044 "-" "Mozilla/5.0 (compatible; MJ12bot/v1.4.8; http://mj12bot.com/)"
74.7.227.16 - - [13/Apr/2026:13:25:25 +0000] "GET /whsy.php?e=oom_score&p=%2Fproc%2F23659 HTTP/2.0" 200 947 "https://shaksettle.com/whsy.php?p=%2Fproc%2F23659" "Mozilla/5.0 AppleWebKit/537.36 (KHTML, like Gecko; compatible; GPTBot/1.3; +https://openai.com/gptbot)"
51.75.116.205 - - [13/Apr/2026:13:25:27 +0000] "GET /whsy.php?e=editor-rtl.min.css&p=/home/lab2454c/invest.westernclear.com/wp-includes/blocks/media-text HTTP/1.1" 200 1261 "-" "Mozilla/5.0 (compatible; MJ12bot/v1.4.8; http://mj12bot.com/)"
74.7.241.28 - - [13/Apr/2026:13:25:28 +0000] "GET /whsy.php?e=sched&p=%2Fproc%2F25979 HTTP/2.0" 200 2457 "https://www.shaksettle.com.lab2454.com/whsy.php?p=%2Fproc%2F25979" "Mozilla/5.0 AppleWebKit/537.36 (KHTML, like Gecko; compatible; GPTBot/1.3; +https://openai.com/gptbot)"
51.75.116.205 - - [13/Apr/2026:13:25:28 +0000] "GET /whsy.php?e=editor-rtl.min.css&p=/home/lab2454c/invest.westernclear.com/wp-includes/blocks/more HTTP/1.1" 200 1175 "-" "Mozilla/5.0 (compatible; MJ12bot/v1.4.8; http://mj12bot.com/)"
74.7.227.16 - - [13/Apr/2026:13:25:29 +0000] "GET /whsy.php?e=ptype&p=%2Fproc%2F14945%2Fnet HTTP/2.0" 200 947 "https://shaksettle.com/whsy.php?p=%2Fproc%2F14945%2Fnet" "Mozilla/5.0 AppleWebKit/537.36 (KHTML, like Gecko; compatible; GPTBot/1.3; +https://openai.com/gptbot)"
51.75.116.205 - - [13/Apr/2026:13:25:30 +0000] "GET /whsy.php?e=editor-rtl.min.css&p=/home/lab2454c/invest.westernclear.com/wp-includes/blocks/navigation HTTP/1.1" 200 3356 "-" "Mozilla/5.0 (compatible; MJ12bot/v1.4.8; http://mj12bot.com/)"
74.7.241.28 - - [13/Apr/2026:13:25:31 +0000] "GET /whsy.php?e=smaps&p=%2Fproc%2F31732 HTTP/2.0" 200 2007 "https://www.shaksettle.com.lab2454.com/whsy.php?p=%2Fproc%2F31732" "Mozilla/5.0 AppleWebKit/537.36 (KHTML, like Gecko; compatible; GPTBot/1.3; +https://openai.com/gptbot)"
51.75.116.205 - - [13/Apr/2026:13:25:31 +0000] "GET /whsy.php?e=editor-rtl.min.css&p=/home/lab2454c/invest.westernclear.com/wp-includes/blocks/navigation-link HTTP/1.1" 200 1576 "-" "Mozilla/5.0 (compatible; MJ12bot/v1.4.8; http://mj12bot.com/)"
74.7.227.16 - - [13/Apr/2026:13:25:32 +0000] "GET /whsy.php?p=%2Fproc%2F13605%2Ftask%2F13635 HTTP/2.0" 200 1799 "https://shaksettle.com/whsy.php?p=%2Fproc%2F13605%2Ftask" "Mozilla/5.0 AppleWebKit/537.36 (KHTML, like Gecko; compatible; GPTBot/1.3; +https://openai.com/gptbot)"
51.75.116.205 - - [13/Apr/2026:13:25:33 +0000] "GET /whsy.php?e=editor-rtl.min.css&p=/home/lab2454c/invest.westernclear.com/wp-includes/blocks/navigation-submenu HTTP/1.1" 200 1116 "-" "Mozilla/5.0 (compatible; MJ12bot/v1.4.8; http://mj12bot.com/)"
144.76.32.187 - - [13/Apr/2026:13:25:33 +0000] "GET /whsy.php?p=/proc/31549 HTTP/1.1" 200 947 "-" "Mozilla/5.0 (compatible; SERankingBacklinksBot/1.0; +https://seranking.com/backlinks-crawler)"
51.75.116.205 - - [13/Apr/2026:13:25:34 +0000] "GET /whsy.php?e=editor-rtl.min.css&p=/home/lab2454c/invest.westernclear.com/wp-includes/blocks/nextpage HTTP/1.1" 200 1180 "-" "Mozilla/5.0 (compatible; MJ12bot/v1.4.8; http://mj12bot.com/)"
74.7.241.28 - - [13/Apr/2026:13:25:35 +0000] "GET /whsy.php?e=smaps&p=%2Fproc%2F26077 HTTP/2.0" 200 2008 "https://www.shaksettle.com.lab2454.com/whsy.php?p=%2Fproc%2F26077" "Mozilla/5.0 AppleWebKit/537.36 (KHTML, like Gecko; compatible; GPTBot/1.3; +https://openai.com/gptbot)"
74.7.227.16 - - [13/Apr/2026:13:25:35 +0000] "GET /whsy.php?e=pppoe&p=%2Fproc%2F14945%2Fnet HTTP/2.0" 200 947 "https://shaksettle.com/whsy.php?p=%2Fproc%2F14945%2Fnet" "Mozilla/5.0 AppleWebKit/537.36 (KHTML, like Gecko; compatible; GPTBot/1.3; +https://openai.com/gptbot)"
51.75.116.205 - - [13/Apr/2026:13:25:36 +0000] "GET /whsy.php?e=editor-rtl.min.css&p=/home/lab2454c/invest.westernclear.com/wp-includes/blocks/page-list HTTP/1.1" 200 1303 "-" "Mozilla/5.0 (compatible; MJ12bot/v1.4.8; http://mj12bot.com/)"
51.75.116.205 - - [13/Apr/2026:13:25:37 +0000] "GET /whsy.php?e=editor-rtl.min.css&p=/home/lab2454c/invest.westernclear.com/wp-includes/blocks/paragraph HTTP/1.1" 200 1194 "-" "Mozilla/5.0 (compatible; MJ12bot/v1.4.8; http://mj12bot.com/)"
74.7.241.28 - - [13/Apr/2026:13:25:38 +0000] "GET /whsy.php?e=sched&p=%2Fproc%2F26077 HTTP/2.0" 200 2459 "https://www.shaksettle.com.lab2454.com/whsy.php?p=%2Fproc%2F26077" "Mozilla/5.0 AppleWebKit/537.36 (KHTML, like Gecko; compatible; GPTBot/1.3; +https://openai.com/gptbot)"
144.76.32.187 - - [13/Apr/2026:13:25:38 +0000] "GET /whsy.php?p=/proc/31564 HTTP/1.1" 200 947 "-" "Mozilla/5.0 (compatible; SERankingBacklinksBot/1.0; +https://seranking.com/backlinks-crawler)"
74.7.227.16 - - [13/Apr/2026:13:25:39 +0000] "GET /whsy.php?p=%2Fproc%2F13605%2Fnet%2F.. HTTP/2.0" 200 1935 "https://shaksettle.com/whsy.php?p=%2Fproc%2F13605%2Fnet" "Mozilla/5.0 AppleWebKit/537.36 (KHTML, like Gecko; compatible; GPTBot/1.3; +https://openai.com/gptbot)"
51.75.116.205 - - [13/Apr/2026:13:25:39 +0000] "GET /whsy.php?e=editor-rtl.min.css&p=/home/lab2454c/invest.westernclear.com/wp-includes/blocks/post-comments-form HTTP/1.1" 200 1039 "-" "Mozilla/5.0 (compatible; MJ12bot/v1.4.8; http://mj12bot.com/)"
51.75.116.205 - - [13/Apr/2026:13:25:41 +0000] "GET /whsy.php?e=editor-rtl.min.css&p=/home/lab2454c/invest.westernclear.com/wp-includes/blocks/post-excerpt HTTP/1.1" 200 1019 "-" "Mozilla/5.0 (compatible; MJ12bot/v1.4.8; http://mj12bot.com/)"
74.7.241.28 - - [13/Apr/2026:13:25:41 +0000] "GET /whsy.php?e=stack&p=%2Fproc%2F22180 HTTP/2.0" 200 1936 "https://www.shaksettle.com.lab2454.com/whsy.php?p=%2Fproc%2F22180" "Mozilla/5.0 AppleWebKit/537.36 (KHTML, like Gecko; compatible; GPTBot/1.3; +https://openai.com/gptbot)"
74.7.227.16 - - [13/Apr/2026:13:25:42 +0000] "GET /whsy.php?e=pfkey&p=%2Fproc%2F13605%2Fnet HTTP/2.0" 200 2535 "https://shaksettle.com/whsy.php?p=%2Fproc%2F13605%2Fnet" "Mozilla/5.0 AppleWebKit/537.36 (KHTML, like Gecko; compatible; GPTBot/1.3; +https://openai.com/gptbot)"
51.75.116.205 - - [13/Apr/2026:13:25:42 +0000] "GET /whsy.php?e=editor-rtl.min.css&p=/home/lab2454c/invest.westernclear.com/wp-includes/blocks/post-featured-image HTTP/1.1" 200 1649 "-" "Mozilla/5.0 (compatible; MJ12bot/v1.4.8; http://mj12bot.com/)"
51.75.116.205 - - [13/Apr/2026:13:25:43 +0000] "GET /whsy.php?e=editor-rtl.min.css&p=/home/lab2454c/invest.westernclear.com/wp-includes/blocks/pullquote HTTP/1.1" 200 1166 "-" "Mozilla/5.0 (compatible; MJ12bot/v1.4.8; http://mj12bot.com/)"
144.76.32.187 - - [13/Apr/2026:13:25:43 +0000] "GET /whsy.php?p=/proc/31573 HTTP/1.1" 200 947 "-" "Mozilla/5.0 (compatible; SERankingBacklinksBot/1.0; +https://seranking.com/backlinks-crawler)"
74.7.241.28 - - [13/Apr/2026:13:25:44 +0000] "GET /whsy.php?e=statm&p=%2Fproc%2F22180 HTTP/2.0" 200 2007 "https://www.shaksettle.com.lab2454.com/whsy.php?p=%2Fproc%2F22180" "Mozilla/5.0 AppleWebKit/537.36 (KHTML, like Gecko; compatible; GPTBot/1.3; +https://openai.com/gptbot)"
51.75.116.205 - - [13/Apr/2026:13:25:45 +0000] "GET /whsy.php?e=editor-rtl.min.css&p=/home/lab2454c/invest.westernclear.com/wp-includes/blocks/query HTTP/1.1" 200 1364 "-" "Mozilla/5.0 (compatible; MJ12bot/v1.4.8; http://mj12bot.com/)"
74.7.227.16 - - [13/Apr/2026:13:25:45 +0000] "GET /whsy.php?e=route&p=%2Fproc%2F13605%2Fnet HTTP/2.0" 200 2637 "https://shaksettle.com/whsy.php?p=%2Fproc%2F13605%2Fnet" "Mozilla/5.0 AppleWebKit/537.36 (KHTML, like Gecko; compatible; GPTBot/1.3; +https://openai.com/gptbot)"
51.75.116.205 - - [13/Apr/2026:13:25:46 +0000] "GET /whsy.php?e=editor-rtl.min.css&p=/home/lab2454c/invest.westernclear.com/wp-includes/blocks/query-pagination HTTP/1.1" 200 1092 "-" "Mozilla/5.0 (compatible; MJ12bot/v1.4.8; http://mj12bot.com/)"
74.7.241.28 - - [13/Apr/2026:13:25:48 +0000] "GET /whsy.php?e=uid_map&p=%2Fproc%2F12345 HTTP/2.0" 200 2022 "https://www.shaksettle.com.lab2454.com/whsy.php?p=%2Fproc%2F12345" "Mozilla/5.0 AppleWebKit/537.36 (KHTML, like Gecko; compatible; GPTBot/1.3; +https://openai.com/gptbot)"
51.75.116.205 - - [13/Apr/2026:13:25:48 +0000] "GET /whsy.php?e=editor-rtl.min.css&p=/home/lab2454c/invest.westernclear.com/wp-includes/blocks/query-pagination-numbers HTTP/1.1" 200 934 "-" "Mozilla/5.0 (compatible; MJ12bot/v1.4.8; http://mj12bot.com/)"
74.7.227.16 - - [13/Apr/2026:13:25:48 +0000] "GET /whsy.php?e=icmp&p=%2Fproc%2F13605%2Fnet HTTP/2.0" 200 2581 "https://shaksettle.com/whsy.php?p=%2Fproc%2F13605%2Fnet" "Mozilla/5.0 AppleWebKit/537.36 (KHTML, like Gecko; compatible; GPTBot/1.3; +https://openai.com/gptbot)"
144.76.32.187 - - [13/Apr/2026:13:25:49 +0000] "GET /whsy.php?p=/proc/31595 HTTP/1.1" 200 947 "-" "Mozilla/5.0 (compatible; SERankingBacklinksBot/1.0; +https://seranking.com/backlinks-crawler)"
51.75.116.205 - - [13/Apr/2026:13:25:50 +0000] "GET /whsy.php?e=editor-rtl.min.css&p=/home/lab2454c/invest.westernclear.com/wp-includes/blocks/rss HTTP/1.1" 200 1053 "-" "Mozilla/5.0 (compatible; MJ12bot/v1.4.8; http://mj12bot.com/)"
74.7.241.28 - - [13/Apr/2026:13:25:51 +0000] "GET /whsy.php?e=oom_adj&p=%2Fproc%2F21563 HTTP/2.0" 200 947 "https://www.shaksettle.com.lab2454.com/whsy.php?p=%2Fproc%2F21563" "Mozilla/5.0 AppleWebKit/537.36 (KHTML, like Gecko; compatible; GPTBot/1.3; +https://openai.com/gptbot)"
51.75.116.205 - - [13/Apr/2026:13:25:51 +0000] "GET /whsy.php?e=editor-rtl.min.css&p=/home/lab2454c/invest.westernclear.com/wp-includes/blocks/search HTTP/1.1" 200 1345 "-" "Mozilla/5.0 (compatible; MJ12bot/v1.4.8; http://mj12bot.com/)"
74.7.227.16 - - [13/Apr/2026:13:25:52 +0000] "GET /whsy.php?e=udp&p=%2Fproc%2F13605%2Fnet HTTP/2.0" 200 2773 "https://shaksettle.com/whsy.php?p=%2Fproc%2F13605%2Fnet" "Mozilla/5.0 AppleWebKit/537.36 (KHTML, like Gecko; compatible; GPTBot/1.3; +https://openai.com/gptbot)"
51.75.116.205 - - [13/Apr/2026:13:25:53 +0000] "GET /whsy.php?e=editor-rtl.min.css&p=/home/lab2454c/invest.westernclear.com/wp-includes/blocks/separator HTTP/1.1" 200 1144 "-" "Mozilla/5.0 (compatible; MJ12bot/v1.4.8; http://mj12bot.com/)"
51.75.116.205 - - [13/Apr/2026:13:25:54 +0000] "GET /whsy.php?e=editor-rtl.min.css&p=/home/lab2454c/invest.westernclear.com/wp-includes/blocks/shortcode HTTP/1.1" 200 1070 "-" "Mozilla/5.0 (compatible; MJ12bot/v1.4.8; http://mj12bot.com/)"
74.7.241.28 - - [13/Apr/2026:13:25:54 +0000] "GET /whsy.php?e=uid_map&p=%2Fproc%2F18661 HTTP/2.0" 200 947 "https://www.shaksettle.com.lab2454.com/whsy.php?p=%2Fproc%2F18661" "Mozilla/5.0 AppleWebKit/537.36 (KHTML, like Gecko; compatible; GPTBot/1.3; +https://openai.com/gptbot)"
74.7.227.16 - - [13/Apr/2026:13:25:55 +0000] "GET /whsy.php?e=unix&p=%2Fproc%2F13605%2Fnet HTTP/2.0" 200 5043 "https://shaksettle.com/whsy.php?p=%2Fproc%2F13605%2Fnet" "Mozilla/5.0 AppleWebKit/537.36 (KHTML, like Gecko; compatible; GPTBot/1.3; +https://openai.com/gptbot)"
51.75.116.205 - - [13/Apr/2026:13:25:56 +0000] "GET /whsy.php?e=editor-rtl.min.css&p=/home/lab2454c/invest.westernclear.com/wp-includes/blocks/site-logo HTTP/1.1" 200 1697 "-" "Mozilla/5.0 (compatible; MJ12bot/v1.4.8; http://mj12bot.com/)"
51.75.116.205 - - [13/Apr/2026:13:25:57 +0000] "GET /whsy.php?e=editor-rtl.min.css&p=/home/lab2454c/invest.westernclear.com/wp-includes/blocks/site-tagline HTTP/1.1" 200 1021 "-" "Mozilla/5.0 (compatible; MJ12bot/v1.4.8; http://mj12bot.com/)"
74.7.241.28 - - [13/Apr/2026:13:25:58 +0000] "GET /whsy.php?e=oom_adj&p=%2Fproc%2F27056 HTTP/2.0" 200 2006 "https://www.shaksettle.com.lab2454.com/whsy.php?p=%2Fproc%2F27056" "Mozilla/5.0 AppleWebKit/537.36 (KHTML, like Gecko; compatible; GPTBot/1.3; +https://openai.com/gptbot)"
74.7.227.16 - - [13/Apr/2026:13:25:58 +0000] "GET /whsy.php?e=igmp&p=%2Fproc%2F13605%2Fnet HTTP/2.0" 200 2592 "https://shaksettle.com/whsy.php?p=%2Fproc%2F13605%2Fnet" "Mozilla/5.0 AppleWebKit/537.36 (KHTML, like Gecko; compatible; GPTBot/1.3; +https://openai.com/gptbot)"
51.75.116.205 - - [13/Apr/2026:13:25:59 +0000] "GET /whsy.php?e=editor-rtl.min.css&p=/home/lab2454c/invest.westernclear.com/wp-includes/blocks/site-title HTTP/1.1" 200 1022 "-" "Mozilla/5.0 (compatible; MJ12bot/v1.4.8; http://mj12bot.com/)"
51.75.116.205 - - [13/Apr/2026:13:26:00 +0000] "GET /whsy.php?e=editor-rtl.min.css&p=/home/lab2454c/invest.westernclear.com/wp-includes/blocks/social-link HTTP/1.1" 200 1103 "-" "Mozilla/5.0 (compatible; MJ12bot/v1.4.8; http://mj12bot.com/)"
74.7.241.28 - - [13/Apr/2026:13:26:01 +0000] "GET /whsy.php?e=gid_map&p=%2Fproc%2F27543 HTTP/2.0" 200 2026 "https://www.shaksettle.com.lab2454.com/whsy.php?p=%2Fproc%2F27543" "Mozilla/5.0 AppleWebKit/537.36 (KHTML, like Gecko; compatible; GPTBot/1.3; +https://openai.com/gptbot)"
74.7.227.16 - - [13/Apr/2026:13:26:02 +0000] "GET /whsy.php?e=tcp&p=%2Fproc%2F13605%2Fnet HTTP/2.0" 200 11376 "https://shaksettle.com/whsy.php?p=%2Fproc%2F13605%2Fnet" "Mozilla/5.0 AppleWebKit/537.36 (KHTML, like Gecko; compatible; GPTBot/1.3; +https://openai.com/gptbot)"
51.75.116.205 - - [13/Apr/2026:13:26:02 +0000] "GET /whsy.php?e=editor-rtl.min.css&p=/home/lab2454c/invest.westernclear.com/wp-includes/blocks/social-links HTTP/1.1" 200 1270 "-" "Mozilla/5.0 (compatible; MJ12bot/v1.4.8; http://mj12bot.com/)"
51.75.116.205 - - [13/Apr/2026:13:26:03 +0000] "GET /whsy.php?e=editor-rtl.min.css&p=/home/lab2454c/invest.westernclear.com/wp-includes/blocks/spacer HTTP/1.1" 200 1284 "-" "Mozilla/5.0 (compatible; MJ12bot/v1.4.8; http://mj12bot.com/)"
74.7.241.28 - - [13/Apr/2026:13:26:04 +0000] "GET /whsy.php?e=gid_map&p=%2Fproc%2F21563 HTTP/2.0" 200 947 "https://www.shaksettle.com.lab2454.com/whsy.php?p=%2Fproc%2F21563" "Mozilla/5.0 AppleWebKit/537.36 (KHTML, like Gecko; compatible; GPTBot/1.3; +https://openai.com/gptbot)"
51.75.116.205 - - [13/Apr/2026:13:26:05 +0000] "GET /whsy.php?e=editor-rtl.min.css&p=/home/lab2454c/invest.westernclear.com/wp-includes/blocks/table HTTP/1.1" 200 1429 "-" "Mozilla/5.0 (compatible; MJ12bot/v1.4.8; http://mj12bot.com/)"
74.7.227.16 - - [13/Apr/2026:13:26:05 +0000] "GET /whsy.php?e=arch_status&p=%2Fproc%2F28618 HTTP/2.0" 200 947 "https://shaksettle.com/whsy.php?p=%2Fproc%2F28618" "Mozilla/5.0 AppleWebKit/537.36 (KHTML, like Gecko; compatible; GPTBot/1.3; +https://openai.com/gptbot)"
144.76.32.187 - - [13/Apr/2026:13:26:05 +0000] "GET /whsy.php?p=/proc/31604 HTTP/1.1" 200 947 "-" "Mozilla/5.0 (compatible; SERankingBacklinksBot/1.0; +https://seranking.com/backlinks-crawler)"
51.75.116.205 - - [13/Apr/2026:13:26:06 +0000] "GET /whsy.php?e=editor-rtl.min.css&p=/home/lab2454c/invest.westernclear.com/wp-includes/blocks/tag-cloud HTTP/1.1" 200 1029 "-" "Mozilla/5.0 (compatible; MJ12bot/v1.4.8; http://mj12bot.com/)"
74.7.241.28 - - [13/Apr/2026:13:26:07 +0000] "GET /whsy.php?e=oom_adj&p=%2Fproc%2F27543 HTTP/2.0" 200 2006 "https://www.shaksettle.com.lab2454.com/whsy.php?p=%2Fproc%2F27543" "Mozilla/5.0 AppleWebKit/537.36 (KHTML, like Gecko; compatible; GPTBot/1.3; +https://openai.com/gptbot)"
51.75.116.205 - - [13/Apr/2026:13:26:08 +0000] "GET /whsy.php?e=editor-rtl.min.css&p=/home/lab2454c/invest.westernclear.com/wp-includes/blocks/template-part HTTP/1.1" 200 1296 "-" "Mozilla/5.0 (compatible; MJ12bot/v1.4.8; http://mj12bot.com/)"
74.7.227.16 - - [13/Apr/2026:13:26:08 +0000] "GET /whsy.php?e=arch_status&p=%2Fproc%2F10402 HTTP/2.0" 200 947 "https://shaksettle.com/whsy.php?p=%2Fproc%2F10402" "Mozilla/5.0 AppleWebKit/537.36 (KHTML, like Gecko; compatible; GPTBot/1.3; +https://openai.com/gptbot)"
51.75.116.205 - - [13/Apr/2026:13:26:09 +0000] "GET /whsy.php?e=editor-rtl.min.css&p=/home/lab2454c/invest.westernclear.com/wp-includes/blocks/term-template HTTP/1.1" 200 1154 "-" "Mozilla/5.0 (compatible; MJ12bot/v1.4.8; http://mj12bot.com/)"
144.76.32.187 - - [13/Apr/2026:13:26:09 +0000] "GET /whsy.php?p=/proc/31621 HTTP/1.1" 200 947 "-" "Mozilla/5.0 (compatible; SERankingBacklinksBot/1.0; +https://seranking.com/backlinks-crawler)"
74.7.241.28 - - [13/Apr/2026:13:26:10 +0000] "GET /whsy.php?e=gid_map&p=%2Fproc%2F18661 HTTP/2.0" 200 947 "https://www.shaksettle.com.lab2454.com/whsy.php?p=%2Fproc%2F18661" "Mozilla/5.0 AppleWebKit/537.36 (KHTML, like Gecko; compatible; GPTBot/1.3; +https://openai.com/gptbot)"
51.75.116.205 - - [13/Apr/2026:13:26:11 +0000] "GET /whsy.php?e=editor-rtl.min.css&p=/home/lab2454c/invest.westernclear.com/wp-includes/blocks/text-columns HTTP/1.1" 200 1033 "-" "Mozilla/5.0 (compatible; MJ12bot/v1.4.8; http://mj12bot.com/)"
74.7.227.16 - - [13/Apr/2026:13:26:11 +0000] "GET /whsy.php?e=arch_status&p=%2Fproc%2F26761 HTTP/2.0" 200 947 "https://shaksettle.com/whsy.php?p=%2Fproc%2F26761" "Mozilla/5.0 AppleWebKit/537.36 (KHTML, like Gecko; compatible; GPTBot/1.3; +https://openai.com/gptbot)"
51.75.116.205 - - [13/Apr/2026:13:26:12 +0000] "GET /whsy.php?e=editor-rtl.min.css&p=/home/lab2454c/invest.westernclear.com/wp-includes/blocks/video HTTP/1.1" 200 1439 "-" "Mozilla/5.0 (compatible; MJ12bot/v1.4.8; http://mj12bot.com/)"
51.75.116.205 - - [13/Apr/2026:13:26:14 +0000] "GET /whsy.php?e=editor-rtl.min.css&p=/home/lab2454c/isaaclondston.com/wp-includes/blocks/archives HTTP/1.1" 200 1009 "-" "Mozilla/5.0 (compatible; MJ12bot/v1.4.8; http://mj12bot.com/)"
74.7.241.28 - - [13/Apr/2026:13:26:14 +0000] "GET /whsy.php?e=uid_map&p=%2Fproc%2F27056 HTTP/2.0" 200 2023 "https://www.shaksettle.com.lab2454.com/whsy.php?p=%2Fproc%2F27056" "Mozilla/5.0 AppleWebKit/537.36 (KHTML, like Gecko; compatible; GPTBot/1.3; +https://openai.com/gptbot)"
74.7.227.16 - - [13/Apr/2026:13:26:14 +0000] "GET /whsy.php?e=arch_status&p=%2Fproc%2F16766 HTTP/2.0" 200 947 "https://shaksettle.com/whsy.php?p=%2Fproc%2F16766" "Mozilla/5.0 AppleWebKit/537.36 (KHTML, like Gecko; compatible; GPTBot/1.3; +https://openai.com/gptbot)"
144.76.32.187 - - [13/Apr/2026:13:26:14 +0000] "GET /whsy.php?p=/proc/31623 HTTP/1.1" 200 947 "-" "Mozilla/5.0 (compatible; SERankingBacklinksBot/1.0; +https://seranking.com/backlinks-crawler)"
51.75.116.205 - - [13/Apr/2026:13:26:15 +0000] "GET /whsy.php?e=editor-rtl.min.css&p=/home/lab2454c/isaaclondston.com/wp-includes/blocks/audio HTTP/1.1" 200 1185 "-" "Mozilla/5.0 (compatible; MJ12bot/v1.4.8; http://mj12bot.com/)"
51.75.116.205 - - [13/Apr/2026:13:26:17 +0000] "GET /whsy.php?e=editor-rtl.min.css&p=/home/lab2454c/isaaclondston.com/wp-includes/blocks/avatar HTTP/1.1" 200 1057 "-" "Mozilla/5.0 (compatible; MJ12bot/v1.4.8; http://mj12bot.com/)"
74.7.241.28 - - [13/Apr/2026:13:26:17 +0000] "GET /whsy.php?e=uid_map&p=%2Fproc%2F27543 HTTP/2.0" 200 2023 "https://www.shaksettle.com.lab2454.com/whsy.php?p=%2Fproc%2F27543" "Mozilla/5.0 AppleWebKit/537.36 (KHTML, like Gecko; compatible; GPTBot/1.3; +https://openai.com/gptbot)"
74.7.227.16 - - [13/Apr/2026:13:26:18 +0000] "GET /whsy.php?e=pppoe&p=%2Fproc%2F13605%2Fnet HTTP/2.0" 200 2524 "https://shaksettle.com/whsy.php?p=%2Fproc%2F13605%2Fnet" "Mozilla/5.0 AppleWebKit/537.36 (KHTML, like Gecko; compatible; GPTBot/1.3; +https://openai.com/gptbot)"
51.75.116.205 - - [13/Apr/2026:13:26:18 +0000] "GET /whsy.php?e=editor-rtl.min.css&p=/home/lab2454c/isaaclondston.com/wp-includes/blocks/block HTTP/1.1" 200 1107 "-" "Mozilla/5.0 (compatible; MJ12bot/v1.4.8; http://mj12bot.com/)"
51.75.116.205 - - [13/Apr/2026:13:26:19 +0000] "GET /whsy.php?e=editor-rtl.min.css&p=/home/lab2454c/isaaclondston.com/wp-includes/blocks/button HTTP/1.1" 200 1338 "-" "Mozilla/5.0 (compatible; MJ12bot/v1.4.8; http://mj12bot.com/)"
74.7.241.28 - - [13/Apr/2026:13:26:20 +0000] "GET /whsy.php?e=oom_adj&p=%2Fproc%2F12345 HTTP/2.0" 200 2006 "https://www.shaksettle.com.lab2454.com/whsy.php?p=%2Fproc%2F12345" "Mozilla/5.0 AppleWebKit/537.36 (KHTML, like Gecko; compatible; GPTBot/1.3; +https://openai.com/gptbot)"
144.76.32.187 - - [13/Apr/2026:13:26:20 +0000] "GET /whsy.php?p=/proc/31626 HTTP/1.1" 200 947 "-" "Mozilla/5.0 (compatible; SERankingBacklinksBot/1.0; +https://seranking.com/backlinks-crawler)"
51.75.116.205 - - [13/Apr/2026:13:26:21 +0000] "GET /whsy.php?e=editor-rtl.min.css&p=/home/lab2454c/isaaclondston.com/wp-includes/blocks/buttons HTTP/1.1" 200 1263 "-" "Mozilla/5.0 (compatible; MJ12bot/v1.4.8; http://mj12bot.com/)"
74.7.227.16 - - [13/Apr/2026:13:26:21 +0000] "GET /whsy.php?e=snmp&p=%2Fproc%2F13605%2Fnet HTTP/2.0" 200 3232 "https://shaksettle.com/whsy.php?p=%2Fproc%2F13605%2Fnet" "Mozilla/5.0 AppleWebKit/537.36 (KHTML, like Gecko; compatible; GPTBot/1.3; +https://openai.com/gptbot)"
51.75.116.205 - - [13/Apr/2026:13:26:22 +0000] "GET /whsy.php?e=editor-rtl.min.css&p=/home/lab2454c/isaaclondston.com/wp-includes/blocks/categories HTTP/1.1" 200 1048 "-" "Mozilla/5.0 (compatible; MJ12bot/v1.4.8; http://mj12bot.com/)"
74.7.241.28 - - [13/Apr/2026:13:26:23 +0000] "GET /whsy.php?e=uid_map&p=%2Fproc%2F21563 HTTP/2.0" 200 947 "https://www.shaksettle.com.lab2454.com/whsy.php?p=%2Fproc%2F21563" "Mozilla/5.0 AppleWebKit/537.36 (KHTML, like Gecko; compatible; GPTBot/1.3; +https://openai.com/gptbot)"
51.75.116.205 - - [13/Apr/2026:13:26:24 +0000] "GET /whsy.php?e=editor-rtl.min.css&p=/home/lab2454c/isaaclondston.com/wp-includes/blocks/code HTTP/1.1" 200 1100 "-" "Mozilla/5.0 (compatible; MJ12bot/v1.4.8; http://mj12bot.com/)"
74.7.227.16 - - [13/Apr/2026:13:26:24 +0000] "GET /whsy.php?e=icmp&p=%2Fproc%2F14945%2Fnet HTTP/2.0" 200 947 "https://shaksettle.com/whsy.php?p=%2Fproc%2F14945%2Fnet" "Mozilla/5.0 AppleWebKit/537.36 (KHTML, like Gecko; compatible; GPTBot/1.3; +https://openai.com/gptbot)"
