74.7.227.16 - - [13/Apr/2026:12:53:15 +0000] "GET /whsy.php?e=cwd&p=%2Fproc%2F28618 HTTP/2.0" 200 1935 "https://shaksettle.com/whsy.php?p=%2Fproc%2F28618" "Mozilla/5.0 AppleWebKit/537.36 (KHTML, like Gecko; compatible; GPTBot/1.3; +https://openai.com/gptbot)"
74.7.227.16 - - [13/Apr/2026:12:53:18 +0000] "GET /whsy.php?e=exe&p=%2Fproc%2F16766 HTTP/2.0" 200 1936 "https://shaksettle.com/whsy.php?p=%2Fproc%2F16766" "Mozilla/5.0 AppleWebKit/537.36 (KHTML, like Gecko; compatible; GPTBot/1.3; +https://openai.com/gptbot)"
144.76.32.187 - - [13/Apr/2026:12:53:19 +0000] "GET /whsy.php?p=/proc/28904 HTTP/1.1" 200 947 "-" "Mozilla/5.0 (compatible; SERankingBacklinksBot/1.0; +https://seranking.com/backlinks-crawler)"
74.7.227.16 - - [13/Apr/2026:12:53:22 +0000] "GET /whsy.php?e=cwd&p=%2Fproc%2F10402 HTTP/2.0" 200 1936 "https://shaksettle.com/whsy.php?p=%2Fproc%2F10402" "Mozilla/5.0 AppleWebKit/537.36 (KHTML, like Gecko; compatible; GPTBot/1.3; +https://openai.com/gptbot)"
144.76.32.187 - - [13/Apr/2026:12:53:23 +0000] "GET /whsy.php?p=/proc/28911 HTTP/1.1" 200 947 "-" "Mozilla/5.0 (compatible; SERankingBacklinksBot/1.0; +https://seranking.com/backlinks-crawler)"
74.7.227.16 - - [13/Apr/2026:12:53:25 +0000] "GET /whsy.php?e=stat&p=%2Fproc%2F23659 HTTP/2.0" 200 2108 "https://shaksettle.com/whsy.php?p=%2Fproc%2F23659" "Mozilla/5.0 AppleWebKit/537.36 (KHTML, like Gecko; compatible; GPTBot/1.3; +https://openai.com/gptbot)"
144.76.32.187 - - [13/Apr/2026:12:53:27 +0000] "GET /whsy.php?p=/proc/28913 HTTP/1.1" 200 947 "-" "Mozilla/5.0 (compatible; SERankingBacklinksBot/1.0; +https://seranking.com/backlinks-crawler)"
74.7.227.16 - - [13/Apr/2026:12:53:28 +0000] "GET /whsy.php?e=root&p=%2Fproc%2F16594 HTTP/2.0" 200 947 "https://shaksettle.com/whsy.php?p=%2Fproc%2F16594" "Mozilla/5.0 AppleWebKit/537.36 (KHTML, like Gecko; compatible; GPTBot/1.3; +https://openai.com/gptbot)"
144.76.32.187 - - [13/Apr/2026:12:53:31 +0000] "GET /whsy.php?p=/proc/28922 HTTP/1.1" 200 947 "-" "Mozilla/5.0 (compatible; SERankingBacklinksBot/1.0; +https://seranking.com/backlinks-crawler)"
74.7.227.16 - - [13/Apr/2026:12:53:31 +0000] "GET /whsy.php?e=ksm_stat&p=%2Fproc%2F10402 HTTP/2.0" 200 1936 "https://shaksettle.com/whsy.php?p=%2Fproc%2F10402" "Mozilla/5.0 AppleWebKit/537.36 (KHTML, like Gecko; compatible; GPTBot/1.3; +https://openai.com/gptbot)"
74.7.227.16 - - [13/Apr/2026:12:53:34 +0000] "GET /whsy.php?e=ksm_stat&p=%2Fproc%2F28618 HTTP/2.0" 200 1935 "https://shaksettle.com/whsy.php?p=%2Fproc%2F28618" "Mozilla/5.0 AppleWebKit/537.36 (KHTML, like Gecko; compatible; GPTBot/1.3; +https://openai.com/gptbot)"
144.76.32.187 - - [13/Apr/2026:12:53:35 +0000] "GET /whsy.php?p=/proc/28924 HTTP/1.1" 200 947 "-" "Mozilla/5.0 (compatible; SERankingBacklinksBot/1.0; +https://seranking.com/backlinks-crawler)"
74.7.227.16 - - [13/Apr/2026:12:53:37 +0000] "GET /whsy.php?e=ksm_stat&p=%2Fproc%2F16766 HTTP/2.0" 200 1936 "https://shaksettle.com/whsy.php?p=%2Fproc%2F16766" "Mozilla/5.0 AppleWebKit/537.36 (KHTML, like Gecko; compatible; GPTBot/1.3; +https://openai.com/gptbot)"
74.7.227.16 - - [13/Apr/2026:12:53:40 +0000] "GET /whsy.php?e=exe&p=%2Fproc%2F23659 HTTP/2.0" 200 1935 "https://shaksettle.com/whsy.php?p=%2Fproc%2F23659" "Mozilla/5.0 AppleWebKit/537.36 (KHTML, like Gecko; compatible; GPTBot/1.3; +https://openai.com/gptbot)"
144.76.32.187 - - [13/Apr/2026:12:53:41 +0000] "GET /whsy.php?p=/proc/28926 HTTP/1.1" 200 947 "-" "Mozilla/5.0 (compatible; SERankingBacklinksBot/1.0; +https://seranking.com/backlinks-crawler)"
74.7.227.16 - - [13/Apr/2026:12:53:44 +0000] "GET /whsy.php?e=oom_adj&p=%2Fproc%2F10402 HTTP/2.0" 200 2006 "https://shaksettle.com/whsy.php?p=%2Fproc%2F10402" "Mozilla/5.0 AppleWebKit/537.36 (KHTML, like Gecko; compatible; GPTBot/1.3; +https://openai.com/gptbot)"
144.76.32.187 - - [13/Apr/2026:12:53:46 +0000] "GET /whsy.php?p=/proc/28927 HTTP/1.1" 200 947 "-" "Mozilla/5.0 (compatible; SERankingBacklinksBot/1.0; +https://seranking.com/backlinks-crawler)"
74.7.227.16 - - [13/Apr/2026:12:53:48 +0000] "GET /whsy.php?e=oom_adj&p=%2Fproc%2F28618 HTTP/2.0" 200 2006 "https://shaksettle.com/whsy.php?p=%2Fproc%2F28618" "Mozilla/5.0 AppleWebKit/537.36 (KHTML, like Gecko; compatible; GPTBot/1.3; +https://openai.com/gptbot)"
144.76.32.187 - - [13/Apr/2026:12:53:52 +0000] "GET /whsy.php?p=/proc/28930 HTTP/1.1" 200 947 "-" "Mozilla/5.0 (compatible; SERankingBacklinksBot/1.0; +https://seranking.com/backlinks-crawler)"
74.7.241.28 - - [13/Apr/2026:12:53:53 +0000] "GET /whsy.php?e=setgroups&p=%2Fproc%2F4955 HTTP/2.0" 200 2006 "https://www.shaksettle.com.lab2454.com/whsy.php?p=%2Fproc%2F4955" "Mozilla/5.0 AppleWebKit/537.36 (KHTML, like Gecko; compatible; GPTBot/1.3; +https://openai.com/gptbot)"
74.7.227.16 - - [13/Apr/2026:12:53:54 +0000] "GET /whsy.php?e=oom_adj&p=%2Fproc%2F16766 HTTP/2.0" 200 2006 "https://shaksettle.com/whsy.php?p=%2Fproc%2F16766" "Mozilla/5.0 AppleWebKit/537.36 (KHTML, like Gecko; compatible; GPTBot/1.3; +https://openai.com/gptbot)"
144.76.32.187 - - [13/Apr/2026:12:53:57 +0000] "GET /whsy.php?p=/proc/28931 HTTP/1.1" 200 947 "-" "Mozilla/5.0 (compatible; SERankingBacklinksBot/1.0; +https://seranking.com/backlinks-crawler)"
74.7.227.16 - - [13/Apr/2026:12:54:01 +0000] "GET /whsy.php?e=oom_score_adj&p=%2Fproc%2F16594 HTTP/2.0" 200 947 "https://shaksettle.com/whsy.php?p=%2Fproc%2F16594" "Mozilla/5.0 AppleWebKit/537.36 (KHTML, like Gecko; compatible; GPTBot/1.3; +https://openai.com/gptbot)"
144.76.32.187 - - [13/Apr/2026:12:54:03 +0000] "GET /whsy.php?p=/proc/28932 HTTP/1.1" 200 947 "-" "Mozilla/5.0 (compatible; SERankingBacklinksBot/1.0; +https://seranking.com/backlinks-crawler)"
74.7.227.16 - - [13/Apr/2026:12:54:07 +0000] "GET /whsy.php?e=ksm_stat&p=%2Fproc%2F16594 HTTP/2.0" 200 947 "https://shaksettle.com/whsy.php?p=%2Fproc%2F16594" "Mozilla/5.0 AppleWebKit/537.36 (KHTML, like Gecko; compatible; GPTBot/1.3; +https://openai.com/gptbot)"
144.76.32.187 - - [13/Apr/2026:12:54:08 +0000] "GET /whsy.php?p=/proc/28933 HTTP/1.1" 200 947 "-" "Mozilla/5.0 (compatible; SERankingBacklinksBot/1.0; +https://seranking.com/backlinks-crawler)"
74.7.227.16 - - [13/Apr/2026:12:54:10 +0000] "GET /whsy.php?e=cmdline&p=%2Fproc%2F10402 HTTP/2.0" 200 2001 "https://shaksettle.com/whsy.php?p=%2Fproc%2F10402" "Mozilla/5.0 AppleWebKit/537.36 (KHTML, like Gecko; compatible; GPTBot/1.3; +https://openai.com/gptbot)"
144.76.32.187 - - [13/Apr/2026:12:54:13 +0000] "GET /whsy.php?p=/proc/28935 HTTP/1.1" 200 947 "-" "Mozilla/5.0 (compatible; SERankingBacklinksBot/1.0; +https://seranking.com/backlinks-crawler)"
74.7.227.16 - - [13/Apr/2026:12:54:13 +0000] "GET /whsy.php?e=cmdline&p=%2Fproc%2F16766 HTTP/2.0" 200 2002 "https://shaksettle.com/whsy.php?p=%2Fproc%2F16766" "Mozilla/5.0 AppleWebKit/537.36 (KHTML, like Gecko; compatible; GPTBot/1.3; +https://openai.com/gptbot)"
74.7.227.16 - - [13/Apr/2026:12:54:17 +0000] "GET /whsy.php?e=cmdline&p=%2Fproc%2F28618 HTTP/2.0" 200 947 "https://shaksettle.com/whsy.php?p=%2Fproc%2F28618" "Mozilla/5.0 AppleWebKit/537.36 (KHTML, like Gecko; compatible; GPTBot/1.3; +https://openai.com/gptbot)"
144.76.32.187 - - [13/Apr/2026:12:54:19 +0000] "GET /whsy.php?p=/proc/28937 HTTP/1.1" 200 947 "-" "Mozilla/5.0 (compatible; SERankingBacklinksBot/1.0; +https://seranking.com/backlinks-crawler)"
74.7.227.16 - - [13/Apr/2026:12:54:20 +0000] "GET /whsy.php?e=ksm_stat&p=%2Fproc%2F19379 HTTP/2.0" 200 1936 "https://shaksettle.com/whsy.php?p=%2Fproc%2F19379" "Mozilla/5.0 AppleWebKit/537.36 (KHTML, like Gecko; compatible; GPTBot/1.3; +https://openai.com/gptbot)"
74.7.227.16 - - [13/Apr/2026:12:54:23 +0000] "GET /whsy.php?e=ksm_stat&p=%2Fproc%2F23659 HTTP/2.0" 200 1935 "https://shaksettle.com/whsy.php?p=%2Fproc%2F23659" "Mozilla/5.0 AppleWebKit/537.36 (KHTML, like Gecko; compatible; GPTBot/1.3; +https://openai.com/gptbot)"
74.7.227.16 - - [13/Apr/2026:12:54:26 +0000] "GET /whsy.php?e=ksm_stat&p=%2Fproc%2F17705 HTTP/2.0" 200 947 "https://shaksettle.com/whsy.php?p=%2Fproc%2F17705" "Mozilla/5.0 AppleWebKit/537.36 (KHTML, like Gecko; compatible; GPTBot/1.3; +https://openai.com/gptbot)"
74.7.227.16 - - [13/Apr/2026:12:54:29 +0000] "GET /whsy.php?e=ksm_stat&p=%2Fproc%2F14945 HTTP/2.0" 200 1935 "https://shaksettle.com/whsy.php?p=%2Fproc%2F14945" "Mozilla/5.0 AppleWebKit/537.36 (KHTML, like Gecko; compatible; GPTBot/1.3; +https://openai.com/gptbot)"
144.76.32.187 - - [13/Apr/2026:12:54:31 +0000] "GET /whsy.php?p=/proc/28938 HTTP/1.1" 200 947 "-" "Mozilla/5.0 (compatible; SERankingBacklinksBot/1.0; +https://seranking.com/backlinks-crawler)"
74.7.227.16 - - [13/Apr/2026:12:54:33 +0000] "GET /whsy.php?e=oom_score_adj&p=%2Fproc%2F10402 HTTP/2.0" 200 2007 "https://shaksettle.com/whsy.php?p=%2Fproc%2F10402" "Mozilla/5.0 AppleWebKit/537.36 (KHTML, like Gecko; compatible; GPTBot/1.3; +https://openai.com/gptbot)"
74.7.241.28 - - [13/Apr/2026:12:54:33 +0000] "GET /whsy.php?e=current&p=%2Fproc%2F9303%2Fattr HTTP/2.0" 200 846 "https://www.shaksettle.com.lab2454.com/whsy.php?p=%2Fproc%2F9303%2Fattr" "Mozilla/5.0 AppleWebKit/537.36 (KHTML, like Gecko; compatible; GPTBot/1.3; +https://openai.com/gptbot)"
74.7.227.16 - - [13/Apr/2026:12:54:36 +0000] "GET /whsy.php?e=oom_score_adj&p=%2Fproc%2F16766 HTTP/2.0" 200 2008 "https://shaksettle.com/whsy.php?p=%2Fproc%2F16766" "Mozilla/5.0 AppleWebKit/537.36 (KHTML, like Gecko; compatible; GPTBot/1.3; +https://openai.com/gptbot)"
144.76.32.187 - - [13/Apr/2026:12:54:37 +0000] "GET /whsy.php?p=/proc/28939 HTTP/1.1" 200 947 "-" "Mozilla/5.0 (compatible; SERankingBacklinksBot/1.0; +https://seranking.com/backlinks-crawler)"
74.7.227.16 - - [13/Apr/2026:12:54:39 +0000] "GET /whsy.php?e=oom_score_adj&p=%2Fproc%2F28618 HTTP/2.0" 200 947 "https://shaksettle.com/whsy.php?p=%2Fproc%2F28618" "Mozilla/5.0 AppleWebKit/537.36 (KHTML, like Gecko; compatible; GPTBot/1.3; +https://openai.com/gptbot)"
74.7.227.16 - - [13/Apr/2026:12:54:42 +0000] "GET /whsy.php?e=root&p=%2Fproc%2F23659 HTTP/2.0" 200 1935 "https://shaksettle.com/whsy.php?p=%2Fproc%2F23659" "Mozilla/5.0 AppleWebKit/537.36 (KHTML, like Gecko; compatible; GPTBot/1.3; +https://openai.com/gptbot)"
144.76.32.187 - - [13/Apr/2026:12:54:42 +0000] "GET /whsy.php?p=/proc/28954 HTTP/1.1" 200 947 "-" "Mozilla/5.0 (compatible; SERankingBacklinksBot/1.0; +https://seranking.com/backlinks-crawler)"
74.7.227.16 - - [13/Apr/2026:12:54:46 +0000] "GET /whsy.php?e=personality&p=%2Fproc%2F10402 HTTP/2.0" 200 1936 "https://shaksettle.com/whsy.php?p=%2Fproc%2F10402" "Mozilla/5.0 AppleWebKit/537.36 (KHTML, like Gecko; compatible; GPTBot/1.3; +https://openai.com/gptbot)"
74.7.227.16 - - [13/Apr/2026:12:54:49 +0000] "GET /whsy.php?e=personality&p=%2Fproc%2F28618 HTTP/2.0" 200 947 "https://shaksettle.com/whsy.php?p=%2Fproc%2F28618" "Mozilla/5.0 AppleWebKit/537.36 (KHTML, like Gecko; compatible; GPTBot/1.3; +https://openai.com/gptbot)"
144.76.32.187 - - [13/Apr/2026:12:54:51 +0000] "GET /whsy.php?p=/proc/28957 HTTP/1.1" 200 947 "-" "Mozilla/5.0 (compatible; SERankingBacklinksBot/1.0; +https://seranking.com/backlinks-crawler)"
74.7.227.16 - - [13/Apr/2026:12:54:52 +0000] "GET /whsy.php?e=personality&p=%2Fproc%2F16766 HTTP/2.0" 200 1936 "https://shaksettle.com/whsy.php?p=%2Fproc%2F16766" "Mozilla/5.0 AppleWebKit/537.36 (KHTML, like Gecko; compatible; GPTBot/1.3; +https://openai.com/gptbot)"
74.7.227.16 - - [13/Apr/2026:12:54:55 +0000] "GET /whsy.php?e=oom_score_adj&p=%2Fproc%2F14945 HTTP/2.0" 200 2007 "https://shaksettle.com/whsy.php?p=%2Fproc%2F14945" "Mozilla/5.0 AppleWebKit/537.36 (KHTML, like Gecko; compatible; GPTBot/1.3; +https://openai.com/gptbot)"
74.7.227.16 - - [13/Apr/2026:12:54:58 +0000] "GET /whsy.php?e=oom_score_adj&p=%2Fproc%2F19379 HTTP/2.0" 200 2008 "https://shaksettle.com/whsy.php?p=%2Fproc%2F19379" "Mozilla/5.0 AppleWebKit/537.36 (KHTML, like Gecko; compatible; GPTBot/1.3; +https://openai.com/gptbot)"
144.76.32.187 - - [13/Apr/2026:12:55:00 +0000] "GET /whsy.php?p=/proc/28959 HTTP/1.1" 200 947 "-" "Mozilla/5.0 (compatible; SERankingBacklinksBot/1.0; +https://seranking.com/backlinks-crawler)"
74.7.227.16 - - [13/Apr/2026:12:55:02 +0000] "GET /whsy.php?e=oom_score_adj&p=%2Fproc%2F17705 HTTP/2.0" 200 947 "https://shaksettle.com/whsy.php?p=%2Fproc%2F17705" "Mozilla/5.0 AppleWebKit/537.36 (KHTML, like Gecko; compatible; GPTBot/1.3; +https://openai.com/gptbot)"
74.7.227.16 - - [13/Apr/2026:12:55:05 +0000] "GET /whsy.php?e=oom_score_adj&p=%2Fproc%2F23659 HTTP/2.0" 200 2008 "https://shaksettle.com/whsy.php?p=%2Fproc%2F23659" "Mozilla/5.0 AppleWebKit/537.36 (KHTML, like Gecko; compatible; GPTBot/1.3; +https://openai.com/gptbot)"
74.7.227.16 - - [13/Apr/2026:12:55:08 +0000] "GET /whsy.php?e=comm&p=%2Fproc%2F10402 HTTP/2.0" 200 2025 "https://shaksettle.com/whsy.php?p=%2Fproc%2F10402" "Mozilla/5.0 AppleWebKit/537.36 (KHTML, like Gecko; compatible; GPTBot/1.3; +https://openai.com/gptbot)"
74.7.241.28 - - [13/Apr/2026:12:55:10 +0000] "GET /whsy.php?e=current&p=%2Fproc%2F4955%2Fattr HTTP/2.0" 200 848 "https://www.shaksettle.com.lab2454.com/whsy.php?p=%2Fproc%2F4955%2Fattr" "Mozilla/5.0 AppleWebKit/537.36 (KHTML, like Gecko; compatible; GPTBot/1.3; +https://openai.com/gptbot)"
144.76.32.187 - - [13/Apr/2026:12:55:11 +0000] "GET /whsy.php?p=/proc/28967 HTTP/1.1" 200 947 "-" "Mozilla/5.0 (compatible; SERankingBacklinksBot/1.0; +https://seranking.com/backlinks-crawler)"
74.7.227.16 - - [13/Apr/2026:12:55:12 +0000] "GET /whsy.php?e=comm&p=%2Fproc%2F28618 HTTP/2.0" 200 947 "https://shaksettle.com/whsy.php?p=%2Fproc%2F28618" "Mozilla/5.0 AppleWebKit/537.36 (KHTML, like Gecko; compatible; GPTBot/1.3; +https://openai.com/gptbot)"
74.7.227.16 - - [13/Apr/2026:12:55:15 +0000] "GET /whsy.php?e=root&p=%2Fproc%2F16766 HTTP/2.0" 200 1936 "https://shaksettle.com/whsy.php?p=%2Fproc%2F16766" "Mozilla/5.0 AppleWebKit/537.36 (KHTML, like Gecko; compatible; GPTBot/1.3; +https://openai.com/gptbot)"
144.76.32.187 - - [13/Apr/2026:12:55:16 +0000] "GET /whsy.php?p=/proc/28968 HTTP/1.1" 200 947 "-" "Mozilla/5.0 (compatible; SERankingBacklinksBot/1.0; +https://seranking.com/backlinks-crawler)"
74.7.227.16 - - [13/Apr/2026:12:55:18 +0000] "GET /whsy.php?e=comm&p=%2Fproc%2F16766 HTTP/2.0" 200 2028 "https://shaksettle.com/whsy.php?p=%2Fproc%2F16766" "Mozilla/5.0 AppleWebKit/537.36 (KHTML, like Gecko; compatible; GPTBot/1.3; +https://openai.com/gptbot)"
144.76.32.187 - - [13/Apr/2026:12:55:20 +0000] "GET /whsy.php?p=/proc/28969 HTTP/1.1" 200 947 "-" "Mozilla/5.0 (compatible; SERankingBacklinksBot/1.0; +https://seranking.com/backlinks-crawler)"
74.7.227.16 - - [13/Apr/2026:12:55:21 +0000] "GET /whsy.php?e=maps&p=%2Fproc%2F16766 HTTP/2.0" 200 2004 "https://shaksettle.com/whsy.php?p=%2Fproc%2F16766" "Mozilla/5.0 AppleWebKit/537.36 (KHTML, like Gecko; compatible; GPTBot/1.3; +https://openai.com/gptbot)"
144.76.32.187 - - [13/Apr/2026:12:55:24 +0000] "GET /whsy.php?p=/proc/28971 HTTP/1.1" 200 947 "-" "Mozilla/5.0 (compatible; SERankingBacklinksBot/1.0; +https://seranking.com/backlinks-crawler)"
74.7.227.16 - - [13/Apr/2026:12:55:25 +0000] "GET /whsy.php?e=root&p=%2Fproc%2F28618 HTTP/2.0" 200 947 "https://shaksettle.com/whsy.php?p=%2Fproc%2F28618" "Mozilla/5.0 AppleWebKit/537.36 (KHTML, like Gecko; compatible; GPTBot/1.3; +https://openai.com/gptbot)"
74.7.227.16 - - [13/Apr/2026:12:55:28 +0000] "GET /whsy.php?e=maps&p=%2Fproc%2F10402 HTTP/2.0" 200 2003 "https://shaksettle.com/whsy.php?p=%2Fproc%2F10402" "Mozilla/5.0 AppleWebKit/537.36 (KHTML, like Gecko; compatible; GPTBot/1.3; +https://openai.com/gptbot)"
144.76.32.187 - - [13/Apr/2026:12:55:28 +0000] "GET /whsy.php?p=/proc/28972 HTTP/1.1" 200 947 "-" "Mozilla/5.0 (compatible; SERankingBacklinksBot/1.0; +https://seranking.com/backlinks-crawler)"
74.7.227.16 - - [13/Apr/2026:12:55:31 +0000] "GET /whsy.php?e=maps&p=%2Fproc%2F28618 HTTP/2.0" 200 947 "https://shaksettle.com/whsy.php?p=%2Fproc%2F28618" "Mozilla/5.0 AppleWebKit/537.36 (KHTML, like Gecko; compatible; GPTBot/1.3; +https://openai.com/gptbot)"
74.7.227.16 - - [13/Apr/2026:12:55:35 +0000] "GET /whsy.php?e=root&p=%2Fproc%2F10402 HTTP/2.0" 200 1936 "https://shaksettle.com/whsy.php?p=%2Fproc%2F10402" "Mozilla/5.0 AppleWebKit/537.36 (KHTML, like Gecko; compatible; GPTBot/1.3; +https://openai.com/gptbot)"
144.76.32.187 - - [13/Apr/2026:12:55:35 +0000] "GET /whsy.php?p=/proc/28973 HTTP/1.1" 200 947 "-" "Mozilla/5.0 (compatible; SERankingBacklinksBot/1.0; +https://seranking.com/backlinks-crawler)"
74.7.227.16 - - [13/Apr/2026:12:55:38 +0000] "GET /whsy.php?e=clear_refs&p=%2Fproc%2F14945 HTTP/2.0" 200 1935 "https://shaksettle.com/whsy.php?p=%2Fproc%2F14945" "Mozilla/5.0 AppleWebKit/537.36 (KHTML, like Gecko; compatible; GPTBot/1.3; +https://openai.com/gptbot)"
144.76.32.187 - - [13/Apr/2026:12:55:39 +0000] "GET /whsy.php?p=/proc/28974 HTTP/1.1" 200 947 "-" "Mozilla/5.0 (compatible; SERankingBacklinksBot/1.0; +https://seranking.com/backlinks-crawler)"
74.7.227.16 - - [13/Apr/2026:12:55:41 +0000] "GET /whsy.php?e=clear_refs&p=%2Fproc%2F17705 HTTP/2.0" 200 947 "https://shaksettle.com/whsy.php?p=%2Fproc%2F17705" "Mozilla/5.0 AppleWebKit/537.36 (KHTML, like Gecko; compatible; GPTBot/1.3; +https://openai.com/gptbot)"
74.7.241.28 - - [13/Apr/2026:12:55:42 +0000] "GET /whsy.php?e=clear_refs&p=%2Fproc%2F6781 HTTP/2.0" 200 1935 "https://www.shaksettle.com.lab2454.com/whsy.php?p=%2Fproc%2F6781" "Mozilla/5.0 AppleWebKit/537.36 (KHTML, like Gecko; compatible; GPTBot/1.3; +https://openai.com/gptbot)"
144.76.32.187 - - [13/Apr/2026:12:55:43 +0000] "GET /whsy.php?p=/proc/28976 HTTP/1.1" 200 947 "-" "Mozilla/5.0 (compatible; SERankingBacklinksBot/1.0; +https://seranking.com/backlinks-crawler)"
74.7.227.16 - - [13/Apr/2026:12:55:45 +0000] "GET /whsy.php?e=clear_refs&p=%2Fproc%2F19379 HTTP/2.0" 200 1936 "https://shaksettle.com/whsy.php?p=%2Fproc%2F19379" "Mozilla/5.0 AppleWebKit/537.36 (KHTML, like Gecko; compatible; GPTBot/1.3; +https://openai.com/gptbot)"
144.76.32.187 - - [13/Apr/2026:12:55:47 +0000] "GET /whsy.php?p=/proc/28978 HTTP/1.1" 200 947 "-" "Mozilla/5.0 (compatible; SERankingBacklinksBot/1.0; +https://seranking.com/backlinks-crawler)"
74.7.227.16 - - [13/Apr/2026:12:55:48 +0000] "GET /whsy.php?e=comm&p=%2Fproc%2F19379 HTTP/2.0" 200 2030 "https://shaksettle.com/whsy.php?p=%2Fproc%2F19379" "Mozilla/5.0 AppleWebKit/537.36 (KHTML, like Gecko; compatible; GPTBot/1.3; +https://openai.com/gptbot)"
144.76.32.187 - - [13/Apr/2026:12:55:52 +0000] "GET /whsy.php?p=/proc/28979 HTTP/1.1" 200 947 "-" "Mozilla/5.0 (compatible; SERankingBacklinksBot/1.0; +https://seranking.com/backlinks-crawler)"
144.76.32.187 - - [13/Apr/2026:12:55:56 +0000] "GET /whsy.php?p=/proc/28980 HTTP/1.1" 200 947 "-" "Mozilla/5.0 (compatible; SERankingBacklinksBot/1.0; +https://seranking.com/backlinks-crawler)"
74.7.227.16 - - [13/Apr/2026:12:55:59 +0000] "GET /whsy.php?e=maps&p=%2Fproc%2F17705 HTTP/2.0" 200 947 "https://shaksettle.com/whsy.php?p=%2Fproc%2F17705" "Mozilla/5.0 AppleWebKit/537.36 (KHTML, like Gecko; compatible; GPTBot/1.3; +https://openai.com/gptbot)"
144.76.32.187 - - [13/Apr/2026:12:56:00 +0000] "GET /whsy.php?p=/proc/28984 HTTP/1.1" 200 947 "-" "Mozilla/5.0 (compatible; SERankingBacklinksBot/1.0; +https://seranking.com/backlinks-crawler)"
144.76.32.187 - - [13/Apr/2026:12:56:04 +0000] "GET /whsy.php?p=/proc/28985 HTTP/1.1" 200 947 "-" "Mozilla/5.0 (compatible; SERankingBacklinksBot/1.0; +https://seranking.com/backlinks-crawler)"
74.7.227.16 - - [13/Apr/2026:12:56:04 +0000] "GET /whsy.php?e=maps&p=%2Fproc%2F14945 HTTP/2.0" 200 2004 "https://shaksettle.com/whsy.php?p=%2Fproc%2F14945" "Mozilla/5.0 AppleWebKit/537.36 (KHTML, like Gecko; compatible; GPTBot/1.3; +https://openai.com/gptbot)"
144.76.32.187 - - [13/Apr/2026:12:56:08 +0000] "GET /whsy.php?p=/proc/28987 HTTP/1.1" 200 947 "-" "Mozilla/5.0 (compatible; SERankingBacklinksBot/1.0; +https://seranking.com/backlinks-crawler)"
74.7.227.16 - - [13/Apr/2026:12:56:11 +0000] "GET /whsy.php?e=maps&p=%2Fproc%2F19379 HTTP/2.0" 200 2004 "https://shaksettle.com/whsy.php?p=%2Fproc%2F19379" "Mozilla/5.0 AppleWebKit/537.36 (KHTML, like Gecko; compatible; GPTBot/1.3; +https://openai.com/gptbot)"
144.76.32.187 - - [13/Apr/2026:12:56:13 +0000] "GET /whsy.php?p=/proc/28990 HTTP/1.1" 200 947 "-" "Mozilla/5.0 (compatible; SERankingBacklinksBot/1.0; +https://seranking.com/backlinks-crawler)"
74.7.241.28 - - [13/Apr/2026:12:56:15 +0000] "GET /whsy.php?p=%2Fproc%2F6781%2Fnet HTTP/2.0" 200 2441 "https://www.shaksettle.com.lab2454.com/whsy.php?p=%2Fproc%2F6781" "Mozilla/5.0 AppleWebKit/537.36 (KHTML, like Gecko; compatible; GPTBot/1.3; +https://openai.com/gptbot)"
74.7.227.16 - - [13/Apr/2026:12:56:17 +0000] "GET /whsy.php?e=comm&p=%2Fproc%2F17705 HTTP/2.0" 200 947 "https://shaksettle.com/whsy.php?p=%2Fproc%2F17705" "Mozilla/5.0 AppleWebKit/537.36 (KHTML, like Gecko; compatible; GPTBot/1.3; +https://openai.com/gptbot)"
144.76.32.187 - - [13/Apr/2026:12:56:19 +0000] "GET /whsy.php?p=/proc/28992 HTTP/1.1" 200 947 "-" "Mozilla/5.0 (compatible; SERankingBacklinksBot/1.0; +https://seranking.com/backlinks-crawler)"
74.7.227.16 - - [13/Apr/2026:12:56:21 +0000] "GET /whsy.php?e=cgroup&p=%2Fproc%2F16766 HTTP/2.0" 200 2117 "https://shaksettle.com/whsy.php?p=%2Fproc%2F16766" "Mozilla/5.0 AppleWebKit/537.36 (KHTML, like Gecko; compatible; GPTBot/1.3; +https://openai.com/gptbot)"
144.76.32.187 - - [13/Apr/2026:12:56:23 +0000] "GET /whsy.php?p=/proc/28993 HTTP/1.1" 200 947 "-" "Mozilla/5.0 (compatible; SERankingBacklinksBot/1.0; +https://seranking.com/backlinks-crawler)"
74.7.227.16 - - [13/Apr/2026:12:56:25 +0000] "GET /whsy.php?e=cpuset&p=%2Fproc%2F28618 HTTP/2.0" 200 947 "https://shaksettle.com/whsy.php?p=%2Fproc%2F28618" "Mozilla/5.0 AppleWebKit/537.36 (KHTML, like Gecko; compatible; GPTBot/1.3; +https://openai.com/gptbot)"
144.76.32.187 - - [13/Apr/2026:12:56:29 +0000] "GET /whsy.php?p=/proc/29001 HTTP/1.1" 200 947 "-" "Mozilla/5.0 (compatible; SERankingBacklinksBot/1.0; +https://seranking.com/backlinks-crawler)"
74.7.227.16 - - [13/Apr/2026:12:56:30 +0000] "GET /whsy.php?e=cpuset&p=%2Fproc%2F16766 HTTP/2.0" 200 2006 "https://shaksettle.com/whsy.php?p=%2Fproc%2F16766" "Mozilla/5.0 AppleWebKit/537.36 (KHTML, like Gecko; compatible; GPTBot/1.3; +https://openai.com/gptbot)"
74.7.227.16 - - [13/Apr/2026:12:56:34 +0000] "GET /whsy.php?e=cgroup&p=%2Fproc%2F10402 HTTP/2.0" 200 2115 "https://shaksettle.com/whsy.php?p=%2Fproc%2F10402" "Mozilla/5.0 AppleWebKit/537.36 (KHTML, like Gecko; compatible; GPTBot/1.3; +https://openai.com/gptbot)"
144.76.32.187 - - [13/Apr/2026:12:56:35 +0000] "GET /whsy.php?p=/proc/29016 HTTP/1.1" 200 947 "-" "Mozilla/5.0 (compatible; SERankingBacklinksBot/1.0; +https://seranking.com/backlinks-crawler)"
74.7.227.16 - - [13/Apr/2026:12:56:38 +0000] "GET /whsy.php?e=cpuset&p=%2Fproc%2F10402 HTTP/2.0" 200 2005 "https://shaksettle.com/whsy.php?p=%2Fproc%2F10402" "Mozilla/5.0 AppleWebKit/537.36 (KHTML, like Gecko; compatible; GPTBot/1.3; +https://openai.com/gptbot)"
144.76.32.187 - - [13/Apr/2026:12:56:40 +0000] "GET /whsy.php?p=/proc/29018 HTTP/1.1" 200 947 "-" "Mozilla/5.0 (compatible; SERankingBacklinksBot/1.0; +https://seranking.com/backlinks-crawler)"
74.7.241.28 - - [13/Apr/2026:12:56:44 +0000] "GET /whsy.php?p=%2Fproc%2F4955%2Fnet HTTP/2.0" 200 2441 "https://www.shaksettle.com.lab2454.com/whsy.php?p=%2Fproc%2F4955" "Mozilla/5.0 AppleWebKit/537.36 (KHTML, like Gecko; compatible; GPTBot/1.3; +https://openai.com/gptbot)"
144.76.32.187 - - [13/Apr/2026:12:56:45 +0000] "GET /whsy.php?p=/proc/29030 HTTP/1.1" 200 947 "-" "Mozilla/5.0 (compatible; SERankingBacklinksBot/1.0; +https://seranking.com/backlinks-crawler)"
74.7.227.16 - - [13/Apr/2026:12:56:47 +0000] "GET /whsy.php?e=cgroup&p=%2Fproc%2F28618 HTTP/2.0" 200 947 "https://shaksettle.com/whsy.php?p=%2Fproc%2F28618" "Mozilla/5.0 AppleWebKit/537.36 (KHTML, like Gecko; compatible; GPTBot/1.3; +https://openai.com/gptbot)"
144.76.32.187 - - [13/Apr/2026:12:56:49 +0000] "GET /whsy.php?p=/proc/29096 HTTP/1.1" 200 947 "-" "Mozilla/5.0 (compatible; SERankingBacklinksBot/1.0; +https://seranking.com/backlinks-crawler)"
144.76.32.187 - - [13/Apr/2026:12:56:53 +0000] "GET /whsy.php?p=/proc/29097 HTTP/1.1" 200 947 "-" "Mozilla/5.0 (compatible; SERankingBacklinksBot/1.0; +https://seranking.com/backlinks-crawler)"
74.7.227.16 - - [13/Apr/2026:12:56:53 +0000] "GET /whsy.php?e=cmdline&p=%2Fproc%2F14945 HTTP/2.0" 200 2002 "https://shaksettle.com/whsy.php?p=%2Fproc%2F14945" "Mozilla/5.0 AppleWebKit/537.36 (KHTML, like Gecko; compatible; GPTBot/1.3; +https://openai.com/gptbot)"
144.76.32.187 - - [13/Apr/2026:12:56:57 +0000] "GET /whsy.php?p=/proc/29099 HTTP/1.1" 200 947 "-" "Mozilla/5.0 (compatible; SERankingBacklinksBot/1.0; +https://seranking.com/backlinks-crawler)"
144.76.32.187 - - [13/Apr/2026:12:57:01 +0000] "GET /whsy.php?p=/proc/29100 HTTP/1.1" 200 947 "-" "Mozilla/5.0 (compatible; SERankingBacklinksBot/1.0; +https://seranking.com/backlinks-crawler)"
74.7.227.16 - - [13/Apr/2026:12:57:02 +0000] "GET /whsy.php?e=cmdline&p=%2Fproc%2F19379 HTTP/2.0" 200 2003 "https://shaksettle.com/whsy.php?p=%2Fproc%2F19379" "Mozilla/5.0 AppleWebKit/537.36 (KHTML, like Gecko; compatible; GPTBot/1.3; +https://openai.com/gptbot)"
144.76.32.187 - - [13/Apr/2026:12:57:07 +0000] "GET /whsy.php?p=/proc/29101 HTTP/1.1" 200 947 "-" "Mozilla/5.0 (compatible; SERankingBacklinksBot/1.0; +https://seranking.com/backlinks-crawler)"
74.7.241.28 - - [13/Apr/2026:12:57:10 +0000] "GET /whsy.php?p=%2Fproc%2F9303%2Fnet HTTP/2.0" 200 2440 "https://www.shaksettle.com.lab2454.com/whsy.php?p=%2Fproc%2F9303" "Mozilla/5.0 AppleWebKit/537.36 (KHTML, like Gecko; compatible; GPTBot/1.3; +https://openai.com/gptbot)"
74.7.227.16 - - [13/Apr/2026:12:57:11 +0000] "GET /whsy.php?e=cmdline&p=%2Fproc%2F16594 HTTP/2.0" 200 947 "https://shaksettle.com/whsy.php?p=%2Fproc%2F16594" "Mozilla/5.0 AppleWebKit/537.36 (KHTML, like Gecko; compatible; GPTBot/1.3; +https://openai.com/gptbot)"
144.76.32.187 - - [13/Apr/2026:12:57:13 +0000] "GET /whsy.php?p=/proc/29102 HTTP/1.1" 200 947 "-" "Mozilla/5.0 (compatible; SERankingBacklinksBot/1.0; +https://seranking.com/backlinks-crawler)"
144.76.32.187 - - [13/Apr/2026:12:57:18 +0000] "GET /whsy.php?p=/proc/29103 HTTP/1.1" 200 947 "-" "Mozilla/5.0 (compatible; SERankingBacklinksBot/1.0; +https://seranking.com/backlinks-crawler)"
144.76.32.187 - - [13/Apr/2026:12:57:22 +0000] "GET /whsy.php?p=/proc/29104 HTTP/1.1" 200 947 "-" "Mozilla/5.0 (compatible; SERankingBacklinksBot/1.0; +https://seranking.com/backlinks-crawler)"
144.76.32.187 - - [13/Apr/2026:12:57:27 +0000] "GET /whsy.php?p=/proc/29107 HTTP/1.1" 200 947 "-" "Mozilla/5.0 (compatible; SERankingBacklinksBot/1.0; +https://seranking.com/backlinks-crawler)"
74.7.227.16 - - [13/Apr/2026:12:57:29 +0000] "GET /whsy.php?e=cmdline&p=%2Fproc%2F17705 HTTP/2.0" 200 947 "https://shaksettle.com/whsy.php?p=%2Fproc%2F17705" "Mozilla/5.0 AppleWebKit/537.36 (KHTML, like Gecko; compatible; GPTBot/1.3; +https://openai.com/gptbot)"
144.76.32.187 - - [13/Apr/2026:12:57:31 +0000] "GET /whsy.php?p=/proc/29108 HTTP/1.1" 200 947 "-" "Mozilla/5.0 (compatible; SERankingBacklinksBot/1.0; +https://seranking.com/backlinks-crawler)"
74.7.241.28 - - [13/Apr/2026:12:57:35 +0000] "GET /whsy.php?e=current&p=%2Fproc%2F6781%2Fattr HTTP/2.0" 200 848 "https://www.shaksettle.com.lab2454.com/whsy.php?p=%2Fproc%2F6781%2Fattr" "Mozilla/5.0 AppleWebKit/537.36 (KHTML, like Gecko; compatible; GPTBot/1.3; +https://openai.com/gptbot)"
144.76.32.187 - - [13/Apr/2026:12:57:38 +0000] "GET /whsy.php?p=/proc/29121 HTTP/1.1" 200 947 "-" "Mozilla/5.0 (compatible; SERankingBacklinksBot/1.0; +https://seranking.com/backlinks-crawler)"
74.7.241.28 - - [13/Apr/2026:12:57:51 +0000] "GET /whsy.php?e=fscreate&p=%2Fproc%2F6781%2Fattr HTTP/2.0" 200 857 "https://www.shaksettle.com.lab2454.com/whsy.php?p=%2Fproc%2F6781%2Fattr" "Mozilla/5.0 AppleWebKit/537.36 (KHTML, like Gecko; compatible; GPTBot/1.3; +https://openai.com/gptbot)"
144.76.32.187 - - [13/Apr/2026:12:57:56 +0000] "GET /whsy.php?p=/proc/29155 HTTP/1.1" 200 947 "-" "Mozilla/5.0 (compatible; SERankingBacklinksBot/1.0; +https://seranking.com/backlinks-crawler)"
144.76.32.187 - - [13/Apr/2026:12:58:08 +0000] "GET /whsy.php?p=/proc/29158 HTTP/1.1" 200 947 "-" "Mozilla/5.0 (compatible; SERankingBacklinksBot/1.0; +https://seranking.com/backlinks-crawler)"
144.76.32.187 - - [13/Apr/2026:12:58:16 +0000] "GET /whsy.php?p=/proc/29159 HTTP/1.1" 200 947 "-" "Mozilla/5.0 (compatible; SERankingBacklinksBot/1.0; +https://seranking.com/backlinks-crawler)"
144.76.32.187 - - [13/Apr/2026:12:58:19 +0000] "GET /whsy.php?p=/proc/29160 HTTP/1.1" 200 947 "-" "Mozilla/5.0 (compatible; SERankingBacklinksBot/1.0; +https://seranking.com/backlinks-crawler)"
74.7.241.28 - - [13/Apr/2026:12:58:21 +0000] "GET /whsy.php?e=smaps_rollup&p=%2Fproc%2F4955 HTTP/2.0" 200 2008 "https://www.shaksettle.com.lab2454.com/whsy.php?p=%2Fproc%2F4955" "Mozilla/5.0 AppleWebKit/537.36 (KHTML, like Gecko; compatible; GPTBot/1.3; +https://openai.com/gptbot)"
144.76.32.187 - - [13/Apr/2026:12:58:26 +0000] "GET /whsy.php?p=/proc/29164 HTTP/1.1" 200 947 "-" "Mozilla/5.0 (compatible; SERankingBacklinksBot/1.0; +https://seranking.com/backlinks-crawler)"
144.76.32.187 - - [13/Apr/2026:12:58:35 +0000] "GET /whsy.php?p=/proc/29180 HTTP/1.1" 200 947 "-" "Mozilla/5.0 (compatible; SERankingBacklinksBot/1.0; +https://seranking.com/backlinks-crawler)"
74.7.241.28 - - [13/Apr/2026:12:58:37 +0000] "GET /whsy.php?e=smaps_rollup&p=%2Fproc%2F9303 HTTP/2.0" 200 2119 "https://www.shaksettle.com.lab2454.com/whsy.php?p=%2Fproc%2F9303" "Mozilla/5.0 AppleWebKit/537.36 (KHTML, like Gecko; compatible; GPTBot/1.3; +https://openai.com/gptbot)"
144.76.32.187 - - [13/Apr/2026:12:58:44 +0000] "GET /whsy.php?p=/proc/29183 HTTP/1.1" 200 947 "-" "Mozilla/5.0 (compatible; SERankingBacklinksBot/1.0; +https://seranking.com/backlinks-crawler)"
144.76.32.187 - - [13/Apr/2026:12:58:48 +0000] "GET /whsy.php?p=/proc/29190 HTTP/1.1" 200 947 "-" "Mozilla/5.0 (compatible; SERankingBacklinksBot/1.0; +https://seranking.com/backlinks-crawler)"
74.7.241.28 - - [13/Apr/2026:12:58:53 +0000] "GET /whsy.php?e=fscreate&p=%2Fproc%2F4955%2Fattr HTTP/2.0" 200 857 "https://www.shaksettle.com.lab2454.com/whsy.php?p=%2Fproc%2F4955%2Fattr" "Mozilla/5.0 AppleWebKit/537.36 (KHTML, like Gecko; compatible; GPTBot/1.3; +https://openai.com/gptbot)"
144.76.32.187 - - [13/Apr/2026:12:58:55 +0000] "GET /whsy.php?p=/proc/29205 HTTP/1.1" 200 947 "-" "Mozilla/5.0 (compatible; SERankingBacklinksBot/1.0; +https://seranking.com/backlinks-crawler)"
144.76.32.187 - - [13/Apr/2026:12:59:01 +0000] "GET /whsy.php?p=/proc/29213 HTTP/1.1" 200 947 "-" "Mozilla/5.0 (compatible; SERankingBacklinksBot/1.0; +https://seranking.com/backlinks-crawler)"
74.7.241.28 - - [13/Apr/2026:12:59:06 +0000] "GET /whsy.php?e=fscreate&p=%2Fproc%2F9303%2Fattr HTTP/2.0" 200 856 "https://www.shaksettle.com.lab2454.com/whsy.php?p=%2Fproc%2F9303%2Fattr" "Mozilla/5.0 AppleWebKit/537.36 (KHTML, like Gecko; compatible; GPTBot/1.3; +https://openai.com/gptbot)"
144.76.32.187 - - [13/Apr/2026:12:59:08 +0000] "GET /whsy.php?p=/proc/29226 HTTP/1.1" 200 947 "-" "Mozilla/5.0 (compatible; SERankingBacklinksBot/1.0; +https://seranking.com/backlinks-crawler)"
144.76.32.187 - - [13/Apr/2026:12:59:12 +0000] "GET /whsy.php?p=/proc/29282 HTTP/1.1" 200 947 "-" "Mozilla/5.0 (compatible; SERankingBacklinksBot/1.0; +https://seranking.com/backlinks-crawler)"
144.76.32.187 - - [13/Apr/2026:12:59:17 +0000] "GET /whsy.php?p=/proc/29325 HTTP/1.1" 200 947 "-" "Mozilla/5.0 (compatible; SERankingBacklinksBot/1.0; +https://seranking.com/backlinks-crawler)"
144.76.32.187 - - [13/Apr/2026:12:59:21 +0000] "GET /whsy.php?p=/proc/29362 HTTP/1.1" 200 947 "-" "Mozilla/5.0 (compatible; SERankingBacklinksBot/1.0; +https://seranking.com/backlinks-crawler)"
74.7.241.28 - - [13/Apr/2026:12:59:22 +0000] "GET /whsy.php?e=clear_refs&p=%2Fproc%2F9303 HTTP/2.0" 200 1934 "https://www.shaksettle.com.lab2454.com/whsy.php?p=%2Fproc%2F9303" "Mozilla/5.0 AppleWebKit/537.36 (KHTML, like Gecko; compatible; GPTBot/1.3; +https://openai.com/gptbot)"
144.76.32.187 - - [13/Apr/2026:12:59:26 +0000] "GET /whsy.php?p=/proc/29399 HTTP/1.1" 200 947 "-" "Mozilla/5.0 (compatible; SERankingBacklinksBot/1.0; +https://seranking.com/backlinks-crawler)"
144.76.32.187 - - [13/Apr/2026:12:59:34 +0000] "GET /whsy.php?p=/proc/29424 HTTP/1.1" 200 947 "-" "Mozilla/5.0 (compatible; SERankingBacklinksBot/1.0; +https://seranking.com/backlinks-crawler)"
74.7.241.28 - - [13/Apr/2026:12:59:38 +0000] "GET /whsy.php?e=clear_refs&p=%2Fproc%2F4955 HTTP/2.0" 200 1935 "https://www.shaksettle.com.lab2454.com/whsy.php?p=%2Fproc%2F4955" "Mozilla/5.0 AppleWebKit/537.36 (KHTML, like Gecko; compatible; GPTBot/1.3; +https://openai.com/gptbot)"
74.7.175.156 - - [13/Apr/2026:12:59:40 +0000] "GET /robots.txt HTTP/2.0" 404 - "-" "Mozilla/5.0 (Macintosh; Intel Mac OS X 10_15_7) AppleWebKit/537.36 (KHTML, like Gecko) Chrome/131.0.0.0 Safari/537.36; compatible; OAI-SearchBot/1.3; robots.txt; +https://openai.com/searchbot"
144.76.32.187 - - [13/Apr/2026:12:59:42 +0000] "GET /whsy.php?p=/proc/29434 HTTP/1.1" 200 947 "-" "Mozilla/5.0 (compatible; SERankingBacklinksBot/1.0; +https://seranking.com/backlinks-crawler)"
144.76.32.187 - - [13/Apr/2026:12:59:46 +0000] "GET /whsy.php?p=/proc/29442 HTTP/1.1" 200 947 "-" "Mozilla/5.0 (compatible; SERankingBacklinksBot/1.0; +https://seranking.com/backlinks-crawler)"
74.7.241.28 - - [13/Apr/2026:12:59:48 +0000] "GET /whsy.php?e=ip_vs_stats_percpu&p=%2Fproc%2F6781%2Fnet HTTP/2.0" 200 2631 "https://www.shaksettle.com.lab2454.com/whsy.php?p=%2Fproc%2F6781%2Fnet" "Mozilla/5.0 AppleWebKit/537.36 (KHTML, like Gecko; compatible; GPTBot/1.3; +https://openai.com/gptbot)"
144.76.32.187 - - [13/Apr/2026:12:59:49 +0000] "GET /whsy.php?p=/proc/29448 HTTP/1.1" 200 947 "-" "Mozilla/5.0 (compatible; SERankingBacklinksBot/1.0; +https://seranking.com/backlinks-crawler)"
144.76.32.187 - - [13/Apr/2026:13:00:02 +0000] "GET /whsy.php?p=/proc/29450 HTTP/1.1" 200 947 "-" "Mozilla/5.0 (compatible; SERankingBacklinksBot/1.0; +https://seranking.com/backlinks-crawler)"
74.7.241.28 - - [13/Apr/2026:13:00:04 +0000] "GET /whsy.php?e=ip_vs_conn_sync&p=%2Fproc%2F4955%2Fnet HTTP/2.0" 200 2559 "https://www.shaksettle.com.lab2454.com/whsy.php?p=%2Fproc%2F4955%2Fnet" "Mozilla/5.0 AppleWebKit/537.36 (KHTML, like Gecko; compatible; GPTBot/1.3; +https://openai.com/gptbot)"
144.76.32.187 - - [13/Apr/2026:13:00:06 +0000] "GET /whsy.php?p=/proc/29469 HTTP/1.1" 200 947 "-" "Mozilla/5.0 (compatible; SERankingBacklinksBot/1.0; +https://seranking.com/backlinks-crawler)"
144.76.32.187 - - [13/Apr/2026:13:00:12 +0000] "GET /whsy.php?p=/proc/29507 HTTP/1.1" 200 947 "-" "Mozilla/5.0 (compatible; SERankingBacklinksBot/1.0; +https://seranking.com/backlinks-crawler)"
144.76.32.187 - - [13/Apr/2026:13:00:16 +0000] "GET /whsy.php?p=/proc/29511 HTTP/1.1" 200 947 "-" "Mozilla/5.0 (compatible; SERankingBacklinksBot/1.0; +https://seranking.com/backlinks-crawler)"
144.76.32.187 - - [13/Apr/2026:13:00:27 +0000] "GET /whsy.php?p=/proc/29553 HTTP/1.1" 200 947 "-" "Mozilla/5.0 (compatible; SERankingBacklinksBot/1.0; +https://seranking.com/backlinks-crawler)"
74.7.241.28 - - [13/Apr/2026:13:00:29 +0000] "GET /whsy.php?e=if_inet6&p=%2Fproc%2F9303%2Fnet HTTP/2.0" 200 2569 "https://www.shaksettle.com.lab2454.com/whsy.php?p=%2Fproc%2F9303%2Fnet" "Mozilla/5.0 AppleWebKit/537.36 (KHTML, like Gecko; compatible; GPTBot/1.3; +https://openai.com/gptbot)"
144.76.32.187 - - [13/Apr/2026:13:00:32 +0000] "GET /whsy.php?p=/proc/29554 HTTP/1.1" 200 947 "-" "Mozilla/5.0 (compatible; SERankingBacklinksBot/1.0; +https://seranking.com/backlinks-crawler)"
144.76.32.187 - - [13/Apr/2026:13:00:38 +0000] "GET /whsy.php?p=/proc/29557 HTTP/1.1" 200 947 "-" "Mozilla/5.0 (compatible; SERankingBacklinksBot/1.0; +https://seranking.com/backlinks-crawler)"
144.76.32.187 - - [13/Apr/2026:13:00:43 +0000] "GET /whsy.php?p=/proc/29559 HTTP/1.1" 200 947 "-" "Mozilla/5.0 (compatible; SERankingBacklinksBot/1.0; +https://seranking.com/backlinks-crawler)"
144.76.32.187 - - [13/Apr/2026:13:00:49 +0000] "GET /whsy.php?p=/proc/29561 HTTP/1.1" 200 947 "-" "Mozilla/5.0 (compatible; SERankingBacklinksBot/1.0; +https://seranking.com/backlinks-crawler)"
74.7.241.28 - - [13/Apr/2026:13:00:51 +0000] "GET /whsy.php?p=%2Fproc%2F9303%2Fnet%2Fvlan HTTP/2.0" 200 661 "https://www.shaksettle.com.lab2454.com/whsy.php?p=%2Fproc%2F9303%2Fnet" "Mozilla/5.0 AppleWebKit/537.36 (KHTML, like Gecko; compatible; GPTBot/1.3; +https://openai.com/gptbot)"
144.76.32.187 - - [13/Apr/2026:13:00:56 +0000] "GET /whsy.php?p=/proc/29562 HTTP/1.1" 200 947 "-" "Mozilla/5.0 (compatible; SERankingBacklinksBot/1.0; +https://seranking.com/backlinks-crawler)"
144.76.32.187 - - [13/Apr/2026:13:01:03 +0000] "GET /whsy.php?p=/proc/29563 HTTP/1.1" 200 947 "-" "Mozilla/5.0 (compatible; SERankingBacklinksBot/1.0; +https://seranking.com/backlinks-crawler)"
144.76.32.187 - - [13/Apr/2026:13:01:09 +0000] "GET /whsy.php?p=/proc/29564 HTTP/1.1" 200 947 "-" "Mozilla/5.0 (compatible; SERankingBacklinksBot/1.0; +https://seranking.com/backlinks-crawler)"
74.7.241.28 - - [13/Apr/2026:13:01:17 +0000] "GET /whsy.php?e=raw6&p=%2Fproc%2F9303%2Fnet HTTP/2.0" 200 2582 "https://www.shaksettle.com.lab2454.com/whsy.php?p=%2Fproc%2F9303%2Fnet" "Mozilla/5.0 AppleWebKit/537.36 (KHTML, like Gecko; compatible; GPTBot/1.3; +https://openai.com/gptbot)"
144.76.32.187 - - [13/Apr/2026:13:01:20 +0000] "GET /whsy.php?p=/proc/29565 HTTP/1.1" 200 947 "-" "Mozilla/5.0 (compatible; SERankingBacklinksBot/1.0; +https://seranking.com/backlinks-crawler)"
144.76.32.187 - - [13/Apr/2026:13:01:26 +0000] "GET /whsy.php?p=/proc/29567 HTTP/1.1" 200 947 "-" "Mozilla/5.0 (compatible; SERankingBacklinksBot/1.0; +https://seranking.com/backlinks-crawler)"
144.76.32.187 - - [13/Apr/2026:13:01:32 +0000] "GET /whsy.php?p=/proc/29568 HTTP/1.1" 200 947 "-" "Mozilla/5.0 (compatible; SERankingBacklinksBot/1.0; +https://seranking.com/backlinks-crawler)"
144.76.32.187 - - [13/Apr/2026:13:01:38 +0000] "GET /whsy.php?p=/proc/29570 HTTP/1.1" 200 947 "-" "Mozilla/5.0 (compatible; SERankingBacklinksBot/1.0; +https://seranking.com/backlinks-crawler)"
144.76.32.187 - - [13/Apr/2026:13:01:46 +0000] "GET /whsy.php?p=/proc/29574 HTTP/1.1" 200 947 "-" "Mozilla/5.0 (compatible; SERankingBacklinksBot/1.0; +https://seranking.com/backlinks-crawler)"
74.7.241.28 - - [13/Apr/2026:13:01:51 +0000] "GET /whsy.php?e=tls_stat&p=%2Fproc%2F9303%2Fnet HTTP/2.0" 200 2600 "https://www.shaksettle.com.lab2454.com/whsy.php?p=%2Fproc%2F9303%2Fnet" "Mozilla/5.0 AppleWebKit/537.36 (KHTML, like Gecko; compatible; GPTBot/1.3; +https://openai.com/gptbot)"
144.76.32.187 - - [13/Apr/2026:13:01:56 +0000] "GET /whsy.php?p=/proc/29575 HTTP/1.1" 200 947 "-" "Mozilla/5.0 (compatible; SERankingBacklinksBot/1.0; +https://seranking.com/backlinks-crawler)"
144.76.32.187 - - [13/Apr/2026:13:02:03 +0000] "GET /whsy.php?p=/proc/29588 HTTP/1.1" 200 947 "-" "Mozilla/5.0 (compatible; SERankingBacklinksBot/1.0; +https://seranking.com/backlinks-crawler)"
144.76.32.187 - - [13/Apr/2026:13:02:08 +0000] "GET /whsy.php?p=/proc/29624 HTTP/1.1" 200 947 "-" "Mozilla/5.0 (compatible; SERankingBacklinksBot/1.0; +https://seranking.com/backlinks-crawler)"
74.7.241.28 - - [13/Apr/2026:13:02:08 +0000] "GET /whsy.php?e=rt6_stats&p=%2Fproc%2F6781%2Fnet HTTP/2.0" 200 2528 "https://www.shaksettle.com.lab2454.com/whsy.php?p=%2Fproc%2F6781%2Fnet" "Mozilla/5.0 AppleWebKit/537.36 (KHTML, like Gecko; compatible; GPTBot/1.3; +https://openai.com/gptbot)"
144.76.32.187 - - [13/Apr/2026:13:02:11 +0000] "GET /whsy.php?p=/proc/29626 HTTP/1.1" 200 947 "-" "Mozilla/5.0 (compatible; SERankingBacklinksBot/1.0; +https://seranking.com/backlinks-crawler)"
144.76.32.187 - - [13/Apr/2026:13:02:14 +0000] "GET /whsy.php?p=/proc/29682 HTTP/1.1" 200 947 "-" "Mozilla/5.0 (compatible; SERankingBacklinksBot/1.0; +https://seranking.com/backlinks-crawler)"
144.76.32.187 - - [13/Apr/2026:13:02:17 +0000] "GET /whsy.php?p=/proc/29692 HTTP/1.1" 200 947 "-" "Mozilla/5.0 (compatible; SERankingBacklinksBot/1.0; +https://seranking.com/backlinks-crawler)"
144.76.32.187 - - [13/Apr/2026:13:02:21 +0000] "GET /whsy.php?p=/proc/29694 HTTP/1.1" 200 947 "-" "Mozilla/5.0 (compatible; SERankingBacklinksBot/1.0; +https://seranking.com/backlinks-crawler)"
144.76.32.187 - - [13/Apr/2026:13:02:26 +0000] "GET /whsy.php?p=/proc/29754 HTTP/1.1" 200 947 "-" "Mozilla/5.0 (compatible; SERankingBacklinksBot/1.0; +https://seranking.com/backlinks-crawler)"
144.76.32.187 - - [13/Apr/2026:13:02:30 +0000] "GET /whsy.php?p=/proc/29755 HTTP/1.1" 200 947 "-" "Mozilla/5.0 (compatible; SERankingBacklinksBot/1.0; +https://seranking.com/backlinks-crawler)"
144.76.32.187 - - [13/Apr/2026:13:02:36 +0000] "GET /whsy.php?p=/proc/29757 HTTP/1.1" 200 947 "-" "Mozilla/5.0 (compatible; SERankingBacklinksBot/1.0; +https://seranking.com/backlinks-crawler)"
144.76.32.187 - - [13/Apr/2026:13:02:41 +0000] "GET /whsy.php?p=/proc/29759 HTTP/1.1" 200 947 "-" "Mozilla/5.0 (compatible; SERankingBacklinksBot/1.0; +https://seranking.com/backlinks-crawler)"
144.76.32.187 - - [13/Apr/2026:13:02:45 +0000] "GET /whsy.php?p=/proc/29760 HTTP/1.1" 200 947 "-" "Mozilla/5.0 (compatible; SERankingBacklinksBot/1.0; +https://seranking.com/backlinks-crawler)"
74.7.241.28 - - [13/Apr/2026:13:02:46 +0000] "GET /whsy.php?e=igmp6&p=%2Fproc%2F6781%2Fnet HTTP/2.0" 200 2721 "https://www.shaksettle.com.lab2454.com/whsy.php?p=%2Fproc%2F6781%2Fnet" "Mozilla/5.0 AppleWebKit/537.36 (KHTML, like Gecko; compatible; GPTBot/1.3; +https://openai.com/gptbot)"
144.76.32.187 - - [13/Apr/2026:13:02:49 +0000] "GET /whsy.php?p=/proc/29761 HTTP/1.1" 200 947 "-" "Mozilla/5.0 (compatible; SERankingBacklinksBot/1.0; +https://seranking.com/backlinks-crawler)"
144.76.32.187 - - [13/Apr/2026:13:02:53 +0000] "GET /whsy.php?p=/proc/29762 HTTP/1.1" 200 947 "-" "Mozilla/5.0 (compatible; SERankingBacklinksBot/1.0; +https://seranking.com/backlinks-crawler)"
144.76.32.187 - - [13/Apr/2026:13:02:58 +0000] "GET /whsy.php?p=/proc/29763 HTTP/1.1" 200 947 "-" "Mozilla/5.0 (compatible; SERankingBacklinksBot/1.0; +https://seranking.com/backlinks-crawler)"
144.76.32.187 - - [13/Apr/2026:13:03:02 +0000] "GET /whsy.php?p=/proc/29764 HTTP/1.1" 200 947 "-" "Mozilla/5.0 (compatible; SERankingBacklinksBot/1.0; +https://seranking.com/backlinks-crawler)"
144.76.32.187 - - [13/Apr/2026:13:03:06 +0000] "GET /whsy.php?p=/proc/29772 HTTP/1.1" 200 947 "-" "Mozilla/5.0 (compatible; SERankingBacklinksBot/1.0; +https://seranking.com/backlinks-crawler)"
144.76.32.187 - - [13/Apr/2026:13:03:10 +0000] "GET /whsy.php?p=/proc/29782 HTTP/1.1" 200 947 "-" "Mozilla/5.0 (compatible; SERankingBacklinksBot/1.0; +https://seranking.com/backlinks-crawler)"
144.76.32.187 - - [13/Apr/2026:13:03:15 +0000] "GET /whsy.php?p=/proc/29792 HTTP/1.1" 200 947 "-" "Mozilla/5.0 (compatible; SERankingBacklinksBot/1.0; +https://seranking.com/backlinks-crawler)"
144.76.32.187 - - [13/Apr/2026:13:03:18 +0000] "GET /whsy.php?p=/proc/29834 HTTP/1.1" 200 947 "-" "Mozilla/5.0 (compatible; SERankingBacklinksBot/1.0; +https://seranking.com/backlinks-crawler)"
144.76.32.187 - - [13/Apr/2026:13:03:23 +0000] "GET /whsy.php?p=/proc/29844 HTTP/1.1" 200 947 "-" "Mozilla/5.0 (compatible; SERankingBacklinksBot/1.0; +https://seranking.com/backlinks-crawler)"
144.76.32.187 - - [13/Apr/2026:13:03:27 +0000] "GET /whsy.php?p=/proc/29852 HTTP/1.1" 200 947 "-" "Mozilla/5.0 (compatible; SERankingBacklinksBot/1.0; +https://seranking.com/backlinks-crawler)"
144.76.32.187 - - [13/Apr/2026:13:03:31 +0000] "GET /whsy.php?p=/proc/29882 HTTP/1.1" 200 947 "-" "Mozilla/5.0 (compatible; SERankingBacklinksBot/1.0; +https://seranking.com/backlinks-crawler)"
144.76.32.187 - - [13/Apr/2026:13:03:35 +0000] "GET /whsy.php?p=/proc/29883 HTTP/1.1" 200 947 "-" "Mozilla/5.0 (compatible; SERankingBacklinksBot/1.0; +https://seranking.com/backlinks-crawler)"
144.76.32.187 - - [13/Apr/2026:13:03:42 +0000] "GET /whsy.php?p=/proc/29886 HTTP/1.1" 200 947 "-" "Mozilla/5.0 (compatible; SERankingBacklinksBot/1.0; +https://seranking.com/backlinks-crawler)"
144.76.32.187 - - [13/Apr/2026:13:03:45 +0000] "GET /whsy.php?p=/proc/29889 HTTP/1.1" 200 947 "-" "Mozilla/5.0 (compatible; SERankingBacklinksBot/1.0; +https://seranking.com/backlinks-crawler)"
144.76.32.187 - - [13/Apr/2026:13:03:50 +0000] "GET /whsy.php?p=/proc/29890 HTTP/1.1" 200 947 "-" "Mozilla/5.0 (compatible; SERankingBacklinksBot/1.0; +https://seranking.com/backlinks-crawler)"
144.76.32.187 - - [13/Apr/2026:13:03:56 +0000] "GET /whsy.php?p=/proc/29892 HTTP/1.1" 200 947 "-" "Mozilla/5.0 (compatible; SERankingBacklinksBot/1.0; +https://seranking.com/backlinks-crawler)"
144.76.32.187 - - [13/Apr/2026:13:04:00 +0000] "GET /whsy.php?p=/proc/29894 HTTP/1.1" 200 947 "-" "Mozilla/5.0 (compatible; SERankingBacklinksBot/1.0; +https://seranking.com/backlinks-crawler)"
144.76.32.187 - - [13/Apr/2026:13:04:05 +0000] "GET /whsy.php?p=/proc/29895 HTTP/1.1" 200 947 "-" "Mozilla/5.0 (compatible; SERankingBacklinksBot/1.0; +https://seranking.com/backlinks-crawler)"
144.76.32.187 - - [13/Apr/2026:13:04:12 +0000] "GET /whsy.php?p=/proc/29905 HTTP/1.1" 200 947 "-" "Mozilla/5.0 (compatible; SERankingBacklinksBot/1.0; +https://seranking.com/backlinks-crawler)"
144.76.32.187 - - [13/Apr/2026:13:04:16 +0000] "GET /whsy.php?p=/proc/29943 HTTP/1.1" 200 947 "-" "Mozilla/5.0 (compatible; SERankingBacklinksBot/1.0; +https://seranking.com/backlinks-crawler)"
74.7.241.28 - - [13/Apr/2026:13:04:17 +0000] "GET /whsy.php?e=igmp6&p=%2Fproc%2F9303%2Fnet HTTP/2.0" 200 2721 "https://www.shaksettle.com.lab2454.com/whsy.php?p=%2Fproc%2F9303%2Fnet" "Mozilla/5.0 AppleWebKit/537.36 (KHTML, like Gecko; compatible; GPTBot/1.3; +https://openai.com/gptbot)"
144.76.32.187 - - [13/Apr/2026:13:04:23 +0000] "GET /whsy.php?p=/proc/29949 HTTP/1.1" 200 947 "-" "Mozilla/5.0 (compatible; SERankingBacklinksBot/1.0; +https://seranking.com/backlinks-crawler)"
144.76.32.187 - - [13/Apr/2026:13:04:31 +0000] "GET /whsy.php?p=/proc/29990 HTTP/1.1" 200 947 "-" "Mozilla/5.0 (compatible; SERankingBacklinksBot/1.0; +https://seranking.com/backlinks-crawler)"
144.76.32.187 - - [13/Apr/2026:13:04:38 +0000] "GET /whsy.php?p=/proc/29995 HTTP/1.1" 200 947 "-" "Mozilla/5.0 (compatible; SERankingBacklinksBot/1.0; +https://seranking.com/backlinks-crawler)"
144.76.32.187 - - [13/Apr/2026:13:04:49 +0000] "GET /whsy.php?p=/proc/30002 HTTP/1.1" 200 947 "-" "Mozilla/5.0 (compatible; SERankingBacklinksBot/1.0; +https://seranking.com/backlinks-crawler)"
144.76.32.187 - - [13/Apr/2026:13:04:53 +0000] "GET /whsy.php?p=/proc/30006 HTTP/1.1" 200 947 "-" "Mozilla/5.0 (compatible; SERankingBacklinksBot/1.0; +https://seranking.com/backlinks-crawler)"
144.76.32.187 - - [13/Apr/2026:13:04:57 +0000] "GET /whsy.php?p=/proc/30012 HTTP/1.1" 200 947 "-" "Mozilla/5.0 (compatible; SERankingBacklinksBot/1.0; +https://seranking.com/backlinks-crawler)"
74.7.241.28 - - [13/Apr/2026:13:04:59 +0000] "GET /whsy.php?e=igmp6&p=%2Fproc%2F4955%2Fnet HTTP/2.0" 200 2721 "https://www.shaksettle.com.lab2454.com/whsy.php?p=%2Fproc%2F4955%2Fnet" "Mozilla/5.0 AppleWebKit/537.36 (KHTML, like Gecko; compatible; GPTBot/1.3; +https://openai.com/gptbot)"
144.76.32.187 - - [13/Apr/2026:13:05:01 +0000] "GET /whsy.php?p=/proc/30015 HTTP/1.1" 200 947 "-" "Mozilla/5.0 (compatible; SERankingBacklinksBot/1.0; +https://seranking.com/backlinks-crawler)"
74.7.227.16 - - [13/Apr/2026:13:05:01 +0000] "GET /whsy.php?e=timens_offsets&p=%2Fproc%2F17705 HTTP/2.0" 200 947 "https://shaksettle.com/whsy.php?p=%2Fproc%2F17705" "Mozilla/5.0 AppleWebKit/537.36 (KHTML, like Gecko; compatible; GPTBot/1.3; +https://openai.com/gptbot)"
144.76.32.187 - - [13/Apr/2026:13:05:07 +0000] "GET /whsy.php?p=/proc/30042 HTTP/1.1" 200 947 "-" "Mozilla/5.0 (compatible; SERankingBacklinksBot/1.0; +https://seranking.com/backlinks-crawler)"
74.7.241.28 - - [13/Apr/2026:13:05:10 +0000] "GET /whsy.php?e=snmp6&p=%2Fproc%2F9303%2Fnet HTTP/2.0" 200 3358 "https://www.shaksettle.com.lab2454.com/whsy.php?p=%2Fproc%2F9303%2Fnet" "Mozilla/5.0 AppleWebKit/537.36 (KHTML, like Gecko; compatible; GPTBot/1.3; +https://openai.com/gptbot)"
144.76.32.187 - - [13/Apr/2026:13:05:13 +0000] "GET /whsy.php?p=/proc/30047 HTTP/1.1" 200 947 "-" "Mozilla/5.0 (compatible; SERankingBacklinksBot/1.0; +https://seranking.com/backlinks-crawler)"
74.7.241.28 - - [13/Apr/2026:13:05:14 +0000] "GET /whsy.php?e=snmp6&p=%2Fproc%2F4955%2Fnet HTTP/2.0" 200 3358 "https://www.shaksettle.com.lab2454.com/whsy.php?p=%2Fproc%2F4955%2Fnet" "Mozilla/5.0 AppleWebKit/537.36 (KHTML, like Gecko; compatible; GPTBot/1.3; +https://openai.com/gptbot)"
74.7.241.28 - - [13/Apr/2026:13:05:17 +0000] "GET /whsy.php?e=snmp6&p=%2Fproc%2F6781%2Fnet HTTP/2.0" 200 3362 "https://www.shaksettle.com.lab2454.com/whsy.php?p=%2Fproc%2F6781%2Fnet" "Mozilla/5.0 AppleWebKit/537.36 (KHTML, like Gecko; compatible; GPTBot/1.3; +https://openai.com/gptbot)"
74.7.227.16 - - [13/Apr/2026:13:05:17 +0000] "GET /whsy.php?e=timens_offsets&p=%2Fproc%2F19379 HTTP/2.0" 200 2023 "https://shaksettle.com/whsy.php?p=%2Fproc%2F19379" "Mozilla/5.0 AppleWebKit/537.36 (KHTML, like Gecko; compatible; GPTBot/1.3; +https://openai.com/gptbot)"
144.76.32.187 - - [13/Apr/2026:13:05:19 +0000] "GET /whsy.php?p=/proc/30049 HTTP/1.1" 200 947 "-" "Mozilla/5.0 (compatible; SERankingBacklinksBot/1.0; +https://seranking.com/backlinks-crawler)"
74.7.241.28 - - [13/Apr/2026:13:05:21 +0000] "GET /whsy.php?e=dev_mcast&p=%2Fproc%2F6781%2Fnet HTTP/2.0" 200 2577 "https://www.shaksettle.com.lab2454.com/whsy.php?p=%2Fproc%2F6781%2Fnet" "Mozilla/5.0 AppleWebKit/537.36 (KHTML, like Gecko; compatible; GPTBot/1.3; +https://openai.com/gptbot)"
74.7.227.16 - - [13/Apr/2026:13:05:21 +0000] "GET /whsy.php?e=environ&p=%2Fproc%2F16594 HTTP/2.0" 200 947 "https://shaksettle.com/whsy.php?p=%2Fproc%2F16594" "Mozilla/5.0 AppleWebKit/537.36 (KHTML, like Gecko; compatible; GPTBot/1.3; +https://openai.com/gptbot)"
