144.76.32.187 - - [13/Apr/2026:14:01:47 +0000] "GET /whsy.php?p=/proc/29295/task HTTP/1.1" 200 947 "-" "Mozilla/5.0 (compatible; SERankingBacklinksBot/1.0; +https://seranking.com/backlinks-crawler)"
74.7.227.16 - - [13/Apr/2026:14:01:48 +0000] "GET /whsy.php?e=oom_score&p=%2Fproc%2F22180 HTTP/2.0" 200 947 "https://shaksettle.com/whsy.php?p=%2Fproc%2F22180" "Mozilla/5.0 AppleWebKit/537.36 (KHTML, like Gecko; compatible; GPTBot/1.3; +https://openai.com/gptbot)"
144.76.32.187 - - [13/Apr/2026:14:01:51 +0000] "GET /whsy.php?p=/proc/29700/attr HTTP/1.1" 200 947 "-" "Mozilla/5.0 (compatible; SERankingBacklinksBot/1.0; +https://seranking.com/backlinks-crawler)"
74.7.227.16 - - [13/Apr/2026:14:01:52 +0000] "GET /whsy.php?e=oom_score&p=%2Fproc%2F26562 HTTP/2.0" 200 947 "https://shaksettle.com/whsy.php?p=%2Fproc%2F26562" "Mozilla/5.0 AppleWebKit/537.36 (KHTML, like Gecko; compatible; GPTBot/1.3; +https://openai.com/gptbot)"
144.76.32.187 - - [13/Apr/2026:14:01:55 +0000] "GET /whsy.php?p=/proc/29700/task HTTP/1.1" 200 947 "-" "Mozilla/5.0 (compatible; SERankingBacklinksBot/1.0; +https://seranking.com/backlinks-crawler)"
74.7.227.16 - - [13/Apr/2026:14:01:57 +0000] "GET /whsy.php?e=environ&p=%2Fproc%2F27954 HTTP/2.0" 200 947 "https://shaksettle.com/whsy.php?p=%2Fproc%2F27954" "Mozilla/5.0 AppleWebKit/537.36 (KHTML, like Gecko; compatible; GPTBot/1.3; +https://openai.com/gptbot)"
144.76.32.187 - - [13/Apr/2026:14:02:00 +0000] "GET /whsy.php?p=/proc/32276/attr HTTP/1.1" 200 947 "-" "Mozilla/5.0 (compatible; SERankingBacklinksBot/1.0; +https://seranking.com/backlinks-crawler)"
74.7.227.16 - - [13/Apr/2026:14:02:00 +0000] "GET /whsy.php?e=environ&p=%2Fproc%2F29837 HTTP/2.0" 200 947 "https://shaksettle.com/whsy.php?p=%2Fproc%2F29837" "Mozilla/5.0 AppleWebKit/537.36 (KHTML, like Gecko; compatible; GPTBot/1.3; +https://openai.com/gptbot)"
74.7.227.16 - - [13/Apr/2026:14:02:04 +0000] "GET /whsy.php?e=environ&p=%2Fproc%2F20869 HTTP/2.0" 200 947 "https://shaksettle.com/whsy.php?p=%2Fproc%2F20869" "Mozilla/5.0 AppleWebKit/537.36 (KHTML, like Gecko; compatible; GPTBot/1.3; +https://openai.com/gptbot)"
144.76.32.187 - - [13/Apr/2026:14:02:06 +0000] "GET /whsy.php?p=/proc/32276/task HTTP/1.1" 200 947 "-" "Mozilla/5.0 (compatible; SERankingBacklinksBot/1.0; +https://seranking.com/backlinks-crawler)"
74.7.227.16 - - [13/Apr/2026:14:02:07 +0000] "GET /whsy.php?e=cmdline&p=%2Fproc%2F28247 HTTP/2.0" 200 2002 "https://shaksettle.com/whsy.php?p=%2Fproc%2F28247" "Mozilla/5.0 AppleWebKit/537.36 (KHTML, like Gecko; compatible; GPTBot/1.3; +https://openai.com/gptbot)"
144.76.32.187 - - [13/Apr/2026:14:02:11 +0000] "GET /whsy.php?p=/proc/5/task/5/.. HTTP/1.1" 200 486 "-" "Mozilla/5.0 (compatible; SERankingBacklinksBot/1.0; +https://seranking.com/backlinks-crawler)"
74.7.227.16 - - [13/Apr/2026:14:02:11 +0000] "GET /whsy.php?e=cmdline&p=%2Fproc%2F22180 HTTP/2.0" 200 947 "https://shaksettle.com/whsy.php?p=%2Fproc%2F22180" "Mozilla/5.0 AppleWebKit/537.36 (KHTML, like Gecko; compatible; GPTBot/1.3; +https://openai.com/gptbot)"
74.7.227.16 - - [13/Apr/2026:14:02:14 +0000] "GET /whsy.php?e=personality&p=%2Fproc%2F26562 HTTP/2.0" 200 947 "https://shaksettle.com/whsy.php?p=%2Fproc%2F26562" "Mozilla/5.0 AppleWebKit/537.36 (KHTML, like Gecko; compatible; GPTBot/1.3; +https://openai.com/gptbot)"
144.76.32.187 - - [13/Apr/2026:14:02:15 +0000] "GET /whsy.php?p=/proc/2/task/2/.. HTTP/1.1" 200 484 "-" "Mozilla/5.0 (compatible; SERankingBacklinksBot/1.0; +https://seranking.com/backlinks-crawler)"
74.7.241.28 - - [13/Apr/2026:14:01:47 +0000] "GET /whsy.php?p=%2Fproc%2F28247%2Ffd HTTP/2.0" 200 772507 "https://www.shaksettle.com.lab2454.com/whsy.php?p=%2Fproc%2F28247" "Mozilla/5.0 AppleWebKit/537.36 (KHTML, like Gecko; compatible; GPTBot/1.3; +https://openai.com/gptbot)"
74.7.227.16 - - [13/Apr/2026:14:02:18 +0000] "GET /whsy.php?e=clear_refs&p=%2Fproc%2F22180 HTTP/2.0" 200 947 "https://shaksettle.com/whsy.php?p=%2Fproc%2F22180" "Mozilla/5.0 AppleWebKit/537.36 (KHTML, like Gecko; compatible; GPTBot/1.3; +https://openai.com/gptbot)"
144.76.32.187 - - [13/Apr/2026:14:02:19 +0000] "GET /whsy.php?p=/proc/5/task/5/fd HTTP/1.1" 200 4720 "-" "Mozilla/5.0 (compatible; SERankingBacklinksBot/1.0; +https://seranking.com/backlinks-crawler)"
74.7.241.28 - - [13/Apr/2026:14:02:20 +0000] "GET /whsy.php?p=%2Fproc%2F22180%2Fns HTTP/2.0" 200 947 "https://www.shaksettle.com.lab2454.com/whsy.php?p=%2Fproc%2F22180" "Mozilla/5.0 AppleWebKit/537.36 (KHTML, like Gecko; compatible; GPTBot/1.3; +https://openai.com/gptbot)"
74.7.227.16 - - [13/Apr/2026:14:02:22 +0000] "GET /whsy.php?e=clear_refs&p=%2Fproc%2F28247 HTTP/2.0" 200 1936 "https://shaksettle.com/whsy.php?p=%2Fproc%2F28247" "Mozilla/5.0 AppleWebKit/537.36 (KHTML, like Gecko; compatible; GPTBot/1.3; +https://openai.com/gptbot)"
74.7.241.28 - - [13/Apr/2026:14:02:24 +0000] "GET /whsy.php?p=%2Fproc%2F26562%2Fns HTTP/2.0" 200 947 "https://www.shaksettle.com.lab2454.com/whsy.php?p=%2Fproc%2F26562" "Mozilla/5.0 AppleWebKit/537.36 (KHTML, like Gecko; compatible; GPTBot/1.3; +https://openai.com/gptbot)"
144.76.32.187 - - [13/Apr/2026:14:02:24 +0000] "GET /whsy.php?p=/proc/2/task/2/fd HTTP/1.1" 200 4720 "-" "Mozilla/5.0 (compatible; SERankingBacklinksBot/1.0; +https://seranking.com/backlinks-crawler)"
74.7.227.16 - - [13/Apr/2026:14:02:25 +0000] "GET /whsy.php?e=oom_score_adj&p=%2Fproc%2F28247 HTTP/2.0" 200 2008 "https://shaksettle.com/whsy.php?p=%2Fproc%2F28247" "Mozilla/5.0 AppleWebKit/537.36 (KHTML, like Gecko; compatible; GPTBot/1.3; +https://openai.com/gptbot)"
74.7.241.28 - - [13/Apr/2026:14:02:27 +0000] "GET /whsy.php?p=%2Fproc%2F26562%2Ffd HTTP/2.0" 200 947 "https://www.shaksettle.com.lab2454.com/whsy.php?p=%2Fproc%2F26562" "Mozilla/5.0 AppleWebKit/537.36 (KHTML, like Gecko; compatible; GPTBot/1.3; +https://openai.com/gptbot)"
74.7.227.16 - - [13/Apr/2026:14:02:28 +0000] "GET /whsy.php?e=oom_score_adj&p=%2Fproc%2F26562 HTTP/2.0" 200 947 "https://shaksettle.com/whsy.php?p=%2Fproc%2F26562" "Mozilla/5.0 AppleWebKit/537.36 (KHTML, like Gecko; compatible; GPTBot/1.3; +https://openai.com/gptbot)"
144.76.32.187 - - [13/Apr/2026:14:02:29 +0000] "GET /whsy.php?p=/proc/5/task/5/ns HTTP/1.1" 200 4805 "-" "Mozilla/5.0 (compatible; SERankingBacklinksBot/1.0; +https://seranking.com/backlinks-crawler)"
74.7.241.28 - - [13/Apr/2026:14:02:30 +0000] "GET /whsy.php?p=%2Fproc%2F21563%2Fns HTTP/2.0" 200 947 "https://www.shaksettle.com.lab2454.com/whsy.php?p=%2Fproc%2F21563" "Mozilla/5.0 AppleWebKit/537.36 (KHTML, like Gecko; compatible; GPTBot/1.3; +https://openai.com/gptbot)"
74.7.227.16 - - [13/Apr/2026:14:02:31 +0000] "GET /whsy.php?e=oom_score_adj&p=%2Fproc%2F22180 HTTP/2.0" 200 947 "https://shaksettle.com/whsy.php?p=%2Fproc%2F22180" "Mozilla/5.0 AppleWebKit/537.36 (KHTML, like Gecko; compatible; GPTBot/1.3; +https://openai.com/gptbot)"
74.7.241.28 - - [13/Apr/2026:14:02:34 +0000] "GET /whsy.php?p=%2Fproc%2F31732%2Fns HTTP/2.0" 200 947 "https://www.shaksettle.com.lab2454.com/whsy.php?p=%2Fproc%2F31732" "Mozilla/5.0 AppleWebKit/537.36 (KHTML, like Gecko; compatible; GPTBot/1.3; +https://openai.com/gptbot)"
74.7.227.16 - - [13/Apr/2026:14:02:35 +0000] "GET /whsy.php?e=smaps_rollup&p=%2Fproc%2F22180 HTTP/2.0" 200 947 "https://shaksettle.com/whsy.php?p=%2Fproc%2F22180" "Mozilla/5.0 AppleWebKit/537.36 (KHTML, like Gecko; compatible; GPTBot/1.3; +https://openai.com/gptbot)"
144.76.32.187 - - [13/Apr/2026:14:02:35 +0000] "GET /whsy.php?p=/proc/2/task/2/ns HTTP/1.1" 200 4719 "-" "Mozilla/5.0 (compatible; SERankingBacklinksBot/1.0; +https://seranking.com/backlinks-crawler)"
74.7.241.28 - - [13/Apr/2026:14:02:37 +0000] "GET /whsy.php?p=%2Fproc%2F18661%2Fns HTTP/2.0" 200 947 "https://www.shaksettle.com.lab2454.com/whsy.php?p=%2Fproc%2F18661" "Mozilla/5.0 AppleWebKit/537.36 (KHTML, like Gecko; compatible; GPTBot/1.3; +https://openai.com/gptbot)"
74.7.227.16 - - [13/Apr/2026:14:02:38 +0000] "GET /whsy.php?e=smaps_rollup&p=%2Fproc%2F28247 HTTP/2.0" 200 2009 "https://shaksettle.com/whsy.php?p=%2Fproc%2F28247" "Mozilla/5.0 AppleWebKit/537.36 (KHTML, like Gecko; compatible; GPTBot/1.3; +https://openai.com/gptbot)"
144.76.32.187 - - [13/Apr/2026:14:02:41 +0000] "GET /whsy.php?p=/proc/3/task/3/.. HTTP/1.1" 200 486 "-" "Mozilla/5.0 (compatible; SERankingBacklinksBot/1.0; +https://seranking.com/backlinks-crawler)"
74.7.241.28 - - [13/Apr/2026:14:02:41 +0000] "GET /whsy.php?p=%2Fproc%2F12345%2Fns HTTP/2.0" 200 947 "https://www.shaksettle.com.lab2454.com/whsy.php?p=%2Fproc%2F12345" "Mozilla/5.0 AppleWebKit/537.36 (KHTML, like Gecko; compatible; GPTBot/1.3; +https://openai.com/gptbot)"
74.7.227.16 - - [13/Apr/2026:14:02:42 +0000] "GET /whsy.php?e=loginuid&p=%2Fproc%2F29837 HTTP/2.0" 200 947 "https://shaksettle.com/whsy.php?p=%2Fproc%2F29837" "Mozilla/5.0 AppleWebKit/537.36 (KHTML, like Gecko; compatible; GPTBot/1.3; +https://openai.com/gptbot)"
74.7.241.28 - - [13/Apr/2026:14:02:44 +0000] "GET /whsy.php?p=%2Fproc%2F26077%2Fns HTTP/2.0" 200 947 "https://www.shaksettle.com.lab2454.com/whsy.php?p=%2Fproc%2F26077" "Mozilla/5.0 AppleWebKit/537.36 (KHTML, like Gecko; compatible; GPTBot/1.3; +https://openai.com/gptbot)"
144.76.32.187 - - [13/Apr/2026:14:02:45 +0000] "GET /whsy.php?p=/proc/6/task/6/.. HTTP/1.1" 200 486 "-" "Mozilla/5.0 (compatible; SERankingBacklinksBot/1.0; +https://seranking.com/backlinks-crawler)"
74.7.227.16 - - [13/Apr/2026:14:02:45 +0000] "GET /whsy.php?e=loginuid&p=%2Fproc%2F20869 HTTP/2.0" 200 947 "https://shaksettle.com/whsy.php?p=%2Fproc%2F20869" "Mozilla/5.0 AppleWebKit/537.36 (KHTML, like Gecko; compatible; GPTBot/1.3; +https://openai.com/gptbot)"
74.7.241.28 - - [13/Apr/2026:14:02:47 +0000] "GET /whsy.php?p=%2Fproc%2F25979%2Ffd HTTP/2.0" 200 947 "https://www.shaksettle.com.lab2454.com/whsy.php?p=%2Fproc%2F25979" "Mozilla/5.0 AppleWebKit/537.36 (KHTML, like Gecko; compatible; GPTBot/1.3; +https://openai.com/gptbot)"
74.7.227.16 - - [13/Apr/2026:14:02:48 +0000] "GET /whsy.php?e=loginuid&p=%2Fproc%2F27954 HTTP/2.0" 200 947 "https://shaksettle.com/whsy.php?p=%2Fproc%2F27954" "Mozilla/5.0 AppleWebKit/537.36 (KHTML, like Gecko; compatible; GPTBot/1.3; +https://openai.com/gptbot)"
74.7.241.28 - - [13/Apr/2026:14:02:51 +0000] "GET /whsy.php?p=%2Fproc%2F25979%2Fns HTTP/2.0" 200 947 "https://www.shaksettle.com.lab2454.com/whsy.php?p=%2Fproc%2F25979" "Mozilla/5.0 AppleWebKit/537.36 (KHTML, like Gecko; compatible; GPTBot/1.3; +https://openai.com/gptbot)"
144.76.32.187 - - [13/Apr/2026:14:02:51 +0000] "GET /whsy.php?p=/proc/6/task/6/fd HTTP/1.1" 200 4635 "-" "Mozilla/5.0 (compatible; SERankingBacklinksBot/1.0; +https://seranking.com/backlinks-crawler)"
74.7.227.16 - - [13/Apr/2026:14:02:51 +0000] "GET /whsy.php?e=mountstats&p=%2Fproc%2F20869 HTTP/2.0" 200 947 "https://shaksettle.com/whsy.php?p=%2Fproc%2F20869" "Mozilla/5.0 AppleWebKit/537.36 (KHTML, like Gecko; compatible; GPTBot/1.3; +https://openai.com/gptbot)"
74.7.241.28 - - [13/Apr/2026:14:02:54 +0000] "GET /whsy.php?p=%2Fproc%2F27056%2Ffd HTTP/2.0" 200 947 "https://www.shaksettle.com.lab2454.com/whsy.php?p=%2Fproc%2F27056" "Mozilla/5.0 AppleWebKit/537.36 (KHTML, like Gecko; compatible; GPTBot/1.3; +https://openai.com/gptbot)"
74.7.227.16 - - [13/Apr/2026:14:02:55 +0000] "GET /whsy.php?e=mountstats&p=%2Fproc%2F27954 HTTP/2.0" 200 947 "https://shaksettle.com/whsy.php?p=%2Fproc%2F27954" "Mozilla/5.0 AppleWebKit/537.36 (KHTML, like Gecko; compatible; GPTBot/1.3; +https://openai.com/gptbot)"
74.7.241.28 - - [13/Apr/2026:14:02:58 +0000] "GET /whsy.php?p=%2Fproc%2F18661%2Ffd HTTP/2.0" 200 947 "https://www.shaksettle.com.lab2454.com/whsy.php?p=%2Fproc%2F18661" "Mozilla/5.0 AppleWebKit/537.36 (KHTML, like Gecko; compatible; GPTBot/1.3; +https://openai.com/gptbot)"
74.7.227.16 - - [13/Apr/2026:14:02:59 +0000] "GET /whsy.php?e=mountstats&p=%2Fproc%2F29837 HTTP/2.0" 200 947 "https://shaksettle.com/whsy.php?p=%2Fproc%2F29837" "Mozilla/5.0 AppleWebKit/537.36 (KHTML, like Gecko; compatible; GPTBot/1.3; +https://openai.com/gptbot)"
74.7.241.28 - - [13/Apr/2026:14:03:01 +0000] "GET /whsy.php?p=%2Fproc%2F26077%2Ffd HTTP/2.0" 200 947 "https://www.shaksettle.com.lab2454.com/whsy.php?p=%2Fproc%2F26077" "Mozilla/5.0 AppleWebKit/537.36 (KHTML, like Gecko; compatible; GPTBot/1.3; +https://openai.com/gptbot)"
74.7.227.16 - - [13/Apr/2026:14:03:02 +0000] "GET /whsy.php?e=maps&p=%2Fproc%2F22272 HTTP/2.0" 200 947 "https://shaksettle.com/whsy.php?p=%2Fproc%2F22272" "Mozilla/5.0 AppleWebKit/537.36 (KHTML, like Gecko; compatible; GPTBot/1.3; +https://openai.com/gptbot)"
74.7.241.28 - - [13/Apr/2026:14:03:05 +0000] "GET /whsy.php?p=%2Fproc%2F22180%2Ffd HTTP/2.0" 200 947 "https://www.shaksettle.com.lab2454.com/whsy.php?p=%2Fproc%2F22180" "Mozilla/5.0 AppleWebKit/537.36 (KHTML, like Gecko; compatible; GPTBot/1.3; +https://openai.com/gptbot)"
144.76.32.187 - - [13/Apr/2026:14:03:05 +0000] "GET /whsy.php?p=/proc/3/task/3/fd HTTP/1.1" 200 4720 "-" "Mozilla/5.0 (compatible; SERankingBacklinksBot/1.0; +https://seranking.com/backlinks-crawler)"
74.7.227.16 - - [13/Apr/2026:14:03:06 +0000] "GET /whsy.php?e=auxv&p=%2Fproc%2F22272 HTTP/2.0" 200 947 "https://shaksettle.com/whsy.php?p=%2Fproc%2F22272" "Mozilla/5.0 AppleWebKit/537.36 (KHTML, like Gecko; compatible; GPTBot/1.3; +https://openai.com/gptbot)"
74.7.241.28 - - [13/Apr/2026:14:03:08 +0000] "GET /whsy.php?p=%2Fproc%2F27543%2Ffd HTTP/2.0" 200 947 "https://www.shaksettle.com.lab2454.com/whsy.php?p=%2Fproc%2F27543" "Mozilla/5.0 AppleWebKit/537.36 (KHTML, like Gecko; compatible; GPTBot/1.3; +https://openai.com/gptbot)"
74.7.227.16 - - [13/Apr/2026:14:03:10 +0000] "GET /whsy.php?e=comm&p=%2Fproc%2F22272 HTTP/2.0" 200 947 "https://shaksettle.com/whsy.php?p=%2Fproc%2F22272" "Mozilla/5.0 AppleWebKit/537.36 (KHTML, like Gecko; compatible; GPTBot/1.3; +https://openai.com/gptbot)"
144.76.32.187 - - [13/Apr/2026:14:03:10 +0000] "GET /whsy.php?p=/proc/6/task/6/ns HTTP/1.1" 200 4804 "-" "Mozilla/5.0 (compatible; SERankingBacklinksBot/1.0; +https://seranking.com/backlinks-crawler)"
74.7.241.28 - - [13/Apr/2026:14:03:13 +0000] "GET /whsy.php?p=%2Fproc%2F12345%2Ffd HTTP/2.0" 200 947 "https://www.shaksettle.com.lab2454.com/whsy.php?p=%2Fproc%2F12345" "Mozilla/5.0 AppleWebKit/537.36 (KHTML, like Gecko; compatible; GPTBot/1.3; +https://openai.com/gptbot)"
74.7.227.16 - - [13/Apr/2026:14:03:14 +0000] "GET /whsy.php?e=stat&p=%2Fproc%2F22272 HTTP/2.0" 200 947 "https://shaksettle.com/whsy.php?p=%2Fproc%2F22272" "Mozilla/5.0 AppleWebKit/537.36 (KHTML, like Gecko; compatible; GPTBot/1.3; +https://openai.com/gptbot)"
144.76.32.187 - - [13/Apr/2026:14:03:14 +0000] "GET /whsy.php?p=/proc/3/task/3/ns HTTP/1.1" 200 4039 "-" "Mozilla/5.0 (compatible; SERankingBacklinksBot/1.0; +https://seranking.com/backlinks-crawler)"
74.7.241.28 - - [13/Apr/2026:14:03:17 +0000] "GET /whsy.php?p=%2Fproc%2F31151%2Ffd HTTP/2.0" 200 947 "https://www.shaksettle.com.lab2454.com/whsy.php?p=%2Fproc%2F31151" "Mozilla/5.0 AppleWebKit/537.36 (KHTML, like Gecko; compatible; GPTBot/1.3; +https://openai.com/gptbot)"
74.7.227.16 - - [13/Apr/2026:14:03:18 +0000] "GET /whsy.php?e=root&p=%2Fproc%2F22272 HTTP/2.0" 200 947 "https://shaksettle.com/whsy.php?p=%2Fproc%2F22272" "Mozilla/5.0 AppleWebKit/537.36 (KHTML, like Gecko; compatible; GPTBot/1.3; +https://openai.com/gptbot)"
144.76.32.187 - - [13/Apr/2026:14:03:18 +0000] "GET /whsy.php?p=/proc/7/task/7/.. HTTP/1.1" 200 486 "-" "Mozilla/5.0 (compatible; SERankingBacklinksBot/1.0; +https://seranking.com/backlinks-crawler)"
74.7.241.28 - - [13/Apr/2026:14:03:21 +0000] "GET /whsy.php?p=%2Fproc%2F27056%2Fns HTTP/2.0" 200 947 "https://www.shaksettle.com.lab2454.com/whsy.php?p=%2Fproc%2F27056" "Mozilla/5.0 AppleWebKit/537.36 (KHTML, like Gecko; compatible; GPTBot/1.3; +https://openai.com/gptbot)"
144.76.32.187 - - [13/Apr/2026:14:03:22 +0000] "GET /whsy.php?p=/proc/4/task/4/.. HTTP/1.1" 200 485 "-" "Mozilla/5.0 (compatible; SERankingBacklinksBot/1.0; +https://seranking.com/backlinks-crawler)"
74.7.227.16 - - [13/Apr/2026:14:03:23 +0000] "GET /whsy.php?e=personality&p=%2Fproc%2F22180 HTTP/2.0" 200 947 "https://shaksettle.com/whsy.php?p=%2Fproc%2F22180" "Mozilla/5.0 AppleWebKit/537.36 (KHTML, like Gecko; compatible; GPTBot/1.3; +https://openai.com/gptbot)"
144.76.32.187 - - [13/Apr/2026:14:03:27 +0000] "GET /whsy.php?p=/proc/7/task/7/fd HTTP/1.1" 200 4380 "-" "Mozilla/5.0 (compatible; SERankingBacklinksBot/1.0; +https://seranking.com/backlinks-crawler)"
74.7.227.16 - - [13/Apr/2026:14:03:27 +0000] "GET /whsy.php?e=personality&p=%2Fproc%2F28247 HTTP/2.0" 200 1936 "https://shaksettle.com/whsy.php?p=%2Fproc%2F28247" "Mozilla/5.0 AppleWebKit/537.36 (KHTML, like Gecko; compatible; GPTBot/1.3; +https://openai.com/gptbot)"
144.76.32.187 - - [13/Apr/2026:14:03:31 +0000] "GET /whsy.php?p=/proc/4/task/4/fd HTTP/1.1" 200 4720 "-" "Mozilla/5.0 (compatible; SERankingBacklinksBot/1.0; +https://seranking.com/backlinks-crawler)"
74.7.227.16 - - [13/Apr/2026:14:03:31 +0000] "GET /whsy.php?e=clear_refs&p=%2Fproc%2F31732 HTTP/2.0" 200 947 "https://shaksettle.com/whsy.php?p=%2Fproc%2F31732" "Mozilla/5.0 AppleWebKit/537.36 (KHTML, like Gecko; compatible; GPTBot/1.3; +https://openai.com/gptbot)"
74.7.227.16 - - [13/Apr/2026:14:03:35 +0000] "GET /whsy.php?e=clear_refs&p=%2Fproc%2F27954 HTTP/2.0" 200 947 "https://shaksettle.com/whsy.php?p=%2Fproc%2F27954" "Mozilla/5.0 AppleWebKit/537.36 (KHTML, like Gecko; compatible; GPTBot/1.3; +https://openai.com/gptbot)"
144.76.32.187 - - [13/Apr/2026:14:03:35 +0000] "GET /whsy.php?p=/proc/7/task/7/ns HTTP/1.1" 200 4549 "-" "Mozilla/5.0 (compatible; SERankingBacklinksBot/1.0; +https://seranking.com/backlinks-crawler)"
74.7.227.16 - - [13/Apr/2026:14:03:39 +0000] "GET /whsy.php?e=clear_refs&p=%2Fproc%2F29837 HTTP/2.0" 200 947 "https://shaksettle.com/whsy.php?p=%2Fproc%2F29837" "Mozilla/5.0 AppleWebKit/537.36 (KHTML, like Gecko; compatible; GPTBot/1.3; +https://openai.com/gptbot)"
144.76.32.187 - - [13/Apr/2026:14:03:40 +0000] "GET /whsy.php?p=/proc/4/task/4/ns HTTP/1.1" 200 4294 "-" "Mozilla/5.0 (compatible; SERankingBacklinksBot/1.0; +https://seranking.com/backlinks-crawler)"
74.7.227.16 - - [13/Apr/2026:14:03:43 +0000] "GET /whsy.php?e=clear_refs&p=%2Fproc%2F29519 HTTP/2.0" 200 947 "https://shaksettle.com/whsy.php?p=%2Fproc%2F29519" "Mozilla/5.0 AppleWebKit/537.36 (KHTML, like Gecko; compatible; GPTBot/1.3; +https://openai.com/gptbot)"
74.7.227.16 - - [13/Apr/2026:14:03:47 +0000] "GET /whsy.php?e=clear_refs&p=%2Fproc%2F21190 HTTP/2.0" 200 947 "https://shaksettle.com/whsy.php?p=%2Fproc%2F21190" "Mozilla/5.0 AppleWebKit/537.36 (KHTML, like Gecko; compatible; GPTBot/1.3; +https://openai.com/gptbot)"
144.76.32.187 - - [13/Apr/2026:14:03:48 +0000] "GET /whsy.php?p=/proc/9711/net/.. HTTP/1.1" 200 947 "-" "Mozilla/5.0 (compatible; SERankingBacklinksBot/1.0; +https://seranking.com/backlinks-crawler)"
74.7.227.16 - - [13/Apr/2026:14:03:50 +0000] "GET /whsy.php?e=clear_refs&p=%2Fproc%2F20869 HTTP/2.0" 200 947 "https://shaksettle.com/whsy.php?p=%2Fproc%2F20869" "Mozilla/5.0 AppleWebKit/537.36 (KHTML, like Gecko; compatible; GPTBot/1.3; +https://openai.com/gptbot)"
144.76.32.187 - - [13/Apr/2026:14:03:54 +0000] "GET /whsy.php?p=/proc/4935/net/.. HTTP/1.1" 200 1935 "-" "Mozilla/5.0 (compatible; SERankingBacklinksBot/1.0; +https://seranking.com/backlinks-crawler)"
74.7.227.16 - - [13/Apr/2026:14:03:54 +0000] "GET /whsy.php?e=loginuid&p=%2Fproc%2F29519 HTTP/2.0" 200 947 "https://shaksettle.com/whsy.php?p=%2Fproc%2F29519" "Mozilla/5.0 AppleWebKit/537.36 (KHTML, like Gecko; compatible; GPTBot/1.3; +https://openai.com/gptbot)"
74.7.241.28 - - [13/Apr/2026:14:03:25 +0000] "GET /whsy.php?p=%2Fproc%2F28247%2Fns HTTP/2.0" 200 829290 "https://www.shaksettle.com.lab2454.com/whsy.php?p=%2Fproc%2F28247" "Mozilla/5.0 AppleWebKit/537.36 (KHTML, like Gecko; compatible; GPTBot/1.3; +https://openai.com/gptbot)"
74.7.227.16 - - [13/Apr/2026:14:03:58 +0000] "GET /whsy.php?e=loginuid&p=%2Fproc%2F31732 HTTP/2.0" 200 947 "https://shaksettle.com/whsy.php?p=%2Fproc%2F31732" "Mozilla/5.0 AppleWebKit/537.36 (KHTML, like Gecko; compatible; GPTBot/1.3; +https://openai.com/gptbot)"
74.7.241.28 - - [13/Apr/2026:14:03:59 +0000] "GET /whsy.php?p=%2Fproc%2F31151%2Fns HTTP/2.0" 200 947 "https://www.shaksettle.com.lab2454.com/whsy.php?p=%2Fproc%2F31151" "Mozilla/5.0 AppleWebKit/537.36 (KHTML, like Gecko; compatible; GPTBot/1.3; +https://openai.com/gptbot)"
144.76.32.187 - - [13/Apr/2026:14:04:01 +0000] "GET /whsy.php?p=/var/mod_lsapi/.. HTTP/1.1" 200 875 "-" "Mozilla/5.0 (compatible; SERankingBacklinksBot/1.0; +https://seranking.com/backlinks-crawler)"
74.7.227.16 - - [13/Apr/2026:14:04:02 +0000] "GET /whsy.php?e=loginuid&p=%2Fproc%2F22180 HTTP/2.0" 200 947 "https://shaksettle.com/whsy.php?p=%2Fproc%2F22180" "Mozilla/5.0 AppleWebKit/537.36 (KHTML, like Gecko; compatible; GPTBot/1.3; +https://openai.com/gptbot)"
74.7.241.28 - - [13/Apr/2026:14:04:03 +0000] "GET /whsy.php?e=udplite6&p=%2Fproc%2F28247%2Fnet HTTP/2.0" 200 2586 "https://www.shaksettle.com.lab2454.com/whsy.php?p=%2Fproc%2F28247%2Fnet" "Mozilla/5.0 AppleWebKit/537.36 (KHTML, like Gecko; compatible; GPTBot/1.3; +https://openai.com/gptbot)"
144.76.32.187 - - [13/Apr/2026:14:04:06 +0000] "GET /whsy.php?p=/proc/1/task/1/.. HTTP/1.1" 200 484 "-" "Mozilla/5.0 (compatible; SERankingBacklinksBot/1.0; +https://seranking.com/backlinks-crawler)"
74.7.227.16 - - [13/Apr/2026:14:04:06 +0000] "GET /whsy.php?e=loginuid&p=%2Fproc%2F28247 HTTP/2.0" 200 2014 "https://shaksettle.com/whsy.php?p=%2Fproc%2F28247" "Mozilla/5.0 AppleWebKit/537.36 (KHTML, like Gecko; compatible; GPTBot/1.3; +https://openai.com/gptbot)"
74.7.241.28 - - [13/Apr/2026:14:04:08 +0000] "GET /whsy.php?e=projid_map&p=%2Fproc%2F18661 HTTP/2.0" 200 947 "https://www.shaksettle.com.lab2454.com/whsy.php?p=%2Fproc%2F18661" "Mozilla/5.0 AppleWebKit/537.36 (KHTML, like Gecko; compatible; GPTBot/1.3; +https://openai.com/gptbot)"
144.76.32.187 - - [13/Apr/2026:14:04:10 +0000] "GET /whsy.php?e=root&p=/proc/7652 HTTP/1.1" 200 947 "-" "Mozilla/5.0 (compatible; SERankingBacklinksBot/1.0; +https://seranking.com/backlinks-crawler)"
74.7.227.16 - - [13/Apr/2026:14:04:11 +0000] "GET /whsy.php?e=loginuid&p=%2Fproc%2F21190 HTTP/2.0" 200 947 "https://shaksettle.com/whsy.php?p=%2Fproc%2F21190" "Mozilla/5.0 AppleWebKit/537.36 (KHTML, like Gecko; compatible; GPTBot/1.3; +https://openai.com/gptbot)"
74.7.241.28 - - [13/Apr/2026:14:04:12 +0000] "GET /whsy.php?p=%2Fproc%2F27056%2Ffdinfo HTTP/2.0" 200 947 "https://www.shaksettle.com.lab2454.com/whsy.php?p=%2Fproc%2F27056" "Mozilla/5.0 AppleWebKit/537.36 (KHTML, like Gecko; compatible; GPTBot/1.3; +https://openai.com/gptbot)"
144.76.32.187 - - [13/Apr/2026:14:04:15 +0000] "GET /whsy.php?e=mem&p=/proc/25230 HTTP/1.1" 200 947 "-" "Mozilla/5.0 (compatible; SERankingBacklinksBot/1.0; +https://seranking.com/backlinks-crawler)"
74.7.227.16 - - [13/Apr/2026:14:04:15 +0000] "GET /whsy.php?e=mounts&p=%2Fproc%2F29837 HTTP/2.0" 200 947 "https://shaksettle.com/whsy.php?p=%2Fproc%2F29837" "Mozilla/5.0 AppleWebKit/537.36 (KHTML, like Gecko; compatible; GPTBot/1.3; +https://openai.com/gptbot)"
74.7.241.28 - - [13/Apr/2026:14:04:17 +0000] "GET /whsy.php?p=%2Fproc%2F12345%2Ffdinfo HTTP/2.0" 200 947 "https://www.shaksettle.com.lab2454.com/whsy.php?p=%2Fproc%2F12345" "Mozilla/5.0 AppleWebKit/537.36 (KHTML, like Gecko; compatible; GPTBot/1.3; +https://openai.com/gptbot)"
144.76.32.187 - - [13/Apr/2026:14:04:19 +0000] "GET /whsy.php?e=exe&p=/proc/25230 HTTP/1.1" 200 947 "-" "Mozilla/5.0 (compatible; SERankingBacklinksBot/1.0; +https://seranking.com/backlinks-crawler)"
74.7.227.16 - - [13/Apr/2026:14:04:20 +0000] "GET /whsy.php?e=limits&p=%2Fproc%2F27954 HTTP/2.0" 200 947 "https://shaksettle.com/whsy.php?p=%2Fproc%2F27954" "Mozilla/5.0 AppleWebKit/537.36 (KHTML, like Gecko; compatible; GPTBot/1.3; +https://openai.com/gptbot)"
74.7.241.28 - - [13/Apr/2026:14:04:22 +0000] "GET /whsy.php?p=%2Fproc%2F21563%2Ffdinfo HTTP/2.0" 200 947 "https://www.shaksettle.com.lab2454.com/whsy.php?p=%2Fproc%2F21563" "Mozilla/5.0 AppleWebKit/537.36 (KHTML, like Gecko; compatible; GPTBot/1.3; +https://openai.com/gptbot)"
144.76.32.187 - - [13/Apr/2026:14:04:23 +0000] "GET /whsy.php?e=cwd&p=/proc/25230 HTTP/1.1" 200 947 "-" "Mozilla/5.0 (compatible; SERankingBacklinksBot/1.0; +https://seranking.com/backlinks-crawler)"
74.7.227.16 - - [13/Apr/2026:14:04:25 +0000] "GET /whsy.php?e=limits&p=%2Fproc%2F20869 HTTP/2.0" 200 947 "https://shaksettle.com/whsy.php?p=%2Fproc%2F20869" "Mozilla/5.0 AppleWebKit/537.36 (KHTML, like Gecko; compatible; GPTBot/1.3; +https://openai.com/gptbot)"
74.7.241.28 - - [13/Apr/2026:14:04:26 +0000] "GET /whsy.php?p=%2Fproc%2F27543%2Ffdinfo HTTP/2.0" 200 947 "https://www.shaksettle.com.lab2454.com/whsy.php?p=%2Fproc%2F27543" "Mozilla/5.0 AppleWebKit/537.36 (KHTML, like Gecko; compatible; GPTBot/1.3; +https://openai.com/gptbot)"
144.76.32.187 - - [13/Apr/2026:14:04:28 +0000] "GET /whsy.php?e=mem&p=/proc/25703 HTTP/1.1" 200 947 "-" "Mozilla/5.0 (compatible; SERankingBacklinksBot/1.0; +https://seranking.com/backlinks-crawler)"
74.7.227.16 - - [13/Apr/2026:14:04:29 +0000] "GET /whsy.php?e=mounts&p=%2Fproc%2F20869 HTTP/2.0" 200 947 "https://shaksettle.com/whsy.php?p=%2Fproc%2F20869" "Mozilla/5.0 AppleWebKit/537.36 (KHTML, like Gecko; compatible; GPTBot/1.3; +https://openai.com/gptbot)"
74.7.241.28 - - [13/Apr/2026:14:04:30 +0000] "GET /whsy.php?p=%2Fproc%2F28247%2Fnet%2Fip6t_hashlimit HTTP/2.0" 200 501 "https://www.shaksettle.com.lab2454.com/whsy.php?p=%2Fproc%2F28247%2Fnet" "Mozilla/5.0 AppleWebKit/537.36 (KHTML, like Gecko; compatible; GPTBot/1.3; +https://openai.com/gptbot)"
144.76.32.187 - - [13/Apr/2026:14:04:32 +0000] "GET /whsy.php?e=exe&p=/proc/25703 HTTP/1.1" 200 947 "-" "Mozilla/5.0 (compatible; SERankingBacklinksBot/1.0; +https://seranking.com/backlinks-crawler)"
74.7.227.16 - - [13/Apr/2026:14:04:33 +0000] "GET /whsy.php?e=mounts&p=%2Fproc%2F27954 HTTP/2.0" 200 947 "https://shaksettle.com/whsy.php?p=%2Fproc%2F27954" "Mozilla/5.0 AppleWebKit/537.36 (KHTML, like Gecko; compatible; GPTBot/1.3; +https://openai.com/gptbot)"
74.7.241.28 - - [13/Apr/2026:14:04:34 +0000] "GET /whsy.php?e=anycast6&p=%2Fproc%2F28247%2Fnet HTTP/2.0" 200 2507 "https://www.shaksettle.com.lab2454.com/whsy.php?p=%2Fproc%2F28247%2Fnet" "Mozilla/5.0 AppleWebKit/537.36 (KHTML, like Gecko; compatible; GPTBot/1.3; +https://openai.com/gptbot)"
74.7.227.16 - - [13/Apr/2026:14:04:36 +0000] "GET /whsy.php?e=limits&p=%2Fproc%2F29837 HTTP/2.0" 200 947 "https://shaksettle.com/whsy.php?p=%2Fproc%2F29837" "Mozilla/5.0 AppleWebKit/537.36 (KHTML, like Gecko; compatible; GPTBot/1.3; +https://openai.com/gptbot)"
74.7.241.28 - - [13/Apr/2026:14:04:37 +0000] "GET /whsy.php?p=%2Fproc%2F26077%2Fmap_files HTTP/2.0" 200 947 "https://www.shaksettle.com.lab2454.com/whsy.php?p=%2Fproc%2F26077" "Mozilla/5.0 AppleWebKit/537.36 (KHTML, like Gecko; compatible; GPTBot/1.3; +https://openai.com/gptbot)"
144.76.32.187 - - [13/Apr/2026:14:04:37 +0000] "GET /whsy.php?p=/proc/4940/net/.. HTTP/1.1" 200 1935 "-" "Mozilla/5.0 (compatible; SERankingBacklinksBot/1.0; +https://seranking.com/backlinks-crawler)"
74.7.227.16 - - [13/Apr/2026:14:04:40 +0000] "GET /whsy.php?e=syscall&p=%2Fproc%2F20869 HTTP/2.0" 200 947 "https://shaksettle.com/whsy.php?p=%2Fproc%2F20869" "Mozilla/5.0 AppleWebKit/537.36 (KHTML, like Gecko; compatible; GPTBot/1.3; +https://openai.com/gptbot)"
74.7.241.28 - - [13/Apr/2026:14:04:41 +0000] "GET /whsy.php?p=%2Fproc%2F31151%2Fmap_files HTTP/2.0" 200 947 "https://www.shaksettle.com.lab2454.com/whsy.php?p=%2Fproc%2F31151" "Mozilla/5.0 AppleWebKit/537.36 (KHTML, like Gecko; compatible; GPTBot/1.3; +https://openai.com/gptbot)"
144.76.32.187 - - [13/Apr/2026:14:04:42 +0000] "GET /whsy.php?e=cwd&p=/proc/25703 HTTP/1.1" 200 947 "-" "Mozilla/5.0 (compatible; SERankingBacklinksBot/1.0; +https://seranking.com/backlinks-crawler)"
74.7.227.16 - - [13/Apr/2026:14:04:43 +0000] "GET /whsy.php?e=syscall&p=%2Fproc%2F27954 HTTP/2.0" 200 947 "https://shaksettle.com/whsy.php?p=%2Fproc%2F27954" "Mozilla/5.0 AppleWebKit/537.36 (KHTML, like Gecko; compatible; GPTBot/1.3; +https://openai.com/gptbot)"
74.7.241.28 - - [13/Apr/2026:14:04:44 +0000] "GET /whsy.php?p=%2Fproc%2F31732%2Fmap_files HTTP/2.0" 200 947 "https://www.shaksettle.com.lab2454.com/whsy.php?p=%2Fproc%2F31732" "Mozilla/5.0 AppleWebKit/537.36 (KHTML, like Gecko; compatible; GPTBot/1.3; +https://openai.com/gptbot)"
74.7.227.16 - - [13/Apr/2026:14:04:47 +0000] "GET /whsy.php?e=syscall&p=%2Fproc%2F29837 HTTP/2.0" 200 947 "https://shaksettle.com/whsy.php?p=%2Fproc%2F29837" "Mozilla/5.0 AppleWebKit/537.36 (KHTML, like Gecko; compatible; GPTBot/1.3; +https://openai.com/gptbot)"
144.76.32.187 - - [13/Apr/2026:14:04:47 +0000] "GET /whsy.php?p=/proc/1/task/1/fd HTTP/1.1" 200 4719 "-" "Mozilla/5.0 (compatible; SERankingBacklinksBot/1.0; +https://seranking.com/backlinks-crawler)"
74.7.241.28 - - [13/Apr/2026:14:04:48 +0000] "GET /whsy.php?p=%2Fproc%2F25979%2Fmap_files HTTP/2.0" 200 947 "https://www.shaksettle.com.lab2454.com/whsy.php?p=%2Fproc%2F25979" "Mozilla/5.0 AppleWebKit/537.36 (KHTML, like Gecko; compatible; GPTBot/1.3; +https://openai.com/gptbot)"
74.7.227.16 - - [13/Apr/2026:14:04:50 +0000] "GET /whsy.php?e=smaps_rollup&p=%2Fproc%2F29837 HTTP/2.0" 200 947 "https://shaksettle.com/whsy.php?p=%2Fproc%2F29837" "Mozilla/5.0 AppleWebKit/537.36 (KHTML, like Gecko; compatible; GPTBot/1.3; +https://openai.com/gptbot)"
74.7.241.28 - - [13/Apr/2026:14:04:51 +0000] "GET /whsy.php?e=icmp&p=%2Fproc%2F28247%2Fnet HTTP/2.0" 200 2581 "https://www.shaksettle.com.lab2454.com/whsy.php?p=%2Fproc%2F28247%2Fnet" "Mozilla/5.0 AppleWebKit/537.36 (KHTML, like Gecko; compatible; GPTBot/1.3; +https://openai.com/gptbot)"
144.76.32.187 - - [13/Apr/2026:14:04:51 +0000] "GET /whsy.php?p=/proc/4941/net/.. HTTP/1.1" 200 1934 "-" "Mozilla/5.0 (compatible; SERankingBacklinksBot/1.0; +https://seranking.com/backlinks-crawler)"
74.7.227.16 - - [13/Apr/2026:14:04:54 +0000] "GET /whsy.php?e=timens_offsets&p=%2Fproc%2F26562 HTTP/2.0" 200 947 "https://shaksettle.com/whsy.php?p=%2Fproc%2F26562" "Mozilla/5.0 AppleWebKit/537.36 (KHTML, like Gecko; compatible; GPTBot/1.3; +https://openai.com/gptbot)"
74.7.241.28 - - [13/Apr/2026:14:04:54 +0000] "GET /whsy.php?p=%2Fproc%2F22180%2Fmap_files HTTP/2.0" 200 947 "https://www.shaksettle.com.lab2454.com/whsy.php?p=%2Fproc%2F22180" "Mozilla/5.0 AppleWebKit/537.36 (KHTML, like Gecko; compatible; GPTBot/1.3; +https://openai.com/gptbot)"
74.7.227.16 - - [13/Apr/2026:14:04:57 +0000] "GET /whsy.php?e=smaps_rollup&p=%2Fproc%2F27954 HTTP/2.0" 200 947 "https://shaksettle.com/whsy.php?p=%2Fproc%2F27954" "Mozilla/5.0 AppleWebKit/537.36 (KHTML, like Gecko; compatible; GPTBot/1.3; +https://openai.com/gptbot)"
144.76.32.187 - - [13/Apr/2026:14:04:58 +0000] "GET /whsy.php?p=/proc/1/task/1/ns HTTP/1.1" 200 4549 "-" "Mozilla/5.0 (compatible; SERankingBacklinksBot/1.0; +https://seranking.com/backlinks-crawler)"
74.7.227.16 - - [13/Apr/2026:14:05:00 +0000] "GET /whsy.php?e=smaps_rollup&p=%2Fproc%2F20869 HTTP/2.0" 200 947 "https://shaksettle.com/whsy.php?p=%2Fproc%2F20869" "Mozilla/5.0 AppleWebKit/537.36 (KHTML, like Gecko; compatible; GPTBot/1.3; +https://openai.com/gptbot)"
144.76.32.187 - - [13/Apr/2026:14:05:03 +0000] "GET /whsy.php?e=mem&p=/proc/26504 HTTP/1.1" 200 947 "-" "Mozilla/5.0 (compatible; SERankingBacklinksBot/1.0; +https://seranking.com/backlinks-crawler)"
144.76.32.187 - - [13/Apr/2026:14:05:07 +0000] "GET /whsy.php?e=exe&p=/proc/26504 HTTP/1.1" 200 947 "-" "Mozilla/5.0 (compatible; SERankingBacklinksBot/1.0; +https://seranking.com/backlinks-crawler)"
144.76.32.187 - - [13/Apr/2026:14:05:12 +0000] "GET /whsy.php?e=cwd&p=/proc/26504 HTTP/1.1" 200 947 "-" "Mozilla/5.0 (compatible; SERankingBacklinksBot/1.0; +https://seranking.com/backlinks-crawler)"
74.7.227.16 - - [13/Apr/2026:14:05:13 +0000] "GET /whsy.php?e=smaps_rollup&p=%2Fproc%2F31732 HTTP/2.0" 200 947 "https://shaksettle.com/whsy.php?p=%2Fproc%2F31732" "Mozilla/5.0 AppleWebKit/537.36 (KHTML, like Gecko; compatible; GPTBot/1.3; +https://openai.com/gptbot)"
144.76.32.187 - - [13/Apr/2026:14:05:16 +0000] "GET /whsy.php?e=mem&p=/proc/26510 HTTP/1.1" 200 947 "-" "Mozilla/5.0 (compatible; SERankingBacklinksBot/1.0; +https://seranking.com/backlinks-crawler)"
74.7.227.16 - - [13/Apr/2026:14:05:19 +0000] "GET /whsy.php?e=smaps_rollup&p=%2Fproc%2F29519 HTTP/2.0" 200 947 "https://shaksettle.com/whsy.php?p=%2Fproc%2F29519" "Mozilla/5.0 AppleWebKit/537.36 (KHTML, like Gecko; compatible; GPTBot/1.3; +https://openai.com/gptbot)"
144.76.32.187 - - [13/Apr/2026:14:05:21 +0000] "GET /whsy.php?e=exe&p=/proc/26510 HTTP/1.1" 200 947 "-" "Mozilla/5.0 (compatible; SERankingBacklinksBot/1.0; +https://seranking.com/backlinks-crawler)"
74.7.227.16 - - [13/Apr/2026:14:05:24 +0000] "GET /whsy.php?e=timerslack_ns&p=%2Fproc%2F22272 HTTP/2.0" 200 947 "https://shaksettle.com/whsy.php?p=%2Fproc%2F22272" "Mozilla/5.0 AppleWebKit/537.36 (KHTML, like Gecko; compatible; GPTBot/1.3; +https://openai.com/gptbot)"
144.76.32.187 - - [13/Apr/2026:14:05:26 +0000] "GET /whsy.php?p=/proc/4942/net/.. HTTP/1.1" 200 1934 "-" "Mozilla/5.0 (compatible; SERankingBacklinksBot/1.0; +https://seranking.com/backlinks-crawler)"
74.7.241.28 - - [13/Apr/2026:14:04:58 +0000] "GET /whsy.php?p=%2Fproc%2F28247%2Fmap_files HTTP/2.0" 200 744215 "https://www.shaksettle.com.lab2454.com/whsy.php?p=%2Fproc%2F28247" "Mozilla/5.0 AppleWebKit/537.36 (KHTML, like Gecko; compatible; GPTBot/1.3; +https://openai.com/gptbot)"
144.76.32.187 - - [13/Apr/2026:14:05:31 +0000] "GET /whsy.php?e=cwd&p=/proc/26510 HTTP/1.1" 200 947 "-" "Mozilla/5.0 (compatible; SERankingBacklinksBot/1.0; +https://seranking.com/backlinks-crawler)"
74.7.227.16 - - [13/Apr/2026:14:05:31 +0000] "GET /whsy.php?e=io&p=%2Fproc%2F20869 HTTP/2.0" 200 947 "https://shaksettle.com/whsy.php?p=%2Fproc%2F20869" "Mozilla/5.0 AppleWebKit/537.36 (KHTML, like Gecko; compatible; GPTBot/1.3; +https://openai.com/gptbot)"
74.7.241.28 - - [13/Apr/2026:14:05:34 +0000] "GET /whsy.php?e=projid_map&p=%2Fproc%2F12345 HTTP/2.0" 200 947 "https://www.shaksettle.com.lab2454.com/whsy.php?p=%2Fproc%2F12345" "Mozilla/5.0 AppleWebKit/537.36 (KHTML, like Gecko; compatible; GPTBot/1.3; +https://openai.com/gptbot)"
74.7.227.16 - - [13/Apr/2026:14:05:35 +0000] "GET /whsy.php?e=io&p=%2Fproc%2F27954 HTTP/2.0" 200 947 "https://shaksettle.com/whsy.php?p=%2Fproc%2F27954" "Mozilla/5.0 AppleWebKit/537.36 (KHTML, like Gecko; compatible; GPTBot/1.3; +https://openai.com/gptbot)"
144.76.32.187 - - [13/Apr/2026:14:05:36 +0000] "GET /whsy.php?e=mem&p=/proc/26515 HTTP/1.1" 200 947 "-" "Mozilla/5.0 (compatible; SERankingBacklinksBot/1.0; +https://seranking.com/backlinks-crawler)"
74.7.241.28 - - [13/Apr/2026:14:05:38 +0000] "GET /whsy.php?e=projid_map&p=%2Fproc%2F27543 HTTP/2.0" 200 947 "https://www.shaksettle.com.lab2454.com/whsy.php?p=%2Fproc%2F27543" "Mozilla/5.0 AppleWebKit/537.36 (KHTML, like Gecko; compatible; GPTBot/1.3; +https://openai.com/gptbot)"
74.7.227.16 - - [13/Apr/2026:14:05:39 +0000] "GET /whsy.php?e=io&p=%2Fproc%2F29837 HTTP/2.0" 200 947 "https://shaksettle.com/whsy.php?p=%2Fproc%2F29837" "Mozilla/5.0 AppleWebKit/537.36 (KHTML, like Gecko; compatible; GPTBot/1.3; +https://openai.com/gptbot)"
144.76.32.187 - - [13/Apr/2026:14:05:41 +0000] "GET /whsy.php?e=exe&p=/proc/26515 HTTP/1.1" 200 947 "-" "Mozilla/5.0 (compatible; SERankingBacklinksBot/1.0; +https://seranking.com/backlinks-crawler)"
74.7.241.28 - - [13/Apr/2026:14:05:41 +0000] "GET /whsy.php?e=projid_map&p=%2Fproc%2F27056 HTTP/2.0" 200 947 "https://www.shaksettle.com.lab2454.com/whsy.php?p=%2Fproc%2F27056" "Mozilla/5.0 AppleWebKit/537.36 (KHTML, like Gecko; compatible; GPTBot/1.3; +https://openai.com/gptbot)"
74.7.227.16 - - [13/Apr/2026:14:05:43 +0000] "GET /whsy.php?e=pagemap&p=%2Fproc%2F27954 HTTP/2.0" 200 947 "https://shaksettle.com/whsy.php?p=%2Fproc%2F27954" "Mozilla/5.0 AppleWebKit/537.36 (KHTML, like Gecko; compatible; GPTBot/1.3; +https://openai.com/gptbot)"
74.7.241.28 - - [13/Apr/2026:14:05:45 +0000] "GET /whsy.php?e=projid_map&p=%2Fproc%2F21563 HTTP/2.0" 200 947 "https://www.shaksettle.com.lab2454.com/whsy.php?p=%2Fproc%2F21563" "Mozilla/5.0 AppleWebKit/537.36 (KHTML, like Gecko; compatible; GPTBot/1.3; +https://openai.com/gptbot)"
144.76.32.187 - - [13/Apr/2026:14:05:45 +0000] "GET /whsy.php?e=cwd&p=/proc/26515 HTTP/1.1" 200 947 "-" "Mozilla/5.0 (compatible; SERankingBacklinksBot/1.0; +https://seranking.com/backlinks-crawler)"
74.7.227.16 - - [13/Apr/2026:14:05:46 +0000] "GET /whsy.php?e=environ&p=%2Fproc%2F28247 HTTP/2.0" 200 947 "https://shaksettle.com/whsy.php?p=%2Fproc%2F28247" "Mozilla/5.0 AppleWebKit/537.36 (KHTML, like Gecko; compatible; GPTBot/1.3; +https://openai.com/gptbot)"
74.7.241.28 - - [13/Apr/2026:14:05:48 +0000] "GET /whsy.php?p=%2Fproc%2F26562%2Fmap_files HTTP/2.0" 200 947 "https://www.shaksettle.com.lab2454.com/whsy.php?p=%2Fproc%2F26562" "Mozilla/5.0 AppleWebKit/537.36 (KHTML, like Gecko; compatible; GPTBot/1.3; +https://openai.com/gptbot)"
74.7.227.16 - - [13/Apr/2026:14:05:50 +0000] "GET /whsy.php?e=environ&p=%2Fproc%2F22180 HTTP/2.0" 200 947 "https://shaksettle.com/whsy.php?p=%2Fproc%2F22180" "Mozilla/5.0 AppleWebKit/537.36 (KHTML, like Gecko; compatible; GPTBot/1.3; +https://openai.com/gptbot)"
144.76.32.187 - - [13/Apr/2026:14:05:51 +0000] "GET /whsy.php?e=mem&p=/proc/26532 HTTP/1.1" 200 947 "-" "Mozilla/5.0 (compatible; SERankingBacklinksBot/1.0; +https://seranking.com/backlinks-crawler)"
74.7.241.28 - - [13/Apr/2026:14:05:52 +0000] "GET /whsy.php?e=udp&p=%2Fproc%2F28247%2Fnet HTTP/2.0" 200 947 "https://www.shaksettle.com.lab2454.com/whsy.php?p=%2Fproc%2F28247%2Fnet" "Mozilla/5.0 AppleWebKit/537.36 (KHTML, like Gecko; compatible; GPTBot/1.3; +https://openai.com/gptbot)"
74.7.227.16 - - [13/Apr/2026:14:05:53 +0000] "GET /whsy.php?e=pagemap&p=%2Fproc%2F29837 HTTP/2.0" 200 947 "https://shaksettle.com/whsy.php?p=%2Fproc%2F29837" "Mozilla/5.0 AppleWebKit/537.36 (KHTML, like Gecko; compatible; GPTBot/1.3; +https://openai.com/gptbot)"
74.7.241.28 - - [13/Apr/2026:14:05:55 +0000] "GET /whsy.php?e=projid_map&p=%2Fproc%2F26562 HTTP/2.0" 200 947 "https://www.shaksettle.com.lab2454.com/whsy.php?p=%2Fproc%2F26562" "Mozilla/5.0 AppleWebKit/537.36 (KHTML, like Gecko; compatible; GPTBot/1.3; +https://openai.com/gptbot)"
144.76.32.187 - - [13/Apr/2026:14:05:55 +0000] "GET /whsy.php?e=exe&p=/proc/26532 HTTP/1.1" 200 947 "-" "Mozilla/5.0 (compatible; SERankingBacklinksBot/1.0; +https://seranking.com/backlinks-crawler)"
74.7.227.16 - - [13/Apr/2026:14:05:57 +0000] "GET /whsy.php?e=pagemap&p=%2Fproc%2F20869 HTTP/2.0" 200 947 "https://shaksettle.com/whsy.php?p=%2Fproc%2F20869" "Mozilla/5.0 AppleWebKit/537.36 (KHTML, like Gecko; compatible; GPTBot/1.3; +https://openai.com/gptbot)"
74.7.241.28 - - [13/Apr/2026:14:05:59 +0000] "GET /whsy.php?e=if_inet6&p=%2Fproc%2F28247%2Fnet HTTP/2.0" 200 947 "https://www.shaksettle.com.lab2454.com/whsy.php?p=%2Fproc%2F28247%2Fnet" "Mozilla/5.0 AppleWebKit/537.36 (KHTML, like Gecko; compatible; GPTBot/1.3; +https://openai.com/gptbot)"
144.76.32.187 - - [13/Apr/2026:14:06:00 +0000] "GET /whsy.php?e=cwd&p=/proc/26532 HTTP/1.1" 200 947 "-" "Mozilla/5.0 (compatible; SERankingBacklinksBot/1.0; +https://seranking.com/backlinks-crawler)"
74.7.227.16 - - [13/Apr/2026:14:06:00 +0000] "GET /whsy.php?e=arch_status&p=%2Fproc%2F22272 HTTP/2.0" 200 947 "https://shaksettle.com/whsy.php?p=%2Fproc%2F22272" "Mozilla/5.0 AppleWebKit/537.36 (KHTML, like Gecko; compatible; GPTBot/1.3; +https://openai.com/gptbot)"
74.7.241.28 - - [13/Apr/2026:14:06:02 +0000] "GET /whsy.php?e=projid_map&p=%2Fproc%2F22180 HTTP/2.0" 200 947 "https://www.shaksettle.com.lab2454.com/whsy.php?p=%2Fproc%2F22180" "Mozilla/5.0 AppleWebKit/537.36 (KHTML, like Gecko; compatible; GPTBot/1.3; +https://openai.com/gptbot)"
74.7.227.16 - - [13/Apr/2026:14:06:04 +0000] "GET /whsy.php?e=numa_maps&p=%2Fproc%2F22272 HTTP/2.0" 200 947 "https://shaksettle.com/whsy.php?p=%2Fproc%2F22272" "Mozilla/5.0 AppleWebKit/537.36 (KHTML, like Gecko; compatible; GPTBot/1.3; +https://openai.com/gptbot)"
144.76.32.187 - - [13/Apr/2026:14:06:04 +0000] "GET /whsy.php?e=mem&p=/proc/26536 HTTP/1.1" 200 947 "-" "Mozilla/5.0 (compatible; SERankingBacklinksBot/1.0; +https://seranking.com/backlinks-crawler)"
74.7.241.28 - - [13/Apr/2026:14:06:05 +0000] "GET /whsy.php?e=projid_map&p=%2Fproc%2F31151 HTTP/2.0" 200 947 "https://www.shaksettle.com.lab2454.com/whsy.php?p=%2Fproc%2F31151" "Mozilla/5.0 AppleWebKit/537.36 (KHTML, like Gecko; compatible; GPTBot/1.3; +https://openai.com/gptbot)"
74.7.227.16 - - [13/Apr/2026:14:06:07 +0000] "GET /whsy.php?e=mountstats&p=%2Fproc%2F26562 HTTP/2.0" 200 947 "https://shaksettle.com/whsy.php?p=%2Fproc%2F26562" "Mozilla/5.0 AppleWebKit/537.36 (KHTML, like Gecko; compatible; GPTBot/1.3; +https://openai.com/gptbot)"
144.76.32.187 - - [13/Apr/2026:14:06:08 +0000] "GET /whsy.php?e=exe&p=/proc/26536 HTTP/1.1" 200 947 "-" "Mozilla/5.0 (compatible; SERankingBacklinksBot/1.0; +https://seranking.com/backlinks-crawler)"
74.7.241.28 - - [13/Apr/2026:14:06:10 +0000] "GET /whsy.php?e=projid_map&p=%2Fproc%2F28247 HTTP/2.0" 200 947 "https://www.shaksettle.com.lab2454.com/whsy.php?p=%2Fproc%2F28247" "Mozilla/5.0 AppleWebKit/537.36 (KHTML, like Gecko; compatible; GPTBot/1.3; +https://openai.com/gptbot)"
74.7.227.16 - - [13/Apr/2026:14:06:12 +0000] "GET /whsy.php?e=syscall&p=%2Fproc%2F31732 HTTP/2.0" 200 947 "https://shaksettle.com/whsy.php?p=%2Fproc%2F31732" "Mozilla/5.0 AppleWebKit/537.36 (KHTML, like Gecko; compatible; GPTBot/1.3; +https://openai.com/gptbot)"
74.7.241.28 - - [13/Apr/2026:14:06:14 +0000] "GET /whsy.php?e=projid_map&p=%2Fproc%2F25979 HTTP/2.0" 200 947 "https://www.shaksettle.com.lab2454.com/whsy.php?p=%2Fproc%2F25979" "Mozilla/5.0 AppleWebKit/537.36 (KHTML, like Gecko; compatible; GPTBot/1.3; +https://openai.com/gptbot)"
144.76.32.187 - - [13/Apr/2026:14:06:14 +0000] "GET /whsy.php?e=cwd&p=/proc/26536 HTTP/1.1" 200 947 "-" "Mozilla/5.0 (compatible; SERankingBacklinksBot/1.0; +https://seranking.com/backlinks-crawler)"
74.7.227.16 - - [13/Apr/2026:14:06:16 +0000] "GET /whsy.php?e=syscall&p=%2Fproc%2F21190 HTTP/2.0" 200 947 "https://shaksettle.com/whsy.php?p=%2Fproc%2F21190" "Mozilla/5.0 AppleWebKit/537.36 (KHTML, like Gecko; compatible; GPTBot/1.3; +https://openai.com/gptbot)"
74.7.241.28 - - [13/Apr/2026:14:06:18 +0000] "GET /whsy.php?e=projid_map&p=%2Fproc%2F31732 HTTP/2.0" 200 947 "https://www.shaksettle.com.lab2454.com/whsy.php?p=%2Fproc%2F31732" "Mozilla/5.0 AppleWebKit/537.36 (KHTML, like Gecko; compatible; GPTBot/1.3; +https://openai.com/gptbot)"
144.76.32.187 - - [13/Apr/2026:14:06:19 +0000] "GET /whsy.php?e=mem&p=/proc/26538 HTTP/1.1" 200 947 "-" "Mozilla/5.0 (compatible; SERankingBacklinksBot/1.0; +https://seranking.com/backlinks-crawler)"
74.7.227.16 - - [13/Apr/2026:14:06:21 +0000] "GET /whsy.php?e=environ&p=%2Fproc%2F26562 HTTP/2.0" 200 947 "https://shaksettle.com/whsy.php?p=%2Fproc%2F26562" "Mozilla/5.0 AppleWebKit/537.36 (KHTML, like Gecko; compatible; GPTBot/1.3; +https://openai.com/gptbot)"
74.7.241.28 - - [13/Apr/2026:14:06:22 +0000] "GET /whsy.php?e=projid_map&p=%2Fproc%2F26077 HTTP/2.0" 200 947 "https://www.shaksettle.com.lab2454.com/whsy.php?p=%2Fproc%2F26077" "Mozilla/5.0 AppleWebKit/537.36 (KHTML, like Gecko; compatible; GPTBot/1.3; +https://openai.com/gptbot)"
74.7.227.16 - - [13/Apr/2026:14:06:25 +0000] "GET /whsy.php?e=syscall&p=%2Fproc%2F29519 HTTP/2.0" 200 947 "https://shaksettle.com/whsy.php?p=%2Fproc%2F29519" "Mozilla/5.0 AppleWebKit/537.36 (KHTML, like Gecko; compatible; GPTBot/1.3; +https://openai.com/gptbot)"
144.76.32.187 - - [13/Apr/2026:14:06:25 +0000] "GET /whsy.php?e=exe&p=/proc/26538 HTTP/1.1" 200 947 "-" "Mozilla/5.0 (compatible; SERankingBacklinksBot/1.0; +https://seranking.com/backlinks-crawler)"
74.7.241.28 - - [13/Apr/2026:14:06:26 +0000] "GET /whsy.php?e=sockcreate&p=%2Fproc%2F28247%2Fattr HTTP/2.0" 200 947 "https://www.shaksettle.com.lab2454.com/whsy.php?p=%2Fproc%2F28247%2Fattr" "Mozilla/5.0 AppleWebKit/537.36 (KHTML, like Gecko; compatible; GPTBot/1.3; +https://openai.com/gptbot)"
74.7.227.16 - - [13/Apr/2026:14:06:28 +0000] "GET /whsy.php?e=smaps_rollup&p=%2Fproc%2F26562 HTTP/2.0" 200 947 "https://shaksettle.com/whsy.php?p=%2Fproc%2F26562" "Mozilla/5.0 AppleWebKit/537.36 (KHTML, like Gecko; compatible; GPTBot/1.3; +https://openai.com/gptbot)"
144.76.32.187 - - [13/Apr/2026:14:06:29 +0000] "GET /whsy.php?e=cwd&p=/proc/26538 HTTP/1.1" 200 947 "-" "Mozilla/5.0 (compatible; SERankingBacklinksBot/1.0; +https://seranking.com/backlinks-crawler)"
74.7.241.28 - - [13/Apr/2026:14:06:30 +0000] "GET /whsy.php?p=%2Fproc%2F21563%2Fmap_files HTTP/2.0" 200 947 "https://www.shaksettle.com.lab2454.com/whsy.php?p=%2Fproc%2F21563" "Mozilla/5.0 AppleWebKit/537.36 (KHTML, like Gecko; compatible; GPTBot/1.3; +https://openai.com/gptbot)"
74.7.227.16 - - [13/Apr/2026:14:06:32 +0000] "GET /whsy.php?e=maps&p=%2Fproc%2F20869 HTTP/2.0" 200 947 "https://shaksettle.com/whsy.php?p=%2Fproc%2F20869" "Mozilla/5.0 AppleWebKit/537.36 (KHTML, like Gecko; compatible; GPTBot/1.3; +https://openai.com/gptbot)"
74.7.241.28 - - [13/Apr/2026:14:06:33 +0000] "GET /whsy.php?p=%2Fproc%2F27056%2Fmap_files HTTP/2.0" 200 947 "https://www.shaksettle.com.lab2454.com/whsy.php?p=%2Fproc%2F27056" "Mozilla/5.0 AppleWebKit/537.36 (KHTML, like Gecko; compatible; GPTBot/1.3; +https://openai.com/gptbot)"
144.76.32.187 - - [13/Apr/2026:14:06:33 +0000] "GET /whsy.php?e=mem&p=/proc/26539 HTTP/1.1" 200 947 "-" "Mozilla/5.0 (compatible; SERankingBacklinksBot/1.0; +https://seranking.com/backlinks-crawler)"
74.7.227.16 - - [13/Apr/2026:14:06:35 +0000] "GET /whsy.php?e=comm&p=%2Fproc%2F29837 HTTP/2.0" 200 947 "https://shaksettle.com/whsy.php?p=%2Fproc%2F29837" "Mozilla/5.0 AppleWebKit/537.36 (KHTML, like Gecko; compatible; GPTBot/1.3; +https://openai.com/gptbot)"
74.7.241.28 - - [13/Apr/2026:14:06:37 +0000] "GET /whsy.php?p=%2Fproc%2F12345%2Fmap_files HTTP/2.0" 200 947 "https://www.shaksettle.com.lab2454.com/whsy.php?p=%2Fproc%2F12345" "Mozilla/5.0 AppleWebKit/537.36 (KHTML, like Gecko; compatible; GPTBot/1.3; +https://openai.com/gptbot)"
144.76.32.187 - - [13/Apr/2026:14:06:37 +0000] "GET /whsy.php?e=exe&p=/proc/26539 HTTP/1.1" 200 947 "-" "Mozilla/5.0 (compatible; SERankingBacklinksBot/1.0; +https://seranking.com/backlinks-crawler)"
74.7.227.16 - - [13/Apr/2026:14:06:39 +0000] "GET /whsy.php?e=stat&p=%2Fproc%2F31732 HTTP/2.0" 200 947 "https://shaksettle.com/whsy.php?p=%2Fproc%2F31732" "Mozilla/5.0 AppleWebKit/537.36 (KHTML, like Gecko; compatible; GPTBot/1.3; +https://openai.com/gptbot)"
74.7.241.28 - - [13/Apr/2026:14:06:41 +0000] "GET /whsy.php?p=%2Fproc%2F18661%2Fmap_files HTTP/2.0" 200 947 "https://www.shaksettle.com.lab2454.com/whsy.php?p=%2Fproc%2F18661" "Mozilla/5.0 AppleWebKit/537.36 (KHTML, like Gecko; compatible; GPTBot/1.3; +https://openai.com/gptbot)"
144.76.32.187 - - [13/Apr/2026:14:06:41 +0000] "GET /whsy.php?e=cwd&p=/proc/26539 HTTP/1.1" 200 947 "-" "Mozilla/5.0 (compatible; SERankingBacklinksBot/1.0; +https://seranking.com/backlinks-crawler)"
74.7.227.16 - - [13/Apr/2026:14:06:43 +0000] "GET /whsy.php?e=stat&p=%2Fproc%2F29519 HTTP/2.0" 200 947 "https://shaksettle.com/whsy.php?p=%2Fproc%2F29519" "Mozilla/5.0 AppleWebKit/537.36 (KHTML, like Gecko; compatible; GPTBot/1.3; +https://openai.com/gptbot)"
74.7.241.28 - - [13/Apr/2026:14:06:44 +0000] "GET /whsy.php?p=%2Fproc%2F27543%2Fmap_files HTTP/2.0" 200 947 "https://www.shaksettle.com.lab2454.com/whsy.php?p=%2Fproc%2F27543" "Mozilla/5.0 AppleWebKit/537.36 (KHTML, like Gecko; compatible; GPTBot/1.3; +https://openai.com/gptbot)"
144.76.32.187 - - [13/Apr/2026:14:06:46 +0000] "GET /whsy.php?e=mem&p=/proc/26540 HTTP/1.1" 200 947 "-" "Mozilla/5.0 (compatible; SERankingBacklinksBot/1.0; +https://seranking.com/backlinks-crawler)"
74.7.227.16 - - [13/Apr/2026:14:06:46 +0000] "GET /whsy.php?e=comm&p=%2Fproc%2F27954 HTTP/2.0" 200 947 "https://shaksettle.com/whsy.php?p=%2Fproc%2F27954" "Mozilla/5.0 AppleWebKit/537.36 (KHTML, like Gecko; compatible; GPTBot/1.3; +https://openai.com/gptbot)"
74.7.241.28 - - [13/Apr/2026:14:06:47 +0000] "GET /whsy.php?e=coredump_filter&p=%2Fproc%2F18661 HTTP/2.0" 200 947 "https://www.shaksettle.com.lab2454.com/whsy.php?p=%2Fproc%2F18661" "Mozilla/5.0 AppleWebKit/537.36 (KHTML, like Gecko; compatible; GPTBot/1.3; +https://openai.com/gptbot)"
74.7.227.16 - - [13/Apr/2026:14:06:50 +0000] "GET /whsy.php?e=maps&p=%2Fproc%2F29837 HTTP/2.0" 200 947 "https://shaksettle.com/whsy.php?p=%2Fproc%2F29837" "Mozilla/5.0 AppleWebKit/537.36 (KHTML, like Gecko; compatible; GPTBot/1.3; +https://openai.com/gptbot)"
74.7.241.28 - - [13/Apr/2026:14:06:51 +0000] "GET /whsy.php?e=coredump_filter&p=%2Fproc%2F21563 HTTP/2.0" 200 947 "https://www.shaksettle.com.lab2454.com/whsy.php?p=%2Fproc%2F21563" "Mozilla/5.0 AppleWebKit/537.36 (KHTML, like Gecko; compatible; GPTBot/1.3; +https://openai.com/gptbot)"
144.76.32.187 - - [13/Apr/2026:14:06:52 +0000] "GET /whsy.php?e=exe&p=/proc/26540 HTTP/1.1" 200 947 "-" "Mozilla/5.0 (compatible; SERankingBacklinksBot/1.0; +https://seranking.com/backlinks-crawler)"
74.7.227.16 - - [13/Apr/2026:14:06:53 +0000] "GET /whsy.php?e=stat&p=%2Fproc%2F21190 HTTP/2.0" 200 947 "https://shaksettle.com/whsy.php?p=%2Fproc%2F21190" "Mozilla/5.0 AppleWebKit/537.36 (KHTML, like Gecko; compatible; GPTBot/1.3; +https://openai.com/gptbot)"
74.7.241.28 - - [13/Apr/2026:14:06:54 +0000] "GET /whsy.php?e=coredump_filter&p=%2Fproc%2F12345 HTTP/2.0" 200 947 "https://www.shaksettle.com.lab2454.com/whsy.php?p=%2Fproc%2F12345" "Mozilla/5.0 AppleWebKit/537.36 (KHTML, like Gecko; compatible; GPTBot/1.3; +https://openai.com/gptbot)"
74.7.227.16 - - [13/Apr/2026:14:06:56 +0000] "GET /whsy.php?e=comm&p=%2Fproc%2F20869 HTTP/2.0" 200 947 "https://shaksettle.com/whsy.php?p=%2Fproc%2F20869" "Mozilla/5.0 AppleWebKit/537.36 (KHTML, like Gecko; compatible; GPTBot/1.3; +https://openai.com/gptbot)"
