144.76.32.187 - - [13/Apr/2026:13:47:24 +0000] "GET /whsy.php?p=/proc/26532/.. HTTP/1.1" 200 947 "-" "Mozilla/5.0 (compatible; SERankingBacklinksBot/1.0; +https://seranking.com/backlinks-crawler)"
74.7.227.16 - - [13/Apr/2026:13:47:26 +0000] "GET /whsy.php?e=wchan&p=%2Fproc%2F27954 HTTP/2.0" 200 947 "https://shaksettle.com/whsy.php?p=%2Fproc%2F27954" "Mozilla/5.0 AppleWebKit/537.36 (KHTML, like Gecko; compatible; GPTBot/1.3; +https://openai.com/gptbot)"
74.7.241.28 - - [13/Apr/2026:13:47:27 +0000] "GET /whsy.php?e=loginuid&p=%2Fproc%2F22180 HTTP/2.0" 200 947 "https://www.shaksettle.com.lab2454.com/whsy.php?p=%2Fproc%2F22180" "Mozilla/5.0 AppleWebKit/537.36 (KHTML, like Gecko; compatible; GPTBot/1.3; +https://openai.com/gptbot)"
144.76.32.187 - - [13/Apr/2026:13:47:29 +0000] "GET /whsy.php?p=/proc/26532/fd HTTP/1.1" 200 947 "-" "Mozilla/5.0 (compatible; SERankingBacklinksBot/1.0; +https://seranking.com/backlinks-crawler)"
74.7.227.16 - - [13/Apr/2026:13:47:30 +0000] "GET /whsy.php?e=wchan&p=%2Fproc%2F29837 HTTP/2.0" 200 2006 "https://shaksettle.com/whsy.php?p=%2Fproc%2F29837" "Mozilla/5.0 AppleWebKit/537.36 (KHTML, like Gecko; compatible; GPTBot/1.3; +https://openai.com/gptbot)"
74.7.241.28 - - [13/Apr/2026:13:47:31 +0000] "GET /whsy.php?e=loginuid&p=%2Fproc%2F26077 HTTP/2.0" 200 947 "https://www.shaksettle.com.lab2454.com/whsy.php?p=%2Fproc%2F26077" "Mozilla/5.0 AppleWebKit/537.36 (KHTML, like Gecko; compatible; GPTBot/1.3; +https://openai.com/gptbot)"
144.76.32.187 - - [13/Apr/2026:13:47:33 +0000] "GET /whsy.php?p=/proc/26532/ns HTTP/1.1" 200 947 "-" "Mozilla/5.0 (compatible; SERankingBacklinksBot/1.0; +https://seranking.com/backlinks-crawler)"
74.7.227.16 - - [13/Apr/2026:13:47:34 +0000] "GET /whsy.php?e=uid_map&p=%2Fproc%2F29519 HTTP/2.0" 200 947 "https://shaksettle.com/whsy.php?p=%2Fproc%2F29519" "Mozilla/5.0 AppleWebKit/537.36 (KHTML, like Gecko; compatible; GPTBot/1.3; +https://openai.com/gptbot)"
74.7.241.28 - - [13/Apr/2026:13:47:35 +0000] "GET /whsy.php?e=loginuid&p=%2Fproc%2F31732 HTTP/2.0" 200 947 "https://www.shaksettle.com.lab2454.com/whsy.php?p=%2Fproc%2F31732" "Mozilla/5.0 AppleWebKit/537.36 (KHTML, like Gecko; compatible; GPTBot/1.3; +https://openai.com/gptbot)"
144.76.32.187 - - [13/Apr/2026:13:47:37 +0000] "GET /whsy.php?p=/proc/26536/.. HTTP/1.1" 200 947 "-" "Mozilla/5.0 (compatible; SERankingBacklinksBot/1.0; +https://seranking.com/backlinks-crawler)"
74.7.227.16 - - [13/Apr/2026:13:47:37 +0000] "GET /whsy.php?e=gid_map&p=%2Fproc%2F21190 HTTP/2.0" 200 947 "https://shaksettle.com/whsy.php?p=%2Fproc%2F21190" "Mozilla/5.0 AppleWebKit/537.36 (KHTML, like Gecko; compatible; GPTBot/1.3; +https://openai.com/gptbot)"
74.7.241.28 - - [13/Apr/2026:13:47:39 +0000] "GET /whsy.php?e=loginuid&p=%2Fproc%2F25979 HTTP/2.0" 200 947 "https://www.shaksettle.com.lab2454.com/whsy.php?p=%2Fproc%2F25979" "Mozilla/5.0 AppleWebKit/537.36 (KHTML, like Gecko; compatible; GPTBot/1.3; +https://openai.com/gptbot)"
144.76.32.187 - - [13/Apr/2026:13:47:41 +0000] "GET /whsy.php?p=/proc/26536/fd HTTP/1.1" 200 947 "-" "Mozilla/5.0 (compatible; SERankingBacklinksBot/1.0; +https://seranking.com/backlinks-crawler)"
74.7.227.16 - - [13/Apr/2026:13:47:41 +0000] "GET /whsy.php?e=uid_map&p=%2Fproc%2F21190 HTTP/2.0" 200 947 "https://shaksettle.com/whsy.php?p=%2Fproc%2F21190" "Mozilla/5.0 AppleWebKit/537.36 (KHTML, like Gecko; compatible; GPTBot/1.3; +https://openai.com/gptbot)"
74.7.241.28 - - [13/Apr/2026:13:47:42 +0000] "GET /whsy.php?e=limits&p=%2Fproc%2F27543 HTTP/2.0" 200 947 "https://www.shaksettle.com.lab2454.com/whsy.php?p=%2Fproc%2F27543" "Mozilla/5.0 AppleWebKit/537.36 (KHTML, like Gecko; compatible; GPTBot/1.3; +https://openai.com/gptbot)"
144.76.32.187 - - [13/Apr/2026:13:47:44 +0000] "GET /whsy.php?p=/proc/26536/ns HTTP/1.1" 200 947 "-" "Mozilla/5.0 (compatible; SERankingBacklinksBot/1.0; +https://seranking.com/backlinks-crawler)"
74.7.227.16 - - [13/Apr/2026:13:47:45 +0000] "GET /whsy.php?e=gid_map&p=%2Fproc%2F31732 HTTP/2.0" 200 947 "https://shaksettle.com/whsy.php?p=%2Fproc%2F31732" "Mozilla/5.0 AppleWebKit/537.36 (KHTML, like Gecko; compatible; GPTBot/1.3; +https://openai.com/gptbot)"
74.7.241.28 - - [13/Apr/2026:13:47:46 +0000] "GET /whsy.php?e=limits&p=%2Fproc%2F12345 HTTP/2.0" 200 947 "https://www.shaksettle.com.lab2454.com/whsy.php?p=%2Fproc%2F12345" "Mozilla/5.0 AppleWebKit/537.36 (KHTML, like Gecko; compatible; GPTBot/1.3; +https://openai.com/gptbot)"
144.76.32.187 - - [13/Apr/2026:13:47:48 +0000] "GET /whsy.php?p=/proc/26538/.. HTTP/1.1" 200 947 "-" "Mozilla/5.0 (compatible; SERankingBacklinksBot/1.0; +https://seranking.com/backlinks-crawler)"
74.7.227.16 - - [13/Apr/2026:13:47:49 +0000] "GET /whsy.php?e=uid_map&p=%2Fproc%2F31732 HTTP/2.0" 200 947 "https://shaksettle.com/whsy.php?p=%2Fproc%2F31732" "Mozilla/5.0 AppleWebKit/537.36 (KHTML, like Gecko; compatible; GPTBot/1.3; +https://openai.com/gptbot)"
74.7.241.28 - - [13/Apr/2026:13:47:50 +0000] "GET /whsy.php?e=limits&p=%2Fproc%2F27056 HTTP/2.0" 200 947 "https://www.shaksettle.com.lab2454.com/whsy.php?p=%2Fproc%2F27056" "Mozilla/5.0 AppleWebKit/537.36 (KHTML, like Gecko; compatible; GPTBot/1.3; +https://openai.com/gptbot)"
144.76.32.187 - - [13/Apr/2026:13:47:52 +0000] "GET /whsy.php?p=/proc/26538/fd HTTP/1.1" 200 947 "-" "Mozilla/5.0 (compatible; SERankingBacklinksBot/1.0; +https://seranking.com/backlinks-crawler)"
74.7.227.16 - - [13/Apr/2026:13:47:53 +0000] "GET /whsy.php?e=gid_map&p=%2Fproc%2F29519 HTTP/2.0" 200 947 "https://shaksettle.com/whsy.php?p=%2Fproc%2F29519" "Mozilla/5.0 AppleWebKit/537.36 (KHTML, like Gecko; compatible; GPTBot/1.3; +https://openai.com/gptbot)"
74.7.241.28 - - [13/Apr/2026:13:47:54 +0000] "GET /whsy.php?e=limits&p=%2Fproc%2F21563 HTTP/2.0" 200 947 "https://www.shaksettle.com.lab2454.com/whsy.php?p=%2Fproc%2F21563" "Mozilla/5.0 AppleWebKit/537.36 (KHTML, like Gecko; compatible; GPTBot/1.3; +https://openai.com/gptbot)"
74.7.227.16 - - [13/Apr/2026:13:47:56 +0000] "GET /whsy.php?e=oom_adj&p=%2Fproc%2F26562 HTTP/2.0" 200 2006 "https://shaksettle.com/whsy.php?p=%2Fproc%2F26562" "Mozilla/5.0 AppleWebKit/537.36 (KHTML, like Gecko; compatible; GPTBot/1.3; +https://openai.com/gptbot)"
144.76.32.187 - - [13/Apr/2026:13:47:57 +0000] "GET /whsy.php?p=/proc/26538/ns HTTP/1.1" 200 947 "-" "Mozilla/5.0 (compatible; SERankingBacklinksBot/1.0; +https://seranking.com/backlinks-crawler)"
74.7.241.28 - - [13/Apr/2026:13:47:58 +0000] "GET /whsy.php?e=mounts&p=%2Fproc%2F12345 HTTP/2.0" 200 947 "https://www.shaksettle.com.lab2454.com/whsy.php?p=%2Fproc%2F12345" "Mozilla/5.0 AppleWebKit/537.36 (KHTML, like Gecko; compatible; GPTBot/1.3; +https://openai.com/gptbot)"
74.7.227.16 - - [13/Apr/2026:13:48:00 +0000] "GET /whsy.php?e=smaps_rollup&p=%2Fproc%2F22272 HTTP/2.0" 200 2007 "https://shaksettle.com/whsy.php?p=%2Fproc%2F22272" "Mozilla/5.0 AppleWebKit/537.36 (KHTML, like Gecko; compatible; GPTBot/1.3; +https://openai.com/gptbot)"
74.7.241.28 - - [13/Apr/2026:13:48:01 +0000] "GET /whsy.php?e=mounts&p=%2Fproc%2F21563 HTTP/2.0" 200 947 "https://www.shaksettle.com.lab2454.com/whsy.php?p=%2Fproc%2F21563" "Mozilla/5.0 AppleWebKit/537.36 (KHTML, like Gecko; compatible; GPTBot/1.3; +https://openai.com/gptbot)"
144.76.32.187 - - [13/Apr/2026:13:48:03 +0000] "GET /whsy.php?p=/proc/26539/.. HTTP/1.1" 200 947 "-" "Mozilla/5.0 (compatible; SERankingBacklinksBot/1.0; +https://seranking.com/backlinks-crawler)"
74.7.227.16 - - [13/Apr/2026:13:48:04 +0000] "GET /whsy.php?e=personality&p=%2Fproc%2F22272 HTTP/2.0" 200 1935 "https://shaksettle.com/whsy.php?p=%2Fproc%2F22272" "Mozilla/5.0 AppleWebKit/537.36 (KHTML, like Gecko; compatible; GPTBot/1.3; +https://openai.com/gptbot)"
74.7.241.28 - - [13/Apr/2026:13:48:05 +0000] "GET /whsy.php?e=mounts&p=%2Fproc%2F27056 HTTP/2.0" 200 947 "https://www.shaksettle.com.lab2454.com/whsy.php?p=%2Fproc%2F27056" "Mozilla/5.0 AppleWebKit/537.36 (KHTML, like Gecko; compatible; GPTBot/1.3; +https://openai.com/gptbot)"
74.7.227.16 - - [13/Apr/2026:13:48:08 +0000] "GET /whsy.php?e=auxv&p=%2Fproc%2F22180 HTTP/2.0" 200 947 "https://shaksettle.com/whsy.php?p=%2Fproc%2F22180" "Mozilla/5.0 AppleWebKit/537.36 (KHTML, like Gecko; compatible; GPTBot/1.3; +https://openai.com/gptbot)"
74.7.241.28 - - [13/Apr/2026:13:48:09 +0000] "GET /whsy.php?e=mounts&p=%2Fproc%2F27543 HTTP/2.0" 200 947 "https://www.shaksettle.com.lab2454.com/whsy.php?p=%2Fproc%2F27543" "Mozilla/5.0 AppleWebKit/537.36 (KHTML, like Gecko; compatible; GPTBot/1.3; +https://openai.com/gptbot)"
144.76.32.187 - - [13/Apr/2026:13:48:09 +0000] "GET /whsy.php?p=/proc/26539/fd HTTP/1.1" 200 947 "-" "Mozilla/5.0 (compatible; SERankingBacklinksBot/1.0; +https://seranking.com/backlinks-crawler)"
74.7.227.16 - - [13/Apr/2026:13:48:11 +0000] "GET /whsy.php?e=auxv&p=%2Fproc%2F28247 HTTP/2.0" 200 1936 "https://shaksettle.com/whsy.php?p=%2Fproc%2F28247" "Mozilla/5.0 AppleWebKit/537.36 (KHTML, like Gecko; compatible; GPTBot/1.3; +https://openai.com/gptbot)"
74.7.241.28 - - [13/Apr/2026:13:48:13 +0000] "GET /whsy.php?e=syscall&p=%2Fproc%2F27056 HTTP/2.0" 200 947 "https://www.shaksettle.com.lab2454.com/whsy.php?p=%2Fproc%2F27056" "Mozilla/5.0 AppleWebKit/537.36 (KHTML, like Gecko; compatible; GPTBot/1.3; +https://openai.com/gptbot)"
144.76.32.187 - - [13/Apr/2026:13:48:14 +0000] "GET /whsy.php?p=/proc/26539/ns HTTP/1.1" 200 947 "-" "Mozilla/5.0 (compatible; SERankingBacklinksBot/1.0; +https://seranking.com/backlinks-crawler)"
74.7.227.16 - - [13/Apr/2026:13:48:15 +0000] "GET /whsy.php?e=schedstat&p=%2Fproc%2F21190 HTTP/2.0" 200 947 "https://shaksettle.com/whsy.php?p=%2Fproc%2F21190" "Mozilla/5.0 AppleWebKit/537.36 (KHTML, like Gecko; compatible; GPTBot/1.3; +https://openai.com/gptbot)"
74.7.241.28 - - [13/Apr/2026:13:48:17 +0000] "GET /whsy.php?e=syscall&p=%2Fproc%2F12345 HTTP/2.0" 200 947 "https://www.shaksettle.com.lab2454.com/whsy.php?p=%2Fproc%2F12345" "Mozilla/5.0 AppleWebKit/537.36 (KHTML, like Gecko; compatible; GPTBot/1.3; +https://openai.com/gptbot)"
144.76.32.187 - - [13/Apr/2026:13:48:17 +0000] "GET /whsy.php?p=/proc/26540/.. HTTP/1.1" 200 947 "-" "Mozilla/5.0 (compatible; SERankingBacklinksBot/1.0; +https://seranking.com/backlinks-crawler)"
74.7.227.16 - - [13/Apr/2026:13:48:19 +0000] "GET /whsy.php?e=schedstat&p=%2Fproc%2F31732 HTTP/2.0" 200 947 "https://shaksettle.com/whsy.php?p=%2Fproc%2F31732" "Mozilla/5.0 AppleWebKit/537.36 (KHTML, like Gecko; compatible; GPTBot/1.3; +https://openai.com/gptbot)"
74.7.241.28 - - [13/Apr/2026:13:48:20 +0000] "GET /whsy.php?e=syscall&p=%2Fproc%2F27543 HTTP/2.0" 200 947 "https://www.shaksettle.com.lab2454.com/whsy.php?p=%2Fproc%2F27543" "Mozilla/5.0 AppleWebKit/537.36 (KHTML, like Gecko; compatible; GPTBot/1.3; +https://openai.com/gptbot)"
144.76.32.187 - - [13/Apr/2026:13:48:23 +0000] "GET /whsy.php?p=/proc/26540/fd HTTP/1.1" 200 947 "-" "Mozilla/5.0 (compatible; SERankingBacklinksBot/1.0; +https://seranking.com/backlinks-crawler)"
74.7.227.16 - - [13/Apr/2026:13:48:23 +0000] "GET /whsy.php?e=schedstat&p=%2Fproc%2F29519 HTTP/2.0" 200 947 "https://shaksettle.com/whsy.php?p=%2Fproc%2F29519" "Mozilla/5.0 AppleWebKit/537.36 (KHTML, like Gecko; compatible; GPTBot/1.3; +https://openai.com/gptbot)"
74.7.241.28 - - [13/Apr/2026:13:48:24 +0000] "GET /whsy.php?e=syscall&p=%2Fproc%2F21563 HTTP/2.0" 200 947 "https://www.shaksettle.com.lab2454.com/whsy.php?p=%2Fproc%2F21563" "Mozilla/5.0 AppleWebKit/537.36 (KHTML, like Gecko; compatible; GPTBot/1.3; +https://openai.com/gptbot)"
74.7.227.16 - - [13/Apr/2026:13:48:27 +0000] "GET /whsy.php?e=autogroup&p=%2Fproc%2F28247 HTTP/2.0" 200 2004 "https://shaksettle.com/whsy.php?p=%2Fproc%2F28247" "Mozilla/5.0 AppleWebKit/537.36 (KHTML, like Gecko; compatible; GPTBot/1.3; +https://openai.com/gptbot)"
144.76.32.187 - - [13/Apr/2026:13:48:27 +0000] "GET /whsy.php?p=/proc/26540/ns HTTP/1.1" 200 947 "-" "Mozilla/5.0 (compatible; SERankingBacklinksBot/1.0; +https://seranking.com/backlinks-crawler)"
74.7.241.28 - - [13/Apr/2026:13:48:28 +0000] "GET /whsy.php?e=smaps_rollup&p=%2Fproc%2F31151 HTTP/2.0" 200 947 "https://www.shaksettle.com.lab2454.com/whsy.php?p=%2Fproc%2F31151" "Mozilla/5.0 AppleWebKit/537.36 (KHTML, like Gecko; compatible; GPTBot/1.3; +https://openai.com/gptbot)"
74.7.227.16 - - [13/Apr/2026:13:48:30 +0000] "GET /whsy.php?e=autogroup&p=%2Fproc%2F22180 HTTP/2.0" 200 947 "https://shaksettle.com/whsy.php?p=%2Fproc%2F22180" "Mozilla/5.0 AppleWebKit/537.36 (KHTML, like Gecko; compatible; GPTBot/1.3; +https://openai.com/gptbot)"
144.76.32.187 - - [13/Apr/2026:13:48:31 +0000] "GET /whsy.php?p=/proc/26596/.. HTTP/1.1" 200 947 "-" "Mozilla/5.0 (compatible; SERankingBacklinksBot/1.0; +https://seranking.com/backlinks-crawler)"
74.7.241.28 - - [13/Apr/2026:13:48:32 +0000] "GET /whsy.php?e=smaps_rollup&p=%2Fproc%2F26077 HTTP/2.0" 200 947 "https://www.shaksettle.com.lab2454.com/whsy.php?p=%2Fproc%2F26077" "Mozilla/5.0 AppleWebKit/537.36 (KHTML, like Gecko; compatible; GPTBot/1.3; +https://openai.com/gptbot)"
74.7.227.16 - - [13/Apr/2026:13:48:34 +0000] "GET /whsy.php?e=clear_refs&p=%2Fproc%2F22272 HTTP/2.0" 200 1935 "https://shaksettle.com/whsy.php?p=%2Fproc%2F22272" "Mozilla/5.0 AppleWebKit/537.36 (KHTML, like Gecko; compatible; GPTBot/1.3; +https://openai.com/gptbot)"
74.7.241.28 - - [13/Apr/2026:13:48:35 +0000] "GET /whsy.php?e=smaps_rollup&p=%2Fproc%2F12345 HTTP/2.0" 200 947 "https://www.shaksettle.com.lab2454.com/whsy.php?p=%2Fproc%2F12345" "Mozilla/5.0 AppleWebKit/537.36 (KHTML, like Gecko; compatible; GPTBot/1.3; +https://openai.com/gptbot)"
144.76.32.187 - - [13/Apr/2026:13:48:35 +0000] "GET /whsy.php?p=/proc/26596/fd HTTP/1.1" 200 947 "-" "Mozilla/5.0 (compatible; SERankingBacklinksBot/1.0; +https://seranking.com/backlinks-crawler)"
74.7.227.16 - - [13/Apr/2026:13:48:38 +0000] "GET /whsy.php?e=statm&p=%2Fproc%2F26562 HTTP/2.0" 200 2008 "https://shaksettle.com/whsy.php?p=%2Fproc%2F26562" "Mozilla/5.0 AppleWebKit/537.36 (KHTML, like Gecko; compatible; GPTBot/1.3; +https://openai.com/gptbot)"
74.7.241.28 - - [13/Apr/2026:13:48:39 +0000] "GET /whsy.php?e=smaps_rollup&p=%2Fproc%2F21563 HTTP/2.0" 200 947 "https://www.shaksettle.com.lab2454.com/whsy.php?p=%2Fproc%2F21563" "Mozilla/5.0 AppleWebKit/537.36 (KHTML, like Gecko; compatible; GPTBot/1.3; +https://openai.com/gptbot)"
144.76.32.187 - - [13/Apr/2026:13:48:40 +0000] "GET /whsy.php?p=/proc/26596/ns HTTP/1.1" 200 947 "-" "Mozilla/5.0 (compatible; SERankingBacklinksBot/1.0; +https://seranking.com/backlinks-crawler)"
74.7.227.16 - - [13/Apr/2026:13:48:41 +0000] "GET /whsy.php?e=stack&p=%2Fproc%2F26562 HTTP/2.0" 200 1936 "https://shaksettle.com/whsy.php?p=%2Fproc%2F26562" "Mozilla/5.0 AppleWebKit/537.36 (KHTML, like Gecko; compatible; GPTBot/1.3; +https://openai.com/gptbot)"
74.7.241.28 - - [13/Apr/2026:13:48:43 +0000] "GET /whsy.php?e=timens_offsets&p=%2Fproc%2F26562 HTTP/2.0" 200 2022 "https://www.shaksettle.com.lab2454.com/whsy.php?p=%2Fproc%2F26562" "Mozilla/5.0 AppleWebKit/537.36 (KHTML, like Gecko; compatible; GPTBot/1.3; +https://openai.com/gptbot)"
74.7.227.16 - - [13/Apr/2026:13:48:45 +0000] "GET /whsy.php?e=wchan&p=%2Fproc%2F26562 HTTP/2.0" 200 2005 "https://shaksettle.com/whsy.php?p=%2Fproc%2F26562" "Mozilla/5.0 AppleWebKit/537.36 (KHTML, like Gecko; compatible; GPTBot/1.3; +https://openai.com/gptbot)"
144.76.32.187 - - [13/Apr/2026:13:48:46 +0000] "GET /whsy.php?p=/proc/26645/.. HTTP/1.1" 200 947 "-" "Mozilla/5.0 (compatible; SERankingBacklinksBot/1.0; +https://seranking.com/backlinks-crawler)"
74.7.241.28 - - [13/Apr/2026:13:48:47 +0000] "GET /whsy.php?e=smaps_rollup&p=%2Fproc%2F25979 HTTP/2.0" 200 947 "https://www.shaksettle.com.lab2454.com/whsy.php?p=%2Fproc%2F25979" "Mozilla/5.0 AppleWebKit/537.36 (KHTML, like Gecko; compatible; GPTBot/1.3; +https://openai.com/gptbot)"
74.7.227.16 - - [13/Apr/2026:13:48:49 +0000] "GET /whsy.php?e=wchan&p=%2Fproc%2F28247 HTTP/2.0" 200 2005 "https://shaksettle.com/whsy.php?p=%2Fproc%2F28247" "Mozilla/5.0 AppleWebKit/537.36 (KHTML, like Gecko; compatible; GPTBot/1.3; +https://openai.com/gptbot)"
74.7.241.28 - - [13/Apr/2026:13:48:51 +0000] "GET /whsy.php?e=smaps_rollup&p=%2Fproc%2F31732 HTTP/2.0" 200 947 "https://www.shaksettle.com.lab2454.com/whsy.php?p=%2Fproc%2F31732" "Mozilla/5.0 AppleWebKit/537.36 (KHTML, like Gecko; compatible; GPTBot/1.3; +https://openai.com/gptbot)"
74.7.227.16 - - [13/Apr/2026:13:48:53 +0000] "GET /whsy.php?e=sched&p=%2Fproc%2F22180 HTTP/2.0" 200 947 "https://shaksettle.com/whsy.php?p=%2Fproc%2F22180" "Mozilla/5.0 AppleWebKit/537.36 (KHTML, like Gecko; compatible; GPTBot/1.3; +https://openai.com/gptbot)"
74.7.241.28 - - [13/Apr/2026:13:48:54 +0000] "GET /whsy.php?e=smaps_rollup&p=%2Fproc%2F27056 HTTP/2.0" 200 947 "https://www.shaksettle.com.lab2454.com/whsy.php?p=%2Fproc%2F27056" "Mozilla/5.0 AppleWebKit/537.36 (KHTML, like Gecko; compatible; GPTBot/1.3; +https://openai.com/gptbot)"
74.7.227.16 - - [13/Apr/2026:13:48:57 +0000] "GET /whsy.php?e=smaps&p=%2Fproc%2F31732 HTTP/2.0" 200 947 "https://shaksettle.com/whsy.php?p=%2Fproc%2F31732" "Mozilla/5.0 AppleWebKit/537.36 (KHTML, like Gecko; compatible; GPTBot/1.3; +https://openai.com/gptbot)"
74.7.241.28 - - [13/Apr/2026:13:48:58 +0000] "GET /whsy.php?e=smaps_rollup&p=%2Fproc%2F18661 HTTP/2.0" 200 947 "https://www.shaksettle.com.lab2454.com/whsy.php?p=%2Fproc%2F18661" "Mozilla/5.0 AppleWebKit/537.36 (KHTML, like Gecko; compatible; GPTBot/1.3; +https://openai.com/gptbot)"
144.76.32.187 - - [13/Apr/2026:13:48:59 +0000] "GET /whsy.php?p=/proc/26645/fd HTTP/1.1" 200 947 "-" "Mozilla/5.0 (compatible; SERankingBacklinksBot/1.0; +https://seranking.com/backlinks-crawler)"
74.7.227.16 - - [13/Apr/2026:13:49:00 +0000] "GET /whsy.php?e=smaps&p=%2Fproc%2F26562 HTTP/2.0" 200 2007 "https://shaksettle.com/whsy.php?p=%2Fproc%2F26562" "Mozilla/5.0 AppleWebKit/537.36 (KHTML, like Gecko; compatible; GPTBot/1.3; +https://openai.com/gptbot)"
74.7.241.28 - - [13/Apr/2026:13:49:02 +0000] "GET /whsy.php?e=io&p=%2Fproc%2F12345 HTTP/2.0" 200 947 "https://www.shaksettle.com.lab2454.com/whsy.php?p=%2Fproc%2F12345" "Mozilla/5.0 AppleWebKit/537.36 (KHTML, like Gecko; compatible; GPTBot/1.3; +https://openai.com/gptbot)"
74.7.227.16 - - [13/Apr/2026:13:49:04 +0000] "GET /whsy.php?e=smaps&p=%2Fproc%2F21190 HTTP/2.0" 200 947 "https://shaksettle.com/whsy.php?p=%2Fproc%2F21190" "Mozilla/5.0 AppleWebKit/537.36 (KHTML, like Gecko; compatible; GPTBot/1.3; +https://openai.com/gptbot)"
74.7.241.28 - - [13/Apr/2026:13:49:06 +0000] "GET /whsy.php?e=io&p=%2Fproc%2F27056 HTTP/2.0" 200 947 "https://www.shaksettle.com.lab2454.com/whsy.php?p=%2Fproc%2F27056" "Mozilla/5.0 AppleWebKit/537.36 (KHTML, like Gecko; compatible; GPTBot/1.3; +https://openai.com/gptbot)"
74.7.227.16 - - [13/Apr/2026:13:49:08 +0000] "GET /whsy.php?e=smaps&p=%2Fproc%2F22180 HTTP/2.0" 200 947 "https://shaksettle.com/whsy.php?p=%2Fproc%2F22180" "Mozilla/5.0 AppleWebKit/537.36 (KHTML, like Gecko; compatible; GPTBot/1.3; +https://openai.com/gptbot)"
74.7.241.28 - - [13/Apr/2026:13:49:09 +0000] "GET /whsy.php?e=io&p=%2Fproc%2F21563 HTTP/2.0" 200 947 "https://www.shaksettle.com.lab2454.com/whsy.php?p=%2Fproc%2F21563" "Mozilla/5.0 AppleWebKit/537.36 (KHTML, like Gecko; compatible; GPTBot/1.3; +https://openai.com/gptbot)"
74.7.227.16 - - [13/Apr/2026:13:49:12 +0000] "GET /whsy.php?e=sched&p=%2Fproc%2F31732 HTTP/2.0" 200 947 "https://shaksettle.com/whsy.php?p=%2Fproc%2F31732" "Mozilla/5.0 AppleWebKit/537.36 (KHTML, like Gecko; compatible; GPTBot/1.3; +https://openai.com/gptbot)"
74.7.241.28 - - [13/Apr/2026:13:49:13 +0000] "GET /whsy.php?e=io&p=%2Fproc%2F27543 HTTP/2.0" 200 947 "https://www.shaksettle.com.lab2454.com/whsy.php?p=%2Fproc%2F27543" "Mozilla/5.0 AppleWebKit/537.36 (KHTML, like Gecko; compatible; GPTBot/1.3; +https://openai.com/gptbot)"
74.7.227.16 - - [13/Apr/2026:13:49:15 +0000] "GET /whsy.php?e=sched&p=%2Fproc%2F29519 HTTP/2.0" 200 947 "https://shaksettle.com/whsy.php?p=%2Fproc%2F29519" "Mozilla/5.0 AppleWebKit/537.36 (KHTML, like Gecko; compatible; GPTBot/1.3; +https://openai.com/gptbot)"
74.7.241.28 - - [13/Apr/2026:13:49:17 +0000] "GET /whsy.php?e=environ&p=%2Fproc%2F28247 HTTP/2.0" 200 1936 "https://www.shaksettle.com.lab2454.com/whsy.php?p=%2Fproc%2F28247" "Mozilla/5.0 AppleWebKit/537.36 (KHTML, like Gecko; compatible; GPTBot/1.3; +https://openai.com/gptbot)"
74.7.227.16 - - [13/Apr/2026:13:49:19 +0000] "GET /whsy.php?e=sched&p=%2Fproc%2F21190 HTTP/2.0" 200 947 "https://shaksettle.com/whsy.php?p=%2Fproc%2F21190" "Mozilla/5.0 AppleWebKit/537.36 (KHTML, like Gecko; compatible; GPTBot/1.3; +https://openai.com/gptbot)"
74.7.241.28 - - [13/Apr/2026:13:49:21 +0000] "GET /whsy.php?e=pagemap&p=%2Fproc%2F27056 HTTP/2.0" 200 947 "https://www.shaksettle.com.lab2454.com/whsy.php?p=%2Fproc%2F27056" "Mozilla/5.0 AppleWebKit/537.36 (KHTML, like Gecko; compatible; GPTBot/1.3; +https://openai.com/gptbot)"
144.76.32.187 - - [13/Apr/2026:13:49:22 +0000] "GET /whsy.php?p=/proc/26645/ns HTTP/1.1" 200 947 "-" "Mozilla/5.0 (compatible; SERankingBacklinksBot/1.0; +https://seranking.com/backlinks-crawler)"
74.7.227.16 - - [13/Apr/2026:13:49:23 +0000] "GET /whsy.php?e=sched&p=%2Fproc%2F26562 HTTP/2.0" 200 2464 "https://shaksettle.com/whsy.php?p=%2Fproc%2F26562" "Mozilla/5.0 AppleWebKit/537.36 (KHTML, like Gecko; compatible; GPTBot/1.3; +https://openai.com/gptbot)"
74.7.241.28 - - [13/Apr/2026:13:49:25 +0000] "GET /whsy.php?e=pagemap&p=%2Fproc%2F12345 HTTP/2.0" 200 947 "https://www.shaksettle.com.lab2454.com/whsy.php?p=%2Fproc%2F12345" "Mozilla/5.0 AppleWebKit/537.36 (KHTML, like Gecko; compatible; GPTBot/1.3; +https://openai.com/gptbot)"
74.7.227.16 - - [13/Apr/2026:13:49:27 +0000] "GET /whsy.php?e=sched&p=%2Fproc%2F28247 HTTP/2.0" 200 2468 "https://shaksettle.com/whsy.php?p=%2Fproc%2F28247" "Mozilla/5.0 AppleWebKit/537.36 (KHTML, like Gecko; compatible; GPTBot/1.3; +https://openai.com/gptbot)"
144.76.32.187 - - [13/Apr/2026:13:49:27 +0000] "GET /whsy.php?p=/proc/28947/.. HTTP/1.1" 200 947 "-" "Mozilla/5.0 (compatible; SERankingBacklinksBot/1.0; +https://seranking.com/backlinks-crawler)"
74.7.241.28 - - [13/Apr/2026:13:49:28 +0000] "GET /whsy.php?e=environ&p=%2Fproc%2F22180 HTTP/2.0" 200 947 "https://www.shaksettle.com.lab2454.com/whsy.php?p=%2Fproc%2F22180" "Mozilla/5.0 AppleWebKit/537.36 (KHTML, like Gecko; compatible; GPTBot/1.3; +https://openai.com/gptbot)"
74.7.227.16 - - [13/Apr/2026:13:49:31 +0000] "GET /whsy.php?e=smaps&p=%2Fproc%2F29519 HTTP/2.0" 200 947 "https://shaksettle.com/whsy.php?p=%2Fproc%2F29519" "Mozilla/5.0 AppleWebKit/537.36 (KHTML, like Gecko; compatible; GPTBot/1.3; +https://openai.com/gptbot)"
74.7.241.28 - - [13/Apr/2026:13:49:32 +0000] "GET /whsy.php?e=pagemap&p=%2Fproc%2F27543 HTTP/2.0" 200 947 "https://www.shaksettle.com.lab2454.com/whsy.php?p=%2Fproc%2F27543" "Mozilla/5.0 AppleWebKit/537.36 (KHTML, like Gecko; compatible; GPTBot/1.3; +https://openai.com/gptbot)"
144.76.32.187 - - [13/Apr/2026:13:49:32 +0000] "GET /whsy.php?p=/proc/28947/fd HTTP/1.1" 200 947 "-" "Mozilla/5.0 (compatible; SERankingBacklinksBot/1.0; +https://seranking.com/backlinks-crawler)"
74.7.227.16 - - [13/Apr/2026:13:49:34 +0000] "GET /whsy.php?e=wchan&p=%2Fproc%2F22180 HTTP/2.0" 200 947 "https://shaksettle.com/whsy.php?p=%2Fproc%2F22180" "Mozilla/5.0 AppleWebKit/537.36 (KHTML, like Gecko; compatible; GPTBot/1.3; +https://openai.com/gptbot)"
74.7.241.28 - - [13/Apr/2026:13:49:36 +0000] "GET /whsy.php?e=syscall&p=%2Fproc%2F18661 HTTP/2.0" 200 947 "https://www.shaksettle.com.lab2454.com/whsy.php?p=%2Fproc%2F18661" "Mozilla/5.0 AppleWebKit/537.36 (KHTML, like Gecko; compatible; GPTBot/1.3; +https://openai.com/gptbot)"
74.7.227.16 - - [13/Apr/2026:13:49:38 +0000] "GET /whsy.php?e=smaps&p=%2Fproc%2F28247 HTTP/2.0" 200 2007 "https://shaksettle.com/whsy.php?p=%2Fproc%2F28247" "Mozilla/5.0 AppleWebKit/537.36 (KHTML, like Gecko; compatible; GPTBot/1.3; +https://openai.com/gptbot)"
74.7.241.28 - - [13/Apr/2026:13:49:40 +0000] "GET /whsy.php?e=pagemap&p=%2Fproc%2F21563 HTTP/2.0" 200 947 "https://www.shaksettle.com.lab2454.com/whsy.php?p=%2Fproc%2F21563" "Mozilla/5.0 AppleWebKit/537.36 (KHTML, like Gecko; compatible; GPTBot/1.3; +https://openai.com/gptbot)"
144.76.32.187 - - [13/Apr/2026:13:49:41 +0000] "GET /whsy.php?p=/proc/28947/ns HTTP/1.1" 200 947 "-" "Mozilla/5.0 (compatible; SERankingBacklinksBot/1.0; +https://seranking.com/backlinks-crawler)"
74.7.227.16 - - [13/Apr/2026:13:49:42 +0000] "GET /whsy.php?e=statm&p=%2Fproc%2F22180 HTTP/2.0" 200 947 "https://shaksettle.com/whsy.php?p=%2Fproc%2F22180" "Mozilla/5.0 AppleWebKit/537.36 (KHTML, like Gecko; compatible; GPTBot/1.3; +https://openai.com/gptbot)"
74.7.241.28 - - [13/Apr/2026:13:49:44 +0000] "GET /whsy.php?e=mountstats&p=%2Fproc%2F26562 HTTP/2.0" 200 1936 "https://www.shaksettle.com.lab2454.com/whsy.php?p=%2Fproc%2F26562" "Mozilla/5.0 AppleWebKit/537.36 (KHTML, like Gecko; compatible; GPTBot/1.3; +https://openai.com/gptbot)"
74.7.227.16 - - [13/Apr/2026:13:49:46 +0000] "GET /whsy.php?e=statm&p=%2Fproc%2F28247 HTTP/2.0" 200 2008 "https://shaksettle.com/whsy.php?p=%2Fproc%2F28247" "Mozilla/5.0 AppleWebKit/537.36 (KHTML, like Gecko; compatible; GPTBot/1.3; +https://openai.com/gptbot)"
144.76.32.187 - - [13/Apr/2026:13:49:46 +0000] "GET /whsy.php?p=/proc/29069/.. HTTP/1.1" 200 947 "-" "Mozilla/5.0 (compatible; SERankingBacklinksBot/1.0; +https://seranking.com/backlinks-crawler)"
74.7.241.28 - - [13/Apr/2026:13:49:47 +0000] "GET /whsy.php?e=syscall&p=%2Fproc%2F25979 HTTP/2.0" 200 947 "https://www.shaksettle.com.lab2454.com/whsy.php?p=%2Fproc%2F25979" "Mozilla/5.0 AppleWebKit/537.36 (KHTML, like Gecko; compatible; GPTBot/1.3; +https://openai.com/gptbot)"
74.7.227.16 - - [13/Apr/2026:13:49:49 +0000] "GET /whsy.php?e=stack&p=%2Fproc%2F22180 HTTP/2.0" 200 947 "https://shaksettle.com/whsy.php?p=%2Fproc%2F22180" "Mozilla/5.0 AppleWebKit/537.36 (KHTML, like Gecko; compatible; GPTBot/1.3; +https://openai.com/gptbot)"
74.7.241.28 - - [13/Apr/2026:13:49:51 +0000] "GET /whsy.php?e=environ&p=%2Fproc%2F26562 HTTP/2.0" 200 1936 "https://www.shaksettle.com.lab2454.com/whsy.php?p=%2Fproc%2F26562" "Mozilla/5.0 AppleWebKit/537.36 (KHTML, like Gecko; compatible; GPTBot/1.3; +https://openai.com/gptbot)"
74.7.227.16 - - [13/Apr/2026:13:49:53 +0000] "GET /whsy.php?e=stack&p=%2Fproc%2F28247 HTTP/2.0" 200 1936 "https://shaksettle.com/whsy.php?p=%2Fproc%2F28247" "Mozilla/5.0 AppleWebKit/537.36 (KHTML, like Gecko; compatible; GPTBot/1.3; +https://openai.com/gptbot)"
144.76.32.187 - - [13/Apr/2026:13:49:53 +0000] "GET /whsy.php?p=/proc/29069/fd HTTP/1.1" 200 947 "-" "Mozilla/5.0 (compatible; SERankingBacklinksBot/1.0; +https://seranking.com/backlinks-crawler)"
74.7.241.28 - - [13/Apr/2026:13:49:55 +0000] "GET /whsy.php?e=pagemap&p=%2Fproc%2F18661 HTTP/2.0" 200 947 "https://www.shaksettle.com.lab2454.com/whsy.php?p=%2Fproc%2F18661" "Mozilla/5.0 AppleWebKit/537.36 (KHTML, like Gecko; compatible; GPTBot/1.3; +https://openai.com/gptbot)"
74.7.227.16 - - [13/Apr/2026:13:49:57 +0000] "GET /whsy.php?e=gid_map&p=%2Fproc%2F20869 HTTP/2.0" 200 947 "https://shaksettle.com/whsy.php?p=%2Fproc%2F20869" "Mozilla/5.0 AppleWebKit/537.36 (KHTML, like Gecko; compatible; GPTBot/1.3; +https://openai.com/gptbot)"
144.76.32.187 - - [13/Apr/2026:13:49:58 +0000] "GET /whsy.php?p=/proc/29069/ns HTTP/1.1" 200 947 "-" "Mozilla/5.0 (compatible; SERankingBacklinksBot/1.0; +https://seranking.com/backlinks-crawler)"
74.7.241.28 - - [13/Apr/2026:13:49:59 +0000] "GET /whsy.php?e=syscall&p=%2Fproc%2F26077 HTTP/2.0" 200 947 "https://www.shaksettle.com.lab2454.com/whsy.php?p=%2Fproc%2F26077" "Mozilla/5.0 AppleWebKit/537.36 (KHTML, like Gecko; compatible; GPTBot/1.3; +https://openai.com/gptbot)"
74.7.227.16 - - [13/Apr/2026:13:50:01 +0000] "GET /whsy.php?e=oom_adj&p=%2Fproc%2F29837 HTTP/2.0" 200 2007 "https://shaksettle.com/whsy.php?p=%2Fproc%2F29837" "Mozilla/5.0 AppleWebKit/537.36 (KHTML, like Gecko; compatible; GPTBot/1.3; +https://openai.com/gptbot)"
74.7.241.28 - - [13/Apr/2026:13:50:02 +0000] "GET /whsy.php?e=syscall&p=%2Fproc%2F31732 HTTP/2.0" 200 947 "https://www.shaksettle.com.lab2454.com/whsy.php?p=%2Fproc%2F31732" "Mozilla/5.0 AppleWebKit/537.36 (KHTML, like Gecko; compatible; GPTBot/1.3; +https://openai.com/gptbot)"
144.76.32.187 - - [13/Apr/2026:13:50:03 +0000] "GET /whsy.php?p=/proc/29295/.. HTTP/1.1" 200 947 "-" "Mozilla/5.0 (compatible; SERankingBacklinksBot/1.0; +https://seranking.com/backlinks-crawler)"
74.7.227.16 - - [13/Apr/2026:13:50:04 +0000] "GET /whsy.php?e=oom_adj&p=%2Fproc%2F20869 HTTP/2.0" 200 947 "https://shaksettle.com/whsy.php?p=%2Fproc%2F20869" "Mozilla/5.0 AppleWebKit/537.36 (KHTML, like Gecko; compatible; GPTBot/1.3; +https://openai.com/gptbot)"
74.7.241.28 - - [13/Apr/2026:13:50:06 +0000] "GET /whsy.php?e=syscall&p=%2Fproc%2F31151 HTTP/2.0" 200 947 "https://www.shaksettle.com.lab2454.com/whsy.php?p=%2Fproc%2F31151" "Mozilla/5.0 AppleWebKit/537.36 (KHTML, like Gecko; compatible; GPTBot/1.3; +https://openai.com/gptbot)"
144.76.32.187 - - [13/Apr/2026:13:50:08 +0000] "GET /whsy.php?p=/proc/29295/fd HTTP/1.1" 200 947 "-" "Mozilla/5.0 (compatible; SERankingBacklinksBot/1.0; +https://seranking.com/backlinks-crawler)"
74.7.227.16 - - [13/Apr/2026:13:50:08 +0000] "GET /whsy.php?e=gid_map&p=%2Fproc%2F27954 HTTP/2.0" 200 947 "https://shaksettle.com/whsy.php?p=%2Fproc%2F27954" "Mozilla/5.0 AppleWebKit/537.36 (KHTML, like Gecko; compatible; GPTBot/1.3; +https://openai.com/gptbot)"
74.7.241.28 - - [13/Apr/2026:13:50:10 +0000] "GET /whsy.php?e=smaps_rollup&p=%2Fproc%2F26562 HTTP/2.0" 200 2008 "https://www.shaksettle.com.lab2454.com/whsy.php?p=%2Fproc%2F26562" "Mozilla/5.0 AppleWebKit/537.36 (KHTML, like Gecko; compatible; GPTBot/1.3; +https://openai.com/gptbot)"
74.7.227.16 - - [13/Apr/2026:13:50:12 +0000] "GET /whsy.php?e=uid_map&p=%2Fproc%2F29837 HTTP/2.0" 200 2023 "https://shaksettle.com/whsy.php?p=%2Fproc%2F29837" "Mozilla/5.0 AppleWebKit/537.36 (KHTML, like Gecko; compatible; GPTBot/1.3; +https://openai.com/gptbot)"
74.7.241.28 - - [13/Apr/2026:13:50:14 +0000] "GET /whsy.php?e=comm&p=%2Fproc%2F21563 HTTP/2.0" 200 947 "https://www.shaksettle.com.lab2454.com/whsy.php?p=%2Fproc%2F21563" "Mozilla/5.0 AppleWebKit/537.36 (KHTML, like Gecko; compatible; GPTBot/1.3; +https://openai.com/gptbot)"
144.76.32.187 - - [13/Apr/2026:13:50:16 +0000] "GET /whsy.php?p=/proc/29295/ns HTTP/1.1" 200 947 "-" "Mozilla/5.0 (compatible; SERankingBacklinksBot/1.0; +https://seranking.com/backlinks-crawler)"
74.7.227.16 - - [13/Apr/2026:13:50:16 +0000] "GET /whsy.php?e=uid_map&p=%2Fproc%2F20869 HTTP/2.0" 200 947 "https://shaksettle.com/whsy.php?p=%2Fproc%2F20869" "Mozilla/5.0 AppleWebKit/537.36 (KHTML, like Gecko; compatible; GPTBot/1.3; +https://openai.com/gptbot)"
74.7.241.28 - - [13/Apr/2026:13:50:18 +0000] "GET /whsy.php?e=maps&p=%2Fproc%2F12345 HTTP/2.0" 200 947 "https://www.shaksettle.com.lab2454.com/whsy.php?p=%2Fproc%2F12345" "Mozilla/5.0 AppleWebKit/537.36 (KHTML, like Gecko; compatible; GPTBot/1.3; +https://openai.com/gptbot)"
74.7.227.16 - - [13/Apr/2026:13:50:20 +0000] "GET /whsy.php?e=oom_adj&p=%2Fproc%2F27954 HTTP/2.0" 200 947 "https://shaksettle.com/whsy.php?p=%2Fproc%2F27954" "Mozilla/5.0 AppleWebKit/537.36 (KHTML, like Gecko; compatible; GPTBot/1.3; +https://openai.com/gptbot)"
144.76.32.187 - - [13/Apr/2026:13:50:21 +0000] "GET /whsy.php?p=/proc/29700/.. HTTP/1.1" 200 947 "-" "Mozilla/5.0 (compatible; SERankingBacklinksBot/1.0; +https://seranking.com/backlinks-crawler)"
74.7.241.28 - - [13/Apr/2026:13:50:21 +0000] "GET /whsy.php?e=maps&p=%2Fproc%2F27543 HTTP/2.0" 200 947 "https://www.shaksettle.com.lab2454.com/whsy.php?p=%2Fproc%2F27543" "Mozilla/5.0 AppleWebKit/537.36 (KHTML, like Gecko; compatible; GPTBot/1.3; +https://openai.com/gptbot)"
74.7.227.16 - - [13/Apr/2026:13:50:24 +0000] "GET /whsy.php?e=uid_map&p=%2Fproc%2F27954 HTTP/2.0" 200 947 "https://shaksettle.com/whsy.php?p=%2Fproc%2F27954" "Mozilla/5.0 AppleWebKit/537.36 (KHTML, like Gecko; compatible; GPTBot/1.3; +https://openai.com/gptbot)"
74.7.241.28 - - [13/Apr/2026:13:50:25 +0000] "GET /whsy.php?e=stat&p=%2Fproc%2F31151 HTTP/2.0" 200 947 "https://www.shaksettle.com.lab2454.com/whsy.php?p=%2Fproc%2F31151" "Mozilla/5.0 AppleWebKit/537.36 (KHTML, like Gecko; compatible; GPTBot/1.3; +https://openai.com/gptbot)"
74.7.227.16 - - [13/Apr/2026:13:50:27 +0000] "GET /whsy.php?e=gid_map&p=%2Fproc%2F29837 HTTP/2.0" 200 2026 "https://shaksettle.com/whsy.php?p=%2Fproc%2F29837" "Mozilla/5.0 AppleWebKit/537.36 (KHTML, like Gecko; compatible; GPTBot/1.3; +https://openai.com/gptbot)"
144.76.32.187 - - [13/Apr/2026:13:50:28 +0000] "GET /whsy.php?p=/proc/29700/fd HTTP/1.1" 200 947 "-" "Mozilla/5.0 (compatible; SERankingBacklinksBot/1.0; +https://seranking.com/backlinks-crawler)"
74.7.241.28 - - [13/Apr/2026:13:50:29 +0000] "GET /whsy.php?e=maps&p=%2Fproc%2F21563 HTTP/2.0" 200 947 "https://www.shaksettle.com.lab2454.com/whsy.php?p=%2Fproc%2F21563" "Mozilla/5.0 AppleWebKit/537.36 (KHTML, like Gecko; compatible; GPTBot/1.3; +https://openai.com/gptbot)"
74.7.227.16 - - [13/Apr/2026:13:50:31 +0000] "GET /whsy.php?e=auxv&p=%2Fproc%2F21190 HTTP/2.0" 200 947 "https://shaksettle.com/whsy.php?p=%2Fproc%2F21190" "Mozilla/5.0 AppleWebKit/537.36 (KHTML, like Gecko; compatible; GPTBot/1.3; +https://openai.com/gptbot)"
74.7.241.28 - - [13/Apr/2026:13:50:33 +0000] "GET /whsy.php?e=stat&p=%2Fproc%2F26077 HTTP/2.0" 200 947 "https://www.shaksettle.com.lab2454.com/whsy.php?p=%2Fproc%2F26077" "Mozilla/5.0 AppleWebKit/537.36 (KHTML, like Gecko; compatible; GPTBot/1.3; +https://openai.com/gptbot)"
144.76.32.187 - - [13/Apr/2026:13:50:33 +0000] "GET /whsy.php?p=/proc/29700/ns HTTP/1.1" 200 947 "-" "Mozilla/5.0 (compatible; SERankingBacklinksBot/1.0; +https://seranking.com/backlinks-crawler)"
74.7.227.16 - - [13/Apr/2026:13:50:35 +0000] "GET /whsy.php?e=auxv&p=%2Fproc%2F29519 HTTP/2.0" 200 947 "https://shaksettle.com/whsy.php?p=%2Fproc%2F29519" "Mozilla/5.0 AppleWebKit/537.36 (KHTML, like Gecko; compatible; GPTBot/1.3; +https://openai.com/gptbot)"
74.7.241.28 - - [13/Apr/2026:13:50:36 +0000] "GET /whsy.php?e=stat&p=%2Fproc%2F31732 HTTP/2.0" 200 947 "https://www.shaksettle.com.lab2454.com/whsy.php?p=%2Fproc%2F31732" "Mozilla/5.0 AppleWebKit/537.36 (KHTML, like Gecko; compatible; GPTBot/1.3; +https://openai.com/gptbot)"
144.76.32.187 - - [13/Apr/2026:13:50:38 +0000] "GET /whsy.php?p=/proc/32276/.. HTTP/1.1" 200 947 "-" "Mozilla/5.0 (compatible; SERankingBacklinksBot/1.0; +https://seranking.com/backlinks-crawler)"
74.7.227.16 - - [13/Apr/2026:13:50:39 +0000] "GET /whsy.php?e=auxv&p=%2Fproc%2F31732 HTTP/2.0" 200 947 "https://shaksettle.com/whsy.php?p=%2Fproc%2F31732" "Mozilla/5.0 AppleWebKit/537.36 (KHTML, like Gecko; compatible; GPTBot/1.3; +https://openai.com/gptbot)"
74.7.241.28 - - [13/Apr/2026:13:50:40 +0000] "GET /whsy.php?e=comm&p=%2Fproc%2F12345 HTTP/2.0" 200 947 "https://www.shaksettle.com.lab2454.com/whsy.php?p=%2Fproc%2F12345" "Mozilla/5.0 AppleWebKit/537.36 (KHTML, like Gecko; compatible; GPTBot/1.3; +https://openai.com/gptbot)"
144.76.32.187 - - [13/Apr/2026:13:50:42 +0000] "GET /whsy.php?p=/proc/32276/fd HTTP/1.1" 200 947 "-" "Mozilla/5.0 (compatible; SERankingBacklinksBot/1.0; +https://seranking.com/backlinks-crawler)"
74.7.227.16 - - [13/Apr/2026:13:50:42 +0000] "GET /whsy.php?e=exe&p=%2Fproc%2F26562 HTTP/2.0" 200 1936 "https://shaksettle.com/whsy.php?p=%2Fproc%2F26562" "Mozilla/5.0 AppleWebKit/537.36 (KHTML, like Gecko; compatible; GPTBot/1.3; +https://openai.com/gptbot)"
74.7.241.28 - - [13/Apr/2026:13:50:44 +0000] "GET /whsy.php?e=stat&p=%2Fproc%2F25979 HTTP/2.0" 200 947 "https://www.shaksettle.com.lab2454.com/whsy.php?p=%2Fproc%2F25979" "Mozilla/5.0 AppleWebKit/537.36 (KHTML, like Gecko; compatible; GPTBot/1.3; +https://openai.com/gptbot)"
144.76.32.187 - - [13/Apr/2026:13:50:45 +0000] "GET /whsy.php?p=/proc/32276/ns HTTP/1.1" 200 947 "-" "Mozilla/5.0 (compatible; SERankingBacklinksBot/1.0; +https://seranking.com/backlinks-crawler)"
74.7.227.16 - - [13/Apr/2026:13:50:46 +0000] "GET /whsy.php?e=sessionid&p=%2Fproc%2F31732 HTTP/2.0" 200 947 "https://shaksettle.com/whsy.php?p=%2Fproc%2F31732" "Mozilla/5.0 AppleWebKit/537.36 (KHTML, like Gecko; compatible; GPTBot/1.3; +https://openai.com/gptbot)"
74.7.241.28 - - [13/Apr/2026:13:50:48 +0000] "GET /whsy.php?e=comm&p=%2Fproc%2F27056 HTTP/2.0" 200 947 "https://www.shaksettle.com.lab2454.com/whsy.php?p=%2Fproc%2F27056" "Mozilla/5.0 AppleWebKit/537.36 (KHTML, like Gecko; compatible; GPTBot/1.3; +https://openai.com/gptbot)"
74.7.227.16 - - [13/Apr/2026:13:50:50 +0000] "GET /whsy.php?e=setgroups&p=%2Fproc%2F31732 HTTP/2.0" 200 947 "https://shaksettle.com/whsy.php?p=%2Fproc%2F31732" "Mozilla/5.0 AppleWebKit/537.36 (KHTML, like Gecko; compatible; GPTBot/1.3; +https://openai.com/gptbot)"
74.7.241.28 - - [13/Apr/2026:13:50:52 +0000] "GET /whsy.php?e=maps&p=%2Fproc%2F27056 HTTP/2.0" 200 947 "https://www.shaksettle.com.lab2454.com/whsy.php?p=%2Fproc%2F27056" "Mozilla/5.0 AppleWebKit/537.36 (KHTML, like Gecko; compatible; GPTBot/1.3; +https://openai.com/gptbot)"
144.76.32.187 - - [13/Apr/2026:13:50:52 +0000] "GET /whsy.php?p=/proc/4935/fd/ HTTP/1.1" 200 5049 "-" "Mozilla/5.0 (compatible; SERankingBacklinksBot/1.0; +https://seranking.com/backlinks-crawler)"
74.7.227.16 - - [13/Apr/2026:13:50:54 +0000] "GET /whsy.php?e=sessionid&p=%2Fproc%2F29519 HTTP/2.0" 200 947 "https://shaksettle.com/whsy.php?p=%2Fproc%2F29519" "Mozilla/5.0 AppleWebKit/537.36 (KHTML, like Gecko; compatible; GPTBot/1.3; +https://openai.com/gptbot)"
74.7.241.28 - - [13/Apr/2026:13:50:55 +0000] "GET /whsy.php?e=comm&p=%2Fproc%2F27543 HTTP/2.0" 200 947 "https://www.shaksettle.com.lab2454.com/whsy.php?p=%2Fproc%2F27543" "Mozilla/5.0 AppleWebKit/537.36 (KHTML, like Gecko; compatible; GPTBot/1.3; +https://openai.com/gptbot)"
74.7.227.16 - - [13/Apr/2026:13:50:58 +0000] "GET /whsy.php?e=sessionid&p=%2Fproc%2F21190 HTTP/2.0" 200 947 "https://shaksettle.com/whsy.php?p=%2Fproc%2F21190" "Mozilla/5.0 AppleWebKit/537.36 (KHTML, like Gecko; compatible; GPTBot/1.3; +https://openai.com/gptbot)"
144.76.32.187 - - [13/Apr/2026:13:50:58 +0000] "GET /whsy.php?p=/proc/4935/ns/ HTTP/1.1" 200 4624 "-" "Mozilla/5.0 (compatible; SERankingBacklinksBot/1.0; +https://seranking.com/backlinks-crawler)"
74.7.241.28 - - [13/Apr/2026:13:50:59 +0000] "GET /whsy.php?e=clear_refs&p=%2Fproc%2F26562 HTTP/2.0" 200 1936 "https://www.shaksettle.com.lab2454.com/whsy.php?p=%2Fproc%2F26562" "Mozilla/5.0 AppleWebKit/537.36 (KHTML, like Gecko; compatible; GPTBot/1.3; +https://openai.com/gptbot)"
74.7.227.16 - - [13/Apr/2026:13:51:01 +0000] "GET /whsy.php?e=setgroups&p=%2Fproc%2F21190 HTTP/2.0" 200 947 "https://shaksettle.com/whsy.php?p=%2Fproc%2F21190" "Mozilla/5.0 AppleWebKit/537.36 (KHTML, like Gecko; compatible; GPTBot/1.3; +https://openai.com/gptbot)"
74.7.241.28 - - [13/Apr/2026:13:51:03 +0000] "GET /whsy.php?e=mountstats&p=%2Fproc%2F31732 HTTP/2.0" 200 947 "https://www.shaksettle.com.lab2454.com/whsy.php?p=%2Fproc%2F31732" "Mozilla/5.0 AppleWebKit/537.36 (KHTML, like Gecko; compatible; GPTBot/1.3; +https://openai.com/gptbot)"
144.76.32.187 - - [13/Apr/2026:13:51:03 +0000] "GET /whsy.php?p=/proc/4940/fd/ HTTP/1.1" 200 4964 "-" "Mozilla/5.0 (compatible; SERankingBacklinksBot/1.0; +https://seranking.com/backlinks-crawler)"
74.7.227.16 - - [13/Apr/2026:13:51:05 +0000] "GET /whsy.php?e=schedstat&p=%2Fproc%2F22180 HTTP/2.0" 200 947 "https://shaksettle.com/whsy.php?p=%2Fproc%2F22180" "Mozilla/5.0 AppleWebKit/537.36 (KHTML, like Gecko; compatible; GPTBot/1.3; +https://openai.com/gptbot)"
74.7.241.28 - - [13/Apr/2026:13:51:07 +0000] "GET /whsy.php?e=mountstats&p=%2Fproc%2F22180 HTTP/2.0" 200 947 "https://www.shaksettle.com.lab2454.com/whsy.php?p=%2Fproc%2F22180" "Mozilla/5.0 AppleWebKit/537.36 (KHTML, like Gecko; compatible; GPTBot/1.3; +https://openai.com/gptbot)"
144.76.32.187 - - [13/Apr/2026:13:51:08 +0000] "GET /whsy.php?p=/proc/4940/ns/ HTTP/1.1" 200 6238 "-" "Mozilla/5.0 (compatible; SERankingBacklinksBot/1.0; +https://seranking.com/backlinks-crawler)"
74.7.227.16 - - [13/Apr/2026:13:51:09 +0000] "GET /whsy.php?e=schedstat&p=%2Fproc%2F28247 HTTP/2.0" 200 2032 "https://shaksettle.com/whsy.php?p=%2Fproc%2F28247" "Mozilla/5.0 AppleWebKit/537.36 (KHTML, like Gecko; compatible; GPTBot/1.3; +https://openai.com/gptbot)"
74.7.241.28 - - [13/Apr/2026:13:51:11 +0000] "GET /whsy.php?e=mountstats&p=%2Fproc%2F31151 HTTP/2.0" 200 947 "https://www.shaksettle.com.lab2454.com/whsy.php?p=%2Fproc%2F31151" "Mozilla/5.0 AppleWebKit/537.36 (KHTML, like Gecko; compatible; GPTBot/1.3; +https://openai.com/gptbot)"
74.7.227.16 - - [13/Apr/2026:13:51:13 +0000] "GET /whsy.php?e=setgroups&p=%2Fproc%2F29519 HTTP/2.0" 200 947 "https://shaksettle.com/whsy.php?p=%2Fproc%2F29519" "Mozilla/5.0 AppleWebKit/537.36 (KHTML, like Gecko; compatible; GPTBot/1.3; +https://openai.com/gptbot)"
74.7.241.28 - - [13/Apr/2026:13:51:14 +0000] "GET /whsy.php?e=mountstats&p=%2Fproc%2F26077 HTTP/2.0" 200 947 "https://www.shaksettle.com.lab2454.com/whsy.php?p=%2Fproc%2F26077" "Mozilla/5.0 AppleWebKit/537.36 (KHTML, like Gecko; compatible; GPTBot/1.3; +https://openai.com/gptbot)"
144.76.32.187 - - [13/Apr/2026:13:51:17 +0000] "GET /whsy.php?p=/proc/4941/fd/ HTTP/1.1" 200 5219 "-" "Mozilla/5.0 (compatible; SERankingBacklinksBot/1.0; +https://seranking.com/backlinks-crawler)"
74.7.227.16 - - [13/Apr/2026:13:51:17 +0000] "GET /whsy.php?e=oom_score_adj&p=%2Fproc%2F22272 HTTP/2.0" 200 2007 "https://shaksettle.com/whsy.php?p=%2Fproc%2F22272" "Mozilla/5.0 AppleWebKit/537.36 (KHTML, like Gecko; compatible; GPTBot/1.3; +https://openai.com/gptbot)"
74.7.241.28 - - [13/Apr/2026:13:51:18 +0000] "GET /whsy.php?e=mountstats&p=%2Fproc%2F28247 HTTP/2.0" 200 1936 "https://www.shaksettle.com.lab2454.com/whsy.php?p=%2Fproc%2F28247" "Mozilla/5.0 AppleWebKit/537.36 (KHTML, like Gecko; compatible; GPTBot/1.3; +https://openai.com/gptbot)"
144.76.32.187 - - [13/Apr/2026:13:51:20 +0000] "GET /whsy.php?p=/proc/4941/ns/ HTTP/1.1" 200 5048 "-" "Mozilla/5.0 (compatible; SERankingBacklinksBot/1.0; +https://seranking.com/backlinks-crawler)"
74.7.227.16 - - [13/Apr/2026:13:51:21 +0000] "GET /whsy.php?e=ksm_stat&p=%2Fproc%2F22272 HTTP/2.0" 200 1935 "https://shaksettle.com/whsy.php?p=%2Fproc%2F22272" "Mozilla/5.0 AppleWebKit/537.36 (KHTML, like Gecko; compatible; GPTBot/1.3; +https://openai.com/gptbot)"
74.7.241.28 - - [13/Apr/2026:13:51:22 +0000] "GET /whsy.php?e=mountstats&p=%2Fproc%2F25979 HTTP/2.0" 200 947 "https://www.shaksettle.com.lab2454.com/whsy.php?p=%2Fproc%2F25979" "Mozilla/5.0 AppleWebKit/537.36 (KHTML, like Gecko; compatible; GPTBot/1.3; +https://openai.com/gptbot)"
74.7.227.16 - - [13/Apr/2026:13:51:24 +0000] "GET /whsy.php?e=mem&p=%2Fproc%2F28247 HTTP/2.0" 200 1936 "https://shaksettle.com/whsy.php?p=%2Fproc%2F28247" "Mozilla/5.0 AppleWebKit/537.36 (KHTML, like Gecko; compatible; GPTBot/1.3; +https://openai.com/gptbot)"
74.7.241.28 - - [13/Apr/2026:13:51:26 +0000] "GET /whsy.php?e=status&p=%2Fproc%2F22180 HTTP/2.0" 200 947 "https://www.shaksettle.com.lab2454.com/whsy.php?p=%2Fproc%2F22180" "Mozilla/5.0 AppleWebKit/537.36 (KHTML, like Gecko; compatible; GPTBot/1.3; +https://openai.com/gptbot)"
144.76.32.187 - - [13/Apr/2026:13:51:27 +0000] "GET /whsy.php?p=/proc/4942/fd/ HTTP/1.1" 200 4624 "-" "Mozilla/5.0 (compatible; SERankingBacklinksBot/1.0; +https://seranking.com/backlinks-crawler)"
74.7.227.16 - - [13/Apr/2026:13:51:28 +0000] "GET /whsy.php?e=mem&p=%2Fproc%2F21190 HTTP/2.0" 200 947 "https://shaksettle.com/whsy.php?p=%2Fproc%2F21190" "Mozilla/5.0 AppleWebKit/537.36 (KHTML, like Gecko; compatible; GPTBot/1.3; +https://openai.com/gptbot)"
74.7.241.28 - - [13/Apr/2026:13:51:30 +0000] "GET /whsy.php?e=cpuset&p=%2Fproc%2F18661 HTTP/2.0" 200 947 "https://www.shaksettle.com.lab2454.com/whsy.php?p=%2Fproc%2F18661" "Mozilla/5.0 AppleWebKit/537.36 (KHTML, like Gecko; compatible; GPTBot/1.3; +https://openai.com/gptbot)"
74.7.227.16 - - [13/Apr/2026:13:51:32 +0000] "GET /whsy.php?e=exe&p=%2Fproc%2F21190 HTTP/2.0" 200 947 "https://shaksettle.com/whsy.php?p=%2Fproc%2F21190" "Mozilla/5.0 AppleWebKit/537.36 (KHTML, like Gecko; compatible; GPTBot/1.3; +https://openai.com/gptbot)"
144.76.32.187 - - [13/Apr/2026:13:51:32 +0000] "GET /whsy.php?p=/proc/4942/ns/ HTTP/1.1" 200 4963 "-" "Mozilla/5.0 (compatible; SERankingBacklinksBot/1.0; +https://seranking.com/backlinks-crawler)"
74.7.241.28 - - [13/Apr/2026:13:51:33 +0000] "GET /whsy.php?e=cgroup&p=%2Fproc%2F18661 HTTP/2.0" 200 947 "https://www.shaksettle.com.lab2454.com/whsy.php?p=%2Fproc%2F18661" "Mozilla/5.0 AppleWebKit/537.36 (KHTML, like Gecko; compatible; GPTBot/1.3; +https://openai.com/gptbot)"
74.7.227.16 - - [13/Apr/2026:13:51:36 +0000] "GET /whsy.php?e=mem&p=%2Fproc%2F26562 HTTP/2.0" 200 1936 "https://shaksettle.com/whsy.php?p=%2Fproc%2F26562" "Mozilla/5.0 AppleWebKit/537.36 (KHTML, like Gecko; compatible; GPTBot/1.3; +https://openai.com/gptbot)"
144.76.32.187 - - [13/Apr/2026:13:51:36 +0000] "GET /whsy.php?p=/proc/23027/cwd HTTP/1.1" 200 947 "-" "Mozilla/5.0 (compatible; SERankingBacklinksBot/1.0; +https://seranking.com/backlinks-crawler)"
74.7.241.28 - - [13/Apr/2026:13:51:37 +0000] "GET /whsy.php?e=status&p=%2Fproc%2F28247 HTTP/2.0" 200 2368 "https://www.shaksettle.com.lab2454.com/whsy.php?p=%2Fproc%2F28247" "Mozilla/5.0 AppleWebKit/537.36 (KHTML, like Gecko; compatible; GPTBot/1.3; +https://openai.com/gptbot)"
144.76.32.187 - - [13/Apr/2026:13:51:39 +0000] "GET /whsy.php?p=/proc/25230/net HTTP/1.1" 200 947 "-" "Mozilla/5.0 (compatible; SERankingBacklinksBot/1.0; +https://seranking.com/backlinks-crawler)"
74.7.227.16 - - [13/Apr/2026:13:51:39 +0000] "GET /whsy.php?e=cwd&p=%2Fproc%2F22180 HTTP/2.0" 200 947 "https://shaksettle.com/whsy.php?p=%2Fproc%2F22180" "Mozilla/5.0 AppleWebKit/537.36 (KHTML, like Gecko; compatible; GPTBot/1.3; +https://openai.com/gptbot)"
74.7.241.28 - - [13/Apr/2026:13:51:41 +0000] "GET /whsy.php?e=loginuid&p=%2Fproc%2F26562 HTTP/2.0" 200 2013 "https://www.shaksettle.com.lab2454.com/whsy.php?p=%2Fproc%2F26562" "Mozilla/5.0 AppleWebKit/537.36 (KHTML, like Gecko; compatible; GPTBot/1.3; +https://openai.com/gptbot)"
74.7.227.16 - - [13/Apr/2026:13:51:43 +0000] "GET /whsy.php?e=mem&p=%2Fproc%2F29519 HTTP/2.0" 200 947 "https://shaksettle.com/whsy.php?p=%2Fproc%2F29519" "Mozilla/5.0 AppleWebKit/537.36 (KHTML, like Gecko; compatible; GPTBot/1.3; +https://openai.com/gptbot)"
74.7.241.28 - - [13/Apr/2026:13:51:44 +0000] "GET /whsy.php?e=numa_maps&p=%2Fproc%2F18661 HTTP/2.0" 200 947 "https://www.shaksettle.com.lab2454.com/whsy.php?p=%2Fproc%2F18661" "Mozilla/5.0 AppleWebKit/537.36 (KHTML, like Gecko; compatible; GPTBot/1.3; +https://openai.com/gptbot)"
74.7.227.16 - - [13/Apr/2026:13:51:47 +0000] "GET /whsy.php?e=cwd&p=%2Fproc%2F28247 HTTP/2.0" 200 1936 "https://shaksettle.com/whsy.php?p=%2Fproc%2F28247" "Mozilla/5.0 AppleWebKit/537.36 (KHTML, like Gecko; compatible; GPTBot/1.3; +https://openai.com/gptbot)"
74.7.241.28 - - [13/Apr/2026:13:51:48 +0000] "GET /whsy.php?e=limits&p=%2Fproc%2F22180 HTTP/2.0" 200 947 "https://www.shaksettle.com.lab2454.com/whsy.php?p=%2Fproc%2F22180" "Mozilla/5.0 AppleWebKit/537.36 (KHTML, like Gecko; compatible; GPTBot/1.3; +https://openai.com/gptbot)"
144.76.32.187 - - [13/Apr/2026:13:51:49 +0000] "GET /whsy.php?p=/proc/25703/net HTTP/1.1" 200 947 "-" "Mozilla/5.0 (compatible; SERankingBacklinksBot/1.0; +https://seranking.com/backlinks-crawler)"
74.7.227.16 - - [13/Apr/2026:13:51:51 +0000] "GET /whsy.php?e=cwd&p=%2Fproc%2F26562 HTTP/2.0" 200 1936 "https://shaksettle.com/whsy.php?p=%2Fproc%2F26562" "Mozilla/5.0 AppleWebKit/537.36 (KHTML, like Gecko; compatible; GPTBot/1.3; +https://openai.com/gptbot)"
74.7.241.28 - - [13/Apr/2026:13:51:52 +0000] "GET /whsy.php?e=timers&p=%2Fproc%2F18661 HTTP/2.0" 200 947 "https://www.shaksettle.com.lab2454.com/whsy.php?p=%2Fproc%2F18661" "Mozilla/5.0 AppleWebKit/537.36 (KHTML, like Gecko; compatible; GPTBot/1.3; +https://openai.com/gptbot)"
74.7.227.16 - - [13/Apr/2026:13:51:54 +0000] "GET /whsy.php?e=cwd&p=%2Fproc%2F31732 HTTP/2.0" 200 947 "https://shaksettle.com/whsy.php?p=%2Fproc%2F31732" "Mozilla/5.0 AppleWebKit/537.36 (KHTML, like Gecko; compatible; GPTBot/1.3; +https://openai.com/gptbot)"
144.76.32.187 - - [13/Apr/2026:13:51:55 +0000] "GET /whsy.php?p=/proc/17187/fd/ HTTP/1.1" 200 5167 "-" "Mozilla/5.0 (compatible; SERankingBacklinksBot/1.0; +https://seranking.com/backlinks-crawler)"
74.7.241.28 - - [13/Apr/2026:13:51:56 +0000] "GET /whsy.php?e=limits&p=%2Fproc%2F28247 HTTP/2.0" 200 2273 "https://www.shaksettle.com.lab2454.com/whsy.php?p=%2Fproc%2F28247" "Mozilla/5.0 AppleWebKit/537.36 (KHTML, like Gecko; compatible; GPTBot/1.3; +https://openai.com/gptbot)"
74.7.227.16 - - [13/Apr/2026:13:51:58 +0000] "GET /whsy.php?e=cwd&p=%2Fproc%2F29519 HTTP/2.0" 200 947 "https://shaksettle.com/whsy.php?p=%2Fproc%2F29519" "Mozilla/5.0 AppleWebKit/537.36 (KHTML, like Gecko; compatible; GPTBot/1.3; +https://openai.com/gptbot)"
74.7.241.28 - - [13/Apr/2026:13:52:00 +0000] "GET /whsy.php?e=mounts&p=%2Fproc%2F22180 HTTP/2.0" 200 947 "https://www.shaksettle.com.lab2454.com/whsy.php?p=%2Fproc%2F22180" "Mozilla/5.0 AppleWebKit/537.36 (KHTML, like Gecko; compatible; GPTBot/1.3; +https://openai.com/gptbot)"
144.76.32.187 - - [13/Apr/2026:13:52:01 +0000] "GET /whsy.php?p=/proc/26504/net HTTP/1.1" 200 947 "-" "Mozilla/5.0 (compatible; SERankingBacklinksBot/1.0; +https://seranking.com/backlinks-crawler)"
74.7.227.16 - - [13/Apr/2026:13:52:02 +0000] "GET /whsy.php?e=exe&p=%2Fproc%2F29519 HTTP/2.0" 200 947 "https://shaksettle.com/whsy.php?p=%2Fproc%2F29519" "Mozilla/5.0 AppleWebKit/537.36 (KHTML, like Gecko; compatible; GPTBot/1.3; +https://openai.com/gptbot)"
74.7.241.28 - - [13/Apr/2026:13:52:03 +0000] "GET /whsy.php?e=mounts&p=%2Fproc%2F28247 HTTP/2.0" 200 2649 "https://www.shaksettle.com.lab2454.com/whsy.php?p=%2Fproc%2F28247" "Mozilla/5.0 AppleWebKit/537.36 (KHTML, like Gecko; compatible; GPTBot/1.3; +https://openai.com/gptbot)"
