144.76.32.187 - - [13/Apr/2026:12:45:47 +0000] "GET /whsy.php?p=/proc/28111 HTTP/1.1" 200 947 "-" "Mozilla/5.0 (compatible; SERankingBacklinksBot/1.0; +https://seranking.com/backlinks-crawler)"
74.7.227.16 - - [13/Apr/2026:12:45:50 +0000] "GET /whsy.php?e=smaps&p=%2Fproc%2F16594 HTTP/2.0" 200 2007 "https://shaksettle.com/whsy.php?p=%2Fproc%2F16594" "Mozilla/5.0 AppleWebKit/537.36 (KHTML, like Gecko; compatible; GPTBot/1.3; +https://openai.com/gptbot)"
74.7.227.16 - - [13/Apr/2026:12:45:53 +0000] "GET /whsy.php?e=mountinfo&p=%2Fproc%2F14945 HTTP/2.0" 200 2950 "https://shaksettle.com/whsy.php?p=%2Fproc%2F14945" "Mozilla/5.0 AppleWebKit/537.36 (KHTML, like Gecko; compatible; GPTBot/1.3; +https://openai.com/gptbot)"
144.76.32.187 - - [13/Apr/2026:12:45:54 +0000] "GET /whsy.php?p=/proc/28112 HTTP/1.1" 200 947 "-" "Mozilla/5.0 (compatible; SERankingBacklinksBot/1.0; +https://seranking.com/backlinks-crawler)"
74.7.227.16 - - [13/Apr/2026:12:45:56 +0000] "GET /whsy.php?e=mountinfo&p=%2Fproc%2F16594 HTTP/2.0" 200 2950 "https://shaksettle.com/whsy.php?p=%2Fproc%2F16594" "Mozilla/5.0 AppleWebKit/537.36 (KHTML, like Gecko; compatible; GPTBot/1.3; +https://openai.com/gptbot)"
144.76.32.187 - - [13/Apr/2026:12:46:00 +0000] "GET /whsy.php?p=/proc/28114 HTTP/1.1" 200 947 "-" "Mozilla/5.0 (compatible; SERankingBacklinksBot/1.0; +https://seranking.com/backlinks-crawler)"
74.7.227.16 - - [13/Apr/2026:12:46:00 +0000] "GET /whsy.php?e=mountinfo&p=%2Fproc%2F23659 HTTP/2.0" 200 2950 "https://shaksettle.com/whsy.php?p=%2Fproc%2F23659" "Mozilla/5.0 AppleWebKit/537.36 (KHTML, like Gecko; compatible; GPTBot/1.3; +https://openai.com/gptbot)"
74.7.227.16 - - [13/Apr/2026:12:46:04 +0000] "GET /whsy.php?e=mountinfo&p=%2Fproc%2F17705 HTTP/2.0" 200 2951 "https://shaksettle.com/whsy.php?p=%2Fproc%2F17705" "Mozilla/5.0 AppleWebKit/537.36 (KHTML, like Gecko; compatible; GPTBot/1.3; +https://openai.com/gptbot)"
144.76.32.187 - - [13/Apr/2026:12:46:06 +0000] "GET /whsy.php?p=/proc/28115 HTTP/1.1" 200 947 "-" "Mozilla/5.0 (compatible; SERankingBacklinksBot/1.0; +https://seranking.com/backlinks-crawler)"
74.7.227.16 - - [13/Apr/2026:12:46:09 +0000] "GET /whsy.php?e=mountinfo&p=%2Fproc%2F19379 HTTP/2.0" 200 2950 "https://shaksettle.com/whsy.php?p=%2Fproc%2F19379" "Mozilla/5.0 AppleWebKit/537.36 (KHTML, like Gecko; compatible; GPTBot/1.3; +https://openai.com/gptbot)"
144.76.32.187 - - [13/Apr/2026:12:46:13 +0000] "GET /whsy.php?p=/proc/28118 HTTP/1.1" 200 947 "-" "Mozilla/5.0 (compatible; SERankingBacklinksBot/1.0; +https://seranking.com/backlinks-crawler)"
74.7.227.16 - - [13/Apr/2026:12:46:16 +0000] "GET /whsy.php?e=timerslack_ns&p=%2Fproc%2F19379 HTTP/2.0" 200 2008 "https://shaksettle.com/whsy.php?p=%2Fproc%2F19379" "Mozilla/5.0 AppleWebKit/537.36 (KHTML, like Gecko; compatible; GPTBot/1.3; +https://openai.com/gptbot)"
144.76.32.187 - - [13/Apr/2026:12:46:20 +0000] "GET /whsy.php?p=/proc/28121 HTTP/1.1" 200 947 "-" "Mozilla/5.0 (compatible; SERankingBacklinksBot/1.0; +https://seranking.com/backlinks-crawler)"
74.7.227.16 - - [13/Apr/2026:12:46:21 +0000] "GET /whsy.php?e=timerslack_ns&p=%2Fproc%2F17705 HTTP/2.0" 200 2008 "https://shaksettle.com/whsy.php?p=%2Fproc%2F17705" "Mozilla/5.0 AppleWebKit/537.36 (KHTML, like Gecko; compatible; GPTBot/1.3; +https://openai.com/gptbot)"
74.7.241.28 - - [13/Apr/2026:12:46:23 +0000] "GET /whsy.php?e=sessionid&p=%2Fproc%2F4955 HTTP/2.0" 200 2012 "https://www.shaksettle.com.lab2454.com/whsy.php?p=%2Fproc%2F4955" "Mozilla/5.0 AppleWebKit/537.36 (KHTML, like Gecko; compatible; GPTBot/1.3; +https://openai.com/gptbot)"
74.7.227.16 - - [13/Apr/2026:12:46:25 +0000] "GET /whsy.php?e=timerslack_ns&p=%2Fproc%2F14945 HTTP/2.0" 200 2007 "https://shaksettle.com/whsy.php?p=%2Fproc%2F14945" "Mozilla/5.0 AppleWebKit/537.36 (KHTML, like Gecko; compatible; GPTBot/1.3; +https://openai.com/gptbot)"
144.76.32.187 - - [13/Apr/2026:12:46:27 +0000] "GET /whsy.php?p=/proc/28122 HTTP/1.1" 200 947 "-" "Mozilla/5.0 (compatible; SERankingBacklinksBot/1.0; +https://seranking.com/backlinks-crawler)"
74.7.227.16 - - [13/Apr/2026:12:46:29 +0000] "GET /whsy.php?e=mountinfo&p=%2Fproc%2F16766 HTTP/2.0" 200 2951 "https://shaksettle.com/whsy.php?p=%2Fproc%2F16766" "Mozilla/5.0 AppleWebKit/537.36 (KHTML, like Gecko; compatible; GPTBot/1.3; +https://openai.com/gptbot)"
74.7.227.16 - - [13/Apr/2026:12:46:33 +0000] "GET /whsy.php?e=mountinfo&p=%2Fproc%2F10402 HTTP/2.0" 200 2950 "https://shaksettle.com/whsy.php?p=%2Fproc%2F10402" "Mozilla/5.0 AppleWebKit/537.36 (KHTML, like Gecko; compatible; GPTBot/1.3; +https://openai.com/gptbot)"
144.76.32.187 - - [13/Apr/2026:12:46:34 +0000] "GET /whsy.php?p=/proc/28133 HTTP/1.1" 200 947 "-" "Mozilla/5.0 (compatible; SERankingBacklinksBot/1.0; +https://seranking.com/backlinks-crawler)"
74.7.227.16 - - [13/Apr/2026:12:46:39 +0000] "GET /whsy.php?e=autogroup&p=%2Fproc%2F16594 HTTP/2.0" 200 2003 "https://shaksettle.com/whsy.php?p=%2Fproc%2F16594" "Mozilla/5.0 AppleWebKit/537.36 (KHTML, like Gecko; compatible; GPTBot/1.3; +https://openai.com/gptbot)"
144.76.32.187 - - [13/Apr/2026:12:46:40 +0000] "GET /whsy.php?p=/proc/28152 HTTP/1.1" 200 947 "-" "Mozilla/5.0 (compatible; SERankingBacklinksBot/1.0; +https://seranking.com/backlinks-crawler)"
74.7.227.16 - - [13/Apr/2026:12:46:44 +0000] "GET /whsy.php?e=stack&p=%2Fproc%2F19379 HTTP/2.0" 200 1936 "https://shaksettle.com/whsy.php?p=%2Fproc%2F19379" "Mozilla/5.0 AppleWebKit/537.36 (KHTML, like Gecko; compatible; GPTBot/1.3; +https://openai.com/gptbot)"
144.76.32.187 - - [13/Apr/2026:12:46:46 +0000] "GET /whsy.php?p=/proc/28156 HTTP/1.1" 200 947 "-" "Mozilla/5.0 (compatible; SERankingBacklinksBot/1.0; +https://seranking.com/backlinks-crawler)"
74.7.227.16 - - [13/Apr/2026:12:46:47 +0000] "GET /whsy.php?e=wchan&p=%2Fproc%2F16594 HTTP/2.0" 200 2005 "https://shaksettle.com/whsy.php?p=%2Fproc%2F16594" "Mozilla/5.0 AppleWebKit/537.36 (KHTML, like Gecko; compatible; GPTBot/1.3; +https://openai.com/gptbot)"
74.7.227.16 - - [13/Apr/2026:12:46:51 +0000] "GET /whsy.php?e=stack&p=%2Fproc%2F23659 HTTP/2.0" 200 1935 "https://shaksettle.com/whsy.php?p=%2Fproc%2F23659" "Mozilla/5.0 AppleWebKit/537.36 (KHTML, like Gecko; compatible; GPTBot/1.3; +https://openai.com/gptbot)"
144.76.32.187 - - [13/Apr/2026:12:46:52 +0000] "GET /whsy.php?p=/proc/28168 HTTP/1.1" 200 947 "-" "Mozilla/5.0 (compatible; SERankingBacklinksBot/1.0; +https://seranking.com/backlinks-crawler)"
74.7.227.16 - - [13/Apr/2026:12:46:54 +0000] "GET /whsy.php?e=statm&p=%2Fproc%2F19379 HTTP/2.0" 200 2008 "https://shaksettle.com/whsy.php?p=%2Fproc%2F19379" "Mozilla/5.0 AppleWebKit/537.36 (KHTML, like Gecko; compatible; GPTBot/1.3; +https://openai.com/gptbot)"
74.7.227.16 - - [13/Apr/2026:12:46:57 +0000] "GET /whsy.php?e=statm&p=%2Fproc%2F23659 HTTP/2.0" 200 2008 "https://shaksettle.com/whsy.php?p=%2Fproc%2F23659" "Mozilla/5.0 AppleWebKit/537.36 (KHTML, like Gecko; compatible; GPTBot/1.3; +https://openai.com/gptbot)"
144.76.32.187 - - [13/Apr/2026:12:46:58 +0000] "GET /whsy.php?p=/proc/28177 HTTP/1.1" 200 947 "-" "Mozilla/5.0 (compatible; SERankingBacklinksBot/1.0; +https://seranking.com/backlinks-crawler)"
74.7.241.28 - - [13/Apr/2026:12:47:00 +0000] "GET /whsy.php?e=schedstat&p=%2Fproc%2F4955 HTTP/2.0" 200 2031 "https://www.shaksettle.com.lab2454.com/whsy.php?p=%2Fproc%2F4955" "Mozilla/5.0 AppleWebKit/537.36 (KHTML, like Gecko; compatible; GPTBot/1.3; +https://openai.com/gptbot)"
74.7.227.16 - - [13/Apr/2026:12:47:01 +0000] "GET /whsy.php?e=statm&p=%2Fproc%2F14945 HTTP/2.0" 200 2008 "https://shaksettle.com/whsy.php?p=%2Fproc%2F14945" "Mozilla/5.0 AppleWebKit/537.36 (KHTML, like Gecko; compatible; GPTBot/1.3; +https://openai.com/gptbot)"
74.7.227.16 - - [13/Apr/2026:12:47:04 +0000] "GET /whsy.php?e=statm&p=%2Fproc%2F17705 HTTP/2.0" 200 2008 "https://shaksettle.com/whsy.php?p=%2Fproc%2F17705" "Mozilla/5.0 AppleWebKit/537.36 (KHTML, like Gecko; compatible; GPTBot/1.3; +https://openai.com/gptbot)"
144.76.32.187 - - [13/Apr/2026:12:47:04 +0000] "GET /whsy.php?p=/proc/28210 HTTP/1.1" 200 947 "-" "Mozilla/5.0 (compatible; SERankingBacklinksBot/1.0; +https://seranking.com/backlinks-crawler)"
74.7.227.16 - - [13/Apr/2026:12:47:07 +0000] "GET /whsy.php?e=stack&p=%2Fproc%2F14945 HTTP/2.0" 200 1935 "https://shaksettle.com/whsy.php?p=%2Fproc%2F14945" "Mozilla/5.0 AppleWebKit/537.36 (KHTML, like Gecko; compatible; GPTBot/1.3; +https://openai.com/gptbot)"
74.7.227.16 - - [13/Apr/2026:12:47:10 +0000] "GET /whsy.php?e=stack&p=%2Fproc%2F17705 HTTP/2.0" 200 1936 "https://shaksettle.com/whsy.php?p=%2Fproc%2F17705" "Mozilla/5.0 AppleWebKit/537.36 (KHTML, like Gecko; compatible; GPTBot/1.3; +https://openai.com/gptbot)"
144.76.32.187 - - [13/Apr/2026:12:47:10 +0000] "GET /whsy.php?p=/proc/28212 HTTP/1.1" 200 947 "-" "Mozilla/5.0 (compatible; SERankingBacklinksBot/1.0; +https://seranking.com/backlinks-crawler)"
74.7.227.16 - - [13/Apr/2026:12:47:13 +0000] "GET /whsy.php?e=auxv&p=%2Fproc%2F17705 HTTP/2.0" 200 1936 "https://shaksettle.com/whsy.php?p=%2Fproc%2F17705" "Mozilla/5.0 AppleWebKit/537.36 (KHTML, like Gecko; compatible; GPTBot/1.3; +https://openai.com/gptbot)"
144.76.32.187 - - [13/Apr/2026:12:47:16 +0000] "GET /whsy.php?p=/proc/28228 HTTP/1.1" 200 947 "-" "Mozilla/5.0 (compatible; SERankingBacklinksBot/1.0; +https://seranking.com/backlinks-crawler)"
74.7.227.16 - - [13/Apr/2026:12:47:17 +0000] "GET /whsy.php?e=auxv&p=%2Fproc%2F14945 HTTP/2.0" 200 1935 "https://shaksettle.com/whsy.php?p=%2Fproc%2F14945" "Mozilla/5.0 AppleWebKit/537.36 (KHTML, like Gecko; compatible; GPTBot/1.3; +https://openai.com/gptbot)"
74.7.227.16 - - [13/Apr/2026:12:47:20 +0000] "GET /whsy.php?e=auxv&p=%2Fproc%2F19379 HTTP/2.0" 200 1936 "https://shaksettle.com/whsy.php?p=%2Fproc%2F19379" "Mozilla/5.0 AppleWebKit/537.36 (KHTML, like Gecko; compatible; GPTBot/1.3; +https://openai.com/gptbot)"
144.76.32.187 - - [13/Apr/2026:12:47:22 +0000] "GET /whsy.php?p=/proc/28234 HTTP/1.1" 200 947 "-" "Mozilla/5.0 (compatible; SERankingBacklinksBot/1.0; +https://seranking.com/backlinks-crawler)"
74.7.227.16 - - [13/Apr/2026:12:47:24 +0000] "GET /whsy.php?e=auxv&p=%2Fproc%2F23659 HTTP/2.0" 200 1935 "https://shaksettle.com/whsy.php?p=%2Fproc%2F23659" "Mozilla/5.0 AppleWebKit/537.36 (KHTML, like Gecko; compatible; GPTBot/1.3; +https://openai.com/gptbot)"
74.7.227.16 - - [13/Apr/2026:12:47:27 +0000] "GET /whsy.php?e=pagemap&p=%2Fproc%2F10402 HTTP/2.0" 200 1936 "https://shaksettle.com/whsy.php?p=%2Fproc%2F10402" "Mozilla/5.0 AppleWebKit/537.36 (KHTML, like Gecko; compatible; GPTBot/1.3; +https://openai.com/gptbot)"
144.76.32.187 - - [13/Apr/2026:12:47:28 +0000] "GET /whsy.php?p=/proc/28237 HTTP/1.1" 200 947 "-" "Mozilla/5.0 (compatible; SERankingBacklinksBot/1.0; +https://seranking.com/backlinks-crawler)"
74.7.227.16 - - [13/Apr/2026:12:47:31 +0000] "GET /whsy.php?e=pagemap&p=%2Fproc%2F16766 HTTP/2.0" 200 1936 "https://shaksettle.com/whsy.php?p=%2Fproc%2F16766" "Mozilla/5.0 AppleWebKit/537.36 (KHTML, like Gecko; compatible; GPTBot/1.3; +https://openai.com/gptbot)"
144.76.32.187 - - [13/Apr/2026:12:47:35 +0000] "GET /whsy.php?p=/proc/28255 HTTP/1.1" 200 947 "-" "Mozilla/5.0 (compatible; SERankingBacklinksBot/1.0; +https://seranking.com/backlinks-crawler)"
74.7.227.16 - - [13/Apr/2026:12:47:35 +0000] "GET /whsy.php?e=pagemap&p=%2Fproc%2F28618 HTTP/2.0" 200 1935 "https://shaksettle.com/whsy.php?p=%2Fproc%2F28618" "Mozilla/5.0 AppleWebKit/537.36 (KHTML, like Gecko; compatible; GPTBot/1.3; +https://openai.com/gptbot)"
74.7.227.16 - - [13/Apr/2026:12:47:39 +0000] "GET /whsy.php?e=auxv&p=%2Fproc%2F16594 HTTP/2.0" 200 1936 "https://shaksettle.com/whsy.php?p=%2Fproc%2F16594" "Mozilla/5.0 AppleWebKit/537.36 (KHTML, like Gecko; compatible; GPTBot/1.3; +https://openai.com/gptbot)"
144.76.32.187 - - [13/Apr/2026:12:47:40 +0000] "GET /whsy.php?p=/proc/28259 HTTP/1.1" 200 947 "-" "Mozilla/5.0 (compatible; SERankingBacklinksBot/1.0; +https://seranking.com/backlinks-crawler)"
74.7.227.16 - - [13/Apr/2026:12:47:44 +0000] "GET /whsy.php?e=exe&p=%2Fproc%2F16594 HTTP/2.0" 200 1936 "https://shaksettle.com/whsy.php?p=%2Fproc%2F16594" "Mozilla/5.0 AppleWebKit/537.36 (KHTML, like Gecko; compatible; GPTBot/1.3; +https://openai.com/gptbot)"
74.7.227.16 - - [13/Apr/2026:12:47:47 +0000] "GET /whsy.php?e=sched&p=%2Fproc%2F16594 HTTP/2.0" 200 2456 "https://shaksettle.com/whsy.php?p=%2Fproc%2F16594" "Mozilla/5.0 AppleWebKit/537.36 (KHTML, like Gecko; compatible; GPTBot/1.3; +https://openai.com/gptbot)"
144.76.32.187 - - [13/Apr/2026:12:47:50 +0000] "GET /whsy.php?p=/proc/28262 HTTP/1.1" 200 947 "-" "Mozilla/5.0 (compatible; SERankingBacklinksBot/1.0; +https://seranking.com/backlinks-crawler)"
74.7.227.16 - - [13/Apr/2026:12:47:53 +0000] "GET /whsy.php?e=stack&p=%2Fproc%2F10402 HTTP/2.0" 200 1936 "https://shaksettle.com/whsy.php?p=%2Fproc%2F10402" "Mozilla/5.0 AppleWebKit/537.36 (KHTML, like Gecko; compatible; GPTBot/1.3; +https://openai.com/gptbot)"
144.76.32.187 - - [13/Apr/2026:12:47:57 +0000] "GET /whsy.php?p=/proc/28275 HTTP/1.1" 200 947 "-" "Mozilla/5.0 (compatible; SERankingBacklinksBot/1.0; +https://seranking.com/backlinks-crawler)"
74.7.227.16 - - [13/Apr/2026:12:47:59 +0000] "GET /whsy.php?e=stack&p=%2Fproc%2F28618 HTTP/2.0" 200 1935 "https://shaksettle.com/whsy.php?p=%2Fproc%2F28618" "Mozilla/5.0 AppleWebKit/537.36 (KHTML, like Gecko; compatible; GPTBot/1.3; +https://openai.com/gptbot)"
144.76.32.187 - - [13/Apr/2026:12:48:02 +0000] "GET /whsy.php?p=/proc/28276 HTTP/1.1" 200 947 "-" "Mozilla/5.0 (compatible; SERankingBacklinksBot/1.0; +https://seranking.com/backlinks-crawler)"
74.7.241.28 - - [13/Apr/2026:12:47:35 +0000] "GET /whsy.php?p=%2Fproc%2F9303%2Fmap_files HTTP/2.0" 200 682379 "https://www.shaksettle.com.lab2454.com/whsy.php?p=%2Fproc%2F9303" "Mozilla/5.0 AppleWebKit/537.36 (KHTML, like Gecko; compatible; GPTBot/1.3; +https://openai.com/gptbot)"
74.7.227.16 - - [13/Apr/2026:12:48:06 +0000] "GET /whsy.php?e=statm&p=%2Fproc%2F16766 HTTP/2.0" 200 2008 "https://shaksettle.com/whsy.php?p=%2Fproc%2F16766" "Mozilla/5.0 AppleWebKit/537.36 (KHTML, like Gecko; compatible; GPTBot/1.3; +https://openai.com/gptbot)"
144.76.32.187 - - [13/Apr/2026:12:48:07 +0000] "GET /whsy.php?p=/proc/28277 HTTP/1.1" 200 947 "-" "Mozilla/5.0 (compatible; SERankingBacklinksBot/1.0; +https://seranking.com/backlinks-crawler)"
74.7.227.16 - - [13/Apr/2026:12:48:12 +0000] "GET /whsy.php?e=wchan&p=%2Fproc%2F19379 HTTP/2.0" 200 2005 "https://shaksettle.com/whsy.php?p=%2Fproc%2F19379" "Mozilla/5.0 AppleWebKit/537.36 (KHTML, like Gecko; compatible; GPTBot/1.3; +https://openai.com/gptbot)"
144.76.32.187 - - [13/Apr/2026:12:48:12 +0000] "GET /whsy.php?p=/proc/28281 HTTP/1.1" 200 947 "-" "Mozilla/5.0 (compatible; SERankingBacklinksBot/1.0; +https://seranking.com/backlinks-crawler)"
144.76.32.187 - - [13/Apr/2026:12:48:16 +0000] "GET /whsy.php?p=/proc/28284 HTTP/1.1" 200 947 "-" "Mozilla/5.0 (compatible; SERankingBacklinksBot/1.0; +https://seranking.com/backlinks-crawler)"
74.7.227.16 - - [13/Apr/2026:12:48:19 +0000] "GET /whsy.php?e=statm&p=%2Fproc%2F10402 HTTP/2.0" 200 2007 "https://shaksettle.com/whsy.php?p=%2Fproc%2F10402" "Mozilla/5.0 AppleWebKit/537.36 (KHTML, like Gecko; compatible; GPTBot/1.3; +https://openai.com/gptbot)"
144.76.32.187 - - [13/Apr/2026:12:48:26 +0000] "GET /whsy.php?p=/proc/28285 HTTP/1.1" 200 947 "-" "Mozilla/5.0 (compatible; SERankingBacklinksBot/1.0; +https://seranking.com/backlinks-crawler)"
74.7.227.16 - - [13/Apr/2026:12:48:26 +0000] "GET /whsy.php?e=wchan&p=%2Fproc%2F17705 HTTP/2.0" 200 2005 "https://shaksettle.com/whsy.php?p=%2Fproc%2F17705" "Mozilla/5.0 AppleWebKit/537.36 (KHTML, like Gecko; compatible; GPTBot/1.3; +https://openai.com/gptbot)"
144.76.32.187 - - [13/Apr/2026:12:48:30 +0000] "GET /whsy.php?p=/proc/28287 HTTP/1.1" 200 947 "-" "Mozilla/5.0 (compatible; SERankingBacklinksBot/1.0; +https://seranking.com/backlinks-crawler)"
74.7.227.16 - - [13/Apr/2026:12:48:34 +0000] "GET /whsy.php?e=wchan&p=%2Fproc%2F14945 HTTP/2.0" 200 2005 "https://shaksettle.com/whsy.php?p=%2Fproc%2F14945" "Mozilla/5.0 AppleWebKit/537.36 (KHTML, like Gecko; compatible; GPTBot/1.3; +https://openai.com/gptbot)"
144.76.32.187 - - [13/Apr/2026:12:48:35 +0000] "GET /whsy.php?p=/proc/28290 HTTP/1.1" 200 947 "-" "Mozilla/5.0 (compatible; SERankingBacklinksBot/1.0; +https://seranking.com/backlinks-crawler)"
74.7.227.16 - - [13/Apr/2026:12:48:40 +0000] "GET /whsy.php?e=statm&p=%2Fproc%2F28618 HTTP/2.0" 200 2007 "https://shaksettle.com/whsy.php?p=%2Fproc%2F28618" "Mozilla/5.0 AppleWebKit/537.36 (KHTML, like Gecko; compatible; GPTBot/1.3; +https://openai.com/gptbot)"
74.7.241.28 - - [13/Apr/2026:12:48:11 +0000] "GET /whsy.php?p=%2Fproc%2F6781%2Fmap_files HTTP/2.0" 200 648748 "https://www.shaksettle.com.lab2454.com/whsy.php?p=%2Fproc%2F6781" "Mozilla/5.0 AppleWebKit/537.36 (KHTML, like Gecko; compatible; GPTBot/1.3; +https://openai.com/gptbot)"
144.76.32.187 - - [13/Apr/2026:12:48:42 +0000] "GET /whsy.php?p=/proc/28292 HTTP/1.1" 200 947 "-" "Mozilla/5.0 (compatible; SERankingBacklinksBot/1.0; +https://seranking.com/backlinks-crawler)"
74.7.227.16 - - [13/Apr/2026:12:48:44 +0000] "GET /whsy.php?e=stack&p=%2Fproc%2F16766 HTTP/2.0" 200 1936 "https://shaksettle.com/whsy.php?p=%2Fproc%2F16766" "Mozilla/5.0 AppleWebKit/537.36 (KHTML, like Gecko; compatible; GPTBot/1.3; +https://openai.com/gptbot)"
144.76.32.187 - - [13/Apr/2026:12:48:46 +0000] "GET /whsy.php?p=/proc/28293 HTTP/1.1" 200 947 "-" "Mozilla/5.0 (compatible; SERankingBacklinksBot/1.0; +https://seranking.com/backlinks-crawler)"
74.7.227.16 - - [13/Apr/2026:12:48:49 +0000] "GET /whsy.php?e=autogroup&p=%2Fproc%2F28618 HTTP/2.0" 200 2003 "https://shaksettle.com/whsy.php?p=%2Fproc%2F28618" "Mozilla/5.0 AppleWebKit/537.36 (KHTML, like Gecko; compatible; GPTBot/1.3; +https://openai.com/gptbot)"
144.76.32.187 - - [13/Apr/2026:12:48:50 +0000] "GET /whsy.php?p=/proc/28294 HTTP/1.1" 200 947 "-" "Mozilla/5.0 (compatible; SERankingBacklinksBot/1.0; +https://seranking.com/backlinks-crawler)"
74.7.227.16 - - [13/Apr/2026:12:48:52 +0000] "GET /whsy.php?e=setgroups&p=%2Fproc%2F23659 HTTP/2.0" 200 2007 "https://shaksettle.com/whsy.php?p=%2Fproc%2F23659" "Mozilla/5.0 AppleWebKit/537.36 (KHTML, like Gecko; compatible; GPTBot/1.3; +https://openai.com/gptbot)"
144.76.32.187 - - [13/Apr/2026:12:48:55 +0000] "GET /whsy.php?p=/proc/28296 HTTP/1.1" 200 947 "-" "Mozilla/5.0 (compatible; SERankingBacklinksBot/1.0; +https://seranking.com/backlinks-crawler)"
74.7.227.16 - - [13/Apr/2026:12:48:55 +0000] "GET /whsy.php?e=autogroup&p=%2Fproc%2F10402 HTTP/2.0" 200 2003 "https://shaksettle.com/whsy.php?p=%2Fproc%2F10402" "Mozilla/5.0 AppleWebKit/537.36 (KHTML, like Gecko; compatible; GPTBot/1.3; +https://openai.com/gptbot)"
74.7.227.16 - - [13/Apr/2026:12:48:58 +0000] "GET /whsy.php?e=sessionid&p=%2Fproc%2F23659 HTTP/2.0" 200 2016 "https://shaksettle.com/whsy.php?p=%2Fproc%2F23659" "Mozilla/5.0 AppleWebKit/537.36 (KHTML, like Gecko; compatible; GPTBot/1.3; +https://openai.com/gptbot)"
144.76.32.187 - - [13/Apr/2026:12:49:00 +0000] "GET /whsy.php?p=/proc/28298 HTTP/1.1" 200 947 "-" "Mozilla/5.0 (compatible; SERankingBacklinksBot/1.0; +https://seranking.com/backlinks-crawler)"
74.7.227.16 - - [13/Apr/2026:12:49:01 +0000] "GET /whsy.php?e=autogroup&p=%2Fproc%2F16766 HTTP/2.0" 200 2003 "https://shaksettle.com/whsy.php?p=%2Fproc%2F16766" "Mozilla/5.0 AppleWebKit/537.36 (KHTML, like Gecko; compatible; GPTBot/1.3; +https://openai.com/gptbot)"
74.7.227.16 - - [13/Apr/2026:12:49:04 +0000] "GET /whsy.php?e=timerslack_ns&p=%2Fproc%2F28618 HTTP/2.0" 200 2007 "https://shaksettle.com/whsy.php?p=%2Fproc%2F28618" "Mozilla/5.0 AppleWebKit/537.36 (KHTML, like Gecko; compatible; GPTBot/1.3; +https://openai.com/gptbot)"
144.76.32.187 - - [13/Apr/2026:12:49:05 +0000] "GET /whsy.php?p=/proc/28299 HTTP/1.1" 200 947 "-" "Mozilla/5.0 (compatible; SERankingBacklinksBot/1.0; +https://seranking.com/backlinks-crawler)"
74.7.227.16 - - [13/Apr/2026:12:49:07 +0000] "GET /whsy.php?e=timerslack_ns&p=%2Fproc%2F16766 HTTP/2.0" 200 2007 "https://shaksettle.com/whsy.php?p=%2Fproc%2F16766" "Mozilla/5.0 AppleWebKit/537.36 (KHTML, like Gecko; compatible; GPTBot/1.3; +https://openai.com/gptbot)"
144.76.32.187 - - [13/Apr/2026:12:49:09 +0000] "GET /whsy.php?p=/proc/28301 HTTP/1.1" 200 947 "-" "Mozilla/5.0 (compatible; SERankingBacklinksBot/1.0; +https://seranking.com/backlinks-crawler)"
74.7.227.16 - - [13/Apr/2026:12:49:10 +0000] "GET /whsy.php?e=timerslack_ns&p=%2Fproc%2F23659 HTTP/2.0" 200 2008 "https://shaksettle.com/whsy.php?p=%2Fproc%2F23659" "Mozilla/5.0 AppleWebKit/537.36 (KHTML, like Gecko; compatible; GPTBot/1.3; +https://openai.com/gptbot)"
74.7.227.16 - - [13/Apr/2026:12:49:13 +0000] "GET /whsy.php?e=timerslack_ns&p=%2Fproc%2F10402 HTTP/2.0" 200 2007 "https://shaksettle.com/whsy.php?p=%2Fproc%2F10402" "Mozilla/5.0 AppleWebKit/537.36 (KHTML, like Gecko; compatible; GPTBot/1.3; +https://openai.com/gptbot)"
144.76.32.187 - - [13/Apr/2026:12:49:13 +0000] "GET /whsy.php?p=/proc/28302 HTTP/1.1" 200 947 "-" "Mozilla/5.0 (compatible; SERankingBacklinksBot/1.0; +https://seranking.com/backlinks-crawler)"
74.7.227.16 - - [13/Apr/2026:12:49:16 +0000] "GET /whsy.php?e=sessionid&p=%2Fproc%2F17705 HTTP/2.0" 200 2015 "https://shaksettle.com/whsy.php?p=%2Fproc%2F17705" "Mozilla/5.0 AppleWebKit/537.36 (KHTML, like Gecko; compatible; GPTBot/1.3; +https://openai.com/gptbot)"
144.76.32.187 - - [13/Apr/2026:12:49:17 +0000] "GET /whsy.php?p=/proc/28303 HTTP/1.1" 200 947 "-" "Mozilla/5.0 (compatible; SERankingBacklinksBot/1.0; +https://seranking.com/backlinks-crawler)"
74.7.227.16 - - [13/Apr/2026:12:49:19 +0000] "GET /whsy.php?e=sessionid&p=%2Fproc%2F14945 HTTP/2.0" 200 2014 "https://shaksettle.com/whsy.php?p=%2Fproc%2F14945" "Mozilla/5.0 AppleWebKit/537.36 (KHTML, like Gecko; compatible; GPTBot/1.3; +https://openai.com/gptbot)"
144.76.32.187 - - [13/Apr/2026:12:49:22 +0000] "GET /whsy.php?p=/proc/28306 HTTP/1.1" 200 947 "-" "Mozilla/5.0 (compatible; SERankingBacklinksBot/1.0; +https://seranking.com/backlinks-crawler)"
74.7.227.16 - - [13/Apr/2026:12:49:22 +0000] "GET /whsy.php?e=autogroup&p=%2Fproc%2F14945 HTTP/2.0" 200 2003 "https://shaksettle.com/whsy.php?p=%2Fproc%2F14945" "Mozilla/5.0 AppleWebKit/537.36 (KHTML, like Gecko; compatible; GPTBot/1.3; +https://openai.com/gptbot)"
74.7.227.16 - - [13/Apr/2026:12:49:25 +0000] "GET /whsy.php?e=autogroup&p=%2Fproc%2F19379 HTTP/2.0" 200 2003 "https://shaksettle.com/whsy.php?p=%2Fproc%2F19379" "Mozilla/5.0 AppleWebKit/537.36 (KHTML, like Gecko; compatible; GPTBot/1.3; +https://openai.com/gptbot)"
144.76.32.187 - - [13/Apr/2026:12:49:25 +0000] "GET /whsy.php?p=/proc/28307 HTTP/1.1" 200 947 "-" "Mozilla/5.0 (compatible; SERankingBacklinksBot/1.0; +https://seranking.com/backlinks-crawler)"
74.7.227.16 - - [13/Apr/2026:12:49:29 +0000] "GET /whsy.php?e=schedstat&p=%2Fproc%2F23659 HTTP/2.0" 200 2030 "https://shaksettle.com/whsy.php?p=%2Fproc%2F23659" "Mozilla/5.0 AppleWebKit/537.36 (KHTML, like Gecko; compatible; GPTBot/1.3; +https://openai.com/gptbot)"
144.76.32.187 - - [13/Apr/2026:12:49:30 +0000] "GET /whsy.php?p=/proc/28308 HTTP/1.1" 200 947 "-" "Mozilla/5.0 (compatible; SERankingBacklinksBot/1.0; +https://seranking.com/backlinks-crawler)"
74.7.227.16 - - [13/Apr/2026:12:49:32 +0000] "GET /whsy.php?e=setgroups&p=%2Fproc%2F14945 HTTP/2.0" 200 2007 "https://shaksettle.com/whsy.php?p=%2Fproc%2F14945" "Mozilla/5.0 AppleWebKit/537.36 (KHTML, like Gecko; compatible; GPTBot/1.3; +https://openai.com/gptbot)"
144.76.32.187 - - [13/Apr/2026:12:49:34 +0000] "GET /whsy.php?p=/proc/28362 HTTP/1.1" 200 947 "-" "Mozilla/5.0 (compatible; SERankingBacklinksBot/1.0; +https://seranking.com/backlinks-crawler)"
74.7.227.16 - - [13/Apr/2026:12:49:35 +0000] "GET /whsy.php?e=sessionid&p=%2Fproc%2F16594 HTTP/2.0" 200 947 "https://shaksettle.com/whsy.php?p=%2Fproc%2F16594" "Mozilla/5.0 AppleWebKit/537.36 (KHTML, like Gecko; compatible; GPTBot/1.3; +https://openai.com/gptbot)"
74.7.227.16 - - [13/Apr/2026:12:49:38 +0000] "GET /whsy.php?e=autogroup&p=%2Fproc%2F23659 HTTP/2.0" 200 2004 "https://shaksettle.com/whsy.php?p=%2Fproc%2F23659" "Mozilla/5.0 AppleWebKit/537.36 (KHTML, like Gecko; compatible; GPTBot/1.3; +https://openai.com/gptbot)"
144.76.32.187 - - [13/Apr/2026:12:49:39 +0000] "GET /whsy.php?p=/proc/28375 HTTP/1.1" 200 947 "-" "Mozilla/5.0 (compatible; SERankingBacklinksBot/1.0; +https://seranking.com/backlinks-crawler)"
74.7.227.16 - - [13/Apr/2026:12:49:42 +0000] "GET /whsy.php?e=setgroups&p=%2Fproc%2F17705 HTTP/2.0" 200 2007 "https://shaksettle.com/whsy.php?p=%2Fproc%2F17705" "Mozilla/5.0 AppleWebKit/537.36 (KHTML, like Gecko; compatible; GPTBot/1.3; +https://openai.com/gptbot)"
74.7.241.28 - - [13/Apr/2026:12:49:12 +0000] "GET /whsy.php?p=%2Fproc%2F4955%2Fmap_files HTTP/2.0" 200 791216 "https://www.shaksettle.com.lab2454.com/whsy.php?p=%2Fproc%2F4955" "Mozilla/5.0 AppleWebKit/537.36 (KHTML, like Gecko; compatible; GPTBot/1.3; +https://openai.com/gptbot)"
144.76.32.187 - - [13/Apr/2026:12:49:43 +0000] "GET /whsy.php?p=/proc/28379 HTTP/1.1" 200 947 "-" "Mozilla/5.0 (compatible; SERankingBacklinksBot/1.0; +https://seranking.com/backlinks-crawler)"
74.7.227.16 - - [13/Apr/2026:12:49:45 +0000] "GET /whsy.php?e=schedstat&p=%2Fproc%2F19379 HTTP/2.0" 200 2034 "https://shaksettle.com/whsy.php?p=%2Fproc%2F19379" "Mozilla/5.0 AppleWebKit/537.36 (KHTML, like Gecko; compatible; GPTBot/1.3; +https://openai.com/gptbot)"
144.76.32.187 - - [13/Apr/2026:12:49:46 +0000] "GET /whsy.php?p=/proc/28380 HTTP/1.1" 200 947 "-" "Mozilla/5.0 (compatible; SERankingBacklinksBot/1.0; +https://seranking.com/backlinks-crawler)"
74.7.227.16 - - [13/Apr/2026:12:49:48 +0000] "GET /whsy.php?e=sessionid&p=%2Fproc%2F19379 HTTP/2.0" 200 2016 "https://shaksettle.com/whsy.php?p=%2Fproc%2F19379" "Mozilla/5.0 AppleWebKit/537.36 (KHTML, like Gecko; compatible; GPTBot/1.3; +https://openai.com/gptbot)"
144.76.32.187 - - [13/Apr/2026:12:49:50 +0000] "GET /whsy.php?p=/proc/28381 HTTP/1.1" 200 947 "-" "Mozilla/5.0 (compatible; SERankingBacklinksBot/1.0; +https://seranking.com/backlinks-crawler)"
74.7.227.16 - - [13/Apr/2026:12:49:52 +0000] "GET /whsy.php?e=setgroups&p=%2Fproc%2F16594 HTTP/2.0" 200 947 "https://shaksettle.com/whsy.php?p=%2Fproc%2F16594" "Mozilla/5.0 AppleWebKit/537.36 (KHTML, like Gecko; compatible; GPTBot/1.3; +https://openai.com/gptbot)"
74.7.227.16 - - [13/Apr/2026:12:49:55 +0000] "GET /whsy.php?e=schedstat&p=%2Fproc%2F17705 HTTP/2.0" 200 2030 "https://shaksettle.com/whsy.php?p=%2Fproc%2F17705" "Mozilla/5.0 AppleWebKit/537.36 (KHTML, like Gecko; compatible; GPTBot/1.3; +https://openai.com/gptbot)"
74.7.227.16 - - [13/Apr/2026:12:49:58 +0000] "GET /whsy.php?e=schedstat&p=%2Fproc%2F14945 HTTP/2.0" 200 2031 "https://shaksettle.com/whsy.php?p=%2Fproc%2F14945" "Mozilla/5.0 AppleWebKit/537.36 (KHTML, like Gecko; compatible; GPTBot/1.3; +https://openai.com/gptbot)"
74.7.227.16 - - [13/Apr/2026:12:50:01 +0000] "GET /whsy.php?e=setgroups&p=%2Fproc%2F19379 HTTP/2.0" 200 2007 "https://shaksettle.com/whsy.php?p=%2Fproc%2F19379" "Mozilla/5.0 AppleWebKit/537.36 (KHTML, like Gecko; compatible; GPTBot/1.3; +https://openai.com/gptbot)"
74.7.227.16 - - [13/Apr/2026:12:50:04 +0000] "GET /whsy.php?e=autogroup&p=%2Fproc%2F17705 HTTP/2.0" 200 2004 "https://shaksettle.com/whsy.php?p=%2Fproc%2F17705" "Mozilla/5.0 AppleWebKit/537.36 (KHTML, like Gecko; compatible; GPTBot/1.3; +https://openai.com/gptbot)"
74.7.227.16 - - [13/Apr/2026:12:50:07 +0000] "GET /whsy.php?e=wchan&p=%2Fproc%2F23659 HTTP/2.0" 200 2005 "https://shaksettle.com/whsy.php?p=%2Fproc%2F23659" "Mozilla/5.0 AppleWebKit/537.36 (KHTML, like Gecko; compatible; GPTBot/1.3; +https://openai.com/gptbot)"
74.7.227.16 - - [13/Apr/2026:12:50:10 +0000] "GET /whsy.php?e=uid_map&p=%2Fproc%2F16766 HTTP/2.0" 200 2022 "https://shaksettle.com/whsy.php?p=%2Fproc%2F16766" "Mozilla/5.0 AppleWebKit/537.36 (KHTML, like Gecko; compatible; GPTBot/1.3; +https://openai.com/gptbot)"
144.76.32.187 - - [13/Apr/2026:12:50:13 +0000] "GET /whsy.php?p=/proc/28382 HTTP/1.1" 200 947 "-" "Mozilla/5.0 (compatible; SERankingBacklinksBot/1.0; +https://seranking.com/backlinks-crawler)"
74.7.227.16 - - [13/Apr/2026:12:50:13 +0000] "GET /whsy.php?e=gid_map&p=%2Fproc%2F28618 HTTP/2.0" 200 2025 "https://shaksettle.com/whsy.php?p=%2Fproc%2F28618" "Mozilla/5.0 AppleWebKit/537.36 (KHTML, like Gecko; compatible; GPTBot/1.3; +https://openai.com/gptbot)"
74.7.241.28 - - [13/Apr/2026:12:50:15 +0000] "GET /whsy.php?e=schedstat&p=%2Fproc%2F6781 HTTP/2.0" 200 2023 "https://www.shaksettle.com.lab2454.com/whsy.php?p=%2Fproc%2F6781" "Mozilla/5.0 AppleWebKit/537.36 (KHTML, like Gecko; compatible; GPTBot/1.3; +https://openai.com/gptbot)"
74.7.227.16 - - [13/Apr/2026:12:50:16 +0000] "GET /whsy.php?e=gid_map&p=%2Fproc%2F16766 HTTP/2.0" 200 2025 "https://shaksettle.com/whsy.php?p=%2Fproc%2F16766" "Mozilla/5.0 AppleWebKit/537.36 (KHTML, like Gecko; compatible; GPTBot/1.3; +https://openai.com/gptbot)"
74.7.227.16 - - [13/Apr/2026:12:50:20 +0000] "GET /whsy.php?e=uid_map&p=%2Fproc%2F10402 HTTP/2.0" 200 2022 "https://shaksettle.com/whsy.php?p=%2Fproc%2F10402" "Mozilla/5.0 AppleWebKit/537.36 (KHTML, like Gecko; compatible; GPTBot/1.3; +https://openai.com/gptbot)"
144.76.32.187 - - [13/Apr/2026:12:50:21 +0000] "GET /whsy.php?p=/proc/28385 HTTP/1.1" 200 947 "-" "Mozilla/5.0 (compatible; SERankingBacklinksBot/1.0; +https://seranking.com/backlinks-crawler)"
74.7.227.16 - - [13/Apr/2026:12:50:23 +0000] "GET /whsy.php?e=uid_map&p=%2Fproc%2F28618 HTTP/2.0" 200 2022 "https://shaksettle.com/whsy.php?p=%2Fproc%2F28618" "Mozilla/5.0 AppleWebKit/537.36 (KHTML, like Gecko; compatible; GPTBot/1.3; +https://openai.com/gptbot)"
74.7.227.16 - - [13/Apr/2026:12:50:26 +0000] "GET /whsy.php?e=gid_map&p=%2Fproc%2F10402 HTTP/2.0" 200 2025 "https://shaksettle.com/whsy.php?p=%2Fproc%2F10402" "Mozilla/5.0 AppleWebKit/537.36 (KHTML, like Gecko; compatible; GPTBot/1.3; +https://openai.com/gptbot)"
144.76.32.187 - - [13/Apr/2026:12:50:28 +0000] "GET /whsy.php?p=/proc/28386 HTTP/1.1" 200 947 "-" "Mozilla/5.0 (compatible; SERankingBacklinksBot/1.0; +https://seranking.com/backlinks-crawler)"
74.7.227.16 - - [13/Apr/2026:12:50:29 +0000] "GET /whsy.php?e=stat&p=%2Fproc%2F19379 HTTP/2.0" 200 2108 "https://shaksettle.com/whsy.php?p=%2Fproc%2F19379" "Mozilla/5.0 AppleWebKit/537.36 (KHTML, like Gecko; compatible; GPTBot/1.3; +https://openai.com/gptbot)"
74.7.227.16 - - [13/Apr/2026:12:50:32 +0000] "GET /whsy.php?e=stat&p=%2Fproc%2F14945 HTTP/2.0" 200 2111 "https://shaksettle.com/whsy.php?p=%2Fproc%2F14945" "Mozilla/5.0 AppleWebKit/537.36 (KHTML, like Gecko; compatible; GPTBot/1.3; +https://openai.com/gptbot)"
144.76.32.187 - - [13/Apr/2026:12:50:33 +0000] "GET /whsy.php?p=/proc/28390 HTTP/1.1" 200 947 "-" "Mozilla/5.0 (compatible; SERankingBacklinksBot/1.0; +https://seranking.com/backlinks-crawler)"
74.7.227.16 - - [13/Apr/2026:12:50:36 +0000] "GET /whsy.php?e=comm&p=%2Fproc%2F16594 HTTP/2.0" 200 947 "https://shaksettle.com/whsy.php?p=%2Fproc%2F16594" "Mozilla/5.0 AppleWebKit/537.36 (KHTML, like Gecko; compatible; GPTBot/1.3; +https://openai.com/gptbot)"
144.76.32.187 - - [13/Apr/2026:12:50:39 +0000] "GET /whsy.php?p=/proc/28391 HTTP/1.1" 200 947 "-" "Mozilla/5.0 (compatible; SERankingBacklinksBot/1.0; +https://seranking.com/backlinks-crawler)"
74.7.227.16 - - [13/Apr/2026:12:50:39 +0000] "GET /whsy.php?e=stat&p=%2Fproc%2F17705 HTTP/2.0" 200 2100 "https://shaksettle.com/whsy.php?p=%2Fproc%2F17705" "Mozilla/5.0 AppleWebKit/537.36 (KHTML, like Gecko; compatible; GPTBot/1.3; +https://openai.com/gptbot)"
74.7.227.16 - - [13/Apr/2026:12:50:43 +0000] "GET /whsy.php?e=maps&p=%2Fproc%2F16594 HTTP/2.0" 200 947 "https://shaksettle.com/whsy.php?p=%2Fproc%2F16594" "Mozilla/5.0 AppleWebKit/537.36 (KHTML, like Gecko; compatible; GPTBot/1.3; +https://openai.com/gptbot)"
144.76.32.187 - - [13/Apr/2026:12:50:45 +0000] "GET /whsy.php?p=/proc/28392 HTTP/1.1" 200 947 "-" "Mozilla/5.0 (compatible; SERankingBacklinksBot/1.0; +https://seranking.com/backlinks-crawler)"
74.7.227.16 - - [13/Apr/2026:12:50:46 +0000] "GET /whsy.php?e=schedstat&p=%2Fproc%2F28618 HTTP/2.0" 200 2022 "https://shaksettle.com/whsy.php?p=%2Fproc%2F28618" "Mozilla/5.0 AppleWebKit/537.36 (KHTML, like Gecko; compatible; GPTBot/1.3; +https://openai.com/gptbot)"
74.7.227.16 - - [13/Apr/2026:12:50:49 +0000] "GET /whsy.php?e=schedstat&p=%2Fproc%2F16766 HTTP/2.0" 200 2031 "https://shaksettle.com/whsy.php?p=%2Fproc%2F16766" "Mozilla/5.0 AppleWebKit/537.36 (KHTML, like Gecko; compatible; GPTBot/1.3; +https://openai.com/gptbot)"
74.7.227.16 - - [13/Apr/2026:12:50:53 +0000] "GET /whsy.php?e=schedstat&p=%2Fproc%2F10402 HTTP/2.0" 200 2032 "https://shaksettle.com/whsy.php?p=%2Fproc%2F10402" "Mozilla/5.0 AppleWebKit/537.36 (KHTML, like Gecko; compatible; GPTBot/1.3; +https://openai.com/gptbot)"
144.76.32.187 - - [13/Apr/2026:12:50:55 +0000] "GET /whsy.php?p=/proc/28394 HTTP/1.1" 200 947 "-" "Mozilla/5.0 (compatible; SERankingBacklinksBot/1.0; +https://seranking.com/backlinks-crawler)"
74.7.227.16 - - [13/Apr/2026:12:50:57 +0000] "GET /whsy.php?e=gid_map&p=%2Fproc%2F17705 HTTP/2.0" 200 2026 "https://shaksettle.com/whsy.php?p=%2Fproc%2F17705" "Mozilla/5.0 AppleWebKit/537.36 (KHTML, like Gecko; compatible; GPTBot/1.3; +https://openai.com/gptbot)"
144.76.32.187 - - [13/Apr/2026:12:50:59 +0000] "GET /whsy.php?p=/proc/28395 HTTP/1.1" 200 947 "-" "Mozilla/5.0 (compatible; SERankingBacklinksBot/1.0; +https://seranking.com/backlinks-crawler)"
74.7.227.16 - - [13/Apr/2026:12:51:00 +0000] "GET /whsy.php?e=oom_adj&p=%2Fproc%2F16594 HTTP/2.0" 200 947 "https://shaksettle.com/whsy.php?p=%2Fproc%2F16594" "Mozilla/5.0 AppleWebKit/537.36 (KHTML, like Gecko; compatible; GPTBot/1.3; +https://openai.com/gptbot)"
74.7.227.16 - - [13/Apr/2026:12:51:04 +0000] "GET /whsy.php?e=uid_map&p=%2Fproc%2F16594 HTTP/2.0" 200 947 "https://shaksettle.com/whsy.php?p=%2Fproc%2F16594" "Mozilla/5.0 AppleWebKit/537.36 (KHTML, like Gecko; compatible; GPTBot/1.3; +https://openai.com/gptbot)"
144.76.32.187 - - [13/Apr/2026:12:51:04 +0000] "GET /whsy.php?p=/proc/28396 HTTP/1.1" 200 947 "-" "Mozilla/5.0 (compatible; SERankingBacklinksBot/1.0; +https://seranking.com/backlinks-crawler)"
74.7.227.16 - - [13/Apr/2026:12:51:07 +0000] "GET /whsy.php?e=uid_map&p=%2Fproc%2F14945 HTTP/2.0" 200 2022 "https://shaksettle.com/whsy.php?p=%2Fproc%2F14945" "Mozilla/5.0 AppleWebKit/537.36 (KHTML, like Gecko; compatible; GPTBot/1.3; +https://openai.com/gptbot)"
74.7.227.16 - - [13/Apr/2026:12:51:10 +0000] "GET /whsy.php?e=uid_map&p=%2Fproc%2F19379 HTTP/2.0" 200 2022 "https://shaksettle.com/whsy.php?p=%2Fproc%2F19379" "Mozilla/5.0 AppleWebKit/537.36 (KHTML, like Gecko; compatible; GPTBot/1.3; +https://openai.com/gptbot)"
144.76.32.187 - - [13/Apr/2026:12:51:10 +0000] "GET /whsy.php?p=/proc/28397 HTTP/1.1" 200 947 "-" "Mozilla/5.0 (compatible; SERankingBacklinksBot/1.0; +https://seranking.com/backlinks-crawler)"
74.7.227.16 - - [13/Apr/2026:12:51:13 +0000] "GET /whsy.php?e=gid_map&p=%2Fproc%2F19379 HTTP/2.0" 200 2025 "https://shaksettle.com/whsy.php?p=%2Fproc%2F19379" "Mozilla/5.0 AppleWebKit/537.36 (KHTML, like Gecko; compatible; GPTBot/1.3; +https://openai.com/gptbot)"
74.7.227.16 - - [13/Apr/2026:12:51:16 +0000] "GET /whsy.php?e=uid_map&p=%2Fproc%2F17705 HTTP/2.0" 200 2023 "https://shaksettle.com/whsy.php?p=%2Fproc%2F17705" "Mozilla/5.0 AppleWebKit/537.36 (KHTML, like Gecko; compatible; GPTBot/1.3; +https://openai.com/gptbot)"
74.7.241.28 - - [13/Apr/2026:12:51:16 +0000] "GET /whsy.php?e=sessionid&p=%2Fproc%2F6781 HTTP/2.0" 200 2015 "https://www.shaksettle.com.lab2454.com/whsy.php?p=%2Fproc%2F6781" "Mozilla/5.0 AppleWebKit/537.36 (KHTML, like Gecko; compatible; GPTBot/1.3; +https://openai.com/gptbot)"
144.76.32.187 - - [13/Apr/2026:12:51:17 +0000] "GET /whsy.php?p=/proc/28398 HTTP/1.1" 200 947 "-" "Mozilla/5.0 (compatible; SERankingBacklinksBot/1.0; +https://seranking.com/backlinks-crawler)"
74.7.227.16 - - [13/Apr/2026:12:51:19 +0000] "GET /whsy.php?e=gid_map&p=%2Fproc%2F16594 HTTP/2.0" 200 947 "https://shaksettle.com/whsy.php?p=%2Fproc%2F16594" "Mozilla/5.0 AppleWebKit/537.36 (KHTML, like Gecko; compatible; GPTBot/1.3; +https://openai.com/gptbot)"
74.7.227.16 - - [13/Apr/2026:12:51:22 +0000] "GET /whsy.php?e=gid_map&p=%2Fproc%2F14945 HTTP/2.0" 200 2025 "https://shaksettle.com/whsy.php?p=%2Fproc%2F14945" "Mozilla/5.0 AppleWebKit/537.36 (KHTML, like Gecko; compatible; GPTBot/1.3; +https://openai.com/gptbot)"
144.76.32.187 - - [13/Apr/2026:12:51:22 +0000] "GET /whsy.php?p=/proc/28401 HTTP/1.1" 200 947 "-" "Mozilla/5.0 (compatible; SERankingBacklinksBot/1.0; +https://seranking.com/backlinks-crawler)"
74.7.227.16 - - [13/Apr/2026:12:51:25 +0000] "GET /whsy.php?e=sched&p=%2Fproc%2F10402 HTTP/2.0" 200 2452 "https://shaksettle.com/whsy.php?p=%2Fproc%2F10402" "Mozilla/5.0 AppleWebKit/537.36 (KHTML, like Gecko; compatible; GPTBot/1.3; +https://openai.com/gptbot)"
144.76.32.187 - - [13/Apr/2026:12:51:28 +0000] "GET /whsy.php?p=/proc/28407 HTTP/1.1" 200 947 "-" "Mozilla/5.0 (compatible; SERankingBacklinksBot/1.0; +https://seranking.com/backlinks-crawler)"
74.7.227.16 - - [13/Apr/2026:12:51:28 +0000] "GET /whsy.php?e=sched&p=%2Fproc%2F16766 HTTP/2.0" 200 2458 "https://shaksettle.com/whsy.php?p=%2Fproc%2F16766" "Mozilla/5.0 AppleWebKit/537.36 (KHTML, like Gecko; compatible; GPTBot/1.3; +https://openai.com/gptbot)"
74.7.227.16 - - [13/Apr/2026:12:51:32 +0000] "GET /whsy.php?e=smaps&p=%2Fproc%2F28618 HTTP/2.0" 200 2007 "https://shaksettle.com/whsy.php?p=%2Fproc%2F28618" "Mozilla/5.0 AppleWebKit/537.36 (KHTML, like Gecko; compatible; GPTBot/1.3; +https://openai.com/gptbot)"
144.76.32.187 - - [13/Apr/2026:12:51:34 +0000] "GET /whsy.php?p=/proc/28424 HTTP/1.1" 200 947 "-" "Mozilla/5.0 (compatible; SERankingBacklinksBot/1.0; +https://seranking.com/backlinks-crawler)"
74.7.227.16 - - [13/Apr/2026:12:51:35 +0000] "GET /whsy.php?e=sched&p=%2Fproc%2F28618 HTTP/2.0" 200 2451 "https://shaksettle.com/whsy.php?p=%2Fproc%2F28618" "Mozilla/5.0 AppleWebKit/537.36 (KHTML, like Gecko; compatible; GPTBot/1.3; +https://openai.com/gptbot)"
74.7.227.16 - - [13/Apr/2026:12:51:38 +0000] "GET /whsy.php?e=smaps&p=%2Fproc%2F16766 HTTP/2.0" 200 2007 "https://shaksettle.com/whsy.php?p=%2Fproc%2F16766" "Mozilla/5.0 AppleWebKit/537.36 (KHTML, like Gecko; compatible; GPTBot/1.3; +https://openai.com/gptbot)"
144.76.32.187 - - [13/Apr/2026:12:51:39 +0000] "GET /whsy.php?p=/proc/28425 HTTP/1.1" 200 947 "-" "Mozilla/5.0 (compatible; SERankingBacklinksBot/1.0; +https://seranking.com/backlinks-crawler)"
74.7.227.16 - - [13/Apr/2026:12:51:43 +0000] "GET /whsy.php?e=smaps&p=%2Fproc%2F10402 HTTP/2.0" 200 2006 "https://shaksettle.com/whsy.php?p=%2Fproc%2F10402" "Mozilla/5.0 AppleWebKit/537.36 (KHTML, like Gecko; compatible; GPTBot/1.3; +https://openai.com/gptbot)"
144.76.32.187 - - [13/Apr/2026:12:51:44 +0000] "GET /whsy.php?p=/proc/28434 HTTP/1.1" 200 947 "-" "Mozilla/5.0 (compatible; SERankingBacklinksBot/1.0; +https://seranking.com/backlinks-crawler)"
74.7.227.16 - - [13/Apr/2026:12:51:47 +0000] "GET /whsy.php?e=smaps&p=%2Fproc%2F17705 HTTP/2.0" 200 2007 "https://shaksettle.com/whsy.php?p=%2Fproc%2F17705" "Mozilla/5.0 AppleWebKit/537.36 (KHTML, like Gecko; compatible; GPTBot/1.3; +https://openai.com/gptbot)"
144.76.32.187 - - [13/Apr/2026:12:51:49 +0000] "GET /whsy.php?p=/proc/28471 HTTP/1.1" 200 947 "-" "Mozilla/5.0 (compatible; SERankingBacklinksBot/1.0; +https://seranking.com/backlinks-crawler)"
74.7.227.16 - - [13/Apr/2026:12:51:50 +0000] "GET /whsy.php?e=smaps&p=%2Fproc%2F14945 HTTP/2.0" 200 2006 "https://shaksettle.com/whsy.php?p=%2Fproc%2F14945" "Mozilla/5.0 AppleWebKit/537.36 (KHTML, like Gecko; compatible; GPTBot/1.3; +https://openai.com/gptbot)"
74.7.227.16 - - [13/Apr/2026:12:51:53 +0000] "GET /whsy.php?e=smaps&p=%2Fproc%2F19379 HTTP/2.0" 200 2007 "https://shaksettle.com/whsy.php?p=%2Fproc%2F19379" "Mozilla/5.0 AppleWebKit/537.36 (KHTML, like Gecko; compatible; GPTBot/1.3; +https://openai.com/gptbot)"
144.76.32.187 - - [13/Apr/2026:12:51:54 +0000] "GET /whsy.php?p=/proc/28474 HTTP/1.1" 200 947 "-" "Mozilla/5.0 (compatible; SERankingBacklinksBot/1.0; +https://seranking.com/backlinks-crawler)"
74.7.227.16 - - [13/Apr/2026:12:51:58 +0000] "GET /whsy.php?e=uid_map&p=%2Fproc%2F23659 HTTP/2.0" 200 2022 "https://shaksettle.com/whsy.php?p=%2Fproc%2F23659" "Mozilla/5.0 AppleWebKit/537.36 (KHTML, like Gecko; compatible; GPTBot/1.3; +https://openai.com/gptbot)"
144.76.32.187 - - [13/Apr/2026:12:52:00 +0000] "GET /whsy.php?p=/proc/28487 HTTP/1.1" 200 947 "-" "Mozilla/5.0 (compatible; SERankingBacklinksBot/1.0; +https://seranking.com/backlinks-crawler)"
74.7.227.16 - - [13/Apr/2026:12:52:02 +0000] "GET /whsy.php?e=oom_adj&p=%2Fproc%2F19379 HTTP/2.0" 200 2006 "https://shaksettle.com/whsy.php?p=%2Fproc%2F19379" "Mozilla/5.0 AppleWebKit/537.36 (KHTML, like Gecko; compatible; GPTBot/1.3; +https://openai.com/gptbot)"
144.76.32.187 - - [13/Apr/2026:12:52:05 +0000] "GET /whsy.php?p=/proc/28536 HTTP/1.1" 200 947 "-" "Mozilla/5.0 (compatible; SERankingBacklinksBot/1.0; +https://seranking.com/backlinks-crawler)"
74.7.227.16 - - [13/Apr/2026:12:52:06 +0000] "GET /whsy.php?e=oom_adj&p=%2Fproc%2F23659 HTTP/2.0" 200 2006 "https://shaksettle.com/whsy.php?p=%2Fproc%2F23659" "Mozilla/5.0 AppleWebKit/537.36 (KHTML, like Gecko; compatible; GPTBot/1.3; +https://openai.com/gptbot)"
74.7.227.16 - - [13/Apr/2026:12:52:09 +0000] "GET /whsy.php?e=gid_map&p=%2Fproc%2F23659 HTTP/2.0" 200 2025 "https://shaksettle.com/whsy.php?p=%2Fproc%2F23659" "Mozilla/5.0 AppleWebKit/537.36 (KHTML, like Gecko; compatible; GPTBot/1.3; +https://openai.com/gptbot)"
144.76.32.187 - - [13/Apr/2026:12:52:11 +0000] "GET /whsy.php?p=/proc/28542 HTTP/1.1" 200 947 "-" "Mozilla/5.0 (compatible; SERankingBacklinksBot/1.0; +https://seranking.com/backlinks-crawler)"
74.7.227.16 - - [13/Apr/2026:12:52:12 +0000] "GET /whsy.php?e=oom_adj&p=%2Fproc%2F17705 HTTP/2.0" 200 2007 "https://shaksettle.com/whsy.php?p=%2Fproc%2F17705" "Mozilla/5.0 AppleWebKit/537.36 (KHTML, like Gecko; compatible; GPTBot/1.3; +https://openai.com/gptbot)"
74.7.241.28 - - [13/Apr/2026:12:52:13 +0000] "GET /whsy.php?e=autogroup&p=%2Fproc%2F6781 HTTP/2.0" 200 2019 "https://www.shaksettle.com.lab2454.com/whsy.php?p=%2Fproc%2F6781" "Mozilla/5.0 AppleWebKit/537.36 (KHTML, like Gecko; compatible; GPTBot/1.3; +https://openai.com/gptbot)"
74.7.227.16 - - [13/Apr/2026:12:52:15 +0000] "GET /whsy.php?e=oom_adj&p=%2Fproc%2F14945 HTTP/2.0" 200 2006 "https://shaksettle.com/whsy.php?p=%2Fproc%2F14945" "Mozilla/5.0 AppleWebKit/537.36 (KHTML, like Gecko; compatible; GPTBot/1.3; +https://openai.com/gptbot)"
144.76.32.187 - - [13/Apr/2026:12:52:15 +0000] "GET /whsy.php?p=/proc/28581 HTTP/1.1" 200 947 "-" "Mozilla/5.0 (compatible; SERankingBacklinksBot/1.0; +https://seranking.com/backlinks-crawler)"
74.7.227.16 - - [13/Apr/2026:12:52:18 +0000] "GET /whsy.php?e=auxv&p=%2Fproc%2F28618 HTTP/2.0" 200 1935 "https://shaksettle.com/whsy.php?p=%2Fproc%2F28618" "Mozilla/5.0 AppleWebKit/537.36 (KHTML, like Gecko; compatible; GPTBot/1.3; +https://openai.com/gptbot)"
144.76.32.187 - - [13/Apr/2026:12:52:21 +0000] "GET /whsy.php?p=/proc/28587 HTTP/1.1" 200 947 "-" "Mozilla/5.0 (compatible; SERankingBacklinksBot/1.0; +https://seranking.com/backlinks-crawler)"
74.7.227.16 - - [13/Apr/2026:12:52:22 +0000] "GET /whsy.php?e=auxv&p=%2Fproc%2F16766 HTTP/2.0" 200 1936 "https://shaksettle.com/whsy.php?p=%2Fproc%2F16766" "Mozilla/5.0 AppleWebKit/537.36 (KHTML, like Gecko; compatible; GPTBot/1.3; +https://openai.com/gptbot)"
144.76.32.187 - - [13/Apr/2026:12:52:25 +0000] "GET /whsy.php?p=/proc/28619 HTTP/1.1" 200 947 "-" "Mozilla/5.0 (compatible; SERankingBacklinksBot/1.0; +https://seranking.com/backlinks-crawler)"
74.7.227.16 - - [13/Apr/2026:12:52:25 +0000] "GET /whsy.php?e=auxv&p=%2Fproc%2F10402 HTTP/2.0" 200 1936 "https://shaksettle.com/whsy.php?p=%2Fproc%2F10402" "Mozilla/5.0 AppleWebKit/537.36 (KHTML, like Gecko; compatible; GPTBot/1.3; +https://openai.com/gptbot)"
74.7.227.16 - - [13/Apr/2026:12:52:28 +0000] "GET /whsy.php?e=stat&p=%2Fproc%2F16594 HTTP/2.0" 200 947 "https://shaksettle.com/whsy.php?p=%2Fproc%2F16594" "Mozilla/5.0 AppleWebKit/537.36 (KHTML, like Gecko; compatible; GPTBot/1.3; +https://openai.com/gptbot)"
144.76.32.187 - - [13/Apr/2026:12:52:30 +0000] "GET /whsy.php?p=/proc/28647 HTTP/1.1" 200 947 "-" "Mozilla/5.0 (compatible; SERankingBacklinksBot/1.0; +https://seranking.com/backlinks-crawler)"
74.7.227.16 - - [13/Apr/2026:12:52:31 +0000] "GET /whsy.php?e=io&p=%2Fproc%2F16594 HTTP/2.0" 200 947 "https://shaksettle.com/whsy.php?p=%2Fproc%2F16594" "Mozilla/5.0 AppleWebKit/537.36 (KHTML, like Gecko; compatible; GPTBot/1.3; +https://openai.com/gptbot)"
74.7.227.16 - - [13/Apr/2026:12:52:34 +0000] "GET /whsy.php?e=setgroups&p=%2Fproc%2F10402 HTTP/2.0" 200 2006 "https://shaksettle.com/whsy.php?p=%2Fproc%2F10402" "Mozilla/5.0 AppleWebKit/537.36 (KHTML, like Gecko; compatible; GPTBot/1.3; +https://openai.com/gptbot)"
144.76.32.187 - - [13/Apr/2026:12:52:35 +0000] "GET /whsy.php?p=/proc/28689 HTTP/1.1" 200 947 "-" "Mozilla/5.0 (compatible; SERankingBacklinksBot/1.0; +https://seranking.com/backlinks-crawler)"
74.7.227.16 - - [13/Apr/2026:12:52:38 +0000] "GET /whsy.php?e=sessionid&p=%2Fproc%2F16766 HTTP/2.0" 200 2016 "https://shaksettle.com/whsy.php?p=%2Fproc%2F16766" "Mozilla/5.0 AppleWebKit/537.36 (KHTML, like Gecko; compatible; GPTBot/1.3; +https://openai.com/gptbot)"
144.76.32.187 - - [13/Apr/2026:12:52:40 +0000] "GET /whsy.php?p=/proc/28690 HTTP/1.1" 200 947 "-" "Mozilla/5.0 (compatible; SERankingBacklinksBot/1.0; +https://seranking.com/backlinks-crawler)"
74.7.227.16 - - [13/Apr/2026:12:52:41 +0000] "GET /whsy.php?e=setgroups&p=%2Fproc%2F16766 HTTP/2.0" 200 2007 "https://shaksettle.com/whsy.php?p=%2Fproc%2F16766" "Mozilla/5.0 AppleWebKit/537.36 (KHTML, like Gecko; compatible; GPTBot/1.3; +https://openai.com/gptbot)"
74.7.227.16 - - [13/Apr/2026:12:52:46 +0000] "GET /whsy.php?e=setgroups&p=%2Fproc%2F28618 HTTP/2.0" 200 2007 "https://shaksettle.com/whsy.php?p=%2Fproc%2F28618" "Mozilla/5.0 AppleWebKit/537.36 (KHTML, like Gecko; compatible; GPTBot/1.3; +https://openai.com/gptbot)"
144.76.32.187 - - [13/Apr/2026:12:52:47 +0000] "GET /whsy.php?p=/proc/28693 HTTP/1.1" 200 947 "-" "Mozilla/5.0 (compatible; SERankingBacklinksBot/1.0; +https://seranking.com/backlinks-crawler)"
74.7.227.16 - - [13/Apr/2026:12:52:49 +0000] "GET /whsy.php?e=sessionid&p=%2Fproc%2F10402 HTTP/2.0" 200 2016 "https://shaksettle.com/whsy.php?p=%2Fproc%2F10402" "Mozilla/5.0 AppleWebKit/537.36 (KHTML, like Gecko; compatible; GPTBot/1.3; +https://openai.com/gptbot)"
144.76.32.187 - - [13/Apr/2026:12:52:52 +0000] "GET /whsy.php?p=/proc/28698 HTTP/1.1" 200 947 "-" "Mozilla/5.0 (compatible; SERankingBacklinksBot/1.0; +https://seranking.com/backlinks-crawler)"
74.7.227.16 - - [13/Apr/2026:12:52:52 +0000] "GET /whsy.php?e=sessionid&p=%2Fproc%2F28618 HTTP/2.0" 200 2016 "https://shaksettle.com/whsy.php?p=%2Fproc%2F28618" "Mozilla/5.0 AppleWebKit/537.36 (KHTML, like Gecko; compatible; GPTBot/1.3; +https://openai.com/gptbot)"
144.76.32.187 - - [13/Apr/2026:12:52:55 +0000] "GET /whsy.php?p=/proc/28756 HTTP/1.1" 200 947 "-" "Mozilla/5.0 (compatible; SERankingBacklinksBot/1.0; +https://seranking.com/backlinks-crawler)"
74.7.227.16 - - [13/Apr/2026:12:52:56 +0000] "GET /whsy.php?e=cwd&p=%2Fproc%2F16766 HTTP/2.0" 200 1936 "https://shaksettle.com/whsy.php?p=%2Fproc%2F16766" "Mozilla/5.0 AppleWebKit/537.36 (KHTML, like Gecko; compatible; GPTBot/1.3; +https://openai.com/gptbot)"
74.7.227.16 - - [13/Apr/2026:12:52:59 +0000] "GET /whsy.php?e=mem&p=%2Fproc%2F16766 HTTP/2.0" 200 1936 "https://shaksettle.com/whsy.php?p=%2Fproc%2F16766" "Mozilla/5.0 AppleWebKit/537.36 (KHTML, like Gecko; compatible; GPTBot/1.3; +https://openai.com/gptbot)"
144.76.32.187 - - [13/Apr/2026:12:52:59 +0000] "GET /whsy.php?p=/proc/28764 HTTP/1.1" 200 947 "-" "Mozilla/5.0 (compatible; SERankingBacklinksBot/1.0; +https://seranking.com/backlinks-crawler)"
74.7.227.16 - - [13/Apr/2026:12:53:02 +0000] "GET /whsy.php?e=exe&p=%2Fproc%2F10402 HTTP/2.0" 200 1936 "https://shaksettle.com/whsy.php?p=%2Fproc%2F10402" "Mozilla/5.0 AppleWebKit/537.36 (KHTML, like Gecko; compatible; GPTBot/1.3; +https://openai.com/gptbot)"
144.76.32.187 - - [13/Apr/2026:12:53:02 +0000] "GET /whsy.php?p=/proc/28765 HTTP/1.1" 200 947 "-" "Mozilla/5.0 (compatible; SERankingBacklinksBot/1.0; +https://seranking.com/backlinks-crawler)"
74.7.227.16 - - [13/Apr/2026:12:53:05 +0000] "GET /whsy.php?e=mem&p=%2Fproc%2F10402 HTTP/2.0" 200 1936 "https://shaksettle.com/whsy.php?p=%2Fproc%2F10402" "Mozilla/5.0 AppleWebKit/537.36 (KHTML, like Gecko; compatible; GPTBot/1.3; +https://openai.com/gptbot)"
74.7.241.28 - - [13/Apr/2026:12:53:06 +0000] "GET /whsy.php?e=setgroups&p=%2Fproc%2F9303 HTTP/2.0" 200 2005 "https://www.shaksettle.com.lab2454.com/whsy.php?p=%2Fproc%2F9303" "Mozilla/5.0 AppleWebKit/537.36 (KHTML, like Gecko; compatible; GPTBot/1.3; +https://openai.com/gptbot)"
144.76.32.187 - - [13/Apr/2026:12:53:08 +0000] "GET /whsy.php?p=/proc/28788 HTTP/1.1" 200 947 "-" "Mozilla/5.0 (compatible; SERankingBacklinksBot/1.0; +https://seranking.com/backlinks-crawler)"
74.7.227.16 - - [13/Apr/2026:12:53:09 +0000] "GET /whsy.php?e=mem&p=%2Fproc%2F28618 HTTP/2.0" 200 1935 "https://shaksettle.com/whsy.php?p=%2Fproc%2F28618" "Mozilla/5.0 AppleWebKit/537.36 (KHTML, like Gecko; compatible; GPTBot/1.3; +https://openai.com/gptbot)"
144.76.32.187 - - [13/Apr/2026:12:53:11 +0000] "GET /whsy.php?p=/proc/28802 HTTP/1.1" 200 947 "-" "Mozilla/5.0 (compatible; SERankingBacklinksBot/1.0; +https://seranking.com/backlinks-crawler)"
74.7.227.16 - - [13/Apr/2026:12:53:12 +0000] "GET /whsy.php?e=exe&p=%2Fproc%2F28618 HTTP/2.0" 200 1935 "https://shaksettle.com/whsy.php?p=%2Fproc%2F28618" "Mozilla/5.0 AppleWebKit/537.36 (KHTML, like Gecko; compatible; GPTBot/1.3; +https://openai.com/gptbot)"
144.76.32.187 - - [13/Apr/2026:12:53:15 +0000] "GET /whsy.php?p=/proc/28840 HTTP/1.1" 200 947 "-" "Mozilla/5.0 (compatible; SERankingBacklinksBot/1.0; +https://seranking.com/backlinks-crawler)"
