144.76.32.187 - - [13/Apr/2026:16:04:59 +0000] "GET /whsy.php?p=/proc/19/task/19/ns HTTP/1.1" 200 4698 "-" "Mozilla/5.0 (compatible; SERankingBacklinksBot/1.0; +https://seranking.com/backlinks-crawler)"
74.7.227.16 - - [13/Apr/2026:16:04:59 +0000] "GET /whsy.php?e=udplite&p=%2Fproc%2F17337%2Fnet HTTP/2.0" 200 2584 "https://shaksettle.com/whsy.php?e=nf_conntrack_expect&p=%2Fproc%2F17337%2Fnet" "Mozilla/5.0 AppleWebKit/537.36 (KHTML, like Gecko; compatible; GPTBot/1.3; +https://openai.com/gptbot)"
74.7.241.28 - - [13/Apr/2026:16:05:03 +0000] "GET /whsy.php?e=smaps&p=%2Fproc%2F23457 HTTP/2.0" 200 2008 "https://www.shaksettle.com.lab2454.com/whsy.php?p=%2Fproc%2F23457" "Mozilla/5.0 AppleWebKit/537.36 (KHTML, like Gecko; compatible; GPTBot/1.3; +https://openai.com/gptbot)"
144.76.32.187 - - [13/Apr/2026:16:05:03 +0000] "GET /whsy.php?p=/proc/5/task/5/attr HTTP/1.1" 200 808 "-" "Mozilla/5.0 (compatible; SERankingBacklinksBot/1.0; +https://seranking.com/backlinks-crawler)"
74.7.227.16 - - [13/Apr/2026:16:05:03 +0000] "GET /whsy.php?e=mcfilter&p=%2Fproc%2F17337%2Fnet HTTP/2.0" 200 2538 "https://shaksettle.com/whsy.php?e=nf_conntrack_expect&p=%2Fproc%2F17337%2Fnet" "Mozilla/5.0 AppleWebKit/537.36 (KHTML, like Gecko; compatible; GPTBot/1.3; +https://openai.com/gptbot)"
74.7.241.28 - - [13/Apr/2026:16:05:06 +0000] "GET /whsy.php?e=wchan&p=%2Fproc%2F23637 HTTP/2.0" 200 2005 "https://www.shaksettle.com.lab2454.com/whsy.php?p=%2Fproc%2F23637" "Mozilla/5.0 AppleWebKit/537.36 (KHTML, like Gecko; compatible; GPTBot/1.3; +https://openai.com/gptbot)"
74.7.227.16 - - [13/Apr/2026:16:05:06 +0000] "GET /whsy.php?e=fib_trie&p=%2Fproc%2F17337%2Fnet HTTP/2.0" 200 2694 "https://shaksettle.com/whsy.php?e=nf_conntrack_expect&p=%2Fproc%2F17337%2Fnet" "Mozilla/5.0 AppleWebKit/537.36 (KHTML, like Gecko; compatible; GPTBot/1.3; +https://openai.com/gptbot)"
144.76.32.187 - - [13/Apr/2026:16:05:07 +0000] "GET /whsy.php?p=/proc/19455/attr/.. HTTP/1.1" 200 947 "-" "Mozilla/5.0 (compatible; SERankingBacklinksBot/1.0; +https://seranking.com/backlinks-crawler)"
74.7.241.28 - - [13/Apr/2026:16:05:10 +0000] "GET /whsy.php?e=environ&p=%2Fproc%2F23637 HTTP/2.0" 200 1936 "https://www.shaksettle.com.lab2454.com/whsy.php?p=%2Fproc%2F23637" "Mozilla/5.0 AppleWebKit/537.36 (KHTML, like Gecko; compatible; GPTBot/1.3; +https://openai.com/gptbot)"
74.7.227.16 - - [13/Apr/2026:16:05:10 +0000] "GET /whsy.php?e=packet&p=%2Fproc%2F17337%2Fnet HTTP/2.0" 200 2571 "https://shaksettle.com/whsy.php?e=nf_conntrack_expect&p=%2Fproc%2F17337%2Fnet" "Mozilla/5.0 AppleWebKit/537.36 (KHTML, like Gecko; compatible; GPTBot/1.3; +https://openai.com/gptbot)"
74.7.241.28 - - [13/Apr/2026:16:05:13 +0000] "GET /whsy.php?e=environ&p=%2Fproc%2F23457 HTTP/2.0" 200 1936 "https://www.shaksettle.com.lab2454.com/whsy.php?p=%2Fproc%2F23457" "Mozilla/5.0 AppleWebKit/537.36 (KHTML, like Gecko; compatible; GPTBot/1.3; +https://openai.com/gptbot)"
74.7.227.16 - - [13/Apr/2026:16:05:14 +0000] "GET /whsy.php?e=netstat&p=%2Fproc%2F17337%2Fnet HTTP/2.0" 200 4259 "https://shaksettle.com/whsy.php?e=nf_conntrack_expect&p=%2Fproc%2F17337%2Fnet" "Mozilla/5.0 AppleWebKit/537.36 (KHTML, like Gecko; compatible; GPTBot/1.3; +https://openai.com/gptbot)"
144.76.32.187 - - [13/Apr/2026:16:05:14 +0000] "GET /whsy.php?e=wchan&p=/proc/25801 HTTP/1.1" 200 947 "-" "Mozilla/5.0 (compatible; SERankingBacklinksBot/1.0; +https://seranking.com/backlinks-crawler)"
74.7.241.28 - - [13/Apr/2026:16:05:17 +0000] "GET /whsy.php?e=loginuid&p=%2Fproc%2F23457 HTTP/2.0" 200 2014 "https://www.shaksettle.com.lab2454.com/whsy.php?p=%2Fproc%2F23457" "Mozilla/5.0 AppleWebKit/537.36 (KHTML, like Gecko; compatible; GPTBot/1.3; +https://openai.com/gptbot)"
74.7.227.16 - - [13/Apr/2026:16:05:17 +0000] "GET /whsy.php?e=tcp&p=%2Fproc%2F17337%2Fnet HTTP/2.0" 200 12863 "https://shaksettle.com/whsy.php?e=nf_conntrack_expect&p=%2Fproc%2F17337%2Fnet" "Mozilla/5.0 AppleWebKit/537.36 (KHTML, like Gecko; compatible; GPTBot/1.3; +https://openai.com/gptbot)"
144.76.32.187 - - [13/Apr/2026:16:05:18 +0000] "GET /whsy.php?e=io&p=/proc/2/task/2 HTTP/1.1" 200 1788 "-" "Mozilla/5.0 (compatible; SERankingBacklinksBot/1.0; +https://seranking.com/backlinks-crawler)"
74.7.241.28 - - [13/Apr/2026:16:05:21 +0000] "GET /whsy.php?e=mountstats&p=%2Fproc%2F23457 HTTP/2.0" 200 1936 "https://www.shaksettle.com.lab2454.com/whsy.php?p=%2Fproc%2F23457" "Mozilla/5.0 AppleWebKit/537.36 (KHTML, like Gecko; compatible; GPTBot/1.3; +https://openai.com/gptbot)"
74.7.227.16 - - [13/Apr/2026:16:05:21 +0000] "GET /whsy.php?e=psched&p=%2Fproc%2F17337%2Fnet HTTP/2.0" 200 2531 "https://shaksettle.com/whsy.php?e=nf_conntrack_expect&p=%2Fproc%2F17337%2Fnet" "Mozilla/5.0 AppleWebKit/537.36 (KHTML, like Gecko; compatible; GPTBot/1.3; +https://openai.com/gptbot)"
144.76.32.187 - - [13/Apr/2026:16:05:22 +0000] "GET /whsy.php?e=sched&p=/proc/25801 HTTP/1.1" 200 947 "-" "Mozilla/5.0 (compatible; SERankingBacklinksBot/1.0; +https://seranking.com/backlinks-crawler)"
74.7.241.28 - - [13/Apr/2026:16:05:24 +0000] "GET /whsy.php?p=%2Fproc%2F22554 HTTP/2.0" 200 947 "https://www.shaksettle.com.lab2454.com/whsy.php?p=%2Fproc%2F94%2F.." "Mozilla/5.0 AppleWebKit/537.36 (KHTML, like Gecko; compatible; GPTBot/1.3; +https://openai.com/gptbot)"
74.7.227.16 - - [13/Apr/2026:16:05:24 +0000] "GET /whsy.php?e=tls_stat&p=%2Fproc%2F17337%2Fnet HTTP/2.0" 200 2601 "https://shaksettle.com/whsy.php?e=nf_conntrack_expect&p=%2Fproc%2F17337%2Fnet" "Mozilla/5.0 AppleWebKit/537.36 (KHTML, like Gecko; compatible; GPTBot/1.3; +https://openai.com/gptbot)"
144.76.32.187 - - [13/Apr/2026:16:05:27 +0000] "GET /whsy.php?e=stack&p=/proc/25801 HTTP/1.1" 200 947 "-" "Mozilla/5.0 (compatible; SERankingBacklinksBot/1.0; +https://seranking.com/backlinks-crawler)"
74.7.241.28 - - [13/Apr/2026:16:05:27 +0000] "GET /whsy.php?e=clear_refs&p=%2Fproc%2F14101 HTTP/2.0" 200 947 "https://www.shaksettle.com.lab2454.com/whsy.php?p=%2Fproc%2F14101" "Mozilla/5.0 AppleWebKit/537.36 (KHTML, like Gecko; compatible; GPTBot/1.3; +https://openai.com/gptbot)"
74.7.227.16 - - [13/Apr/2026:16:05:28 +0000] "GET /whsy.php?e=sockstat&p=%2Fproc%2F17337%2Fnet HTTP/2.0" 200 2605 "https://shaksettle.com/whsy.php?e=nf_conntrack_expect&p=%2Fproc%2F17337%2Fnet" "Mozilla/5.0 AppleWebKit/537.36 (KHTML, like Gecko; compatible; GPTBot/1.3; +https://openai.com/gptbot)"
144.76.32.187 - - [13/Apr/2026:16:05:31 +0000] "GET /whsy.php?p=/proc/1/net/stat/.. HTTP/1.1" 200 2437 "-" "Mozilla/5.0 (compatible; SERankingBacklinksBot/1.0; +https://seranking.com/backlinks-crawler)"
74.7.241.28 - - [13/Apr/2026:16:05:31 +0000] "GET /whsy.php?e=clear_refs&p=%2Fproc%2F23637 HTTP/2.0" 200 1936 "https://www.shaksettle.com.lab2454.com/whsy.php?p=%2Fproc%2F23637" "Mozilla/5.0 AppleWebKit/537.36 (KHTML, like Gecko; compatible; GPTBot/1.3; +https://openai.com/gptbot)"
74.7.227.16 - - [13/Apr/2026:16:05:31 +0000] "GET /whsy.php?e=netlink&p=%2Fproc%2F17337%2Fnet HTTP/2.0" 200 2813 "https://shaksettle.com/whsy.php?e=nf_conntrack_expect&p=%2Fproc%2F17337%2Fnet" "Mozilla/5.0 AppleWebKit/537.36 (KHTML, like Gecko; compatible; GPTBot/1.3; +https://openai.com/gptbot)"
74.7.241.28 - - [13/Apr/2026:16:05:35 +0000] "GET /whsy.php?e=clear_refs&p=%2Fproc%2F19989 HTTP/2.0" 200 1936 "https://www.shaksettle.com.lab2454.com/whsy.php?p=%2Fproc%2F19989" "Mozilla/5.0 AppleWebKit/537.36 (KHTML, like Gecko; compatible; GPTBot/1.3; +https://openai.com/gptbot)"
74.7.227.16 - - [13/Apr/2026:16:05:35 +0000] "GET /whsy.php?e=rt_cache&p=%2Fproc%2F17337%2Fnet HTTP/2.0" 200 2598 "https://shaksettle.com/whsy.php?e=nf_conntrack_expect&p=%2Fproc%2F17337%2Fnet" "Mozilla/5.0 AppleWebKit/537.36 (KHTML, like Gecko; compatible; GPTBot/1.3; +https://openai.com/gptbot)"
144.76.32.187 - - [13/Apr/2026:16:05:37 +0000] "GET /whsy.php?p=/proc/19455/fdinfo/ HTTP/1.1" 200 947 "-" "Mozilla/5.0 (compatible; SERankingBacklinksBot/1.0; +https://seranking.com/backlinks-crawler)"
74.7.241.28 - - [13/Apr/2026:16:05:38 +0000] "GET /whsy.php?e=clear_refs&p=%2Fproc%2F23457 HTTP/2.0" 200 1936 "https://www.shaksettle.com.lab2454.com/whsy.php?p=%2Fproc%2F23457" "Mozilla/5.0 AppleWebKit/537.36 (KHTML, like Gecko; compatible; GPTBot/1.3; +https://openai.com/gptbot)"
74.7.227.16 - - [13/Apr/2026:16:05:39 +0000] "GET /whsy.php?e=ip_vs&p=%2Fproc%2F17337%2Fnet HTTP/2.0" 200 2615 "https://shaksettle.com/whsy.php?e=nf_conntrack_expect&p=%2Fproc%2F17337%2Fnet" "Mozilla/5.0 AppleWebKit/537.36 (KHTML, like Gecko; compatible; GPTBot/1.3; +https://openai.com/gptbot)"
144.76.32.187 - - [13/Apr/2026:16:05:41 +0000] "GET /whsy.php?e=io&p=/proc/3/task/3 HTTP/1.1" 200 1787 "-" "Mozilla/5.0 (compatible; SERankingBacklinksBot/1.0; +https://seranking.com/backlinks-crawler)"
74.7.241.28 - - [13/Apr/2026:16:05:42 +0000] "GET /whsy.php?e=clear_refs&p=%2Fproc%2F29851 HTTP/2.0" 200 1936 "https://www.shaksettle.com.lab2454.com/whsy.php?p=%2Fproc%2F29851" "Mozilla/5.0 AppleWebKit/537.36 (KHTML, like Gecko; compatible; GPTBot/1.3; +https://openai.com/gptbot)"
74.7.227.16 - - [13/Apr/2026:16:05:42 +0000] "GET /whsy.php?e=if_inet6&p=%2Fproc%2F17337%2Fnet HTTP/2.0" 200 2570 "https://shaksettle.com/whsy.php?e=nf_conntrack_expect&p=%2Fproc%2F17337%2Fnet" "Mozilla/5.0 AppleWebKit/537.36 (KHTML, like Gecko; compatible; GPTBot/1.3; +https://openai.com/gptbot)"
144.76.32.187 - - [13/Apr/2026:16:05:45 +0000] "GET /whsy.php?p=/proc/50/net/rpc/.. HTTP/1.1" 200 2439 "-" "Mozilla/5.0 (compatible; SERankingBacklinksBot/1.0; +https://seranking.com/backlinks-crawler)"
74.7.241.28 - - [13/Apr/2026:16:05:45 +0000] "GET /whsy.php?e=loginuid&p=%2Fproc%2F19989 HTTP/2.0" 200 2013 "https://www.shaksettle.com.lab2454.com/whsy.php?p=%2Fproc%2F19989" "Mozilla/5.0 AppleWebKit/537.36 (KHTML, like Gecko; compatible; GPTBot/1.3; +https://openai.com/gptbot)"
74.7.227.16 - - [13/Apr/2026:16:05:45 +0000] "GET /whsy.php?e=udplite6&p=%2Fproc%2F17337%2Fnet HTTP/2.0" 200 2586 "https://shaksettle.com/whsy.php?e=nf_conntrack_expect&p=%2Fproc%2F17337%2Fnet" "Mozilla/5.0 AppleWebKit/537.36 (KHTML, like Gecko; compatible; GPTBot/1.3; +https://openai.com/gptbot)"
74.7.241.28 - - [13/Apr/2026:16:05:49 +0000] "GET /whsy.php?e=loginuid&p=%2Fproc%2F14101 HTTP/2.0" 200 947 "https://www.shaksettle.com.lab2454.com/whsy.php?p=%2Fproc%2F14101" "Mozilla/5.0 AppleWebKit/537.36 (KHTML, like Gecko; compatible; GPTBot/1.3; +https://openai.com/gptbot)"
144.76.32.187 - - [13/Apr/2026:16:05:49 +0000] "GET /whsy.php?p=/proc/19455/net/rpc HTTP/1.1" 200 947 "-" "Mozilla/5.0 (compatible; SERankingBacklinksBot/1.0; +https://seranking.com/backlinks-crawler)"
74.7.227.16 - - [13/Apr/2026:16:05:49 +0000] "GET /whsy.php?e=snmp&p=%2Fproc%2F17337%2Fnet HTTP/2.0" 200 3236 "https://shaksettle.com/whsy.php?e=nf_conntrack_expect&p=%2Fproc%2F17337%2Fnet" "Mozilla/5.0 AppleWebKit/537.36 (KHTML, like Gecko; compatible; GPTBot/1.3; +https://openai.com/gptbot)"
74.7.241.28 - - [13/Apr/2026:16:05:52 +0000] "GET /whsy.php?e=loginuid&p=%2Fproc%2F23637 HTTP/2.0" 200 2014 "https://www.shaksettle.com.lab2454.com/whsy.php?p=%2Fproc%2F23637" "Mozilla/5.0 AppleWebKit/537.36 (KHTML, like Gecko; compatible; GPTBot/1.3; +https://openai.com/gptbot)"
74.7.227.16 - - [13/Apr/2026:16:05:52 +0000] "GET /whsy.php?e=rt_acct&p=%2Fproc%2F17337%2Fnet HTTP/2.0" 200 2530 "https://shaksettle.com/whsy.php?e=nf_conntrack_expect&p=%2Fproc%2F17337%2Fnet" "Mozilla/5.0 AppleWebKit/537.36 (KHTML, like Gecko; compatible; GPTBot/1.3; +https://openai.com/gptbot)"
144.76.32.187 - - [13/Apr/2026:16:05:53 +0000] "GET /whsy.php?p=/proc/1/net/vlan/.. HTTP/1.1" 200 2437 "-" "Mozilla/5.0 (compatible; SERankingBacklinksBot/1.0; +https://seranking.com/backlinks-crawler)"
74.7.241.28 - - [13/Apr/2026:16:05:56 +0000] "GET /whsy.php?e=limits&p=%2Fproc%2F23457 HTTP/2.0" 200 2274 "https://www.shaksettle.com.lab2454.com/whsy.php?p=%2Fproc%2F23457" "Mozilla/5.0 AppleWebKit/537.36 (KHTML, like Gecko; compatible; GPTBot/1.3; +https://openai.com/gptbot)"
74.7.227.16 - - [13/Apr/2026:16:05:56 +0000] "GET /whsy.php?p=%2Fproc%2F17337%2Fnet%2Fnetfilter HTTP/2.0" 200 732 "https://shaksettle.com/whsy.php?e=nf_conntrack_expect&p=%2Fproc%2F17337%2Fnet" "Mozilla/5.0 AppleWebKit/537.36 (KHTML, like Gecko; compatible; GPTBot/1.3; +https://openai.com/gptbot)"
74.7.241.28 - - [13/Apr/2026:16:05:59 +0000] "GET /whsy.php?e=mounts&p=%2Fproc%2F16648 HTTP/2.0" 200 2649 "https://www.shaksettle.com.lab2454.com/whsy.php?p=%2Fproc%2F16648" "Mozilla/5.0 AppleWebKit/537.36 (KHTML, like Gecko; compatible; GPTBot/1.3; +https://openai.com/gptbot)"
74.7.227.16 - - [13/Apr/2026:16:05:59 +0000] "GET /whsy.php?e=arp&p=%2Fproc%2F17337%2Fnet HTTP/2.0" 200 2580 "https://shaksettle.com/whsy.php?e=nf_conntrack_expect&p=%2Fproc%2F17337%2Fnet" "Mozilla/5.0 AppleWebKit/537.36 (KHTML, like Gecko; compatible; GPTBot/1.3; +https://openai.com/gptbot)"
144.76.32.187 - - [13/Apr/2026:16:05:59 +0000] "GET /whsy.php?p=/proc/19455/task/.. HTTP/1.1" 200 947 "-" "Mozilla/5.0 (compatible; SERankingBacklinksBot/1.0; +https://seranking.com/backlinks-crawler)"
74.7.241.28 - - [13/Apr/2026:16:06:03 +0000] "GET /whsy.php?e=mounts&p=%2Fproc%2F23457 HTTP/2.0" 200 2649 "https://www.shaksettle.com.lab2454.com/whsy.php?p=%2Fproc%2F23457" "Mozilla/5.0 AppleWebKit/537.36 (KHTML, like Gecko; compatible; GPTBot/1.3; +https://openai.com/gptbot)"
74.7.227.16 - - [13/Apr/2026:16:06:03 +0000] "GET /whsy.php?p=%2Fproc%2F17337%2Fnet%2Fip6t_hashlimit HTTP/2.0" 200 502 "https://shaksettle.com/whsy.php?e=nf_conntrack_expect&p=%2Fproc%2F17337%2Fnet" "Mozilla/5.0 AppleWebKit/537.36 (KHTML, like Gecko; compatible; GPTBot/1.3; +https://openai.com/gptbot)"
144.76.32.187 - - [13/Apr/2026:16:06:06 +0000] "GET /whsy.php?p=/proc/1/task/1/attr HTTP/1.1" 200 807 "-" "Mozilla/5.0 (compatible; SERankingBacklinksBot/1.0; +https://seranking.com/backlinks-crawler)"
74.7.241.28 - - [13/Apr/2026:16:06:06 +0000] "GET /whsy.php?e=mounts&p=%2Fproc%2F29851 HTTP/2.0" 200 2649 "https://www.shaksettle.com.lab2454.com/whsy.php?p=%2Fproc%2F29851" "Mozilla/5.0 AppleWebKit/537.36 (KHTML, like Gecko; compatible; GPTBot/1.3; +https://openai.com/gptbot)"
74.7.227.16 - - [13/Apr/2026:16:06:06 +0000] "GET /whsy.php?e=anycast6&p=%2Fproc%2F17337%2Fnet HTTP/2.0" 200 2507 "https://shaksettle.com/whsy.php?e=nf_conntrack_expect&p=%2Fproc%2F17337%2Fnet" "Mozilla/5.0 AppleWebKit/537.36 (KHTML, like Gecko; compatible; GPTBot/1.3; +https://openai.com/gptbot)"
74.7.241.28 - - [13/Apr/2026:16:06:10 +0000] "GET /whsy.php?e=limits&p=%2Fproc%2F11587 HTTP/2.0" 200 947 "https://www.shaksettle.com.lab2454.com/whsy.php?p=%2Fproc%2F11587" "Mozilla/5.0 AppleWebKit/537.36 (KHTML, like Gecko; compatible; GPTBot/1.3; +https://openai.com/gptbot)"
74.7.227.16 - - [13/Apr/2026:16:06:10 +0000] "GET /whsy.php?p=%2Fproc%2F17337%2Fnet%2Fxt_recent HTTP/2.0" 200 498 "https://shaksettle.com/whsy.php?e=nf_conntrack_expect&p=%2Fproc%2F17337%2Fnet" "Mozilla/5.0 AppleWebKit/537.36 (KHTML, like Gecko; compatible; GPTBot/1.3; +https://openai.com/gptbot)"
144.76.32.187 - - [13/Apr/2026:16:06:11 +0000] "GET /whsy.php?e=io&p=/proc/4/task/4 HTTP/1.1" 200 1788 "-" "Mozilla/5.0 (compatible; SERankingBacklinksBot/1.0; +https://seranking.com/backlinks-crawler)"
74.7.241.28 - - [13/Apr/2026:16:06:13 +0000] "GET /whsy.php?e=limits&p=%2Fproc%2F16648 HTTP/2.0" 200 2231 "https://www.shaksettle.com.lab2454.com/whsy.php?p=%2Fproc%2F16648" "Mozilla/5.0 AppleWebKit/537.36 (KHTML, like Gecko; compatible; GPTBot/1.3; +https://openai.com/gptbot)"
74.7.227.16 - - [13/Apr/2026:16:06:14 +0000] "GET /whsy.php?p=%2Fproc%2F17337%2Fnet%2Fdev_snmp6 HTTP/2.0" 200 982 "https://shaksettle.com/whsy.php?e=nf_conntrack_expect&p=%2Fproc%2F17337%2Fnet" "Mozilla/5.0 AppleWebKit/537.36 (KHTML, like Gecko; compatible; GPTBot/1.3; +https://openai.com/gptbot)"
144.76.32.187 - - [13/Apr/2026:16:06:17 +0000] "GET /whsy.php?p=/proc/50/task/50/.. HTTP/1.1" 200 488 "-" "Mozilla/5.0 (compatible; SERankingBacklinksBot/1.0; +https://seranking.com/backlinks-crawler)"
74.7.241.28 - - [13/Apr/2026:16:06:17 +0000] "GET /whsy.php?e=mounts&p=%2Fproc%2F11587 HTTP/2.0" 200 947 "https://www.shaksettle.com.lab2454.com/whsy.php?p=%2Fproc%2F11587" "Mozilla/5.0 AppleWebKit/537.36 (KHTML, like Gecko; compatible; GPTBot/1.3; +https://openai.com/gptbot)"
74.7.227.16 - - [13/Apr/2026:16:06:17 +0000] "GET /whsy.php?p=%2Fproc%2F17337%2Fnet%2Frpc HTTP/2.0" 200 861 "https://shaksettle.com/whsy.php?e=nf_conntrack_expect&p=%2Fproc%2F17337%2Fnet" "Mozilla/5.0 AppleWebKit/537.36 (KHTML, like Gecko; compatible; GPTBot/1.3; +https://openai.com/gptbot)"
74.7.241.28 - - [13/Apr/2026:16:06:20 +0000] "GET /whsy.php?e=limits&p=%2Fproc%2F29851 HTTP/2.0" 200 2273 "https://www.shaksettle.com.lab2454.com/whsy.php?p=%2Fproc%2F29851" "Mozilla/5.0 AppleWebKit/537.36 (KHTML, like Gecko; compatible; GPTBot/1.3; +https://openai.com/gptbot)"
74.7.227.16 - - [13/Apr/2026:16:06:21 +0000] "GET /whsy.php?p=%2Fproc%2F17337%2Fnet%2Fsctp HTTP/2.0" 200 753 "https://shaksettle.com/whsy.php?e=nf_conntrack_expect&p=%2Fproc%2F17337%2Fnet" "Mozilla/5.0 AppleWebKit/537.36 (KHTML, like Gecko; compatible; GPTBot/1.3; +https://openai.com/gptbot)"
144.76.32.187 - - [13/Apr/2026:16:06:22 +0000] "GET /whsy.php?p=/proc/2/net/sctp/.. HTTP/1.1" 200 2437 "-" "Mozilla/5.0 (compatible; SERankingBacklinksBot/1.0; +https://seranking.com/backlinks-crawler)"
74.7.241.28 - - [13/Apr/2026:16:06:24 +0000] "GET /whsy.php?e=pagemap&p=%2Fproc%2F11587 HTTP/2.0" 200 947 "https://www.shaksettle.com.lab2454.com/whsy.php?p=%2Fproc%2F11587" "Mozilla/5.0 AppleWebKit/537.36 (KHTML, like Gecko; compatible; GPTBot/1.3; +https://openai.com/gptbot)"
74.7.227.16 - - [13/Apr/2026:16:06:24 +0000] "GET /whsy.php?p=%2Fproc%2F17337%2Fnet%2Fstat HTTP/2.0" 200 821 "https://shaksettle.com/whsy.php?e=nf_conntrack_expect&p=%2Fproc%2F17337%2Fnet" "Mozilla/5.0 AppleWebKit/537.36 (KHTML, like Gecko; compatible; GPTBot/1.3; +https://openai.com/gptbot)"
74.7.241.28 - - [13/Apr/2026:16:06:27 +0000] "GET /whsy.php?e=syscall&p=%2Fproc%2F29851 HTTP/2.0" 200 1936 "https://www.shaksettle.com.lab2454.com/whsy.php?p=%2Fproc%2F29851" "Mozilla/5.0 AppleWebKit/537.36 (KHTML, like Gecko; compatible; GPTBot/1.3; +https://openai.com/gptbot)"
74.7.227.16 - - [13/Apr/2026:16:06:28 +0000] "GET /whsy.php?e=ip6_flowlabel&p=%2Fproc%2F17337%2Fnet HTTP/2.0" 200 2551 "https://shaksettle.com/whsy.php?e=nf_conntrack_expect&p=%2Fproc%2F17337%2Fnet" "Mozilla/5.0 AppleWebKit/537.36 (KHTML, like Gecko; compatible; GPTBot/1.3; +https://openai.com/gptbot)"
144.76.32.187 - - [13/Apr/2026:16:06:29 +0000] "GET /whsy.php?p=/proc/50/task/50/fd HTTP/1.1" 200 4614 "-" "Mozilla/5.0 (compatible; SERankingBacklinksBot/1.0; +https://seranking.com/backlinks-crawler)"
74.7.241.28 - - [13/Apr/2026:16:06:31 +0000] "GET /whsy.php?e=syscall&p=%2Fproc%2F23457 HTTP/2.0" 200 1936 "https://www.shaksettle.com.lab2454.com/whsy.php?p=%2Fproc%2F23457" "Mozilla/5.0 AppleWebKit/537.36 (KHTML, like Gecko; compatible; GPTBot/1.3; +https://openai.com/gptbot)"
74.7.227.16 - - [13/Apr/2026:16:06:31 +0000] "GET /whsy.php?e=ip_mr_cache&p=%2Fproc%2F17337%2Fnet HTTP/2.0" 200 2548 "https://shaksettle.com/whsy.php?e=nf_conntrack_expect&p=%2Fproc%2F17337%2Fnet" "Mozilla/5.0 AppleWebKit/537.36 (KHTML, like Gecko; compatible; GPTBot/1.3; +https://openai.com/gptbot)"
144.76.32.187 - - [13/Apr/2026:16:06:34 +0000] "GET /whsy.php?p=/proc/10590/attr/.. HTTP/1.1" 200 947 "-" "Mozilla/5.0 (compatible; SERankingBacklinksBot/1.0; +https://seranking.com/backlinks-crawler)"
74.7.241.28 - - [13/Apr/2026:16:06:35 +0000] "GET /whsy.php?e=pagemap&p=%2Fproc%2F16648 HTTP/2.0" 200 1935 "https://www.shaksettle.com.lab2454.com/whsy.php?p=%2Fproc%2F16648" "Mozilla/5.0 AppleWebKit/537.36 (KHTML, like Gecko; compatible; GPTBot/1.3; +https://openai.com/gptbot)"
74.7.227.16 - - [13/Apr/2026:16:06:35 +0000] "GET /whsy.php?e=nf_log&p=%2Fproc%2F17337%2Fnet%2Fnetfilter HTTP/2.0" 200 886 "https://shaksettle.com/whsy.php?p=%2Fproc%2F17337%2Fnet%2Fnetfilter" "Mozilla/5.0 AppleWebKit/537.36 (KHTML, like Gecko; compatible; GPTBot/1.3; +https://openai.com/gptbot)"
74.7.241.28 - - [13/Apr/2026:16:06:38 +0000] "GET /whsy.php?e=smaps_rollup&p=%2Fproc%2F23637 HTTP/2.0" 200 2009 "https://www.shaksettle.com.lab2454.com/whsy.php?p=%2Fproc%2F23637" "Mozilla/5.0 AppleWebKit/537.36 (KHTML, like Gecko; compatible; GPTBot/1.3; +https://openai.com/gptbot)"
74.7.227.16 - - [13/Apr/2026:16:06:39 +0000] "GET /whsy.php?e=nfnetlink_log&p=%2Fproc%2F17337%2Fnet%2Fnetfilter HTTP/2.0" 200 732 "https://shaksettle.com/whsy.php?p=%2Fproc%2F17337%2Fnet%2Fnetfilter" "Mozilla/5.0 AppleWebKit/537.36 (KHTML, like Gecko; compatible; GPTBot/1.3; +https://openai.com/gptbot)"
144.76.32.187 - - [13/Apr/2026:16:06:41 +0000] "GET /whsy.php?p=/proc/2/net/stat/.. HTTP/1.1" 200 2437 "-" "Mozilla/5.0 (compatible; SERankingBacklinksBot/1.0; +https://seranking.com/backlinks-crawler)"
74.7.227.16 - - [13/Apr/2026:16:06:42 +0000] "GET /whsy.php?p=%2Fproc%2F17337%2Fnet%2Fip6t_hashlimit%2F.. HTTP/2.0" 200 2442 "https://shaksettle.com/whsy.php?p=%2Fproc%2F17337%2Fnet%2Fip6t_hashlimit" "Mozilla/5.0 AppleWebKit/537.36 (KHTML, like Gecko; compatible; GPTBot/1.3; +https://openai.com/gptbot)"
144.76.32.187 - - [13/Apr/2026:16:06:45 +0000] "GET /whsy.php?e=io&p=/proc/5/task/5 HTTP/1.1" 200 1788 "-" "Mozilla/5.0 (compatible; SERankingBacklinksBot/1.0; +https://seranking.com/backlinks-crawler)"
74.7.241.28 - - [13/Apr/2026:16:06:42 +0000] "GET /whsy.php?e=smaps_rollup&p=%2Fproc%2F14101 HTTP/2.0" 200 947 "https://www.shaksettle.com.lab2454.com/whsy.php?p=%2Fproc%2F14101" "Mozilla/5.0 AppleWebKit/537.36 (KHTML, like Gecko; compatible; GPTBot/1.3; +https://openai.com/gptbot)"
74.7.241.28 - - [13/Apr/2026:16:06:45 +0000] "GET /whsy.php?e=smaps_rollup&p=%2Fproc%2F19989 HTTP/2.0" 200 2121 "https://www.shaksettle.com.lab2454.com/whsy.php?p=%2Fproc%2F19989" "Mozilla/5.0 AppleWebKit/537.36 (KHTML, like Gecko; compatible; GPTBot/1.3; +https://openai.com/gptbot)"
74.7.227.16 - - [13/Apr/2026:16:06:46 +0000] "GET /whsy.php?e=ip_vs_stats&p=%2Fproc%2F17337%2Fnet HTTP/2.0" 200 2591 "https://shaksettle.com/whsy.php?e=nf_conntrack_expect&p=%2Fproc%2F17337%2Fnet" "Mozilla/5.0 AppleWebKit/537.36 (KHTML, like Gecko; compatible; GPTBot/1.3; +https://openai.com/gptbot)"
74.7.241.28 - - [13/Apr/2026:16:06:49 +0000] "GET /whsy.php?e=smaps_rollup&p=%2Fproc%2F23457 HTTP/2.0" 200 2009 "https://www.shaksettle.com.lab2454.com/whsy.php?p=%2Fproc%2F23457" "Mozilla/5.0 AppleWebKit/537.36 (KHTML, like Gecko; compatible; GPTBot/1.3; +https://openai.com/gptbot)"
74.7.227.16 - - [13/Apr/2026:16:06:49 +0000] "GET /whsy.php?p=%2Fproc%2F17337%2Fnet%2Fvlan HTTP/2.0" 200 662 "https://shaksettle.com/whsy.php?e=nf_conntrack_expect&p=%2Fproc%2F17337%2Fnet" "Mozilla/5.0 AppleWebKit/537.36 (KHTML, like Gecko; compatible; GPTBot/1.3; +https://openai.com/gptbot)"
144.76.32.187 - - [13/Apr/2026:16:06:50 +0000] "GET /whsy.php?e=numa_maps&p=/proc/30762 HTTP/1.1" 200 947 "-" "Mozilla/5.0 (compatible; SERankingBacklinksBot/1.0; +https://seranking.com/backlinks-crawler)"
74.7.241.28 - - [13/Apr/2026:16:06:52 +0000] "GET /whsy.php?e=smaps_rollup&p=%2Fproc%2F29851 HTTP/2.0" 200 2009 "https://www.shaksettle.com.lab2454.com/whsy.php?p=%2Fproc%2F29851" "Mozilla/5.0 AppleWebKit/537.36 (KHTML, like Gecko; compatible; GPTBot/1.3; +https://openai.com/gptbot)"
74.7.227.16 - - [13/Apr/2026:16:06:53 +0000] "GET /whsy.php?e=dev_mcast&p=%2Fproc%2F17337%2Fnet HTTP/2.0" 200 2578 "https://shaksettle.com/whsy.php?e=nf_conntrack_expect&p=%2Fproc%2F17337%2Fnet" "Mozilla/5.0 AppleWebKit/537.36 (KHTML, like Gecko; compatible; GPTBot/1.3; +https://openai.com/gptbot)"
144.76.32.187 - - [13/Apr/2026:16:06:56 +0000] "GET /whsy.php?p=/proc/10590/net/rpc HTTP/1.1" 200 947 "-" "Mozilla/5.0 (compatible; SERankingBacklinksBot/1.0; +https://seranking.com/backlinks-crawler)"
74.7.241.28 - - [13/Apr/2026:16:06:56 +0000] "GET /whsy.php?e=io&p=%2Fproc%2F11587 HTTP/2.0" 200 947 "https://www.shaksettle.com.lab2454.com/whsy.php?p=%2Fproc%2F11587" "Mozilla/5.0 AppleWebKit/537.36 (KHTML, like Gecko; compatible; GPTBot/1.3; +https://openai.com/gptbot)"
74.7.227.16 - - [13/Apr/2026:16:06:56 +0000] "GET /whsy.php?p=%2Fproc%2F17337%2Fnet%2Frpc%2Fauth.unix.gid HTTP/2.0" 200 745 "https://shaksettle.com/whsy.php?p=%2Fproc%2F17337%2Fnet%2Frpc" "Mozilla/5.0 AppleWebKit/537.36 (KHTML, like Gecko; compatible; GPTBot/1.3; +https://openai.com/gptbot)"
74.7.175.156 - - [13/Apr/2026:16:06:57 +0000] "GET /robots.txt HTTP/2.0" 404 - "-" "Mozilla/5.0 (Macintosh; Intel Mac OS X 10_15_7) AppleWebKit/537.36 (KHTML, like Gecko) Chrome/131.0.0.0 Safari/537.36; compatible; OAI-SearchBot/1.3; robots.txt; +https://openai.com/searchbot"
74.7.241.28 - - [13/Apr/2026:16:06:59 +0000] "GET /whsy.php?e=io&p=%2Fproc%2F29851 HTTP/2.0" 200 1936 "https://www.shaksettle.com.lab2454.com/whsy.php?p=%2Fproc%2F29851" "Mozilla/5.0 AppleWebKit/537.36 (KHTML, like Gecko; compatible; GPTBot/1.3; +https://openai.com/gptbot)"
74.7.227.16 - - [13/Apr/2026:16:07:00 +0000] "GET /whsy.php?p=%2Fproc%2F17337%2Fnet%2Frpc%2Fnfs4.nametoid HTTP/2.0" 200 743 "https://shaksettle.com/whsy.php?p=%2Fproc%2F17337%2Fnet%2Frpc" "Mozilla/5.0 AppleWebKit/537.36 (KHTML, like Gecko; compatible; GPTBot/1.3; +https://openai.com/gptbot)"
144.76.32.187 - - [13/Apr/2026:16:07:00 +0000] "GET /whsy.php?p=/proc/10590/task/.. HTTP/1.1" 200 947 "-" "Mozilla/5.0 (compatible; SERankingBacklinksBot/1.0; +https://seranking.com/backlinks-crawler)"
74.7.241.28 - - [13/Apr/2026:16:07:03 +0000] "GET /whsy.php?e=io&p=%2Fproc%2F23457 HTTP/2.0" 200 1936 "https://www.shaksettle.com.lab2454.com/whsy.php?p=%2Fproc%2F23457" "Mozilla/5.0 AppleWebKit/537.36 (KHTML, like Gecko; compatible; GPTBot/1.3; +https://openai.com/gptbot)"
74.7.227.16 - - [13/Apr/2026:16:07:03 +0000] "GET /whsy.php?p=%2Fproc%2F17337%2Fnet%2Fstat%2F.. HTTP/2.0" 200 2442 "https://shaksettle.com/whsy.php?p=%2Fproc%2F17337%2Fnet%2Fstat" "Mozilla/5.0 AppleWebKit/537.36 (KHTML, like Gecko; compatible; GPTBot/1.3; +https://openai.com/gptbot)"
144.76.32.187 - - [13/Apr/2026:16:07:04 +0000] "GET /whsy.php?e=io&p=/proc/6/task/6 HTTP/1.1" 200 1787 "-" "Mozilla/5.0 (compatible; SERankingBacklinksBot/1.0; +https://seranking.com/backlinks-crawler)"
74.7.241.28 - - [13/Apr/2026:16:07:06 +0000] "GET /whsy.php?e=io&p=%2Fproc%2F16648 HTTP/2.0" 200 1935 "https://www.shaksettle.com.lab2454.com/whsy.php?p=%2Fproc%2F16648" "Mozilla/5.0 AppleWebKit/537.36 (KHTML, like Gecko; compatible; GPTBot/1.3; +https://openai.com/gptbot)"
74.7.227.16 - - [13/Apr/2026:16:07:07 +0000] "GET /whsy.php?p=%2Fproc%2F17337%2Fnet%2Frpc%2Fnfs4.idtoname HTTP/2.0" 200 743 "https://shaksettle.com/whsy.php?p=%2Fproc%2F17337%2Fnet%2Frpc" "Mozilla/5.0 AppleWebKit/537.36 (KHTML, like Gecko; compatible; GPTBot/1.3; +https://openai.com/gptbot)"
74.7.241.28 - - [13/Apr/2026:16:07:10 +0000] "GET /whsy.php?e=pagemap&p=%2Fproc%2F29851 HTTP/2.0" 200 1936 "https://www.shaksettle.com.lab2454.com/whsy.php?p=%2Fproc%2F29851" "Mozilla/5.0 AppleWebKit/537.36 (KHTML, like Gecko; compatible; GPTBot/1.3; +https://openai.com/gptbot)"
74.7.227.16 - - [13/Apr/2026:16:07:10 +0000] "GET /whsy.php?p=%2Fproc%2F17337%2Fnet%2Frpc%2Fnfsd.export HTTP/2.0" 200 743 "https://shaksettle.com/whsy.php?p=%2Fproc%2F17337%2Fnet%2Frpc" "Mozilla/5.0 AppleWebKit/537.36 (KHTML, like Gecko; compatible; GPTBot/1.3; +https://openai.com/gptbot)"
144.76.32.187 - - [13/Apr/2026:16:07:11 +0000] "GET /whsy.php?p=/proc/50/task/50/ns HTTP/1.1" 200 4106 "-" "Mozilla/5.0 (compatible; SERankingBacklinksBot/1.0; +https://seranking.com/backlinks-crawler)"
74.7.241.28 - - [13/Apr/2026:16:07:13 +0000] "GET /whsy.php?e=environ&p=%2Fproc%2F32355 HTTP/2.0" 200 1936 "https://www.shaksettle.com.lab2454.com/whsy.php?p=%2Fproc%2F32355" "Mozilla/5.0 AppleWebKit/537.36 (KHTML, like Gecko; compatible; GPTBot/1.3; +https://openai.com/gptbot)"
74.7.227.16 - - [13/Apr/2026:16:07:13 +0000] "GET /whsy.php?p=%2Fproc%2F17337%2Fnet%2Frpc%2Fauth.rpcsec.context HTTP/2.0" 200 718 "https://shaksettle.com/whsy.php?p=%2Fproc%2F17337%2Fnet%2Frpc" "Mozilla/5.0 AppleWebKit/537.36 (KHTML, like Gecko; compatible; GPTBot/1.3; +https://openai.com/gptbot)"
74.7.241.28 - - [13/Apr/2026:16:07:17 +0000] "GET /whsy.php?e=pagemap&p=%2Fproc%2F23457 HTTP/2.0" 200 1936 "https://www.shaksettle.com.lab2454.com/whsy.php?p=%2Fproc%2F23457" "Mozilla/5.0 AppleWebKit/537.36 (KHTML, like Gecko; compatible; GPTBot/1.3; +https://openai.com/gptbot)"
74.7.227.16 - - [13/Apr/2026:16:07:17 +0000] "GET /whsy.php?p=%2Fproc%2F17337%2Fnet%2Frpc%2Fauth.unix.ip HTTP/2.0" 200 745 "https://shaksettle.com/whsy.php?p=%2Fproc%2F17337%2Fnet%2Frpc" "Mozilla/5.0 AppleWebKit/537.36 (KHTML, like Gecko; compatible; GPTBot/1.3; +https://openai.com/gptbot)"
144.76.32.187 - - [13/Apr/2026:16:07:18 +0000] "GET /whsy.php?p=/proc/2/net/vlan/.. HTTP/1.1" 200 2437 "-" "Mozilla/5.0 (compatible; SERankingBacklinksBot/1.0; +https://seranking.com/backlinks-crawler)"
74.7.241.28 - - [13/Apr/2026:16:07:20 +0000] "GET /whsy.php?e=clear_refs&p=%2Fproc%2F32355 HTTP/2.0" 200 1936 "https://www.shaksettle.com.lab2454.com/whsy.php?p=%2Fproc%2F32355" "Mozilla/5.0 AppleWebKit/537.36 (KHTML, like Gecko; compatible; GPTBot/1.3; +https://openai.com/gptbot)"
74.7.227.16 - - [13/Apr/2026:16:07:20 +0000] "GET /whsy.php?p=%2Fproc%2F17337%2Fnet%2Frpc%2Fnfsd.fh HTTP/2.0" 200 740 "https://shaksettle.com/whsy.php?p=%2Fproc%2F17337%2Fnet%2Frpc" "Mozilla/5.0 AppleWebKit/537.36 (KHTML, like Gecko; compatible; GPTBot/1.3; +https://openai.com/gptbot)"
144.76.32.187 - - [13/Apr/2026:16:07:24 +0000] "GET /whsy.php?e=io&p=/proc/7/task/7 HTTP/1.1" 200 1788 "-" "Mozilla/5.0 (compatible; SERankingBacklinksBot/1.0; +https://seranking.com/backlinks-crawler)"
74.7.241.28 - - [13/Apr/2026:16:07:24 +0000] "GET /whsy.php?e=smaps_rollup&p=%2Fproc%2F32355 HTTP/2.0" 200 2121 "https://www.shaksettle.com.lab2454.com/whsy.php?p=%2Fproc%2F32355" "Mozilla/5.0 AppleWebKit/537.36 (KHTML, like Gecko; compatible; GPTBot/1.3; +https://openai.com/gptbot)"
74.7.227.16 - - [13/Apr/2026:16:07:24 +0000] "GET /whsy.php?p=%2Fproc%2F17337%2Fnet%2Frpc%2Fauth.rpcsec.init HTTP/2.0" 200 716 "https://shaksettle.com/whsy.php?p=%2Fproc%2F17337%2Fnet%2Frpc" "Mozilla/5.0 AppleWebKit/537.36 (KHTML, like Gecko; compatible; GPTBot/1.3; +https://openai.com/gptbot)"
74.7.241.28 - - [13/Apr/2026:16:07:27 +0000] "GET /whsy.php?e=syscall&p=%2Fproc%2F19989 HTTP/2.0" 200 1936 "https://www.shaksettle.com.lab2454.com/whsy.php?p=%2Fproc%2F19989" "Mozilla/5.0 AppleWebKit/537.36 (KHTML, like Gecko; compatible; GPTBot/1.3; +https://openai.com/gptbot)"
74.7.227.16 - - [13/Apr/2026:16:07:27 +0000] "GET /whsy.php?e=xfrm_stat&p=%2Fproc%2F17337%2Fnet HTTP/2.0" 200 2716 "https://shaksettle.com/whsy.php?e=nf_conntrack_expect&p=%2Fproc%2F17337%2Fnet" "Mozilla/5.0 AppleWebKit/537.36 (KHTML, like Gecko; compatible; GPTBot/1.3; +https://openai.com/gptbot)"
74.7.241.28 - - [13/Apr/2026:16:07:31 +0000] "GET /whsy.php?e=syscall&p=%2Fproc%2F14101 HTTP/2.0" 200 947 "https://www.shaksettle.com.lab2454.com/whsy.php?p=%2Fproc%2F14101" "Mozilla/5.0 AppleWebKit/537.36 (KHTML, like Gecko; compatible; GPTBot/1.3; +https://openai.com/gptbot)"
74.7.227.16 - - [13/Apr/2026:16:07:31 +0000] "GET /whsy.php?e=ip6_tables_targets&p=%2Fproc%2F17337%2Fnet HTTP/2.0" 200 2442 "https://shaksettle.com/whsy.php?e=nf_conntrack_expect&p=%2Fproc%2F17337%2Fnet" "Mozilla/5.0 AppleWebKit/537.36 (KHTML, like Gecko; compatible; GPTBot/1.3; +https://openai.com/gptbot)"
144.76.32.187 - - [13/Apr/2026:16:07:32 +0000] "GET /whsy.php?p=/proc/51/net/rpc/.. HTTP/1.1" 200 2439 "-" "Mozilla/5.0 (compatible; SERankingBacklinksBot/1.0; +https://seranking.com/backlinks-crawler)"
74.7.241.28 - - [13/Apr/2026:16:07:34 +0000] "GET /whsy.php?e=syscall&p=%2Fproc%2F23637 HTTP/2.0" 200 1936 "https://www.shaksettle.com.lab2454.com/whsy.php?p=%2Fproc%2F23637" "Mozilla/5.0 AppleWebKit/537.36 (KHTML, like Gecko; compatible; GPTBot/1.3; +https://openai.com/gptbot)"
74.7.227.16 - - [13/Apr/2026:16:07:34 +0000] "GET /whsy.php?e=ip6_tables_matches&p=%2Fproc%2F17337%2Fnet HTTP/2.0" 200 2442 "https://shaksettle.com/whsy.php?e=nf_conntrack_expect&p=%2Fproc%2F17337%2Fnet" "Mozilla/5.0 AppleWebKit/537.36 (KHTML, like Gecko; compatible; GPTBot/1.3; +https://openai.com/gptbot)"
144.76.32.187 - - [13/Apr/2026:16:07:37 +0000] "GET /whsy.php?p=/proc/12/net/rpc/.. HTTP/1.1" 200 2438 "-" "Mozilla/5.0 (compatible; SERankingBacklinksBot/1.0; +https://seranking.com/backlinks-crawler)"
74.7.241.28 - - [13/Apr/2026:16:07:37 +0000] "GET /whsy.php?e=stat&p=%2Fproc%2F14101 HTTP/2.0" 200 947 "https://www.shaksettle.com.lab2454.com/whsy.php?p=%2Fproc%2F14101" "Mozilla/5.0 AppleWebKit/537.36 (KHTML, like Gecko; compatible; GPTBot/1.3; +https://openai.com/gptbot)"
74.7.227.16 - - [13/Apr/2026:16:07:38 +0000] "GET /whsy.php?e=fib_triestat&p=%2Fproc%2F17337%2Fnet HTTP/2.0" 200 2763 "https://shaksettle.com/whsy.php?e=nf_conntrack_expect&p=%2Fproc%2F17337%2Fnet" "Mozilla/5.0 AppleWebKit/537.36 (KHTML, like Gecko; compatible; GPTBot/1.3; +https://openai.com/gptbot)"
74.7.241.28 - - [13/Apr/2026:16:07:41 +0000] "GET /whsy.php?e=comm&p=%2Fproc%2F29851 HTTP/2.0" 200 2032 "https://www.shaksettle.com.lab2454.com/whsy.php?p=%2Fproc%2F29851" "Mozilla/5.0 AppleWebKit/537.36 (KHTML, like Gecko; compatible; GPTBot/1.3; +https://openai.com/gptbot)"
74.7.227.16 - - [13/Apr/2026:16:07:41 +0000] "GET /whsy.php?e=nf_conntrack&p=%2Fproc%2F17337%2Fnet HTTP/2.0" 200 2442 "https://shaksettle.com/whsy.php?e=nf_conntrack_expect&p=%2Fproc%2F17337%2Fnet" "Mozilla/5.0 AppleWebKit/537.36 (KHTML, like Gecko; compatible; GPTBot/1.3; +https://openai.com/gptbot)"
144.76.32.187 - - [13/Apr/2026:16:07:42 +0000] "GET /whsy.php?p=/proc/12/task/12/.. HTTP/1.1" 200 486 "-" "Mozilla/5.0 (compatible; SERankingBacklinksBot/1.0; +https://seranking.com/backlinks-crawler)"
74.7.241.28 - - [13/Apr/2026:16:07:45 +0000] "GET /whsy.php?e=maps&p=%2Fproc%2F23457 HTTP/2.0" 200 2004 "https://www.shaksettle.com.lab2454.com/whsy.php?p=%2Fproc%2F23457" "Mozilla/5.0 AppleWebKit/537.36 (KHTML, like Gecko; compatible; GPTBot/1.3; +https://openai.com/gptbot)"
74.7.227.16 - - [13/Apr/2026:16:07:45 +0000] "GET /whsy.php?p=%2Fproc%2F17337%2Fnet%2Fipt_hashlimit%2F.. HTTP/2.0" 200 2442 "https://shaksettle.com/whsy.php?p=%2Fproc%2F17337%2Fnet%2Fipt_hashlimit" "Mozilla/5.0 AppleWebKit/537.36 (KHTML, like Gecko; compatible; GPTBot/1.3; +https://openai.com/gptbot)"
144.76.32.187 - - [13/Apr/2026:16:07:47 +0000] "GET /whsy.php?p=/proc/2/task/2/attr HTTP/1.1" 200 807 "-" "Mozilla/5.0 (compatible; SERankingBacklinksBot/1.0; +https://seranking.com/backlinks-crawler)"
74.7.241.28 - - [13/Apr/2026:16:07:48 +0000] "GET /whsy.php?e=root&p=%2Fproc%2F16648 HTTP/2.0" 200 1935 "https://www.shaksettle.com.lab2454.com/whsy.php?p=%2Fproc%2F16648" "Mozilla/5.0 AppleWebKit/537.36 (KHTML, like Gecko; compatible; GPTBot/1.3; +https://openai.com/gptbot)"
74.7.227.16 - - [13/Apr/2026:16:07:48 +0000] "GET /whsy.php?p=%2Fproc%2F17337%2Fnet%2Frpc%2Fnfsd.export%2F.. HTTP/2.0" 200 861 "https://shaksettle.com/whsy.php?p=%2Fproc%2F17337%2Fnet%2Frpc%2Fnfsd.export" "Mozilla/5.0 AppleWebKit/537.36 (KHTML, like Gecko; compatible; GPTBot/1.3; +https://openai.com/gptbot)"
74.7.241.28 - - [13/Apr/2026:16:07:51 +0000] "GET /whsy.php?e=root&p=%2Fproc%2F11587 HTTP/2.0" 200 947 "https://www.shaksettle.com.lab2454.com/whsy.php?p=%2Fproc%2F11587" "Mozilla/5.0 AppleWebKit/537.36 (KHTML, like Gecko; compatible; GPTBot/1.3; +https://openai.com/gptbot)"
74.7.227.16 - - [13/Apr/2026:16:07:52 +0000] "GET /whsy.php?p=%2Fproc%2F17337%2Fnet%2Frpc%2Fauth.rpcsec.context%2F.. HTTP/2.0" 200 861 "https://shaksettle.com/whsy.php?p=%2Fproc%2F17337%2Fnet%2Frpc%2Fauth.rpcsec.context" "Mozilla/5.0 AppleWebKit/537.36 (KHTML, like Gecko; compatible; GPTBot/1.3; +https://openai.com/gptbot)"
144.76.32.187 - - [13/Apr/2026:16:07:52 +0000] "GET /whsy.php?e=wchan&p=/proc/27165 HTTP/1.1" 200 947 "-" "Mozilla/5.0 (compatible; SERankingBacklinksBot/1.0; +https://seranking.com/backlinks-crawler)"
74.7.241.28 - - [13/Apr/2026:16:07:55 +0000] "GET /whsy.php?e=comm&p=%2Fproc%2F23457 HTTP/2.0" 200 2030 "https://www.shaksettle.com.lab2454.com/whsy.php?p=%2Fproc%2F23457" "Mozilla/5.0 AppleWebKit/537.36 (KHTML, like Gecko; compatible; GPTBot/1.3; +https://openai.com/gptbot)"
74.7.227.16 - - [13/Apr/2026:16:07:55 +0000] "GET /whsy.php?e=flush&p=%2Fproc%2F17337%2Fnet%2Frpc%2Fauth.rpcsec.context HTTP/2.0" 200 718 "https://shaksettle.com/whsy.php?p=%2Fproc%2F17337%2Fnet%2Frpc%2Fauth.rpcsec.context" "Mozilla/5.0 AppleWebKit/537.36 (KHTML, like Gecko; compatible; GPTBot/1.3; +https://openai.com/gptbot)"
144.76.32.187 - - [13/Apr/2026:16:07:57 +0000] "GET /whsy.php?e=sched&p=/proc/27165 HTTP/1.1" 200 947 "-" "Mozilla/5.0 (compatible; SERankingBacklinksBot/1.0; +https://seranking.com/backlinks-crawler)"
74.7.241.28 - - [13/Apr/2026:16:07:59 +0000] "GET /whsy.php?e=stat&p=%2Fproc%2F19989 HTTP/2.0" 200 2127 "https://www.shaksettle.com.lab2454.com/whsy.php?p=%2Fproc%2F19989" "Mozilla/5.0 AppleWebKit/537.36 (KHTML, like Gecko; compatible; GPTBot/1.3; +https://openai.com/gptbot)"
74.7.227.16 - - [13/Apr/2026:16:07:59 +0000] "GET /whsy.php?p=%2Fproc%2F17337%2Fnet%2Frpc%2Fnfs4.nametoid%2F.. HTTP/2.0" 200 861 "https://shaksettle.com/whsy.php?p=%2Fproc%2F17337%2Fnet%2Frpc%2Fnfs4.nametoid" "Mozilla/5.0 AppleWebKit/537.36 (KHTML, like Gecko; compatible; GPTBot/1.3; +https://openai.com/gptbot)"
74.7.241.28 - - [13/Apr/2026:16:08:02 +0000] "GET /whsy.php?e=maps&p=%2Fproc%2F29851 HTTP/2.0" 200 2004 "https://www.shaksettle.com.lab2454.com/whsy.php?p=%2Fproc%2F29851" "Mozilla/5.0 AppleWebKit/537.36 (KHTML, like Gecko; compatible; GPTBot/1.3; +https://openai.com/gptbot)"
74.7.227.16 - - [13/Apr/2026:16:08:02 +0000] "GET /whsy.php?p=%2Fproc%2F17337%2Fnet%2Frpc%2Fauth.rpcsec.init%2F.. HTTP/2.0" 200 861 "https://shaksettle.com/whsy.php?p=%2Fproc%2F17337%2Fnet%2Frpc%2Fauth.rpcsec.init" "Mozilla/5.0 AppleWebKit/537.36 (KHTML, like Gecko; compatible; GPTBot/1.3; +https://openai.com/gptbot)"
144.76.32.187 - - [13/Apr/2026:16:08:04 +0000] "GET /whsy.php?e=stack&p=/proc/27165 HTTP/1.1" 200 947 "-" "Mozilla/5.0 (compatible; SERankingBacklinksBot/1.0; +https://seranking.com/backlinks-crawler)"
74.7.241.28 - - [13/Apr/2026:16:08:06 +0000] "GET /whsy.php?e=stat&p=%2Fproc%2F23637 HTTP/2.0" 200 2107 "https://www.shaksettle.com.lab2454.com/whsy.php?p=%2Fproc%2F23637" "Mozilla/5.0 AppleWebKit/537.36 (KHTML, like Gecko; compatible; GPTBot/1.3; +https://openai.com/gptbot)"
74.7.227.16 - - [13/Apr/2026:16:08:06 +0000] "GET /whsy.php?p=%2Fproc%2F17337%2Fnet%2Frpc%2Fnfs4.idtoname%2F.. HTTP/2.0" 200 861 "https://shaksettle.com/whsy.php?p=%2Fproc%2F17337%2Fnet%2Frpc%2Fnfs4.idtoname" "Mozilla/5.0 AppleWebKit/537.36 (KHTML, like Gecko; compatible; GPTBot/1.3; +https://openai.com/gptbot)"
74.7.241.28 - - [13/Apr/2026:16:08:09 +0000] "GET /whsy.php?e=mountstats&p=%2Fproc%2F32355 HTTP/2.0" 200 1936 "https://www.shaksettle.com.lab2454.com/whsy.php?p=%2Fproc%2F32355" "Mozilla/5.0 AppleWebKit/537.36 (KHTML, like Gecko; compatible; GPTBot/1.3; +https://openai.com/gptbot)"
74.7.227.16 - - [13/Apr/2026:16:08:09 +0000] "GET /whsy.php?e=channel&p=%2Fproc%2F17337%2Fnet%2Frpc%2Fauth.rpcsec.init HTTP/2.0" 200 716 "https://shaksettle.com/whsy.php?p=%2Fproc%2F17337%2Fnet%2Frpc%2Fauth.rpcsec.init" "Mozilla/5.0 AppleWebKit/537.36 (KHTML, like Gecko; compatible; GPTBot/1.3; +https://openai.com/gptbot)"
74.7.241.28 - - [13/Apr/2026:16:08:12 +0000] "GET /whsy.php?e=mountstats&p=%2Fproc%2F14101 HTTP/2.0" 200 947 "https://www.shaksettle.com.lab2454.com/whsy.php?p=%2Fproc%2F14101" "Mozilla/5.0 AppleWebKit/537.36 (KHTML, like Gecko; compatible; GPTBot/1.3; +https://openai.com/gptbot)"
74.7.227.16 - - [13/Apr/2026:16:08:13 +0000] "GET /whsy.php?e=dummy0&p=%2Fproc%2F17337%2Fnet%2Fdev_snmp6 HTTP/2.0" 200 1560 "https://shaksettle.com/whsy.php?p=%2Fproc%2F17337%2Fnet%2Fdev_snmp6" "Mozilla/5.0 AppleWebKit/537.36 (KHTML, like Gecko; compatible; GPTBot/1.3; +https://openai.com/gptbot)"
144.76.32.187 - - [13/Apr/2026:16:08:13 +0000] "GET /whsy.php?e=wchan&p=/proc/28490 HTTP/1.1" 200 947 "-" "Mozilla/5.0 (compatible; SERankingBacklinksBot/1.0; +https://seranking.com/backlinks-crawler)"
74.7.241.28 - - [13/Apr/2026:16:08:16 +0000] "GET /whsy.php?e=mountstats&p=%2Fproc%2F19989 HTTP/2.0" 200 1936 "https://www.shaksettle.com.lab2454.com/whsy.php?p=%2Fproc%2F19989" "Mozilla/5.0 AppleWebKit/537.36 (KHTML, like Gecko; compatible; GPTBot/1.3; +https://openai.com/gptbot)"
74.7.227.16 - - [13/Apr/2026:16:08:16 +0000] "GET /whsy.php?e=arp_tables_targets&p=%2Fproc%2F30382%2Fnet HTTP/2.0" 200 947 "https://shaksettle.com/whsy.php?p=%2Fproc%2F30382%2Fnet" "Mozilla/5.0 AppleWebKit/537.36 (KHTML, like Gecko; compatible; GPTBot/1.3; +https://openai.com/gptbot)"
74.7.241.28 - - [13/Apr/2026:16:08:19 +0000] "GET /whsy.php?e=mountstats&p=%2Fproc%2F23637 HTTP/2.0" 200 1936 "https://www.shaksettle.com.lab2454.com/whsy.php?p=%2Fproc%2F23637" "Mozilla/5.0 AppleWebKit/537.36 (KHTML, like Gecko; compatible; GPTBot/1.3; +https://openai.com/gptbot)"
74.7.227.16 - - [13/Apr/2026:16:08:20 +0000] "GET /whsy.php?e=nf_conntrack_expect&p=%2Fproc%2F28986%2Fnet HTTP/2.0" 200 947 "https://shaksettle.com/whsy.php?p=%2Fproc%2F28986%2Fnet" "Mozilla/5.0 AppleWebKit/537.36 (KHTML, like Gecko; compatible; GPTBot/1.3; +https://openai.com/gptbot)"
144.76.32.187 - - [13/Apr/2026:16:08:20 +0000] "GET /whsy.php?p=/proc/51/task/51/.. HTTP/1.1" 200 487 "-" "Mozilla/5.0 (compatible; SERankingBacklinksBot/1.0; +https://seranking.com/backlinks-crawler)"
74.7.241.28 - - [13/Apr/2026:16:08:23 +0000] "GET /whsy.php?e=timers&p=%2Fproc%2F32355 HTTP/2.0" 200 2006 "https://www.shaksettle.com.lab2454.com/whsy.php?p=%2Fproc%2F32355" "Mozilla/5.0 AppleWebKit/537.36 (KHTML, like Gecko; compatible; GPTBot/1.3; +https://openai.com/gptbot)"
74.7.227.16 - - [13/Apr/2026:16:08:23 +0000] "GET /whsy.php?e=arp_tables_matches&p=%2Fproc%2F21699%2Fnet HTTP/2.0" 200 947 "https://shaksettle.com/whsy.php?p=%2Fproc%2F21699%2Fnet" "Mozilla/5.0 AppleWebKit/537.36 (KHTML, like Gecko; compatible; GPTBot/1.3; +https://openai.com/gptbot)"
74.7.241.28 - - [13/Apr/2026:16:08:26 +0000] "GET /whsy.php?e=status&p=%2Fproc%2F32355 HTTP/2.0" 200 2583 "https://www.shaksettle.com.lab2454.com/whsy.php?p=%2Fproc%2F32355" "Mozilla/5.0 AppleWebKit/537.36 (KHTML, like Gecko; compatible; GPTBot/1.3; +https://openai.com/gptbot)"
74.7.227.16 - - [13/Apr/2026:16:08:27 +0000] "GET /whsy.php?e=arp_tables_targets&p=%2Fproc%2F31021%2Fnet HTTP/2.0" 200 947 "https://shaksettle.com/whsy.php?p=%2Fproc%2F31021%2Fnet" "Mozilla/5.0 AppleWebKit/537.36 (KHTML, like Gecko; compatible; GPTBot/1.3; +https://openai.com/gptbot)"
144.76.32.187 - - [13/Apr/2026:16:08:30 +0000] "GET /whsy.php?e=sched&p=/proc/28490 HTTP/1.1" 200 947 "-" "Mozilla/5.0 (compatible; SERankingBacklinksBot/1.0; +https://seranking.com/backlinks-crawler)"
74.7.241.28 - - [13/Apr/2026:16:08:30 +0000] "GET /whsy.php?e=timers&p=%2Fproc%2F23457 HTTP/2.0" 200 2006 "https://www.shaksettle.com.lab2454.com/whsy.php?p=%2Fproc%2F23457" "Mozilla/5.0 AppleWebKit/537.36 (KHTML, like Gecko; compatible; GPTBot/1.3; +https://openai.com/gptbot)"
74.7.227.16 - - [13/Apr/2026:16:08:30 +0000] "GET /whsy.php?e=nf_conntrack_expect&p=%2Fproc%2F12739%2Fnet HTTP/2.0" 200 947 "https://shaksettle.com/whsy.php?p=%2Fproc%2F12739%2Fnet" "Mozilla/5.0 AppleWebKit/537.36 (KHTML, like Gecko; compatible; GPTBot/1.3; +https://openai.com/gptbot)"
144.76.32.187 - - [13/Apr/2026:16:08:33 +0000] "GET /whsy.php?e=stack&p=/proc/28490 HTTP/1.1" 200 947 "-" "Mozilla/5.0 (compatible; SERankingBacklinksBot/1.0; +https://seranking.com/backlinks-crawler)"
74.7.241.28 - - [13/Apr/2026:16:08:34 +0000] "GET /whsy.php?e=timers&p=%2Fproc%2F11587 HTTP/2.0" 200 947 "https://www.shaksettle.com.lab2454.com/whsy.php?p=%2Fproc%2F11587" "Mozilla/5.0 AppleWebKit/537.36 (KHTML, like Gecko; compatible; GPTBot/1.3; +https://openai.com/gptbot)"
74.7.227.16 - - [13/Apr/2026:16:08:34 +0000] "GET /whsy.php?e=arp_tables_targets&p=%2Fproc%2F23593%2Fnet HTTP/2.0" 200 947 "https://shaksettle.com/whsy.php?p=%2Fproc%2F23593%2Fnet" "Mozilla/5.0 AppleWebKit/537.36 (KHTML, like Gecko; compatible; GPTBot/1.3; +https://openai.com/gptbot)"
144.76.32.187 - - [13/Apr/2026:16:08:37 +0000] "GET /whsy.php?p=/proc/20/net/rpc/.. HTTP/1.1" 200 2438 "-" "Mozilla/5.0 (compatible; SERankingBacklinksBot/1.0; +https://seranking.com/backlinks-crawler)"
74.7.241.28 - - [13/Apr/2026:16:08:37 +0000] "GET /whsy.php?e=limits&p=%2Fproc%2F14101 HTTP/2.0" 200 947 "https://www.shaksettle.com.lab2454.com/whsy.php?p=%2Fproc%2F14101" "Mozilla/5.0 AppleWebKit/537.36 (KHTML, like Gecko; compatible; GPTBot/1.3; +https://openai.com/gptbot)"
74.7.227.16 - - [13/Apr/2026:16:08:37 +0000] "GET /whsy.php?e=nf_conntrack_expect&p=%2Fproc%2F23791%2Fnet HTTP/2.0" 200 947 "https://shaksettle.com/whsy.php?p=%2Fproc%2F23791%2Fnet" "Mozilla/5.0 AppleWebKit/537.36 (KHTML, like Gecko; compatible; GPTBot/1.3; +https://openai.com/gptbot)"
144.76.32.187 - - [13/Apr/2026:16:08:40 +0000] "GET /whsy.php?p=/proc/51/task/51/fd HTTP/1.1" 200 4699 "-" "Mozilla/5.0 (compatible; SERankingBacklinksBot/1.0; +https://seranking.com/backlinks-crawler)"
74.7.241.28 - - [13/Apr/2026:16:08:41 +0000] "GET /whsy.php?e=mounts&p=%2Fproc%2F19989 HTTP/2.0" 200 2649 "https://www.shaksettle.com.lab2454.com/whsy.php?p=%2Fproc%2F19989" "Mozilla/5.0 AppleWebKit/537.36 (KHTML, like Gecko; compatible; GPTBot/1.3; +https://openai.com/gptbot)"
74.7.227.16 - - [13/Apr/2026:16:08:41 +0000] "GET /whsy.php?e=arp_tables_matches&p=%2Fproc%2F10520%2Fnet HTTP/2.0" 200 947 "https://shaksettle.com/whsy.php?p=%2Fproc%2F10520%2Fnet" "Mozilla/5.0 AppleWebKit/537.36 (KHTML, like Gecko; compatible; GPTBot/1.3; +https://openai.com/gptbot)"
144.76.32.187 - - [13/Apr/2026:16:08:44 +0000] "GET /whsy.php?p=/proc/12/task/12/fd HTTP/1.1" 200 4698 "-" "Mozilla/5.0 (compatible; SERankingBacklinksBot/1.0; +https://seranking.com/backlinks-crawler)"
74.7.241.28 - - [13/Apr/2026:16:08:44 +0000] "GET /whsy.php?e=timers&p=%2Fproc%2F29851 HTTP/2.0" 200 2006 "https://www.shaksettle.com.lab2454.com/whsy.php?p=%2Fproc%2F29851" "Mozilla/5.0 AppleWebKit/537.36 (KHTML, like Gecko; compatible; GPTBot/1.3; +https://openai.com/gptbot)"
74.7.227.16 - - [13/Apr/2026:16:08:45 +0000] "GET /whsy.php?e=arp_tables_matches&p=%2Fproc%2F24553%2Fnet HTTP/2.0" 200 947 "https://shaksettle.com/whsy.php?e=arp_tables_targets&p=%2Fproc%2F24553%2Fnet" "Mozilla/5.0 AppleWebKit/537.36 (KHTML, like Gecko; compatible; GPTBot/1.3; +https://openai.com/gptbot)"
144.76.32.187 - - [13/Apr/2026:16:08:47 +0000] "GET /whsy.php?p=/proc/12/task/12/ns HTTP/1.1" 200 4443 "-" "Mozilla/5.0 (compatible; SERankingBacklinksBot/1.0; +https://seranking.com/backlinks-crawler)"
74.7.241.28 - - [13/Apr/2026:16:08:48 +0000] "GET /whsy.php?e=status&p=%2Fproc%2F29851 HTTP/2.0" 200 2371 "https://www.shaksettle.com.lab2454.com/whsy.php?p=%2Fproc%2F29851" "Mozilla/5.0 AppleWebKit/537.36 (KHTML, like Gecko; compatible; GPTBot/1.3; +https://openai.com/gptbot)"
74.7.227.16 - - [13/Apr/2026:16:08:49 +0000] "GET /whsy.php?e=arp_tables_matches&p=%2Fproc%2F25587%2Fnet HTTP/2.0" 200 947 "https://shaksettle.com/whsy.php?p=%2Fproc%2F25587%2Fnet" "Mozilla/5.0 AppleWebKit/537.36 (KHTML, like Gecko; compatible; GPTBot/1.3; +https://openai.com/gptbot)"
74.7.241.28 - - [13/Apr/2026:16:08:52 +0000] "GET /whsy.php?e=status&p=%2Fproc%2F23457 HTTP/2.0" 200 2376 "https://www.shaksettle.com.lab2454.com/whsy.php?p=%2Fproc%2F23457" "Mozilla/5.0 AppleWebKit/537.36 (KHTML, like Gecko; compatible; GPTBot/1.3; +https://openai.com/gptbot)"
74.7.227.16 - - [13/Apr/2026:16:08:52 +0000] "GET /whsy.php?e=nf_conntrack_expect&p=%2Fproc%2F27579%2Fnet HTTP/2.0" 200 947 "https://shaksettle.com/whsy.php?e=ip_vs_app&p=%2Fproc%2F27579%2Fnet" "Mozilla/5.0 AppleWebKit/537.36 (KHTML, like Gecko; compatible; GPTBot/1.3; +https://openai.com/gptbot)"
144.76.32.187 - - [13/Apr/2026:16:08:53 +0000] "GET /whsy.php?p=/proc/20/task/20/.. HTTP/1.1" 200 486 "-" "Mozilla/5.0 (compatible; SERankingBacklinksBot/1.0; +https://seranking.com/backlinks-crawler)"
74.7.241.28 - - [13/Apr/2026:16:08:56 +0000] "GET /whsy.php?e=status&p=%2Fproc%2F16648 HTTP/2.0" 200 2583 "https://www.shaksettle.com.lab2454.com/whsy.php?p=%2Fproc%2F16648" "Mozilla/5.0 AppleWebKit/537.36 (KHTML, like Gecko; compatible; GPTBot/1.3; +https://openai.com/gptbot)"
74.7.227.16 - - [13/Apr/2026:16:08:56 +0000] "GET /whsy.php?e=arp_tables_matches&p=%2Fproc%2F18129%2Fnet HTTP/2.0" 200 947 "https://shaksettle.com/whsy.php?p=%2Fproc%2F18129%2Fnet" "Mozilla/5.0 AppleWebKit/537.36 (KHTML, like Gecko; compatible; GPTBot/1.3; +https://openai.com/gptbot)"
144.76.32.187 - - [13/Apr/2026:16:08:58 +0000] "GET /whsy.php?p=/proc/20/task/20/fd HTTP/1.1" 200 4613 "-" "Mozilla/5.0 (compatible; SERankingBacklinksBot/1.0; +https://seranking.com/backlinks-crawler)"
74.7.241.28 - - [13/Apr/2026:16:08:59 +0000] "GET /whsy.php?e=status&p=%2Fproc%2F11587 HTTP/2.0" 200 947 "https://www.shaksettle.com.lab2454.com/whsy.php?p=%2Fproc%2F11587" "Mozilla/5.0 AppleWebKit/537.36 (KHTML, like Gecko; compatible; GPTBot/1.3; +https://openai.com/gptbot)"
74.7.227.16 - - [13/Apr/2026:16:08:59 +0000] "GET /whsy.php?e=arp_tables_targets&p=%2Fproc%2F25900%2Fnet HTTP/2.0" 200 2442 "https://shaksettle.com/whsy.php?p=%2Fproc%2F25900%2Fnet" "Mozilla/5.0 AppleWebKit/537.36 (KHTML, like Gecko; compatible; GPTBot/1.3; +https://openai.com/gptbot)"
144.76.32.187 - - [13/Apr/2026:16:09:03 +0000] "GET /whsy.php?p=/proc/51/task/51/ns HTTP/1.1" 200 4529 "-" "Mozilla/5.0 (compatible; SERankingBacklinksBot/1.0; +https://seranking.com/backlinks-crawler)"
74.7.241.28 - - [13/Apr/2026:16:09:03 +0000] "GET /whsy.php?e=mounts&p=%2Fproc%2F23637 HTTP/2.0" 200 2649 "https://www.shaksettle.com.lab2454.com/whsy.php?p=%2Fproc%2F23637" "Mozilla/5.0 AppleWebKit/537.36 (KHTML, like Gecko; compatible; GPTBot/1.3; +https://openai.com/gptbot)"
74.7.227.16 - - [13/Apr/2026:16:09:03 +0000] "GET /whsy.php?e=nf_conntrack_expect&p=%2Fproc%2F23593%2Fnet HTTP/2.0" 200 947 "https://shaksettle.com/whsy.php?p=%2Fproc%2F23593%2Fnet" "Mozilla/5.0 AppleWebKit/537.36 (KHTML, like Gecko; compatible; GPTBot/1.3; +https://openai.com/gptbot)"
