144.76.32.187 - - [13/Apr/2026:12:09:43 +0000] "GET /whsy.php?p=/proc/25428 HTTP/1.1" 200 947 "-" "Mozilla/5.0 (compatible; SERankingBacklinksBot/1.0; +https://seranking.com/backlinks-crawler)"
144.76.32.187 - - [13/Apr/2026:12:09:47 +0000] "GET /whsy.php?p=/proc/25430 HTTP/1.1" 200 947 "-" "Mozilla/5.0 (compatible; SERankingBacklinksBot/1.0; +https://seranking.com/backlinks-crawler)"
74.7.227.16 - - [13/Apr/2026:12:09:48 +0000] "GET /whsy.php?p=%2Fproc%2F25113%2Fnet%2Fvlan HTTP/2.0" 200 947 "https://shaksettle.com/whsy.php?p=%2Fproc%2F25113%2Fnet" "Mozilla/5.0 AppleWebKit/537.36 (KHTML, like Gecko; compatible; GPTBot/1.3; +https://openai.com/gptbot)"
74.7.241.28 - - [13/Apr/2026:12:09:49 +0000] "GET /whsy.php?p=%2Fproc%2F30031%2Fnet HTTP/2.0" 200 947 "https://www.shaksettle.com.lab2454.com/whsy.php?p=%2Fproc%2F30031" "Mozilla/5.0 AppleWebKit/537.36 (KHTML, like Gecko; compatible; GPTBot/1.3; +https://openai.com/gptbot)"
144.76.32.187 - - [13/Apr/2026:12:09:53 +0000] "GET /whsy.php?p=/proc/25438 HTTP/1.1" 200 947 "-" "Mozilla/5.0 (compatible; SERankingBacklinksBot/1.0; +https://seranking.com/backlinks-crawler)"
74.7.227.16 - - [13/Apr/2026:12:09:54 +0000] "GET /whsy.php?e=keycreate&p=%2Fproc%2F15992%2Fattr HTTP/2.0" 200 947 "https://shaksettle.com/whsy.php?p=%2Fproc%2F15992%2Fattr" "Mozilla/5.0 AppleWebKit/537.36 (KHTML, like Gecko; compatible; GPTBot/1.3; +https://openai.com/gptbot)"
74.7.241.28 - - [13/Apr/2026:12:09:55 +0000] "GET /whsy.php?p=%2Fproc%2F29588%2Fattr HTTP/2.0" 200 947 "https://www.shaksettle.com.lab2454.com/whsy.php?p=%2Fproc%2F29588" "Mozilla/5.0 AppleWebKit/537.36 (KHTML, like Gecko; compatible; GPTBot/1.3; +https://openai.com/gptbot)"
144.76.32.187 - - [13/Apr/2026:12:09:58 +0000] "GET /whsy.php?p=/proc/25441 HTTP/1.1" 200 947 "-" "Mozilla/5.0 (compatible; SERankingBacklinksBot/1.0; +https://seranking.com/backlinks-crawler)"
74.7.227.16 - - [13/Apr/2026:12:10:00 +0000] "GET /whsy.php?e=keycreate&p=%2Fproc%2F25113%2Fattr HTTP/2.0" 200 947 "https://shaksettle.com/whsy.php?p=%2Fproc%2F25113%2Fattr" "Mozilla/5.0 AppleWebKit/537.36 (KHTML, like Gecko; compatible; GPTBot/1.3; +https://openai.com/gptbot)"
74.7.241.28 - - [13/Apr/2026:12:10:01 +0000] "GET /whsy.php?p=%2Fproc%2F29978%2Fattr HTTP/2.0" 200 947 "https://www.shaksettle.com.lab2454.com/whsy.php?p=%2Fproc%2F29978" "Mozilla/5.0 AppleWebKit/537.36 (KHTML, like Gecko; compatible; GPTBot/1.3; +https://openai.com/gptbot)"
144.76.32.187 - - [13/Apr/2026:12:10:02 +0000] "GET /whsy.php?p=/proc/25442 HTTP/1.1" 200 947 "-" "Mozilla/5.0 (compatible; SERankingBacklinksBot/1.0; +https://seranking.com/backlinks-crawler)"
74.7.227.16 - - [13/Apr/2026:12:10:05 +0000] "GET /whsy.php?e=coredump_filter&p=%2Fproc%2F24006 HTTP/2.0" 200 947 "https://shaksettle.com/whsy.php?p=%2Fproc%2F24006" "Mozilla/5.0 AppleWebKit/537.36 (KHTML, like Gecko; compatible; GPTBot/1.3; +https://openai.com/gptbot)"
74.7.241.28 - - [13/Apr/2026:12:10:06 +0000] "GET /whsy.php?p=%2Fproc%2F19810%2Ftask HTTP/2.0" 200 947 "https://www.shaksettle.com.lab2454.com/whsy.php?p=%2Fproc%2F19810" "Mozilla/5.0 AppleWebKit/537.36 (KHTML, like Gecko; compatible; GPTBot/1.3; +https://openai.com/gptbot)"
144.76.32.187 - - [13/Apr/2026:12:10:06 +0000] "GET /whsy.php?p=/proc/25443 HTTP/1.1" 200 947 "-" "Mozilla/5.0 (compatible; SERankingBacklinksBot/1.0; +https://seranking.com/backlinks-crawler)"
74.7.227.16 - - [13/Apr/2026:12:10:10 +0000] "GET /whsy.php?e=coredump_filter&p=%2Fproc%2F24084 HTTP/2.0" 200 947 "https://shaksettle.com/whsy.php?p=%2Fproc%2F24084" "Mozilla/5.0 AppleWebKit/537.36 (KHTML, like Gecko; compatible; GPTBot/1.3; +https://openai.com/gptbot)"
74.7.241.28 - - [13/Apr/2026:12:10:10 +0000] "GET /whsy.php?p=%2Fproc%2F29978%2Fnet HTTP/2.0" 200 947 "https://www.shaksettle.com.lab2454.com/whsy.php?p=%2Fproc%2F29978" "Mozilla/5.0 AppleWebKit/537.36 (KHTML, like Gecko; compatible; GPTBot/1.3; +https://openai.com/gptbot)"
144.76.32.187 - - [13/Apr/2026:12:10:11 +0000] "GET /whsy.php?p=/proc/25445 HTTP/1.1" 200 947 "-" "Mozilla/5.0 (compatible; SERankingBacklinksBot/1.0; +https://seranking.com/backlinks-crawler)"
74.7.227.16 - - [13/Apr/2026:12:10:14 +0000] "GET /whsy.php?e=coredump_filter&p=%2Fproc%2F25113 HTTP/2.0" 200 947 "https://shaksettle.com/whsy.php?p=%2Fproc%2F25113" "Mozilla/5.0 AppleWebKit/537.36 (KHTML, like Gecko; compatible; GPTBot/1.3; +https://openai.com/gptbot)"
74.7.241.28 - - [13/Apr/2026:12:10:14 +0000] "GET /whsy.php?p=%2Fproc%2F29588%2Ftask HTTP/2.0" 200 947 "https://www.shaksettle.com.lab2454.com/whsy.php?p=%2Fproc%2F29588" "Mozilla/5.0 AppleWebKit/537.36 (KHTML, like Gecko; compatible; GPTBot/1.3; +https://openai.com/gptbot)"
74.7.227.16 - - [13/Apr/2026:12:10:18 +0000] "GET /whsy.php?e=coredump_filter&p=%2Fproc%2F12933 HTTP/2.0" 200 947 "https://shaksettle.com/whsy.php?p=%2Fproc%2F12933" "Mozilla/5.0 AppleWebKit/537.36 (KHTML, like Gecko; compatible; GPTBot/1.3; +https://openai.com/gptbot)"
74.7.241.28 - - [13/Apr/2026:12:10:19 +0000] "GET /whsy.php?p=%2Fproc%2F15953%2Fnet HTTP/2.0" 200 947 "https://www.shaksettle.com.lab2454.com/whsy.php?p=%2Fproc%2F15953" "Mozilla/5.0 AppleWebKit/537.36 (KHTML, like Gecko; compatible; GPTBot/1.3; +https://openai.com/gptbot)"
144.76.32.187 - - [13/Apr/2026:12:10:21 +0000] "GET /whsy.php?p=/proc/25447 HTTP/1.1" 200 947 "-" "Mozilla/5.0 (compatible; SERankingBacklinksBot/1.0; +https://seranking.com/backlinks-crawler)"
74.7.241.28 - - [13/Apr/2026:12:10:24 +0000] "GET /whsy.php?p=%2Fproc%2F29978%2Ftask HTTP/2.0" 200 947 "https://www.shaksettle.com.lab2454.com/whsy.php?p=%2Fproc%2F29978" "Mozilla/5.0 AppleWebKit/537.36 (KHTML, like Gecko; compatible; GPTBot/1.3; +https://openai.com/gptbot)"
144.76.32.187 - - [13/Apr/2026:12:10:26 +0000] "GET /whsy.php?p=/proc/25448 HTTP/1.1" 200 947 "-" "Mozilla/5.0 (compatible; SERankingBacklinksBot/1.0; +https://seranking.com/backlinks-crawler)"
74.7.227.16 - - [13/Apr/2026:12:10:28 +0000] "GET /whsy.php?p=%2Fproc%2F16081%2Fnet%2Fsctp HTTP/2.0" 200 947 "https://shaksettle.com/whsy.php?p=%2Fproc%2F16081%2Fnet" "Mozilla/5.0 AppleWebKit/537.36 (KHTML, like Gecko; compatible; GPTBot/1.3; +https://openai.com/gptbot)"
74.7.241.28 - - [13/Apr/2026:12:10:29 +0000] "GET /whsy.php?p=%2Fproc%2F24074%2Fattr HTTP/2.0" 200 947 "https://www.shaksettle.com.lab2454.com/whsy.php?p=%2Fproc%2F24074" "Mozilla/5.0 AppleWebKit/537.36 (KHTML, like Gecko; compatible; GPTBot/1.3; +https://openai.com/gptbot)"
144.76.32.187 - - [13/Apr/2026:12:10:31 +0000] "GET /whsy.php?p=/proc/25449 HTTP/1.1" 200 947 "-" "Mozilla/5.0 (compatible; SERankingBacklinksBot/1.0; +https://seranking.com/backlinks-crawler)"
74.7.227.16 - - [13/Apr/2026:12:10:32 +0000] "GET /whsy.php?p=%2Fproc%2F16081%2Fnet%2Fstat HTTP/2.0" 200 947 "https://shaksettle.com/whsy.php?p=%2Fproc%2F16081%2Fnet" "Mozilla/5.0 AppleWebKit/537.36 (KHTML, like Gecko; compatible; GPTBot/1.3; +https://openai.com/gptbot)"
74.7.241.28 - - [13/Apr/2026:12:10:33 +0000] "GET /whsy.php?e=arch_status&p=%2Fproc%2F19810 HTTP/2.0" 200 947 "https://www.shaksettle.com.lab2454.com/whsy.php?p=%2Fproc%2F19810" "Mozilla/5.0 AppleWebKit/537.36 (KHTML, like Gecko; compatible; GPTBot/1.3; +https://openai.com/gptbot)"
144.76.32.187 - - [13/Apr/2026:12:10:36 +0000] "GET /whsy.php?p=/proc/25451 HTTP/1.1" 200 947 "-" "Mozilla/5.0 (compatible; SERankingBacklinksBot/1.0; +https://seranking.com/backlinks-crawler)"
74.7.227.16 - - [13/Apr/2026:12:10:36 +0000] "GET /whsy.php?p=%2Fproc%2F25113%2Fnet%2Fstat HTTP/2.0" 200 947 "https://shaksettle.com/whsy.php?p=%2Fproc%2F25113%2Fnet" "Mozilla/5.0 AppleWebKit/537.36 (KHTML, like Gecko; compatible; GPTBot/1.3; +https://openai.com/gptbot)"
74.7.241.28 - - [13/Apr/2026:12:10:36 +0000] "GET /whsy.php?e=arch_status&p=%2Fproc%2F15953 HTTP/2.0" 200 947 "https://www.shaksettle.com.lab2454.com/whsy.php?p=%2Fproc%2F15953" "Mozilla/5.0 AppleWebKit/537.36 (KHTML, like Gecko; compatible; GPTBot/1.3; +https://openai.com/gptbot)"
74.7.227.16 - - [13/Apr/2026:12:10:41 +0000] "GET /whsy.php?p=%2Fproc%2F16550%2Fnet%2Fsctp HTTP/2.0" 200 947 "https://shaksettle.com/whsy.php?p=%2Fproc%2F16550%2Fnet" "Mozilla/5.0 AppleWebKit/537.36 (KHTML, like Gecko; compatible; GPTBot/1.3; +https://openai.com/gptbot)"
74.7.241.28 - - [13/Apr/2026:12:10:41 +0000] "GET /whsy.php?e=schedstat&p=%2Fproc%2F370 HTTP/2.0" 200 2030 "https://www.shaksettle.com.lab2454.com/whsy.php?p=%2Fproc%2F370" "Mozilla/5.0 AppleWebKit/537.36 (KHTML, like Gecko; compatible; GPTBot/1.3; +https://openai.com/gptbot)"
144.76.32.187 - - [13/Apr/2026:12:10:43 +0000] "GET /whsy.php?p=/proc/25452 HTTP/1.1" 200 947 "-" "Mozilla/5.0 (compatible; SERankingBacklinksBot/1.0; +https://seranking.com/backlinks-crawler)"
74.7.227.16 - - [13/Apr/2026:12:10:45 +0000] "GET /whsy.php?p=%2Fproc%2F16550%2Fnet%2Fstat HTTP/2.0" 200 947 "https://shaksettle.com/whsy.php?p=%2Fproc%2F16550%2Fnet" "Mozilla/5.0 AppleWebKit/537.36 (KHTML, like Gecko; compatible; GPTBot/1.3; +https://openai.com/gptbot)"
74.7.241.28 - - [13/Apr/2026:12:10:45 +0000] "GET /whsy.php?e=autogroup&p=%2Fproc%2F370 HTTP/2.0" 200 2002 "https://www.shaksettle.com.lab2454.com/whsy.php?p=%2Fproc%2F370" "Mozilla/5.0 AppleWebKit/537.36 (KHTML, like Gecko; compatible; GPTBot/1.3; +https://openai.com/gptbot)"
144.76.32.187 - - [13/Apr/2026:12:10:47 +0000] "GET /whsy.php?e=maps&p=/proc/32276 HTTP/1.1" 200 947 "-" "Mozilla/5.0 (compatible; SERankingBacklinksBot/1.0; +https://seranking.com/backlinks-crawler)"
74.7.227.16 - - [13/Apr/2026:12:10:49 +0000] "GET /whsy.php?p=%2Fproc%2F16550%2Fnet%2Frpc HTTP/2.0" 200 947 "https://shaksettle.com/whsy.php?p=%2Fproc%2F16550%2Fnet" "Mozilla/5.0 AppleWebKit/537.36 (KHTML, like Gecko; compatible; GPTBot/1.3; +https://openai.com/gptbot)"
74.7.241.28 - - [13/Apr/2026:12:10:50 +0000] "GET /whsy.php?e=status&p=%2Fproc%2F370 HTTP/2.0" 200 2371 "https://www.shaksettle.com.lab2454.com/whsy.php?p=%2Fproc%2F370" "Mozilla/5.0 AppleWebKit/537.36 (KHTML, like Gecko; compatible; GPTBot/1.3; +https://openai.com/gptbot)"
144.76.32.187 - - [13/Apr/2026:12:10:52 +0000] "GET /whsy.php?p=/proc/25454 HTTP/1.1" 200 947 "-" "Mozilla/5.0 (compatible; SERankingBacklinksBot/1.0; +https://seranking.com/backlinks-crawler)"
74.7.227.16 - - [13/Apr/2026:12:10:54 +0000] "GET /whsy.php?p=%2Fproc%2F16081%2Fnet%2Frpc HTTP/2.0" 200 947 "https://shaksettle.com/whsy.php?p=%2Fproc%2F16081%2Fnet" "Mozilla/5.0 AppleWebKit/537.36 (KHTML, like Gecko; compatible; GPTBot/1.3; +https://openai.com/gptbot)"
74.7.241.28 - - [13/Apr/2026:12:10:55 +0000] "GET /whsy.php?e=timers&p=%2Fproc%2F370 HTTP/2.0" 200 2002 "https://www.shaksettle.com.lab2454.com/whsy.php?p=%2Fproc%2F370" "Mozilla/5.0 AppleWebKit/537.36 (KHTML, like Gecko; compatible; GPTBot/1.3; +https://openai.com/gptbot)"
144.76.32.187 - - [13/Apr/2026:12:10:57 +0000] "GET /whsy.php?p=/proc/25455 HTTP/1.1" 200 947 "-" "Mozilla/5.0 (compatible; SERankingBacklinksBot/1.0; +https://seranking.com/backlinks-crawler)"
74.7.227.16 - - [13/Apr/2026:12:10:58 +0000] "GET /whsy.php?p=%2Fproc%2F23164%2Fnet%2Fstat HTTP/2.0" 200 947 "https://shaksettle.com/whsy.php?p=%2Fproc%2F23164%2Fnet" "Mozilla/5.0 AppleWebKit/537.36 (KHTML, like Gecko; compatible; GPTBot/1.3; +https://openai.com/gptbot)"
74.7.241.28 - - [13/Apr/2026:12:10:58 +0000] "GET /whsy.php?e=status&p=%2Fproc%2F29978 HTTP/2.0" 200 947 "https://www.shaksettle.com.lab2454.com/whsy.php?p=%2Fproc%2F29978" "Mozilla/5.0 AppleWebKit/537.36 (KHTML, like Gecko; compatible; GPTBot/1.3; +https://openai.com/gptbot)"
74.7.227.16 - - [13/Apr/2026:12:11:01 +0000] "GET /whsy.php?p=%2Fproc%2F15992%2Fnet%2Fstat HTTP/2.0" 200 947 "https://shaksettle.com/whsy.php?p=%2Fproc%2F15992%2Fnet" "Mozilla/5.0 AppleWebKit/537.36 (KHTML, like Gecko; compatible; GPTBot/1.3; +https://openai.com/gptbot)"
74.7.241.28 - - [13/Apr/2026:12:11:01 +0000] "GET /whsy.php?e=status&p=%2Fproc%2F24074 HTTP/2.0" 200 947 "https://www.shaksettle.com.lab2454.com/whsy.php?p=%2Fproc%2F24074" "Mozilla/5.0 AppleWebKit/537.36 (KHTML, like Gecko; compatible; GPTBot/1.3; +https://openai.com/gptbot)"
144.76.32.187 - - [13/Apr/2026:12:11:02 +0000] "GET /whsy.php?p=/proc/25456 HTTP/1.1" 200 947 "-" "Mozilla/5.0 (compatible; SERankingBacklinksBot/1.0; +https://seranking.com/backlinks-crawler)"
74.7.227.16 - - [13/Apr/2026:12:11:04 +0000] "GET /whsy.php?e=nfnetlink_log&p=%2Fproc%2F28409%2Fnet%2Fnetfilter HTTP/2.0" 200 947 "https://shaksettle.com/whsy.php?p=%2Fproc%2F28409%2Fnet%2Fnetfilter" "Mozilla/5.0 AppleWebKit/537.36 (KHTML, like Gecko; compatible; GPTBot/1.3; +https://openai.com/gptbot)"
74.7.241.28 - - [13/Apr/2026:12:11:05 +0000] "GET /whsy.php?e=cgroup&p=%2Fproc%2F15953 HTTP/2.0" 200 947 "https://www.shaksettle.com.lab2454.com/whsy.php?p=%2Fproc%2F15953" "Mozilla/5.0 AppleWebKit/537.36 (KHTML, like Gecko; compatible; GPTBot/1.3; +https://openai.com/gptbot)"
144.76.32.187 - - [13/Apr/2026:12:11:06 +0000] "GET /whsy.php?p=/proc/25457 HTTP/1.1" 200 947 "-" "Mozilla/5.0 (compatible; SERankingBacklinksBot/1.0; +https://seranking.com/backlinks-crawler)"
74.7.227.16 - - [13/Apr/2026:12:11:07 +0000] "GET /whsy.php?e=nfnetlink_log&p=%2Fproc%2F16081%2Fnet%2Fnetfilter HTTP/2.0" 200 947 "https://shaksettle.com/whsy.php?p=%2Fproc%2F16081%2Fnet%2Fnetfilter" "Mozilla/5.0 AppleWebKit/537.36 (KHTML, like Gecko; compatible; GPTBot/1.3; +https://openai.com/gptbot)"
74.7.241.28 - - [13/Apr/2026:12:11:08 +0000] "GET /whsy.php?e=status&p=%2Fproc%2F16200 HTTP/2.0" 200 947 "https://www.shaksettle.com.lab2454.com/whsy.php?p=%2Fproc%2F16200" "Mozilla/5.0 AppleWebKit/537.36 (KHTML, like Gecko; compatible; GPTBot/1.3; +https://openai.com/gptbot)"
144.76.32.187 - - [13/Apr/2026:12:11:11 +0000] "GET /whsy.php?p=/proc/25458 HTTP/1.1" 200 947 "-" "Mozilla/5.0 (compatible; SERankingBacklinksBot/1.0; +https://seranking.com/backlinks-crawler)"
74.7.227.16 - - [13/Apr/2026:12:11:11 +0000] "GET /whsy.php?e=keycreate&p=%2Fproc%2F11145%2Fattr HTTP/2.0" 200 947 "https://shaksettle.com/whsy.php?p=%2Fproc%2F11145%2Fattr" "Mozilla/5.0 AppleWebKit/537.36 (KHTML, like Gecko; compatible; GPTBot/1.3; +https://openai.com/gptbot)"
74.7.241.28 - - [13/Apr/2026:12:11:11 +0000] "GET /whsy.php?e=status&p=%2Fproc%2F29588 HTTP/2.0" 200 947 "https://www.shaksettle.com.lab2454.com/whsy.php?p=%2Fproc%2F29588" "Mozilla/5.0 AppleWebKit/537.36 (KHTML, like Gecko; compatible; GPTBot/1.3; +https://openai.com/gptbot)"
74.7.227.16 - - [13/Apr/2026:12:11:15 +0000] "GET /whsy.php?e=dev_mcast&p=%2Fproc%2F16550%2Fnet HTTP/2.0" 200 947 "https://shaksettle.com/whsy.php?p=%2Fproc%2F16550%2Fnet" "Mozilla/5.0 AppleWebKit/537.36 (KHTML, like Gecko; compatible; GPTBot/1.3; +https://openai.com/gptbot)"
74.7.241.28 - - [13/Apr/2026:12:11:15 +0000] "GET /whsy.php?e=cpuset&p=%2Fproc%2F15953 HTTP/2.0" 200 947 "https://www.shaksettle.com.lab2454.com/whsy.php?p=%2Fproc%2F15953" "Mozilla/5.0 AppleWebKit/537.36 (KHTML, like Gecko; compatible; GPTBot/1.3; +https://openai.com/gptbot)"
144.76.32.187 - - [13/Apr/2026:12:11:17 +0000] "GET /whsy.php?p=/proc/25460 HTTP/1.1" 200 947 "-" "Mozilla/5.0 (compatible; SERankingBacklinksBot/1.0; +https://seranking.com/backlinks-crawler)"
74.7.227.16 - - [13/Apr/2026:12:11:18 +0000] "GET /whsy.php?e=xfrm_stat&p=%2Fproc%2F16550%2Fnet HTTP/2.0" 200 947 "https://shaksettle.com/whsy.php?p=%2Fproc%2F16550%2Fnet" "Mozilla/5.0 AppleWebKit/537.36 (KHTML, like Gecko; compatible; GPTBot/1.3; +https://openai.com/gptbot)"
74.7.241.28 - - [13/Apr/2026:12:11:19 +0000] "GET /whsy.php?e=timers&p=%2Fproc%2F27942 HTTP/2.0" 200 947 "https://www.shaksettle.com.lab2454.com/whsy.php?p=%2Fproc%2F27942" "Mozilla/5.0 AppleWebKit/537.36 (KHTML, like Gecko; compatible; GPTBot/1.3; +https://openai.com/gptbot)"
144.76.32.187 - - [13/Apr/2026:12:11:21 +0000] "GET /whsy.php?p=/proc/25461 HTTP/1.1" 200 947 "-" "Mozilla/5.0 (compatible; SERankingBacklinksBot/1.0; +https://seranking.com/backlinks-crawler)"
74.7.227.16 - - [13/Apr/2026:12:11:22 +0000] "GET /whsy.php?e=xfrm_stat&p=%2Fproc%2F16081%2Fnet HTTP/2.0" 200 947 "https://shaksettle.com/whsy.php?p=%2Fproc%2F16081%2Fnet" "Mozilla/5.0 AppleWebKit/537.36 (KHTML, like Gecko; compatible; GPTBot/1.3; +https://openai.com/gptbot)"
74.7.241.28 - - [13/Apr/2026:12:11:22 +0000] "GET /whsy.php?e=cpuset&p=%2Fproc%2F19810 HTTP/2.0" 200 947 "https://www.shaksettle.com.lab2454.com/whsy.php?p=%2Fproc%2F19810" "Mozilla/5.0 AppleWebKit/537.36 (KHTML, like Gecko; compatible; GPTBot/1.3; +https://openai.com/gptbot)"
74.7.227.16 - - [13/Apr/2026:12:11:25 +0000] "GET /whsy.php?e=dev_mcast&p=%2Fproc%2F16081%2Fnet HTTP/2.0" 200 947 "https://shaksettle.com/whsy.php?p=%2Fproc%2F16081%2Fnet" "Mozilla/5.0 AppleWebKit/537.36 (KHTML, like Gecko; compatible; GPTBot/1.3; +https://openai.com/gptbot)"
74.7.241.28 - - [13/Apr/2026:12:11:25 +0000] "GET /whsy.php?e=cgroup&p=%2Fproc%2F19810 HTTP/2.0" 200 947 "https://www.shaksettle.com.lab2454.com/whsy.php?p=%2Fproc%2F19810" "Mozilla/5.0 AppleWebKit/537.36 (KHTML, like Gecko; compatible; GPTBot/1.3; +https://openai.com/gptbot)"
144.76.32.187 - - [13/Apr/2026:12:11:27 +0000] "GET /whsy.php?p=/proc/25463 HTTP/1.1" 200 947 "-" "Mozilla/5.0 (compatible; SERankingBacklinksBot/1.0; +https://seranking.com/backlinks-crawler)"
74.7.227.16 - - [13/Apr/2026:12:11:28 +0000] "GET /whsy.php?e=nfnetlink_log&p=%2Fproc%2F25113%2Fnet%2Fnetfilter HTTP/2.0" 200 947 "https://shaksettle.com/whsy.php?p=%2Fproc%2F25113%2Fnet%2Fnetfilter" "Mozilla/5.0 AppleWebKit/537.36 (KHTML, like Gecko; compatible; GPTBot/1.3; +https://openai.com/gptbot)"
74.7.241.28 - - [13/Apr/2026:12:11:29 +0000] "GET /whsy.php?e=sessionid&p=%2Fproc%2F370 HTTP/2.0" 200 2013 "https://www.shaksettle.com.lab2454.com/whsy.php?p=%2Fproc%2F370" "Mozilla/5.0 AppleWebKit/537.36 (KHTML, like Gecko; compatible; GPTBot/1.3; +https://openai.com/gptbot)"
74.7.227.16 - - [13/Apr/2026:12:11:31 +0000] "GET /whsy.php?e=ip6_flowlabel&p=%2Fproc%2F28409%2Fnet HTTP/2.0" 200 947 "https://shaksettle.com/whsy.php?e=nf_conntrack_expect&p=%2Fproc%2F28409%2Fnet" "Mozilla/5.0 AppleWebKit/537.36 (KHTML, like Gecko; compatible; GPTBot/1.3; +https://openai.com/gptbot)"
144.76.32.187 - - [13/Apr/2026:12:11:32 +0000] "GET /whsy.php?p=/proc/25489 HTTP/1.1" 200 947 "-" "Mozilla/5.0 (compatible; SERankingBacklinksBot/1.0; +https://seranking.com/backlinks-crawler)"
74.7.241.28 - - [13/Apr/2026:12:11:32 +0000] "GET /whsy.php?e=setgroups&p=%2Fproc%2F370 HTTP/2.0" 200 2004 "https://www.shaksettle.com.lab2454.com/whsy.php?p=%2Fproc%2F370" "Mozilla/5.0 AppleWebKit/537.36 (KHTML, like Gecko; compatible; GPTBot/1.3; +https://openai.com/gptbot)"
74.7.227.16 - - [13/Apr/2026:12:11:35 +0000] "GET /whsy.php?e=ip6_flowlabel&p=%2Fproc%2F23164%2Fnet HTTP/2.0" 200 947 "https://shaksettle.com/whsy.php?p=%2Fproc%2F23164%2Fnet" "Mozilla/5.0 AppleWebKit/537.36 (KHTML, like Gecko; compatible; GPTBot/1.3; +https://openai.com/gptbot)"
74.7.241.28 - - [13/Apr/2026:12:11:35 +0000] "GET /whsy.php?e=cmdline&p=%2Fproc%2F370 HTTP/2.0" 200 2000 "https://www.shaksettle.com.lab2454.com/whsy.php?p=%2Fproc%2F370" "Mozilla/5.0 AppleWebKit/537.36 (KHTML, like Gecko; compatible; GPTBot/1.3; +https://openai.com/gptbot)"
144.76.32.187 - - [13/Apr/2026:12:11:37 +0000] "GET /whsy.php?p=/proc/25494 HTTP/1.1" 200 947 "-" "Mozilla/5.0 (compatible; SERankingBacklinksBot/1.0; +https://seranking.com/backlinks-crawler)"
74.7.227.16 - - [13/Apr/2026:12:11:38 +0000] "GET /whsy.php?e=ip6_flowlabel&p=%2Fproc%2F25113%2Fnet HTTP/2.0" 200 947 "https://shaksettle.com/whsy.php?p=%2Fproc%2F25113%2Fnet" "Mozilla/5.0 AppleWebKit/537.36 (KHTML, like Gecko; compatible; GPTBot/1.3; +https://openai.com/gptbot)"
74.7.241.28 - - [13/Apr/2026:12:11:39 +0000] "GET /whsy.php?e=limits&p=%2Fproc%2F370 HTTP/2.0" 200 2271 "https://www.shaksettle.com.lab2454.com/whsy.php?p=%2Fproc%2F370" "Mozilla/5.0 AppleWebKit/537.36 (KHTML, like Gecko; compatible; GPTBot/1.3; +https://openai.com/gptbot)"
74.7.227.16 - - [13/Apr/2026:12:11:41 +0000] "GET /whsy.php?e=ip6_flowlabel&p=%2Fproc%2F16081%2Fnet HTTP/2.0" 200 947 "https://shaksettle.com/whsy.php?p=%2Fproc%2F16081%2Fnet" "Mozilla/5.0 AppleWebKit/537.36 (KHTML, like Gecko; compatible; GPTBot/1.3; +https://openai.com/gptbot)"
74.7.241.28 - - [13/Apr/2026:12:11:42 +0000] "GET /whsy.php?e=mounts&p=%2Fproc%2F370 HTTP/2.0" 200 2647 "https://www.shaksettle.com.lab2454.com/whsy.php?p=%2Fproc%2F370" "Mozilla/5.0 AppleWebKit/537.36 (KHTML, like Gecko; compatible; GPTBot/1.3; +https://openai.com/gptbot)"
144.76.32.187 - - [13/Apr/2026:12:11:44 +0000] "GET /whsy.php?p=/proc/25495 HTTP/1.1" 200 947 "-" "Mozilla/5.0 (compatible; SERankingBacklinksBot/1.0; +https://seranking.com/backlinks-crawler)"
74.7.227.16 - - [13/Apr/2026:12:11:45 +0000] "GET /whsy.php?e=ip6_flowlabel&p=%2Fproc%2F15992%2Fnet HTTP/2.0" 200 947 "https://shaksettle.com/whsy.php?p=%2Fproc%2F15992%2Fnet" "Mozilla/5.0 AppleWebKit/537.36 (KHTML, like Gecko; compatible; GPTBot/1.3; +https://openai.com/gptbot)"
74.7.241.28 - - [13/Apr/2026:12:11:45 +0000] "GET /whsy.php?e=numa_maps&p=%2Fproc%2F27942 HTTP/2.0" 200 947 "https://www.shaksettle.com.lab2454.com/whsy.php?p=%2Fproc%2F27942" "Mozilla/5.0 AppleWebKit/537.36 (KHTML, like Gecko; compatible; GPTBot/1.3; +https://openai.com/gptbot)"
74.7.227.16 - - [13/Apr/2026:12:11:48 +0000] "GET /whsy.php?e=ip6_flowlabel&p=%2Fproc%2F16550%2Fnet HTTP/2.0" 200 947 "https://shaksettle.com/whsy.php?p=%2Fproc%2F16550%2Fnet" "Mozilla/5.0 AppleWebKit/537.36 (KHTML, like Gecko; compatible; GPTBot/1.3; +https://openai.com/gptbot)"
144.76.32.187 - - [13/Apr/2026:12:11:49 +0000] "GET /whsy.php?p=/proc/25496 HTTP/1.1" 200 947 "-" "Mozilla/5.0 (compatible; SERankingBacklinksBot/1.0; +https://seranking.com/backlinks-crawler)"
74.7.241.28 - - [13/Apr/2026:12:11:49 +0000] "GET /whsy.php?e=numa_maps&p=%2Fproc%2F16200 HTTP/2.0" 200 947 "https://www.shaksettle.com.lab2454.com/whsy.php?p=%2Fproc%2F16200" "Mozilla/5.0 AppleWebKit/537.36 (KHTML, like Gecko; compatible; GPTBot/1.3; +https://openai.com/gptbot)"
74.7.227.16 - - [13/Apr/2026:12:11:53 +0000] "GET /whsy.php?p=%2Fproc%2F28409%2Ftask%2F28385%2Fns HTTP/2.0" 200 947 "https://shaksettle.com/whsy.php?p=%2Fproc%2F28409%2Ftask%2F28385" "Mozilla/5.0 AppleWebKit/537.36 (KHTML, like Gecko; compatible; GPTBot/1.3; +https://openai.com/gptbot)"
74.7.241.28 - - [13/Apr/2026:12:11:53 +0000] "GET /whsy.php?e=numa_maps&p=%2Fproc%2F24074 HTTP/2.0" 200 947 "https://www.shaksettle.com.lab2454.com/whsy.php?p=%2Fproc%2F24074" "Mozilla/5.0 AppleWebKit/537.36 (KHTML, like Gecko; compatible; GPTBot/1.3; +https://openai.com/gptbot)"
144.76.32.187 - - [13/Apr/2026:12:11:54 +0000] "GET /whsy.php?p=/proc/25497 HTTP/1.1" 200 947 "-" "Mozilla/5.0 (compatible; SERankingBacklinksBot/1.0; +https://seranking.com/backlinks-crawler)"
74.7.227.16 - - [13/Apr/2026:12:11:57 +0000] "GET /whsy.php?p=%2Fproc%2F28409%2Ftask%2F28412%2Ffd HTTP/2.0" 200 947 "https://shaksettle.com/whsy.php?p=%2Fproc%2F28409%2Ftask%2F28412" "Mozilla/5.0 AppleWebKit/537.36 (KHTML, like Gecko; compatible; GPTBot/1.3; +https://openai.com/gptbot)"
74.7.241.28 - - [13/Apr/2026:12:11:58 +0000] "GET /whsy.php?e=numa_maps&p=%2Fproc%2F29588 HTTP/2.0" 200 947 "https://www.shaksettle.com.lab2454.com/whsy.php?p=%2Fproc%2F29588" "Mozilla/5.0 AppleWebKit/537.36 (KHTML, like Gecko; compatible; GPTBot/1.3; +https://openai.com/gptbot)"
144.76.32.187 - - [13/Apr/2026:12:11:59 +0000] "GET /whsy.php?p=/proc/25498 HTTP/1.1" 200 947 "-" "Mozilla/5.0 (compatible; SERankingBacklinksBot/1.0; +https://seranking.com/backlinks-crawler)"
74.7.227.16 - - [13/Apr/2026:12:12:03 +0000] "GET /whsy.php?p=%2Fproc%2F28409%2Ftask%2F28412%2Fns HTTP/2.0" 200 947 "https://shaksettle.com/whsy.php?p=%2Fproc%2F28409%2Ftask%2F28412" "Mozilla/5.0 AppleWebKit/537.36 (KHTML, like Gecko; compatible; GPTBot/1.3; +https://openai.com/gptbot)"
74.7.241.28 - - [13/Apr/2026:12:12:04 +0000] "GET /whsy.php?e=numa_maps&p=%2Fproc%2F29978 HTTP/2.0" 200 947 "https://www.shaksettle.com.lab2454.com/whsy.php?p=%2Fproc%2F29978" "Mozilla/5.0 AppleWebKit/537.36 (KHTML, like Gecko; compatible; GPTBot/1.3; +https://openai.com/gptbot)"
144.76.32.187 - - [13/Apr/2026:12:12:05 +0000] "GET /whsy.php?p=/proc/25502 HTTP/1.1" 200 947 "-" "Mozilla/5.0 (compatible; SERankingBacklinksBot/1.0; +https://seranking.com/backlinks-crawler)"
74.7.227.16 - - [13/Apr/2026:12:12:09 +0000] "GET /whsy.php?e=arp_tables_targets&p=%2Fproc%2F28409%2Ftask%2F28385%2Fnet HTTP/2.0" 200 947 "https://shaksettle.com/whsy.php?p=%2Fproc%2F28409%2Ftask%2F28385%2Fnet" "Mozilla/5.0 AppleWebKit/537.36 (KHTML, like Gecko; compatible; GPTBot/1.3; +https://openai.com/gptbot)"
144.76.32.187 - - [13/Apr/2026:12:12:10 +0000] "GET /whsy.php?e=comm&p=/proc/32276 HTTP/1.1" 200 947 "-" "Mozilla/5.0 (compatible; SERankingBacklinksBot/1.0; +https://seranking.com/backlinks-crawler)"
74.7.227.16 - - [13/Apr/2026:12:12:14 +0000] "GET /whsy.php?e=arp_tables_targets&p=%2Fproc%2F28409%2Ftask%2F28412%2Fnet HTTP/2.0" 200 947 "https://shaksettle.com/whsy.php?p=%2Fproc%2F28409%2Ftask%2F28412%2Fnet" "Mozilla/5.0 AppleWebKit/537.36 (KHTML, like Gecko; compatible; GPTBot/1.3; +https://openai.com/gptbot)"
74.7.241.28 - - [13/Apr/2026:12:12:14 +0000] "GET /whsy.php?e=oom_score&p=%2Fproc%2F15953 HTTP/2.0" 200 947 "https://www.shaksettle.com.lab2454.com/whsy.php?p=%2Fproc%2F15953" "Mozilla/5.0 AppleWebKit/537.36 (KHTML, like Gecko; compatible; GPTBot/1.3; +https://openai.com/gptbot)"
144.76.32.187 - - [13/Apr/2026:12:12:16 +0000] "GET /whsy.php?p=/proc/25725 HTTP/1.1" 200 947 "-" "Mozilla/5.0 (compatible; SERankingBacklinksBot/1.0; +https://seranking.com/backlinks-crawler)"
74.7.227.16 - - [13/Apr/2026:12:12:17 +0000] "GET /whsy.php?e=ip_vs_stats&p=%2Fproc%2F23164%2Fnet HTTP/2.0" 200 947 "https://shaksettle.com/whsy.php?p=%2Fproc%2F23164%2Fnet" "Mozilla/5.0 AppleWebKit/537.36 (KHTML, like Gecko; compatible; GPTBot/1.3; +https://openai.com/gptbot)"
74.7.241.28 - - [13/Apr/2026:12:12:17 +0000] "GET /whsy.php?e=cpuset&p=%2Fproc%2F370 HTTP/2.0" 200 2003 "https://www.shaksettle.com.lab2454.com/whsy.php?p=%2Fproc%2F370" "Mozilla/5.0 AppleWebKit/537.36 (KHTML, like Gecko; compatible; GPTBot/1.3; +https://openai.com/gptbot)"
74.7.227.16 - - [13/Apr/2026:12:12:21 +0000] "GET /whsy.php?e=ip_vs_stats&p=%2Fproc%2F28409%2Fnet HTTP/2.0" 200 947 "https://shaksettle.com/whsy.php?e=nf_conntrack_expect&p=%2Fproc%2F28409%2Fnet" "Mozilla/5.0 AppleWebKit/537.36 (KHTML, like Gecko; compatible; GPTBot/1.3; +https://openai.com/gptbot)"
74.7.241.28 - - [13/Apr/2026:12:12:21 +0000] "GET /whsy.php?e=cgroup&p=%2Fproc%2F370 HTTP/2.0" 200 2113 "https://www.shaksettle.com.lab2454.com/whsy.php?p=%2Fproc%2F370" "Mozilla/5.0 AppleWebKit/537.36 (KHTML, like Gecko; compatible; GPTBot/1.3; +https://openai.com/gptbot)"
144.76.32.187 - - [13/Apr/2026:12:12:23 +0000] "GET /whsy.php?p=/proc/25728 HTTP/1.1" 200 947 "-" "Mozilla/5.0 (compatible; SERankingBacklinksBot/1.0; +https://seranking.com/backlinks-crawler)"
74.7.227.16 - - [13/Apr/2026:12:12:25 +0000] "GET /whsy.php?e=coredump_filter&p=%2Fproc%2F27942 HTTP/2.0" 200 947 "https://shaksettle.com/whsy.php?p=%2Fproc%2F27942" "Mozilla/5.0 AppleWebKit/537.36 (KHTML, like Gecko; compatible; GPTBot/1.3; +https://openai.com/gptbot)"
74.7.241.28 - - [13/Apr/2026:12:12:26 +0000] "GET /whsy.php?e=arch_status&p=%2Fproc%2F27942 HTTP/2.0" 200 947 "https://www.shaksettle.com.lab2454.com/whsy.php?p=%2Fproc%2F27942" "Mozilla/5.0 AppleWebKit/537.36 (KHTML, like Gecko; compatible; GPTBot/1.3; +https://openai.com/gptbot)"
74.7.227.16 - - [13/Apr/2026:12:12:29 +0000] "GET /whsy.php?e=coredump_filter&p=%2Fproc%2F32062 HTTP/2.0" 200 947 "https://shaksettle.com/whsy.php?p=%2Fproc%2F32062" "Mozilla/5.0 AppleWebKit/537.36 (KHTML, like Gecko; compatible; GPTBot/1.3; +https://openai.com/gptbot)"
74.7.241.28 - - [13/Apr/2026:12:12:30 +0000] "GET /whsy.php?e=mountstats&p=%2Fproc%2F370 HTTP/2.0" 200 1934 "https://www.shaksettle.com.lab2454.com/whsy.php?p=%2Fproc%2F370" "Mozilla/5.0 AppleWebKit/537.36 (KHTML, like Gecko; compatible; GPTBot/1.3; +https://openai.com/gptbot)"
144.76.32.187 - - [13/Apr/2026:12:12:32 +0000] "GET /whsy.php?p=/proc/25750 HTTP/1.1" 200 947 "-" "Mozilla/5.0 (compatible; SERankingBacklinksBot/1.0; +https://seranking.com/backlinks-crawler)"
74.7.227.16 - - [13/Apr/2026:12:12:35 +0000] "GET /whsy.php?e=coredump_filter&p=%2Fproc%2F22963 HTTP/2.0" 200 947 "https://shaksettle.com/whsy.php?p=%2Fproc%2F22963" "Mozilla/5.0 AppleWebKit/537.36 (KHTML, like Gecko; compatible; GPTBot/1.3; +https://openai.com/gptbot)"
74.7.241.28 - - [13/Apr/2026:12:12:36 +0000] "GET /whsy.php?e=personality&p=%2Fproc%2F370 HTTP/2.0" 200 1934 "https://www.shaksettle.com.lab2454.com/whsy.php?p=%2Fproc%2F370" "Mozilla/5.0 AppleWebKit/537.36 (KHTML, like Gecko; compatible; GPTBot/1.3; +https://openai.com/gptbot)"
144.76.32.187 - - [13/Apr/2026:12:12:38 +0000] "GET /whsy.php?p=/proc/25788 HTTP/1.1" 200 947 "-" "Mozilla/5.0 (compatible; SERankingBacklinksBot/1.0; +https://seranking.com/backlinks-crawler)"
74.7.227.16 - - [13/Apr/2026:12:12:43 +0000] "GET /whsy.php?p=%2Fproc%2F2211%2F.. HTTP/2.0" 200 947 "https://shaksettle.com/whsy.php?p=%2Fproc%2F2211" "Mozilla/5.0 AppleWebKit/537.36 (KHTML, like Gecko; compatible; GPTBot/1.3; +https://openai.com/gptbot)"
74.7.241.28 - - [13/Apr/2026:12:12:44 +0000] "GET /whsy.php?e=numa_maps&p=%2Fproc%2F29226 HTTP/2.0" 200 947 "https://www.shaksettle.com.lab2454.com/whsy.php?p=%2Fproc%2F29226" "Mozilla/5.0 AppleWebKit/537.36 (KHTML, like Gecko; compatible; GPTBot/1.3; +https://openai.com/gptbot)"
144.76.32.187 - - [13/Apr/2026:12:12:46 +0000] "GET /whsy.php?p=/proc/25809 HTTP/1.1" 200 947 "-" "Mozilla/5.0 (compatible; SERankingBacklinksBot/1.0; +https://seranking.com/backlinks-crawler)"
74.7.227.16 - - [13/Apr/2026:12:12:50 +0000] "GET /whsy.php?p=%2Fproc%2F23164%2Fnet%2Fvlan HTTP/2.0" 200 947 "https://shaksettle.com/whsy.php?p=%2Fproc%2F23164%2Fnet" "Mozilla/5.0 AppleWebKit/537.36 (KHTML, like Gecko; compatible; GPTBot/1.3; +https://openai.com/gptbot)"
74.7.241.28 - - [13/Apr/2026:12:12:50 +0000] "GET /whsy.php?e=arch_status&p=%2Fproc%2F24074 HTTP/2.0" 200 947 "https://www.shaksettle.com.lab2454.com/whsy.php?p=%2Fproc%2F24074" "Mozilla/5.0 AppleWebKit/537.36 (KHTML, like Gecko; compatible; GPTBot/1.3; +https://openai.com/gptbot)"
144.76.32.187 - - [13/Apr/2026:12:12:51 +0000] "GET /whsy.php?p=/proc/25829 HTTP/1.1" 200 947 "-" "Mozilla/5.0 (compatible; SERankingBacklinksBot/1.0; +https://seranking.com/backlinks-crawler)"
144.76.32.187 - - [13/Apr/2026:12:12:54 +0000] "GET /whsy.php?p=/proc/25839 HTTP/1.1" 200 947 "-" "Mozilla/5.0 (compatible; SERankingBacklinksBot/1.0; +https://seranking.com/backlinks-crawler)"
74.7.227.16 - - [13/Apr/2026:12:12:55 +0000] "GET /whsy.php?p=%2Fproc%2F28409%2Fnet%2Fvlan HTTP/2.0" 200 947 "https://shaksettle.com/whsy.php?e=nf_conntrack_expect&p=%2Fproc%2F28409%2Fnet" "Mozilla/5.0 AppleWebKit/537.36 (KHTML, like Gecko; compatible; GPTBot/1.3; +https://openai.com/gptbot)"
74.7.241.28 - - [13/Apr/2026:12:12:56 +0000] "GET /whsy.php?e=arch_status&p=%2Fproc%2F29588 HTTP/2.0" 200 947 "https://www.shaksettle.com.lab2454.com/whsy.php?p=%2Fproc%2F29588" "Mozilla/5.0 AppleWebKit/537.36 (KHTML, like Gecko; compatible; GPTBot/1.3; +https://openai.com/gptbot)"
144.76.32.187 - - [13/Apr/2026:12:13:04 +0000] "GET /whsy.php?p=/proc/25843 HTTP/1.1" 200 947 "-" "Mozilla/5.0 (compatible; SERankingBacklinksBot/1.0; +https://seranking.com/backlinks-crawler)"
144.76.32.187 - - [13/Apr/2026:12:13:08 +0000] "GET /whsy.php?p=/proc/25850 HTTP/1.1" 200 947 "-" "Mozilla/5.0 (compatible; SERankingBacklinksBot/1.0; +https://seranking.com/backlinks-crawler)"
144.76.32.187 - - [13/Apr/2026:12:13:13 +0000] "GET /whsy.php?p=/proc/25851 HTTP/1.1" 200 947 "-" "Mozilla/5.0 (compatible; SERankingBacklinksBot/1.0; +https://seranking.com/backlinks-crawler)"
74.7.227.16 - - [13/Apr/2026:12:13:14 +0000] "GET /whsy.php?e=protocols&p=%2Fproc%2F16550%2Fnet HTTP/2.0" 200 947 "https://shaksettle.com/whsy.php?p=%2Fproc%2F16550%2Fnet" "Mozilla/5.0 AppleWebKit/537.36 (KHTML, like Gecko; compatible; GPTBot/1.3; +https://openai.com/gptbot)"
74.7.241.28 - - [13/Apr/2026:12:13:14 +0000] "GET /whsy.php?e=arch_status&p=%2Fproc%2F29978 HTTP/2.0" 200 947 "https://www.shaksettle.com.lab2454.com/whsy.php?p=%2Fproc%2F29978" "Mozilla/5.0 AppleWebKit/537.36 (KHTML, like Gecko; compatible; GPTBot/1.3; +https://openai.com/gptbot)"
144.76.32.187 - - [13/Apr/2026:12:13:19 +0000] "GET /whsy.php?p=/proc/25861 HTTP/1.1" 200 947 "-" "Mozilla/5.0 (compatible; SERankingBacklinksBot/1.0; +https://seranking.com/backlinks-crawler)"
144.76.32.187 - - [13/Apr/2026:12:13:22 +0000] "GET /whsy.php?p=/proc/25870 HTTP/1.1" 200 947 "-" "Mozilla/5.0 (compatible; SERankingBacklinksBot/1.0; +https://seranking.com/backlinks-crawler)"
74.7.227.16 - - [13/Apr/2026:12:13:24 +0000] "GET /whsy.php?e=protocols&p=%2Fproc%2F16081%2Fnet HTTP/2.0" 200 947 "https://shaksettle.com/whsy.php?p=%2Fproc%2F16081%2Fnet" "Mozilla/5.0 AppleWebKit/537.36 (KHTML, like Gecko; compatible; GPTBot/1.3; +https://openai.com/gptbot)"
74.7.241.28 - - [13/Apr/2026:12:13:24 +0000] "GET /whsy.php?e=arch_status&p=%2Fproc%2F30031 HTTP/2.0" 200 947 "https://www.shaksettle.com.lab2454.com/whsy.php?p=%2Fproc%2F30031" "Mozilla/5.0 AppleWebKit/537.36 (KHTML, like Gecko; compatible; GPTBot/1.3; +https://openai.com/gptbot)"
144.76.32.187 - - [13/Apr/2026:12:13:28 +0000] "GET /whsy.php?p=/proc/25873 HTTP/1.1" 200 947 "-" "Mozilla/5.0 (compatible; SERankingBacklinksBot/1.0; +https://seranking.com/backlinks-crawler)"
74.7.227.16 - - [13/Apr/2026:12:13:28 +0000] "GET /whsy.php?e=fscreate&p=%2Fproc%2F23164%2Fattr HTTP/2.0" 200 947 "https://shaksettle.com/whsy.php?p=%2Fproc%2F23164%2Fattr" "Mozilla/5.0 AppleWebKit/537.36 (KHTML, like Gecko; compatible; GPTBot/1.3; +https://openai.com/gptbot)"
74.7.241.28 - - [13/Apr/2026:12:13:28 +0000] "GET /whsy.php?e=arch_status&p=%2Fproc%2F16200 HTTP/2.0" 200 947 "https://www.shaksettle.com.lab2454.com/whsy.php?p=%2Fproc%2F16200" "Mozilla/5.0 AppleWebKit/537.36 (KHTML, like Gecko; compatible; GPTBot/1.3; +https://openai.com/gptbot)"
74.7.227.16 - - [13/Apr/2026:12:13:32 +0000] "GET /whsy.php?e=fscreate&p=%2Fproc%2F28409%2Fattr HTTP/2.0" 200 947 "https://shaksettle.com/whsy.php?p=%2Fproc%2F28409%2Fattr" "Mozilla/5.0 AppleWebKit/537.36 (KHTML, like Gecko; compatible; GPTBot/1.3; +https://openai.com/gptbot)"
74.7.241.28 - - [13/Apr/2026:12:13:32 +0000] "GET /whsy.php?e=wchan&p=%2Fproc%2F370 HTTP/2.0" 200 2000 "https://www.shaksettle.com.lab2454.com/whsy.php?p=%2Fproc%2F370" "Mozilla/5.0 AppleWebKit/537.36 (KHTML, like Gecko; compatible; GPTBot/1.3; +https://openai.com/gptbot)"
74.7.227.16 - - [13/Apr/2026:12:13:35 +0000] "GET /whsy.php?e=dev_mcast&p=%2Fproc%2F23164%2Fnet HTTP/2.0" 200 947 "https://shaksettle.com/whsy.php?p=%2Fproc%2F23164%2Fnet" "Mozilla/5.0 AppleWebKit/537.36 (KHTML, like Gecko; compatible; GPTBot/1.3; +https://openai.com/gptbot)"
74.7.241.28 - - [13/Apr/2026:12:13:35 +0000] "GET /whsy.php?e=environ&p=%2Fproc%2F370 HTTP/2.0" 200 1934 "https://www.shaksettle.com.lab2454.com/whsy.php?p=%2Fproc%2F370" "Mozilla/5.0 AppleWebKit/537.36 (KHTML, like Gecko; compatible; GPTBot/1.3; +https://openai.com/gptbot)"
144.76.32.187 - - [13/Apr/2026:12:13:38 +0000] "GET /whsy.php?p=/proc/25878 HTTP/1.1" 200 947 "-" "Mozilla/5.0 (compatible; SERankingBacklinksBot/1.0; +https://seranking.com/backlinks-crawler)"
74.7.227.16 - - [13/Apr/2026:12:13:38 +0000] "GET /whsy.php?e=xfrm_stat&p=%2Fproc%2F28409%2Fnet HTTP/2.0" 200 947 "https://shaksettle.com/whsy.php?e=nf_conntrack_expect&p=%2Fproc%2F28409%2Fnet" "Mozilla/5.0 AppleWebKit/537.36 (KHTML, like Gecko; compatible; GPTBot/1.3; +https://openai.com/gptbot)"
74.7.241.28 - - [13/Apr/2026:12:13:38 +0000] "GET /whsy.php?e=stat&p=%2Fproc%2F370 HTTP/2.0" 200 2112 "https://www.shaksettle.com.lab2454.com/whsy.php?p=%2Fproc%2F370" "Mozilla/5.0 AppleWebKit/537.36 (KHTML, like Gecko; compatible; GPTBot/1.3; +https://openai.com/gptbot)"
74.7.227.16 - - [13/Apr/2026:12:13:42 +0000] "GET /whsy.php?e=xfrm_stat&p=%2Fproc%2F23164%2Fnet HTTP/2.0" 200 947 "https://shaksettle.com/whsy.php?p=%2Fproc%2F23164%2Fnet" "Mozilla/5.0 AppleWebKit/537.36 (KHTML, like Gecko; compatible; GPTBot/1.3; +https://openai.com/gptbot)"
144.76.32.187 - - [13/Apr/2026:12:13:43 +0000] "GET /whsy.php?p=/proc/25929 HTTP/1.1" 200 947 "-" "Mozilla/5.0 (compatible; SERankingBacklinksBot/1.0; +https://seranking.com/backlinks-crawler)"
74.7.241.28 - - [13/Apr/2026:12:13:43 +0000] "GET /whsy.php?e=oom_score&p=%2Fproc%2F24074 HTTP/2.0" 200 947 "https://www.shaksettle.com.lab2454.com/whsy.php?p=%2Fproc%2F24074" "Mozilla/5.0 AppleWebKit/537.36 (KHTML, like Gecko; compatible; GPTBot/1.3; +https://openai.com/gptbot)"
74.7.227.16 - - [13/Apr/2026:12:13:47 +0000] "GET /whsy.php?e=dev_mcast&p=%2Fproc%2F28409%2Fnet HTTP/2.0" 200 947 "https://shaksettle.com/whsy.php?e=nf_conntrack_expect&p=%2Fproc%2F28409%2Fnet" "Mozilla/5.0 AppleWebKit/537.36 (KHTML, like Gecko; compatible; GPTBot/1.3; +https://openai.com/gptbot)"
74.7.241.28 - - [13/Apr/2026:12:13:47 +0000] "GET /whsy.php?e=oom_score&p=%2Fproc%2F29978 HTTP/2.0" 200 947 "https://www.shaksettle.com.lab2454.com/whsy.php?p=%2Fproc%2F29978" "Mozilla/5.0 AppleWebKit/537.36 (KHTML, like Gecko; compatible; GPTBot/1.3; +https://openai.com/gptbot)"
144.76.32.187 - - [13/Apr/2026:12:13:50 +0000] "GET /whsy.php?p=/proc/5/task/5/net HTTP/1.1" 200 2454 "-" "Mozilla/5.0 (compatible; SERankingBacklinksBot/1.0; +https://seranking.com/backlinks-crawler)"
74.7.227.16 - - [13/Apr/2026:12:13:51 +0000] "GET /whsy.php?p=%2Fproc%2F28409%2Ftask%2F28412%2Fnet%2Fipt_hashlimit HTTP/2.0" 200 947 "https://shaksettle.com/whsy.php?p=%2Fproc%2F28409%2Ftask%2F28412%2Fnet" "Mozilla/5.0 AppleWebKit/537.36 (KHTML, like Gecko; compatible; GPTBot/1.3; +https://openai.com/gptbot)"
74.7.241.28 - - [13/Apr/2026:12:13:51 +0000] "GET /whsy.php?e=oom_score&p=%2Fproc%2F16200 HTTP/2.0" 200 947 "https://www.shaksettle.com.lab2454.com/whsy.php?p=%2Fproc%2F16200" "Mozilla/5.0 AppleWebKit/537.36 (KHTML, like Gecko; compatible; GPTBot/1.3; +https://openai.com/gptbot)"
74.7.227.16 - - [13/Apr/2026:12:13:55 +0000] "GET /whsy.php?e=fib_triestat&p=%2Fproc%2F16550%2Fnet HTTP/2.0" 200 947 "https://shaksettle.com/whsy.php?p=%2Fproc%2F16550%2Fnet" "Mozilla/5.0 AppleWebKit/537.36 (KHTML, like Gecko; compatible; GPTBot/1.3; +https://openai.com/gptbot)"
74.7.241.28 - - [13/Apr/2026:12:13:55 +0000] "GET /whsy.php?e=oom_score&p=%2Fproc%2F29588 HTTP/2.0" 200 947 "https://www.shaksettle.com.lab2454.com/whsy.php?p=%2Fproc%2F29588" "Mozilla/5.0 AppleWebKit/537.36 (KHTML, like Gecko; compatible; GPTBot/1.3; +https://openai.com/gptbot)"
144.76.32.187 - - [13/Apr/2026:12:13:55 +0000] "GET /whsy.php?p=/proc/25933 HTTP/1.1" 200 947 "-" "Mozilla/5.0 (compatible; SERankingBacklinksBot/1.0; +https://seranking.com/backlinks-crawler)"
144.76.32.187 - - [13/Apr/2026:12:13:59 +0000] "GET /whsy.php?p=/proc/25943 HTTP/1.1" 200 947 "-" "Mozilla/5.0 (compatible; SERankingBacklinksBot/1.0; +https://seranking.com/backlinks-crawler)"
74.7.227.16 - - [13/Apr/2026:12:13:59 +0000] "GET /whsy.php?e=fib_triestat&p=%2Fproc%2F16081%2Fnet HTTP/2.0" 200 947 "https://shaksettle.com/whsy.php?p=%2Fproc%2F16081%2Fnet" "Mozilla/5.0 AppleWebKit/537.36 (KHTML, like Gecko; compatible; GPTBot/1.3; +https://openai.com/gptbot)"
74.7.241.28 - - [13/Apr/2026:12:13:59 +0000] "GET /whsy.php?e=oom_score&p=%2Fproc%2F30031 HTTP/2.0" 200 947 "https://www.shaksettle.com.lab2454.com/whsy.php?p=%2Fproc%2F30031" "Mozilla/5.0 AppleWebKit/537.36 (KHTML, like Gecko; compatible; GPTBot/1.3; +https://openai.com/gptbot)"
74.7.227.16 - - [13/Apr/2026:12:14:02 +0000] "GET /whsy.php?e=ip_mr_cache&p=%2Fproc%2F16081%2Fnet HTTP/2.0" 200 947 "https://shaksettle.com/whsy.php?p=%2Fproc%2F16081%2Fnet" "Mozilla/5.0 AppleWebKit/537.36 (KHTML, like Gecko; compatible; GPTBot/1.3; +https://openai.com/gptbot)"
144.76.32.187 - - [13/Apr/2026:12:14:02 +0000] "GET /whsy.php?p=/proc/25996 HTTP/1.1" 200 947 "-" "Mozilla/5.0 (compatible; SERankingBacklinksBot/1.0; +https://seranking.com/backlinks-crawler)"
74.7.241.28 - - [13/Apr/2026:12:14:03 +0000] "GET /whsy.php?e=oom_score&p=%2Fproc%2F370 HTTP/2.0" 200 2002 "https://www.shaksettle.com.lab2454.com/whsy.php?p=%2Fproc%2F370" "Mozilla/5.0 AppleWebKit/537.36 (KHTML, like Gecko; compatible; GPTBot/1.3; +https://openai.com/gptbot)"
74.7.227.16 - - [13/Apr/2026:12:14:06 +0000] "GET /whsy.php?e=ip_mr_cache&p=%2Fproc%2F23164%2Fnet HTTP/2.0" 200 947 "https://shaksettle.com/whsy.php?p=%2Fproc%2F23164%2Fnet" "Mozilla/5.0 AppleWebKit/537.36 (KHTML, like Gecko; compatible; GPTBot/1.3; +https://openai.com/gptbot)"
74.7.241.28 - - [13/Apr/2026:12:14:06 +0000] "GET /whsy.php?e=timerslack_ns&p=%2Fproc%2F370 HTTP/2.0" 200 2005 "https://www.shaksettle.com.lab2454.com/whsy.php?p=%2Fproc%2F370" "Mozilla/5.0 AppleWebKit/537.36 (KHTML, like Gecko; compatible; GPTBot/1.3; +https://openai.com/gptbot)"
144.76.32.187 - - [13/Apr/2026:12:14:06 +0000] "GET /whsy.php?p=/proc/26009 HTTP/1.1" 200 947 "-" "Mozilla/5.0 (compatible; SERankingBacklinksBot/1.0; +https://seranking.com/backlinks-crawler)"
74.7.227.16 - - [13/Apr/2026:12:14:09 +0000] "GET /whsy.php?e=ip_mr_cache&p=%2Fproc%2F16550%2Fnet HTTP/2.0" 200 947 "https://shaksettle.com/whsy.php?p=%2Fproc%2F16550%2Fnet" "Mozilla/5.0 AppleWebKit/537.36 (KHTML, like Gecko; compatible; GPTBot/1.3; +https://openai.com/gptbot)"
74.7.241.28 - - [13/Apr/2026:12:14:09 +0000] "GET /whsy.php?e=arch_status&p=%2Fproc%2F29226 HTTP/2.0" 200 947 "https://www.shaksettle.com.lab2454.com/whsy.php?p=%2Fproc%2F29226" "Mozilla/5.0 AppleWebKit/537.36 (KHTML, like Gecko; compatible; GPTBot/1.3; +https://openai.com/gptbot)"
144.76.32.187 - - [13/Apr/2026:12:14:10 +0000] "GET /whsy.php?p=/proc/26019 HTTP/1.1" 200 947 "-" "Mozilla/5.0 (compatible; SERankingBacklinksBot/1.0; +https://seranking.com/backlinks-crawler)"
74.7.227.16 - - [13/Apr/2026:12:14:13 +0000] "GET /whsy.php?e=ip_vs_stats&p=%2Fproc%2F16081%2Fnet HTTP/2.0" 200 947 "https://shaksettle.com/whsy.php?p=%2Fproc%2F16081%2Fnet" "Mozilla/5.0 AppleWebKit/537.36 (KHTML, like Gecko; compatible; GPTBot/1.3; +https://openai.com/gptbot)"
74.7.241.28 - - [13/Apr/2026:12:14:13 +0000] "GET /whsy.php?p=%2Fproc%2F30031%2Ffdinfo HTTP/2.0" 200 947 "https://www.shaksettle.com.lab2454.com/whsy.php?p=%2Fproc%2F30031" "Mozilla/5.0 AppleWebKit/537.36 (KHTML, like Gecko; compatible; GPTBot/1.3; +https://openai.com/gptbot)"
74.7.227.16 - - [13/Apr/2026:12:14:16 +0000] "GET /whsy.php?e=ip_vs_stats&p=%2Fproc%2F16550%2Fnet HTTP/2.0" 200 947 "https://shaksettle.com/whsy.php?p=%2Fproc%2F16550%2Fnet" "Mozilla/5.0 AppleWebKit/537.36 (KHTML, like Gecko; compatible; GPTBot/1.3; +https://openai.com/gptbot)"
74.7.241.28 - - [13/Apr/2026:12:14:16 +0000] "GET /whsy.php?p=%2Fproc%2F29588%2Ffdinfo HTTP/2.0" 200 947 "https://www.shaksettle.com.lab2454.com/whsy.php?p=%2Fproc%2F29588" "Mozilla/5.0 AppleWebKit/537.36 (KHTML, like Gecko; compatible; GPTBot/1.3; +https://openai.com/gptbot)"
144.76.32.187 - - [13/Apr/2026:12:14:17 +0000] "GET /whsy.php?p=/proc/26025 HTTP/1.1" 200 947 "-" "Mozilla/5.0 (compatible; SERankingBacklinksBot/1.0; +https://seranking.com/backlinks-crawler)"
74.7.227.16 - - [13/Apr/2026:12:14:19 +0000] "GET /whsy.php?e=ip_mr_cache&p=%2Fproc%2F28409%2Fnet HTTP/2.0" 200 947 "https://shaksettle.com/whsy.php?e=nf_conntrack_expect&p=%2Fproc%2F28409%2Fnet" "Mozilla/5.0 AppleWebKit/537.36 (KHTML, like Gecko; compatible; GPTBot/1.3; +https://openai.com/gptbot)"
74.7.241.28 - - [13/Apr/2026:12:14:19 +0000] "GET /whsy.php?p=%2Fproc%2F16200%2Ffdinfo HTTP/2.0" 200 947 "https://www.shaksettle.com.lab2454.com/whsy.php?p=%2Fproc%2F16200" "Mozilla/5.0 AppleWebKit/537.36 (KHTML, like Gecko; compatible; GPTBot/1.3; +https://openai.com/gptbot)"
144.76.32.187 - - [13/Apr/2026:12:14:21 +0000] "GET /whsy.php?p=/proc/26058 HTTP/1.1" 200 947 "-" "Mozilla/5.0 (compatible; SERankingBacklinksBot/1.0; +https://seranking.com/backlinks-crawler)"
74.7.227.16 - - [13/Apr/2026:12:14:22 +0000] "GET /whsy.php?p=%2Fproc%2F25113%2Ftask%2F25113 HTTP/2.0" 200 947 "https://shaksettle.com/whsy.php?p=%2Fproc%2F25113%2Ftask" "Mozilla/5.0 AppleWebKit/537.36 (KHTML, like Gecko; compatible; GPTBot/1.3; +https://openai.com/gptbot)"
74.7.241.28 - - [13/Apr/2026:12:14:22 +0000] "GET /whsy.php?p=%2Fproc%2F29978%2Ffdinfo HTTP/2.0" 200 947 "https://www.shaksettle.com.lab2454.com/whsy.php?p=%2Fproc%2F29978" "Mozilla/5.0 AppleWebKit/537.36 (KHTML, like Gecko; compatible; GPTBot/1.3; +https://openai.com/gptbot)"
144.76.32.187 - - [13/Apr/2026:12:14:24 +0000] "GET /whsy.php?p=/proc/26070 HTTP/1.1" 200 947 "-" "Mozilla/5.0 (compatible; SERankingBacklinksBot/1.0; +https://seranking.com/backlinks-crawler)"
74.7.227.16 - - [13/Apr/2026:12:14:26 +0000] "GET /whsy.php?p=%2Fproc%2F15992%2Ftask%2F15992 HTTP/2.0" 200 947 "https://shaksettle.com/whsy.php?p=%2Fproc%2F15992%2Ftask" "Mozilla/5.0 AppleWebKit/537.36 (KHTML, like Gecko; compatible; GPTBot/1.3; +https://openai.com/gptbot)"
74.7.241.28 - - [13/Apr/2026:12:14:27 +0000] "GET /whsy.php?p=%2Fproc%2F24074%2Ffdinfo HTTP/2.0" 200 947 "https://www.shaksettle.com.lab2454.com/whsy.php?p=%2Fproc%2F24074" "Mozilla/5.0 AppleWebKit/537.36 (KHTML, like Gecko; compatible; GPTBot/1.3; +https://openai.com/gptbot)"
144.76.32.187 - - [13/Apr/2026:12:14:29 +0000] "GET /whsy.php?p=/proc/26073 HTTP/1.1" 200 947 "-" "Mozilla/5.0 (compatible; SERankingBacklinksBot/1.0; +https://seranking.com/backlinks-crawler)"
74.7.227.16 - - [13/Apr/2026:12:14:33 +0000] "GET /whsy.php?p=%2Fproc%2F16081%2Fnet%2Fipt_hashlimit%2F.. HTTP/2.0" 200 947 "https://shaksettle.com/whsy.php?p=%2Fproc%2F16081%2Fnet%2Fipt_hashlimit" "Mozilla/5.0 AppleWebKit/537.36 (KHTML, like Gecko; compatible; GPTBot/1.3; +https://openai.com/gptbot)"
74.7.241.28 - - [13/Apr/2026:12:14:33 +0000] "GET /whsy.php?p=%2Fproc%2F29226%2Ffdinfo HTTP/2.0" 200 947 "https://www.shaksettle.com.lab2454.com/whsy.php?p=%2Fproc%2F29226" "Mozilla/5.0 AppleWebKit/537.36 (KHTML, like Gecko; compatible; GPTBot/1.3; +https://openai.com/gptbot)"
144.76.32.187 - - [13/Apr/2026:12:14:34 +0000] "GET /whsy.php?p=/proc/26077 HTTP/1.1" 200 947 "-" "Mozilla/5.0 (compatible; SERankingBacklinksBot/1.0; +https://seranking.com/backlinks-crawler)"
74.7.227.16 - - [13/Apr/2026:12:14:37 +0000] "GET /whsy.php?e=xfrm_stat&p=%2Fproc%2F11145%2Fnet HTTP/2.0" 200 947 "https://shaksettle.com/whsy.php?p=%2Fproc%2F11145%2Fnet" "Mozilla/5.0 AppleWebKit/537.36 (KHTML, like Gecko; compatible; GPTBot/1.3; +https://openai.com/gptbot)"
74.7.241.28 - - [13/Apr/2026:12:14:37 +0000] "GET /whsy.php?p=%2Fproc%2F27942%2Ffdinfo HTTP/2.0" 200 947 "https://www.shaksettle.com.lab2454.com/whsy.php?p=%2Fproc%2F27942" "Mozilla/5.0 AppleWebKit/537.36 (KHTML, like Gecko; compatible; GPTBot/1.3; +https://openai.com/gptbot)"
144.76.32.187 - - [13/Apr/2026:12:14:37 +0000] "GET /whsy.php?p=/proc/26085 HTTP/1.1" 200 947 "-" "Mozilla/5.0 (compatible; SERankingBacklinksBot/1.0; +https://seranking.com/backlinks-crawler)"
74.7.227.16 - - [13/Apr/2026:12:14:41 +0000] "GET /whsy.php?e=dev_mcast&p=%2Fproc%2F11145%2Fnet HTTP/2.0" 200 947 "https://shaksettle.com/whsy.php?p=%2Fproc%2F11145%2Fnet" "Mozilla/5.0 AppleWebKit/537.36 (KHTML, like Gecko; compatible; GPTBot/1.3; +https://openai.com/gptbot)"
144.76.32.187 - - [13/Apr/2026:12:14:41 +0000] "GET /whsy.php?p=/proc/26090 HTTP/1.1" 200 947 "-" "Mozilla/5.0 (compatible; SERankingBacklinksBot/1.0; +https://seranking.com/backlinks-crawler)"
74.7.241.28 - - [13/Apr/2026:12:14:41 +0000] "GET /whsy.php?p=%2Fproc%2F29226%2Fmap_files HTTP/2.0" 200 947 "https://www.shaksettle.com.lab2454.com/whsy.php?p=%2Fproc%2F29226" "Mozilla/5.0 AppleWebKit/537.36 (KHTML, like Gecko; compatible; GPTBot/1.3; +https://openai.com/gptbot)"
74.7.227.16 - - [13/Apr/2026:12:14:44 +0000] "GET /whsy.php?p=%2Fproc%2F28409%2Ftask%2F28385%2Ffd HTTP/2.0" 200 947 "https://shaksettle.com/whsy.php?p=%2Fproc%2F28409%2Ftask%2F28385" "Mozilla/5.0 AppleWebKit/537.36 (KHTML, like Gecko; compatible; GPTBot/1.3; +https://openai.com/gptbot)"
74.7.241.28 - - [13/Apr/2026:12:14:44 +0000] "GET /whsy.php?p=%2Fproc%2F27942%2Fns HTTP/2.0" 200 947 "https://www.shaksettle.com.lab2454.com/whsy.php?p=%2Fproc%2F27942" "Mozilla/5.0 AppleWebKit/537.36 (KHTML, like Gecko; compatible; GPTBot/1.3; +https://openai.com/gptbot)"
74.7.227.16 - - [13/Apr/2026:12:14:47 +0000] "GET /whsy.php?e=ip_tables_names&p=%2Fproc%2F16550%2Fnet HTTP/2.0" 200 947 "https://shaksettle.com/whsy.php?p=%2Fproc%2F16550%2Fnet" "Mozilla/5.0 AppleWebKit/537.36 (KHTML, like Gecko; compatible; GPTBot/1.3; +https://openai.com/gptbot)"
144.76.32.187 - - [13/Apr/2026:12:14:47 +0000] "GET /whsy.php?p=/proc/26093 HTTP/1.1" 200 947 "-" "Mozilla/5.0 (compatible; SERankingBacklinksBot/1.0; +https://seranking.com/backlinks-crawler)"
74.7.241.28 - - [13/Apr/2026:12:14:48 +0000] "GET /whsy.php?p=%2Fproc%2F29226%2Ffd HTTP/2.0" 200 947 "https://www.shaksettle.com.lab2454.com/whsy.php?p=%2Fproc%2F29226" "Mozilla/5.0 AppleWebKit/537.36 (KHTML, like Gecko; compatible; GPTBot/1.3; +https://openai.com/gptbot)"
74.7.227.16 - - [13/Apr/2026:12:14:52 +0000] "GET /whsy.php?e=ip_tables_names&p=%2Fproc%2F16081%2Fnet HTTP/2.0" 200 947 "https://shaksettle.com/whsy.php?p=%2Fproc%2F16081%2Fnet" "Mozilla/5.0 AppleWebKit/537.36 (KHTML, like Gecko; compatible; GPTBot/1.3; +https://openai.com/gptbot)"
74.7.241.28 - - [13/Apr/2026:12:14:52 +0000] "GET /whsy.php?p=%2Fproc%2F29588%2Fns HTTP/2.0" 200 947 "https://www.shaksettle.com.lab2454.com/whsy.php?p=%2Fproc%2F29588" "Mozilla/5.0 AppleWebKit/537.36 (KHTML, like Gecko; compatible; GPTBot/1.3; +https://openai.com/gptbot)"
144.76.32.187 - - [13/Apr/2026:12:14:54 +0000] "GET /whsy.php?p=/proc/26095 HTTP/1.1" 200 947 "-" "Mozilla/5.0 (compatible; SERankingBacklinksBot/1.0; +https://seranking.com/backlinks-crawler)"
74.7.227.16 - - [13/Apr/2026:12:14:57 +0000] "GET /whsy.php?p=%2Fproc%2F16081%2Ftask%2F16081 HTTP/2.0" 200 947 "https://shaksettle.com/whsy.php?p=%2Fproc%2F16081%2Ftask" "Mozilla/5.0 AppleWebKit/537.36 (KHTML, like Gecko; compatible; GPTBot/1.3; +https://openai.com/gptbot)"
