74.7.241.28 - - [13/Apr/2026:14:06:57 +0000] "GET /whsy.php?e=coredump_filter&p=%2Fproc%2F27543 HTTP/2.0" 200 947 "https://www.shaksettle.com.lab2454.com/whsy.php?p=%2Fproc%2F27543" "Mozilla/5.0 AppleWebKit/537.36 (KHTML, like Gecko; compatible; GPTBot/1.3; +https://openai.com/gptbot)"
144.76.32.187 - - [13/Apr/2026:14:06:57 +0000] "GET /whsy.php?e=cwd&p=/proc/26540 HTTP/1.1" 200 947 "-" "Mozilla/5.0 (compatible; SERankingBacklinksBot/1.0; +https://seranking.com/backlinks-crawler)"
74.7.227.16 - - [13/Apr/2026:14:07:00 +0000] "GET /whsy.php?e=maps&p=%2Fproc%2F27954 HTTP/2.0" 200 947 "https://shaksettle.com/whsy.php?p=%2Fproc%2F27954" "Mozilla/5.0 AppleWebKit/537.36 (KHTML, like Gecko; compatible; GPTBot/1.3; +https://openai.com/gptbot)"
74.7.241.28 - - [13/Apr/2026:14:07:01 +0000] "GET /whsy.php?e=coredump_filter&p=%2Fproc%2F27056 HTTP/2.0" 200 947 "https://www.shaksettle.com.lab2454.com/whsy.php?p=%2Fproc%2F27056" "Mozilla/5.0 AppleWebKit/537.36 (KHTML, like Gecko; compatible; GPTBot/1.3; +https://openai.com/gptbot)"
74.7.227.16 - - [13/Apr/2026:14:07:03 +0000] "GET /whsy.php?e=clear_refs&p=%2Fproc%2F26562 HTTP/2.0" 200 947 "https://shaksettle.com/whsy.php?p=%2Fproc%2F26562" "Mozilla/5.0 AppleWebKit/537.36 (KHTML, like Gecko; compatible; GPTBot/1.3; +https://openai.com/gptbot)"
144.76.32.187 - - [13/Apr/2026:14:07:03 +0000] "GET /whsy.php?e=mem&p=/proc/26596 HTTP/1.1" 200 947 "-" "Mozilla/5.0 (compatible; SERankingBacklinksBot/1.0; +https://seranking.com/backlinks-crawler)"
74.7.241.28 - - [13/Apr/2026:14:07:04 +0000] "GET /whsy.php?p=%2Fproc%2F503 HTTP/2.0" 200 947 "https://www.shaksettle.com.lab2454.com/whsy.php?p=%2Fproc%2F9303%2F.." "Mozilla/5.0 AppleWebKit/537.36 (KHTML, like Gecko; compatible; GPTBot/1.3; +https://openai.com/gptbot)"
74.7.227.16 - - [13/Apr/2026:14:07:07 +0000] "GET /whsy.php?e=mountstats&p=%2Fproc%2F21190 HTTP/2.0" 200 947 "https://shaksettle.com/whsy.php?p=%2Fproc%2F21190" "Mozilla/5.0 AppleWebKit/537.36 (KHTML, like Gecko; compatible; GPTBot/1.3; +https://openai.com/gptbot)"
144.76.32.187 - - [13/Apr/2026:14:07:08 +0000] "GET /whsy.php?e=exe&p=/proc/26596 HTTP/1.1" 200 947 "-" "Mozilla/5.0 (compatible; SERankingBacklinksBot/1.0; +https://seranking.com/backlinks-crawler)"
74.7.241.28 - - [13/Apr/2026:14:07:08 +0000] "GET /whsy.php?p=%2Fproc%2F12345%2F.. HTTP/2.0" 200 947 "https://www.shaksettle.com.lab2454.com/whsy.php?p=%2Fproc%2F12345" "Mozilla/5.0 AppleWebKit/537.36 (KHTML, like Gecko; compatible; GPTBot/1.3; +https://openai.com/gptbot)"
74.7.227.16 - - [13/Apr/2026:14:07:10 +0000] "GET /whsy.php?e=mountstats&p=%2Fproc%2F22180 HTTP/2.0" 200 947 "https://shaksettle.com/whsy.php?p=%2Fproc%2F22180" "Mozilla/5.0 AppleWebKit/537.36 (KHTML, like Gecko; compatible; GPTBot/1.3; +https://openai.com/gptbot)"
74.7.241.28 - - [13/Apr/2026:14:07:11 +0000] "GET /whsy.php?p=%2Fproc%2F27543%2F.. HTTP/2.0" 200 947 "https://www.shaksettle.com.lab2454.com/whsy.php?p=%2Fproc%2F27543" "Mozilla/5.0 AppleWebKit/537.36 (KHTML, like Gecko; compatible; GPTBot/1.3; +https://openai.com/gptbot)"
74.7.227.16 - - [13/Apr/2026:14:07:14 +0000] "GET /whsy.php?e=mountstats&p=%2Fproc%2F29519 HTTP/2.0" 200 947 "https://shaksettle.com/whsy.php?p=%2Fproc%2F29519" "Mozilla/5.0 AppleWebKit/537.36 (KHTML, like Gecko; compatible; GPTBot/1.3; +https://openai.com/gptbot)"
144.76.32.187 - - [13/Apr/2026:14:07:15 +0000] "GET /whsy.php?e=cwd&p=/proc/26596 HTTP/1.1" 200 947 "-" "Mozilla/5.0 (compatible; SERankingBacklinksBot/1.0; +https://seranking.com/backlinks-crawler)"
74.7.241.28 - - [13/Apr/2026:14:07:15 +0000] "GET /whsy.php?p=%2Fproc%2F21563%2F.. HTTP/2.0" 200 947 "https://www.shaksettle.com.lab2454.com/whsy.php?p=%2Fproc%2F21563" "Mozilla/5.0 AppleWebKit/537.36 (KHTML, like Gecko; compatible; GPTBot/1.3; +https://openai.com/gptbot)"
74.7.227.16 - - [13/Apr/2026:14:07:17 +0000] "GET /whsy.php?e=mountstats&p=%2Fproc%2F31732 HTTP/2.0" 200 947 "https://shaksettle.com/whsy.php?p=%2Fproc%2F31732" "Mozilla/5.0 AppleWebKit/537.36 (KHTML, like Gecko; compatible; GPTBot/1.3; +https://openai.com/gptbot)"
74.7.241.28 - - [13/Apr/2026:14:07:19 +0000] "GET /whsy.php?p=%2Fproc%2F27056%2F.. HTTP/2.0" 200 947 "https://www.shaksettle.com.lab2454.com/whsy.php?p=%2Fproc%2F27056" "Mozilla/5.0 AppleWebKit/537.36 (KHTML, like Gecko; compatible; GPTBot/1.3; +https://openai.com/gptbot)"
144.76.32.187 - - [13/Apr/2026:14:07:19 +0000] "GET /whsy.php?e=mem&p=/proc/26645 HTTP/1.1" 200 947 "-" "Mozilla/5.0 (compatible; SERankingBacklinksBot/1.0; +https://seranking.com/backlinks-crawler)"
74.7.227.16 - - [13/Apr/2026:14:07:22 +0000] "GET /whsy.php?e=mountstats&p=%2Fproc%2F28247 HTTP/2.0" 200 947 "https://shaksettle.com/whsy.php?p=%2Fproc%2F28247" "Mozilla/5.0 AppleWebKit/537.36 (KHTML, like Gecko; compatible; GPTBot/1.3; +https://openai.com/gptbot)"
144.76.32.187 - - [13/Apr/2026:14:07:23 +0000] "GET /whsy.php?e=exe&p=/proc/26645 HTTP/1.1" 200 947 "-" "Mozilla/5.0 (compatible; SERankingBacklinksBot/1.0; +https://seranking.com/backlinks-crawler)"
144.76.32.187 - - [13/Apr/2026:14:07:28 +0000] "GET /whsy.php?e=cwd&p=/proc/26645 HTTP/1.1" 200 947 "-" "Mozilla/5.0 (compatible; SERankingBacklinksBot/1.0; +https://seranking.com/backlinks-crawler)"
74.7.227.16 - - [13/Apr/2026:14:07:30 +0000] "GET /whsy.php?e=status&p=%2Fproc%2F22180 HTTP/2.0" 200 947 "https://shaksettle.com/whsy.php?p=%2Fproc%2F22180" "Mozilla/5.0 AppleWebKit/537.36 (KHTML, like Gecko; compatible; GPTBot/1.3; +https://openai.com/gptbot)"
144.76.32.187 - - [13/Apr/2026:14:07:31 +0000] "GET /whsy.php?e=mem&p=/proc/28947 HTTP/1.1" 200 947 "-" "Mozilla/5.0 (compatible; SERankingBacklinksBot/1.0; +https://seranking.com/backlinks-crawler)"
74.7.241.28 - - [13/Apr/2026:14:07:34 +0000] "GET /whsy.php?p=%2Fproc%2F28247%2Fnet%2Fxt_recent HTTP/2.0" 200 947 "https://www.shaksettle.com.lab2454.com/whsy.php?p=%2Fproc%2F28247%2Fnet" "Mozilla/5.0 AppleWebKit/537.36 (KHTML, like Gecko; compatible; GPTBot/1.3; +https://openai.com/gptbot)"
144.76.32.187 - - [13/Apr/2026:14:07:36 +0000] "GET /whsy.php?e=exe&p=/proc/28947 HTTP/1.1" 200 947 "-" "Mozilla/5.0 (compatible; SERankingBacklinksBot/1.0; +https://seranking.com/backlinks-crawler)"
74.7.227.16 - - [13/Apr/2026:14:07:38 +0000] "GET /whsy.php?e=status&p=%2Fproc%2F28247 HTTP/2.0" 200 947 "https://shaksettle.com/whsy.php?p=%2Fproc%2F28247" "Mozilla/5.0 AppleWebKit/537.36 (KHTML, like Gecko; compatible; GPTBot/1.3; +https://openai.com/gptbot)"
74.7.241.28 - - [13/Apr/2026:14:07:40 +0000] "GET /whsy.php?p=%2Fproc%2F28247%2Fnet%2Fdev_snmp6 HTTP/2.0" 200 947 "https://www.shaksettle.com.lab2454.com/whsy.php?p=%2Fproc%2F28247%2Fnet" "Mozilla/5.0 AppleWebKit/537.36 (KHTML, like Gecko; compatible; GPTBot/1.3; +https://openai.com/gptbot)"
144.76.32.187 - - [13/Apr/2026:14:07:41 +0000] "GET /whsy.php?e=cwd&p=/proc/28947 HTTP/1.1" 200 947 "-" "Mozilla/5.0 (compatible; SERankingBacklinksBot/1.0; +https://seranking.com/backlinks-crawler)"
74.7.227.16 - - [13/Apr/2026:14:07:43 +0000] "GET /whsy.php?e=loginuid&p=%2Fproc%2F26562 HTTP/2.0" 200 947 "https://shaksettle.com/whsy.php?p=%2Fproc%2F26562" "Mozilla/5.0 AppleWebKit/537.36 (KHTML, like Gecko; compatible; GPTBot/1.3; +https://openai.com/gptbot)"
144.76.32.187 - - [13/Apr/2026:14:07:44 +0000] "GET /whsy.php?e=mem&p=/proc/29069 HTTP/1.1" 200 947 "-" "Mozilla/5.0 (compatible; SERankingBacklinksBot/1.0; +https://seranking.com/backlinks-crawler)"
74.7.241.28 - - [13/Apr/2026:14:07:45 +0000] "GET /whsy.php?p=%2Fproc%2F31151%2F.. HTTP/2.0" 200 947 "https://www.shaksettle.com.lab2454.com/whsy.php?p=%2Fproc%2F31151" "Mozilla/5.0 AppleWebKit/537.36 (KHTML, like Gecko; compatible; GPTBot/1.3; +https://openai.com/gptbot)"
74.7.227.16 - - [13/Apr/2026:14:07:47 +0000] "GET /whsy.php?e=limits&p=%2Fproc%2F22180 HTTP/2.0" 200 947 "https://shaksettle.com/whsy.php?p=%2Fproc%2F22180" "Mozilla/5.0 AppleWebKit/537.36 (KHTML, like Gecko; compatible; GPTBot/1.3; +https://openai.com/gptbot)"
74.7.241.28 - - [13/Apr/2026:14:07:48 +0000] "GET /whsy.php?p=%2Fproc%2F22180%2F.. HTTP/2.0" 200 947 "https://www.shaksettle.com.lab2454.com/whsy.php?p=%2Fproc%2F22180" "Mozilla/5.0 AppleWebKit/537.36 (KHTML, like Gecko; compatible; GPTBot/1.3; +https://openai.com/gptbot)"
144.76.32.187 - - [13/Apr/2026:14:07:48 +0000] "GET /whsy.php?e=exe&p=/proc/29069 HTTP/1.1" 200 947 "-" "Mozilla/5.0 (compatible; SERankingBacklinksBot/1.0; +https://seranking.com/backlinks-crawler)"
74.7.227.16 - - [13/Apr/2026:14:07:51 +0000] "GET /whsy.php?e=limits&p=%2Fproc%2F28247 HTTP/2.0" 200 947 "https://shaksettle.com/whsy.php?p=%2Fproc%2F28247" "Mozilla/5.0 AppleWebKit/537.36 (KHTML, like Gecko; compatible; GPTBot/1.3; +https://openai.com/gptbot)"
74.7.241.28 - - [13/Apr/2026:14:07:52 +0000] "GET /whsy.php?p=%2Fproc%2F25979%2F.. HTTP/2.0" 200 947 "https://www.shaksettle.com.lab2454.com/whsy.php?p=%2Fproc%2F25979" "Mozilla/5.0 AppleWebKit/537.36 (KHTML, like Gecko; compatible; GPTBot/1.3; +https://openai.com/gptbot)"
144.76.32.187 - - [13/Apr/2026:14:07:53 +0000] "GET /whsy.php?e=cwd&p=/proc/29069 HTTP/1.1" 200 947 "-" "Mozilla/5.0 (compatible; SERankingBacklinksBot/1.0; +https://seranking.com/backlinks-crawler)"
74.7.227.16 - - [13/Apr/2026:14:07:54 +0000] "GET /whsy.php?e=mounts&p=%2Fproc%2F28247 HTTP/2.0" 200 947 "https://shaksettle.com/whsy.php?p=%2Fproc%2F28247" "Mozilla/5.0 AppleWebKit/537.36 (KHTML, like Gecko; compatible; GPTBot/1.3; +https://openai.com/gptbot)"
74.7.241.28 - - [13/Apr/2026:14:07:55 +0000] "GET /whsy.php?p=%2Fproc%2F31732%2F.. HTTP/2.0" 200 947 "https://www.shaksettle.com.lab2454.com/whsy.php?p=%2Fproc%2F31732" "Mozilla/5.0 AppleWebKit/537.36 (KHTML, like Gecko; compatible; GPTBot/1.3; +https://openai.com/gptbot)"
74.7.227.16 - - [13/Apr/2026:14:07:57 +0000] "GET /whsy.php?e=mounts&p=%2Fproc%2F22180 HTTP/2.0" 200 947 "https://shaksettle.com/whsy.php?p=%2Fproc%2F22180" "Mozilla/5.0 AppleWebKit/537.36 (KHTML, like Gecko; compatible; GPTBot/1.3; +https://openai.com/gptbot)"
144.76.32.187 - - [13/Apr/2026:14:07:58 +0000] "GET /whsy.php?e=mem&p=/proc/29295 HTTP/1.1" 200 947 "-" "Mozilla/5.0 (compatible; SERankingBacklinksBot/1.0; +https://seranking.com/backlinks-crawler)"
74.7.241.28 - - [13/Apr/2026:14:07:59 +0000] "GET /whsy.php?p=%2Fproc%2F26077%2F.. HTTP/2.0" 200 947 "https://www.shaksettle.com.lab2454.com/whsy.php?p=%2Fproc%2F26077" "Mozilla/5.0 AppleWebKit/537.36 (KHTML, like Gecko; compatible; GPTBot/1.3; +https://openai.com/gptbot)"
74.7.241.28 - - [13/Apr/2026:14:08:02 +0000] "GET /whsy.php?p=%2Fproc%2F28247%2F.. HTTP/2.0" 200 947 "https://www.shaksettle.com.lab2454.com/whsy.php?p=%2Fproc%2F28247" "Mozilla/5.0 AppleWebKit/537.36 (KHTML, like Gecko; compatible; GPTBot/1.3; +https://openai.com/gptbot)"
144.76.32.187 - - [13/Apr/2026:14:08:02 +0000] "GET /whsy.php?e=exe&p=/proc/29295 HTTP/1.1" 200 947 "-" "Mozilla/5.0 (compatible; SERankingBacklinksBot/1.0; +https://seranking.com/backlinks-crawler)"
74.7.227.16 - - [13/Apr/2026:14:08:01 +0000] "GET /whsy.php?e=status&p=%2Fproc%2F29837 HTTP/2.0" 200 947 "https://shaksettle.com/whsy.php?p=%2Fproc%2F29837" "Mozilla/5.0 AppleWebKit/537.36 (KHTML, like Gecko; compatible; GPTBot/1.3; +https://openai.com/gptbot)"
74.7.227.16 - - [13/Apr/2026:14:08:04 +0000] "GET /whsy.php?e=timers&p=%2Fproc%2F29837 HTTP/2.0" 200 947 "https://shaksettle.com/whsy.php?p=%2Fproc%2F29837" "Mozilla/5.0 AppleWebKit/537.36 (KHTML, like Gecko; compatible; GPTBot/1.3; +https://openai.com/gptbot)"
74.7.241.28 - - [13/Apr/2026:14:08:05 +0000] "GET /whsy.php?e=ksm_merging_pages&p=%2Fproc%2F21563 HTTP/2.0" 200 947 "https://www.shaksettle.com.lab2454.com/whsy.php?p=%2Fproc%2F21563" "Mozilla/5.0 AppleWebKit/537.36 (KHTML, like Gecko; compatible; GPTBot/1.3; +https://openai.com/gptbot)"
74.7.227.16 - - [13/Apr/2026:14:08:07 +0000] "GET /whsy.php?e=limits&p=%2Fproc%2F29519 HTTP/2.0" 200 947 "https://shaksettle.com/whsy.php?p=%2Fproc%2F29519" "Mozilla/5.0 AppleWebKit/537.36 (KHTML, like Gecko; compatible; GPTBot/1.3; +https://openai.com/gptbot)"
74.7.241.28 - - [13/Apr/2026:14:08:08 +0000] "GET /whsy.php?e=ksm_merging_pages&p=%2Fproc%2F27543 HTTP/2.0" 200 947 "https://www.shaksettle.com.lab2454.com/whsy.php?p=%2Fproc%2F27543" "Mozilla/5.0 AppleWebKit/537.36 (KHTML, like Gecko; compatible; GPTBot/1.3; +https://openai.com/gptbot)"
144.76.32.187 - - [13/Apr/2026:14:08:09 +0000] "GET /whsy.php?e=cwd&p=/proc/29295 HTTP/1.1" 200 947 "-" "Mozilla/5.0 (compatible; SERankingBacklinksBot/1.0; +https://seranking.com/backlinks-crawler)"
74.7.227.16 - - [13/Apr/2026:14:08:11 +0000] "GET /whsy.php?e=limits&p=%2Fproc%2F21190 HTTP/2.0" 200 947 "https://shaksettle.com/whsy.php?p=%2Fproc%2F21190" "Mozilla/5.0 AppleWebKit/537.36 (KHTML, like Gecko; compatible; GPTBot/1.3; +https://openai.com/gptbot)"
74.7.241.28 - - [13/Apr/2026:14:08:12 +0000] "GET /whsy.php?e=ksm_merging_pages&p=%2Fproc%2F12345 HTTP/2.0" 200 947 "https://www.shaksettle.com.lab2454.com/whsy.php?p=%2Fproc%2F12345" "Mozilla/5.0 AppleWebKit/537.36 (KHTML, like Gecko; compatible; GPTBot/1.3; +https://openai.com/gptbot)"
144.76.32.187 - - [13/Apr/2026:14:08:13 +0000] "GET /whsy.php?e=mem&p=/proc/29700 HTTP/1.1" 200 947 "-" "Mozilla/5.0 (compatible; SERankingBacklinksBot/1.0; +https://seranking.com/backlinks-crawler)"
74.7.227.16 - - [13/Apr/2026:14:08:14 +0000] "GET /whsy.php?e=mounts&p=%2Fproc%2F21190 HTTP/2.0" 200 947 "https://shaksettle.com/whsy.php?p=%2Fproc%2F21190" "Mozilla/5.0 AppleWebKit/537.36 (KHTML, like Gecko; compatible; GPTBot/1.3; +https://openai.com/gptbot)"
74.7.241.28 - - [13/Apr/2026:14:08:16 +0000] "GET /whsy.php?e=ksm_merging_pages&p=%2Fproc%2F27056 HTTP/2.0" 200 947 "https://www.shaksettle.com.lab2454.com/whsy.php?p=%2Fproc%2F27056" "Mozilla/5.0 AppleWebKit/537.36 (KHTML, like Gecko; compatible; GPTBot/1.3; +https://openai.com/gptbot)"
144.76.32.187 - - [13/Apr/2026:14:08:17 +0000] "GET /whsy.php?e=exe&p=/proc/29700 HTTP/1.1" 200 947 "-" "Mozilla/5.0 (compatible; SERankingBacklinksBot/1.0; +https://seranking.com/backlinks-crawler)"
74.7.227.16 - - [13/Apr/2026:14:08:18 +0000] "GET /whsy.php?e=limits&p=%2Fproc%2F31732 HTTP/2.0" 200 947 "https://shaksettle.com/whsy.php?p=%2Fproc%2F31732" "Mozilla/5.0 AppleWebKit/537.36 (KHTML, like Gecko; compatible; GPTBot/1.3; +https://openai.com/gptbot)"
74.7.241.28 - - [13/Apr/2026:14:08:19 +0000] "GET /whsy.php?p=%2Fproc%2F26562%2F.. HTTP/2.0" 200 947 "https://www.shaksettle.com.lab2454.com/whsy.php?p=%2Fproc%2F26562" "Mozilla/5.0 AppleWebKit/537.36 (KHTML, like Gecko; compatible; GPTBot/1.3; +https://openai.com/gptbot)"
144.76.32.187 - - [13/Apr/2026:14:08:21 +0000] "GET /whsy.php?e=cwd&p=/proc/29700 HTTP/1.1" 200 947 "-" "Mozilla/5.0 (compatible; SERankingBacklinksBot/1.0; +https://seranking.com/backlinks-crawler)"
74.7.227.16 - - [13/Apr/2026:14:08:22 +0000] "GET /whsy.php?e=mounts&p=%2Fproc%2F29519 HTTP/2.0" 200 947 "https://shaksettle.com/whsy.php?p=%2Fproc%2F29519" "Mozilla/5.0 AppleWebKit/537.36 (KHTML, like Gecko; compatible; GPTBot/1.3; +https://openai.com/gptbot)"
74.7.241.28 - - [13/Apr/2026:14:08:23 +0000] "GET /whsy.php?e=ksm_merging_pages&p=%2Fproc%2F26562 HTTP/2.0" 200 947 "https://www.shaksettle.com.lab2454.com/whsy.php?p=%2Fproc%2F26562" "Mozilla/5.0 AppleWebKit/537.36 (KHTML, like Gecko; compatible; GPTBot/1.3; +https://openai.com/gptbot)"
144.76.32.187 - - [13/Apr/2026:14:08:25 +0000] "GET /whsy.php?e=mem&p=/proc/32276 HTTP/1.1" 200 947 "-" "Mozilla/5.0 (compatible; SERankingBacklinksBot/1.0; +https://seranking.com/backlinks-crawler)"
74.7.227.16 - - [13/Apr/2026:14:08:26 +0000] "GET /whsy.php?e=status&p=%2Fproc%2F27954 HTTP/2.0" 200 947 "https://shaksettle.com/whsy.php?p=%2Fproc%2F27954" "Mozilla/5.0 AppleWebKit/537.36 (KHTML, like Gecko; compatible; GPTBot/1.3; +https://openai.com/gptbot)"
144.76.32.187 - - [13/Apr/2026:14:08:31 +0000] "GET /whsy.php?e=exe&p=/proc/32276 HTTP/1.1" 200 947 "-" "Mozilla/5.0 (compatible; SERankingBacklinksBot/1.0; +https://seranking.com/backlinks-crawler)"
74.7.227.16 - - [13/Apr/2026:14:08:31 +0000] "GET /whsy.php?e=timers&p=%2Fproc%2F20869 HTTP/2.0" 200 947 "https://shaksettle.com/whsy.php?p=%2Fproc%2F20869" "Mozilla/5.0 AppleWebKit/537.36 (KHTML, like Gecko; compatible; GPTBot/1.3; +https://openai.com/gptbot)"
144.76.32.187 - - [13/Apr/2026:14:08:34 +0000] "GET /whsy.php?e=cwd&p=/proc/32276 HTTP/1.1" 200 947 "-" "Mozilla/5.0 (compatible; SERankingBacklinksBot/1.0; +https://seranking.com/backlinks-crawler)"
74.7.241.28 - - [13/Apr/2026:14:08:35 +0000] "GET /whsy.php?e=ksm_merging_pages&p=%2Fproc%2F31151 HTTP/2.0" 200 947 "https://www.shaksettle.com.lab2454.com/whsy.php?p=%2Fproc%2F31151" "Mozilla/5.0 AppleWebKit/537.36 (KHTML, like Gecko; compatible; GPTBot/1.3; +https://openai.com/gptbot)"
74.7.227.16 - - [13/Apr/2026:14:08:39 +0000] "GET /whsy.php?e=mounts&p=%2Fproc%2F31732 HTTP/2.0" 200 947 "https://shaksettle.com/whsy.php?p=%2Fproc%2F31732" "Mozilla/5.0 AppleWebKit/537.36 (KHTML, like Gecko; compatible; GPTBot/1.3; +https://openai.com/gptbot)"
144.76.32.187 - - [13/Apr/2026:14:08:42 +0000] "GET /whsy.php?p=/etc/pki/CA/crl/.. HTTP/1.1" 200 518 "-" "Mozilla/5.0 (compatible; SERankingBacklinksBot/1.0; +https://seranking.com/backlinks-crawler)"
74.7.241.28 - - [13/Apr/2026:14:08:42 +0000] "GET /whsy.php?e=ksm_merging_pages&p=%2Fproc%2F26077 HTTP/2.0" 200 947 "https://www.shaksettle.com.lab2454.com/whsy.php?p=%2Fproc%2F26077" "Mozilla/5.0 AppleWebKit/537.36 (KHTML, like Gecko; compatible; GPTBot/1.3; +https://openai.com/gptbot)"
74.7.227.16 - - [13/Apr/2026:14:08:46 +0000] "GET /whsy.php?e=status&p=%2Fproc%2F20869 HTTP/2.0" 200 947 "https://shaksettle.com/whsy.php?p=%2Fproc%2F20869" "Mozilla/5.0 AppleWebKit/537.36 (KHTML, like Gecko; compatible; GPTBot/1.3; +https://openai.com/gptbot)"
144.76.32.187 - - [13/Apr/2026:14:08:48 +0000] "GET /whsy.php?e=maps&p=/proc/25230 HTTP/1.1" 200 947 "-" "Mozilla/5.0 (compatible; SERankingBacklinksBot/1.0; +https://seranking.com/backlinks-crawler)"
74.7.241.28 - - [13/Apr/2026:14:08:49 +0000] "GET /whsy.php?e=ksm_merging_pages&p=%2Fproc%2F31732 HTTP/2.0" 200 947 "https://www.shaksettle.com.lab2454.com/whsy.php?p=%2Fproc%2F31732" "Mozilla/5.0 AppleWebKit/537.36 (KHTML, like Gecko; compatible; GPTBot/1.3; +https://openai.com/gptbot)"
74.7.227.16 - - [13/Apr/2026:14:08:52 +0000] "GET /whsy.php?e=timers&p=%2Fproc%2F27954 HTTP/2.0" 200 947 "https://shaksettle.com/whsy.php?p=%2Fproc%2F27954" "Mozilla/5.0 AppleWebKit/537.36 (KHTML, like Gecko; compatible; GPTBot/1.3; +https://openai.com/gptbot)"
74.7.241.28 - - [13/Apr/2026:14:08:53 +0000] "GET /whsy.php?e=ksm_merging_pages&p=%2Fproc%2F18661 HTTP/2.0" 200 947 "https://www.shaksettle.com.lab2454.com/whsy.php?p=%2Fproc%2F18661" "Mozilla/5.0 AppleWebKit/537.36 (KHTML, like Gecko; compatible; GPTBot/1.3; +https://openai.com/gptbot)"
144.76.32.187 - - [13/Apr/2026:14:08:54 +0000] "GET /whsy.php?e=maps&p=/proc/25703 HTTP/1.1" 200 947 "-" "Mozilla/5.0 (compatible; SERankingBacklinksBot/1.0; +https://seranking.com/backlinks-crawler)"
74.7.227.16 - - [13/Apr/2026:14:08:55 +0000] "GET /whsy.php?e=timens_offsets&p=%2Fproc%2F22272 HTTP/2.0" 200 947 "https://shaksettle.com/whsy.php?p=%2Fproc%2F22272" "Mozilla/5.0 AppleWebKit/537.36 (KHTML, like Gecko; compatible; GPTBot/1.3; +https://openai.com/gptbot)"
74.7.241.28 - - [13/Apr/2026:14:08:57 +0000] "GET /whsy.php?e=ksm_merging_pages&p=%2Fproc%2F25979 HTTP/2.0" 200 947 "https://www.shaksettle.com.lab2454.com/whsy.php?p=%2Fproc%2F25979" "Mozilla/5.0 AppleWebKit/537.36 (KHTML, like Gecko; compatible; GPTBot/1.3; +https://openai.com/gptbot)"
74.7.227.16 - - [13/Apr/2026:14:08:58 +0000] "GET /whsy.php?e=numa_maps&p=%2Fproc%2F27954 HTTP/2.0" 200 947 "https://shaksettle.com/whsy.php?p=%2Fproc%2F27954" "Mozilla/5.0 AppleWebKit/537.36 (KHTML, like Gecko; compatible; GPTBot/1.3; +https://openai.com/gptbot)"
144.76.32.187 - - [13/Apr/2026:14:08:59 +0000] "GET /whsy.php?e=comm&p=/proc/25230 HTTP/1.1" 200 947 "-" "Mozilla/5.0 (compatible; SERankingBacklinksBot/1.0; +https://seranking.com/backlinks-crawler)"
74.7.241.28 - - [13/Apr/2026:14:09:00 +0000] "GET /whsy.php?e=ksm_merging_pages&p=%2Fproc%2F28247 HTTP/2.0" 200 947 "https://www.shaksettle.com.lab2454.com/whsy.php?p=%2Fproc%2F28247" "Mozilla/5.0 AppleWebKit/537.36 (KHTML, like Gecko; compatible; GPTBot/1.3; +https://openai.com/gptbot)"
74.7.227.16 - - [13/Apr/2026:14:09:02 +0000] "GET /whsy.php?e=numa_maps&p=%2Fproc%2F20869 HTTP/2.0" 200 947 "https://shaksettle.com/whsy.php?p=%2Fproc%2F20869" "Mozilla/5.0 AppleWebKit/537.36 (KHTML, like Gecko; compatible; GPTBot/1.3; +https://openai.com/gptbot)"
74.7.241.28 - - [13/Apr/2026:14:09:03 +0000] "GET /whsy.php?e=ksm_merging_pages&p=%2Fproc%2F22180 HTTP/2.0" 200 947 "https://www.shaksettle.com.lab2454.com/whsy.php?p=%2Fproc%2F22180" "Mozilla/5.0 AppleWebKit/537.36 (KHTML, like Gecko; compatible; GPTBot/1.3; +https://openai.com/gptbot)"
74.7.227.16 - - [13/Apr/2026:14:09:05 +0000] "GET /whsy.php?e=numa_maps&p=%2Fproc%2F29837 HTTP/2.0" 200 947 "https://shaksettle.com/whsy.php?p=%2Fproc%2F29837" "Mozilla/5.0 AppleWebKit/537.36 (KHTML, like Gecko; compatible; GPTBot/1.3; +https://openai.com/gptbot)"
74.7.241.28 - - [13/Apr/2026:14:09:06 +0000] "GET /whsy.php?e=connector&p=%2Fproc%2F28247%2Fnet HTTP/2.0" 200 947 "https://www.shaksettle.com.lab2454.com/whsy.php?p=%2Fproc%2F28247%2Fnet" "Mozilla/5.0 AppleWebKit/537.36 (KHTML, like Gecko; compatible; GPTBot/1.3; +https://openai.com/gptbot)"
74.7.227.16 - - [13/Apr/2026:14:09:08 +0000] "GET /whsy.php?e=timers&p=%2Fproc%2F21190 HTTP/2.0" 200 947 "https://shaksettle.com/whsy.php?p=%2Fproc%2F21190" "Mozilla/5.0 AppleWebKit/537.36 (KHTML, like Gecko; compatible; GPTBot/1.3; +https://openai.com/gptbot)"
74.7.241.28 - - [13/Apr/2026:14:09:10 +0000] "GET /whsy.php?e=nfnetlink_log&p=%2Fproc%2F28247%2Fnet%2Fnetfilter HTTP/2.0" 200 947 "https://www.shaksettle.com.lab2454.com/whsy.php?p=%2Fproc%2F28247%2Fnet%2Fnetfilter" "Mozilla/5.0 AppleWebKit/537.36 (KHTML, like Gecko; compatible; GPTBot/1.3; +https://openai.com/gptbot)"
74.7.227.16 - - [13/Apr/2026:14:09:12 +0000] "GET /whsy.php?e=timers&p=%2Fproc%2F29519 HTTP/2.0" 200 947 "https://shaksettle.com/whsy.php?p=%2Fproc%2F29519" "Mozilla/5.0 AppleWebKit/537.36 (KHTML, like Gecko; compatible; GPTBot/1.3; +https://openai.com/gptbot)"
74.7.241.28 - - [13/Apr/2026:14:09:13 +0000] "GET /whsy.php?e=protocols&p=%2Fproc%2F28247%2Fnet HTTP/2.0" 200 947 "https://www.shaksettle.com.lab2454.com/whsy.php?p=%2Fproc%2F28247%2Fnet" "Mozilla/5.0 AppleWebKit/537.36 (KHTML, like Gecko; compatible; GPTBot/1.3; +https://openai.com/gptbot)"
144.76.32.187 - - [13/Apr/2026:14:09:15 +0000] "GET /whsy.php?e=comm&p=/proc/25703 HTTP/1.1" 200 947 "-" "Mozilla/5.0 (compatible; SERankingBacklinksBot/1.0; +https://seranking.com/backlinks-crawler)"
74.7.227.16 - - [13/Apr/2026:14:09:15 +0000] "GET /whsy.php?e=timers&p=%2Fproc%2F31732 HTTP/2.0" 200 947 "https://shaksettle.com/whsy.php?p=%2Fproc%2F31732" "Mozilla/5.0 AppleWebKit/537.36 (KHTML, like Gecko; compatible; GPTBot/1.3; +https://openai.com/gptbot)"
74.7.241.28 - - [13/Apr/2026:14:09:17 +0000] "GET /whsy.php?p=%2Fproc%2F28247%2Fnet%2Frpc HTTP/2.0" 200 947 "https://www.shaksettle.com.lab2454.com/whsy.php?p=%2Fproc%2F28247%2Fnet" "Mozilla/5.0 AppleWebKit/537.36 (KHTML, like Gecko; compatible; GPTBot/1.3; +https://openai.com/gptbot)"
74.7.227.16 - - [13/Apr/2026:14:09:19 +0000] "GET /whsy.php?p=%2Fproc%2F26562%2Ftask HTTP/2.0" 200 947 "https://shaksettle.com/whsy.php?p=%2Fproc%2F26562" "Mozilla/5.0 AppleWebKit/537.36 (KHTML, like Gecko; compatible; GPTBot/1.3; +https://openai.com/gptbot)"
74.7.241.28 - - [13/Apr/2026:14:09:20 +0000] "GET /whsy.php?p=%2Fproc%2F28247%2Fnet%2Fstat HTTP/2.0" 200 947 "https://www.shaksettle.com.lab2454.com/whsy.php?p=%2Fproc%2F28247%2Fnet" "Mozilla/5.0 AppleWebKit/537.36 (KHTML, like Gecko; compatible; GPTBot/1.3; +https://openai.com/gptbot)"
74.7.227.16 - - [13/Apr/2026:14:09:22 +0000] "GET /whsy.php?p=%2Fproc%2F28247%2Fattr HTTP/2.0" 200 947 "https://shaksettle.com/whsy.php?p=%2Fproc%2F28247" "Mozilla/5.0 AppleWebKit/537.36 (KHTML, like Gecko; compatible; GPTBot/1.3; +https://openai.com/gptbot)"
144.76.32.187 - - [13/Apr/2026:14:09:23 +0000] "GET /whsy.php?e=maps&p=/proc/26504 HTTP/1.1" 200 947 "-" "Mozilla/5.0 (compatible; SERankingBacklinksBot/1.0; +https://seranking.com/backlinks-crawler)"
74.7.241.28 - - [13/Apr/2026:14:09:25 +0000] "GET /whsy.php?p=%2Fproc%2F28247%2Fnet%2Fsctp HTTP/2.0" 200 947 "https://www.shaksettle.com.lab2454.com/whsy.php?p=%2Fproc%2F28247%2Fnet" "Mozilla/5.0 AppleWebKit/537.36 (KHTML, like Gecko; compatible; GPTBot/1.3; +https://openai.com/gptbot)"
74.7.227.16 - - [13/Apr/2026:14:09:27 +0000] "GET /whsy.php?p=%2Fproc%2F26562%2Fattr HTTP/2.0" 200 947 "https://shaksettle.com/whsy.php?p=%2Fproc%2F26562" "Mozilla/5.0 AppleWebKit/537.36 (KHTML, like Gecko; compatible; GPTBot/1.3; +https://openai.com/gptbot)"
74.7.241.28 - - [13/Apr/2026:14:09:28 +0000] "GET /whsy.php?e=coredump_filter&p=%2Fproc%2F25979 HTTP/2.0" 200 947 "https://www.shaksettle.com.lab2454.com/whsy.php?p=%2Fproc%2F25979" "Mozilla/5.0 AppleWebKit/537.36 (KHTML, like Gecko; compatible; GPTBot/1.3; +https://openai.com/gptbot)"
74.7.227.16 - - [13/Apr/2026:14:09:31 +0000] "GET /whsy.php?p=%2Fproc%2F22180%2Fattr HTTP/2.0" 200 947 "https://shaksettle.com/whsy.php?p=%2Fproc%2F22180" "Mozilla/5.0 AppleWebKit/537.36 (KHTML, like Gecko; compatible; GPTBot/1.3; +https://openai.com/gptbot)"
144.76.32.187 - - [13/Apr/2026:14:09:31 +0000] "GET /whsy.php?e=maps&p=/proc/26510 HTTP/1.1" 200 947 "-" "Mozilla/5.0 (compatible; SERankingBacklinksBot/1.0; +https://seranking.com/backlinks-crawler)"
74.7.241.28 - - [13/Apr/2026:14:09:33 +0000] "GET /whsy.php?e=coredump_filter&p=%2Fproc%2F26077 HTTP/2.0" 200 947 "https://www.shaksettle.com.lab2454.com/whsy.php?p=%2Fproc%2F26077" "Mozilla/5.0 AppleWebKit/537.36 (KHTML, like Gecko; compatible; GPTBot/1.3; +https://openai.com/gptbot)"
74.7.227.16 - - [13/Apr/2026:14:09:36 +0000] "GET /whsy.php?p=%2Fproc%2F21190%2Fattr HTTP/2.0" 200 947 "https://shaksettle.com/whsy.php?p=%2Fproc%2F21190" "Mozilla/5.0 AppleWebKit/537.36 (KHTML, like Gecko; compatible; GPTBot/1.3; +https://openai.com/gptbot)"
144.76.32.187 - - [13/Apr/2026:14:09:36 +0000] "GET /whsy.php?e=comm&p=/proc/26504 HTTP/1.1" 200 947 "-" "Mozilla/5.0 (compatible; SERankingBacklinksBot/1.0; +https://seranking.com/backlinks-crawler)"
74.7.241.28 - - [13/Apr/2026:14:09:37 +0000] "GET /whsy.php?e=coredump_filter&p=%2Fproc%2F31732 HTTP/2.0" 200 947 "https://www.shaksettle.com.lab2454.com/whsy.php?p=%2Fproc%2F31732" "Mozilla/5.0 AppleWebKit/537.36 (KHTML, like Gecko; compatible; GPTBot/1.3; +https://openai.com/gptbot)"
74.7.227.16 - - [13/Apr/2026:14:09:40 +0000] "GET /whsy.php?p=%2Fproc%2F27954%2Fnet HTTP/2.0" 200 947 "https://shaksettle.com/whsy.php?p=%2Fproc%2F27954" "Mozilla/5.0 AppleWebKit/537.36 (KHTML, like Gecko; compatible; GPTBot/1.3; +https://openai.com/gptbot)"
74.7.241.28 - - [13/Apr/2026:14:09:41 +0000] "GET /whsy.php?e=coredump_filter&p=%2Fproc%2F31151 HTTP/2.0" 200 947 "https://www.shaksettle.com.lab2454.com/whsy.php?p=%2Fproc%2F31151" "Mozilla/5.0 AppleWebKit/537.36 (KHTML, like Gecko; compatible; GPTBot/1.3; +https://openai.com/gptbot)"
144.76.32.187 - - [13/Apr/2026:14:09:42 +0000] "GET /whsy.php?e=maps&p=/proc/26515 HTTP/1.1" 200 947 "-" "Mozilla/5.0 (compatible; SERankingBacklinksBot/1.0; +https://seranking.com/backlinks-crawler)"
74.7.227.16 - - [13/Apr/2026:14:09:44 +0000] "GET /whsy.php?p=%2Fproc%2F21190%2Ftask HTTP/2.0" 200 947 "https://shaksettle.com/whsy.php?p=%2Fproc%2F21190" "Mozilla/5.0 AppleWebKit/537.36 (KHTML, like Gecko; compatible; GPTBot/1.3; +https://openai.com/gptbot)"
74.7.241.28 - - [13/Apr/2026:14:09:45 +0000] "GET /whsy.php?p=%2Fproc%2F28247%2Fnet%2Fvlan HTTP/2.0" 200 947 "https://www.shaksettle.com.lab2454.com/whsy.php?p=%2Fproc%2F28247%2Fnet" "Mozilla/5.0 AppleWebKit/537.36 (KHTML, like Gecko; compatible; GPTBot/1.3; +https://openai.com/gptbot)"
144.76.32.187 - - [13/Apr/2026:14:09:47 +0000] "GET /whsy.php?e=comm&p=/proc/26510 HTTP/1.1" 200 947 "-" "Mozilla/5.0 (compatible; SERankingBacklinksBot/1.0; +https://seranking.com/backlinks-crawler)"
74.7.227.16 - - [13/Apr/2026:14:09:47 +0000] "GET /whsy.php?p=%2Fproc%2F22180%2Fnet HTTP/2.0" 200 947 "https://shaksettle.com/whsy.php?p=%2Fproc%2F22180" "Mozilla/5.0 AppleWebKit/537.36 (KHTML, like Gecko; compatible; GPTBot/1.3; +https://openai.com/gptbot)"
74.7.241.28 - - [13/Apr/2026:14:09:49 +0000] "GET /whsy.php?e=coredump_filter&p=%2Fproc%2F28247 HTTP/2.0" 200 947 "https://www.shaksettle.com.lab2454.com/whsy.php?p=%2Fproc%2F28247" "Mozilla/5.0 AppleWebKit/537.36 (KHTML, like Gecko; compatible; GPTBot/1.3; +https://openai.com/gptbot)"
74.7.227.16 - - [13/Apr/2026:14:09:51 +0000] "GET /whsy.php?p=%2Fproc%2F31732%2Ftask HTTP/2.0" 200 947 "https://shaksettle.com/whsy.php?p=%2Fproc%2F31732" "Mozilla/5.0 AppleWebKit/537.36 (KHTML, like Gecko; compatible; GPTBot/1.3; +https://openai.com/gptbot)"
74.7.241.28 - - [13/Apr/2026:14:09:52 +0000] "GET /whsy.php?e=coredump_filter&p=%2Fproc%2F22180 HTTP/2.0" 200 947 "https://www.shaksettle.com.lab2454.com/whsy.php?p=%2Fproc%2F22180" "Mozilla/5.0 AppleWebKit/537.36 (KHTML, like Gecko; compatible; GPTBot/1.3; +https://openai.com/gptbot)"
144.76.32.187 - - [13/Apr/2026:14:09:53 +0000] "GET /whsy.php?e=maps&p=/proc/26532 HTTP/1.1" 200 947 "-" "Mozilla/5.0 (compatible; SERankingBacklinksBot/1.0; +https://seranking.com/backlinks-crawler)"
74.7.227.16 - - [13/Apr/2026:14:09:54 +0000] "GET /whsy.php?p=%2Fproc%2F29519%2Fnet HTTP/2.0" 200 947 "https://shaksettle.com/whsy.php?p=%2Fproc%2F29519" "Mozilla/5.0 AppleWebKit/537.36 (KHTML, like Gecko; compatible; GPTBot/1.3; +https://openai.com/gptbot)"
74.7.241.28 - - [13/Apr/2026:14:09:56 +0000] "GET /whsy.php?e=snmp&p=%2Fproc%2F6781%2Fnet HTTP/2.0" 200 3232 "https://www.shaksettle.com.lab2454.com/whsy.php?p=%2Fproc%2F6781%2Fnet" "Mozilla/5.0 AppleWebKit/537.36 (KHTML, like Gecko; compatible; GPTBot/1.3; +https://openai.com/gptbot)"
74.7.227.16 - - [13/Apr/2026:14:09:58 +0000] "GET /whsy.php?p=%2Fproc%2F27954%2Ftask HTTP/2.0" 200 947 "https://shaksettle.com/whsy.php?p=%2Fproc%2F27954" "Mozilla/5.0 AppleWebKit/537.36 (KHTML, like Gecko; compatible; GPTBot/1.3; +https://openai.com/gptbot)"
74.7.241.28 - - [13/Apr/2026:14:09:59 +0000] "GET /whsy.php?e=ip_mr_cache&p=%2Fproc%2F4955%2Fnet HTTP/2.0" 200 947 "https://www.shaksettle.com.lab2454.com/whsy.php?p=%2Fproc%2F4955%2Fnet" "Mozilla/5.0 AppleWebKit/537.36 (KHTML, like Gecko; compatible; GPTBot/1.3; +https://openai.com/gptbot)"
144.76.32.187 - - [13/Apr/2026:14:09:59 +0000] "GET /whsy.php?e=comm&p=/proc/26515 HTTP/1.1" 200 947 "-" "Mozilla/5.0 (compatible; SERankingBacklinksBot/1.0; +https://seranking.com/backlinks-crawler)"
74.7.227.16 - - [13/Apr/2026:14:10:01 +0000] "GET /whsy.php?p=%2Fproc%2F29837%2Fnet HTTP/2.0" 200 947 "https://shaksettle.com/whsy.php?p=%2Fproc%2F29837" "Mozilla/5.0 AppleWebKit/537.36 (KHTML, like Gecko; compatible; GPTBot/1.3; +https://openai.com/gptbot)"
74.7.241.28 - - [13/Apr/2026:14:10:03 +0000] "GET /whsy.php?e=ip_mr_cache&p=%2Fproc%2F9303%2Fnet HTTP/2.0" 200 2546 "https://www.shaksettle.com.lab2454.com/whsy.php?p=%2Fproc%2F9303%2Fnet" "Mozilla/5.0 AppleWebKit/537.36 (KHTML, like Gecko; compatible; GPTBot/1.3; +https://openai.com/gptbot)"
74.7.227.16 - - [13/Apr/2026:14:10:04 +0000] "GET /whsy.php?p=%2Fproc%2F31732%2Fattr HTTP/2.0" 200 947 "https://shaksettle.com/whsy.php?p=%2Fproc%2F31732" "Mozilla/5.0 AppleWebKit/537.36 (KHTML, like Gecko; compatible; GPTBot/1.3; +https://openai.com/gptbot)"
74.7.241.28 - - [13/Apr/2026:14:10:06 +0000] "GET /whsy.php?p=%2Fproc%2F2282 HTTP/2.0" 200 947 "https://www.shaksettle.com.lab2454.com/whsy.php?p=%2Fproc%2F9303%2F.." "Mozilla/5.0 AppleWebKit/537.36 (KHTML, like Gecko; compatible; GPTBot/1.3; +https://openai.com/gptbot)"
74.7.227.16 - - [13/Apr/2026:14:10:08 +0000] "GET /whsy.php?p=%2Fproc%2F29837%2Fattr HTTP/2.0" 200 947 "https://shaksettle.com/whsy.php?p=%2Fproc%2F29837" "Mozilla/5.0 AppleWebKit/537.36 (KHTML, like Gecko; compatible; GPTBot/1.3; +https://openai.com/gptbot)"
74.7.241.28 - - [13/Apr/2026:14:10:09 +0000] "GET /whsy.php?e=arp&p=%2Fproc%2F9303%2Fnet HTTP/2.0" 200 2578 "https://www.shaksettle.com.lab2454.com/whsy.php?p=%2Fproc%2F9303%2Fnet" "Mozilla/5.0 AppleWebKit/537.36 (KHTML, like Gecko; compatible; GPTBot/1.3; +https://openai.com/gptbot)"
144.76.32.187 - - [13/Apr/2026:14:10:10 +0000] "GET /whsy.php?e=maps&p=/proc/26536 HTTP/1.1" 200 947 "-" "Mozilla/5.0 (compatible; SERankingBacklinksBot/1.0; +https://seranking.com/backlinks-crawler)"
74.7.227.16 - - [13/Apr/2026:14:10:11 +0000] "GET /whsy.php?p=%2Fproc%2F28247%2Ftask HTTP/2.0" 200 947 "https://shaksettle.com/whsy.php?p=%2Fproc%2F28247" "Mozilla/5.0 AppleWebKit/537.36 (KHTML, like Gecko; compatible; GPTBot/1.3; +https://openai.com/gptbot)"
74.7.241.28 - - [13/Apr/2026:14:10:12 +0000] "GET /whsy.php?e=arp&p=%2Fproc%2F4955%2Fnet HTTP/2.0" 200 947 "https://www.shaksettle.com.lab2454.com/whsy.php?p=%2Fproc%2F4955%2Fnet" "Mozilla/5.0 AppleWebKit/537.36 (KHTML, like Gecko; compatible; GPTBot/1.3; +https://openai.com/gptbot)"
74.7.227.16 - - [13/Apr/2026:14:10:14 +0000] "GET /whsy.php?p=%2Fproc%2F29519%2Fattr HTTP/2.0" 200 947 "https://shaksettle.com/whsy.php?p=%2Fproc%2F29519" "Mozilla/5.0 AppleWebKit/537.36 (KHTML, like Gecko; compatible; GPTBot/1.3; +https://openai.com/gptbot)"
74.7.241.28 - - [13/Apr/2026:14:10:16 +0000] "GET /whsy.php?e=tcp&p=%2Fproc%2F6781%2Fnet HTTP/2.0" 200 13813 "https://www.shaksettle.com.lab2454.com/whsy.php?p=%2Fproc%2F6781%2Fnet" "Mozilla/5.0 AppleWebKit/537.36 (KHTML, like Gecko; compatible; GPTBot/1.3; +https://openai.com/gptbot)"
144.76.32.187 - - [13/Apr/2026:14:10:17 +0000] "GET /whsy.php?e=comm&p=/proc/26532 HTTP/1.1" 200 947 "-" "Mozilla/5.0 (compatible; SERankingBacklinksBot/1.0; +https://seranking.com/backlinks-crawler)"
74.7.227.16 - - [13/Apr/2026:14:10:18 +0000] "GET /whsy.php?p=%2Fproc%2F26562%2Fnet HTTP/2.0" 200 947 "https://shaksettle.com/whsy.php?p=%2Fproc%2F26562" "Mozilla/5.0 AppleWebKit/537.36 (KHTML, like Gecko; compatible; GPTBot/1.3; +https://openai.com/gptbot)"
74.7.241.28 - - [13/Apr/2026:14:10:19 +0000] "GET /whsy.php?e=coredump_filter&p=%2Fproc%2F26562 HTTP/2.0" 200 947 "https://www.shaksettle.com.lab2454.com/whsy.php?p=%2Fproc%2F26562" "Mozilla/5.0 AppleWebKit/537.36 (KHTML, like Gecko; compatible; GPTBot/1.3; +https://openai.com/gptbot)"
74.7.227.16 - - [13/Apr/2026:14:10:21 +0000] "GET /whsy.php?p=%2Fproc%2F22180%2Ftask HTTP/2.0" 200 947 "https://shaksettle.com/whsy.php?p=%2Fproc%2F22180" "Mozilla/5.0 AppleWebKit/537.36 (KHTML, like Gecko; compatible; GPTBot/1.3; +https://openai.com/gptbot)"
74.7.241.28 - - [13/Apr/2026:14:10:23 +0000] "GET /whsy.php?p=%2Fproc%2F28247%2Ftask%2F28247 HTTP/2.0" 200 947 "https://www.shaksettle.com.lab2454.com/whsy.php?p=%2Fproc%2F28247%2Ftask" "Mozilla/5.0 AppleWebKit/537.36 (KHTML, like Gecko; compatible; GPTBot/1.3; +https://openai.com/gptbot)"
74.7.227.16 - - [13/Apr/2026:14:10:24 +0000] "GET /whsy.php?p=%2Fproc%2F21190%2Fnet HTTP/2.0" 200 947 "https://shaksettle.com/whsy.php?p=%2Fproc%2F21190" "Mozilla/5.0 AppleWebKit/537.36 (KHTML, like Gecko; compatible; GPTBot/1.3; +https://openai.com/gptbot)"
74.7.241.28 - - [13/Apr/2026:14:10:26 +0000] "GET /whsy.php?e=sockcreate&p=%2Fproc%2F6781%2Fattr HTTP/2.0" 200 862 "https://www.shaksettle.com.lab2454.com/whsy.php?p=%2Fproc%2F6781%2Fattr" "Mozilla/5.0 AppleWebKit/537.36 (KHTML, like Gecko; compatible; GPTBot/1.3; +https://openai.com/gptbot)"
74.7.227.16 - - [13/Apr/2026:14:10:28 +0000] "GET /whsy.php?p=%2Fproc%2F29837%2Ftask HTTP/2.0" 200 947 "https://shaksettle.com/whsy.php?p=%2Fproc%2F29837" "Mozilla/5.0 AppleWebKit/537.36 (KHTML, like Gecko; compatible; GPTBot/1.3; +https://openai.com/gptbot)"
144.76.32.187 - - [13/Apr/2026:14:10:30 +0000] "GET /whsy.php?e=maps&p=/proc/26538 HTTP/1.1" 200 947 "-" "Mozilla/5.0 (compatible; SERankingBacklinksBot/1.0; +https://seranking.com/backlinks-crawler)"
74.7.241.28 - - [13/Apr/2026:14:10:30 +0000] "GET /whsy.php?e=projid_map&p=%2Fproc%2F9303 HTTP/2.0" 200 2025 "https://www.shaksettle.com.lab2454.com/whsy.php?p=%2Fproc%2F9303" "Mozilla/5.0 AppleWebKit/537.36 (KHTML, like Gecko; compatible; GPTBot/1.3; +https://openai.com/gptbot)"
74.7.227.16 - - [13/Apr/2026:14:10:31 +0000] "GET /whsy.php?p=%2Fproc%2F20869%2Ftask HTTP/2.0" 200 947 "https://shaksettle.com/whsy.php?p=%2Fproc%2F20869" "Mozilla/5.0 AppleWebKit/537.36 (KHTML, like Gecko; compatible; GPTBot/1.3; +https://openai.com/gptbot)"
74.7.241.28 - - [13/Apr/2026:14:10:33 +0000] "GET /whsy.php?e=projid_map&p=%2Fproc%2F4955 HTTP/2.0" 200 947 "https://www.shaksettle.com.lab2454.com/whsy.php?p=%2Fproc%2F4955" "Mozilla/5.0 AppleWebKit/537.36 (KHTML, like Gecko; compatible; GPTBot/1.3; +https://openai.com/gptbot)"
74.7.227.16 - - [13/Apr/2026:14:10:35 +0000] "GET /whsy.php?p=%2Fproc%2F31732%2Fnet HTTP/2.0" 200 947 "https://shaksettle.com/whsy.php?p=%2Fproc%2F31732" "Mozilla/5.0 AppleWebKit/537.36 (KHTML, like Gecko; compatible; GPTBot/1.3; +https://openai.com/gptbot)"
74.7.241.28 - - [13/Apr/2026:14:10:37 +0000] "GET /whsy.php?e=ip6_mr_cache&p=%2Fproc%2F9303%2Fnet HTTP/2.0" 200 2550 "https://www.shaksettle.com.lab2454.com/whsy.php?p=%2Fproc%2F9303%2Fnet" "Mozilla/5.0 AppleWebKit/537.36 (KHTML, like Gecko; compatible; GPTBot/1.3; +https://openai.com/gptbot)"
144.76.32.187 - - [13/Apr/2026:14:10:38 +0000] "GET /whsy.php?e=comm&p=/proc/26536 HTTP/1.1" 200 947 "-" "Mozilla/5.0 (compatible; SERankingBacklinksBot/1.0; +https://seranking.com/backlinks-crawler)"
74.7.227.16 - - [13/Apr/2026:14:10:38 +0000] "GET /whsy.php?p=%2Fproc%2F28247%2Fnet HTTP/2.0" 200 947 "https://shaksettle.com/whsy.php?p=%2Fproc%2F28247" "Mozilla/5.0 AppleWebKit/537.36 (KHTML, like Gecko; compatible; GPTBot/1.3; +https://openai.com/gptbot)"
74.7.241.28 - - [13/Apr/2026:14:10:40 +0000] "GET /whsy.php?e=ip6_mr_cache&p=%2Fproc%2F4955%2Fnet HTTP/2.0" 200 947 "https://www.shaksettle.com.lab2454.com/whsy.php?p=%2Fproc%2F4955%2Fnet" "Mozilla/5.0 AppleWebKit/537.36 (KHTML, like Gecko; compatible; GPTBot/1.3; +https://openai.com/gptbot)"
74.7.227.16 - - [13/Apr/2026:14:10:42 +0000] "GET /whsy.php?p=%2Fproc%2F29519%2Ftask HTTP/2.0" 200 947 "https://shaksettle.com/whsy.php?p=%2Fproc%2F29519" "Mozilla/5.0 AppleWebKit/537.36 (KHTML, like Gecko; compatible; GPTBot/1.3; +https://openai.com/gptbot)"
74.7.241.28 - - [13/Apr/2026:14:10:44 +0000] "GET /whsy.php?e=ip6_mr_cache&p=%2Fproc%2F6781%2Fnet HTTP/2.0" 200 2551 "https://www.shaksettle.com.lab2454.com/whsy.php?p=%2Fproc%2F6781%2Fnet" "Mozilla/5.0 AppleWebKit/537.36 (KHTML, like Gecko; compatible; GPTBot/1.3; +https://openai.com/gptbot)"
74.7.227.16 - - [13/Apr/2026:14:10:45 +0000] "GET /whsy.php?p=%2Fproc%2F27954%2Fattr HTTP/2.0" 200 947 "https://shaksettle.com/whsy.php?p=%2Fproc%2F27954" "Mozilla/5.0 AppleWebKit/537.36 (KHTML, like Gecko; compatible; GPTBot/1.3; +https://openai.com/gptbot)"
144.76.32.187 - - [13/Apr/2026:14:10:45 +0000] "GET /whsy.php?e=maps&p=/proc/26539 HTTP/1.1" 200 947 "-" "Mozilla/5.0 (compatible; SERankingBacklinksBot/1.0; +https://seranking.com/backlinks-crawler)"
74.7.227.16 - - [13/Apr/2026:14:10:48 +0000] "GET /whsy.php?p=%2Fproc%2F20869%2Fnet HTTP/2.0" 200 947 "https://shaksettle.com/whsy.php?p=%2Fproc%2F20869" "Mozilla/5.0 AppleWebKit/537.36 (KHTML, like Gecko; compatible; GPTBot/1.3; +https://openai.com/gptbot)"
74.7.241.28 - - [13/Apr/2026:14:10:47 +0000] "GET /whsy.php?p=%2Fproc%2F6781%2Fnet%2Fipt_hashlimit%2F.. HTTP/2.0" 200 2441 "https://www.shaksettle.com.lab2454.com/whsy.php?p=%2Fproc%2F6781%2Fnet%2Fipt_hashlimit" "Mozilla/5.0 AppleWebKit/537.36 (KHTML, like Gecko; compatible; GPTBot/1.3; +https://openai.com/gptbot)"
74.7.241.28 - - [13/Apr/2026:14:10:50 +0000] "GET /whsy.php?p=%2Fproc%2F4955%2Fnet%2Fip6t_hashlimit%2F.. HTTP/2.0" 200 947 "https://www.shaksettle.com.lab2454.com/whsy.php?p=%2Fproc%2F4955%2Fnet%2Fip6t_hashlimit" "Mozilla/5.0 AppleWebKit/537.36 (KHTML, like Gecko; compatible; GPTBot/1.3; +https://openai.com/gptbot)"
74.7.227.16 - - [13/Apr/2026:14:10:52 +0000] "GET /whsy.php?p=%2Fproc%2F20869%2Fattr HTTP/2.0" 200 947 "https://shaksettle.com/whsy.php?p=%2Fproc%2F20869" "Mozilla/5.0 AppleWebKit/537.36 (KHTML, like Gecko; compatible; GPTBot/1.3; +https://openai.com/gptbot)"
144.76.32.187 - - [13/Apr/2026:14:10:53 +0000] "GET /robots.txt HTTP/1.1" 404 - "-" "Mozilla/5.0 (compatible; SERankingBacklinksBot/1.0; +https://seranking.com/backlinks-crawler)"
144.76.32.187 - - [13/Apr/2026:14:10:53 +0000] "GET /whsy.php?p=/proc/18215 HTTP/1.1" 200 947 "-" "Mozilla/5.0 (compatible; SERankingBacklinksBot/1.0; +https://seranking.com/backlinks-crawler)"
74.7.241.28 - - [13/Apr/2026:14:10:54 +0000] "GET /whsy.php?p=%2Fproc%2F6781%2Fnet%2Fip6t_hashlimit%2F.. HTTP/2.0" 200 2441 "https://www.shaksettle.com.lab2454.com/whsy.php?p=%2Fproc%2F6781%2Fnet%2Fip6t_hashlimit" "Mozilla/5.0 AppleWebKit/537.36 (KHTML, like Gecko; compatible; GPTBot/1.3; +https://openai.com/gptbot)"
74.7.227.16 - - [13/Apr/2026:14:10:55 +0000] "GET /whsy.php?e=arch_status&p=%2Fproc%2F29837 HTTP/2.0" 200 947 "https://shaksettle.com/whsy.php?p=%2Fproc%2F29837" "Mozilla/5.0 AppleWebKit/537.36 (KHTML, like Gecko; compatible; GPTBot/1.3; +https://openai.com/gptbot)"
74.7.241.28 - - [13/Apr/2026:14:10:57 +0000] "GET /whsy.php?p=%2Fproc%2F9303%2Fnet%2Fip6t_hashlimit%2F.. HTTP/2.0" 200 2440 "https://www.shaksettle.com.lab2454.com/whsy.php?p=%2Fproc%2F9303%2Fnet%2Fip6t_hashlimit" "Mozilla/5.0 AppleWebKit/537.36 (KHTML, like Gecko; compatible; GPTBot/1.3; +https://openai.com/gptbot)"
74.7.227.16 - - [13/Apr/2026:14:10:59 +0000] "GET /whsy.php?e=arch_status&p=%2Fproc%2F20869 HTTP/2.0" 200 947 "https://shaksettle.com/whsy.php?p=%2Fproc%2F20869" "Mozilla/5.0 AppleWebKit/537.36 (KHTML, like Gecko; compatible; GPTBot/1.3; +https://openai.com/gptbot)"
144.76.32.187 - - [13/Apr/2026:14:11:00 +0000] "GET /whsy.php?p=/proc/24654 HTTP/1.1" 200 947 "-" "Mozilla/5.0 (compatible; SERankingBacklinksBot/1.0; +https://seranking.com/backlinks-crawler)"
74.7.241.28 - - [13/Apr/2026:14:11:00 +0000] "GET /whsy.php?e=ip_vs_stats&p=%2Fproc%2F6781%2Fnet HTTP/2.0" 200 2590 "https://www.shaksettle.com.lab2454.com/whsy.php?p=%2Fproc%2F6781%2Fnet" "Mozilla/5.0 AppleWebKit/537.36 (KHTML, like Gecko; compatible; GPTBot/1.3; +https://openai.com/gptbot)"
74.7.227.16 - - [13/Apr/2026:14:11:02 +0000] "GET /whsy.php?e=arch_status&p=%2Fproc%2F27954 HTTP/2.0" 200 947 "https://shaksettle.com/whsy.php?p=%2Fproc%2F27954" "Mozilla/5.0 AppleWebKit/537.36 (KHTML, like Gecko; compatible; GPTBot/1.3; +https://openai.com/gptbot)"
74.7.241.28 - - [13/Apr/2026:14:11:04 +0000] "GET /whsy.php?e=ip_mr_cache&p=%2Fproc%2F6781%2Fnet HTTP/2.0" 200 2547 "https://www.shaksettle.com.lab2454.com/whsy.php?p=%2Fproc%2F6781%2Fnet" "Mozilla/5.0 AppleWebKit/537.36 (KHTML, like Gecko; compatible; GPTBot/1.3; +https://openai.com/gptbot)"
74.7.227.16 - - [13/Apr/2026:14:11:05 +0000] "GET /whsy.php?e=cpuset&p=%2Fproc%2F20869 HTTP/2.0" 200 947 "https://shaksettle.com/whsy.php?p=%2Fproc%2F20869" "Mozilla/5.0 AppleWebKit/537.36 (KHTML, like Gecko; compatible; GPTBot/1.3; +https://openai.com/gptbot)"
74.7.241.28 - - [13/Apr/2026:14:11:07 +0000] "GET /whsy.php?e=ip6_tables_names&p=%2Fproc%2F4955%2Fnet HTTP/2.0" 200 947 "https://www.shaksettle.com.lab2454.com/whsy.php?p=%2Fproc%2F4955%2Fnet" "Mozilla/5.0 AppleWebKit/537.36 (KHTML, like Gecko; compatible; GPTBot/1.3; +https://openai.com/gptbot)"
144.76.32.187 - - [13/Apr/2026:14:11:07 +0000] "GET /whsy.php?p=/proc/18218 HTTP/1.1" 200 947 "-" "Mozilla/5.0 (compatible; SERankingBacklinksBot/1.0; +https://seranking.com/backlinks-crawler)"
74.7.227.16 - - [13/Apr/2026:14:11:08 +0000] "GET /whsy.php?e=limits&p=%2Fproc%2F26562 HTTP/2.0" 200 947 "https://shaksettle.com/whsy.php?p=%2Fproc%2F26562" "Mozilla/5.0 AppleWebKit/537.36 (KHTML, like Gecko; compatible; GPTBot/1.3; +https://openai.com/gptbot)"
74.7.241.28 - - [13/Apr/2026:14:11:10 +0000] "GET /whsy.php?e=ip6_tables_names&p=%2Fproc%2F6781%2Fnet HTTP/2.0" 200 2441 "https://www.shaksettle.com.lab2454.com/whsy.php?p=%2Fproc%2F6781%2Fnet" "Mozilla/5.0 AppleWebKit/537.36 (KHTML, like Gecko; compatible; GPTBot/1.3; +https://openai.com/gptbot)"
74.7.227.16 - - [13/Apr/2026:14:11:12 +0000] "GET /whsy.php?e=cpuset&p=%2Fproc%2F27954 HTTP/2.0" 200 947 "https://shaksettle.com/whsy.php?p=%2Fproc%2F27954" "Mozilla/5.0 AppleWebKit/537.36 (KHTML, like Gecko; compatible; GPTBot/1.3; +https://openai.com/gptbot)"
74.7.241.28 - - [13/Apr/2026:14:11:14 +0000] "GET /whsy.php?e=ip6_tables_names&p=%2Fproc%2F9303%2Fnet HTTP/2.0" 200 2440 "https://www.shaksettle.com.lab2454.com/whsy.php?p=%2Fproc%2F9303%2Fnet" "Mozilla/5.0 AppleWebKit/537.36 (KHTML, like Gecko; compatible; GPTBot/1.3; +https://openai.com/gptbot)"
144.76.32.187 - - [13/Apr/2026:14:11:15 +0000] "GET /whsy.php?p=/proc/18219 HTTP/1.1" 200 947 "-" "Mozilla/5.0 (compatible; SERankingBacklinksBot/1.0; +https://seranking.com/backlinks-crawler)"
74.7.227.16 - - [13/Apr/2026:14:11:15 +0000] "GET /whsy.php?e=mounts&p=%2Fproc%2F26562 HTTP/2.0" 200 947 "https://shaksettle.com/whsy.php?p=%2Fproc%2F26562" "Mozilla/5.0 AppleWebKit/537.36 (KHTML, like Gecko; compatible; GPTBot/1.3; +https://openai.com/gptbot)"
74.7.241.28 - - [13/Apr/2026:14:11:17 +0000] "GET /whsy.php?e=keycreate&p=%2Fproc%2F28247%2Fattr HTTP/2.0" 200 947 "https://www.shaksettle.com.lab2454.com/whsy.php?p=%2Fproc%2F28247%2Fattr" "Mozilla/5.0 AppleWebKit/537.36 (KHTML, like Gecko; compatible; GPTBot/1.3; +https://openai.com/gptbot)"
74.7.227.16 - - [13/Apr/2026:14:11:18 +0000] "GET /whsy.php?e=status&p=%2Fproc%2F29519 HTTP/2.0" 200 947 "https://shaksettle.com/whsy.php?p=%2Fproc%2F29519" "Mozilla/5.0 AppleWebKit/537.36 (KHTML, like Gecko; compatible; GPTBot/1.3; +https://openai.com/gptbot)"
74.7.241.28 - - [13/Apr/2026:14:11:20 +0000] "GET /whsy.php?p=%2Fproc%2F9303%2Fnet%2Frpc%2Fnfs4.idtoname%2F.. HTTP/2.0" 200 859 "https://www.shaksettle.com.lab2454.com/whsy.php?p=%2Fproc%2F9303%2Fnet%2Frpc%2Fnfs4.idtoname" "Mozilla/5.0 AppleWebKit/537.36 (KHTML, like Gecko; compatible; GPTBot/1.3; +https://openai.com/gptbot)"
74.7.227.16 - - [13/Apr/2026:14:11:22 +0000] "GET /whsy.php?e=cgroup&p=%2Fproc%2F27954 HTTP/2.0" 200 947 "https://shaksettle.com/whsy.php?p=%2Fproc%2F27954" "Mozilla/5.0 AppleWebKit/537.36 (KHTML, like Gecko; compatible; GPTBot/1.3; +https://openai.com/gptbot)"
144.76.32.187 - - [13/Apr/2026:14:11:22 +0000] "GET /whsy.php?p=/proc/24687 HTTP/1.1" 200 947 "-" "Mozilla/5.0 (compatible; SERankingBacklinksBot/1.0; +https://seranking.com/backlinks-crawler)"
74.7.241.28 - - [13/Apr/2026:14:11:24 +0000] "GET /whsy.php?p=%2Fproc%2F6781%2Fnet%2Frpc%2Fnfs4.idtoname%2F.. HTTP/2.0" 200 859 "https://www.shaksettle.com.lab2454.com/whsy.php?p=%2Fproc%2F6781%2Fnet%2Frpc%2Fnfs4.idtoname" "Mozilla/5.0 AppleWebKit/537.36 (KHTML, like Gecko; compatible; GPTBot/1.3; +https://openai.com/gptbot)"
74.7.227.16 - - [13/Apr/2026:14:11:25 +0000] "GET /whsy.php?e=cgroup&p=%2Fproc%2F20869 HTTP/2.0" 200 947 "https://shaksettle.com/whsy.php?p=%2Fproc%2F20869" "Mozilla/5.0 AppleWebKit/537.36 (KHTML, like Gecko; compatible; GPTBot/1.3; +https://openai.com/gptbot)"
74.7.241.28 - - [13/Apr/2026:14:11:27 +0000] "GET /whsy.php?p=%2Fproc%2F9303%2Fnet%2Frpc%2Fnfs4.nametoid%2F.. HTTP/2.0" 200 859 "https://www.shaksettle.com.lab2454.com/whsy.php?p=%2Fproc%2F9303%2Fnet%2Frpc%2Fnfs4.nametoid" "Mozilla/5.0 AppleWebKit/537.36 (KHTML, like Gecko; compatible; GPTBot/1.3; +https://openai.com/gptbot)"
74.7.227.16 - - [13/Apr/2026:14:11:29 +0000] "GET /whsy.php?e=timers&p=%2Fproc%2F22180 HTTP/2.0" 200 947 "https://shaksettle.com/whsy.php?p=%2Fproc%2F22180" "Mozilla/5.0 AppleWebKit/537.36 (KHTML, like Gecko; compatible; GPTBot/1.3; +https://openai.com/gptbot)"
74.7.241.28 - - [13/Apr/2026:14:11:31 +0000] "GET /whsy.php?p=%2Fproc%2F2850 HTTP/2.0" 200 947 "https://www.shaksettle.com.lab2454.com/whsy.php?p=%2Fproc%2F9303%2F.." "Mozilla/5.0 AppleWebKit/537.36 (KHTML, like Gecko; compatible; GPTBot/1.3; +https://openai.com/gptbot)"
144.76.32.187 - - [13/Apr/2026:14:11:31 +0000] "GET /whsy.php?p=/proc/18224 HTTP/1.1" 200 947 "-" "Mozilla/5.0 (compatible; SERankingBacklinksBot/1.0; +https://seranking.com/backlinks-crawler)"
74.7.227.16 - - [13/Apr/2026:14:11:33 +0000] "GET /whsy.php?e=cpuset&p=%2Fproc%2F29837 HTTP/2.0" 200 947 "https://shaksettle.com/whsy.php?p=%2Fproc%2F29837" "Mozilla/5.0 AppleWebKit/537.36 (KHTML, like Gecko; compatible; GPTBot/1.3; +https://openai.com/gptbot)"
74.7.241.28 - - [13/Apr/2026:14:11:35 +0000] "GET /whsy.php?p=%2Fproc%2F1665 HTTP/2.0" 200 947 "https://www.shaksettle.com.lab2454.com/whsy.php?p=%2Fproc%2F6781%2F.." "Mozilla/5.0 AppleWebKit/537.36 (KHTML, like Gecko; compatible; GPTBot/1.3; +https://openai.com/gptbot)"
74.7.227.16 - - [13/Apr/2026:14:11:37 +0000] "GET /whsy.php?e=status&p=%2Fproc%2F21190 HTTP/2.0" 200 947 "https://shaksettle.com/whsy.php?p=%2Fproc%2F21190" "Mozilla/5.0 AppleWebKit/537.36 (KHTML, like Gecko; compatible; GPTBot/1.3; +https://openai.com/gptbot)"
144.76.32.187 - - [13/Apr/2026:14:11:38 +0000] "GET /whsy.php?p=/proc/24688 HTTP/1.1" 200 947 "-" "Mozilla/5.0 (compatible; SERankingBacklinksBot/1.0; +https://seranking.com/backlinks-crawler)"
74.7.241.28 - - [13/Apr/2026:14:11:40 +0000] "GET /whsy.php?p=%2Fproc%2F5466 HTTP/2.0" 200 947 "https://www.shaksettle.com.lab2454.com/whsy.php?p=%2Fproc%2F9303%2F.." "Mozilla/5.0 AppleWebKit/537.36 (KHTML, like Gecko; compatible; GPTBot/1.3; +https://openai.com/gptbot)"
74.7.227.16 - - [13/Apr/2026:14:11:42 +0000] "GET /whsy.php?e=timers&p=%2Fproc%2F28247 HTTP/2.0" 200 947 "https://shaksettle.com/whsy.php?p=%2Fproc%2F28247" "Mozilla/5.0 AppleWebKit/537.36 (KHTML, like Gecko; compatible; GPTBot/1.3; +https://openai.com/gptbot)"
74.7.241.28 - - [13/Apr/2026:14:11:44 +0000] "GET /whsy.php?p=%2Fproc%2F2490 HTTP/2.0" 200 947 "https://www.shaksettle.com.lab2454.com/whsy.php?p=%2Fproc%2F9303%2F.." "Mozilla/5.0 AppleWebKit/537.36 (KHTML, like Gecko; compatible; GPTBot/1.3; +https://openai.com/gptbot)"
