74.7.241.28 - - [13/Apr/2026:16:13:24 +0000] "GET /whsy.php?e=cgroup&p=%2Fproc%2F23457 HTTP/2.0" 200 2117 "https://www.shaksettle.com.lab2454.com/whsy.php?p=%2Fproc%2F23457" "Mozilla/5.0 AppleWebKit/537.36 (KHTML, like Gecko; compatible; GPTBot/1.3; +https://openai.com/gptbot)"
74.7.227.16 - - [13/Apr/2026:16:13:28 +0000] "GET /whsy.php?e=ip_vs_stats_percpu&p=%2Fproc%2F17505%2Fnet HTTP/2.0" 200 947 "https://shaksettle.com/whsy.php?p=%2Fproc%2F17505%2Fnet" "Mozilla/5.0 AppleWebKit/537.36 (KHTML, like Gecko; compatible; GPTBot/1.3; +https://openai.com/gptbot)"
144.76.32.187 - - [13/Apr/2026:16:13:28 +0000] "GET /whsy.php?e=numa_maps&p=/proc/31082 HTTP/1.1" 200 947 "-" "Mozilla/5.0 (compatible; SERankingBacklinksBot/1.0; +https://seranking.com/backlinks-crawler)"
74.7.241.28 - - [13/Apr/2026:16:13:28 +0000] "GET /whsy.php?e=status&p=%2Fproc%2F23637 HTTP/2.0" 200 2368 "https://www.shaksettle.com.lab2454.com/whsy.php?p=%2Fproc%2F23637" "Mozilla/5.0 AppleWebKit/537.36 (KHTML, like Gecko; compatible; GPTBot/1.3; +https://openai.com/gptbot)"
74.7.227.16 - - [13/Apr/2026:16:13:31 +0000] "GET /whsy.php?e=ip_vs_stats_percpu&p=%2Fproc%2F16052%2Fnet HTTP/2.0" 200 947 "https://shaksettle.com/whsy.php?p=%2Fproc%2F16052%2Fnet" "Mozilla/5.0 AppleWebKit/537.36 (KHTML, like Gecko; compatible; GPTBot/1.3; +https://openai.com/gptbot)"
74.7.241.28 - - [13/Apr/2026:16:13:32 +0000] "GET /whsy.php?e=cpuset&p=%2Fproc%2F29851 HTTP/2.0" 200 2006 "https://www.shaksettle.com.lab2454.com/whsy.php?p=%2Fproc%2F29851" "Mozilla/5.0 AppleWebKit/537.36 (KHTML, like Gecko; compatible; GPTBot/1.3; +https://openai.com/gptbot)"
74.7.227.16 - - [13/Apr/2026:16:13:35 +0000] "GET /whsy.php?e=tvi920b-2p-p&p=%2Fusr%2Fshare%2Fterminfo%2Ft HTTP/2.0" 200 6926 "https://shaksettle.com/whsy.php?p=%2Fusr%2Fshare%2Fterminfo%2Ft" "Mozilla/5.0 AppleWebKit/537.36 (KHTML, like Gecko; compatible; GPTBot/1.3; +https://openai.com/gptbot)"
144.76.32.187 - - [13/Apr/2026:16:13:36 +0000] "GET /whsy.php?e=smaps&p=/proc/28490 HTTP/1.1" 200 947 "-" "Mozilla/5.0 (compatible; SERankingBacklinksBot/1.0; +https://seranking.com/backlinks-crawler)"
74.7.241.28 - - [13/Apr/2026:16:13:36 +0000] "GET /whsy.php?e=status&p=%2Fproc%2F14101 HTTP/2.0" 200 947 "https://www.shaksettle.com.lab2454.com/whsy.php?p=%2Fproc%2F14101" "Mozilla/5.0 AppleWebKit/537.36 (KHTML, like Gecko; compatible; GPTBot/1.3; +https://openai.com/gptbot)"
74.7.227.16 - - [13/Apr/2026:16:13:39 +0000] "GET /whsy.php?e=ip_vs_stats_percpu&p=%2Fproc%2F30919%2Fnet HTTP/2.0" 200 947 "https://shaksettle.com/whsy.php?p=%2Fproc%2F30919%2Fnet" "Mozilla/5.0 AppleWebKit/537.36 (KHTML, like Gecko; compatible; GPTBot/1.3; +https://openai.com/gptbot)"
74.7.241.28 - - [13/Apr/2026:16:13:39 +0000] "GET /whsy.php?e=cgroup&p=%2Fproc%2F16648 HTTP/2.0" 200 2138 "https://www.shaksettle.com.lab2454.com/whsy.php?p=%2Fproc%2F16648" "Mozilla/5.0 AppleWebKit/537.36 (KHTML, like Gecko; compatible; GPTBot/1.3; +https://openai.com/gptbot)"
74.7.227.16 - - [13/Apr/2026:16:13:43 +0000] "GET /whsy.php?e=ip_vs_stats_percpu&p=%2Fproc%2F15829%2Fnet HTTP/2.0" 200 947 "https://shaksettle.com/whsy.php?p=%2Fproc%2F15829%2Fnet" "Mozilla/5.0 AppleWebKit/537.36 (KHTML, like Gecko; compatible; GPTBot/1.3; +https://openai.com/gptbot)"
74.7.241.28 - - [13/Apr/2026:16:13:43 +0000] "GET /whsy.php?e=udp&p=%2Fproc%2F29851%2Fnet HTTP/2.0" 200 2773 "https://www.shaksettle.com.lab2454.com/whsy.php?p=%2Fproc%2F29851%2Fnet" "Mozilla/5.0 AppleWebKit/537.36 (KHTML, like Gecko; compatible; GPTBot/1.3; +https://openai.com/gptbot)"
144.76.32.187 - - [13/Apr/2026:16:13:43 +0000] "GET /whsy.php?e=statm&p=/proc/28490 HTTP/1.1" 200 947 "-" "Mozilla/5.0 (compatible; SERankingBacklinksBot/1.0; +https://seranking.com/backlinks-crawler)"
74.7.227.16 - - [13/Apr/2026:16:13:46 +0000] "GET /whsy.php?e=ip_vs_stats_percpu&p=%2Fproc%2F12746%2Fnet HTTP/2.0" 200 947 "https://shaksettle.com/whsy.php?p=%2Fproc%2F12746%2Fnet" "Mozilla/5.0 AppleWebKit/537.36 (KHTML, like Gecko; compatible; GPTBot/1.3; +https://openai.com/gptbot)"
74.7.241.28 - - [13/Apr/2026:16:13:47 +0000] "GET /whsy.php?e=udp&p=%2Fproc%2F23457%2Fnet HTTP/2.0" 200 2773 "https://www.shaksettle.com.lab2454.com/whsy.php?p=%2Fproc%2F23457%2Fnet" "Mozilla/5.0 AppleWebKit/537.36 (KHTML, like Gecko; compatible; GPTBot/1.3; +https://openai.com/gptbot)"
144.76.32.187 - - [13/Apr/2026:16:13:49 +0000] "GET /whsy.php?p=/proc/16/task/16/fd HTTP/1.1" 200 4698 "-" "Mozilla/5.0 (compatible; SERankingBacklinksBot/1.0; +https://seranking.com/backlinks-crawler)"
74.7.227.16 - - [13/Apr/2026:16:13:50 +0000] "GET /whsy.php?e=ip_vs_stats_percpu&p=%2Fproc%2F14275%2Fnet HTTP/2.0" 200 947 "https://shaksettle.com/whsy.php?p=%2Fproc%2F14275%2Fnet" "Mozilla/5.0 AppleWebKit/537.36 (KHTML, like Gecko; compatible; GPTBot/1.3; +https://openai.com/gptbot)"
74.7.241.28 - - [13/Apr/2026:16:13:50 +0000] "GET /whsy.php?e=numa_maps&p=%2Fproc%2F32355 HTTP/2.0" 200 2124 "https://www.shaksettle.com.lab2454.com/whsy.php?p=%2Fproc%2F32355" "Mozilla/5.0 AppleWebKit/537.36 (KHTML, like Gecko; compatible; GPTBot/1.3; +https://openai.com/gptbot)"
74.7.227.16 - - [13/Apr/2026:16:13:54 +0000] "GET /whsy.php?e=ip_vs_stats_percpu&p=%2Fproc%2F27514%2Fnet HTTP/2.0" 200 947 "https://shaksettle.com/whsy.php?p=%2Fproc%2F27514%2Fnet" "Mozilla/5.0 AppleWebKit/537.36 (KHTML, like Gecko; compatible; GPTBot/1.3; +https://openai.com/gptbot)"
74.7.241.28 - - [13/Apr/2026:16:13:54 +0000] "GET /whsy.php?e=numa_maps&p=%2Fproc%2F23637 HTTP/2.0" 200 2010 "https://www.shaksettle.com.lab2454.com/whsy.php?p=%2Fproc%2F23637" "Mozilla/5.0 AppleWebKit/537.36 (KHTML, like Gecko; compatible; GPTBot/1.3; +https://openai.com/gptbot)"
144.76.32.187 - - [13/Apr/2026:16:13:54 +0000] "GET /whsy.php?p=/proc/23/task/23/.. HTTP/1.1" 200 486 "-" "Mozilla/5.0 (compatible; SERankingBacklinksBot/1.0; +https://seranking.com/backlinks-crawler)"
74.7.227.16 - - [13/Apr/2026:16:13:58 +0000] "GET /whsy.php?e=ip_vs_stats_percpu&p=%2Fproc%2F26317%2Fnet HTTP/2.0" 200 947 "https://shaksettle.com/whsy.php?p=%2Fproc%2F26317%2Fnet" "Mozilla/5.0 AppleWebKit/537.36 (KHTML, like Gecko; compatible; GPTBot/1.3; +https://openai.com/gptbot)"
74.7.241.28 - - [13/Apr/2026:16:13:58 +0000] "GET /whsy.php?e=numa_maps&p=%2Fproc%2F19989 HTTP/2.0" 200 2124 "https://www.shaksettle.com.lab2454.com/whsy.php?p=%2Fproc%2F19989" "Mozilla/5.0 AppleWebKit/537.36 (KHTML, like Gecko; compatible; GPTBot/1.3; +https://openai.com/gptbot)"
144.76.32.187 - - [13/Apr/2026:16:14:00 +0000] "GET /whsy.php?p=/proc/56/task/56/fd HTTP/1.1" 200 5037 "-" "Mozilla/5.0 (compatible; SERankingBacklinksBot/1.0; +https://seranking.com/backlinks-crawler)"
74.7.227.16 - - [13/Apr/2026:16:14:02 +0000] "GET /whsy.php?e=ip_vs_stats_percpu&p=%2Fproc%2F30058%2Fnet HTTP/2.0" 200 947 "https://shaksettle.com/whsy.php?p=%2Fproc%2F30058%2Fnet" "Mozilla/5.0 AppleWebKit/537.36 (KHTML, like Gecko; compatible; GPTBot/1.3; +https://openai.com/gptbot)"
74.7.241.28 - - [13/Apr/2026:16:14:03 +0000] "GET /whsy.php?e=numa_maps&p=%2Fproc%2F14101 HTTP/2.0" 200 947 "https://www.shaksettle.com.lab2454.com/whsy.php?p=%2Fproc%2F14101" "Mozilla/5.0 AppleWebKit/537.36 (KHTML, like Gecko; compatible; GPTBot/1.3; +https://openai.com/gptbot)"
144.76.32.187 - - [13/Apr/2026:16:14:05 +0000] "GET /whsy.php?p=/proc/16/task/16/ns HTTP/1.1" 200 4613 "-" "Mozilla/5.0 (compatible; SERankingBacklinksBot/1.0; +https://seranking.com/backlinks-crawler)"
74.7.227.16 - - [13/Apr/2026:16:14:06 +0000] "GET /whsy.php?e=ip_vs_stats_percpu&p=%2Fproc%2F30667%2Fnet HTTP/2.0" 200 947 "https://shaksettle.com/whsy.php?e=softnet_stat&p=%2Fproc%2F30667%2Fnet" "Mozilla/5.0 AppleWebKit/537.36 (KHTML, like Gecko; compatible; GPTBot/1.3; +https://openai.com/gptbot)"
74.7.241.28 - - [13/Apr/2026:16:14:06 +0000] "GET /whsy.php?e=icmp&p=%2Fproc%2F19989%2Fnet HTTP/2.0" 200 2581 "https://www.shaksettle.com.lab2454.com/whsy.php?p=%2Fproc%2F19989%2Fnet" "Mozilla/5.0 AppleWebKit/537.36 (KHTML, like Gecko; compatible; GPTBot/1.3; +https://openai.com/gptbot)"
144.76.32.187 - - [13/Apr/2026:16:14:10 +0000] "GET /whsy.php?p=/proc/56/task/56/ns HTTP/1.1" 200 4613 "-" "Mozilla/5.0 (compatible; SERankingBacklinksBot/1.0; +https://seranking.com/backlinks-crawler)"
74.7.227.16 - - [13/Apr/2026:16:14:11 +0000] "GET /whsy.php?e=ip_vs_stats_percpu&p=%2Fproc%2F11756%2Fnet HTTP/2.0" 200 947 "https://shaksettle.com/whsy.php?p=%2Fproc%2F11756%2Fnet" "Mozilla/5.0 AppleWebKit/537.36 (KHTML, like Gecko; compatible; GPTBot/1.3; +https://openai.com/gptbot)"
74.7.241.28 - - [13/Apr/2026:16:14:11 +0000] "GET /whsy.php?e=snmp&p=%2Fproc%2F16648%2Fnet HTTP/2.0" 200 3233 "https://www.shaksettle.com.lab2454.com/whsy.php?p=%2Fproc%2F16648%2Fnet" "Mozilla/5.0 AppleWebKit/537.36 (KHTML, like Gecko; compatible; GPTBot/1.3; +https://openai.com/gptbot)"
144.76.32.187 - - [13/Apr/2026:16:14:15 +0000] "GET /whsy.php?p=/proc/17/net/rpc/.. HTTP/1.1" 200 2439 "-" "Mozilla/5.0 (compatible; SERankingBacklinksBot/1.0; +https://seranking.com/backlinks-crawler)"
74.7.227.16 - - [13/Apr/2026:16:14:17 +0000] "GET /whsy.php?e=ip_vs_stats_percpu&p=%2Fproc%2F10488%2Fnet HTTP/2.0" 200 947 "https://shaksettle.com/whsy.php?p=%2Fproc%2F10488%2Fnet" "Mozilla/5.0 AppleWebKit/537.36 (KHTML, like Gecko; compatible; GPTBot/1.3; +https://openai.com/gptbot)"
74.7.241.28 - - [13/Apr/2026:16:14:17 +0000] "GET /whsy.php?e=unix&p=%2Fproc%2F16648%2Fnet HTTP/2.0" 200 5023 "https://www.shaksettle.com.lab2454.com/whsy.php?p=%2Fproc%2F16648%2Fnet" "Mozilla/5.0 AppleWebKit/537.36 (KHTML, like Gecko; compatible; GPTBot/1.3; +https://openai.com/gptbot)"
144.76.32.187 - - [13/Apr/2026:16:14:18 +0000] "GET /whsy.php?p=/proc/23/task/23/fd HTTP/1.1" 200 4867 "-" "Mozilla/5.0 (compatible; SERankingBacklinksBot/1.0; +https://seranking.com/backlinks-crawler)"
74.7.227.16 - - [13/Apr/2026:16:14:21 +0000] "GET /whsy.php?e=ip_vs_stats_percpu&p=%2Fproc%2F11376%2Fnet HTTP/2.0" 200 947 "https://shaksettle.com/whsy.php?p=%2Fproc%2F11376%2Fnet" "Mozilla/5.0 AppleWebKit/537.36 (KHTML, like Gecko; compatible; GPTBot/1.3; +https://openai.com/gptbot)"
74.7.241.28 - - [13/Apr/2026:16:14:21 +0000] "GET /whsy.php?e=oom_score&p=%2Fproc%2F16648 HTTP/2.0" 200 2006 "https://www.shaksettle.com.lab2454.com/whsy.php?p=%2Fproc%2F16648" "Mozilla/5.0 AppleWebKit/537.36 (KHTML, like Gecko; compatible; GPTBot/1.3; +https://openai.com/gptbot)"
144.76.32.187 - - [13/Apr/2026:16:14:24 +0000] "GET /whsy.php?p=/proc/57/net/rpc/.. HTTP/1.1" 200 2440 "-" "Mozilla/5.0 (compatible; SERankingBacklinksBot/1.0; +https://seranking.com/backlinks-crawler)"
74.7.227.16 - - [13/Apr/2026:16:14:25 +0000] "GET /whsy.php?e=ip_vs_stats_percpu&p=%2Fproc%2F16364%2Fnet HTTP/2.0" 200 947 "https://shaksettle.com/whsy.php?p=%2Fproc%2F16364%2Fnet" "Mozilla/5.0 AppleWebKit/537.36 (KHTML, like Gecko; compatible; GPTBot/1.3; +https://openai.com/gptbot)"
74.7.241.28 - - [13/Apr/2026:16:14:25 +0000] "GET /whsy.php?e=oom_score&p=%2Fproc%2F11587 HTTP/2.0" 200 947 "https://www.shaksettle.com.lab2454.com/whsy.php?p=%2Fproc%2F11587" "Mozilla/5.0 AppleWebKit/537.36 (KHTML, like Gecko; compatible; GPTBot/1.3; +https://openai.com/gptbot)"
144.76.32.187 - - [13/Apr/2026:16:14:29 +0000] "GET /whsy.php?p=/proc/23/task/23/ns HTTP/1.1" 200 4951 "-" "Mozilla/5.0 (compatible; SERankingBacklinksBot/1.0; +https://seranking.com/backlinks-crawler)"
74.7.227.16 - - [13/Apr/2026:16:14:29 +0000] "GET /whsy.php?e=ip_vs_stats_percpu&p=%2Fproc%2F19838%2Fnet HTTP/2.0" 200 947 "https://shaksettle.com/whsy.php?p=%2Fproc%2F19838%2Fnet" "Mozilla/5.0 AppleWebKit/537.36 (KHTML, like Gecko; compatible; GPTBot/1.3; +https://openai.com/gptbot)"
74.7.241.28 - - [13/Apr/2026:16:14:29 +0000] "GET /whsy.php?p=%2Fproc%2F16648%2Fnet%2Fnfsfs HTTP/2.0" 200 700 "https://www.shaksettle.com.lab2454.com/whsy.php?p=%2Fproc%2F16648%2Fnet" "Mozilla/5.0 AppleWebKit/537.36 (KHTML, like Gecko; compatible; GPTBot/1.3; +https://openai.com/gptbot)"
74.7.227.16 - - [13/Apr/2026:16:14:33 +0000] "GET /whsy.php?e=ip_vs_stats_percpu&p=%2Fproc%2F20671%2Fnet HTTP/2.0" 200 947 "https://shaksettle.com/whsy.php?p=%2Fproc%2F20671%2Fnet" "Mozilla/5.0 AppleWebKit/537.36 (KHTML, like Gecko; compatible; GPTBot/1.3; +https://openai.com/gptbot)"
74.7.241.28 - - [13/Apr/2026:16:14:33 +0000] "GET /whsy.php?e=raw&p=%2Fproc%2F29851%2Fnet HTTP/2.0" 200 2578 "https://www.shaksettle.com.lab2454.com/whsy.php?p=%2Fproc%2F29851%2Fnet" "Mozilla/5.0 AppleWebKit/537.36 (KHTML, like Gecko; compatible; GPTBot/1.3; +https://openai.com/gptbot)"
144.76.32.187 - - [13/Apr/2026:16:14:34 +0000] "GET /whsy.php?e=smaps&p=/proc/30762 HTTP/1.1" 200 947 "-" "Mozilla/5.0 (compatible; SERankingBacklinksBot/1.0; +https://seranking.com/backlinks-crawler)"
74.7.227.16 - - [13/Apr/2026:16:14:37 +0000] "GET /whsy.php?e=ip_vs_stats_percpu&p=%2Fproc%2F10138%2Fnet HTTP/2.0" 200 947 "https://shaksettle.com/whsy.php?p=%2Fproc%2F10138%2Fnet" "Mozilla/5.0 AppleWebKit/537.36 (KHTML, like Gecko; compatible; GPTBot/1.3; +https://openai.com/gptbot)"
74.7.241.28 - - [13/Apr/2026:16:14:37 +0000] "GET /whsy.php?e=raw&p=%2Fproc%2F23457%2Fnet HTTP/2.0" 200 2578 "https://www.shaksettle.com.lab2454.com/whsy.php?p=%2Fproc%2F23457%2Fnet" "Mozilla/5.0 AppleWebKit/537.36 (KHTML, like Gecko; compatible; GPTBot/1.3; +https://openai.com/gptbot)"
74.7.227.16 - - [13/Apr/2026:16:14:41 +0000] "GET /whsy.php?e=ip_vs_stats_percpu&p=%2Fproc%2F14072%2Fnet HTTP/2.0" 200 947 "https://shaksettle.com/whsy.php?p=%2Fproc%2F14072%2Fnet" "Mozilla/5.0 AppleWebKit/537.36 (KHTML, like Gecko; compatible; GPTBot/1.3; +https://openai.com/gptbot)"
74.7.241.28 - - [13/Apr/2026:16:14:41 +0000] "GET /whsy.php?e=arp&p=%2Fproc%2F16648%2Fnet HTTP/2.0" 200 2579 "https://www.shaksettle.com.lab2454.com/whsy.php?p=%2Fproc%2F16648%2Fnet" "Mozilla/5.0 AppleWebKit/537.36 (KHTML, like Gecko; compatible; GPTBot/1.3; +https://openai.com/gptbot)"
144.76.32.187 - - [13/Apr/2026:16:14:43 +0000] "GET /whsy.php?e=statm&p=/proc/30762 HTTP/1.1" 200 947 "-" "Mozilla/5.0 (compatible; SERankingBacklinksBot/1.0; +https://seranking.com/backlinks-crawler)"
74.7.227.16 - - [13/Apr/2026:16:14:45 +0000] "GET /whsy.php?e=ip_vs_stats_percpu&p=%2Fproc%2F24390%2Fnet HTTP/2.0" 200 947 "https://shaksettle.com/whsy.php?p=%2Fproc%2F24390%2Fnet" "Mozilla/5.0 AppleWebKit/537.36 (KHTML, like Gecko; compatible; GPTBot/1.3; +https://openai.com/gptbot)"
74.7.241.28 - - [13/Apr/2026:16:14:45 +0000] "GET /whsy.php?e=arch_status&p=%2Fproc%2F32355 HTTP/2.0" 200 2006 "https://www.shaksettle.com.lab2454.com/whsy.php?p=%2Fproc%2F32355" "Mozilla/5.0 AppleWebKit/537.36 (KHTML, like Gecko; compatible; GPTBot/1.3; +https://openai.com/gptbot)"
144.76.32.187 - - [13/Apr/2026:16:14:48 +0000] "GET /whsy.php?e=smaps&p=/proc/31082 HTTP/1.1" 200 947 "-" "Mozilla/5.0 (compatible; SERankingBacklinksBot/1.0; +https://seranking.com/backlinks-crawler)"
144.76.32.187 - - [13/Apr/2026:16:14:51 +0000] "GET /whsy.php?e=statm&p=/proc/31082 HTTP/1.1" 200 947 "-" "Mozilla/5.0 (compatible; SERankingBacklinksBot/1.0; +https://seranking.com/backlinks-crawler)"
74.7.227.16 - - [13/Apr/2026:16:14:54 +0000] "GET /whsy.php?e=ip_vs_stats_percpu&p=%2Fproc%2F16293%2Fnet HTTP/2.0" 200 947 "https://shaksettle.com/whsy.php?p=%2Fproc%2F16293%2Fnet" "Mozilla/5.0 AppleWebKit/537.36 (KHTML, like Gecko; compatible; GPTBot/1.3; +https://openai.com/gptbot)"
74.7.241.28 - - [13/Apr/2026:16:14:54 +0000] "GET /whsy.php?e=ptype&p=%2Fproc%2F23637%2Fnet HTTP/2.0" 200 2617 "https://www.shaksettle.com.lab2454.com/whsy.php?p=%2Fproc%2F23637%2Fnet" "Mozilla/5.0 AppleWebKit/537.36 (KHTML, like Gecko; compatible; GPTBot/1.3; +https://openai.com/gptbot)"
144.76.32.187 - - [13/Apr/2026:16:14:56 +0000] "GET /whsy.php?p=/proc/17/task/17/.. HTTP/1.1" 200 487 "-" "Mozilla/5.0 (compatible; SERankingBacklinksBot/1.0; +https://seranking.com/backlinks-crawler)"
74.7.227.16 - - [13/Apr/2026:16:15:00 +0000] "GET /whsy.php?e=ip_vs_stats_percpu&p=%2Fproc%2F13817%2Fnet HTTP/2.0" 200 947 "https://shaksettle.com/whsy.php?e=ip6_tables_names&p=%2Fproc%2F13817%2Fnet" "Mozilla/5.0 AppleWebKit/537.36 (KHTML, like Gecko; compatible; GPTBot/1.3; +https://openai.com/gptbot)"
74.7.241.28 - - [13/Apr/2026:16:15:00 +0000] "GET /whsy.php?e=ptype&p=%2Fproc%2F32355%2Fnet HTTP/2.0" 200 2617 "https://www.shaksettle.com.lab2454.com/whsy.php?p=%2Fproc%2F32355%2Fnet" "Mozilla/5.0 AppleWebKit/537.36 (KHTML, like Gecko; compatible; GPTBot/1.3; +https://openai.com/gptbot)"
144.76.32.187 - - [13/Apr/2026:16:15:03 +0000] "GET /whsy.php?p=/proc/57/task/57/.. HTTP/1.1" 200 488 "-" "Mozilla/5.0 (compatible; SERankingBacklinksBot/1.0; +https://seranking.com/backlinks-crawler)"
74.7.227.16 - - [13/Apr/2026:16:15:09 +0000] "GET /whsy.php?e=ip_vs_stats_percpu&p=%2Fproc%2F16524%2Fnet HTTP/2.0" 200 947 "https://shaksettle.com/whsy.php?p=%2Fproc%2F16524%2Fnet" "Mozilla/5.0 AppleWebKit/537.36 (KHTML, like Gecko; compatible; GPTBot/1.3; +https://openai.com/gptbot)"
74.7.241.28 - - [13/Apr/2026:16:15:09 +0000] "GET /whsy.php?e=ptype&p=%2Fproc%2F29851%2Fnet HTTP/2.0" 200 2617 "https://www.shaksettle.com.lab2454.com/whsy.php?p=%2Fproc%2F29851%2Fnet" "Mozilla/5.0 AppleWebKit/537.36 (KHTML, like Gecko; compatible; GPTBot/1.3; +https://openai.com/gptbot)"
144.76.32.187 - - [13/Apr/2026:16:15:10 +0000] "GET /whsy.php?p=/proc/17/task/17/fd HTTP/1.1" 200 3599 "-" "Mozilla/5.0 (compatible; SERankingBacklinksBot/1.0; +https://seranking.com/backlinks-crawler)"
144.76.32.187 - - [13/Apr/2026:16:15:16 +0000] "GET /whsy.php?p=/proc/24/net/rpc/.. HTTP/1.1" 200 2438 "-" "Mozilla/5.0 (compatible; SERankingBacklinksBot/1.0; +https://seranking.com/backlinks-crawler)"
74.7.241.28 - - [13/Apr/2026:16:15:17 +0000] "GET /whsy.php?e=prev&p=%2Fproc%2F32355%2Fattr HTTP/2.0" 200 859 "https://www.shaksettle.com.lab2454.com/whsy.php?p=%2Fproc%2F32355%2Fattr" "Mozilla/5.0 AppleWebKit/537.36 (KHTML, like Gecko; compatible; GPTBot/1.3; +https://openai.com/gptbot)"
74.7.227.16 - - [13/Apr/2026:16:15:17 +0000] "GET /whsy.php?e=ip_vs_stats_percpu&p=%2Fproc%2F20387%2Fnet HTTP/2.0" 200 947 "https://shaksettle.com/whsy.php?p=%2Fproc%2F20387%2Fnet" "Mozilla/5.0 AppleWebKit/537.36 (KHTML, like Gecko; compatible; GPTBot/1.3; +https://openai.com/gptbot)"
144.76.32.187 - - [13/Apr/2026:16:15:20 +0000] "GET /whsy.php?e=smaps&p=/proc/32731 HTTP/1.1" 200 947 "-" "Mozilla/5.0 (compatible; SERankingBacklinksBot/1.0; +https://seranking.com/backlinks-crawler)"
144.76.32.187 - - [13/Apr/2026:16:15:23 +0000] "GET /whsy.php?e=statm&p=/proc/32731 HTTP/1.1" 200 947 "-" "Mozilla/5.0 (compatible; SERankingBacklinksBot/1.0; +https://seranking.com/backlinks-crawler)"
144.76.32.187 - - [13/Apr/2026:16:15:28 +0000] "GET /whsy.php?p=/proc/24/task/24/.. HTTP/1.1" 200 487 "-" "Mozilla/5.0 (compatible; SERankingBacklinksBot/1.0; +https://seranking.com/backlinks-crawler)"
74.7.241.28 - - [13/Apr/2026:16:15:28 +0000] "GET /whsy.php?e=ptype&p=%2Fproc%2F23457%2Fnet HTTP/2.0" 200 2618 "https://www.shaksettle.com.lab2454.com/whsy.php?p=%2Fproc%2F23457%2Fnet" "Mozilla/5.0 AppleWebKit/537.36 (KHTML, like Gecko; compatible; GPTBot/1.3; +https://openai.com/gptbot)"
74.7.227.16 - - [13/Apr/2026:16:15:28 +0000] "GET /whsy.php?e=ip_vs_stats_percpu&p=%2Fproc%2F32498%2Fnet HTTP/2.0" 200 947 "https://shaksettle.com/whsy.php?p=%2Fproc%2F32498%2Fnet" "Mozilla/5.0 AppleWebKit/537.36 (KHTML, like Gecko; compatible; GPTBot/1.3; +https://openai.com/gptbot)"
144.76.32.187 - - [13/Apr/2026:16:15:33 +0000] "GET /whsy.php?p=/proc/57/task/57/fd HTTP/1.1" 200 4699 "-" "Mozilla/5.0 (compatible; SERankingBacklinksBot/1.0; +https://seranking.com/backlinks-crawler)"
74.7.241.28 - - [13/Apr/2026:16:15:38 +0000] "GET /whsy.php?e=ptype&p=%2Fproc%2F19989%2Fnet HTTP/2.0" 200 2617 "https://www.shaksettle.com.lab2454.com/whsy.php?p=%2Fproc%2F19989%2Fnet" "Mozilla/5.0 AppleWebKit/537.36 (KHTML, like Gecko; compatible; GPTBot/1.3; +https://openai.com/gptbot)"
74.7.227.16 - - [13/Apr/2026:16:15:38 +0000] "GET /whsy.php?e=ip_vs_stats_percpu&p=%2Fproc%2F16956%2Fnet HTTP/2.0" 200 947 "https://shaksettle.com/whsy.php?p=%2Fproc%2F16956%2Fnet" "Mozilla/5.0 AppleWebKit/537.36 (KHTML, like Gecko; compatible; GPTBot/1.3; +https://openai.com/gptbot)"
144.76.32.187 - - [13/Apr/2026:16:15:38 +0000] "GET /whsy.php?e=smaps&p=/proc/32732 HTTP/1.1" 200 947 "-" "Mozilla/5.0 (compatible; SERankingBacklinksBot/1.0; +https://seranking.com/backlinks-crawler)"
144.76.32.187 - - [13/Apr/2026:16:15:44 +0000] "GET /whsy.php?e=statm&p=/proc/32732 HTTP/1.1" 200 947 "-" "Mozilla/5.0 (compatible; SERankingBacklinksBot/1.0; +https://seranking.com/backlinks-crawler)"
74.7.241.28 - - [13/Apr/2026:16:15:47 +0000] "GET /whsy.php?e=oom_score&p=%2Fproc%2F23457 HTTP/2.0" 200 2005 "https://www.shaksettle.com.lab2454.com/whsy.php?p=%2Fproc%2F23457" "Mozilla/5.0 AppleWebKit/537.36 (KHTML, like Gecko; compatible; GPTBot/1.3; +https://openai.com/gptbot)"
144.76.32.187 - - [13/Apr/2026:16:15:47 +0000] "GET /whsy.php?p=/proc/17/task/17/ns HTTP/1.1" 200 4867 "-" "Mozilla/5.0 (compatible; SERankingBacklinksBot/1.0; +https://seranking.com/backlinks-crawler)"
74.7.227.16 - - [13/Apr/2026:16:15:47 +0000] "GET /whsy.php?e=ip_vs_stats_percpu&p=%2Fproc%2F31440%2Fnet HTTP/2.0" 200 947 "https://shaksettle.com/whsy.php?p=%2Fproc%2F31440%2Fnet" "Mozilla/5.0 AppleWebKit/537.36 (KHTML, like Gecko; compatible; GPTBot/1.3; +https://openai.com/gptbot)"
144.76.32.187 - - [13/Apr/2026:16:15:51 +0000] "GET /whsy.php?p=/proc/57/task/57/ns HTTP/1.1" 200 4867 "-" "Mozilla/5.0 (compatible; SERankingBacklinksBot/1.0; +https://seranking.com/backlinks-crawler)"
74.7.241.28 - - [13/Apr/2026:16:15:52 +0000] "GET /whsy.php?e=oom_score&p=%2Fproc%2F29851 HTTP/2.0" 200 2005 "https://www.shaksettle.com.lab2454.com/whsy.php?p=%2Fproc%2F29851" "Mozilla/5.0 AppleWebKit/537.36 (KHTML, like Gecko; compatible; GPTBot/1.3; +https://openai.com/gptbot)"
74.7.227.16 - - [13/Apr/2026:16:15:52 +0000] "GET /whsy.php?e=ip_vs_stats_percpu&p=%2Fproc%2F19726%2Fnet HTTP/2.0" 200 947 "https://shaksettle.com/whsy.php?p=%2Fproc%2F19726%2Fnet" "Mozilla/5.0 AppleWebKit/537.36 (KHTML, like Gecko; compatible; GPTBot/1.3; +https://openai.com/gptbot)"
74.7.241.28 - - [13/Apr/2026:16:15:56 +0000] "GET /whsy.php?e=exec&p=%2Fproc%2F32355%2Fattr HTTP/2.0" 200 860 "https://www.shaksettle.com.lab2454.com/whsy.php?p=%2Fproc%2F32355%2Fattr" "Mozilla/5.0 AppleWebKit/537.36 (KHTML, like Gecko; compatible; GPTBot/1.3; +https://openai.com/gptbot)"
74.7.227.16 - - [13/Apr/2026:16:15:56 +0000] "GET /whsy.php?e=ip_vs_stats_percpu&p=%2Fproc%2F18786%2Fnet HTTP/2.0" 200 947 "https://shaksettle.com/whsy.php?p=%2Fproc%2F18786%2Fnet" "Mozilla/5.0 AppleWebKit/537.36 (KHTML, like Gecko; compatible; GPTBot/1.3; +https://openai.com/gptbot)"
144.76.32.187 - - [13/Apr/2026:16:15:56 +0000] "GET /whsy.php?p=/proc/24/task/24/fd HTTP/1.1" 200 5036 "-" "Mozilla/5.0 (compatible; SERankingBacklinksBot/1.0; +https://seranking.com/backlinks-crawler)"
144.76.32.187 - - [13/Apr/2026:16:16:00 +0000] "GET /whsy.php?p=/proc/58/net/rpc/.. HTTP/1.1" 200 2439 "-" "Mozilla/5.0 (compatible; SERankingBacklinksBot/1.0; +https://seranking.com/backlinks-crawler)"
74.7.241.28 - - [13/Apr/2026:16:16:00 +0000] "GET /whsy.php?e=route&p=%2Fproc%2F32355%2Fnet HTTP/2.0" 200 2638 "https://www.shaksettle.com.lab2454.com/whsy.php?p=%2Fproc%2F32355%2Fnet" "Mozilla/5.0 AppleWebKit/537.36 (KHTML, like Gecko; compatible; GPTBot/1.3; +https://openai.com/gptbot)"
74.7.227.16 - - [13/Apr/2026:16:16:01 +0000] "GET /whsy.php?e=ip_vs_stats_percpu&p=%2Fproc%2F18770%2Fnet HTTP/2.0" 200 947 "https://shaksettle.com/whsy.php?p=%2Fproc%2F18770%2Fnet" "Mozilla/5.0 AppleWebKit/537.36 (KHTML, like Gecko; compatible; GPTBot/1.3; +https://openai.com/gptbot)"
144.76.32.187 - - [13/Apr/2026:16:16:03 +0000] "GET /whsy.php?p=/proc/17187/attr/.. HTTP/1.1" 200 1936 "-" "Mozilla/5.0 (compatible; SERankingBacklinksBot/1.0; +https://seranking.com/backlinks-crawler)"
74.7.241.28 - - [13/Apr/2026:16:16:06 +0000] "GET /whsy.php?e=ptype&p=%2Fproc%2F16648%2Fnet HTTP/2.0" 200 2616 "https://www.shaksettle.com.lab2454.com/whsy.php?p=%2Fproc%2F16648%2Fnet" "Mozilla/5.0 AppleWebKit/537.36 (KHTML, like Gecko; compatible; GPTBot/1.3; +https://openai.com/gptbot)"
74.7.227.16 - - [13/Apr/2026:16:16:07 +0000] "GET /whsy.php?e=ip_vs_stats_percpu&p=%2Fproc%2F31028%2Fnet HTTP/2.0" 200 947 "https://shaksettle.com/whsy.php?p=%2Fproc%2F31028%2Fnet" "Mozilla/5.0 AppleWebKit/537.36 (KHTML, like Gecko; compatible; GPTBot/1.3; +https://openai.com/gptbot)"
144.76.32.187 - - [13/Apr/2026:16:16:08 +0000] "GET /whsy.php?p=/proc/24/task/24/ns HTTP/1.1" 200 4866 "-" "Mozilla/5.0 (compatible; SERankingBacklinksBot/1.0; +https://seranking.com/backlinks-crawler)"
74.7.241.28 - - [13/Apr/2026:16:16:12 +0000] "GET /whsy.php?e=pppoe&p=%2Fproc%2F23457%2Fnet HTTP/2.0" 200 2525 "https://www.shaksettle.com.lab2454.com/whsy.php?p=%2Fproc%2F23457%2Fnet" "Mozilla/5.0 AppleWebKit/537.36 (KHTML, like Gecko; compatible; GPTBot/1.3; +https://openai.com/gptbot)"
144.76.32.187 - - [13/Apr/2026:16:16:14 +0000] "GET /whsy.php?p=/proc/17187/fdinfo/ HTTP/1.1" 200 4712 "-" "Mozilla/5.0 (compatible; SERankingBacklinksBot/1.0; +https://seranking.com/backlinks-crawler)"
74.7.227.16 - - [13/Apr/2026:16:16:18 +0000] "GET /whsy.php?e=ip_vs_stats_percpu&p=%2Fproc%2F17758%2Fnet HTTP/2.0" 200 947 "https://shaksettle.com/whsy.php?p=%2Fproc%2F17758%2Fnet" "Mozilla/5.0 AppleWebKit/537.36 (KHTML, like Gecko; compatible; GPTBot/1.3; +https://openai.com/gptbot)"
74.7.241.28 - - [13/Apr/2026:16:16:18 +0000] "GET /whsy.php?e=pppoe&p=%2Fproc%2F29851%2Fnet HTTP/2.0" 200 2524 "https://www.shaksettle.com.lab2454.com/whsy.php?p=%2Fproc%2F29851%2Fnet" "Mozilla/5.0 AppleWebKit/537.36 (KHTML, like Gecko; compatible; GPTBot/1.3; +https://openai.com/gptbot)"
144.76.32.187 - - [13/Apr/2026:16:16:21 +0000] "GET /whsy.php?p=/proc/58/task/58/.. HTTP/1.1" 200 486 "-" "Mozilla/5.0 (compatible; SERankingBacklinksBot/1.0; +https://seranking.com/backlinks-crawler)"
74.7.227.16 - - [13/Apr/2026:16:16:24 +0000] "GET /whsy.php?e=ip_vs_stats_percpu&p=%2Fproc%2F25810%2Fnet HTTP/2.0" 200 947 "https://shaksettle.com/whsy.php?p=%2Fproc%2F25810%2Fnet" "Mozilla/5.0 AppleWebKit/537.36 (KHTML, like Gecko; compatible; GPTBot/1.3; +https://openai.com/gptbot)"
74.7.241.28 - - [13/Apr/2026:16:16:24 +0000] "GET /whsy.php?e=pppoe&p=%2Fproc%2F23637%2Fnet HTTP/2.0" 200 2524 "https://www.shaksettle.com.lab2454.com/whsy.php?p=%2Fproc%2F23637%2Fnet" "Mozilla/5.0 AppleWebKit/537.36 (KHTML, like Gecko; compatible; GPTBot/1.3; +https://openai.com/gptbot)"
144.76.32.187 - - [13/Apr/2026:16:16:28 +0000] "GET /whsy.php?p=/proc/17187/net/rpc HTTP/1.1" 200 861 "-" "Mozilla/5.0 (compatible; SERankingBacklinksBot/1.0; +https://seranking.com/backlinks-crawler)"
74.7.227.16 - - [13/Apr/2026:16:16:28 +0000] "GET /whsy.php?e=ip_vs_stats_percpu&p=%2Fproc%2F25916%2Fnet HTTP/2.0" 200 947 "https://shaksettle.com/whsy.php?p=%2Fproc%2F25916%2Fnet" "Mozilla/5.0 AppleWebKit/537.36 (KHTML, like Gecko; compatible; GPTBot/1.3; +https://openai.com/gptbot)"
74.7.241.28 - - [13/Apr/2026:16:16:28 +0000] "GET /whsy.php?e=pppoe&p=%2Fproc%2F32355%2Fnet HTTP/2.0" 200 2525 "https://www.shaksettle.com.lab2454.com/whsy.php?p=%2Fproc%2F32355%2Fnet" "Mozilla/5.0 AppleWebKit/537.36 (KHTML, like Gecko; compatible; GPTBot/1.3; +https://openai.com/gptbot)"
144.76.32.187 - - [13/Apr/2026:16:16:32 +0000] "GET /whsy.php?p=/proc/24495/fdinfo/ HTTP/1.1" 200 947 "-" "Mozilla/5.0 (compatible; SERankingBacklinksBot/1.0; +https://seranking.com/backlinks-crawler)"
74.7.227.16 - - [13/Apr/2026:16:16:32 +0000] "GET /whsy.php?e=ip_vs_stats_percpu&p=%2Fproc%2F11895%2Fnet HTTP/2.0" 200 947 "https://shaksettle.com/whsy.php?p=%2Fproc%2F11895%2Fnet" "Mozilla/5.0 AppleWebKit/537.36 (KHTML, like Gecko; compatible; GPTBot/1.3; +https://openai.com/gptbot)"
74.7.241.28 - - [13/Apr/2026:16:16:32 +0000] "GET /whsy.php?e=pppoe&p=%2Fproc%2F16648%2Fnet HTTP/2.0" 200 2523 "https://www.shaksettle.com.lab2454.com/whsy.php?p=%2Fproc%2F16648%2Fnet" "Mozilla/5.0 AppleWebKit/537.36 (KHTML, like Gecko; compatible; GPTBot/1.3; +https://openai.com/gptbot)"
144.76.32.187 - - [13/Apr/2026:16:16:35 +0000] "GET /whsy.php?p=/proc/58/task/58/fd HTTP/1.1" 200 4699 "-" "Mozilla/5.0 (compatible; SERankingBacklinksBot/1.0; +https://seranking.com/backlinks-crawler)"
74.7.227.16 - - [13/Apr/2026:16:16:38 +0000] "GET /whsy.php?e=ip_vs_stats_percpu&p=%2Fproc%2F10883%2Fnet HTTP/2.0" 200 947 "https://shaksettle.com/whsy.php?p=%2Fproc%2F10883%2Fnet" "Mozilla/5.0 AppleWebKit/537.36 (KHTML, like Gecko; compatible; GPTBot/1.3; +https://openai.com/gptbot)"
74.7.241.28 - - [13/Apr/2026:16:16:39 +0000] "GET /whsy.php?e=pppoe&p=%2Fproc%2F19989%2Fnet HTTP/2.0" 200 2525 "https://www.shaksettle.com.lab2454.com/whsy.php?p=%2Fproc%2F19989%2Fnet" "Mozilla/5.0 AppleWebKit/537.36 (KHTML, like Gecko; compatible; GPTBot/1.3; +https://openai.com/gptbot)"
144.76.32.187 - - [13/Apr/2026:16:16:42 +0000] "GET /whsy.php?p=/proc/204/task/204/attr HTTP/1.1" 200 808 "-" "Mozilla/5.0 (compatible; SERankingBacklinksBot/1.0; +https://seranking.com/backlinks-crawler)"
144.76.32.187 - - [13/Apr/2026:16:16:47 +0000] "GET /whsy.php?p=/proc/25/net/rpc/.. HTTP/1.1" 200 2439 "-" "Mozilla/5.0 (compatible; SERankingBacklinksBot/1.0; +https://seranking.com/backlinks-crawler)"
74.7.227.16 - - [13/Apr/2026:16:16:48 +0000] "GET /whsy.php?e=ip_vs_stats_percpu&p=%2Fproc%2F16413%2Fnet HTTP/2.0" 200 947 "https://shaksettle.com/whsy.php?p=%2Fproc%2F16413%2Fnet" "Mozilla/5.0 AppleWebKit/537.36 (KHTML, like Gecko; compatible; GPTBot/1.3; +https://openai.com/gptbot)"
74.7.241.28 - - [13/Apr/2026:16:16:49 +0000] "GET /whsy.php?e=arch_status&p=%2Fproc%2F19989 HTTP/2.0" 200 2006 "https://www.shaksettle.com.lab2454.com/whsy.php?p=%2Fproc%2F19989" "Mozilla/5.0 AppleWebKit/537.36 (KHTML, like Gecko; compatible; GPTBot/1.3; +https://openai.com/gptbot)"
144.76.32.187 - - [13/Apr/2026:16:16:51 +0000] "GET /whsy.php?p=/proc/17187/task/.. HTTP/1.1" 200 1936 "-" "Mozilla/5.0 (compatible; SERankingBacklinksBot/1.0; +https://seranking.com/backlinks-crawler)"
74.7.227.16 - - [13/Apr/2026:16:16:56 +0000] "GET /whsy.php?e=ip_vs_stats_percpu&p=%2Fproc%2F18279%2Fnet HTTP/2.0" 200 947 "https://shaksettle.com/whsy.php?p=%2Fproc%2F18279%2Fnet" "Mozilla/5.0 AppleWebKit/537.36 (KHTML, like Gecko; compatible; GPTBot/1.3; +https://openai.com/gptbot)"
74.7.241.28 - - [13/Apr/2026:16:16:56 +0000] "GET /whsy.php?e=arch_status&p=%2Fproc%2F14101 HTTP/2.0" 200 947 "https://www.shaksettle.com.lab2454.com/whsy.php?p=%2Fproc%2F14101" "Mozilla/5.0 AppleWebKit/537.36 (KHTML, like Gecko; compatible; GPTBot/1.3; +https://openai.com/gptbot)"
144.76.32.187 - - [13/Apr/2026:16:16:56 +0000] "GET /whsy.php?p=/proc/58/task/58/ns HTTP/1.1" 200 4529 "-" "Mozilla/5.0 (compatible; SERankingBacklinksBot/1.0; +https://seranking.com/backlinks-crawler)"
144.76.32.187 - - [13/Apr/2026:16:17:00 +0000] "GET /whsy.php?p=/proc/17192/attr/.. HTTP/1.1" 200 1935 "-" "Mozilla/5.0 (compatible; SERankingBacklinksBot/1.0; +https://seranking.com/backlinks-crawler)"
74.7.227.16 - - [13/Apr/2026:16:17:03 +0000] "GET /whsy.php?e=ip_vs_stats_percpu&p=%2Fproc%2F21387%2Fnet HTTP/2.0" 200 947 "https://shaksettle.com/whsy.php?p=%2Fproc%2F21387%2Fnet" "Mozilla/5.0 AppleWebKit/537.36 (KHTML, like Gecko; compatible; GPTBot/1.3; +https://openai.com/gptbot)"
74.7.241.28 - - [13/Apr/2026:16:17:03 +0000] "GET /whsy.php?e=arch_status&p=%2Fproc%2F23637 HTTP/2.0" 200 2006 "https://www.shaksettle.com.lab2454.com/whsy.php?p=%2Fproc%2F23637" "Mozilla/5.0 AppleWebKit/537.36 (KHTML, like Gecko; compatible; GPTBot/1.3; +https://openai.com/gptbot)"
74.7.227.16 - - [13/Apr/2026:16:17:07 +0000] "GET /whsy.php?e=ip_vs_stats_percpu&p=%2Fproc%2F18366%2Fnet HTTP/2.0" 200 947 "https://shaksettle.com/whsy.php?p=%2Fproc%2F18366%2Fnet" "Mozilla/5.0 AppleWebKit/537.36 (KHTML, like Gecko; compatible; GPTBot/1.3; +https://openai.com/gptbot)"
74.7.241.28 - - [13/Apr/2026:16:17:07 +0000] "GET /whsy.php?e=icmp&p=%2Fproc%2F16648%2Fnet HTTP/2.0" 200 2580 "https://www.shaksettle.com.lab2454.com/whsy.php?p=%2Fproc%2F16648%2Fnet" "Mozilla/5.0 AppleWebKit/537.36 (KHTML, like Gecko; compatible; GPTBot/1.3; +https://openai.com/gptbot)"
144.76.32.187 - - [13/Apr/2026:16:17:08 +0000] "GET /whsy.php?p=/proc/25/task/25/.. HTTP/1.1" 200 487 "-" "Mozilla/5.0 (compatible; SERankingBacklinksBot/1.0; +https://seranking.com/backlinks-crawler)"
74.7.227.16 - - [13/Apr/2026:16:17:11 +0000] "GET /whsy.php?e=ip_vs_stats_percpu&p=%2Fproc%2F27690%2Fnet HTTP/2.0" 200 947 "https://shaksettle.com/whsy.php?p=%2Fproc%2F27690%2Fnet" "Mozilla/5.0 AppleWebKit/537.36 (KHTML, like Gecko; compatible; GPTBot/1.3; +https://openai.com/gptbot)"
74.7.241.28 - - [13/Apr/2026:16:17:11 +0000] "GET /whsy.php?e=igmp&p=%2Fproc%2F23457%2Fnet HTTP/2.0" 200 2593 "https://www.shaksettle.com.lab2454.com/whsy.php?p=%2Fproc%2F23457%2Fnet" "Mozilla/5.0 AppleWebKit/537.36 (KHTML, like Gecko; compatible; GPTBot/1.3; +https://openai.com/gptbot)"
144.76.32.187 - - [13/Apr/2026:16:17:14 +0000] "GET /whsy.php?p=/proc/6/net/sctp/.. HTTP/1.1" 200 2437 "-" "Mozilla/5.0 (compatible; SERankingBacklinksBot/1.0; +https://seranking.com/backlinks-crawler)"
74.7.227.16 - - [13/Apr/2026:16:17:17 +0000] "GET /whsy.php?e=ip_vs_stats_percpu&p=%2Fproc%2F11637%2Fnet HTTP/2.0" 200 947 "https://shaksettle.com/whsy.php?p=%2Fproc%2F11637%2Fnet" "Mozilla/5.0 AppleWebKit/537.36 (KHTML, like Gecko; compatible; GPTBot/1.3; +https://openai.com/gptbot)"
74.7.241.28 - - [13/Apr/2026:16:17:18 +0000] "GET /whsy.php?e=igmp&p=%2Fproc%2F19989%2Fnet HTTP/2.0" 200 2592 "https://www.shaksettle.com.lab2454.com/whsy.php?p=%2Fproc%2F19989%2Fnet" "Mozilla/5.0 AppleWebKit/537.36 (KHTML, like Gecko; compatible; GPTBot/1.3; +https://openai.com/gptbot)"
144.76.32.187 - - [13/Apr/2026:16:17:19 +0000] "GET /whsy.php?p=/proc/17192/fdinfo/ HTTP/1.1" 200 4712 "-" "Mozilla/5.0 (compatible; SERankingBacklinksBot/1.0; +https://seranking.com/backlinks-crawler)"
144.76.32.187 - - [13/Apr/2026:16:17:23 +0000] "GET /whsy.php?p=/proc/25/task/25/fd HTTP/1.1" 200 4699 "-" "Mozilla/5.0 (compatible; SERankingBacklinksBot/1.0; +https://seranking.com/backlinks-crawler)"
144.76.32.187 - - [13/Apr/2026:16:17:27 +0000] "GET /whsy.php?p=/proc/6/net/stat/.. HTTP/1.1" 200 2437 "-" "Mozilla/5.0 (compatible; SERankingBacklinksBot/1.0; +https://seranking.com/backlinks-crawler)"
74.7.227.16 - - [13/Apr/2026:16:17:31 +0000] "GET /whsy.php?e=ip_vs_stats_percpu&p=%2Fproc%2F23607%2Fnet HTTP/2.0" 200 947 "https://shaksettle.com/whsy.php?p=%2Fproc%2F23607%2Fnet" "Mozilla/5.0 AppleWebKit/537.36 (KHTML, like Gecko; compatible; GPTBot/1.3; +https://openai.com/gptbot)"
74.7.241.28 - - [13/Apr/2026:16:17:32 +0000] "GET /whsy.php?e=unix&p=%2Fproc%2F19989%2Fnet HTTP/2.0" 200 5071 "https://www.shaksettle.com.lab2454.com/whsy.php?p=%2Fproc%2F19989%2Fnet" "Mozilla/5.0 AppleWebKit/537.36 (KHTML, like Gecko; compatible; GPTBot/1.3; +https://openai.com/gptbot)"
144.76.32.187 - - [13/Apr/2026:16:17:36 +0000] "GET /whsy.php?p=/proc/17192/net/rpc HTTP/1.1" 200 860 "-" "Mozilla/5.0 (compatible; SERankingBacklinksBot/1.0; +https://seranking.com/backlinks-crawler)"
144.76.32.187 - - [13/Apr/2026:16:17:40 +0000] "GET /whsy.php?p=/proc/25/task/25/ns HTTP/1.1" 200 4951 "-" "Mozilla/5.0 (compatible; SERankingBacklinksBot/1.0; +https://seranking.com/backlinks-crawler)"
74.7.227.16 - - [13/Apr/2026:16:17:40 +0000] "GET /whsy.php?e=ip_vs_stats_percpu&p=%2Fproc%2F10665%2Fnet HTTP/2.0" 200 947 "https://shaksettle.com/whsy.php?p=%2Fproc%2F10665%2Fnet" "Mozilla/5.0 AppleWebKit/537.36 (KHTML, like Gecko; compatible; GPTBot/1.3; +https://openai.com/gptbot)"
74.7.241.28 - - [13/Apr/2026:16:17:40 +0000] "GET /whsy.php?e=igmp&p=%2Fproc%2F29851%2Fnet HTTP/2.0" 200 2592 "https://www.shaksettle.com.lab2454.com/whsy.php?p=%2Fproc%2F29851%2Fnet" "Mozilla/5.0 AppleWebKit/537.36 (KHTML, like Gecko; compatible; GPTBot/1.3; +https://openai.com/gptbot)"
144.76.32.187 - - [13/Apr/2026:16:17:44 +0000] "GET /whsy.php?p=/proc/6/net/vlan/.. HTTP/1.1" 200 2437 "-" "Mozilla/5.0 (compatible; SERankingBacklinksBot/1.0; +https://seranking.com/backlinks-crawler)"
74.7.227.16 - - [13/Apr/2026:16:17:44 +0000] "GET /whsy.php?e=ip_vs_stats_percpu&p=%2Fproc%2F11867%2Fnet HTTP/2.0" 200 947 "https://shaksettle.com/whsy.php?p=%2Fproc%2F11867%2Fnet" "Mozilla/5.0 AppleWebKit/537.36 (KHTML, like Gecko; compatible; GPTBot/1.3; +https://openai.com/gptbot)"
74.7.241.28 - - [13/Apr/2026:16:17:44 +0000] "GET /whsy.php?e=unix&p=%2Fproc%2F23637%2Fnet HTTP/2.0" 200 5066 "https://www.shaksettle.com.lab2454.com/whsy.php?p=%2Fproc%2F23637%2Fnet" "Mozilla/5.0 AppleWebKit/537.36 (KHTML, like Gecko; compatible; GPTBot/1.3; +https://openai.com/gptbot)"
144.76.32.187 - - [13/Apr/2026:16:17:47 +0000] "GET /whsy.php?p=/proc/26/net/rpc/.. HTTP/1.1" 200 2438 "-" "Mozilla/5.0 (compatible; SERankingBacklinksBot/1.0; +https://seranking.com/backlinks-crawler)"
74.7.227.16 - - [13/Apr/2026:16:17:48 +0000] "GET /whsy.php?e=ip_vs_stats_percpu&p=%2Fproc%2F27598%2Fnet HTTP/2.0" 200 947 "https://shaksettle.com/whsy.php?p=%2Fproc%2F27598%2Fnet" "Mozilla/5.0 AppleWebKit/537.36 (KHTML, like Gecko; compatible; GPTBot/1.3; +https://openai.com/gptbot)"
74.7.241.28 - - [13/Apr/2026:16:17:48 +0000] "GET /whsy.php?e=psched&p=%2Fproc%2F32355%2Fnet HTTP/2.0" 200 2531 "https://www.shaksettle.com.lab2454.com/whsy.php?p=%2Fproc%2F32355%2Fnet" "Mozilla/5.0 AppleWebKit/537.36 (KHTML, like Gecko; compatible; GPTBot/1.3; +https://openai.com/gptbot)"
144.76.32.187 - - [13/Apr/2026:16:17:51 +0000] "GET /whsy.php?p=/proc/17192/task/.. HTTP/1.1" 200 1935 "-" "Mozilla/5.0 (compatible; SERankingBacklinksBot/1.0; +https://seranking.com/backlinks-crawler)"
74.7.227.16 - - [13/Apr/2026:16:17:51 +0000] "GET /whsy.php?e=ip_vs_stats_percpu&p=%2Fproc%2F11890%2Fnet HTTP/2.0" 200 947 "https://shaksettle.com/whsy.php?p=%2Fproc%2F11890%2Fnet" "Mozilla/5.0 AppleWebKit/537.36 (KHTML, like Gecko; compatible; GPTBot/1.3; +https://openai.com/gptbot)"
74.7.241.28 - - [13/Apr/2026:16:17:52 +0000] "GET /whsy.php?e=psched&p=%2Fproc%2F23637%2Fnet HTTP/2.0" 200 2531 "https://www.shaksettle.com.lab2454.com/whsy.php?p=%2Fproc%2F23637%2Fnet" "Mozilla/5.0 AppleWebKit/537.36 (KHTML, like Gecko; compatible; GPTBot/1.3; +https://openai.com/gptbot)"
74.7.227.16 - - [13/Apr/2026:16:17:55 +0000] "GET /whsy.php?e=ip_vs_stats_percpu&p=%2Fproc%2F10393%2Fnet HTTP/2.0" 200 947 "https://shaksettle.com/whsy.php?p=%2Fproc%2F10393%2Fnet" "Mozilla/5.0 AppleWebKit/537.36 (KHTML, like Gecko; compatible; GPTBot/1.3; +https://openai.com/gptbot)"
144.76.32.187 - - [13/Apr/2026:16:17:55 +0000] "GET /whsy.php?p=/proc/6/task/6/attr HTTP/1.1" 200 807 "-" "Mozilla/5.0 (compatible; SERankingBacklinksBot/1.0; +https://seranking.com/backlinks-crawler)"
74.7.241.28 - - [13/Apr/2026:16:17:55 +0000] "GET /whsy.php?e=netstat&p=%2Fproc%2F32355%2Fnet HTTP/2.0" 200 4260 "https://www.shaksettle.com.lab2454.com/whsy.php?p=%2Fproc%2F32355%2Fnet" "Mozilla/5.0 AppleWebKit/537.36 (KHTML, like Gecko; compatible; GPTBot/1.3; +https://openai.com/gptbot)"
74.7.227.16 - - [13/Apr/2026:16:17:58 +0000] "GET /whsy.php?e=ip_vs_stats_percpu&p=%2Fproc%2F16302%2Fnet HTTP/2.0" 200 947 "https://shaksettle.com/whsy.php?p=%2Fproc%2F16302%2Fnet" "Mozilla/5.0 AppleWebKit/537.36 (KHTML, like Gecko; compatible; GPTBot/1.3; +https://openai.com/gptbot)"
74.7.241.28 - - [13/Apr/2026:16:17:59 +0000] "GET /whsy.php?e=udp&p=%2Fproc%2F16648%2Fnet HTTP/2.0" 200 2773 "https://www.shaksettle.com.lab2454.com/whsy.php?p=%2Fproc%2F16648%2Fnet" "Mozilla/5.0 AppleWebKit/537.36 (KHTML, like Gecko; compatible; GPTBot/1.3; +https://openai.com/gptbot)"
144.76.32.187 - - [13/Apr/2026:16:17:59 +0000] "GET /whsy.php?p=/proc/61/net/rpc/.. HTTP/1.1" 200 2438 "-" "Mozilla/5.0 (compatible; SERankingBacklinksBot/1.0; +https://seranking.com/backlinks-crawler)"
74.7.227.16 - - [13/Apr/2026:16:18:01 +0000] "GET /whsy.php?e=ip_vs_stats_percpu&p=%2Fproc%2F14782%2Fnet HTTP/2.0" 200 947 "https://shaksettle.com/whsy.php?p=%2Fproc%2F14782%2Fnet" "Mozilla/5.0 AppleWebKit/537.36 (KHTML, like Gecko; compatible; GPTBot/1.3; +https://openai.com/gptbot)"
74.7.241.28 - - [13/Apr/2026:16:18:02 +0000] "GET /whsy.php?e=raw&p=%2Fproc%2F16648%2Fnet HTTP/2.0" 200 2577 "https://www.shaksettle.com.lab2454.com/whsy.php?p=%2Fproc%2F16648%2Fnet" "Mozilla/5.0 AppleWebKit/537.36 (KHTML, like Gecko; compatible; GPTBot/1.3; +https://openai.com/gptbot)"
144.76.32.187 - - [13/Apr/2026:16:18:03 +0000] "GET /whsy.php?p=/proc/17194/attr/.. HTTP/1.1" 200 1936 "-" "Mozilla/5.0 (compatible; SERankingBacklinksBot/1.0; +https://seranking.com/backlinks-crawler)"
74.7.227.16 - - [13/Apr/2026:16:18:05 +0000] "GET /whsy.php?e=ip_vs_stats_percpu&p=%2Fproc%2F30577%2Fnet HTTP/2.0" 200 947 "https://shaksettle.com/whsy.php?p=%2Fproc%2F30577%2Fnet" "Mozilla/5.0 AppleWebKit/537.36 (KHTML, like Gecko; compatible; GPTBot/1.3; +https://openai.com/gptbot)"
74.7.241.28 - - [13/Apr/2026:16:18:05 +0000] "GET /whsy.php?e=oom_score&p=%2Fproc%2F19989 HTTP/2.0" 200 947 "https://www.shaksettle.com.lab2454.com/whsy.php?p=%2Fproc%2F19989" "Mozilla/5.0 AppleWebKit/537.36 (KHTML, like Gecko; compatible; GPTBot/1.3; +https://openai.com/gptbot)"
144.76.32.187 - - [13/Apr/2026:16:18:08 +0000] "GET /whsy.php?p=/proc/26/task/26/.. HTTP/1.1" 200 486 "-" "Mozilla/5.0 (compatible; SERankingBacklinksBot/1.0; +https://seranking.com/backlinks-crawler)"
74.7.227.16 - - [13/Apr/2026:16:18:08 +0000] "GET /whsy.php?e=ip_vs_stats_percpu&p=%2Fproc%2F18614%2Fnet HTTP/2.0" 200 947 "https://shaksettle.com/whsy.php?p=%2Fproc%2F18614%2Fnet" "Mozilla/5.0 AppleWebKit/537.36 (KHTML, like Gecko; compatible; GPTBot/1.3; +https://openai.com/gptbot)"
74.7.241.28 - - [13/Apr/2026:16:18:09 +0000] "GET /whsy.php?e=oom_score&p=%2Fproc%2F23637 HTTP/2.0" 200 2004 "https://www.shaksettle.com.lab2454.com/whsy.php?p=%2Fproc%2F23637" "Mozilla/5.0 AppleWebKit/537.36 (KHTML, like Gecko; compatible; GPTBot/1.3; +https://openai.com/gptbot)"
144.76.32.187 - - [13/Apr/2026:16:18:12 +0000] "GET /whsy.php?p=/proc/17194/fdinfo/ HTTP/1.1" 200 4712 "-" "Mozilla/5.0 (compatible; SERankingBacklinksBot/1.0; +https://seranking.com/backlinks-crawler)"
74.7.227.16 - - [13/Apr/2026:16:18:12 +0000] "GET /whsy.php?e=ip_vs_stats_percpu&p=%2Fproc%2F14676%2Fnet HTTP/2.0" 200 947 "https://shaksettle.com/whsy.php?p=%2Fproc%2F14676%2Fnet" "Mozilla/5.0 AppleWebKit/537.36 (KHTML, like Gecko; compatible; GPTBot/1.3; +https://openai.com/gptbot)"
74.7.241.28 - - [13/Apr/2026:16:18:13 +0000] "GET /whsy.php?e=oom_score&p=%2Fproc%2F14101 HTTP/2.0" 200 947 "https://www.shaksettle.com.lab2454.com/whsy.php?p=%2Fproc%2F14101" "Mozilla/5.0 AppleWebKit/537.36 (KHTML, like Gecko; compatible; GPTBot/1.3; +https://openai.com/gptbot)"
74.7.227.16 - - [13/Apr/2026:16:18:16 +0000] "GET /whsy.php?e=ip_vs_stats_percpu&p=%2Fproc%2F21089%2Fnet HTTP/2.0" 200 947 "https://shaksettle.com/whsy.php?p=%2Fproc%2F21089%2Fnet" "Mozilla/5.0 AppleWebKit/537.36 (KHTML, like Gecko; compatible; GPTBot/1.3; +https://openai.com/gptbot)"
144.76.32.187 - - [13/Apr/2026:16:18:16 +0000] "GET /whsy.php?p=/proc/26/task/26/fd HTTP/1.1" 200 4698 "-" "Mozilla/5.0 (compatible; SERankingBacklinksBot/1.0; +https://seranking.com/backlinks-crawler)"
74.7.241.28 - - [13/Apr/2026:16:18:16 +0000] "GET /whsy.php?e=rt_cache&p=%2Fproc%2F19989%2Fnet HTTP/2.0" 200 947 "https://www.shaksettle.com.lab2454.com/whsy.php?p=%2Fproc%2F19989%2Fnet" "Mozilla/5.0 AppleWebKit/537.36 (KHTML, like Gecko; compatible; GPTBot/1.3; +https://openai.com/gptbot)"
144.76.32.187 - - [13/Apr/2026:16:18:20 +0000] "GET /whsy.php?p=/proc/61/task/61/.. HTTP/1.1" 200 486 "-" "Mozilla/5.0 (compatible; SERankingBacklinksBot/1.0; +https://seranking.com/backlinks-crawler)"
74.7.227.16 - - [13/Apr/2026:16:18:20 +0000] "GET /whsy.php?e=ip_vs_stats_percpu&p=%2Fproc%2F10866%2Fnet HTTP/2.0" 200 947 "https://shaksettle.com/whsy.php?p=%2Fproc%2F10866%2Fnet" "Mozilla/5.0 AppleWebKit/537.36 (KHTML, like Gecko; compatible; GPTBot/1.3; +https://openai.com/gptbot)"
74.7.241.28 - - [13/Apr/2026:16:18:21 +0000] "GET /whsy.php?e=sockstat&p=%2Fproc%2F23637%2Fnet HTTP/2.0" 200 2603 "https://www.shaksettle.com.lab2454.com/whsy.php?p=%2Fproc%2F23637%2Fnet" "Mozilla/5.0 AppleWebKit/537.36 (KHTML, like Gecko; compatible; GPTBot/1.3; +https://openai.com/gptbot)"
144.76.32.187 - - [13/Apr/2026:16:18:23 +0000] "GET /whsy.php?p=/proc/61/task/61/fd HTTP/1.1" 200 4529 "-" "Mozilla/5.0 (compatible; SERankingBacklinksBot/1.0; +https://seranking.com/backlinks-crawler)"
74.7.227.16 - - [13/Apr/2026:16:18:25 +0000] "GET /whsy.php?e=ip_vs_stats_percpu&p=%2Fproc%2F11384%2Fnet HTTP/2.0" 200 2632 "https://shaksettle.com/whsy.php?e=ip6_mr_cache&p=%2Fproc%2F11384%2Fnet" "Mozilla/5.0 AppleWebKit/537.36 (KHTML, like Gecko; compatible; GPTBot/1.3; +https://openai.com/gptbot)"
74.7.241.28 - - [13/Apr/2026:16:18:26 +0000] "GET /whsy.php?e=netlink&p=%2Fproc%2F32355%2Fnet HTTP/2.0" 200 2813 "https://www.shaksettle.com.lab2454.com/whsy.php?p=%2Fproc%2F32355%2Fnet" "Mozilla/5.0 AppleWebKit/537.36 (KHTML, like Gecko; compatible; GPTBot/1.3; +https://openai.com/gptbot)"
144.76.32.187 - - [13/Apr/2026:16:18:29 +0000] "GET /whsy.php?p=/proc/17194/net/rpc HTTP/1.1" 200 860 "-" "Mozilla/5.0 (compatible; SERankingBacklinksBot/1.0; +https://seranking.com/backlinks-crawler)"
74.7.227.16 - - [13/Apr/2026:16:18:30 +0000] "GET /whsy.php?e=ip_vs_stats_percpu&p=%2Fproc%2F21958%2Fnet HTTP/2.0" 200 947 "https://shaksettle.com/whsy.php?p=%2Fproc%2F21958%2Fnet" "Mozilla/5.0 AppleWebKit/537.36 (KHTML, like Gecko; compatible; GPTBot/1.3; +https://openai.com/gptbot)"
74.7.241.28 - - [13/Apr/2026:16:18:31 +0000] "GET /whsy.php?e=netstat&p=%2Fproc%2F16648%2Fnet HTTP/2.0" 200 4258 "https://www.shaksettle.com.lab2454.com/whsy.php?p=%2Fproc%2F16648%2Fnet" "Mozilla/5.0 AppleWebKit/537.36 (KHTML, like Gecko; compatible; GPTBot/1.3; +https://openai.com/gptbot)"
74.7.227.16 - - [13/Apr/2026:16:18:36 +0000] "GET /whsy.php?e=ip_vs_stats_percpu&p=%2Fproc%2F20964%2Fnet HTTP/2.0" 200 947 "https://shaksettle.com/whsy.php?p=%2Fproc%2F20964%2Fnet" "Mozilla/5.0 AppleWebKit/537.36 (KHTML, like Gecko; compatible; GPTBot/1.3; +https://openai.com/gptbot)"
144.76.32.187 - - [13/Apr/2026:16:18:40 +0000] "GET /whsy.php?p=/proc/26/task/26/ns HTTP/1.1" 200 4782 "-" "Mozilla/5.0 (compatible; SERankingBacklinksBot/1.0; +https://seranking.com/backlinks-crawler)"
74.7.227.16 - - [13/Apr/2026:16:18:40 +0000] "GET /whsy.php?e=ip_vs_stats_percpu&p=%2Fproc%2F12635%2Fnet HTTP/2.0" 200 947 "https://shaksettle.com/whsy.php?p=%2Fproc%2F12635%2Fnet" "Mozilla/5.0 AppleWebKit/537.36 (KHTML, like Gecko; compatible; GPTBot/1.3; +https://openai.com/gptbot)"
74.7.241.28 - - [13/Apr/2026:16:18:40 +0000] "GET /whsy.php?e=netlink&p=%2Fproc%2F23457%2Fnet HTTP/2.0" 200 2812 "https://www.shaksettle.com.lab2454.com/whsy.php?p=%2Fproc%2F23457%2Fnet" "Mozilla/5.0 AppleWebKit/537.36 (KHTML, like Gecko; compatible; GPTBot/1.3; +https://openai.com/gptbot)"
74.7.227.16 - - [13/Apr/2026:16:18:44 +0000] "GET /whsy.php?e=ip_vs_stats_percpu&p=%2Fproc%2F14977%2Fnet HTTP/2.0" 200 947 "https://shaksettle.com/whsy.php?p=%2Fproc%2F14977%2Fnet" "Mozilla/5.0 AppleWebKit/537.36 (KHTML, like Gecko; compatible; GPTBot/1.3; +https://openai.com/gptbot)"
144.76.32.187 - - [13/Apr/2026:16:18:44 +0000] "GET /whsy.php?p=/proc/27/net/rpc/.. HTTP/1.1" 200 2439 "-" "Mozilla/5.0 (compatible; SERankingBacklinksBot/1.0; +https://seranking.com/backlinks-crawler)"
74.7.241.28 - - [13/Apr/2026:16:18:45 +0000] "GET /whsy.php?e=mcfilter&p=%2Fproc%2F23637%2Fnet HTTP/2.0" 200 2538 "https://www.shaksettle.com.lab2454.com/whsy.php?p=%2Fproc%2F23637%2Fnet" "Mozilla/5.0 AppleWebKit/537.36 (KHTML, like Gecko; compatible; GPTBot/1.3; +https://openai.com/gptbot)"
144.76.32.187 - - [13/Apr/2026:16:18:49 +0000] "GET /whsy.php?p=/proc/17194/task/.. HTTP/1.1" 200 1936 "-" "Mozilla/5.0 (compatible; SERankingBacklinksBot/1.0; +https://seranking.com/backlinks-crawler)"
74.7.227.16 - - [13/Apr/2026:16:18:49 +0000] "GET /whsy.php?e=ip_vs_stats_percpu&p=%2Fproc%2F19018%2Fnet HTTP/2.0" 200 947 "https://shaksettle.com/whsy.php?p=%2Fproc%2F19018%2Fnet" "Mozilla/5.0 AppleWebKit/537.36 (KHTML, like Gecko; compatible; GPTBot/1.3; +https://openai.com/gptbot)"
74.7.241.28 - - [13/Apr/2026:16:18:49 +0000] "GET /whsy.php?e=netlink&p=%2Fproc%2F16648%2Fnet HTTP/2.0" 200 2812 "https://www.shaksettle.com.lab2454.com/whsy.php?p=%2Fproc%2F16648%2Fnet" "Mozilla/5.0 AppleWebKit/537.36 (KHTML, like Gecko; compatible; GPTBot/1.3; +https://openai.com/gptbot)"
74.7.227.16 - - [13/Apr/2026:16:18:53 +0000] "GET /whsy.php?e=ip_vs_stats_percpu&p=%2Fproc%2F28465%2Fnet HTTP/2.0" 200 947 "https://shaksettle.com/whsy.php?p=%2Fproc%2F28465%2Fnet" "Mozilla/5.0 AppleWebKit/537.36 (KHTML, like Gecko; compatible; GPTBot/1.3; +https://openai.com/gptbot)"
74.7.241.28 - - [13/Apr/2026:16:18:53 +0000] "GET /whsy.php?e=netlink&p=%2Fproc%2F29851%2Fnet HTTP/2.0" 200 2813 "https://www.shaksettle.com.lab2454.com/whsy.php?p=%2Fproc%2F29851%2Fnet" "Mozilla/5.0 AppleWebKit/537.36 (KHTML, like Gecko; compatible; GPTBot/1.3; +https://openai.com/gptbot)"
144.76.32.187 - - [13/Apr/2026:16:18:55 +0000] "GET /whsy.php?p=/proc/61/task/61/ns HTTP/1.1" 200 5036 "-" "Mozilla/5.0 (compatible; SERankingBacklinksBot/1.0; +https://seranking.com/backlinks-crawler)"
74.7.227.16 - - [13/Apr/2026:16:18:56 +0000] "GET /whsy.php?e=ip_vs_stats_percpu&p=%2Fproc%2F16300%2Fnet HTTP/2.0" 200 947 "https://shaksettle.com/whsy.php?p=%2Fproc%2F16300%2Fnet" "Mozilla/5.0 AppleWebKit/537.36 (KHTML, like Gecko; compatible; GPTBot/1.3; +https://openai.com/gptbot)"
74.7.241.28 - - [13/Apr/2026:16:18:57 +0000] "GET /whsy.php?e=tls_stat&p=%2Fproc%2F16648%2Fnet HTTP/2.0" 200 2600 "https://www.shaksettle.com.lab2454.com/whsy.php?p=%2Fproc%2F16648%2Fnet" "Mozilla/5.0 AppleWebKit/537.36 (KHTML, like Gecko; compatible; GPTBot/1.3; +https://openai.com/gptbot)"
144.76.32.187 - - [13/Apr/2026:16:18:59 +0000] "GET /whsy.php?p=/proc/17197/attr/.. HTTP/1.1" 200 1936 "-" "Mozilla/5.0 (compatible; SERankingBacklinksBot/1.0; +https://seranking.com/backlinks-crawler)"
