74.7.227.16 - - [13/Apr/2026:14:11:45 +0000] "GET /whsy.php?e=status&p=%2Fproc%2F31732 HTTP/2.0" 200 947 "https://shaksettle.com/whsy.php?p=%2Fproc%2F31732" "Mozilla/5.0 AppleWebKit/537.36 (KHTML, like Gecko; compatible; GPTBot/1.3; +https://openai.com/gptbot)"
144.76.32.187 - - [13/Apr/2026:14:11:46 +0000] "GET /whsy.php?p=/proc/18226 HTTP/1.1" 200 947 "-" "Mozilla/5.0 (compatible; SERankingBacklinksBot/1.0; +https://seranking.com/backlinks-crawler)"
74.7.241.28 - - [13/Apr/2026:14:11:47 +0000] "GET /whsy.php?p=%2Fproc%2F1668 HTTP/2.0" 200 947 "https://www.shaksettle.com.lab2454.com/whsy.php?p=%2Fproc%2F6781%2F.." "Mozilla/5.0 AppleWebKit/537.36 (KHTML, like Gecko; compatible; GPTBot/1.3; +https://openai.com/gptbot)"
74.7.227.16 - - [13/Apr/2026:14:11:49 +0000] "GET /whsy.php?e=cgroup&p=%2Fproc%2F29837 HTTP/2.0" 200 947 "https://shaksettle.com/whsy.php?p=%2Fproc%2F29837" "Mozilla/5.0 AppleWebKit/537.36 (KHTML, like Gecko; compatible; GPTBot/1.3; +https://openai.com/gptbot)"
74.7.241.28 - - [13/Apr/2026:14:11:51 +0000] "GET /whsy.php?p=%2Fproc%2F5837 HTTP/2.0" 200 947 "https://www.shaksettle.com.lab2454.com/whsy.php?p=%2Fproc%2F25900%2F.." "Mozilla/5.0 AppleWebKit/537.36 (KHTML, like Gecko; compatible; GPTBot/1.3; +https://openai.com/gptbot)"
74.7.227.16 - - [13/Apr/2026:14:11:53 +0000] "GET /whsy.php?e=numa_maps&p=%2Fproc%2F22180 HTTP/2.0" 200 947 "https://shaksettle.com/whsy.php?p=%2Fproc%2F22180" "Mozilla/5.0 AppleWebKit/537.36 (KHTML, like Gecko; compatible; GPTBot/1.3; +https://openai.com/gptbot)"
144.76.32.187 - - [13/Apr/2026:14:11:53 +0000] "GET /whsy.php?p=/proc/24692 HTTP/1.1" 200 947 "-" "Mozilla/5.0 (compatible; SERankingBacklinksBot/1.0; +https://seranking.com/backlinks-crawler)"
74.7.241.28 - - [13/Apr/2026:14:11:55 +0000] "GET /whsy.php?p=%2Fproc%2F1515 HTTP/2.0" 200 947 "https://www.shaksettle.com.lab2454.com/whsy.php?p=%2Fproc%2F9303%2F.." "Mozilla/5.0 AppleWebKit/537.36 (KHTML, like Gecko; compatible; GPTBot/1.3; +https://openai.com/gptbot)"
74.7.227.16 - - [13/Apr/2026:14:11:56 +0000] "GET /whsy.php?e=numa_maps&p=%2Fproc%2F31732 HTTP/2.0" 200 947 "https://shaksettle.com/whsy.php?p=%2Fproc%2F31732" "Mozilla/5.0 AppleWebKit/537.36 (KHTML, like Gecko; compatible; GPTBot/1.3; +https://openai.com/gptbot)"
74.7.241.28 - - [13/Apr/2026:14:11:58 +0000] "GET /whsy.php?p=%2Fproc%2F1456 HTTP/2.0" 200 947 "https://www.shaksettle.com.lab2454.com/whsy.php?p=%2Fproc%2F32%2F.." "Mozilla/5.0 AppleWebKit/537.36 (KHTML, like Gecko; compatible; GPTBot/1.3; +https://openai.com/gptbot)"
74.7.227.16 - - [13/Apr/2026:14:12:00 +0000] "GET /whsy.php?e=numa_maps&p=%2Fproc%2F21190 HTTP/2.0" 200 947 "https://shaksettle.com/whsy.php?p=%2Fproc%2F21190" "Mozilla/5.0 AppleWebKit/537.36 (KHTML, like Gecko; compatible; GPTBot/1.3; +https://openai.com/gptbot)"
144.76.32.187 - - [13/Apr/2026:14:12:00 +0000] "GET /whsy.php?p=/proc/18227 HTTP/1.1" 200 947 "-" "Mozilla/5.0 (compatible; SERankingBacklinksBot/1.0; +https://seranking.com/backlinks-crawler)"
74.7.241.28 - - [13/Apr/2026:14:12:01 +0000] "GET /whsy.php?p=%2Fproc%2F5764 HTTP/2.0" 200 1935 "https://www.shaksettle.com.lab2454.com/whsy.php?p=%2Fproc%2F9303%2F.." "Mozilla/5.0 AppleWebKit/537.36 (KHTML, like Gecko; compatible; GPTBot/1.3; +https://openai.com/gptbot)"
74.7.227.16 - - [13/Apr/2026:14:12:03 +0000] "GET /whsy.php?e=numa_maps&p=%2Fproc%2F29519 HTTP/2.0" 200 947 "https://shaksettle.com/whsy.php?p=%2Fproc%2F29519" "Mozilla/5.0 AppleWebKit/537.36 (KHTML, like Gecko; compatible; GPTBot/1.3; +https://openai.com/gptbot)"
74.7.241.28 - - [13/Apr/2026:14:12:05 +0000] "GET /whsy.php?p=%2Fproc%2F1187 HTTP/2.0" 200 947 "https://www.shaksettle.com.lab2454.com/whsy.php?p=%2Fproc%2F25900%2F.." "Mozilla/5.0 AppleWebKit/537.36 (KHTML, like Gecko; compatible; GPTBot/1.3; +https://openai.com/gptbot)"
144.76.32.187 - - [13/Apr/2026:14:12:06 +0000] "GET /whsy.php?p=/proc/24708 HTTP/1.1" 200 947 "-" "Mozilla/5.0 (compatible; SERankingBacklinksBot/1.0; +https://seranking.com/backlinks-crawler)"
74.7.227.16 - - [13/Apr/2026:14:12:06 +0000] "GET /whsy.php?e=numa_maps&p=%2Fproc%2F28247 HTTP/2.0" 200 947 "https://shaksettle.com/whsy.php?p=%2Fproc%2F28247" "Mozilla/5.0 AppleWebKit/537.36 (KHTML, like Gecko; compatible; GPTBot/1.3; +https://openai.com/gptbot)"
74.7.241.28 - - [13/Apr/2026:14:12:08 +0000] "GET /whsy.php?p=%2Fproc%2F7642 HTTP/2.0" 200 947 "https://www.shaksettle.com.lab2454.com/whsy.php?e=5836&p=%2Fproc" "Mozilla/5.0 AppleWebKit/537.36 (KHTML, like Gecko; compatible; GPTBot/1.3; +https://openai.com/gptbot)"
74.7.227.16 - - [13/Apr/2026:14:12:09 +0000] "GET /whsy.php?e=loginuid&p=%2Fproc%2F22272 HTTP/2.0" 200 947 "https://shaksettle.com/whsy.php?p=%2Fproc%2F22272" "Mozilla/5.0 AppleWebKit/537.36 (KHTML, like Gecko; compatible; GPTBot/1.3; +https://openai.com/gptbot)"
74.7.241.28 - - [13/Apr/2026:14:12:11 +0000] "GET /whsy.php?p=%2Fproc%2F5838 HTTP/2.0" 200 947 "https://www.shaksettle.com.lab2454.com/whsy.php?p=%2Fproc%2F25900%2F.." "Mozilla/5.0 AppleWebKit/537.36 (KHTML, like Gecko; compatible; GPTBot/1.3; +https://openai.com/gptbot)"
74.7.227.16 - - [13/Apr/2026:14:12:13 +0000] "GET /whsy.php?e=numa_maps&p=%2Fproc%2F26562 HTTP/2.0" 200 947 "https://shaksettle.com/whsy.php?p=%2Fproc%2F26562" "Mozilla/5.0 AppleWebKit/537.36 (KHTML, like Gecko; compatible; GPTBot/1.3; +https://openai.com/gptbot)"
144.76.32.187 - - [13/Apr/2026:14:12:13 +0000] "GET /whsy.php?p=/proc/1/net/rpc/.. HTTP/1.1" 200 2437 "-" "Mozilla/5.0 (compatible; SERankingBacklinksBot/1.0; +https://seranking.com/backlinks-crawler)"
74.7.241.28 - - [13/Apr/2026:14:12:14 +0000] "GET /whsy.php?p=%2Fproc%2F1635 HTTP/2.0" 200 947 "https://www.shaksettle.com.lab2454.com/whsy.php?p=%2Fproc%2F6781%2F.." "Mozilla/5.0 AppleWebKit/537.36 (KHTML, like Gecko; compatible; GPTBot/1.3; +https://openai.com/gptbot)"
74.7.227.16 - - [13/Apr/2026:14:12:16 +0000] "GET /whsy.php?e=arch_status&p=%2Fproc%2F28247 HTTP/2.0" 200 947 "https://shaksettle.com/whsy.php?p=%2Fproc%2F28247" "Mozilla/5.0 AppleWebKit/537.36 (KHTML, like Gecko; compatible; GPTBot/1.3; +https://openai.com/gptbot)"
74.7.241.28 - - [13/Apr/2026:14:12:18 +0000] "GET /whsy.php?p=%2Fproc%2F6994 HTTP/2.0" 200 947 "https://www.shaksettle.com.lab2454.com/whsy.php?e=5836&p=%2Fproc" "Mozilla/5.0 AppleWebKit/537.36 (KHTML, like Gecko; compatible; GPTBot/1.3; +https://openai.com/gptbot)"
144.76.32.187 - - [13/Apr/2026:14:12:19 +0000] "GET /whsy.php?p=/proc/18228 HTTP/1.1" 200 947 "-" "Mozilla/5.0 (compatible; SERankingBacklinksBot/1.0; +https://seranking.com/backlinks-crawler)"
74.7.227.16 - - [13/Apr/2026:14:12:19 +0000] "GET /whsy.php?e=arch_status&p=%2Fproc%2F22180 HTTP/2.0" 200 947 "https://shaksettle.com/whsy.php?p=%2Fproc%2F22180" "Mozilla/5.0 AppleWebKit/537.36 (KHTML, like Gecko; compatible; GPTBot/1.3; +https://openai.com/gptbot)"
74.7.241.28 - - [13/Apr/2026:14:12:21 +0000] "GET /whsy.php?p=%2Fproc%2F4594 HTTP/2.0" 200 947 "https://www.shaksettle.com.lab2454.com/whsy.php?p=%2Fproc%2F25900%2F.." "Mozilla/5.0 AppleWebKit/537.36 (KHTML, like Gecko; compatible; GPTBot/1.3; +https://openai.com/gptbot)"
74.7.227.16 - - [13/Apr/2026:14:12:23 +0000] "GET /whsy.php?e=oom_score&p=%2Fproc%2F29837 HTTP/2.0" 200 947 "https://shaksettle.com/whsy.php?p=%2Fproc%2F29837" "Mozilla/5.0 AppleWebKit/537.36 (KHTML, like Gecko; compatible; GPTBot/1.3; +https://openai.com/gptbot)"
74.7.241.28 - - [13/Apr/2026:14:12:25 +0000] "GET /whsy.php?p=%2Fproc%2F6859 HTTP/2.0" 200 947 "https://www.shaksettle.com.lab2454.com/whsy.php?e=5836&p=%2Fproc" "Mozilla/5.0 AppleWebKit/537.36 (KHTML, like Gecko; compatible; GPTBot/1.3; +https://openai.com/gptbot)"
144.76.32.187 - - [13/Apr/2026:14:12:26 +0000] "GET /whsy.php?p=/proc/18229 HTTP/1.1" 200 947 "-" "Mozilla/5.0 (compatible; SERankingBacklinksBot/1.0; +https://seranking.com/backlinks-crawler)"
74.7.227.16 - - [13/Apr/2026:14:12:26 +0000] "GET /whsy.php?e=oom_score&p=%2Fproc%2F27954 HTTP/2.0" 200 947 "https://shaksettle.com/whsy.php?p=%2Fproc%2F27954" "Mozilla/5.0 AppleWebKit/537.36 (KHTML, like Gecko; compatible; GPTBot/1.3; +https://openai.com/gptbot)"
74.7.241.28 - - [13/Apr/2026:14:12:28 +0000] "GET /whsy.php?p=%2Fproc%2F7346 HTTP/2.0" 200 947 "https://www.shaksettle.com.lab2454.com/whsy.php?e=5836&p=%2Fproc" "Mozilla/5.0 AppleWebKit/537.36 (KHTML, like Gecko; compatible; GPTBot/1.3; +https://openai.com/gptbot)"
74.7.227.16 - - [13/Apr/2026:14:12:30 +0000] "GET /whsy.php?e=oom_score&p=%2Fproc%2F20869 HTTP/2.0" 200 947 "https://shaksettle.com/whsy.php?p=%2Fproc%2F20869" "Mozilla/5.0 AppleWebKit/537.36 (KHTML, like Gecko; compatible; GPTBot/1.3; +https://openai.com/gptbot)"
74.7.241.28 - - [13/Apr/2026:14:12:32 +0000] "GET /whsy.php?p=%2Fproc%2F1525 HTTP/2.0" 200 947 "https://www.shaksettle.com.lab2454.com/whsy.php?p=%2Fproc%2F9303%2F.." "Mozilla/5.0 AppleWebKit/537.36 (KHTML, like Gecko; compatible; GPTBot/1.3; +https://openai.com/gptbot)"
144.76.32.187 - - [13/Apr/2026:14:12:32 +0000] "GET /whsy.php?p=/proc/18230 HTTP/1.1" 200 947 "-" "Mozilla/5.0 (compatible; SERankingBacklinksBot/1.0; +https://seranking.com/backlinks-crawler)"
74.7.227.16 - - [13/Apr/2026:14:12:33 +0000] "GET /whsy.php?e=arch_status&p=%2Fproc%2F31732 HTTP/2.0" 200 947 "https://shaksettle.com/whsy.php?p=%2Fproc%2F31732" "Mozilla/5.0 AppleWebKit/537.36 (KHTML, like Gecko; compatible; GPTBot/1.3; +https://openai.com/gptbot)"
74.7.241.28 - - [13/Apr/2026:14:12:35 +0000] "GET /whsy.php?p=%2Fproc%2F6703 HTTP/2.0" 200 947 "https://www.shaksettle.com.lab2454.com/whsy.php?e=5836&p=%2Fproc" "Mozilla/5.0 AppleWebKit/537.36 (KHTML, like Gecko; compatible; GPTBot/1.3; +https://openai.com/gptbot)"
74.7.227.16 - - [13/Apr/2026:14:12:37 +0000] "GET /whsy.php?e=arch_status&p=%2Fproc%2F21190 HTTP/2.0" 200 947 "https://shaksettle.com/whsy.php?p=%2Fproc%2F21190" "Mozilla/5.0 AppleWebKit/537.36 (KHTML, like Gecko; compatible; GPTBot/1.3; +https://openai.com/gptbot)"
74.7.241.28 - - [13/Apr/2026:14:12:38 +0000] "GET /whsy.php?e=auxv&p=%2Fproc%2F5764 HTTP/2.0" 200 1935 "https://www.shaksettle.com.lab2454.com/whsy.php?p=%2Fproc%2F5764" "Mozilla/5.0 AppleWebKit/537.36 (KHTML, like Gecko; compatible; GPTBot/1.3; +https://openai.com/gptbot)"
144.76.32.187 - - [13/Apr/2026:14:12:39 +0000] "GET /whsy.php?p=/proc/24730 HTTP/1.1" 200 947 "-" "Mozilla/5.0 (compatible; SERankingBacklinksBot/1.0; +https://seranking.com/backlinks-crawler)"
74.7.227.16 - - [13/Apr/2026:14:12:40 +0000] "GET /whsy.php?e=arch_status&p=%2Fproc%2F29519 HTTP/2.0" 200 947 "https://shaksettle.com/whsy.php?p=%2Fproc%2F29519" "Mozilla/5.0 AppleWebKit/537.36 (KHTML, like Gecko; compatible; GPTBot/1.3; +https://openai.com/gptbot)"
74.7.241.28 - - [13/Apr/2026:14:12:41 +0000] "GET /whsy.php?e=stat&p=%2Fproc%2F5764 HTTP/2.0" 200 2110 "https://www.shaksettle.com.lab2454.com/whsy.php?p=%2Fproc%2F5764" "Mozilla/5.0 AppleWebKit/537.36 (KHTML, like Gecko; compatible; GPTBot/1.3; +https://openai.com/gptbot)"
74.7.227.16 - - [13/Apr/2026:14:12:43 +0000] "GET /whsy.php?p=%2Fproc%2F22272%2Ftask HTTP/2.0" 200 947 "https://shaksettle.com/whsy.php?p=%2Fproc%2F22272" "Mozilla/5.0 AppleWebKit/537.36 (KHTML, like Gecko; compatible; GPTBot/1.3; +https://openai.com/gptbot)"
74.7.241.28 - - [13/Apr/2026:14:12:45 +0000] "GET /whsy.php?e=uid_map&p=%2Fproc%2F5764 HTTP/2.0" 200 2020 "https://www.shaksettle.com.lab2454.com/whsy.php?p=%2Fproc%2F5764" "Mozilla/5.0 AppleWebKit/537.36 (KHTML, like Gecko; compatible; GPTBot/1.3; +https://openai.com/gptbot)"
144.76.32.187 - - [13/Apr/2026:14:12:47 +0000] "GET /whsy.php?p=/proc/18231 HTTP/1.1" 200 947 "-" "Mozilla/5.0 (compatible; SERankingBacklinksBot/1.0; +https://seranking.com/backlinks-crawler)"
74.7.227.16 - - [13/Apr/2026:14:12:47 +0000] "GET /whsy.php?e=arch_status&p=%2Fproc%2F26562 HTTP/2.0" 200 947 "https://shaksettle.com/whsy.php?p=%2Fproc%2F26562" "Mozilla/5.0 AppleWebKit/537.36 (KHTML, like Gecko; compatible; GPTBot/1.3; +https://openai.com/gptbot)"
74.7.241.28 - - [13/Apr/2026:14:12:48 +0000] "GET /whsy.php?e=gid_map&p=%2Fproc%2F5764 HTTP/2.0" 200 2023 "https://www.shaksettle.com.lab2454.com/whsy.php?p=%2Fproc%2F5764" "Mozilla/5.0 AppleWebKit/537.36 (KHTML, like Gecko; compatible; GPTBot/1.3; +https://openai.com/gptbot)"
74.7.227.16 - - [13/Apr/2026:14:12:50 +0000] "GET /whsy.php?p=%2Fproc%2F22272%2Fnet HTTP/2.0" 200 947 "https://shaksettle.com/whsy.php?p=%2Fproc%2F22272" "Mozilla/5.0 AppleWebKit/537.36 (KHTML, like Gecko; compatible; GPTBot/1.3; +https://openai.com/gptbot)"
74.7.241.28 - - [13/Apr/2026:14:12:52 +0000] "GET /whsy.php?e=timerslack_ns&p=%2Fproc%2F5764 HTTP/2.0" 200 2006 "https://www.shaksettle.com.lab2454.com/whsy.php?p=%2Fproc%2F5764" "Mozilla/5.0 AppleWebKit/537.36 (KHTML, like Gecko; compatible; GPTBot/1.3; +https://openai.com/gptbot)"
144.76.32.187 - - [13/Apr/2026:14:12:53 +0000] "GET /whsy.php?p=/proc/24731 HTTP/1.1" 200 947 "-" "Mozilla/5.0 (compatible; SERankingBacklinksBot/1.0; +https://seranking.com/backlinks-crawler)"
74.7.227.16 - - [13/Apr/2026:14:12:53 +0000] "GET /whsy.php?p=%2Fproc%2F22272%2Fattr HTTP/2.0" 200 947 "https://shaksettle.com/whsy.php?p=%2Fproc%2F22272" "Mozilla/5.0 AppleWebKit/537.36 (KHTML, like Gecko; compatible; GPTBot/1.3; +https://openai.com/gptbot)"
74.7.241.28 - - [13/Apr/2026:14:12:55 +0000] "GET /whsy.php?e=oom_adj&p=%2Fproc%2F5764 HTTP/2.0" 200 2005 "https://www.shaksettle.com.lab2454.com/whsy.php?p=%2Fproc%2F5764" "Mozilla/5.0 AppleWebKit/537.36 (KHTML, like Gecko; compatible; GPTBot/1.3; +https://openai.com/gptbot)"
74.7.227.16 - - [13/Apr/2026:14:12:57 +0000] "GET /whsy.php?e=oom_score&p=%2Fproc%2F21190 HTTP/2.0" 200 947 "https://shaksettle.com/whsy.php?p=%2Fproc%2F21190" "Mozilla/5.0 AppleWebKit/537.36 (KHTML, like Gecko; compatible; GPTBot/1.3; +https://openai.com/gptbot)"
74.7.241.28 - - [13/Apr/2026:14:12:58 +0000] "GET /whsy.php?e=maps&p=%2Fproc%2F5764 HTTP/2.0" 200 2002 "https://www.shaksettle.com.lab2454.com/whsy.php?p=%2Fproc%2F5764" "Mozilla/5.0 AppleWebKit/537.36 (KHTML, like Gecko; compatible; GPTBot/1.3; +https://openai.com/gptbot)"
74.7.227.16 - - [13/Apr/2026:14:13:00 +0000] "GET /whsy.php?e=oom_score&p=%2Fproc%2F31732 HTTP/2.0" 200 947 "https://shaksettle.com/whsy.php?p=%2Fproc%2F31732" "Mozilla/5.0 AppleWebKit/537.36 (KHTML, like Gecko; compatible; GPTBot/1.3; +https://openai.com/gptbot)"
74.7.241.28 - - [13/Apr/2026:14:13:02 +0000] "GET /whsy.php?e=oom_score_adj&p=%2Fproc%2F5764 HTTP/2.0" 200 2006 "https://www.shaksettle.com.lab2454.com/whsy.php?p=%2Fproc%2F5764" "Mozilla/5.0 AppleWebKit/537.36 (KHTML, like Gecko; compatible; GPTBot/1.3; +https://openai.com/gptbot)"
144.76.32.187 - - [13/Apr/2026:14:13:03 +0000] "GET /whsy.php?p=/proc/18233 HTTP/1.1" 200 947 "-" "Mozilla/5.0 (compatible; SERankingBacklinksBot/1.0; +https://seranking.com/backlinks-crawler)"
74.7.227.16 - - [13/Apr/2026:14:13:03 +0000] "GET /whsy.php?e=oom_score&p=%2Fproc%2F29519 HTTP/2.0" 200 947 "https://shaksettle.com/whsy.php?p=%2Fproc%2F29519" "Mozilla/5.0 AppleWebKit/537.36 (KHTML, like Gecko; compatible; GPTBot/1.3; +https://openai.com/gptbot)"
74.7.241.28 - - [13/Apr/2026:14:13:05 +0000] "GET /whsy.php?e=limits&p=%2Fproc%2F5764 HTTP/2.0" 200 2274 "https://www.shaksettle.com.lab2454.com/whsy.php?p=%2Fproc%2F5764" "Mozilla/5.0 AppleWebKit/537.36 (KHTML, like Gecko; compatible; GPTBot/1.3; +https://openai.com/gptbot)"
74.7.227.16 - - [13/Apr/2026:14:13:07 +0000] "GET /whsy.php?p=%2Fproc%2F29519%2Ffdinfo HTTP/2.0" 200 947 "https://shaksettle.com/whsy.php?p=%2Fproc%2F29519" "Mozilla/5.0 AppleWebKit/537.36 (KHTML, like Gecko; compatible; GPTBot/1.3; +https://openai.com/gptbot)"
74.7.241.28 - - [13/Apr/2026:14:13:08 +0000] "GET /whsy.php?e=mounts&p=%2Fproc%2F5764 HTTP/2.0" 200 2676 "https://www.shaksettle.com.lab2454.com/whsy.php?p=%2Fproc%2F5764" "Mozilla/5.0 AppleWebKit/537.36 (KHTML, like Gecko; compatible; GPTBot/1.3; +https://openai.com/gptbot)"
144.76.32.187 - - [13/Apr/2026:14:13:10 +0000] "GET /whsy.php?p=/proc/24740 HTTP/1.1" 200 947 "-" "Mozilla/5.0 (compatible; SERankingBacklinksBot/1.0; +https://seranking.com/backlinks-crawler)"
74.7.227.16 - - [13/Apr/2026:14:13:10 +0000] "GET /whsy.php?p=%2Fproc%2F31732%2Ffdinfo HTTP/2.0" 200 947 "https://shaksettle.com/whsy.php?p=%2Fproc%2F31732" "Mozilla/5.0 AppleWebKit/537.36 (KHTML, like Gecko; compatible; GPTBot/1.3; +https://openai.com/gptbot)"
74.7.241.28 - - [13/Apr/2026:14:13:12 +0000] "GET /whsy.php?e=coredump_filter&p=%2Fproc%2F5764 HTTP/2.0" 200 2001 "https://www.shaksettle.com.lab2454.com/whsy.php?p=%2Fproc%2F5764" "Mozilla/5.0 AppleWebKit/537.36 (KHTML, like Gecko; compatible; GPTBot/1.3; +https://openai.com/gptbot)"
74.7.227.16 - - [13/Apr/2026:14:13:13 +0000] "GET /whsy.php?p=%2Fproc%2F21190%2Ffdinfo HTTP/2.0" 200 947 "https://shaksettle.com/whsy.php?p=%2Fproc%2F21190" "Mozilla/5.0 AppleWebKit/537.36 (KHTML, like Gecko; compatible; GPTBot/1.3; +https://openai.com/gptbot)"
74.7.241.28 - - [13/Apr/2026:14:13:15 +0000] "GET /whsy.php?e=timers&p=%2Fproc%2F5764 HTTP/2.0" 200 2003 "https://www.shaksettle.com.lab2454.com/whsy.php?p=%2Fproc%2F5764" "Mozilla/5.0 AppleWebKit/537.36 (KHTML, like Gecko; compatible; GPTBot/1.3; +https://openai.com/gptbot)"
74.7.227.16 - - [13/Apr/2026:14:13:17 +0000] "GET /whsy.php?p=%2Fproc%2F22180%2Ffdinfo HTTP/2.0" 200 947 "https://shaksettle.com/whsy.php?p=%2Fproc%2F22180" "Mozilla/5.0 AppleWebKit/537.36 (KHTML, like Gecko; compatible; GPTBot/1.3; +https://openai.com/gptbot)"
74.7.241.28 - - [13/Apr/2026:14:13:18 +0000] "GET /whsy.php?e=status&p=%2Fproc%2F5764 HTTP/2.0" 200 2367 "https://www.shaksettle.com.lab2454.com/whsy.php?p=%2Fproc%2F5764" "Mozilla/5.0 AppleWebKit/537.36 (KHTML, like Gecko; compatible; GPTBot/1.3; +https://openai.com/gptbot)"
144.76.32.187 - - [13/Apr/2026:14:13:19 +0000] "GET /whsy.php?p=/proc/18235 HTTP/1.1" 200 947 "-" "Mozilla/5.0 (compatible; SERankingBacklinksBot/1.0; +https://seranking.com/backlinks-crawler)"
74.7.227.16 - - [13/Apr/2026:14:13:20 +0000] "GET /whsy.php?p=%2Fproc%2F28247%2Ffdinfo HTTP/2.0" 200 947 "https://shaksettle.com/whsy.php?p=%2Fproc%2F28247" "Mozilla/5.0 AppleWebKit/537.36 (KHTML, like Gecko; compatible; GPTBot/1.3; +https://openai.com/gptbot)"
74.7.241.28 - - [13/Apr/2026:14:13:22 +0000] "GET /whsy.php?e=ksm_stat&p=%2Fproc%2F5764 HTTP/2.0" 200 1935 "https://www.shaksettle.com.lab2454.com/whsy.php?p=%2Fproc%2F5764" "Mozilla/5.0 AppleWebKit/537.36 (KHTML, like Gecko; compatible; GPTBot/1.3; +https://openai.com/gptbot)"
74.7.227.16 - - [13/Apr/2026:14:13:23 +0000] "GET /whsy.php?p=%2Fproc%2F26562%2Ffdinfo HTTP/2.0" 200 947 "https://shaksettle.com/whsy.php?p=%2Fproc%2F26562" "Mozilla/5.0 AppleWebKit/537.36 (KHTML, like Gecko; compatible; GPTBot/1.3; +https://openai.com/gptbot)"
74.7.241.28 - - [13/Apr/2026:14:13:25 +0000] "GET /whsy.php?p=%2Fproc%2F5764%2Ftask HTTP/2.0" 200 489 "https://www.shaksettle.com.lab2454.com/whsy.php?p=%2Fproc%2F5764" "Mozilla/5.0 AppleWebKit/537.36 (KHTML, like Gecko; compatible; GPTBot/1.3; +https://openai.com/gptbot)"
144.76.32.187 - - [13/Apr/2026:14:13:26 +0000] "GET /whsy.php?p=/proc/24742 HTTP/1.1" 200 947 "-" "Mozilla/5.0 (compatible; SERankingBacklinksBot/1.0; +https://seranking.com/backlinks-crawler)"
74.7.227.16 - - [13/Apr/2026:14:13:27 +0000] "GET /whsy.php?p=%2Fproc%2F22272%2Fmap_files HTTP/2.0" 200 947 "https://shaksettle.com/whsy.php?p=%2Fproc%2F22272" "Mozilla/5.0 AppleWebKit/537.36 (KHTML, like Gecko; compatible; GPTBot/1.3; +https://openai.com/gptbot)"
74.7.241.28 - - [13/Apr/2026:14:13:29 +0000] "GET /whsy.php?p=%2Fproc%2F5764%2Fattr HTTP/2.0" 200 799 "https://www.shaksettle.com.lab2454.com/whsy.php?p=%2Fproc%2F5764" "Mozilla/5.0 AppleWebKit/537.36 (KHTML, like Gecko; compatible; GPTBot/1.3; +https://openai.com/gptbot)"
74.7.241.28 - - [13/Apr/2026:14:13:33 +0000] "GET /whsy.php?e=cpuset&p=%2Fproc%2F5764 HTTP/2.0" 200 2004 "https://www.shaksettle.com.lab2454.com/whsy.php?p=%2Fproc%2F5764" "Mozilla/5.0 AppleWebKit/537.36 (KHTML, like Gecko; compatible; GPTBot/1.3; +https://openai.com/gptbot)"
74.7.227.16 - - [13/Apr/2026:14:13:31 +0000] "GET /whsy.php?p=%2Fproc%2F29519%2Ffd HTTP/2.0" 200 947 "https://shaksettle.com/whsy.php?p=%2Fproc%2F29519" "Mozilla/5.0 AppleWebKit/537.36 (KHTML, like Gecko; compatible; GPTBot/1.3; +https://openai.com/gptbot)"
74.7.227.16 - - [13/Apr/2026:14:13:35 +0000] "GET /whsy.php?p=%2Fproc%2F22180%2Fns HTTP/2.0" 200 947 "https://shaksettle.com/whsy.php?p=%2Fproc%2F22180" "Mozilla/5.0 AppleWebKit/537.36 (KHTML, like Gecko; compatible; GPTBot/1.3; +https://openai.com/gptbot)"
74.7.241.28 - - [13/Apr/2026:14:13:37 +0000] "GET /whsy.php?e=cgroup&p=%2Fproc%2F5764 HTTP/2.0" 200 2115 "https://www.shaksettle.com.lab2454.com/whsy.php?p=%2Fproc%2F5764" "Mozilla/5.0 AppleWebKit/537.36 (KHTML, like Gecko; compatible; GPTBot/1.3; +https://openai.com/gptbot)"
144.76.32.187 - - [13/Apr/2026:14:13:37 +0000] "GET /whsy.php?p=/proc/18236 HTTP/1.1" 200 947 "-" "Mozilla/5.0 (compatible; SERankingBacklinksBot/1.0; +https://seranking.com/backlinks-crawler)"
74.7.227.16 - - [13/Apr/2026:14:13:39 +0000] "GET /whsy.php?p=%2Fproc%2F26562%2Fns HTTP/2.0" 200 947 "https://shaksettle.com/whsy.php?p=%2Fproc%2F26562" "Mozilla/5.0 AppleWebKit/537.36 (KHTML, like Gecko; compatible; GPTBot/1.3; +https://openai.com/gptbot)"
74.7.241.28 - - [13/Apr/2026:14:13:40 +0000] "GET /whsy.php?e=numa_maps&p=%2Fproc%2F5764 HTTP/2.0" 200 2007 "https://www.shaksettle.com.lab2454.com/whsy.php?p=%2Fproc%2F5764" "Mozilla/5.0 AppleWebKit/537.36 (KHTML, like Gecko; compatible; GPTBot/1.3; +https://openai.com/gptbot)"
74.7.227.16 - - [13/Apr/2026:14:13:42 +0000] "GET /whsy.php?p=%2Fproc%2F21190%2Ffd HTTP/2.0" 200 947 "https://shaksettle.com/whsy.php?p=%2Fproc%2F21190" "Mozilla/5.0 AppleWebKit/537.36 (KHTML, like Gecko; compatible; GPTBot/1.3; +https://openai.com/gptbot)"
74.7.241.28 - - [13/Apr/2026:14:13:44 +0000] "GET /whsy.php?e=oom_score&p=%2Fproc%2F5764 HTTP/2.0" 200 2003 "https://www.shaksettle.com.lab2454.com/whsy.php?p=%2Fproc%2F5764" "Mozilla/5.0 AppleWebKit/537.36 (KHTML, like Gecko; compatible; GPTBot/1.3; +https://openai.com/gptbot)"
144.76.32.187 - - [13/Apr/2026:14:13:44 +0000] "GET /whsy.php?p=/proc/2/net/rpc/.. HTTP/1.1" 200 2437 "-" "Mozilla/5.0 (compatible; SERankingBacklinksBot/1.0; +https://seranking.com/backlinks-crawler)"
74.7.227.16 - - [13/Apr/2026:14:13:45 +0000] "GET /whsy.php?p=%2Fproc%2F27954%2Fns HTTP/2.0" 200 947 "https://shaksettle.com/whsy.php?p=%2Fproc%2F27954" "Mozilla/5.0 AppleWebKit/537.36 (KHTML, like Gecko; compatible; GPTBot/1.3; +https://openai.com/gptbot)"
74.7.241.28 - - [13/Apr/2026:14:13:47 +0000] "GET /whsy.php?e=timens_offsets&p=%2Fproc%2F5764 HTTP/2.0" 200 2022 "https://www.shaksettle.com.lab2454.com/whsy.php?p=%2Fproc%2F5764" "Mozilla/5.0 AppleWebKit/537.36 (KHTML, like Gecko; compatible; GPTBot/1.3; +https://openai.com/gptbot)"
74.7.227.16 - - [13/Apr/2026:14:13:49 +0000] "GET /whsy.php?p=%2Fproc%2F28247%2Ffd HTTP/2.0" 200 947 "https://shaksettle.com/whsy.php?p=%2Fproc%2F28247" "Mozilla/5.0 AppleWebKit/537.36 (KHTML, like Gecko; compatible; GPTBot/1.3; +https://openai.com/gptbot)"
74.7.241.28 - - [13/Apr/2026:14:13:51 +0000] "GET /whsy.php?e=wchan&p=%2Fproc%2F5764 HTTP/2.0" 200 2003 "https://www.shaksettle.com.lab2454.com/whsy.php?p=%2Fproc%2F5764" "Mozilla/5.0 AppleWebKit/537.36 (KHTML, like Gecko; compatible; GPTBot/1.3; +https://openai.com/gptbot)"
144.76.32.187 - - [13/Apr/2026:14:13:51 +0000] "GET /whsy.php?p=/proc/24743 HTTP/1.1" 200 947 "-" "Mozilla/5.0 (compatible; SERankingBacklinksBot/1.0; +https://seranking.com/backlinks-crawler)"
74.7.227.16 - - [13/Apr/2026:14:13:53 +0000] "GET /whsy.php?p=%2Fproc%2F27954%2Ffd HTTP/2.0" 200 947 "https://shaksettle.com/whsy.php?p=%2Fproc%2F27954" "Mozilla/5.0 AppleWebKit/537.36 (KHTML, like Gecko; compatible; GPTBot/1.3; +https://openai.com/gptbot)"
74.7.241.28 - - [13/Apr/2026:14:13:54 +0000] "GET /whsy.php?e=stack&p=%2Fproc%2F5764 HTTP/2.0" 200 1935 "https://www.shaksettle.com.lab2454.com/whsy.php?p=%2Fproc%2F5764" "Mozilla/5.0 AppleWebKit/537.36 (KHTML, like Gecko; compatible; GPTBot/1.3; +https://openai.com/gptbot)"
74.7.227.16 - - [13/Apr/2026:14:13:56 +0000] "GET /whsy.php?p=%2Fproc%2F29837%2Fns HTTP/2.0" 200 947 "https://shaksettle.com/whsy.php?p=%2Fproc%2F29837" "Mozilla/5.0 AppleWebKit/537.36 (KHTML, like Gecko; compatible; GPTBot/1.3; +https://openai.com/gptbot)"
74.7.241.28 - - [13/Apr/2026:14:13:58 +0000] "GET /whsy.php?e=statm&p=%2Fproc%2F5764 HTTP/2.0" 200 2006 "https://www.shaksettle.com.lab2454.com/whsy.php?p=%2Fproc%2F5764" "Mozilla/5.0 AppleWebKit/537.36 (KHTML, like Gecko; compatible; GPTBot/1.3; +https://openai.com/gptbot)"
144.76.32.187 - - [13/Apr/2026:14:13:59 +0000] "GET /whsy.php?p=/proc/18237 HTTP/1.1" 200 947 "-" "Mozilla/5.0 (compatible; SERankingBacklinksBot/1.0; +https://seranking.com/backlinks-crawler)"
74.7.227.16 - - [13/Apr/2026:14:14:00 +0000] "GET /whsy.php?p=%2Fproc%2F20869%2Ffd HTTP/2.0" 200 947 "https://shaksettle.com/whsy.php?p=%2Fproc%2F20869" "Mozilla/5.0 AppleWebKit/537.36 (KHTML, like Gecko; compatible; GPTBot/1.3; +https://openai.com/gptbot)"
74.7.241.28 - - [13/Apr/2026:14:14:01 +0000] "GET /whsy.php?e=loginuid&p=%2Fproc%2F5764 HTTP/2.0" 200 2012 "https://www.shaksettle.com.lab2454.com/whsy.php?p=%2Fproc%2F5764" "Mozilla/5.0 AppleWebKit/537.36 (KHTML, like Gecko; compatible; GPTBot/1.3; +https://openai.com/gptbot)"
74.7.227.16 - - [13/Apr/2026:14:14:03 +0000] "GET /whsy.php?p=%2Fproc%2F29837%2Ffd HTTP/2.0" 200 947 "https://shaksettle.com/whsy.php?p=%2Fproc%2F29837" "Mozilla/5.0 AppleWebKit/537.36 (KHTML, like Gecko; compatible; GPTBot/1.3; +https://openai.com/gptbot)"
74.7.241.28 - - [13/Apr/2026:14:14:05 +0000] "GET /whsy.php?e=root&p=%2Fproc%2F5764 HTTP/2.0" 200 1935 "https://www.shaksettle.com.lab2454.com/whsy.php?p=%2Fproc%2F5764" "Mozilla/5.0 AppleWebKit/537.36 (KHTML, like Gecko; compatible; GPTBot/1.3; +https://openai.com/gptbot)"
74.7.227.16 - - [13/Apr/2026:14:14:06 +0000] "GET /whsy.php?p=%2Fproc%2F22180%2Ffd HTTP/2.0" 200 947 "https://shaksettle.com/whsy.php?p=%2Fproc%2F22180" "Mozilla/5.0 AppleWebKit/537.36 (KHTML, like Gecko; compatible; GPTBot/1.3; +https://openai.com/gptbot)"
74.7.241.28 - - [13/Apr/2026:14:14:08 +0000] "GET /whsy.php?e=comm&p=%2Fproc%2F5764 HTTP/2.0" 200 2017 "https://www.shaksettle.com.lab2454.com/whsy.php?p=%2Fproc%2F5764" "Mozilla/5.0 AppleWebKit/537.36 (KHTML, like Gecko; compatible; GPTBot/1.3; +https://openai.com/gptbot)"
144.76.32.187 - - [13/Apr/2026:14:14:09 +0000] "GET /whsy.php?p=/proc/24750 HTTP/1.1" 200 947 "-" "Mozilla/5.0 (compatible; SERankingBacklinksBot/1.0; +https://seranking.com/backlinks-crawler)"
74.7.227.16 - - [13/Apr/2026:14:14:10 +0000] "GET /whsy.php?p=%2Fproc%2F28247%2Fns HTTP/2.0" 200 947 "https://shaksettle.com/whsy.php?p=%2Fproc%2F28247" "Mozilla/5.0 AppleWebKit/537.36 (KHTML, like Gecko; compatible; GPTBot/1.3; +https://openai.com/gptbot)"
74.7.241.28 - - [13/Apr/2026:14:14:11 +0000] "GET /whsy.php?e=io&p=%2Fproc%2F5764 HTTP/2.0" 200 1935 "https://www.shaksettle.com.lab2454.com/whsy.php?p=%2Fproc%2F5764" "Mozilla/5.0 AppleWebKit/537.36 (KHTML, like Gecko; compatible; GPTBot/1.3; +https://openai.com/gptbot)"
74.7.227.16 - - [13/Apr/2026:14:14:13 +0000] "GET /whsy.php?p=%2Fproc%2F31732%2Ffd HTTP/2.0" 200 947 "https://shaksettle.com/whsy.php?p=%2Fproc%2F31732" "Mozilla/5.0 AppleWebKit/537.36 (KHTML, like Gecko; compatible; GPTBot/1.3; +https://openai.com/gptbot)"
144.76.32.187 - - [13/Apr/2026:14:14:15 +0000] "GET /whsy.php?p=/proc/18238 HTTP/1.1" 200 947 "-" "Mozilla/5.0 (compatible; SERankingBacklinksBot/1.0; +https://seranking.com/backlinks-crawler)"
74.7.227.16 - - [13/Apr/2026:14:14:16 +0000] "GET /whsy.php?p=%2Fproc%2F26562%2Ffd HTTP/2.0" 200 947 "https://shaksettle.com/whsy.php?p=%2Fproc%2F26562" "Mozilla/5.0 AppleWebKit/537.36 (KHTML, like Gecko; compatible; GPTBot/1.3; +https://openai.com/gptbot)"
74.7.227.16 - - [13/Apr/2026:14:14:20 +0000] "GET /whsy.php?p=%2Fproc%2F31732%2Fns HTTP/2.0" 200 947 "https://shaksettle.com/whsy.php?p=%2Fproc%2F31732" "Mozilla/5.0 AppleWebKit/537.36 (KHTML, like Gecko; compatible; GPTBot/1.3; +https://openai.com/gptbot)"
74.7.227.16 - - [13/Apr/2026:14:14:23 +0000] "GET /whsy.php?p=%2Fproc%2F29519%2Fns HTTP/2.0" 200 947 "https://shaksettle.com/whsy.php?p=%2Fproc%2F29519" "Mozilla/5.0 AppleWebKit/537.36 (KHTML, like Gecko; compatible; GPTBot/1.3; +https://openai.com/gptbot)"
144.76.32.187 - - [13/Apr/2026:14:14:25 +0000] "GET /whsy.php?p=/proc/24762 HTTP/1.1" 200 947 "-" "Mozilla/5.0 (compatible; SERankingBacklinksBot/1.0; +https://seranking.com/backlinks-crawler)"
74.7.227.16 - - [13/Apr/2026:14:14:27 +0000] "GET /whsy.php?p=%2Fproc%2F20869%2Fns HTTP/2.0" 200 947 "https://shaksettle.com/whsy.php?p=%2Fproc%2F20869" "Mozilla/5.0 AppleWebKit/537.36 (KHTML, like Gecko; compatible; GPTBot/1.3; +https://openai.com/gptbot)"
74.7.227.16 - - [13/Apr/2026:14:14:31 +0000] "GET /whsy.php?p=%2Fproc%2F21190%2Fns HTTP/2.0" 200 947 "https://shaksettle.com/whsy.php?p=%2Fproc%2F21190" "Mozilla/5.0 AppleWebKit/537.36 (KHTML, like Gecko; compatible; GPTBot/1.3; +https://openai.com/gptbot)"
144.76.32.187 - - [13/Apr/2026:14:14:33 +0000] "GET /whsy.php?p=/proc/18240 HTTP/1.1" 200 947 "-" "Mozilla/5.0 (compatible; SERankingBacklinksBot/1.0; +https://seranking.com/backlinks-crawler)"
74.7.227.16 - - [13/Apr/2026:14:14:34 +0000] "GET /whsy.php?p=%2Fproc%2F29837%2Ffdinfo HTTP/2.0" 200 947 "https://shaksettle.com/whsy.php?p=%2Fproc%2F29837" "Mozilla/5.0 AppleWebKit/537.36 (KHTML, like Gecko; compatible; GPTBot/1.3; +https://openai.com/gptbot)"
74.7.227.16 - - [13/Apr/2026:14:14:39 +0000] "GET /whsy.php?p=%2Fproc%2F20869%2Ffdinfo HTTP/2.0" 200 947 "https://shaksettle.com/whsy.php?p=%2Fproc%2F20869" "Mozilla/5.0 AppleWebKit/537.36 (KHTML, like Gecko; compatible; GPTBot/1.3; +https://openai.com/gptbot)"
144.76.32.187 - - [13/Apr/2026:14:14:39 +0000] "GET /whsy.php?p=/proc/18242 HTTP/1.1" 200 947 "-" "Mozilla/5.0 (compatible; SERankingBacklinksBot/1.0; +https://seranking.com/backlinks-crawler)"
74.7.227.16 - - [13/Apr/2026:14:14:43 +0000] "GET /whsy.php?p=%2Fproc%2F27954%2Ffdinfo HTTP/2.0" 200 947 "https://shaksettle.com/whsy.php?p=%2Fproc%2F27954" "Mozilla/5.0 AppleWebKit/537.36 (KHTML, like Gecko; compatible; GPTBot/1.3; +https://openai.com/gptbot)"
74.7.241.28 - - [13/Apr/2026:14:14:15 +0000] "GET /whsy.php?p=%2Fproc%2F5764%2Ffdinfo HTTP/2.0" 200 772651 "https://www.shaksettle.com.lab2454.com/whsy.php?p=%2Fproc%2F5764" "Mozilla/5.0 AppleWebKit/537.36 (KHTML, like Gecko; compatible; GPTBot/1.3; +https://openai.com/gptbot)"
74.7.227.16 - - [13/Apr/2026:14:14:47 +0000] "GET /whsy.php?p=%2Fproc%2F31732%2Fmap_files HTTP/2.0" 200 947 "https://shaksettle.com/whsy.php?p=%2Fproc%2F31732" "Mozilla/5.0 AppleWebKit/537.36 (KHTML, like Gecko; compatible; GPTBot/1.3; +https://openai.com/gptbot)"
74.7.241.28 - - [13/Apr/2026:14:14:48 +0000] "GET /whsy.php?e=cwd&p=%2Fproc%2F5764 HTTP/2.0" 200 1935 "https://www.shaksettle.com.lab2454.com/whsy.php?p=%2Fproc%2F5764" "Mozilla/5.0 AppleWebKit/537.36 (KHTML, like Gecko; compatible; GPTBot/1.3; +https://openai.com/gptbot)"
74.7.227.16 - - [13/Apr/2026:14:14:50 +0000] "GET /whsy.php?p=%2Fproc%2F21190%2Fmap_files HTTP/2.0" 200 947 "https://shaksettle.com/whsy.php?p=%2Fproc%2F21190" "Mozilla/5.0 AppleWebKit/537.36 (KHTML, like Gecko; compatible; GPTBot/1.3; +https://openai.com/gptbot)"
74.7.241.28 - - [13/Apr/2026:14:14:52 +0000] "GET /whsy.php?e=exe&p=%2Fproc%2F5764 HTTP/2.0" 200 1935 "https://www.shaksettle.com.lab2454.com/whsy.php?p=%2Fproc%2F5764" "Mozilla/5.0 AppleWebKit/537.36 (KHTML, like Gecko; compatible; GPTBot/1.3; +https://openai.com/gptbot)"
74.7.227.16 - - [13/Apr/2026:14:14:53 +0000] "GET /whsy.php?p=%2Fproc%2F29519%2Fmap_files HTTP/2.0" 200 947 "https://shaksettle.com/whsy.php?p=%2Fproc%2F29519" "Mozilla/5.0 AppleWebKit/537.36 (KHTML, like Gecko; compatible; GPTBot/1.3; +https://openai.com/gptbot)"
74.7.241.28 - - [13/Apr/2026:14:14:55 +0000] "GET /whsy.php?e=mem&p=%2Fproc%2F5764 HTTP/2.0" 200 1935 "https://www.shaksettle.com.lab2454.com/whsy.php?p=%2Fproc%2F5764" "Mozilla/5.0 AppleWebKit/537.36 (KHTML, like Gecko; compatible; GPTBot/1.3; +https://openai.com/gptbot)"
144.76.32.187 - - [13/Apr/2026:14:14:56 +0000] "GET /whsy.php?p=/proc/18244 HTTP/1.1" 200 947 "-" "Mozilla/5.0 (compatible; SERankingBacklinksBot/1.0; +https://seranking.com/backlinks-crawler)"
74.7.227.16 - - [13/Apr/2026:14:14:57 +0000] "GET /whsy.php?p=%2Fproc%2F22180%2Fmap_files HTTP/2.0" 200 947 "https://shaksettle.com/whsy.php?p=%2Fproc%2F22180" "Mozilla/5.0 AppleWebKit/537.36 (KHTML, like Gecko; compatible; GPTBot/1.3; +https://openai.com/gptbot)"
74.7.241.28 - - [13/Apr/2026:14:14:58 +0000] "GET /whsy.php?e=mountinfo&p=%2Fproc%2F5764 HTTP/2.0" 200 2987 "https://www.shaksettle.com.lab2454.com/whsy.php?p=%2Fproc%2F5764" "Mozilla/5.0 AppleWebKit/537.36 (KHTML, like Gecko; compatible; GPTBot/1.3; +https://openai.com/gptbot)"
74.7.227.16 - - [13/Apr/2026:14:15:00 +0000] "GET /whsy.php?p=%2Fproc%2F28247%2Fmap_files HTTP/2.0" 200 947 "https://shaksettle.com/whsy.php?p=%2Fproc%2F28247" "Mozilla/5.0 AppleWebKit/537.36 (KHTML, like Gecko; compatible; GPTBot/1.3; +https://openai.com/gptbot)"
74.7.241.28 - - [13/Apr/2026:14:15:02 +0000] "GET /whsy.php?e=personality&p=%2Fproc%2F5764 HTTP/2.0" 200 1935 "https://www.shaksettle.com.lab2454.com/whsy.php?p=%2Fproc%2F5764" "Mozilla/5.0 AppleWebKit/537.36 (KHTML, like Gecko; compatible; GPTBot/1.3; +https://openai.com/gptbot)"
74.7.227.16 - - [13/Apr/2026:14:15:04 +0000] "GET /whsy.php?e=projid_map&p=%2Fproc%2F27954 HTTP/2.0" 200 947 "https://shaksettle.com/whsy.php?p=%2Fproc%2F27954" "Mozilla/5.0 AppleWebKit/537.36 (KHTML, like Gecko; compatible; GPTBot/1.3; +https://openai.com/gptbot)"
74.7.241.28 - - [13/Apr/2026:14:15:05 +0000] "GET /whsy.php?e=mountstats&p=%2Fproc%2F5764 HTTP/2.0" 200 1935 "https://www.shaksettle.com.lab2454.com/whsy.php?p=%2Fproc%2F5764" "Mozilla/5.0 AppleWebKit/537.36 (KHTML, like Gecko; compatible; GPTBot/1.3; +https://openai.com/gptbot)"
144.76.32.187 - - [13/Apr/2026:14:15:07 +0000] "GET /whsy.php?p=/proc/18245 HTTP/1.1" 200 947 "-" "Mozilla/5.0 (compatible; SERankingBacklinksBot/1.0; +https://seranking.com/backlinks-crawler)"
74.7.227.16 - - [13/Apr/2026:14:15:07 +0000] "GET /whsy.php?e=projid_map&p=%2Fproc%2F29837 HTTP/2.0" 200 947 "https://shaksettle.com/whsy.php?p=%2Fproc%2F29837" "Mozilla/5.0 AppleWebKit/537.36 (KHTML, like Gecko; compatible; GPTBot/1.3; +https://openai.com/gptbot)"
74.7.241.28 - - [13/Apr/2026:14:15:09 +0000] "GET /whsy.php?e=smaps_rollup&p=%2Fproc%2F5764 HTTP/2.0" 200 2007 "https://www.shaksettle.com.lab2454.com/whsy.php?p=%2Fproc%2F5764" "Mozilla/5.0 AppleWebKit/537.36 (KHTML, like Gecko; compatible; GPTBot/1.3; +https://openai.com/gptbot)"
74.7.227.16 - - [13/Apr/2026:14:15:11 +0000] "GET /whsy.php?e=projid_map&p=%2Fproc%2F20869 HTTP/2.0" 200 947 "https://shaksettle.com/whsy.php?p=%2Fproc%2F20869" "Mozilla/5.0 AppleWebKit/537.36 (KHTML, like Gecko; compatible; GPTBot/1.3; +https://openai.com/gptbot)"
144.76.32.187 - - [13/Apr/2026:14:15:13 +0000] "GET /whsy.php?p=/proc/24772 HTTP/1.1" 200 947 "-" "Mozilla/5.0 (compatible; SERankingBacklinksBot/1.0; +https://seranking.com/backlinks-crawler)"
74.7.227.16 - - [13/Apr/2026:14:15:14 +0000] "GET /whsy.php?p=%2Fproc%2F26562%2Fmap_files HTTP/2.0" 200 947 "https://shaksettle.com/whsy.php?p=%2Fproc%2F26562" "Mozilla/5.0 AppleWebKit/537.36 (KHTML, like Gecko; compatible; GPTBot/1.3; +https://openai.com/gptbot)"
74.7.227.16 - - [13/Apr/2026:14:15:17 +0000] "GET /whsy.php?p=%2Fproc%2F22272%2Ffdinfo HTTP/2.0" 200 947 "https://shaksettle.com/whsy.php?p=%2Fproc%2F22272" "Mozilla/5.0 AppleWebKit/537.36 (KHTML, like Gecko; compatible; GPTBot/1.3; +https://openai.com/gptbot)"
144.76.32.187 - - [13/Apr/2026:14:15:19 +0000] "GET /whsy.php?p=/proc/24773 HTTP/1.1" 200 947 "-" "Mozilla/5.0 (compatible; SERankingBacklinksBot/1.0; +https://seranking.com/backlinks-crawler)"
74.7.227.16 - - [13/Apr/2026:14:15:21 +0000] "GET /whsy.php?e=projid_map&p=%2Fproc%2F26562 HTTP/2.0" 200 947 "https://shaksettle.com/whsy.php?p=%2Fproc%2F26562" "Mozilla/5.0 AppleWebKit/537.36 (KHTML, like Gecko; compatible; GPTBot/1.3; +https://openai.com/gptbot)"
74.7.227.16 - - [13/Apr/2026:14:15:24 +0000] "GET /whsy.php?e=projid_map&p=%2Fproc%2F28247 HTTP/2.0" 200 947 "https://shaksettle.com/whsy.php?p=%2Fproc%2F28247" "Mozilla/5.0 AppleWebKit/537.36 (KHTML, like Gecko; compatible; GPTBot/1.3; +https://openai.com/gptbot)"
74.7.227.16 - - [13/Apr/2026:14:15:27 +0000] "GET /whsy.php?e=projid_map&p=%2Fproc%2F21190 HTTP/2.0" 200 947 "https://shaksettle.com/whsy.php?p=%2Fproc%2F21190" "Mozilla/5.0 AppleWebKit/537.36 (KHTML, like Gecko; compatible; GPTBot/1.3; +https://openai.com/gptbot)"
144.76.32.187 - - [13/Apr/2026:14:15:28 +0000] "GET /whsy.php?e=auxv&p=/proc/25801 HTTP/1.1" 200 947 "-" "Mozilla/5.0 (compatible; SERankingBacklinksBot/1.0; +https://seranking.com/backlinks-crawler)"
74.7.227.16 - - [13/Apr/2026:14:15:31 +0000] "GET /whsy.php?e=projid_map&p=%2Fproc%2F29519 HTTP/2.0" 200 947 "https://shaksettle.com/whsy.php?p=%2Fproc%2F29519" "Mozilla/5.0 AppleWebKit/537.36 (KHTML, like Gecko; compatible; GPTBot/1.3; +https://openai.com/gptbot)"
74.7.227.16 - - [13/Apr/2026:14:15:34 +0000] "GET /whsy.php?e=projid_map&p=%2Fproc%2F31732 HTTP/2.0" 200 947 "https://shaksettle.com/whsy.php?p=%2Fproc%2F31732" "Mozilla/5.0 AppleWebKit/537.36 (KHTML, like Gecko; compatible; GPTBot/1.3; +https://openai.com/gptbot)"
144.76.32.187 - - [13/Apr/2026:14:15:36 +0000] "GET /whsy.php?p=/proc/18282 HTTP/1.1" 200 947 "-" "Mozilla/5.0 (compatible; SERankingBacklinksBot/1.0; +https://seranking.com/backlinks-crawler)"
74.7.227.16 - - [13/Apr/2026:14:15:38 +0000] "GET /whsy.php?e=projid_map&p=%2Fproc%2F22180 HTTP/2.0" 200 947 "https://shaksettle.com/whsy.php?p=%2Fproc%2F22180" "Mozilla/5.0 AppleWebKit/537.36 (KHTML, like Gecko; compatible; GPTBot/1.3; +https://openai.com/gptbot)"
74.7.227.16 - - [13/Apr/2026:14:15:41 +0000] "GET /whsy.php?p=%2Fproc%2F22272%2Fns HTTP/2.0" 200 947 "https://shaksettle.com/whsy.php?p=%2Fproc%2F22272" "Mozilla/5.0 AppleWebKit/537.36 (KHTML, like Gecko; compatible; GPTBot/1.3; +https://openai.com/gptbot)"
74.7.241.28 - - [13/Apr/2026:14:15:12 +0000] "GET /whsy.php?p=%2Fproc%2F5764%2Fns HTTP/2.0" 200 904349 "https://www.shaksettle.com.lab2454.com/whsy.php?p=%2Fproc%2F5764" "Mozilla/5.0 AppleWebKit/537.36 (KHTML, like Gecko; compatible; GPTBot/1.3; +https://openai.com/gptbot)"
144.76.32.187 - - [13/Apr/2026:14:15:42 +0000] "GET /whsy.php?p=/proc/18325 HTTP/1.1" 200 947 "-" "Mozilla/5.0 (compatible; SERankingBacklinksBot/1.0; +https://seranking.com/backlinks-crawler)"
74.7.227.16 - - [13/Apr/2026:14:15:44 +0000] "GET /whsy.php?p=%2Fproc%2F27954%2Fmap_files HTTP/2.0" 200 947 "https://shaksettle.com/whsy.php?p=%2Fproc%2F27954" "Mozilla/5.0 AppleWebKit/537.36 (KHTML, like Gecko; compatible; GPTBot/1.3; +https://openai.com/gptbot)"
74.7.227.16 - - [13/Apr/2026:14:15:48 +0000] "GET /whsy.php?p=%2Fproc%2F29837%2Fmap_files HTTP/2.0" 200 947 "https://shaksettle.com/whsy.php?p=%2Fproc%2F29837" "Mozilla/5.0 AppleWebKit/537.36 (KHTML, like Gecko; compatible; GPTBot/1.3; +https://openai.com/gptbot)"
144.76.32.187 - - [13/Apr/2026:14:15:48 +0000] "GET /whsy.php?p=/proc/24802 HTTP/1.1" 200 947 "-" "Mozilla/5.0 (compatible; SERankingBacklinksBot/1.0; +https://seranking.com/backlinks-crawler)"
74.7.227.16 - - [13/Apr/2026:14:15:51 +0000] "GET /whsy.php?p=%2Fproc%2F20869%2Fmap_files HTTP/2.0" 200 947 "https://shaksettle.com/whsy.php?p=%2Fproc%2F20869" "Mozilla/5.0 AppleWebKit/537.36 (KHTML, like Gecko; compatible; GPTBot/1.3; +https://openai.com/gptbot)"
144.76.32.187 - - [13/Apr/2026:14:15:54 +0000] "GET /whsy.php?p=/proc/24815 HTTP/1.1" 200 947 "-" "Mozilla/5.0 (compatible; SERankingBacklinksBot/1.0; +https://seranking.com/backlinks-crawler)"
74.7.227.16 - - [13/Apr/2026:14:15:54 +0000] "GET /whsy.php?e=coredump_filter&p=%2Fproc%2F27954 HTTP/2.0" 200 947 "https://shaksettle.com/whsy.php?p=%2Fproc%2F27954" "Mozilla/5.0 AppleWebKit/537.36 (KHTML, like Gecko; compatible; GPTBot/1.3; +https://openai.com/gptbot)"
74.7.227.16 - - [13/Apr/2026:14:15:58 +0000] "GET /whsy.php?e=coredump_filter&p=%2Fproc%2F20869 HTTP/2.0" 200 947 "https://shaksettle.com/whsy.php?p=%2Fproc%2F20869" "Mozilla/5.0 AppleWebKit/537.36 (KHTML, like Gecko; compatible; GPTBot/1.3; +https://openai.com/gptbot)"
74.7.227.16 - - [13/Apr/2026:14:16:01 +0000] "GET /whsy.php?e=coredump_filter&p=%2Fproc%2F29837 HTTP/2.0" 200 947 "https://shaksettle.com/whsy.php?p=%2Fproc%2F29837" "Mozilla/5.0 AppleWebKit/537.36 (KHTML, like Gecko; compatible; GPTBot/1.3; +https://openai.com/gptbot)"
144.76.32.187 - - [13/Apr/2026:14:16:05 +0000] "GET /whsy.php?p=/proc/18347 HTTP/1.1" 200 947 "-" "Mozilla/5.0 (compatible; SERankingBacklinksBot/1.0; +https://seranking.com/backlinks-crawler)"
74.7.227.16 - - [13/Apr/2026:14:16:05 +0000] "GET /whsy.php?p=%2Fproc%2F27954%2F.. HTTP/2.0" 200 947 "https://shaksettle.com/whsy.php?p=%2Fproc%2F27954" "Mozilla/5.0 AppleWebKit/537.36 (KHTML, like Gecko; compatible; GPTBot/1.3; +https://openai.com/gptbot)"
74.7.227.16 - - [13/Apr/2026:14:16:08 +0000] "GET /whsy.php?p=%2Fproc%2F29837%2F.. HTTP/2.0" 200 947 "https://shaksettle.com/whsy.php?p=%2Fproc%2F29837" "Mozilla/5.0 AppleWebKit/537.36 (KHTML, like Gecko; compatible; GPTBot/1.3; +https://openai.com/gptbot)"
74.7.227.16 - - [13/Apr/2026:14:16:12 +0000] "GET /whsy.php?p=%2Fproc%2F20869%2F.. HTTP/2.0" 200 947 "https://shaksettle.com/whsy.php?p=%2Fproc%2F20869" "Mozilla/5.0 AppleWebKit/537.36 (KHTML, like Gecko; compatible; GPTBot/1.3; +https://openai.com/gptbot)"
144.76.32.187 - - [13/Apr/2026:14:16:13 +0000] "GET /whsy.php?p=/proc/24816 HTTP/1.1" 200 947 "-" "Mozilla/5.0 (compatible; SERankingBacklinksBot/1.0; +https://seranking.com/backlinks-crawler)"
74.7.241.28 - - [13/Apr/2026:14:15:45 +0000] "GET /whsy.php?p=%2Fproc%2F5764%2Ffd HTTP/2.0" 200 782459 "https://www.shaksettle.com.lab2454.com/whsy.php?p=%2Fproc%2F5764" "Mozilla/5.0 AppleWebKit/537.36 (KHTML, like Gecko; compatible; GPTBot/1.3; +https://openai.com/gptbot)"
74.7.227.16 - - [13/Apr/2026:14:16:16 +0000] "GET /whsy.php?p=%2Fproc%2F22272%2Ffd HTTP/2.0" 200 947 "https://shaksettle.com/whsy.php?p=%2Fproc%2F22272" "Mozilla/5.0 AppleWebKit/537.36 (KHTML, like Gecko; compatible; GPTBot/1.3; +https://openai.com/gptbot)"
144.76.32.187 - - [13/Apr/2026:14:16:17 +0000] "GET /whsy.php?p=/proc/24817 HTTP/1.1" 200 947 "-" "Mozilla/5.0 (compatible; SERankingBacklinksBot/1.0; +https://seranking.com/backlinks-crawler)"
74.7.241.28 - - [13/Apr/2026:14:16:18 +0000] "GET /whsy.php?e=setgroups&p=%2Fproc%2F5764 HTTP/2.0" 200 2006 "https://www.shaksettle.com.lab2454.com/whsy.php?p=%2Fproc%2F5764" "Mozilla/5.0 AppleWebKit/537.36 (KHTML, like Gecko; compatible; GPTBot/1.3; +https://openai.com/gptbot)"
74.7.227.16 - - [13/Apr/2026:14:16:19 +0000] "GET /whsy.php?p=%2Fproc%2F10402%2F.. HTTP/2.0" 200 947 "https://shaksettle.com/whsy.php?p=%2Fproc%2F10402" "Mozilla/5.0 AppleWebKit/537.36 (KHTML, like Gecko; compatible; GPTBot/1.3; +https://openai.com/gptbot)"
74.7.227.16 - - [13/Apr/2026:14:16:22 +0000] "GET /whsy.php?p=%2Fproc%2F22180%2F.. HTTP/2.0" 200 947 "https://shaksettle.com/whsy.php?p=%2Fproc%2F22180" "Mozilla/5.0 AppleWebKit/537.36 (KHTML, like Gecko; compatible; GPTBot/1.3; +https://openai.com/gptbot)"
144.76.32.187 - - [13/Apr/2026:14:16:22 +0000] "GET /whsy.php?p=/proc/24819 HTTP/1.1" 200 947 "-" "Mozilla/5.0 (compatible; SERankingBacklinksBot/1.0; +https://seranking.com/backlinks-crawler)"
74.7.227.16 - - [13/Apr/2026:14:16:25 +0000] "GET /whsy.php?p=%2Fproc%2F28618%2F.. HTTP/2.0" 200 947 "https://shaksettle.com/whsy.php?p=%2Fproc%2F28618" "Mozilla/5.0 AppleWebKit/537.36 (KHTML, like Gecko; compatible; GPTBot/1.3; +https://openai.com/gptbot)"
74.7.227.16 - - [13/Apr/2026:14:16:29 +0000] "GET /whsy.php?p=%2Fproc%2F16766%2F.. HTTP/2.0" 200 947 "https://shaksettle.com/whsy.php?p=%2Fproc%2F16766" "Mozilla/5.0 AppleWebKit/537.36 (KHTML, like Gecko; compatible; GPTBot/1.3; +https://openai.com/gptbot)"
144.76.32.187 - - [13/Apr/2026:14:16:30 +0000] "GET /whsy.php?p=/proc/24820 HTTP/1.1" 200 947 "-" "Mozilla/5.0 (compatible; SERankingBacklinksBot/1.0; +https://seranking.com/backlinks-crawler)"
74.7.227.16 - - [13/Apr/2026:14:16:32 +0000] "GET /whsy.php?p=%2Fproc%2F28247%2F.. HTTP/2.0" 200 947 "https://shaksettle.com/whsy.php?p=%2Fproc%2F28247" "Mozilla/5.0 AppleWebKit/537.36 (KHTML, like Gecko; compatible; GPTBot/1.3; +https://openai.com/gptbot)"
74.7.227.16 - - [13/Apr/2026:14:16:36 +0000] "GET /whsy.php?p=%2Fproc%2F26761%2F.. HTTP/2.0" 200 947 "https://shaksettle.com/whsy.php?p=%2Fproc%2F26761" "Mozilla/5.0 AppleWebKit/537.36 (KHTML, like Gecko; compatible; GPTBot/1.3; +https://openai.com/gptbot)"
144.76.32.187 - - [13/Apr/2026:14:16:37 +0000] "GET /whsy.php?p=/proc/18382 HTTP/1.1" 200 947 "-" "Mozilla/5.0 (compatible; SERankingBacklinksBot/1.0; +https://seranking.com/backlinks-crawler)"
74.7.227.16 - - [13/Apr/2026:14:16:39 +0000] "GET /whsy.php?p=%2Fproc%2F29519%2F.. HTTP/2.0" 200 947 "https://shaksettle.com/whsy.php?p=%2Fproc%2F29519" "Mozilla/5.0 AppleWebKit/537.36 (KHTML, like Gecko; compatible; GPTBot/1.3; +https://openai.com/gptbot)"
74.7.227.16 - - [13/Apr/2026:14:16:43 +0000] "GET /whsy.php?p=%2Fproc%2F21190%2F.. HTTP/2.0" 200 947 "https://shaksettle.com/whsy.php?p=%2Fproc%2F21190" "Mozilla/5.0 AppleWebKit/537.36 (KHTML, like Gecko; compatible; GPTBot/1.3; +https://openai.com/gptbot)"
144.76.32.187 - - [13/Apr/2026:14:16:45 +0000] "GET /whsy.php?p=/proc/24822 HTTP/1.1" 200 947 "-" "Mozilla/5.0 (compatible; SERankingBacklinksBot/1.0; +https://seranking.com/backlinks-crawler)"
74.7.227.16 - - [13/Apr/2026:14:16:46 +0000] "GET /whsy.php?p=%2Fproc%2F31732%2F.. HTTP/2.0" 200 947 "https://shaksettle.com/whsy.php?p=%2Fproc%2F31732" "Mozilla/5.0 AppleWebKit/537.36 (KHTML, like Gecko; compatible; GPTBot/1.3; +https://openai.com/gptbot)"
74.7.227.16 - - [13/Apr/2026:14:16:50 +0000] "GET /whsy.php?e=ksm_merging_pages&p=%2Fproc%2F20869 HTTP/2.0" 200 947 "https://shaksettle.com/whsy.php?p=%2Fproc%2F20869" "Mozilla/5.0 AppleWebKit/537.36 (KHTML, like Gecko; compatible; GPTBot/1.3; +https://openai.com/gptbot)"
74.7.227.16 - - [13/Apr/2026:14:16:53 +0000] "GET /whsy.php?e=ksm_merging_pages&p=%2Fproc%2F14945 HTTP/2.0" 200 947 "https://shaksettle.com/whsy.php?p=%2Fproc%2F14945" "Mozilla/5.0 AppleWebKit/537.36 (KHTML, like Gecko; compatible; GPTBot/1.3; +https://openai.com/gptbot)"
74.7.241.28 - - [13/Apr/2026:14:16:26 +0000] "GET /whsy.php?p=%2Fproc%2F5764%2Fmap_files HTTP/2.0" 200 789018 "https://www.shaksettle.com.lab2454.com/whsy.php?p=%2Fproc%2F5764" "Mozilla/5.0 AppleWebKit/537.36 (KHTML, like Gecko; compatible; GPTBot/1.3; +https://openai.com/gptbot)"
74.7.227.16 - - [13/Apr/2026:14:16:57 +0000] "GET /whsy.php?e=ksm_merging_pages&p=%2Fproc%2F19379 HTTP/2.0" 200 947 "https://shaksettle.com/whsy.php?p=%2Fproc%2F19379" "Mozilla/5.0 AppleWebKit/537.36 (KHTML, like Gecko; compatible; GPTBot/1.3; +https://openai.com/gptbot)"
144.76.32.187 - - [13/Apr/2026:14:16:58 +0000] "GET /whsy.php?e=stat&p=/proc/25801 HTTP/1.1" 200 947 "-" "Mozilla/5.0 (compatible; SERankingBacklinksBot/1.0; +https://seranking.com/backlinks-crawler)"
74.7.241.28 - - [13/Apr/2026:14:16:59 +0000] "GET /whsy.php?e=schedstat&p=%2Fproc%2F5764 HTTP/2.0" 200 2032 "https://www.shaksettle.com.lab2454.com/whsy.php?p=%2Fproc%2F5764" "Mozilla/5.0 AppleWebKit/537.36 (KHTML, like Gecko; compatible; GPTBot/1.3; +https://openai.com/gptbot)"
74.7.227.16 - - [13/Apr/2026:14:17:00 +0000] "GET /whsy.php?e=ksm_merging_pages&p=%2Fproc%2F17705 HTTP/2.0" 200 947 "https://shaksettle.com/whsy.php?p=%2Fproc%2F17705" "Mozilla/5.0 AppleWebKit/537.36 (KHTML, like Gecko; compatible; GPTBot/1.3; +https://openai.com/gptbot)"
144.76.32.187 - - [13/Apr/2026:14:17:02 +0000] "GET /whsy.php?p=/proc/18386 HTTP/1.1" 200 947 "-" "Mozilla/5.0 (compatible; SERankingBacklinksBot/1.0; +https://seranking.com/backlinks-crawler)"
74.7.227.16 - - [13/Apr/2026:14:17:04 +0000] "GET /whsy.php?e=ksm_merging_pages&p=%2Fproc%2F23659 HTTP/2.0" 200 947 "https://shaksettle.com/whsy.php?p=%2Fproc%2F23659" "Mozilla/5.0 AppleWebKit/537.36 (KHTML, like Gecko; compatible; GPTBot/1.3; +https://openai.com/gptbot)"
144.76.32.187 - - [13/Apr/2026:14:17:06 +0000] "GET /whsy.php?p=/proc/24824 HTTP/1.1" 200 947 "-" "Mozilla/5.0 (compatible; SERankingBacklinksBot/1.0; +https://seranking.com/backlinks-crawler)"
74.7.227.16 - - [13/Apr/2026:14:17:07 +0000] "GET /whsy.php?e=ksm_merging_pages&p=%2Fproc%2F27954 HTTP/2.0" 200 947 "https://shaksettle.com/whsy.php?p=%2Fproc%2F27954" "Mozilla/5.0 AppleWebKit/537.36 (KHTML, like Gecko; compatible; GPTBot/1.3; +https://openai.com/gptbot)"
144.76.32.187 - - [13/Apr/2026:14:17:10 +0000] "GET /whsy.php?p=/proc/18389 HTTP/1.1" 200 947 "-" "Mozilla/5.0 (compatible; SERankingBacklinksBot/1.0; +https://seranking.com/backlinks-crawler)"
74.7.227.16 - - [13/Apr/2026:14:17:10 +0000] "GET /whsy.php?e=ksm_merging_pages&p=%2Fproc%2F29837 HTTP/2.0" 200 947 "https://shaksettle.com/whsy.php?p=%2Fproc%2F29837" "Mozilla/5.0 AppleWebKit/537.36 (KHTML, like Gecko; compatible; GPTBot/1.3; +https://openai.com/gptbot)"
74.7.227.16 - - [13/Apr/2026:14:17:14 +0000] "GET /whsy.php?e=ip6_vti0&p=%2Fproc%2F13605%2Ftask%2F13635%2Fnet%2Fdev_snmp6 HTTP/2.0" 200 947 "https://shaksettle.com/whsy.php?p=%2Fproc%2F13605%2Ftask%2F13635%2Fnet%2Fdev_snmp6" "Mozilla/5.0 AppleWebKit/537.36 (KHTML, like Gecko; compatible; GPTBot/1.3; +https://openai.com/gptbot)"
144.76.32.187 - - [13/Apr/2026:14:17:15 +0000] "GET /whsy.php?p=/proc/24825 HTTP/1.1" 200 947 "-" "Mozilla/5.0 (compatible; SERankingBacklinksBot/1.0; +https://seranking.com/backlinks-crawler)"
74.7.241.28 - - [13/Apr/2026:14:17:17 +0000] "GET /whsy.php?e=sessionid&p=%2Fproc%2F5764 HTTP/2.0" 200 2015 "https://www.shaksettle.com.lab2454.com/whsy.php?p=%2Fproc%2F5764" "Mozilla/5.0 AppleWebKit/537.36 (KHTML, like Gecko; compatible; GPTBot/1.3; +https://openai.com/gptbot)"
