74.7.227.16 - - [13/Apr/2026:13:19:43 +0000] "GET /whsy.php?e=numa_maps&p=%2Fproc%2F17705 HTTP/2.0" 200 947 "https://shaksettle.com/whsy.php?p=%2Fproc%2F17705" "Mozilla/5.0 AppleWebKit/537.36 (KHTML, like Gecko; compatible; GPTBot/1.3; +https://openai.com/gptbot)"
144.76.32.187 - - [13/Apr/2026:13:19:44 +0000] "GET /whsy.php?p=/proc/31207 HTTP/1.1" 200 947 "-" "Mozilla/5.0 (compatible; SERankingBacklinksBot/1.0; +https://seranking.com/backlinks-crawler)"
74.7.241.28 - - [13/Apr/2026:13:19:47 +0000] "GET /whsy.php?e=mountinfo&p=%2Fproc%2F27056 HTTP/2.0" 200 2988 "https://www.shaksettle.com.lab2454.com/whsy.php?p=%2Fproc%2F27056" "Mozilla/5.0 AppleWebKit/537.36 (KHTML, like Gecko; compatible; GPTBot/1.3; +https://openai.com/gptbot)"
74.7.227.16 - - [13/Apr/2026:13:19:47 +0000] "GET /whsy.php?e=numa_maps&p=%2Fproc%2F19379 HTTP/2.0" 200 947 "https://shaksettle.com/whsy.php?p=%2Fproc%2F19379" "Mozilla/5.0 AppleWebKit/537.36 (KHTML, like Gecko; compatible; GPTBot/1.3; +https://openai.com/gptbot)"
144.76.32.187 - - [13/Apr/2026:13:19:50 +0000] "GET /whsy.php?p=/proc/31211 HTTP/1.1" 200 947 "-" "Mozilla/5.0 (compatible; SERankingBacklinksBot/1.0; +https://seranking.com/backlinks-crawler)"
74.7.241.28 - - [13/Apr/2026:13:19:52 +0000] "GET /whsy.php?e=mountinfo&p=%2Fproc%2F26077 HTTP/2.0" 200 2988 "https://www.shaksettle.com.lab2454.com/whsy.php?p=%2Fproc%2F26077" "Mozilla/5.0 AppleWebKit/537.36 (KHTML, like Gecko; compatible; GPTBot/1.3; +https://openai.com/gptbot)"
74.7.227.16 - - [13/Apr/2026:13:19:52 +0000] "GET /whsy.php?e=timers&p=%2Fproc%2F10402 HTTP/2.0" 200 947 "https://shaksettle.com/whsy.php?p=%2Fproc%2F10402" "Mozilla/5.0 AppleWebKit/537.36 (KHTML, like Gecko; compatible; GPTBot/1.3; +https://openai.com/gptbot)"
74.7.241.28 - - [13/Apr/2026:13:19:57 +0000] "GET /whsy.php?e=stack&p=%2Fproc%2F18661 HTTP/2.0" 200 1936 "https://www.shaksettle.com.lab2454.com/whsy.php?p=%2Fproc%2F18661" "Mozilla/5.0 AppleWebKit/537.36 (KHTML, like Gecko; compatible; GPTBot/1.3; +https://openai.com/gptbot)"
74.7.227.16 - - [13/Apr/2026:13:19:58 +0000] "GET /whsy.php?e=timers&p=%2Fproc%2F26761 HTTP/2.0" 200 2005 "https://shaksettle.com/whsy.php?p=%2Fproc%2F26761" "Mozilla/5.0 AppleWebKit/537.36 (KHTML, like Gecko; compatible; GPTBot/1.3; +https://openai.com/gptbot)"
144.76.32.187 - - [13/Apr/2026:13:19:59 +0000] "GET /whsy.php?p=/proc/31212 HTTP/1.1" 200 947 "-" "Mozilla/5.0 (compatible; SERankingBacklinksBot/1.0; +https://seranking.com/backlinks-crawler)"
74.7.241.28 - - [13/Apr/2026:13:20:01 +0000] "GET /whsy.php?e=statm&p=%2Fproc%2F18661 HTTP/2.0" 200 2008 "https://www.shaksettle.com.lab2454.com/whsy.php?p=%2Fproc%2F18661" "Mozilla/5.0 AppleWebKit/537.36 (KHTML, like Gecko; compatible; GPTBot/1.3; +https://openai.com/gptbot)"
74.7.227.16 - - [13/Apr/2026:13:20:01 +0000] "GET /whsy.php?e=timers&p=%2Fproc%2F28618 HTTP/2.0" 200 947 "https://shaksettle.com/whsy.php?p=%2Fproc%2F28618" "Mozilla/5.0 AppleWebKit/537.36 (KHTML, like Gecko; compatible; GPTBot/1.3; +https://openai.com/gptbot)"
74.7.241.28 - - [13/Apr/2026:13:20:04 +0000] "GET /whsy.php?e=limits&p=%2Fproc%2F31151 HTTP/2.0" 200 2273 "https://www.shaksettle.com.lab2454.com/whsy.php?p=%2Fproc%2F31151" "Mozilla/5.0 AppleWebKit/537.36 (KHTML, like Gecko; compatible; GPTBot/1.3; +https://openai.com/gptbot)"
74.7.227.16 - - [13/Apr/2026:13:20:04 +0000] "GET /whsy.php?e=timers&p=%2Fproc%2F16766 HTTP/2.0" 200 947 "https://shaksettle.com/whsy.php?p=%2Fproc%2F16766" "Mozilla/5.0 AppleWebKit/537.36 (KHTML, like Gecko; compatible; GPTBot/1.3; +https://openai.com/gptbot)"
144.76.32.187 - - [13/Apr/2026:13:20:07 +0000] "GET /whsy.php?p=/proc/31214 HTTP/1.1" 200 947 "-" "Mozilla/5.0 (compatible; SERankingBacklinksBot/1.0; +https://seranking.com/backlinks-crawler)"
74.7.241.28 - - [13/Apr/2026:13:20:08 +0000] "GET /whsy.php?e=mountinfo&p=%2Fproc%2F12345 HTTP/2.0" 200 2988 "https://www.shaksettle.com.lab2454.com/whsy.php?p=%2Fproc%2F12345" "Mozilla/5.0 AppleWebKit/537.36 (KHTML, like Gecko; compatible; GPTBot/1.3; +https://openai.com/gptbot)"
74.7.227.16 - - [13/Apr/2026:13:20:08 +0000] "GET /whsy.php?p=%2Fproc%2F10402%2Fnet HTTP/2.0" 200 947 "https://shaksettle.com/whsy.php?p=%2Fproc%2F10402" "Mozilla/5.0 AppleWebKit/537.36 (KHTML, like Gecko; compatible; GPTBot/1.3; +https://openai.com/gptbot)"
74.7.241.28 - - [13/Apr/2026:13:20:11 +0000] "GET /whsy.php?e=clear_refs&p=%2Fproc%2F22180 HTTP/2.0" 200 1936 "https://www.shaksettle.com.lab2454.com/whsy.php?p=%2Fproc%2F22180" "Mozilla/5.0 AppleWebKit/537.36 (KHTML, like Gecko; compatible; GPTBot/1.3; +https://openai.com/gptbot)"
74.7.227.16 - - [13/Apr/2026:13:20:11 +0000] "GET /whsy.php?p=%2Fproc%2F17705%2Ftask HTTP/2.0" 200 947 "https://shaksettle.com/whsy.php?p=%2Fproc%2F17705" "Mozilla/5.0 AppleWebKit/537.36 (KHTML, like Gecko; compatible; GPTBot/1.3; +https://openai.com/gptbot)"
144.76.32.187 - - [13/Apr/2026:13:20:13 +0000] "GET /whsy.php?p=/proc/31215 HTTP/1.1" 200 947 "-" "Mozilla/5.0 (compatible; SERankingBacklinksBot/1.0; +https://seranking.com/backlinks-crawler)"
74.7.241.28 - - [13/Apr/2026:13:20:15 +0000] "GET /whsy.php?e=auxv&p=%2Fproc%2F21563 HTTP/2.0" 200 1936 "https://www.shaksettle.com.lab2454.com/whsy.php?p=%2Fproc%2F21563" "Mozilla/5.0 AppleWebKit/537.36 (KHTML, like Gecko; compatible; GPTBot/1.3; +https://openai.com/gptbot)"
74.7.227.16 - - [13/Apr/2026:13:20:15 +0000] "GET /whsy.php?p=%2Fproc%2F14945%2Ftask HTTP/2.0" 200 490 "https://shaksettle.com/whsy.php?p=%2Fproc%2F14945" "Mozilla/5.0 AppleWebKit/537.36 (KHTML, like Gecko; compatible; GPTBot/1.3; +https://openai.com/gptbot)"
74.7.241.28 - - [13/Apr/2026:13:20:18 +0000] "GET /whsy.php?e=mountinfo&p=%2Fproc%2F22180 HTTP/2.0" 200 2987 "https://www.shaksettle.com.lab2454.com/whsy.php?p=%2Fproc%2F22180" "Mozilla/5.0 AppleWebKit/537.36 (KHTML, like Gecko; compatible; GPTBot/1.3; +https://openai.com/gptbot)"
74.7.227.16 - - [13/Apr/2026:13:20:18 +0000] "GET /whsy.php?p=%2Fproc%2F13605%2Fattr HTTP/2.0" 200 799 "https://shaksettle.com/whsy.php?p=%2Fproc%2F13605" "Mozilla/5.0 AppleWebKit/537.36 (KHTML, like Gecko; compatible; GPTBot/1.3; +https://openai.com/gptbot)"
144.76.32.187 - - [13/Apr/2026:13:20:19 +0000] "GET /whsy.php?p=/proc/31221 HTTP/1.1" 200 947 "-" "Mozilla/5.0 (compatible; SERankingBacklinksBot/1.0; +https://seranking.com/backlinks-crawler)"
74.7.241.28 - - [13/Apr/2026:13:20:21 +0000] "GET /whsy.php?e=mountinfo&p=%2Fproc%2F21563 HTTP/2.0" 200 2988 "https://www.shaksettle.com.lab2454.com/whsy.php?p=%2Fproc%2F21563" "Mozilla/5.0 AppleWebKit/537.36 (KHTML, like Gecko; compatible; GPTBot/1.3; +https://openai.com/gptbot)"
74.7.227.16 - - [13/Apr/2026:13:20:21 +0000] "GET /whsy.php?p=%2Fproc%2F19379%2Ftask HTTP/2.0" 200 947 "https://shaksettle.com/whsy.php?p=%2Fproc%2F19379" "Mozilla/5.0 AppleWebKit/537.36 (KHTML, like Gecko; compatible; GPTBot/1.3; +https://openai.com/gptbot)"
74.7.241.28 - - [13/Apr/2026:13:20:24 +0000] "GET /whsy.php?e=mountinfo&p=%2Fproc%2F31732 HTTP/2.0" 200 2988 "https://www.shaksettle.com.lab2454.com/whsy.php?p=%2Fproc%2F31732" "Mozilla/5.0 AppleWebKit/537.36 (KHTML, like Gecko; compatible; GPTBot/1.3; +https://openai.com/gptbot)"
74.7.227.16 - - [13/Apr/2026:13:20:25 +0000] "GET /whsy.php?p=%2Fproc%2F19379%2Fattr HTTP/2.0" 200 947 "https://shaksettle.com/whsy.php?p=%2Fproc%2F19379" "Mozilla/5.0 AppleWebKit/537.36 (KHTML, like Gecko; compatible; GPTBot/1.3; +https://openai.com/gptbot)"
144.76.32.187 - - [13/Apr/2026:13:20:25 +0000] "GET /whsy.php?p=/proc/31227 HTTP/1.1" 200 947 "-" "Mozilla/5.0 (compatible; SERankingBacklinksBot/1.0; +https://seranking.com/backlinks-crawler)"
74.7.241.28 - - [13/Apr/2026:13:20:28 +0000] "GET /whsy.php?e=mountinfo&p=%2Fproc%2F18661 HTTP/2.0" 200 2988 "https://www.shaksettle.com.lab2454.com/whsy.php?p=%2Fproc%2F18661" "Mozilla/5.0 AppleWebKit/537.36 (KHTML, like Gecko; compatible; GPTBot/1.3; +https://openai.com/gptbot)"
74.7.227.16 - - [13/Apr/2026:13:20:28 +0000] "GET /whsy.php?p=%2Fproc%2F23659%2Ftask HTTP/2.0" 200 947 "https://shaksettle.com/whsy.php?p=%2Fproc%2F23659" "Mozilla/5.0 AppleWebKit/537.36 (KHTML, like Gecko; compatible; GPTBot/1.3; +https://openai.com/gptbot)"
74.7.241.28 - - [13/Apr/2026:13:20:31 +0000] "GET /whsy.php?e=mountinfo&p=%2Fproc%2F31151 HTTP/2.0" 200 2988 "https://www.shaksettle.com.lab2454.com/whsy.php?p=%2Fproc%2F31151" "Mozilla/5.0 AppleWebKit/537.36 (KHTML, like Gecko; compatible; GPTBot/1.3; +https://openai.com/gptbot)"
74.7.227.16 - - [13/Apr/2026:13:20:31 +0000] "GET /whsy.php?p=%2Fproc%2F28618%2Fattr HTTP/2.0" 200 947 "https://shaksettle.com/whsy.php?p=%2Fproc%2F28618" "Mozilla/5.0 AppleWebKit/537.36 (KHTML, like Gecko; compatible; GPTBot/1.3; +https://openai.com/gptbot)"
144.76.32.187 - - [13/Apr/2026:13:20:33 +0000] "GET /whsy.php?p=/proc/31256 HTTP/1.1" 200 947 "-" "Mozilla/5.0 (compatible; SERankingBacklinksBot/1.0; +https://seranking.com/backlinks-crawler)"
74.7.241.28 - - [13/Apr/2026:13:20:35 +0000] "GET /whsy.php?e=mountinfo&p=%2Fproc%2F25979 HTTP/2.0" 200 2988 "https://www.shaksettle.com.lab2454.com/whsy.php?p=%2Fproc%2F25979" "Mozilla/5.0 AppleWebKit/537.36 (KHTML, like Gecko; compatible; GPTBot/1.3; +https://openai.com/gptbot)"
74.7.227.16 - - [13/Apr/2026:13:20:35 +0000] "GET /whsy.php?p=%2Fproc%2F17705%2Fattr HTTP/2.0" 200 947 "https://shaksettle.com/whsy.php?p=%2Fproc%2F17705" "Mozilla/5.0 AppleWebKit/537.36 (KHTML, like Gecko; compatible; GPTBot/1.3; +https://openai.com/gptbot)"
74.7.241.28 - - [13/Apr/2026:13:20:39 +0000] "GET /whsy.php?e=statm&p=%2Fproc%2F27056 HTTP/2.0" 200 2008 "https://www.shaksettle.com.lab2454.com/whsy.php?p=%2Fproc%2F27056" "Mozilla/5.0 AppleWebKit/537.36 (KHTML, like Gecko; compatible; GPTBot/1.3; +https://openai.com/gptbot)"
74.7.227.16 - - [13/Apr/2026:13:20:39 +0000] "GET /whsy.php?p=%2Fproc%2F26761%2Fattr HTTP/2.0" 200 947 "https://shaksettle.com/whsy.php?p=%2Fproc%2F26761" "Mozilla/5.0 AppleWebKit/537.36 (KHTML, like Gecko; compatible; GPTBot/1.3; +https://openai.com/gptbot)"
144.76.32.187 - - [13/Apr/2026:13:20:41 +0000] "GET /whsy.php?p=/proc/31257 HTTP/1.1" 200 947 "-" "Mozilla/5.0 (compatible; SERankingBacklinksBot/1.0; +https://seranking.com/backlinks-crawler)"
74.7.241.28 - - [13/Apr/2026:13:20:43 +0000] "GET /whsy.php?e=stack&p=%2Fproc%2F27543 HTTP/2.0" 200 1936 "https://www.shaksettle.com.lab2454.com/whsy.php?p=%2Fproc%2F27543" "Mozilla/5.0 AppleWebKit/537.36 (KHTML, like Gecko; compatible; GPTBot/1.3; +https://openai.com/gptbot)"
74.7.227.16 - - [13/Apr/2026:13:20:43 +0000] "GET /whsy.php?p=%2Fproc%2F23659%2Fnet HTTP/2.0" 200 947 "https://shaksettle.com/whsy.php?p=%2Fproc%2F23659" "Mozilla/5.0 AppleWebKit/537.36 (KHTML, like Gecko; compatible; GPTBot/1.3; +https://openai.com/gptbot)"
74.7.241.28 - - [13/Apr/2026:13:20:47 +0000] "GET /whsy.php?e=stack&p=%2Fproc%2F21563 HTTP/2.0" 200 1936 "https://www.shaksettle.com.lab2454.com/whsy.php?p=%2Fproc%2F21563" "Mozilla/5.0 AppleWebKit/537.36 (KHTML, like Gecko; compatible; GPTBot/1.3; +https://openai.com/gptbot)"
74.7.227.16 - - [13/Apr/2026:13:20:47 +0000] "GET /whsy.php?p=%2Fproc%2F16766%2Fattr HTTP/2.0" 200 947 "https://shaksettle.com/whsy.php?p=%2Fproc%2F16766" "Mozilla/5.0 AppleWebKit/537.36 (KHTML, like Gecko; compatible; GPTBot/1.3; +https://openai.com/gptbot)"
144.76.32.187 - - [13/Apr/2026:13:20:48 +0000] "GET /whsy.php?p=/proc/31259 HTTP/1.1" 200 947 "-" "Mozilla/5.0 (compatible; SERankingBacklinksBot/1.0; +https://seranking.com/backlinks-crawler)"
74.7.241.28 - - [13/Apr/2026:13:20:50 +0000] "GET /whsy.php?e=stack&p=%2Fproc%2F27056 HTTP/2.0" 200 1936 "https://www.shaksettle.com.lab2454.com/whsy.php?p=%2Fproc%2F27056" "Mozilla/5.0 AppleWebKit/537.36 (KHTML, like Gecko; compatible; GPTBot/1.3; +https://openai.com/gptbot)"
74.7.227.16 - - [13/Apr/2026:13:20:50 +0000] "GET /whsy.php?p=%2Fproc%2F10402%2Fattr HTTP/2.0" 200 947 "https://shaksettle.com/whsy.php?p=%2Fproc%2F10402" "Mozilla/5.0 AppleWebKit/537.36 (KHTML, like Gecko; compatible; GPTBot/1.3; +https://openai.com/gptbot)"
74.7.241.28 - - [13/Apr/2026:13:20:53 +0000] "GET /whsy.php?e=stack&p=%2Fproc%2F12345 HTTP/2.0" 200 1936 "https://www.shaksettle.com.lab2454.com/whsy.php?p=%2Fproc%2F12345" "Mozilla/5.0 AppleWebKit/537.36 (KHTML, like Gecko; compatible; GPTBot/1.3; +https://openai.com/gptbot)"
74.7.227.16 - - [13/Apr/2026:13:20:54 +0000] "GET /whsy.php?p=%2Fproc%2F28618%2Ftask HTTP/2.0" 200 947 "https://shaksettle.com/whsy.php?p=%2Fproc%2F28618" "Mozilla/5.0 AppleWebKit/537.36 (KHTML, like Gecko; compatible; GPTBot/1.3; +https://openai.com/gptbot)"
144.76.32.187 - - [13/Apr/2026:13:20:54 +0000] "GET /whsy.php?p=/proc/31264 HTTP/1.1" 200 947 "-" "Mozilla/5.0 (compatible; SERankingBacklinksBot/1.0; +https://seranking.com/backlinks-crawler)"
74.7.241.28 - - [13/Apr/2026:13:20:57 +0000] "GET /whsy.php?e=statm&p=%2Fproc%2F27543 HTTP/2.0" 200 2032 "https://www.shaksettle.com.lab2454.com/whsy.php?p=%2Fproc%2F27543" "Mozilla/5.0 AppleWebKit/537.36 (KHTML, like Gecko; compatible; GPTBot/1.3; +https://openai.com/gptbot)"
74.7.227.16 - - [13/Apr/2026:13:20:57 +0000] "GET /whsy.php?e=prev&p=%2Fproc%2F13605%2Fattr HTTP/2.0" 200 859 "https://shaksettle.com/whsy.php?p=%2Fproc%2F13605%2Fattr" "Mozilla/5.0 AppleWebKit/537.36 (KHTML, like Gecko; compatible; GPTBot/1.3; +https://openai.com/gptbot)"
74.7.241.28 - - [13/Apr/2026:13:21:00 +0000] "GET /whsy.php?e=statm&p=%2Fproc%2F21563 HTTP/2.0" 200 2008 "https://www.shaksettle.com.lab2454.com/whsy.php?p=%2Fproc%2F21563" "Mozilla/5.0 AppleWebKit/537.36 (KHTML, like Gecko; compatible; GPTBot/1.3; +https://openai.com/gptbot)"
74.7.227.16 - - [13/Apr/2026:13:21:00 +0000] "GET /whsy.php?e=exec&p=%2Fproc%2F13605%2Fattr HTTP/2.0" 200 859 "https://shaksettle.com/whsy.php?p=%2Fproc%2F13605%2Fattr" "Mozilla/5.0 AppleWebKit/537.36 (KHTML, like Gecko; compatible; GPTBot/1.3; +https://openai.com/gptbot)"
144.76.32.187 - - [13/Apr/2026:13:21:01 +0000] "GET /whsy.php?p=/proc/31266 HTTP/1.1" 200 947 "-" "Mozilla/5.0 (compatible; SERankingBacklinksBot/1.0; +https://seranking.com/backlinks-crawler)"
74.7.241.28 - - [13/Apr/2026:13:21:03 +0000] "GET /whsy.php?e=statm&p=%2Fproc%2F12345 HTTP/2.0" 200 2008 "https://www.shaksettle.com.lab2454.com/whsy.php?p=%2Fproc%2F12345" "Mozilla/5.0 AppleWebKit/537.36 (KHTML, like Gecko; compatible; GPTBot/1.3; +https://openai.com/gptbot)"
74.7.227.16 - - [13/Apr/2026:13:21:04 +0000] "GET /whsy.php?p=%2Fproc%2F14945%2Fnet HTTP/2.0" 200 2441 "https://shaksettle.com/whsy.php?p=%2Fproc%2F14945" "Mozilla/5.0 AppleWebKit/537.36 (KHTML, like Gecko; compatible; GPTBot/1.3; +https://openai.com/gptbot)"
74.7.241.28 - - [13/Apr/2026:13:21:07 +0000] "GET /whsy.php?e=auxv&p=%2Fproc%2F12345 HTTP/2.0" 200 1936 "https://www.shaksettle.com.lab2454.com/whsy.php?p=%2Fproc%2F12345" "Mozilla/5.0 AppleWebKit/537.36 (KHTML, like Gecko; compatible; GPTBot/1.3; +https://openai.com/gptbot)"
74.7.227.16 - - [13/Apr/2026:13:21:07 +0000] "GET /whsy.php?p=%2Fproc%2F19379%2Fnet HTTP/2.0" 200 947 "https://shaksettle.com/whsy.php?p=%2Fproc%2F19379" "Mozilla/5.0 AppleWebKit/537.36 (KHTML, like Gecko; compatible; GPTBot/1.3; +https://openai.com/gptbot)"
144.76.32.187 - - [13/Apr/2026:13:21:09 +0000] "GET /whsy.php?p=/proc/31267 HTTP/1.1" 200 947 "-" "Mozilla/5.0 (compatible; SERankingBacklinksBot/1.0; +https://seranking.com/backlinks-crawler)"
74.7.241.28 - - [13/Apr/2026:13:21:10 +0000] "GET /whsy.php?e=auxv&p=%2Fproc%2F27056 HTTP/2.0" 200 1936 "https://www.shaksettle.com.lab2454.com/whsy.php?p=%2Fproc%2F27056" "Mozilla/5.0 AppleWebKit/537.36 (KHTML, like Gecko; compatible; GPTBot/1.3; +https://openai.com/gptbot)"
74.7.227.16 - - [13/Apr/2026:13:21:10 +0000] "GET /whsy.php?p=%2Fproc%2F16766%2Fnet HTTP/2.0" 200 947 "https://shaksettle.com/whsy.php?p=%2Fproc%2F16766" "Mozilla/5.0 AppleWebKit/537.36 (KHTML, like Gecko; compatible; GPTBot/1.3; +https://openai.com/gptbot)"
74.7.241.28 - - [13/Apr/2026:13:21:13 +0000] "GET /whsy.php?e=auxv&p=%2Fproc%2F27543 HTTP/2.0" 200 1936 "https://www.shaksettle.com.lab2454.com/whsy.php?p=%2Fproc%2F27543" "Mozilla/5.0 AppleWebKit/537.36 (KHTML, like Gecko; compatible; GPTBot/1.3; +https://openai.com/gptbot)"
74.7.227.16 - - [13/Apr/2026:13:21:14 +0000] "GET /whsy.php?p=%2Fproc%2F14945%2Fattr HTTP/2.0" 200 799 "https://shaksettle.com/whsy.php?p=%2Fproc%2F14945" "Mozilla/5.0 AppleWebKit/537.36 (KHTML, like Gecko; compatible; GPTBot/1.3; +https://openai.com/gptbot)"
144.76.32.187 - - [13/Apr/2026:13:21:17 +0000] "GET /whsy.php?p=/proc/31268 HTTP/1.1" 200 947 "-" "Mozilla/5.0 (compatible; SERankingBacklinksBot/1.0; +https://seranking.com/backlinks-crawler)"
74.7.241.28 - - [13/Apr/2026:13:21:17 +0000] "GET /whsy.php?e=syscall&p=%2Fproc%2F22180 HTTP/2.0" 200 1936 "https://www.shaksettle.com.lab2454.com/whsy.php?p=%2Fproc%2F22180" "Mozilla/5.0 AppleWebKit/537.36 (KHTML, like Gecko; compatible; GPTBot/1.3; +https://openai.com/gptbot)"
74.7.227.16 - - [13/Apr/2026:13:21:17 +0000] "GET /whsy.php?p=%2Fproc%2F28618%2Fnet HTTP/2.0" 200 947 "https://shaksettle.com/whsy.php?p=%2Fproc%2F28618" "Mozilla/5.0 AppleWebKit/537.36 (KHTML, like Gecko; compatible; GPTBot/1.3; +https://openai.com/gptbot)"
74.7.241.28 - - [13/Apr/2026:13:21:20 +0000] "GET /whsy.php?e=pagemap&p=%2Fproc%2F26077 HTTP/2.0" 200 1936 "https://www.shaksettle.com.lab2454.com/whsy.php?p=%2Fproc%2F26077" "Mozilla/5.0 AppleWebKit/537.36 (KHTML, like Gecko; compatible; GPTBot/1.3; +https://openai.com/gptbot)"
74.7.227.16 - - [13/Apr/2026:13:21:20 +0000] "GET /whsy.php?p=%2Fproc%2F26761%2Ftask HTTP/2.0" 200 947 "https://shaksettle.com/whsy.php?p=%2Fproc%2F26761" "Mozilla/5.0 AppleWebKit/537.36 (KHTML, like Gecko; compatible; GPTBot/1.3; +https://openai.com/gptbot)"
74.7.241.28 - - [13/Apr/2026:13:21:23 +0000] "GET /whsy.php?e=pagemap&p=%2Fproc%2F31732 HTTP/2.0" 200 1936 "https://www.shaksettle.com.lab2454.com/whsy.php?p=%2Fproc%2F31732" "Mozilla/5.0 AppleWebKit/537.36 (KHTML, like Gecko; compatible; GPTBot/1.3; +https://openai.com/gptbot)"
74.7.227.16 - - [13/Apr/2026:13:21:24 +0000] "GET /whsy.php?p=%2Fproc%2F16766%2Ftask HTTP/2.0" 200 947 "https://shaksettle.com/whsy.php?p=%2Fproc%2F16766" "Mozilla/5.0 AppleWebKit/537.36 (KHTML, like Gecko; compatible; GPTBot/1.3; +https://openai.com/gptbot)"
144.76.32.187 - - [13/Apr/2026:13:21:25 +0000] "GET /whsy.php?p=/proc/31273 HTTP/1.1" 200 947 "-" "Mozilla/5.0 (compatible; SERankingBacklinksBot/1.0; +https://seranking.com/backlinks-crawler)"
74.7.241.28 - - [13/Apr/2026:13:21:27 +0000] "GET /whsy.php?e=pagemap&p=%2Fproc%2F31151 HTTP/2.0" 200 1935 "https://www.shaksettle.com.lab2454.com/whsy.php?p=%2Fproc%2F31151" "Mozilla/5.0 AppleWebKit/537.36 (KHTML, like Gecko; compatible; GPTBot/1.3; +https://openai.com/gptbot)"
74.7.227.16 - - [13/Apr/2026:13:21:27 +0000] "GET /whsy.php?p=%2Fproc%2F17705%2Fnet HTTP/2.0" 200 947 "https://shaksettle.com/whsy.php?p=%2Fproc%2F17705" "Mozilla/5.0 AppleWebKit/537.36 (KHTML, like Gecko; compatible; GPTBot/1.3; +https://openai.com/gptbot)"
74.7.241.28 - - [13/Apr/2026:13:21:30 +0000] "GET /whsy.php?e=pagemap&p=%2Fproc%2F25979 HTTP/2.0" 200 1936 "https://www.shaksettle.com.lab2454.com/whsy.php?p=%2Fproc%2F25979" "Mozilla/5.0 AppleWebKit/537.36 (KHTML, like Gecko; compatible; GPTBot/1.3; +https://openai.com/gptbot)"
74.7.227.16 - - [13/Apr/2026:13:21:30 +0000] "GET /whsy.php?p=%2Fproc%2F16594%2Fattr HTTP/2.0" 200 947 "https://shaksettle.com/whsy.php?p=%2Fproc%2F16594" "Mozilla/5.0 AppleWebKit/537.36 (KHTML, like Gecko; compatible; GPTBot/1.3; +https://openai.com/gptbot)"
74.7.241.28 - - [13/Apr/2026:13:21:34 +0000] "GET /whsy.php?e=pagemap&p=%2Fproc%2F22180 HTTP/2.0" 200 1936 "https://www.shaksettle.com.lab2454.com/whsy.php?p=%2Fproc%2F22180" "Mozilla/5.0 AppleWebKit/537.36 (KHTML, like Gecko; compatible; GPTBot/1.3; +https://openai.com/gptbot)"
74.7.227.16 - - [13/Apr/2026:13:21:34 +0000] "GET /whsy.php?p=%2Fproc%2F23659%2Fattr HTTP/2.0" 200 947 "https://shaksettle.com/whsy.php?p=%2Fproc%2F23659" "Mozilla/5.0 AppleWebKit/537.36 (KHTML, like Gecko; compatible; GPTBot/1.3; +https://openai.com/gptbot)"
144.76.32.187 - - [13/Apr/2026:13:21:36 +0000] "GET /whsy.php?p=/proc/31274 HTTP/1.1" 200 947 "-" "Mozilla/5.0 (compatible; SERankingBacklinksBot/1.0; +https://seranking.com/backlinks-crawler)"
74.7.241.28 - - [13/Apr/2026:13:21:37 +0000] "GET /whsy.php?e=statm&p=%2Fproc%2F25979 HTTP/2.0" 200 2009 "https://www.shaksettle.com.lab2454.com/whsy.php?p=%2Fproc%2F25979" "Mozilla/5.0 AppleWebKit/537.36 (KHTML, like Gecko; compatible; GPTBot/1.3; +https://openai.com/gptbot)"
74.7.227.16 - - [13/Apr/2026:13:21:37 +0000] "GET /whsy.php?p=%2Fproc%2F10402%2Ftask HTTP/2.0" 200 947 "https://shaksettle.com/whsy.php?p=%2Fproc%2F10402" "Mozilla/5.0 AppleWebKit/537.36 (KHTML, like Gecko; compatible; GPTBot/1.3; +https://openai.com/gptbot)"
74.7.241.28 - - [13/Apr/2026:13:21:40 +0000] "GET /whsy.php?e=stack&p=%2Fproc%2F25979 HTTP/2.0" 200 1936 "https://www.shaksettle.com.lab2454.com/whsy.php?p=%2Fproc%2F25979" "Mozilla/5.0 AppleWebKit/537.36 (KHTML, like Gecko; compatible; GPTBot/1.3; +https://openai.com/gptbot)"
74.7.227.16 - - [13/Apr/2026:13:21:41 +0000] "GET /whsy.php?e=tcp&p=%2Fproc%2F14945%2Fnet HTTP/2.0" 200 11978 "https://shaksettle.com/whsy.php?p=%2Fproc%2F14945%2Fnet" "Mozilla/5.0 AppleWebKit/537.36 (KHTML, like Gecko; compatible; GPTBot/1.3; +https://openai.com/gptbot)"
74.7.241.28 - - [13/Apr/2026:13:21:44 +0000] "GET /whsy.php?e=stack&p=%2Fproc%2F31732 HTTP/2.0" 200 1936 "https://www.shaksettle.com.lab2454.com/whsy.php?p=%2Fproc%2F31732" "Mozilla/5.0 AppleWebKit/537.36 (KHTML, like Gecko; compatible; GPTBot/1.3; +https://openai.com/gptbot)"
74.7.227.16 - - [13/Apr/2026:13:21:44 +0000] "GET /whsy.php?e=arp_tables_names&p=%2Fproc%2F14945%2Fnet HTTP/2.0" 200 2441 "https://shaksettle.com/whsy.php?p=%2Fproc%2F14945%2Fnet" "Mozilla/5.0 AppleWebKit/537.36 (KHTML, like Gecko; compatible; GPTBot/1.3; +https://openai.com/gptbot)"
144.76.32.187 - - [13/Apr/2026:13:21:44 +0000] "GET /whsy.php?p=/proc/31275 HTTP/1.1" 200 947 "-" "Mozilla/5.0 (compatible; SERankingBacklinksBot/1.0; +https://seranking.com/backlinks-crawler)"
74.7.241.28 - - [13/Apr/2026:13:21:47 +0000] "GET /whsy.php?e=statm&p=%2Fproc%2F31732 HTTP/2.0" 200 2008 "https://www.shaksettle.com.lab2454.com/whsy.php?p=%2Fproc%2F31732" "Mozilla/5.0 AppleWebKit/537.36 (KHTML, like Gecko; compatible; GPTBot/1.3; +https://openai.com/gptbot)"
74.7.227.16 - - [13/Apr/2026:13:21:47 +0000] "GET /whsy.php?e=pfkey&p=%2Fproc%2F14945%2Fnet HTTP/2.0" 200 2535 "https://shaksettle.com/whsy.php?p=%2Fproc%2F14945%2Fnet" "Mozilla/5.0 AppleWebKit/537.36 (KHTML, like Gecko; compatible; GPTBot/1.3; +https://openai.com/gptbot)"
74.7.241.28 - - [13/Apr/2026:13:21:50 +0000] "GET /whsy.php?e=statm&p=%2Fproc%2F26077 HTTP/2.0" 200 2009 "https://www.shaksettle.com.lab2454.com/whsy.php?p=%2Fproc%2F26077" "Mozilla/5.0 AppleWebKit/537.36 (KHTML, like Gecko; compatible; GPTBot/1.3; +https://openai.com/gptbot)"
74.7.227.16 - - [13/Apr/2026:13:21:51 +0000] "GET /whsy.php?e=prev&p=%2Fproc%2F14945%2Fattr HTTP/2.0" 200 859 "https://shaksettle.com/whsy.php?p=%2Fproc%2F14945%2Fattr" "Mozilla/5.0 AppleWebKit/537.36 (KHTML, like Gecko; compatible; GPTBot/1.3; +https://openai.com/gptbot)"
144.76.32.187 - - [13/Apr/2026:13:21:51 +0000] "GET /whsy.php?p=/proc/31276 HTTP/1.1" 200 947 "-" "Mozilla/5.0 (compatible; SERankingBacklinksBot/1.0; +https://seranking.com/backlinks-crawler)"
74.7.241.28 - - [13/Apr/2026:13:21:53 +0000] "GET /whsy.php?e=stack&p=%2Fproc%2F26077 HTTP/2.0" 200 1936 "https://www.shaksettle.com.lab2454.com/whsy.php?p=%2Fproc%2F26077" "Mozilla/5.0 AppleWebKit/537.36 (KHTML, like Gecko; compatible; GPTBot/1.3; +https://openai.com/gptbot)"
74.7.227.16 - - [13/Apr/2026:13:21:54 +0000] "GET /whsy.php?e=exec&p=%2Fproc%2F14945%2Fattr HTTP/2.0" 200 859 "https://shaksettle.com/whsy.php?p=%2Fproc%2F14945%2Fattr" "Mozilla/5.0 AppleWebKit/537.36 (KHTML, like Gecko; compatible; GPTBot/1.3; +https://openai.com/gptbot)"
74.7.241.28 - - [13/Apr/2026:13:21:57 +0000] "GET /whsy.php?e=statm&p=%2Fproc%2F31151 HTTP/2.0" 200 947 "https://www.shaksettle.com.lab2454.com/whsy.php?p=%2Fproc%2F31151" "Mozilla/5.0 AppleWebKit/537.36 (KHTML, like Gecko; compatible; GPTBot/1.3; +https://openai.com/gptbot)"
144.76.32.187 - - [13/Apr/2026:13:21:57 +0000] "GET /whsy.php?p=/proc/31278 HTTP/1.1" 200 947 "-" "Mozilla/5.0 (compatible; SERankingBacklinksBot/1.0; +https://seranking.com/backlinks-crawler)"
74.7.227.16 - - [13/Apr/2026:13:21:57 +0000] "GET /whsy.php?e=route&p=%2Fproc%2F14945%2Fnet HTTP/2.0" 200 2638 "https://shaksettle.com/whsy.php?p=%2Fproc%2F14945%2Fnet" "Mozilla/5.0 AppleWebKit/537.36 (KHTML, like Gecko; compatible; GPTBot/1.3; +https://openai.com/gptbot)"
74.7.241.28 - - [13/Apr/2026:13:22:00 +0000] "GET /whsy.php?e=stack&p=%2Fproc%2F31151 HTTP/2.0" 200 947 "https://www.shaksettle.com.lab2454.com/whsy.php?p=%2Fproc%2F31151" "Mozilla/5.0 AppleWebKit/537.36 (KHTML, like Gecko; compatible; GPTBot/1.3; +https://openai.com/gptbot)"
74.7.227.16 - - [13/Apr/2026:13:22:00 +0000] "GET /whsy.php?p=%2Fproc%2F26761%2Fnet HTTP/2.0" 200 947 "https://shaksettle.com/whsy.php?p=%2Fproc%2F26761" "Mozilla/5.0 AppleWebKit/537.36 (KHTML, like Gecko; compatible; GPTBot/1.3; +https://openai.com/gptbot)"
74.7.241.28 - - [13/Apr/2026:13:22:03 +0000] "GET /whsy.php?e=sessionid&p=%2Fproc%2F27056 HTTP/2.0" 200 2017 "https://www.shaksettle.com.lab2454.com/whsy.php?p=%2Fproc%2F27056" "Mozilla/5.0 AppleWebKit/537.36 (KHTML, like Gecko; compatible; GPTBot/1.3; +https://openai.com/gptbot)"
74.7.227.16 - - [13/Apr/2026:13:22:03 +0000] "GET /whsy.php?e=arch_status&p=%2Fproc%2F19379 HTTP/2.0" 200 947 "https://shaksettle.com/whsy.php?p=%2Fproc%2F19379" "Mozilla/5.0 AppleWebKit/537.36 (KHTML, like Gecko; compatible; GPTBot/1.3; +https://openai.com/gptbot)"
144.76.32.187 - - [13/Apr/2026:13:22:05 +0000] "GET /whsy.php?p=/proc/31279 HTTP/1.1" 200 947 "-" "Mozilla/5.0 (compatible; SERankingBacklinksBot/1.0; +https://seranking.com/backlinks-crawler)"
74.7.241.28 - - [13/Apr/2026:13:22:07 +0000] "GET /whsy.php?e=sessionid&p=%2Fproc%2F21563 HTTP/2.0" 200 2016 "https://www.shaksettle.com.lab2454.com/whsy.php?p=%2Fproc%2F21563" "Mozilla/5.0 AppleWebKit/537.36 (KHTML, like Gecko; compatible; GPTBot/1.3; +https://openai.com/gptbot)"
74.7.227.16 - - [13/Apr/2026:13:22:07 +0000] "GET /whsy.php?e=arch_status&p=%2Fproc%2F14945 HTTP/2.0" 200 2006 "https://shaksettle.com/whsy.php?p=%2Fproc%2F14945" "Mozilla/5.0 AppleWebKit/537.36 (KHTML, like Gecko; compatible; GPTBot/1.3; +https://openai.com/gptbot)"
74.7.241.28 - - [13/Apr/2026:13:22:10 +0000] "GET /whsy.php?e=autogroup&p=%2Fproc%2F25979 HTTP/2.0" 200 2003 "https://www.shaksettle.com.lab2454.com/whsy.php?p=%2Fproc%2F25979" "Mozilla/5.0 AppleWebKit/537.36 (KHTML, like Gecko; compatible; GPTBot/1.3; +https://openai.com/gptbot)"
74.7.227.16 - - [13/Apr/2026:13:22:10 +0000] "GET /whsy.php?e=arch_status&p=%2Fproc%2F17705 HTTP/2.0" 200 947 "https://shaksettle.com/whsy.php?p=%2Fproc%2F17705" "Mozilla/5.0 AppleWebKit/537.36 (KHTML, like Gecko; compatible; GPTBot/1.3; +https://openai.com/gptbot)"
144.76.32.187 - - [13/Apr/2026:13:22:11 +0000] "GET /whsy.php?p=/proc/31280 HTTP/1.1" 200 947 "-" "Mozilla/5.0 (compatible; SERankingBacklinksBot/1.0; +https://seranking.com/backlinks-crawler)"
74.7.241.28 - - [13/Apr/2026:13:22:13 +0000] "GET /whsy.php?e=setgroups&p=%2Fproc%2F27056 HTTP/2.0" 200 2007 "https://www.shaksettle.com.lab2454.com/whsy.php?p=%2Fproc%2F27056" "Mozilla/5.0 AppleWebKit/537.36 (KHTML, like Gecko; compatible; GPTBot/1.3; +https://openai.com/gptbot)"
74.7.227.16 - - [13/Apr/2026:13:22:13 +0000] "GET /whsy.php?e=arch_status&p=%2Fproc%2F23659 HTTP/2.0" 200 947 "https://shaksettle.com/whsy.php?p=%2Fproc%2F23659" "Mozilla/5.0 AppleWebKit/537.36 (KHTML, like Gecko; compatible; GPTBot/1.3; +https://openai.com/gptbot)"
74.7.241.28 - - [13/Apr/2026:13:22:17 +0000] "GET /whsy.php?e=autogroup&p=%2Fproc%2F26077 HTTP/2.0" 200 2004 "https://www.shaksettle.com.lab2454.com/whsy.php?p=%2Fproc%2F26077" "Mozilla/5.0 AppleWebKit/537.36 (KHTML, like Gecko; compatible; GPTBot/1.3; +https://openai.com/gptbot)"
74.7.227.16 - - [13/Apr/2026:13:22:17 +0000] "GET /whsy.php?e=igmp&p=%2Fproc%2F14945%2Fnet HTTP/2.0" 200 2592 "https://shaksettle.com/whsy.php?p=%2Fproc%2F14945%2Fnet" "Mozilla/5.0 AppleWebKit/537.36 (KHTML, like Gecko; compatible; GPTBot/1.3; +https://openai.com/gptbot)"
144.76.32.187 - - [13/Apr/2026:13:22:20 +0000] "GET /whsy.php?p=/proc/31281 HTTP/1.1" 200 947 "-" "Mozilla/5.0 (compatible; SERankingBacklinksBot/1.0; +https://seranking.com/backlinks-crawler)"
74.7.241.28 - - [13/Apr/2026:13:22:20 +0000] "GET /whsy.php?e=setgroups&p=%2Fproc%2F21563 HTTP/2.0" 200 2007 "https://www.shaksettle.com.lab2454.com/whsy.php?p=%2Fproc%2F21563" "Mozilla/5.0 AppleWebKit/537.36 (KHTML, like Gecko; compatible; GPTBot/1.3; +https://openai.com/gptbot)"
74.7.227.16 - - [13/Apr/2026:13:22:20 +0000] "GET /whsy.php?e=cgroup&p=%2Fproc%2F23659 HTTP/2.0" 200 947 "https://shaksettle.com/whsy.php?p=%2Fproc%2F23659" "Mozilla/5.0 AppleWebKit/537.36 (KHTML, like Gecko; compatible; GPTBot/1.3; +https://openai.com/gptbot)"
74.7.241.28 - - [13/Apr/2026:13:22:23 +0000] "GET /whsy.php?e=sessionid&p=%2Fproc%2F27543 HTTP/2.0" 200 2017 "https://www.shaksettle.com.lab2454.com/whsy.php?p=%2Fproc%2F27543" "Mozilla/5.0 AppleWebKit/537.36 (KHTML, like Gecko; compatible; GPTBot/1.3; +https://openai.com/gptbot)"
74.7.227.16 - - [13/Apr/2026:13:22:24 +0000] "GET /whsy.php?e=cpuset&p=%2Fproc%2F14945 HTTP/2.0" 200 2005 "https://shaksettle.com/whsy.php?p=%2Fproc%2F14945" "Mozilla/5.0 AppleWebKit/537.36 (KHTML, like Gecko; compatible; GPTBot/1.3; +https://openai.com/gptbot)"
144.76.32.187 - - [13/Apr/2026:13:22:26 +0000] "GET /whsy.php?p=/proc/31288 HTTP/1.1" 200 947 "-" "Mozilla/5.0 (compatible; SERankingBacklinksBot/1.0; +https://seranking.com/backlinks-crawler)"
74.7.241.28 - - [13/Apr/2026:13:22:27 +0000] "GET /whsy.php?e=sessionid&p=%2Fproc%2F12345 HTTP/2.0" 200 2015 "https://www.shaksettle.com.lab2454.com/whsy.php?p=%2Fproc%2F12345" "Mozilla/5.0 AppleWebKit/537.36 (KHTML, like Gecko; compatible; GPTBot/1.3; +https://openai.com/gptbot)"
74.7.227.16 - - [13/Apr/2026:13:22:27 +0000] "GET /whsy.php?e=cpuset&p=%2Fproc%2F23659 HTTP/2.0" 200 947 "https://shaksettle.com/whsy.php?p=%2Fproc%2F23659" "Mozilla/5.0 AppleWebKit/537.36 (KHTML, like Gecko; compatible; GPTBot/1.3; +https://openai.com/gptbot)"
74.7.241.28 - - [13/Apr/2026:13:22:30 +0000] "GET /whsy.php?e=setgroups&p=%2Fproc%2F12345 HTTP/2.0" 200 2007 "https://www.shaksettle.com.lab2454.com/whsy.php?p=%2Fproc%2F12345" "Mozilla/5.0 AppleWebKit/537.36 (KHTML, like Gecko; compatible; GPTBot/1.3; +https://openai.com/gptbot)"
74.7.227.16 - - [13/Apr/2026:13:22:31 +0000] "GET /whsy.php?e=cpuset&p=%2Fproc%2F17705 HTTP/2.0" 200 947 "https://shaksettle.com/whsy.php?p=%2Fproc%2F17705" "Mozilla/5.0 AppleWebKit/537.36 (KHTML, like Gecko; compatible; GPTBot/1.3; +https://openai.com/gptbot)"
74.7.241.28 - - [13/Apr/2026:13:22:34 +0000] "GET /whsy.php?e=autogroup&p=%2Fproc%2F31151 HTTP/2.0" 200 947 "https://www.shaksettle.com.lab2454.com/whsy.php?p=%2Fproc%2F31151" "Mozilla/5.0 AppleWebKit/537.36 (KHTML, like Gecko; compatible; GPTBot/1.3; +https://openai.com/gptbot)"
144.76.32.187 - - [13/Apr/2026:13:22:34 +0000] "GET /whsy.php?p=/proc/31289 HTTP/1.1" 200 947 "-" "Mozilla/5.0 (compatible; SERankingBacklinksBot/1.0; +https://seranking.com/backlinks-crawler)"
74.7.227.16 - - [13/Apr/2026:13:22:34 +0000] "GET /whsy.php?e=cgroup&p=%2Fproc%2F19379 HTTP/2.0" 200 947 "https://shaksettle.com/whsy.php?p=%2Fproc%2F19379" "Mozilla/5.0 AppleWebKit/537.36 (KHTML, like Gecko; compatible; GPTBot/1.3; +https://openai.com/gptbot)"
74.7.241.28 - - [13/Apr/2026:13:22:37 +0000] "GET /whsy.php?e=setgroups&p=%2Fproc%2F27543 HTTP/2.0" 200 2007 "https://www.shaksettle.com.lab2454.com/whsy.php?p=%2Fproc%2F27543" "Mozilla/5.0 AppleWebKit/537.36 (KHTML, like Gecko; compatible; GPTBot/1.3; +https://openai.com/gptbot)"
74.7.227.16 - - [13/Apr/2026:13:22:37 +0000] "GET /whsy.php?e=status&p=%2Fproc%2F16766 HTTP/2.0" 200 947 "https://shaksettle.com/whsy.php?p=%2Fproc%2F16766" "Mozilla/5.0 AppleWebKit/537.36 (KHTML, like Gecko; compatible; GPTBot/1.3; +https://openai.com/gptbot)"
74.7.241.28 - - [13/Apr/2026:13:22:40 +0000] "GET /whsy.php?e=autogroup&p=%2Fproc%2F31732 HTTP/2.0" 200 2003 "https://www.shaksettle.com.lab2454.com/whsy.php?p=%2Fproc%2F31732" "Mozilla/5.0 AppleWebKit/537.36 (KHTML, like Gecko; compatible; GPTBot/1.3; +https://openai.com/gptbot)"
144.76.32.187 - - [13/Apr/2026:13:22:41 +0000] "GET /whsy.php?p=/proc/31292 HTTP/1.1" 200 947 "-" "Mozilla/5.0 (compatible; SERankingBacklinksBot/1.0; +https://seranking.com/backlinks-crawler)"
74.7.227.16 - - [13/Apr/2026:13:22:41 +0000] "GET /whsy.php?e=cgroup&p=%2Fproc%2F17705 HTTP/2.0" 200 947 "https://shaksettle.com/whsy.php?p=%2Fproc%2F17705" "Mozilla/5.0 AppleWebKit/537.36 (KHTML, like Gecko; compatible; GPTBot/1.3; +https://openai.com/gptbot)"
74.7.241.28 - - [13/Apr/2026:13:22:44 +0000] "GET /whsy.php?e=timerslack_ns&p=%2Fproc%2F31732 HTTP/2.0" 200 2007 "https://www.shaksettle.com.lab2454.com/whsy.php?p=%2Fproc%2F31732" "Mozilla/5.0 AppleWebKit/537.36 (KHTML, like Gecko; compatible; GPTBot/1.3; +https://openai.com/gptbot)"
74.7.227.16 - - [13/Apr/2026:13:22:44 +0000] "GET /whsy.php?e=status&p=%2Fproc%2F26761 HTTP/2.0" 200 947 "https://shaksettle.com/whsy.php?p=%2Fproc%2F26761" "Mozilla/5.0 AppleWebKit/537.36 (KHTML, like Gecko; compatible; GPTBot/1.3; +https://openai.com/gptbot)"
144.76.32.187 - - [13/Apr/2026:13:22:46 +0000] "GET /whsy.php?p=/proc/31293 HTTP/1.1" 200 947 "-" "Mozilla/5.0 (compatible; SERankingBacklinksBot/1.0; +https://seranking.com/backlinks-crawler)"
74.7.241.28 - - [13/Apr/2026:13:22:47 +0000] "GET /whsy.php?e=timerslack_ns&p=%2Fproc%2F31151 HTTP/2.0" 200 947 "https://www.shaksettle.com.lab2454.com/whsy.php?p=%2Fproc%2F31151" "Mozilla/5.0 AppleWebKit/537.36 (KHTML, like Gecko; compatible; GPTBot/1.3; +https://openai.com/gptbot)"
74.7.227.16 - - [13/Apr/2026:13:22:48 +0000] "GET /whsy.php?e=cpuset&p=%2Fproc%2F19379 HTTP/2.0" 200 947 "https://shaksettle.com/whsy.php?p=%2Fproc%2F19379" "Mozilla/5.0 AppleWebKit/537.36 (KHTML, like Gecko; compatible; GPTBot/1.3; +https://openai.com/gptbot)"
74.7.241.28 - - [13/Apr/2026:13:22:50 +0000] "GET /whsy.php?e=timerslack_ns&p=%2Fproc%2F21563 HTTP/2.0" 200 2007 "https://www.shaksettle.com.lab2454.com/whsy.php?p=%2Fproc%2F21563" "Mozilla/5.0 AppleWebKit/537.36 (KHTML, like Gecko; compatible; GPTBot/1.3; +https://openai.com/gptbot)"
74.7.227.16 - - [13/Apr/2026:13:22:51 +0000] "GET /whsy.php?e=cgroup&p=%2Fproc%2F14945 HTTP/2.0" 200 2117 "https://shaksettle.com/whsy.php?p=%2Fproc%2F14945" "Mozilla/5.0 AppleWebKit/537.36 (KHTML, like Gecko; compatible; GPTBot/1.3; +https://openai.com/gptbot)"
144.76.32.187 - - [13/Apr/2026:13:22:52 +0000] "GET /whsy.php?p=/proc/31294 HTTP/1.1" 200 947 "-" "Mozilla/5.0 (compatible; SERankingBacklinksBot/1.0; +https://seranking.com/backlinks-crawler)"
74.7.241.28 - - [13/Apr/2026:13:22:54 +0000] "GET /whsy.php?e=timerslack_ns&p=%2Fproc%2F18661 HTTP/2.0" 200 947 "https://www.shaksettle.com.lab2454.com/whsy.php?p=%2Fproc%2F18661" "Mozilla/5.0 AppleWebKit/537.36 (KHTML, like Gecko; compatible; GPTBot/1.3; +https://openai.com/gptbot)"
74.7.227.16 - - [13/Apr/2026:13:22:54 +0000] "GET /whsy.php?e=status&p=%2Fproc%2F10402 HTTP/2.0" 200 947 "https://shaksettle.com/whsy.php?p=%2Fproc%2F10402" "Mozilla/5.0 AppleWebKit/537.36 (KHTML, like Gecko; compatible; GPTBot/1.3; +https://openai.com/gptbot)"
74.7.241.28 - - [13/Apr/2026:13:22:57 +0000] "GET /whsy.php?e=timerslack_ns&p=%2Fproc%2F26077 HTTP/2.0" 200 2008 "https://www.shaksettle.com.lab2454.com/whsy.php?p=%2Fproc%2F26077" "Mozilla/5.0 AppleWebKit/537.36 (KHTML, like Gecko; compatible; GPTBot/1.3; +https://openai.com/gptbot)"
74.7.227.16 - - [13/Apr/2026:13:22:57 +0000] "GET /whsy.php?e=status&p=%2Fproc%2F28618 HTTP/2.0" 200 947 "https://shaksettle.com/whsy.php?p=%2Fproc%2F28618" "Mozilla/5.0 AppleWebKit/537.36 (KHTML, like Gecko; compatible; GPTBot/1.3; +https://openai.com/gptbot)"
74.7.241.28 - - [13/Apr/2026:13:23:00 +0000] "GET /whsy.php?e=timerslack_ns&p=%2Fproc%2F27543 HTTP/2.0" 200 2008 "https://www.shaksettle.com.lab2454.com/whsy.php?p=%2Fproc%2F27543" "Mozilla/5.0 AppleWebKit/537.36 (KHTML, like Gecko; compatible; GPTBot/1.3; +https://openai.com/gptbot)"
74.7.227.16 - - [13/Apr/2026:13:23:01 +0000] "GET /whsy.php?e=arch_status&p=%2Fproc%2F16594 HTTP/2.0" 200 947 "https://shaksettle.com/whsy.php?p=%2Fproc%2F16594" "Mozilla/5.0 AppleWebKit/537.36 (KHTML, like Gecko; compatible; GPTBot/1.3; +https://openai.com/gptbot)"
74.7.241.28 - - [13/Apr/2026:13:23:04 +0000] "GET /whsy.php?e=timerslack_ns&p=%2Fproc%2F12345 HTTP/2.0" 200 2007 "https://www.shaksettle.com.lab2454.com/whsy.php?p=%2Fproc%2F12345" "Mozilla/5.0 AppleWebKit/537.36 (KHTML, like Gecko; compatible; GPTBot/1.3; +https://openai.com/gptbot)"
74.7.227.16 - - [13/Apr/2026:13:23:04 +0000] "GET /whsy.php?e=arch_status&p=%2Fproc%2F13605 HTTP/2.0" 200 2005 "https://shaksettle.com/whsy.php?p=%2Fproc%2F13605" "Mozilla/5.0 AppleWebKit/537.36 (KHTML, like Gecko; compatible; GPTBot/1.3; +https://openai.com/gptbot)"
51.75.116.205 - - [13/Apr/2026:13:23:05 +0000] "GET /robots.txt HTTP/1.1" 404 - "-" "Mozilla/5.0 (compatible; MJ12bot/v1.4.8; http://mj12bot.com/)"
144.76.32.187 - - [13/Apr/2026:13:23:06 +0000] "GET /whsy.php?p=/proc/31296 HTTP/1.1" 200 947 "-" "Mozilla/5.0 (compatible; SERankingBacklinksBot/1.0; +https://seranking.com/backlinks-crawler)"
51.75.116.205 - - [13/Apr/2026:13:23:07 +0000] "GET /whsy.php?e=.gitignore&p=/home/lab2454c/aficb.com/vendor/psr/container HTTP/1.1" 200 898 "-" "Mozilla/5.0 (compatible; MJ12bot/v1.4.8; http://mj12bot.com/)"
74.7.241.28 - - [13/Apr/2026:13:23:07 +0000] "GET /whsy.php?e=timerslack_ns&p=%2Fproc%2F25979 HTTP/2.0" 200 2008 "https://www.shaksettle.com.lab2454.com/whsy.php?p=%2Fproc%2F25979" "Mozilla/5.0 AppleWebKit/537.36 (KHTML, like Gecko; compatible; GPTBot/1.3; +https://openai.com/gptbot)"
74.7.227.16 - - [13/Apr/2026:13:23:08 +0000] "GET /whsy.php?e=numa_maps&p=%2Fproc%2F16766 HTTP/2.0" 200 947 "https://shaksettle.com/whsy.php?p=%2Fproc%2F16766" "Mozilla/5.0 AppleWebKit/537.36 (KHTML, like Gecko; compatible; GPTBot/1.3; +https://openai.com/gptbot)"
51.75.116.205 - - [13/Apr/2026:13:23:08 +0000] "GET /whsy.php?e=block-editor.min.js&p=/home/lab2454c/bullionmills.com/wp-includes/js/dist HTTP/1.1" 200 230155 "-" "Mozilla/5.0 (compatible; MJ12bot/v1.4.8; http://mj12bot.com/)"
51.75.116.205 - - [13/Apr/2026:13:23:10 +0000] "GET /whsy.php?e=editor-rtl.min.css&p=/home/lab2454c/foreclass.com/wp-includes/blocks/post-template HTTP/1.1" 200 1024 "-" "Mozilla/5.0 (compatible; MJ12bot/v1.4.8; http://mj12bot.com/)"
74.7.241.28 - - [13/Apr/2026:13:23:11 +0000] "GET /whsy.php?e=timerslack_ns&p=%2Fproc%2F27056 HTTP/2.0" 200 2008 "https://www.shaksettle.com.lab2454.com/whsy.php?p=%2Fproc%2F27056" "Mozilla/5.0 AppleWebKit/537.36 (KHTML, like Gecko; compatible; GPTBot/1.3; +https://openai.com/gptbot)"
74.7.227.16 - - [13/Apr/2026:13:23:11 +0000] "GET /whsy.php?e=numa_maps&p=%2Fproc%2F28618 HTTP/2.0" 200 947 "https://shaksettle.com/whsy.php?p=%2Fproc%2F28618" "Mozilla/5.0 AppleWebKit/537.36 (KHTML, like Gecko; compatible; GPTBot/1.3; +https://openai.com/gptbot)"
51.75.116.205 - - [13/Apr/2026:13:23:12 +0000] "GET /whsy.php?e=editor-rtl.min.css&p=/home/lab2454c/foreclass.com/wp-includes/blocks/pullquote HTTP/1.1" 200 1158 "-" "Mozilla/5.0 (compatible; MJ12bot/v1.4.8; http://mj12bot.com/)"
51.75.116.205 - - [13/Apr/2026:13:23:13 +0000] "GET /whsy.php?e=editor-rtl.min.css&p=/home/lab2454c/foreclass.com/wp-includes/blocks/site-tagline HTTP/1.1" 200 890 "-" "Mozilla/5.0 (compatible; MJ12bot/v1.4.8; http://mj12bot.com/)"
74.7.241.28 - - [13/Apr/2026:13:23:14 +0000] "GET /whsy.php?e=autogroup&p=%2Fproc%2F18661 HTTP/2.0" 200 947 "https://www.shaksettle.com.lab2454.com/whsy.php?p=%2Fproc%2F18661" "Mozilla/5.0 AppleWebKit/537.36 (KHTML, like Gecko; compatible; GPTBot/1.3; +https://openai.com/gptbot)"
74.7.227.16 - - [13/Apr/2026:13:23:14 +0000] "GET /whsy.php?e=oom_score&p=%2Fproc%2F16594 HTTP/2.0" 200 947 "https://shaksettle.com/whsy.php?p=%2Fproc%2F16594" "Mozilla/5.0 AppleWebKit/537.36 (KHTML, like Gecko; compatible; GPTBot/1.3; +https://openai.com/gptbot)"
51.75.116.205 - - [13/Apr/2026:13:23:15 +0000] "GET /whsy.php?e=editor-rtl.min.css&p=/home/lab2454c/incforce.com/wp-includes/blocks/site-title HTTP/1.1" 200 1036 "-" "Mozilla/5.0 (compatible; MJ12bot/v1.4.8; http://mj12bot.com/)"
51.75.116.205 - - [13/Apr/2026:13:23:16 +0000] "GET /whsy.php?e=editor-rtl.min.css&p=/home/lab2454c/incforce.com/wp-includes/blocks/social-link HTTP/1.1" 200 982 "-" "Mozilla/5.0 (compatible; MJ12bot/v1.4.8; http://mj12bot.com/)"
74.7.241.28 - - [13/Apr/2026:13:23:17 +0000] "GET /whsy.php?e=schedstat&p=%2Fproc%2F12345 HTTP/2.0" 200 2032 "https://www.shaksettle.com.lab2454.com/whsy.php?p=%2Fproc%2F12345" "Mozilla/5.0 AppleWebKit/537.36 (KHTML, like Gecko; compatible; GPTBot/1.3; +https://openai.com/gptbot)"
51.75.116.205 - - [13/Apr/2026:13:23:18 +0000] "GET /whsy.php?e=editor-rtl.min.css&p=/home/lab2454c/incforce.com/wp-includes/blocks/social-links HTTP/1.1" 200 1584 "-" "Mozilla/5.0 (compatible; MJ12bot/v1.4.8; http://mj12bot.com/)"
74.7.227.16 - - [13/Apr/2026:13:23:18 +0000] "GET /whsy.php?e=numa_maps&p=%2Fproc%2F10402 HTTP/2.0" 200 947 "https://shaksettle.com/whsy.php?p=%2Fproc%2F10402" "Mozilla/5.0 AppleWebKit/537.36 (KHTML, like Gecko; compatible; GPTBot/1.3; +https://openai.com/gptbot)"
51.75.116.205 - - [13/Apr/2026:13:23:20 +0000] "GET /whsy.php?e=editor-rtl.min.css&p=/home/lab2454c/incforce.com/wp-includes/blocks/spacer HTTP/1.1" 200 1276 "-" "Mozilla/5.0 (compatible; MJ12bot/v1.4.8; http://mj12bot.com/)"
74.7.241.28 - - [13/Apr/2026:13:23:21 +0000] "GET /whsy.php?e=autogroup&p=%2Fproc%2F27543 HTTP/2.0" 200 2022 "https://www.shaksettle.com.lab2454.com/whsy.php?p=%2Fproc%2F27543" "Mozilla/5.0 AppleWebKit/537.36 (KHTML, like Gecko; compatible; GPTBot/1.3; +https://openai.com/gptbot)"
51.75.116.205 - - [13/Apr/2026:13:23:21 +0000] "GET /whsy.php?e=editor-rtl.min.css&p=/home/lab2454c/incforce.com/wp-includes/blocks/table HTTP/1.1" 200 1421 "-" "Mozilla/5.0 (compatible; MJ12bot/v1.4.8; http://mj12bot.com/)"
74.7.227.16 - - [13/Apr/2026:13:23:21 +0000] "GET /whsy.php?e=numa_maps&p=%2Fproc%2F26761 HTTP/2.0" 200 947 "https://shaksettle.com/whsy.php?p=%2Fproc%2F26761" "Mozilla/5.0 AppleWebKit/537.36 (KHTML, like Gecko; compatible; GPTBot/1.3; +https://openai.com/gptbot)"
144.76.32.187 - - [13/Apr/2026:13:23:22 +0000] "GET /whsy.php?p=/proc/31297 HTTP/1.1" 200 947 "-" "Mozilla/5.0 (compatible; SERankingBacklinksBot/1.0; +https://seranking.com/backlinks-crawler)"
51.75.116.205 - - [13/Apr/2026:13:23:22 +0000] "GET /whsy.php?e=editor-rtl.min.css&p=/home/lab2454c/incforce.com/wp-includes/blocks/template-part HTTP/1.1" 200 1319 "-" "Mozilla/5.0 (compatible; MJ12bot/v1.4.8; http://mj12bot.com/)"
51.75.116.205 - - [13/Apr/2026:13:23:24 +0000] "GET /whsy.php?e=editor-rtl.min.css&p=/home/lab2454c/incforce.com/wp-includes/blocks/text-columns HTTP/1.1" 200 1024 "-" "Mozilla/5.0 (compatible; MJ12bot/v1.4.8; http://mj12bot.com/)"
74.7.241.28 - - [13/Apr/2026:13:23:24 +0000] "GET /whsy.php?e=autogroup&p=%2Fproc%2F27056 HTTP/2.0" 200 2004 "https://www.shaksettle.com.lab2454.com/whsy.php?p=%2Fproc%2F27056" "Mozilla/5.0 AppleWebKit/537.36 (KHTML, like Gecko; compatible; GPTBot/1.3; +https://openai.com/gptbot)"
74.7.227.16 - - [13/Apr/2026:13:23:24 +0000] "GET /whsy.php?e=oom_score&p=%2Fproc%2F13605 HTTP/2.0" 200 2007 "https://shaksettle.com/whsy.php?p=%2Fproc%2F13605" "Mozilla/5.0 AppleWebKit/537.36 (KHTML, like Gecko; compatible; GPTBot/1.3; +https://openai.com/gptbot)"
51.75.116.205 - - [13/Apr/2026:13:23:25 +0000] "GET /whsy.php?e=editor-rtl.min.css&p=/home/lab2454c/incforce.com/wp-includes/blocks/video HTTP/1.1" 200 1565 "-" "Mozilla/5.0 (compatible; MJ12bot/v1.4.8; http://mj12bot.com/)"
51.75.116.205 - - [13/Apr/2026:13:23:27 +0000] "GET /whsy.php?e=editor-rtl.min.css&p=/home/lab2454c/inctechhub.com/wp-includes/blocks/archives HTTP/1.1" 200 1007 "-" "Mozilla/5.0 (compatible; MJ12bot/v1.4.8; http://mj12bot.com/)"
144.76.32.187 - - [13/Apr/2026:13:23:27 +0000] "GET /whsy.php?p=/proc/31298 HTTP/1.1" 200 947 "-" "Mozilla/5.0 (compatible; SERankingBacklinksBot/1.0; +https://seranking.com/backlinks-crawler)"
74.7.241.28 - - [13/Apr/2026:13:23:27 +0000] "GET /whsy.php?e=autogroup&p=%2Fproc%2F12345 HTTP/2.0" 200 2003 "https://www.shaksettle.com.lab2454.com/whsy.php?p=%2Fproc%2F12345" "Mozilla/5.0 AppleWebKit/537.36 (KHTML, like Gecko; compatible; GPTBot/1.3; +https://openai.com/gptbot)"
51.75.116.205 - - [13/Apr/2026:13:23:28 +0000] "GET /whsy.php?e=editor-rtl.min.css&p=/home/lab2454c/inctechhub.com/wp-includes/blocks/audio HTTP/1.1" 200 1182 "-" "Mozilla/5.0 (compatible; MJ12bot/v1.4.8; http://mj12bot.com/)"
74.7.227.16 - - [13/Apr/2026:13:23:28 +0000] "GET /whsy.php?e=snmp&p=%2Fproc%2F14945%2Fnet HTTP/2.0" 200 3232 "https://shaksettle.com/whsy.php?p=%2Fproc%2F14945%2Fnet" "Mozilla/5.0 AppleWebKit/537.36 (KHTML, like Gecko; compatible; GPTBot/1.3; +https://openai.com/gptbot)"
51.75.116.205 - - [13/Apr/2026:13:23:29 +0000] "GET /whsy.php?e=editor-rtl.min.css&p=/home/lab2454c/inctechhub.com/wp-includes/blocks/avatar HTTP/1.1" 200 1054 "-" "Mozilla/5.0 (compatible; MJ12bot/v1.4.8; http://mj12bot.com/)"
74.7.241.28 - - [13/Apr/2026:13:23:31 +0000] "GET /whsy.php?e=schedstat&p=%2Fproc%2F21563 HTTP/2.0" 200 2032 "https://www.shaksettle.com.lab2454.com/whsy.php?p=%2Fproc%2F21563" "Mozilla/5.0 AppleWebKit/537.36 (KHTML, like Gecko; compatible; GPTBot/1.3; +https://openai.com/gptbot)"
51.75.116.205 - - [13/Apr/2026:13:23:31 +0000] "GET /whsy.php?e=editor-rtl.min.css&p=/home/lab2454c/inctechhub.com/wp-includes/blocks/block HTTP/1.1" 200 1105 "-" "Mozilla/5.0 (compatible; MJ12bot/v1.4.8; http://mj12bot.com/)"
74.7.227.16 - - [13/Apr/2026:13:23:31 +0000] "GET /whsy.php?p=%2Fproc%2F13605%2Ftask HTTP/2.0" 200 772 "https://shaksettle.com/whsy.php?p=%2Fproc%2F13605" "Mozilla/5.0 AppleWebKit/537.36 (KHTML, like Gecko; compatible; GPTBot/1.3; +https://openai.com/gptbot)"
51.75.116.205 - - [13/Apr/2026:13:23:32 +0000] "GET /whsy.php?e=editor-rtl.min.css&p=/home/lab2454c/inctechhub.com/wp-includes/blocks/button HTTP/1.1" 200 1335 "-" "Mozilla/5.0 (compatible; MJ12bot/v1.4.8; http://mj12bot.com/)"
144.76.32.187 - - [13/Apr/2026:13:23:33 +0000] "GET /whsy.php?p=/proc/31299 HTTP/1.1" 200 947 "-" "Mozilla/5.0 (compatible; SERankingBacklinksBot/1.0; +https://seranking.com/backlinks-crawler)"
74.7.241.28 - - [13/Apr/2026:13:23:34 +0000] "GET /whsy.php?e=autogroup&p=%2Fproc%2F21563 HTTP/2.0" 200 2003 "https://www.shaksettle.com.lab2454.com/whsy.php?p=%2Fproc%2F21563" "Mozilla/5.0 AppleWebKit/537.36 (KHTML, like Gecko; compatible; GPTBot/1.3; +https://openai.com/gptbot)"
51.75.116.205 - - [13/Apr/2026:13:23:34 +0000] "GET /whsy.php?e=editor-rtl.min.css&p=/home/lab2454c/inctechhub.com/wp-includes/blocks/buttons HTTP/1.1" 200 1261 "-" "Mozilla/5.0 (compatible; MJ12bot/v1.4.8; http://mj12bot.com/)"
74.7.227.16 - - [13/Apr/2026:13:23:35 +0000] "GET /whsy.php?p=%2Fproc%2F16594%2Ftask HTTP/2.0" 200 947 "https://shaksettle.com/whsy.php?p=%2Fproc%2F16594" "Mozilla/5.0 AppleWebKit/537.36 (KHTML, like Gecko; compatible; GPTBot/1.3; +https://openai.com/gptbot)"
51.75.116.205 - - [13/Apr/2026:13:23:36 +0000] "GET /whsy.php?e=editor-rtl.min.css&p=/home/lab2454c/inctechhub.com/wp-includes/blocks/columns HTTP/1.1" 200 1042 "-" "Mozilla/5.0 (compatible; MJ12bot/v1.4.8; http://mj12bot.com/)"
74.7.241.28 - - [13/Apr/2026:13:23:37 +0000] "GET /whsy.php?e=schedstat&p=%2Fproc%2F27543 HTTP/2.0" 200 2027 "https://www.shaksettle.com.lab2454.com/whsy.php?p=%2Fproc%2F27543" "Mozilla/5.0 AppleWebKit/537.36 (KHTML, like Gecko; compatible; GPTBot/1.3; +https://openai.com/gptbot)"
51.75.116.205 - - [13/Apr/2026:13:23:37 +0000] "GET /whsy.php?e=editor-rtl.min.css&p=/home/lab2454c/inctechhub.com/wp-includes/blocks/comments HTTP/1.1" 200 1743 "-" "Mozilla/5.0 (compatible; MJ12bot/v1.4.8; http://mj12bot.com/)"
51.75.116.205 - - [13/Apr/2026:13:23:39 +0000] "GET /whsy.php?e=editor-rtl.min.css&p=/home/lab2454c/inctechhub.com/wp-includes/blocks/comments-pagination HTTP/1.1" 200 1156 "-" "Mozilla/5.0 (compatible; MJ12bot/v1.4.8; http://mj12bot.com/)"
51.75.116.205 - - [13/Apr/2026:13:23:41 +0000] "GET /whsy.php?e=editor-rtl.min.css&p=/home/lab2454c/inctechhub.com/wp-includes/blocks/comments-pagination-numbers HTTP/1.1" 200 929 "-" "Mozilla/5.0 (compatible; MJ12bot/v1.4.8; http://mj12bot.com/)"
74.7.241.28 - - [13/Apr/2026:13:23:41 +0000] "GET /whsy.php?e=schedstat&p=%2Fproc%2F27056 HTTP/2.0" 200 2034 "https://www.shaksettle.com.lab2454.com/whsy.php?p=%2Fproc%2F27056" "Mozilla/5.0 AppleWebKit/537.36 (KHTML, like Gecko; compatible; GPTBot/1.3; +https://openai.com/gptbot)"
51.75.116.205 - - [13/Apr/2026:13:23:42 +0000] "GET /whsy.php?e=editor-rtl.min.css&p=/home/lab2454c/inctechhub.com/wp-includes/blocks/comments-title HTTP/1.1" 200 889 "-" "Mozilla/5.0 (compatible; MJ12bot/v1.4.8; http://mj12bot.com/)"
51.75.116.205 - - [13/Apr/2026:13:23:44 +0000] "GET /whsy.php?e=editor-rtl.min.css&p=/home/lab2454c/inctechhub.com/wp-includes/blocks/cover HTTP/1.1" 200 1567 "-" "Mozilla/5.0 (compatible; MJ12bot/v1.4.8; http://mj12bot.com/)"
74.7.241.28 - - [13/Apr/2026:13:23:44 +0000] "GET /whsy.php?e=wchan&p=%2Fproc%2F27056 HTTP/2.0" 200 2006 "https://www.shaksettle.com.lab2454.com/whsy.php?p=%2Fproc%2F27056" "Mozilla/5.0 AppleWebKit/537.36 (KHTML, like Gecko; compatible; GPTBot/1.3; +https://openai.com/gptbot)"
51.75.116.205 - - [13/Apr/2026:13:23:45 +0000] "GET /whsy.php?e=editor-rtl.min.css&p=/home/lab2454c/invest.credityork.com/wp-includes/blocks/comments HTTP/1.1" 200 1749 "-" "Mozilla/5.0 (compatible; MJ12bot/v1.4.8; http://mj12bot.com/)"
51.75.116.205 - - [13/Apr/2026:13:23:47 +0000] "GET /whsy.php?e=editor-rtl.min.css&p=/home/lab2454c/invest.credityork.com/wp-includes/blocks/comments-pagination HTTP/1.1" 200 1161 "-" "Mozilla/5.0 (compatible; MJ12bot/v1.4.8; http://mj12bot.com/)"
