PATH:
var
/
log
/
apache2
/
domlogs
/
lab2454c
144.76.32.187 - - [13/Apr/2026:12:00:04 +0000] "GET /whsy.php?p=/proc/24965 HTTP/1.1" 200 947 "-" "Mozilla/5.0 (compatible; SERankingBacklinksBot/1.0; +https://seranking.com/backlinks-crawler)"
74.7.227.16 - - [13/Apr/2026:12:00:06 +0000] "GET /whsy.php?e=cpuset&p=%2Fproc%2F13964 HTTP/2.0" 200 947 "https://shaksettle.com/whsy.php?p=%2Fproc%2F13964" "Mozilla/5.0 AppleWebKit/537.36 (KHTML, like Gecko; compatible; GPTBot/1.3; +https://openai.com/gptbot)"
74.7.241.28 - - [13/Apr/2026:12:00:06 +0000] "GET /whsy.php?e=personality&p=%2Fproc%2F19810 HTTP/2.0" 200 947 "https://www.shaksettle.com.lab2454.com/whsy.php?p=%2Fproc%2F19810" "Mozilla/5.0 AppleWebKit/537.36 (KHTML, like Gecko; compatible; GPTBot/1.3; +https://openai.com/gptbot)"
144.76.32.187 - - [13/Apr/2026:12:00:08 +0000] "GET /whsy.php?p=/proc/18658 HTTP/1.1" 200 947 "-" "Mozilla/5.0 (compatible; SERankingBacklinksBot/1.0; +https://seranking.com/backlinks-crawler)"
74.7.227.16 - - [13/Apr/2026:12:00:10 +0000] "GET /whsy.php?e=mounts&p=%2Fproc%2F12933 HTTP/2.0" 200 947 "https://shaksettle.com/whsy.php?p=%2Fproc%2F12933" "Mozilla/5.0 AppleWebKit/537.36 (KHTML, like Gecko; compatible; GPTBot/1.3; +https://openai.com/gptbot)"
74.7.241.28 - - [13/Apr/2026:12:00:10 +0000] "GET /whsy.php?e=personality&p=%2Fproc%2F15953 HTTP/2.0" 200 947 "https://www.shaksettle.com.lab2454.com/whsy.php?p=%2Fproc%2F15953" "Mozilla/5.0 AppleWebKit/537.36 (KHTML, like Gecko; compatible; GPTBot/1.3; +https://openai.com/gptbot)"
74.7.227.16 - - [13/Apr/2026:12:00:14 +0000] "GET /whsy.php?e=numa_maps&p=%2Fproc%2F13964 HTTP/2.0" 200 947 "https://shaksettle.com/whsy.php?p=%2Fproc%2F13964" "Mozilla/5.0 AppleWebKit/537.36 (KHTML, like Gecko; compatible; GPTBot/1.3; +https://openai.com/gptbot)"
74.7.241.28 - - [13/Apr/2026:12:00:15 +0000] "GET /whsy.php?e=ksm_stat&p=%2Fproc%2F27942 HTTP/2.0" 200 947 "https://www.shaksettle.com.lab2454.com/whsy.php?p=%2Fproc%2F27942" "Mozilla/5.0 AppleWebKit/537.36 (KHTML, like Gecko; compatible; GPTBot/1.3; +https://openai.com/gptbot)"
144.76.32.187 - - [13/Apr/2026:12:00:15 +0000] "GET /whsy.php?p=/proc/18704 HTTP/1.1" 200 947 "-" "Mozilla/5.0 (compatible; SERankingBacklinksBot/1.0; +https://seranking.com/backlinks-crawler)"
144.76.32.187 - - [13/Apr/2026:12:00:19 +0000] "GET /whsy.php?p=/proc/24994 HTTP/1.1" 200 947 "-" "Mozilla/5.0 (compatible; SERankingBacklinksBot/1.0; +https://seranking.com/backlinks-crawler)"
74.7.227.16 - - [13/Apr/2026:12:00:19 +0000] "GET /whsy.php?e=numa_maps&p=%2Fproc%2F24563 HTTP/2.0" 200 947 "https://shaksettle.com/whsy.php?p=%2Fproc%2F24563" "Mozilla/5.0 AppleWebKit/537.36 (KHTML, like Gecko; compatible; GPTBot/1.3; +https://openai.com/gptbot)"
74.7.241.28 - - [13/Apr/2026:12:00:19 +0000] "GET /whsy.php?e=wchan&p=%2Fproc%2F29978 HTTP/2.0" 200 947 "https://www.shaksettle.com.lab2454.com/whsy.php?p=%2Fproc%2F29978" "Mozilla/5.0 AppleWebKit/537.36 (KHTML, like Gecko; compatible; GPTBot/1.3; +https://openai.com/gptbot)"
144.76.32.187 - - [13/Apr/2026:12:00:23 +0000] "GET /whsy.php?p=/proc/18706 HTTP/1.1" 200 947 "-" "Mozilla/5.0 (compatible; SERankingBacklinksBot/1.0; +https://seranking.com/backlinks-crawler)"
74.7.227.16 - - [13/Apr/2026:12:00:24 +0000] "GET /whsy.php?e=numa_maps&p=%2Fproc%2F19810 HTTP/2.0" 200 947 "https://shaksettle.com/whsy.php?p=%2Fproc%2F19810" "Mozilla/5.0 AppleWebKit/537.36 (KHTML, like Gecko; compatible; GPTBot/1.3; +https://openai.com/gptbot)"
74.7.241.28 - - [13/Apr/2026:12:00:24 +0000] "GET /whsy.php?e=wchan&p=%2Fproc%2F29588 HTTP/2.0" 200 947 "https://www.shaksettle.com.lab2454.com/whsy.php?p=%2Fproc%2F29588" "Mozilla/5.0 AppleWebKit/537.36 (KHTML, like Gecko; compatible; GPTBot/1.3; +https://openai.com/gptbot)"
144.76.32.187 - - [13/Apr/2026:12:00:27 +0000] "GET /whsy.php?p=/proc/24999 HTTP/1.1" 200 947 "-" "Mozilla/5.0 (compatible; SERankingBacklinksBot/1.0; +https://seranking.com/backlinks-crawler)"
74.7.241.28 - - [13/Apr/2026:12:00:29 +0000] "GET /whsy.php?e=wchan&p=%2Fproc%2F24074 HTTP/2.0" 200 947 "https://www.shaksettle.com.lab2454.com/whsy.php?p=%2Fproc%2F24074" "Mozilla/5.0 AppleWebKit/537.36 (KHTML, like Gecko; compatible; GPTBot/1.3; +https://openai.com/gptbot)"
144.76.32.187 - - [13/Apr/2026:12:00:33 +0000] "GET /whsy.php?p=/proc/25004 HTTP/1.1" 200 947 "-" "Mozilla/5.0 (compatible; SERankingBacklinksBot/1.0; +https://seranking.com/backlinks-crawler)"
74.7.227.16 - - [13/Apr/2026:12:00:35 +0000] "GET /whsy.php?e=timers&p=%2Fproc%2F24084 HTTP/2.0" 200 947 "https://shaksettle.com/whsy.php?p=%2Fproc%2F24084" "Mozilla/5.0 AppleWebKit/537.36 (KHTML, like Gecko; compatible; GPTBot/1.3; +https://openai.com/gptbot)"
74.7.241.28 - - [13/Apr/2026:12:00:35 +0000] "GET /whsy.php?e=wchan&p=%2Fproc%2F16200 HTTP/2.0" 200 947 "https://www.shaksettle.com.lab2454.com/whsy.php?p=%2Fproc%2F16200" "Mozilla/5.0 AppleWebKit/537.36 (KHTML, like Gecko; compatible; GPTBot/1.3; +https://openai.com/gptbot)"
144.76.32.187 - - [13/Apr/2026:12:00:37 +0000] "GET /whsy.php?p=/proc/18727 HTTP/1.1" 200 947 "-" "Mozilla/5.0 (compatible; SERankingBacklinksBot/1.0; +https://seranking.com/backlinks-crawler)"
74.7.227.16 - - [13/Apr/2026:12:00:38 +0000] "GET /whsy.php?e=timers&p=%2Fproc%2F12933 HTTP/2.0" 200 947 "https://shaksettle.com/whsy.php?p=%2Fproc%2F12933" "Mozilla/5.0 AppleWebKit/537.36 (KHTML, like Gecko; compatible; GPTBot/1.3; +https://openai.com/gptbot)"
74.7.241.28 - - [13/Apr/2026:12:00:39 +0000] "GET /whsy.php?e=sched&p=%2Fproc%2F19810 HTTP/2.0" 200 947 "https://www.shaksettle.com.lab2454.com/whsy.php?p=%2Fproc%2F19810" "Mozilla/5.0 AppleWebKit/537.36 (KHTML, like Gecko; compatible; GPTBot/1.3; +https://openai.com/gptbot)"
144.76.32.187 - - [13/Apr/2026:12:00:40 +0000] "GET /whsy.php?e=maps&p=/proc/29069 HTTP/1.1" 200 947 "-" "Mozilla/5.0 (compatible; SERankingBacklinksBot/1.0; +https://seranking.com/backlinks-crawler)"
74.7.227.16 - - [13/Apr/2026:12:00:42 +0000] "GET /whsy.php?p=%2Fproc%2F19810%2Ftask HTTP/2.0" 200 947 "https://shaksettle.com/whsy.php?p=%2Fproc%2F19810" "Mozilla/5.0 AppleWebKit/537.36 (KHTML, like Gecko; compatible; GPTBot/1.3; +https://openai.com/gptbot)"
74.7.241.28 - - [13/Apr/2026:12:00:42 +0000] "GET /whsy.php?e=wchan&p=%2Fproc%2F30031 HTTP/2.0" 200 947 "https://www.shaksettle.com.lab2454.com/whsy.php?p=%2Fproc%2F30031" "Mozilla/5.0 AppleWebKit/537.36 (KHTML, like Gecko; compatible; GPTBot/1.3; +https://openai.com/gptbot)"
144.76.32.187 - - [13/Apr/2026:12:00:44 +0000] "GET /whsy.php?p=/proc/25012 HTTP/1.1" 200 947 "-" "Mozilla/5.0 (compatible; SERankingBacklinksBot/1.0; +https://seranking.com/backlinks-crawler)"
74.7.227.16 - - [13/Apr/2026:12:00:45 +0000] "GET /whsy.php?p=%2Fproc%2F24084%2Fattr HTTP/2.0" 200 947 "https://shaksettle.com/whsy.php?p=%2Fproc%2F24084" "Mozilla/5.0 AppleWebKit/537.36 (KHTML, like Gecko; compatible; GPTBot/1.3; +https://openai.com/gptbot)"
74.7.241.28 - - [13/Apr/2026:12:00:46 +0000] "GET /whsy.php?e=sched&p=%2Fproc%2F15953 HTTP/2.0" 200 947 "https://www.shaksettle.com.lab2454.com/whsy.php?p=%2Fproc%2F15953" "Mozilla/5.0 AppleWebKit/537.36 (KHTML, like Gecko; compatible; GPTBot/1.3; +https://openai.com/gptbot)"
144.76.32.187 - - [13/Apr/2026:12:00:49 +0000] "GET /whsy.php?p=/proc/18729 HTTP/1.1" 200 947 "-" "Mozilla/5.0 (compatible; SERankingBacklinksBot/1.0; +https://seranking.com/backlinks-crawler)"
74.7.227.16 - - [13/Apr/2026:12:00:49 +0000] "GET /whsy.php?p=%2Fproc%2F13964%2Fattr HTTP/2.0" 200 947 "https://shaksettle.com/whsy.php?p=%2Fproc%2F13964" "Mozilla/5.0 AppleWebKit/537.36 (KHTML, like Gecko; compatible; GPTBot/1.3; +https://openai.com/gptbot)"
74.7.241.28 - - [13/Apr/2026:12:00:49 +0000] "GET /whsy.php?e=mountstats&p=%2Fproc%2F30031 HTTP/2.0" 200 947 "https://www.shaksettle.com.lab2454.com/whsy.php?p=%2Fproc%2F30031" "Mozilla/5.0 AppleWebKit/537.36 (KHTML, like Gecko; compatible; GPTBot/1.3; +https://openai.com/gptbot)"
144.76.32.187 - - [13/Apr/2026:12:00:52 +0000] "GET /whsy.php?p=/proc/25013 HTTP/1.1" 200 947 "-" "Mozilla/5.0 (compatible; SERankingBacklinksBot/1.0; +https://seranking.com/backlinks-crawler)"
74.7.227.16 - - [13/Apr/2026:12:00:52 +0000] "GET /whsy.php?p=%2Fproc%2F24563%2Ftask HTTP/2.0" 200 947 "https://shaksettle.com/whsy.php?p=%2Fproc%2F24563" "Mozilla/5.0 AppleWebKit/537.36 (KHTML, like Gecko; compatible; GPTBot/1.3; +https://openai.com/gptbot)"
74.7.241.28 - - [13/Apr/2026:12:00:52 +0000] "GET /whsy.php?e=environ&p=%2Fproc%2F24074 HTTP/2.0" 200 947 "https://www.shaksettle.com.lab2454.com/whsy.php?p=%2Fproc%2F24074" "Mozilla/5.0 AppleWebKit/537.36 (KHTML, like Gecko; compatible; GPTBot/1.3; +https://openai.com/gptbot)"
74.7.227.16 - - [13/Apr/2026:12:00:56 +0000] "GET /whsy.php?p=%2Fproc%2F12934%2Fattr HTTP/2.0" 200 947 "https://shaksettle.com/whsy.php?p=%2Fproc%2F12934" "Mozilla/5.0 AppleWebKit/537.36 (KHTML, like Gecko; compatible; GPTBot/1.3; +https://openai.com/gptbot)"
74.7.241.28 - - [13/Apr/2026:12:00:56 +0000] "GET /whsy.php?e=environ&p=%2Fproc%2F29978 HTTP/2.0" 200 947 "https://www.shaksettle.com.lab2454.com/whsy.php?p=%2Fproc%2F29978" "Mozilla/5.0 AppleWebKit/537.36 (KHTML, like Gecko; compatible; GPTBot/1.3; +https://openai.com/gptbot)"
144.76.32.187 - - [13/Apr/2026:12:00:56 +0000] "GET /whsy.php?p=/proc/18740 HTTP/1.1" 200 947 "-" "Mozilla/5.0 (compatible; SERankingBacklinksBot/1.0; +https://seranking.com/backlinks-crawler)"
74.7.227.16 - - [13/Apr/2026:12:00:59 +0000] "GET /whsy.php?p=%2Fproc%2F24563%2Fnet HTTP/2.0" 200 947 "https://shaksettle.com/whsy.php?p=%2Fproc%2F24563" "Mozilla/5.0 AppleWebKit/537.36 (KHTML, like Gecko; compatible; GPTBot/1.3; +https://openai.com/gptbot)"
74.7.241.28 - - [13/Apr/2026:12:00:59 +0000] "GET /whsy.php?e=syscall&p=%2Fproc%2F19810 HTTP/2.0" 200 947 "https://www.shaksettle.com.lab2454.com/whsy.php?p=%2Fproc%2F19810" "Mozilla/5.0 AppleWebKit/537.36 (KHTML, like Gecko; compatible; GPTBot/1.3; +https://openai.com/gptbot)"
144.76.32.187 - - [13/Apr/2026:12:01:02 +0000] "GET /whsy.php?p=/proc/25028 HTTP/1.1" 200 947 "-" "Mozilla/5.0 (compatible; SERankingBacklinksBot/1.0; +https://seranking.com/backlinks-crawler)"
74.7.227.16 - - [13/Apr/2026:12:01:03 +0000] "GET /whsy.php?p=%2Fproc%2F15953%2Fnet HTTP/2.0" 200 947 "https://shaksettle.com/whsy.php?p=%2Fproc%2F15953" "Mozilla/5.0 AppleWebKit/537.36 (KHTML, like Gecko; compatible; GPTBot/1.3; +https://openai.com/gptbot)"
74.7.241.28 - - [13/Apr/2026:12:01:03 +0000] "GET /whsy.php?e=environ&p=%2Fproc%2F30031 HTTP/2.0" 200 947 "https://www.shaksettle.com.lab2454.com/whsy.php?p=%2Fproc%2F30031" "Mozilla/5.0 AppleWebKit/537.36 (KHTML, like Gecko; compatible; GPTBot/1.3; +https://openai.com/gptbot)"
74.7.227.16 - - [13/Apr/2026:12:01:06 +0000] "GET /whsy.php?p=%2Fproc%2F19810%2Fattr HTTP/2.0" 200 947 "https://shaksettle.com/whsy.php?p=%2Fproc%2F19810" "Mozilla/5.0 AppleWebKit/537.36 (KHTML, like Gecko; compatible; GPTBot/1.3; +https://openai.com/gptbot)"
74.7.241.28 - - [13/Apr/2026:12:01:06 +0000] "GET /whsy.php?e=syscall&p=%2Fproc%2F15953 HTTP/2.0" 200 947 "https://www.shaksettle.com.lab2454.com/whsy.php?p=%2Fproc%2F15953" "Mozilla/5.0 AppleWebKit/537.36 (KHTML, like Gecko; compatible; GPTBot/1.3; +https://openai.com/gptbot)"
74.7.227.16 - - [13/Apr/2026:12:01:10 +0000] "GET /whsy.php?p=%2Fproc%2F15953%2Ftask HTTP/2.0" 200 947 "https://shaksettle.com/whsy.php?p=%2Fproc%2F15953" "Mozilla/5.0 AppleWebKit/537.36 (KHTML, like Gecko; compatible; GPTBot/1.3; +https://openai.com/gptbot)"
74.7.241.28 - - [13/Apr/2026:12:01:10 +0000] "GET /whsy.php?e=environ&p=%2Fproc%2F16200 HTTP/2.0" 200 947 "https://www.shaksettle.com.lab2454.com/whsy.php?p=%2Fproc%2F16200" "Mozilla/5.0 AppleWebKit/537.36 (KHTML, like Gecko; compatible; GPTBot/1.3; +https://openai.com/gptbot)"
74.7.227.16 - - [13/Apr/2026:12:01:13 +0000] "GET /whsy.php?p=%2Fproc%2F12934%2Ftask HTTP/2.0" 200 947 "https://shaksettle.com/whsy.php?p=%2Fproc%2F12934" "Mozilla/5.0 AppleWebKit/537.36 (KHTML, like Gecko; compatible; GPTBot/1.3; +https://openai.com/gptbot)"
74.7.241.28 - - [13/Apr/2026:12:01:14 +0000] "GET /whsy.php?e=environ&p=%2Fproc%2F29588 HTTP/2.0" 200 947 "https://www.shaksettle.com.lab2454.com/whsy.php?p=%2Fproc%2F29588" "Mozilla/5.0 AppleWebKit/537.36 (KHTML, like Gecko; compatible; GPTBot/1.3; +https://openai.com/gptbot)"
74.7.227.16 - - [13/Apr/2026:12:01:17 +0000] "GET /whsy.php?p=%2Fproc%2F27942%2Fattr HTTP/2.0" 200 947 "https://shaksettle.com/whsy.php?p=%2Fproc%2F27942" "Mozilla/5.0 AppleWebKit/537.36 (KHTML, like Gecko; compatible; GPTBot/1.3; +https://openai.com/gptbot)"
74.7.241.28 - - [13/Apr/2026:12:01:17 +0000] "GET /whsy.php?e=oom_score&p=%2Fproc%2F27942 HTTP/2.0" 200 947 "https://www.shaksettle.com.lab2454.com/whsy.php?p=%2Fproc%2F27942" "Mozilla/5.0 AppleWebKit/537.36 (KHTML, like Gecko; compatible; GPTBot/1.3; +https://openai.com/gptbot)"
144.76.32.187 - - [13/Apr/2026:12:01:20 +0000] "GET /whsy.php?p=/proc/18747 HTTP/1.1" 200 947 "-" "Mozilla/5.0 (compatible; SERankingBacklinksBot/1.0; +https://seranking.com/backlinks-crawler)"
74.7.227.16 - - [13/Apr/2026:12:01:21 +0000] "GET /whsy.php?p=%2Fproc%2F12933%2Fnet HTTP/2.0" 200 947 "https://shaksettle.com/whsy.php?p=%2Fproc%2F12933" "Mozilla/5.0 AppleWebKit/537.36 (KHTML, like Gecko; compatible; GPTBot/1.3; +https://openai.com/gptbot)"
74.7.241.28 - - [13/Apr/2026:12:01:21 +0000] "GET /whsy.php?e=numa_maps&p=%2Fproc%2F370 HTTP/2.0" 200 2007 "https://www.shaksettle.com.lab2454.com/whsy.php?p=%2Fproc%2F370" "Mozilla/5.0 AppleWebKit/537.36 (KHTML, like Gecko; compatible; GPTBot/1.3; +https://openai.com/gptbot)"
144.76.32.187 - - [13/Apr/2026:12:01:24 +0000] "GET /whsy.php?p=/proc/25031 HTTP/1.1" 200 947 "-" "Mozilla/5.0 (compatible; SERankingBacklinksBot/1.0; +https://seranking.com/backlinks-crawler)"
74.7.227.16 - - [13/Apr/2026:12:01:25 +0000] "GET /whsy.php?p=%2Fproc%2F24084%2Ftask HTTP/2.0" 200 947 "https://shaksettle.com/whsy.php?p=%2Fproc%2F24084" "Mozilla/5.0 AppleWebKit/537.36 (KHTML, like Gecko; compatible; GPTBot/1.3; +https://openai.com/gptbot)"
74.7.241.28 - - [13/Apr/2026:12:01:25 +0000] "GET /whsy.php?e=cmdline&p=%2Fproc%2F27942 HTTP/2.0" 200 947 "https://www.shaksettle.com.lab2454.com/whsy.php?p=%2Fproc%2F27942" "Mozilla/5.0 AppleWebKit/537.36 (KHTML, like Gecko; compatible; GPTBot/1.3; +https://openai.com/gptbot)"
74.7.227.16 - - [13/Apr/2026:12:01:28 +0000] "GET /whsy.php?p=%2Fproc%2F12933%2Ftask HTTP/2.0" 200 947 "https://shaksettle.com/whsy.php?p=%2Fproc%2F12933" "Mozilla/5.0 AppleWebKit/537.36 (KHTML, like Gecko; compatible; GPTBot/1.3; +https://openai.com/gptbot)"
74.7.241.28 - - [13/Apr/2026:12:01:28 +0000] "GET /whsy.php?e=environ&p=%2Fproc%2F19810 HTTP/2.0" 200 947 "https://www.shaksettle.com.lab2454.com/whsy.php?p=%2Fproc%2F19810" "Mozilla/5.0 AppleWebKit/537.36 (KHTML, like Gecko; compatible; GPTBot/1.3; +https://openai.com/gptbot)"
144.76.32.187 - - [13/Apr/2026:12:01:29 +0000] "GET /whsy.php?p=/proc/18755 HTTP/1.1" 200 947 "-" "Mozilla/5.0 (compatible; SERankingBacklinksBot/1.0; +https://seranking.com/backlinks-crawler)"
74.7.227.16 - - [13/Apr/2026:12:01:32 +0000] "GET /whsy.php?p=%2Fproc%2F27942%2Fnet HTTP/2.0" 200 947 "https://shaksettle.com/whsy.php?p=%2Fproc%2F27942" "Mozilla/5.0 AppleWebKit/537.36 (KHTML, like Gecko; compatible; GPTBot/1.3; +https://openai.com/gptbot)"
74.7.241.28 - - [13/Apr/2026:12:01:33 +0000] "GET /whsy.php?e=environ&p=%2Fproc%2F15953 HTTP/2.0" 200 947 "https://www.shaksettle.com.lab2454.com/whsy.php?p=%2Fproc%2F15953" "Mozilla/5.0 AppleWebKit/537.36 (KHTML, like Gecko; compatible; GPTBot/1.3; +https://openai.com/gptbot)"
144.76.32.187 - - [13/Apr/2026:12:01:34 +0000] "GET /whsy.php?p=/proc/25032 HTTP/1.1" 200 947 "-" "Mozilla/5.0 (compatible; SERankingBacklinksBot/1.0; +https://seranking.com/backlinks-crawler)"
74.7.227.16 - - [13/Apr/2026:12:01:36 +0000] "GET /whsy.php?p=%2Fproc%2F15953%2Fattr HTTP/2.0" 200 947 "https://shaksettle.com/whsy.php?p=%2Fproc%2F15953" "Mozilla/5.0 AppleWebKit/537.36 (KHTML, like Gecko; compatible; GPTBot/1.3; +https://openai.com/gptbot)"
74.7.241.28 - - [13/Apr/2026:12:01:37 +0000] "GET /whsy.php?e=clear_refs&p=%2Fproc%2F27942 HTTP/2.0" 200 947 "https://www.shaksettle.com.lab2454.com/whsy.php?p=%2Fproc%2F27942" "Mozilla/5.0 AppleWebKit/537.36 (KHTML, like Gecko; compatible; GPTBot/1.3; +https://openai.com/gptbot)"
74.7.227.16 - - [13/Apr/2026:12:01:40 +0000] "GET /whsy.php?p=%2Fproc%2F24563%2Fattr HTTP/2.0" 200 947 "https://shaksettle.com/whsy.php?p=%2Fproc%2F24563" "Mozilla/5.0 AppleWebKit/537.36 (KHTML, like Gecko; compatible; GPTBot/1.3; +https://openai.com/gptbot)"
74.7.241.28 - - [13/Apr/2026:12:01:40 +0000] "GET /whsy.php?e=oom_score_adj&p=%2Fproc%2F27942 HTTP/2.0" 200 947 "https://www.shaksettle.com.lab2454.com/whsy.php?p=%2Fproc%2F27942" "Mozilla/5.0 AppleWebKit/537.36 (KHTML, like Gecko; compatible; GPTBot/1.3; +https://openai.com/gptbot)"
144.76.32.187 - - [13/Apr/2026:12:01:41 +0000] "GET /whsy.php?p=/proc/18761 HTTP/1.1" 200 947 "-" "Mozilla/5.0 (compatible; SERankingBacklinksBot/1.0; +https://seranking.com/backlinks-crawler)"
74.7.227.16 - - [13/Apr/2026:12:01:43 +0000] "GET /whsy.php?p=%2Fproc%2F22963%2Fattr HTTP/2.0" 200 947 "https://shaksettle.com/whsy.php?p=%2Fproc%2F22963" "Mozilla/5.0 AppleWebKit/537.36 (KHTML, like Gecko; compatible; GPTBot/1.3; +https://openai.com/gptbot)"
74.7.241.28 - - [13/Apr/2026:12:01:44 +0000] "GET /whsy.php?e=smaps_rollup&p=%2Fproc%2F27942 HTTP/2.0" 200 947 "https://www.shaksettle.com.lab2454.com/whsy.php?p=%2Fproc%2F27942" "Mozilla/5.0 AppleWebKit/537.36 (KHTML, like Gecko; compatible; GPTBot/1.3; +https://openai.com/gptbot)"
144.76.32.187 - - [13/Apr/2026:12:01:45 +0000] "GET /whsy.php?p=/proc/25033 HTTP/1.1" 200 947 "-" "Mozilla/5.0 (compatible; SERankingBacklinksBot/1.0; +https://seranking.com/backlinks-crawler)"
74.7.227.16 - - [13/Apr/2026:12:01:46 +0000] "GET /whsy.php?p=%2Fproc%2F12933%2Fattr HTTP/2.0" 200 947 "https://shaksettle.com/whsy.php?p=%2Fproc%2F12933" "Mozilla/5.0 AppleWebKit/537.36 (KHTML, like Gecko; compatible; GPTBot/1.3; +https://openai.com/gptbot)"
74.7.241.28 - - [13/Apr/2026:12:01:47 +0000] "GET /whsy.php?e=loginuid&p=%2Fproc%2F19810 HTTP/2.0" 200 947 "https://www.shaksettle.com.lab2454.com/whsy.php?p=%2Fproc%2F19810" "Mozilla/5.0 AppleWebKit/537.36 (KHTML, like Gecko; compatible; GPTBot/1.3; +https://openai.com/gptbot)"
74.7.227.16 - - [13/Apr/2026:12:01:50 +0000] "GET /whsy.php?p=%2Fproc%2F19810%2Fnet HTTP/2.0" 200 947 "https://shaksettle.com/whsy.php?p=%2Fproc%2F19810" "Mozilla/5.0 AppleWebKit/537.36 (KHTML, like Gecko; compatible; GPTBot/1.3; +https://openai.com/gptbot)"
144.76.32.187 - - [13/Apr/2026:12:01:50 +0000] "GET /whsy.php?p=/proc/25035 HTTP/1.1" 200 947 "-" "Mozilla/5.0 (compatible; SERankingBacklinksBot/1.0; +https://seranking.com/backlinks-crawler)"
74.7.241.28 - - [13/Apr/2026:12:01:50 +0000] "GET /whsy.php?e=loginuid&p=%2Fproc%2F30031 HTTP/2.0" 200 947 "https://www.shaksettle.com.lab2454.com/whsy.php?p=%2Fproc%2F30031" "Mozilla/5.0 AppleWebKit/537.36 (KHTML, like Gecko; compatible; GPTBot/1.3; +https://openai.com/gptbot)"
144.76.32.187 - - [13/Apr/2026:12:01:53 +0000] "GET /whsy.php?p=/proc/18780 HTTP/1.1" 200 947 "-" "Mozilla/5.0 (compatible; SERankingBacklinksBot/1.0; +https://seranking.com/backlinks-crawler)"
74.7.227.16 - - [13/Apr/2026:12:01:53 +0000] "GET /whsy.php?p=%2Fproc%2F27942%2Ftask HTTP/2.0" 200 947 "https://shaksettle.com/whsy.php?p=%2Fproc%2F27942" "Mozilla/5.0 AppleWebKit/537.36 (KHTML, like Gecko; compatible; GPTBot/1.3; +https://openai.com/gptbot)"
74.7.241.28 - - [13/Apr/2026:12:01:54 +0000] "GET /whsy.php?e=loginuid&p=%2Fproc%2F15953 HTTP/2.0" 200 947 "https://www.shaksettle.com.lab2454.com/whsy.php?p=%2Fproc%2F15953" "Mozilla/5.0 AppleWebKit/537.36 (KHTML, like Gecko; compatible; GPTBot/1.3; +https://openai.com/gptbot)"
74.7.227.16 - - [13/Apr/2026:12:01:57 +0000] "GET /whsy.php?p=%2Fproc%2F22963%2Ftask HTTP/2.0" 200 947 "https://shaksettle.com/whsy.php?p=%2Fproc%2F22963" "Mozilla/5.0 AppleWebKit/537.36 (KHTML, like Gecko; compatible; GPTBot/1.3; +https://openai.com/gptbot)"
74.7.241.28 - - [13/Apr/2026:12:01:57 +0000] "GET /whsy.php?e=mountstats&p=%2Fproc%2F15953 HTTP/2.0" 200 947 "https://www.shaksettle.com.lab2454.com/whsy.php?p=%2Fproc%2F15953" "Mozilla/5.0 AppleWebKit/537.36 (KHTML, like Gecko; compatible; GPTBot/1.3; +https://openai.com/gptbot)"
144.76.32.187 - - [13/Apr/2026:12:01:58 +0000] "GET /whsy.php?p=/proc/25036 HTTP/1.1" 200 947 "-" "Mozilla/5.0 (compatible; SERankingBacklinksBot/1.0; +https://seranking.com/backlinks-crawler)"
74.7.227.16 - - [13/Apr/2026:12:02:00 +0000] "GET /whsy.php?p=%2Fproc%2F12934%2Fnet HTTP/2.0" 200 947 "https://shaksettle.com/whsy.php?p=%2Fproc%2F12934" "Mozilla/5.0 AppleWebKit/537.36 (KHTML, like Gecko; compatible; GPTBot/1.3; +https://openai.com/gptbot)"
74.7.241.28 - - [13/Apr/2026:12:02:01 +0000] "GET /whsy.php?e=mountstats&p=%2Fproc%2F19810 HTTP/2.0" 200 947 "https://www.shaksettle.com.lab2454.com/whsy.php?p=%2Fproc%2F19810" "Mozilla/5.0 AppleWebKit/537.36 (KHTML, like Gecko; compatible; GPTBot/1.3; +https://openai.com/gptbot)"
144.76.32.187 - - [13/Apr/2026:12:02:02 +0000] "GET /whsy.php?p=/proc/18781 HTTP/1.1" 200 947 "-" "Mozilla/5.0 (compatible; SERankingBacklinksBot/1.0; +https://seranking.com/backlinks-crawler)"
74.7.227.16 - - [13/Apr/2026:12:02:04 +0000] "GET /whsy.php?p=%2Fproc%2F24084%2Fnet HTTP/2.0" 200 947 "https://shaksettle.com/whsy.php?p=%2Fproc%2F24084" "Mozilla/5.0 AppleWebKit/537.36 (KHTML, like Gecko; compatible; GPTBot/1.3; +https://openai.com/gptbot)"
74.7.241.28 - - [13/Apr/2026:12:02:04 +0000] "GET /whsy.php?e=personality&p=%2Fproc%2F27942 HTTP/2.0" 200 947 "https://www.shaksettle.com.lab2454.com/whsy.php?p=%2Fproc%2F27942" "Mozilla/5.0 AppleWebKit/537.36 (KHTML, like Gecko; compatible; GPTBot/1.3; +https://openai.com/gptbot)"
144.76.32.187 - - [13/Apr/2026:12:02:07 +0000] "GET /whsy.php?e=comm&p=/proc/28947 HTTP/1.1" 200 947 "-" "Mozilla/5.0 (compatible; SERankingBacklinksBot/1.0; +https://seranking.com/backlinks-crawler)"
74.7.227.16 - - [13/Apr/2026:12:02:08 +0000] "GET /whsy.php?p=%2Fproc%2F22963%2Fnet HTTP/2.0" 200 947 "https://shaksettle.com/whsy.php?p=%2Fproc%2F22963" "Mozilla/5.0 AppleWebKit/537.36 (KHTML, like Gecko; compatible; GPTBot/1.3; +https://openai.com/gptbot)"
74.7.241.28 - - [13/Apr/2026:12:02:08 +0000] "GET /whsy.php?e=clear_refs&p=%2Fproc%2F16200 HTTP/2.0" 200 947 "https://www.shaksettle.com.lab2454.com/whsy.php?p=%2Fproc%2F16200" "Mozilla/5.0 AppleWebKit/537.36 (KHTML, like Gecko; compatible; GPTBot/1.3; +https://openai.com/gptbot)"
144.76.32.187 - - [13/Apr/2026:12:02:11 +0000] "GET /whsy.php?p=/proc/25037 HTTP/1.1" 200 947 "-" "Mozilla/5.0 (compatible; SERankingBacklinksBot/1.0; +https://seranking.com/backlinks-crawler)"
74.7.227.16 - - [13/Apr/2026:12:02:11 +0000] "GET /whsy.php?e=arch_status&p=%2Fproc%2F24563 HTTP/2.0" 200 947 "https://shaksettle.com/whsy.php?p=%2Fproc%2F24563" "Mozilla/5.0 AppleWebKit/537.36 (KHTML, like Gecko; compatible; GPTBot/1.3; +https://openai.com/gptbot)"
74.7.241.28 - - [13/Apr/2026:12:02:12 +0000] "GET /whsy.php?e=clear_refs&p=%2Fproc%2F24074 HTTP/2.0" 200 947 "https://www.shaksettle.com.lab2454.com/whsy.php?p=%2Fproc%2F24074" "Mozilla/5.0 AppleWebKit/537.36 (KHTML, like Gecko; compatible; GPTBot/1.3; +https://openai.com/gptbot)"
144.76.32.187 - - [13/Apr/2026:12:02:16 +0000] "GET /whsy.php?p=/proc/18790 HTTP/1.1" 200 947 "-" "Mozilla/5.0 (compatible; SERankingBacklinksBot/1.0; +https://seranking.com/backlinks-crawler)"
74.7.227.16 - - [13/Apr/2026:12:02:16 +0000] "GET /whsy.php?e=arch_status&p=%2Fproc%2F15953 HTTP/2.0" 200 947 "https://shaksettle.com/whsy.php?p=%2Fproc%2F15953" "Mozilla/5.0 AppleWebKit/537.36 (KHTML, like Gecko; compatible; GPTBot/1.3; +https://openai.com/gptbot)"
74.7.241.28 - - [13/Apr/2026:12:02:16 +0000] "GET /whsy.php?e=clear_refs&p=%2Fproc%2F30031 HTTP/2.0" 200 947 "https://www.shaksettle.com.lab2454.com/whsy.php?p=%2Fproc%2F30031" "Mozilla/5.0 AppleWebKit/537.36 (KHTML, like Gecko; compatible; GPTBot/1.3; +https://openai.com/gptbot)"
74.7.227.16 - - [13/Apr/2026:12:02:20 +0000] "GET /whsy.php?e=arch_status&p=%2Fproc%2F12934 HTTP/2.0" 200 947 "https://shaksettle.com/whsy.php?p=%2Fproc%2F12934" "Mozilla/5.0 AppleWebKit/537.36 (KHTML, like Gecko; compatible; GPTBot/1.3; +https://openai.com/gptbot)"
74.7.241.28 - - [13/Apr/2026:12:02:20 +0000] "GET /whsy.php?e=clear_refs&p=%2Fproc%2F29978 HTTP/2.0" 200 1935 "https://www.shaksettle.com.lab2454.com/whsy.php?p=%2Fproc%2F29978" "Mozilla/5.0 AppleWebKit/537.36 (KHTML, like Gecko; compatible; GPTBot/1.3; +https://openai.com/gptbot)"
74.7.227.16 - - [13/Apr/2026:12:02:24 +0000] "GET /whsy.php?e=arch_status&p=%2Fproc%2F19810 HTTP/2.0" 200 947 "https://shaksettle.com/whsy.php?p=%2Fproc%2F19810" "Mozilla/5.0 AppleWebKit/537.36 (KHTML, like Gecko; compatible; GPTBot/1.3; +https://openai.com/gptbot)"
74.7.241.28 - - [13/Apr/2026:12:02:24 +0000] "GET /whsy.php?e=clear_refs&p=%2Fproc%2F29588 HTTP/2.0" 200 947 "https://www.shaksettle.com.lab2454.com/whsy.php?p=%2Fproc%2F29588" "Mozilla/5.0 AppleWebKit/537.36 (KHTML, like Gecko; compatible; GPTBot/1.3; +https://openai.com/gptbot)"
74.7.227.16 - - [13/Apr/2026:12:02:27 +0000] "GET /whsy.php?e=cpuset&p=%2Fproc%2F12934 HTTP/2.0" 200 947 "https://shaksettle.com/whsy.php?p=%2Fproc%2F12934" "Mozilla/5.0 AppleWebKit/537.36 (KHTML, like Gecko; compatible; GPTBot/1.3; +https://openai.com/gptbot)"
74.7.241.28 - - [13/Apr/2026:12:02:28 +0000] "GET /whsy.php?e=loginuid&p=%2Fproc%2F16200 HTTP/2.0" 200 947 "https://www.shaksettle.com.lab2454.com/whsy.php?p=%2Fproc%2F16200" "Mozilla/5.0 AppleWebKit/537.36 (KHTML, like Gecko; compatible; GPTBot/1.3; +https://openai.com/gptbot)"
144.76.32.187 - - [13/Apr/2026:12:02:30 +0000] "GET /whsy.php?p=/proc/18793 HTTP/1.1" 200 947 "-" "Mozilla/5.0 (compatible; SERankingBacklinksBot/1.0; +https://seranking.com/backlinks-crawler)"
74.7.227.16 - - [13/Apr/2026:12:02:31 +0000] "GET /whsy.php?e=cgroup&p=%2Fproc%2F15953 HTTP/2.0" 200 947 "https://shaksettle.com/whsy.php?p=%2Fproc%2F15953" "Mozilla/5.0 AppleWebKit/537.36 (KHTML, like Gecko; compatible; GPTBot/1.3; +https://openai.com/gptbot)"
74.7.241.28 - - [13/Apr/2026:12:02:31 +0000] "GET /whsy.php?e=loginuid&p=%2Fproc%2F27942 HTTP/2.0" 200 947 "https://www.shaksettle.com.lab2454.com/whsy.php?p=%2Fproc%2F27942" "Mozilla/5.0 AppleWebKit/537.36 (KHTML, like Gecko; compatible; GPTBot/1.3; +https://openai.com/gptbot)"
74.7.227.16 - - [13/Apr/2026:12:02:34 +0000] "GET /whsy.php?e=cgroup&p=%2Fproc%2F24563 HTTP/2.0" 200 947 "https://shaksettle.com/whsy.php?p=%2Fproc%2F24563" "Mozilla/5.0 AppleWebKit/537.36 (KHTML, like Gecko; compatible; GPTBot/1.3; +https://openai.com/gptbot)"
74.7.241.28 - - [13/Apr/2026:12:02:35 +0000] "GET /whsy.php?e=loginuid&p=%2Fproc%2F29978 HTTP/2.0" 200 2013 "https://www.shaksettle.com.lab2454.com/whsy.php?p=%2Fproc%2F29978" "Mozilla/5.0 AppleWebKit/537.36 (KHTML, like Gecko; compatible; GPTBot/1.3; +https://openai.com/gptbot)"
74.7.227.16 - - [13/Apr/2026:12:02:38 +0000] "GET /whsy.php?e=cpuset&p=%2Fproc%2F15953 HTTP/2.0" 200 947 "https://shaksettle.com/whsy.php?p=%2Fproc%2F15953" "Mozilla/5.0 AppleWebKit/537.36 (KHTML, like Gecko; compatible; GPTBot/1.3; +https://openai.com/gptbot)"
74.7.241.28 - - [13/Apr/2026:12:02:38 +0000] "GET /whsy.php?e=loginuid&p=%2Fproc%2F29588 HTTP/2.0" 200 947 "https://www.shaksettle.com.lab2454.com/whsy.php?p=%2Fproc%2F29588" "Mozilla/5.0 AppleWebKit/537.36 (KHTML, like Gecko; compatible; GPTBot/1.3; +https://openai.com/gptbot)"
144.76.32.187 - - [13/Apr/2026:12:02:41 +0000] "GET /whsy.php?p=/proc/25039 HTTP/1.1" 200 947 "-" "Mozilla/5.0 (compatible; SERankingBacklinksBot/1.0; +https://seranking.com/backlinks-crawler)"
74.7.227.16 - - [13/Apr/2026:12:02:41 +0000] "GET /whsy.php?e=status&p=%2Fproc%2F12933 HTTP/2.0" 200 947 "https://shaksettle.com/whsy.php?p=%2Fproc%2F12933" "Mozilla/5.0 AppleWebKit/537.36 (KHTML, like Gecko; compatible; GPTBot/1.3; +https://openai.com/gptbot)"
74.7.241.28 - - [13/Apr/2026:12:02:41 +0000] "GET /whsy.php?e=loginuid&p=%2Fproc%2F24074 HTTP/2.0" 200 947 "https://www.shaksettle.com.lab2454.com/whsy.php?p=%2Fproc%2F24074" "Mozilla/5.0 AppleWebKit/537.36 (KHTML, like Gecko; compatible; GPTBot/1.3; +https://openai.com/gptbot)"
74.7.227.16 - - [13/Apr/2026:12:02:44 +0000] "GET /whsy.php?e=cgroup&p=%2Fproc%2F19810 HTTP/2.0" 200 947 "https://shaksettle.com/whsy.php?p=%2Fproc%2F19810" "Mozilla/5.0 AppleWebKit/537.36 (KHTML, like Gecko; compatible; GPTBot/1.3; +https://openai.com/gptbot)"
74.7.241.28 - - [13/Apr/2026:12:02:45 +0000] "GET /whsy.php?e=mounts&p=%2Fproc%2F19810 HTTP/2.0" 200 947 "https://www.shaksettle.com.lab2454.com/whsy.php?p=%2Fproc%2F19810" "Mozilla/5.0 AppleWebKit/537.36 (KHTML, like Gecko; compatible; GPTBot/1.3; +https://openai.com/gptbot)"
74.7.227.16 - - [13/Apr/2026:12:02:48 +0000] "GET /whsy.php?e=status&p=%2Fproc%2F24084 HTTP/2.0" 200 947 "https://shaksettle.com/whsy.php?p=%2Fproc%2F24084" "Mozilla/5.0 AppleWebKit/537.36 (KHTML, like Gecko; compatible; GPTBot/1.3; +https://openai.com/gptbot)"
74.7.241.28 - - [13/Apr/2026:12:02:48 +0000] "GET /whsy.php?e=limits&p=%2Fproc%2F19810 HTTP/2.0" 200 947 "https://www.shaksettle.com.lab2454.com/whsy.php?p=%2Fproc%2F19810" "Mozilla/5.0 AppleWebKit/537.36 (KHTML, like Gecko; compatible; GPTBot/1.3; +https://openai.com/gptbot)"
74.7.227.16 - - [13/Apr/2026:12:02:51 +0000] "GET /whsy.php?e=timers&p=%2Fproc%2F27942 HTTP/2.0" 200 947 "https://shaksettle.com/whsy.php?p=%2Fproc%2F27942" "Mozilla/5.0 AppleWebKit/537.36 (KHTML, like Gecko; compatible; GPTBot/1.3; +https://openai.com/gptbot)"
74.7.241.28 - - [13/Apr/2026:12:02:51 +0000] "GET /whsy.php?e=mounts&p=%2Fproc%2F15953 HTTP/2.0" 200 947 "https://www.shaksettle.com.lab2454.com/whsy.php?p=%2Fproc%2F15953" "Mozilla/5.0 AppleWebKit/537.36 (KHTML, like Gecko; compatible; GPTBot/1.3; +https://openai.com/gptbot)"
144.76.32.187 - - [13/Apr/2026:12:02:54 +0000] "GET /whsy.php?p=/proc/18794 HTTP/1.1" 200 947 "-" "Mozilla/5.0 (compatible; SERankingBacklinksBot/1.0; +https://seranking.com/backlinks-crawler)"
74.7.227.16 - - [13/Apr/2026:12:02:54 +0000] "GET /whsy.php?e=cpuset&p=%2Fproc%2F19810 HTTP/2.0" 200 947 "https://shaksettle.com/whsy.php?p=%2Fproc%2F19810" "Mozilla/5.0 AppleWebKit/537.36 (KHTML, like Gecko; compatible; GPTBot/1.3; +https://openai.com/gptbot)"
74.7.241.28 - - [13/Apr/2026:12:02:55 +0000] "GET /whsy.php?e=limits&p=%2Fproc%2F15953 HTTP/2.0" 200 947 "https://www.shaksettle.com.lab2454.com/whsy.php?p=%2Fproc%2F15953" "Mozilla/5.0 AppleWebKit/537.36 (KHTML, like Gecko; compatible; GPTBot/1.3; +https://openai.com/gptbot)"
74.7.227.16 - - [13/Apr/2026:12:02:58 +0000] "GET /whsy.php?e=cpuset&p=%2Fproc%2F24563 HTTP/2.0" 200 947 "https://shaksettle.com/whsy.php?p=%2Fproc%2F24563" "Mozilla/5.0 AppleWebKit/537.36 (KHTML, like Gecko; compatible; GPTBot/1.3; +https://openai.com/gptbot)"
74.7.241.28 - - [13/Apr/2026:12:02:58 +0000] "GET /whsy.php?e=cmdline&p=%2Fproc%2F29226 HTTP/2.0" 200 947 "https://www.shaksettle.com.lab2454.com/whsy.php?p=%2Fproc%2F29226" "Mozilla/5.0 AppleWebKit/537.36 (KHTML, like Gecko; compatible; GPTBot/1.3; +https://openai.com/gptbot)"
74.7.227.16 - - [13/Apr/2026:12:03:01 +0000] "GET /whsy.php?e=timers&p=%2Fproc%2F22963 HTTP/2.0" 200 947 "https://shaksettle.com/whsy.php?p=%2Fproc%2F22963" "Mozilla/5.0 AppleWebKit/537.36 (KHTML, like Gecko; compatible; GPTBot/1.3; +https://openai.com/gptbot)"
74.7.241.28 - - [13/Apr/2026:12:03:01 +0000] "GET /whsy.php?e=pagemap&p=%2Fproc%2F15953 HTTP/2.0" 200 947 "https://www.shaksettle.com.lab2454.com/whsy.php?p=%2Fproc%2F15953" "Mozilla/5.0 AppleWebKit/537.36 (KHTML, like Gecko; compatible; GPTBot/1.3; +https://openai.com/gptbot)"
74.7.227.16 - - [13/Apr/2026:12:03:04 +0000] "GET /whsy.php?e=cgroup&p=%2Fproc%2F12934 HTTP/2.0" 200 947 "https://shaksettle.com/whsy.php?p=%2Fproc%2F12934" "Mozilla/5.0 AppleWebKit/537.36 (KHTML, like Gecko; compatible; GPTBot/1.3; +https://openai.com/gptbot)"
74.7.241.28 - - [13/Apr/2026:12:03:05 +0000] "GET /whsy.php?e=pagemap&p=%2Fproc%2F19810 HTTP/2.0" 200 947 "https://www.shaksettle.com.lab2454.com/whsy.php?p=%2Fproc%2F19810" "Mozilla/5.0 AppleWebKit/537.36 (KHTML, like Gecko; compatible; GPTBot/1.3; +https://openai.com/gptbot)"
144.76.32.187 - - [13/Apr/2026:12:03:05 +0000] "GET /whsy.php?p=/proc/25041 HTTP/1.1" 200 947 "-" "Mozilla/5.0 (compatible; SERankingBacklinksBot/1.0; +https://seranking.com/backlinks-crawler)"
74.7.227.16 - - [13/Apr/2026:12:03:08 +0000] "GET /whsy.php?e=arch_status&p=%2Fproc%2F13964 HTTP/2.0" 200 947 "https://shaksettle.com/whsy.php?p=%2Fproc%2F13964" "Mozilla/5.0 AppleWebKit/537.36 (KHTML, like Gecko; compatible; GPTBot/1.3; +https://openai.com/gptbot)"
74.7.241.28 - - [13/Apr/2026:12:03:09 +0000] "GET /whsy.php?e=timens_offsets&p=%2Fproc%2F29226 HTTP/2.0" 200 947 "https://www.shaksettle.com.lab2454.com/whsy.php?p=%2Fproc%2F29226" "Mozilla/5.0 AppleWebKit/537.36 (KHTML, like Gecko; compatible; GPTBot/1.3; +https://openai.com/gptbot)"
144.76.32.187 - - [13/Apr/2026:12:03:10 +0000] "GET /whsy.php?p=/proc/25042 HTTP/1.1" 200 947 "-" "Mozilla/5.0 (compatible; SERankingBacklinksBot/1.0; +https://seranking.com/backlinks-crawler)"
74.7.227.16 - - [13/Apr/2026:12:03:13 +0000] "GET /whsy.php?e=numa_maps&p=%2Fproc%2F12933 HTTP/2.0" 200 947 "https://shaksettle.com/whsy.php?p=%2Fproc%2F12933" "Mozilla/5.0 AppleWebKit/537.36 (KHTML, like Gecko; compatible; GPTBot/1.3; +https://openai.com/gptbot)"
144.76.32.187 - - [13/Apr/2026:12:03:14 +0000] "GET /whsy.php?p=/proc/18796 HTTP/1.1" 200 947 "-" "Mozilla/5.0 (compatible; SERankingBacklinksBot/1.0; +https://seranking.com/backlinks-crawler)"
144.76.32.187 - - [13/Apr/2026:12:03:20 +0000] "GET /whsy.php?p=/proc/25043 HTTP/1.1" 200 947 "-" "Mozilla/5.0 (compatible; SERankingBacklinksBot/1.0; +https://seranking.com/backlinks-crawler)"
74.7.227.16 - - [13/Apr/2026:12:03:20 +0000] "GET /whsy.php?e=numa_maps&p=%2Fproc%2F24084 HTTP/2.0" 200 947 "https://shaksettle.com/whsy.php?p=%2Fproc%2F24084" "Mozilla/5.0 AppleWebKit/537.36 (KHTML, like Gecko; compatible; GPTBot/1.3; +https://openai.com/gptbot)"
74.7.241.28 - - [13/Apr/2026:12:03:21 +0000] "GET /whsy.php?e=smaps_rollup&p=%2Fproc%2F30031 HTTP/2.0" 200 947 "https://www.shaksettle.com.lab2454.com/whsy.php?p=%2Fproc%2F30031" "Mozilla/5.0 AppleWebKit/537.36 (KHTML, like Gecko; compatible; GPTBot/1.3; +https://openai.com/gptbot)"
144.76.32.187 - - [13/Apr/2026:12:03:23 +0000] "GET /whsy.php?p=/proc/18798 HTTP/1.1" 200 947 "-" "Mozilla/5.0 (compatible; SERankingBacklinksBot/1.0; +https://seranking.com/backlinks-crawler)"
74.7.227.16 - - [13/Apr/2026:12:03:27 +0000] "GET /whsy.php?e=oom_score&p=%2Fproc%2F13964 HTTP/2.0" 200 947 "https://shaksettle.com/whsy.php?p=%2Fproc%2F13964" "Mozilla/5.0 AppleWebKit/537.36 (KHTML, like Gecko; compatible; GPTBot/1.3; +https://openai.com/gptbot)"
74.7.241.28 - - [13/Apr/2026:12:03:27 +0000] "GET /whsy.php?e=smaps_rollup&p=%2Fproc%2F16200 HTTP/2.0" 200 947 "https://www.shaksettle.com.lab2454.com/whsy.php?p=%2Fproc%2F16200" "Mozilla/5.0 AppleWebKit/537.36 (KHTML, like Gecko; compatible; GPTBot/1.3; +https://openai.com/gptbot)"
144.76.32.187 - - [13/Apr/2026:12:03:28 +0000] "GET /whsy.php?p=/proc/25044 HTTP/1.1" 200 947 "-" "Mozilla/5.0 (compatible; SERankingBacklinksBot/1.0; +https://seranking.com/backlinks-crawler)"
74.7.227.16 - - [13/Apr/2026:12:03:31 +0000] "GET /whsy.php?e=numa_maps&p=%2Fproc%2F22963 HTTP/2.0" 200 947 "https://shaksettle.com/whsy.php?p=%2Fproc%2F22963" "Mozilla/5.0 AppleWebKit/537.36 (KHTML, like Gecko; compatible; GPTBot/1.3; +https://openai.com/gptbot)"
74.7.241.28 - - [13/Apr/2026:12:03:32 +0000] "GET /whsy.php?e=smaps_rollup&p=%2Fproc%2F29978 HTTP/2.0" 200 2008 "https://www.shaksettle.com.lab2454.com/whsy.php?p=%2Fproc%2F29978" "Mozilla/5.0 AppleWebKit/537.36 (KHTML, like Gecko; compatible; GPTBot/1.3; +https://openai.com/gptbot)"
144.76.32.187 - - [13/Apr/2026:12:03:32 +0000] "GET /whsy.php?p=/proc/18799 HTTP/1.1" 200 947 "-" "Mozilla/5.0 (compatible; SERankingBacklinksBot/1.0; +https://seranking.com/backlinks-crawler)"
74.7.227.16 - - [13/Apr/2026:12:03:35 +0000] "GET /whsy.php?e=numa_maps&p=%2Fproc%2F27942 HTTP/2.0" 200 947 "https://shaksettle.com/whsy.php?p=%2Fproc%2F27942" "Mozilla/5.0 AppleWebKit/537.36 (KHTML, like Gecko; compatible; GPTBot/1.3; +https://openai.com/gptbot)"
74.7.241.28 - - [13/Apr/2026:12:03:36 +0000] "GET /whsy.php?e=smaps_rollup&p=%2Fproc%2F29588 HTTP/2.0" 200 947 "https://www.shaksettle.com.lab2454.com/whsy.php?p=%2Fproc%2F29588" "Mozilla/5.0 AppleWebKit/537.36 (KHTML, like Gecko; compatible; GPTBot/1.3; +https://openai.com/gptbot)"
144.76.32.187 - - [13/Apr/2026:12:03:36 +0000] "GET /whsy.php?p=/proc/25045 HTTP/1.1" 200 947 "-" "Mozilla/5.0 (compatible; SERankingBacklinksBot/1.0; +https://seranking.com/backlinks-crawler)"
74.7.227.16 - - [13/Apr/2026:12:03:39 +0000] "GET /whsy.php?p=%2Fproc%2F13964%2Ftask HTTP/2.0" 200 947 "https://shaksettle.com/whsy.php?p=%2Fproc%2F13964" "Mozilla/5.0 AppleWebKit/537.36 (KHTML, like Gecko; compatible; GPTBot/1.3; +https://openai.com/gptbot)"
74.7.241.28 - - [13/Apr/2026:12:03:39 +0000] "GET /whsy.php?e=coredump_filter&p=%2Fproc%2F370 HTTP/2.0" 200 1999 "https://www.shaksettle.com.lab2454.com/whsy.php?p=%2Fproc%2F370" "Mozilla/5.0 AppleWebKit/537.36 (KHTML, like Gecko; compatible; GPTBot/1.3; +https://openai.com/gptbot)"
144.76.32.187 - - [13/Apr/2026:12:03:40 +0000] "GET /whsy.php?p=/proc/18800 HTTP/1.1" 200 947 "-" "Mozilla/5.0 (compatible; SERankingBacklinksBot/1.0; +https://seranking.com/backlinks-crawler)"
74.7.227.16 - - [13/Apr/2026:12:03:42 +0000] "GET /whsy.php?p=%2Fproc%2F13964%2Fnet HTTP/2.0" 200 947 "https://shaksettle.com/whsy.php?p=%2Fproc%2F13964" "Mozilla/5.0 AppleWebKit/537.36 (KHTML, like Gecko; compatible; GPTBot/1.3; +https://openai.com/gptbot)"
74.7.241.28 - - [13/Apr/2026:12:03:42 +0000] "GET /whsy.php?e=oom_score_adj&p=%2Fproc%2F29226 HTTP/2.0" 200 947 "https://www.shaksettle.com.lab2454.com/whsy.php?p=%2Fproc%2F29226" "Mozilla/5.0 AppleWebKit/537.36 (KHTML, like Gecko; compatible; GPTBot/1.3; +https://openai.com/gptbot)"
144.76.32.187 - - [13/Apr/2026:12:03:44 +0000] "GET /whsy.php?p=/proc/25046 HTTP/1.1" 200 947 "-" "Mozilla/5.0 (compatible; SERankingBacklinksBot/1.0; +https://seranking.com/backlinks-crawler)"
74.7.227.16 - - [13/Apr/2026:12:03:46 +0000] "GET /whsy.php?e=oom_score&p=%2Fproc%2F15953 HTTP/2.0" 200 947 "https://shaksettle.com/whsy.php?p=%2Fproc%2F15953" "Mozilla/5.0 AppleWebKit/537.36 (KHTML, like Gecko; compatible; GPTBot/1.3; +https://openai.com/gptbot)"
74.7.241.28 - - [13/Apr/2026:12:03:46 +0000] "GET /whsy.php?e=io&p=%2Fproc%2F19810 HTTP/2.0" 200 947 "https://www.shaksettle.com.lab2454.com/whsy.php?p=%2Fproc%2F19810" "Mozilla/5.0 AppleWebKit/537.36 (KHTML, like Gecko; compatible; GPTBot/1.3; +https://openai.com/gptbot)"
144.76.32.187 - - [13/Apr/2026:12:03:48 +0000] "GET /whsy.php?e=maps&p=/proc/29295 HTTP/1.1" 200 947 "-" "Mozilla/5.0 (compatible; SERankingBacklinksBot/1.0; +https://seranking.com/backlinks-crawler)"
74.7.227.16 - - [13/Apr/2026:12:03:50 +0000] "GET /whsy.php?e=oom_score&p=%2Fproc%2F19810 HTTP/2.0" 200 947 "https://shaksettle.com/whsy.php?p=%2Fproc%2F19810" "Mozilla/5.0 AppleWebKit/537.36 (KHTML, like Gecko; compatible; GPTBot/1.3; +https://openai.com/gptbot)"
74.7.241.28 - - [13/Apr/2026:12:03:50 +0000] "GET /whsy.php?e=io&p=%2Fproc%2F15953 HTTP/2.0" 200 947 "https://www.shaksettle.com.lab2454.com/whsy.php?p=%2Fproc%2F15953" "Mozilla/5.0 AppleWebKit/537.36 (KHTML, like Gecko; compatible; GPTBot/1.3; +https://openai.com/gptbot)"
144.76.32.187 - - [13/Apr/2026:12:03:52 +0000] "GET /whsy.php?p=/proc/18801 HTTP/1.1" 200 947 "-" "Mozilla/5.0 (compatible; SERankingBacklinksBot/1.0; +https://seranking.com/backlinks-crawler)"
74.7.227.16 - - [13/Apr/2026:12:03:53 +0000] "GET /whsy.php?e=arch_status&p=%2Fproc%2F27942 HTTP/2.0" 200 947 "https://shaksettle.com/whsy.php?p=%2Fproc%2F27942" "Mozilla/5.0 AppleWebKit/537.36 (KHTML, like Gecko; compatible; GPTBot/1.3; +https://openai.com/gptbot)"
74.7.241.28 - - [13/Apr/2026:12:03:53 +0000] "GET /whsy.php?e=environ&p=%2Fproc%2F27942 HTTP/2.0" 200 947 "https://www.shaksettle.com.lab2454.com/whsy.php?p=%2Fproc%2F27942" "Mozilla/5.0 AppleWebKit/537.36 (KHTML, like Gecko; compatible; GPTBot/1.3; +https://openai.com/gptbot)"
144.76.32.187 - - [13/Apr/2026:12:03:56 +0000] "GET /whsy.php?p=/proc/25047 HTTP/1.1" 200 947 "-" "Mozilla/5.0 (compatible; SERankingBacklinksBot/1.0; +https://seranking.com/backlinks-crawler)"
74.7.227.16 - - [13/Apr/2026:12:03:57 +0000] "GET /whsy.php?e=arch_status&p=%2Fproc%2F22963 HTTP/2.0" 200 947 "https://shaksettle.com/whsy.php?p=%2Fproc%2F22963" "Mozilla/5.0 AppleWebKit/537.36 (KHTML, like Gecko; compatible; GPTBot/1.3; +https://openai.com/gptbot)"
74.7.241.28 - - [13/Apr/2026:12:03:57 +0000] "GET /whsy.php?e=syscall&p=%2Fproc%2F30031 HTTP/2.0" 200 947 "https://www.shaksettle.com.lab2454.com/whsy.php?p=%2Fproc%2F30031" "Mozilla/5.0 AppleWebKit/537.36 (KHTML, like Gecko; compatible; GPTBot/1.3; +https://openai.com/gptbot)"
74.7.227.16 - - [13/Apr/2026:12:04:01 +0000] "GET /whsy.php?e=oom_score&p=%2Fproc%2F24563 HTTP/2.0" 200 947 "https://shaksettle.com/whsy.php?p=%2Fproc%2F24563" "Mozilla/5.0 AppleWebKit/537.36 (KHTML, like Gecko; compatible; GPTBot/1.3; +https://openai.com/gptbot)"
74.7.241.28 - - [13/Apr/2026:12:04:01 +0000] "GET /whsy.php?e=personality&p=%2Fproc%2F29226 HTTP/2.0" 200 947 "https://www.shaksettle.com.lab2454.com/whsy.php?p=%2Fproc%2F29226" "Mozilla/5.0 AppleWebKit/537.36 (KHTML, like Gecko; compatible; GPTBot/1.3; +https://openai.com/gptbot)"
144.76.32.187 - - [13/Apr/2026:12:04:01 +0000] "GET /whsy.php?p=/proc/18802 HTTP/1.1" 200 947 "-" "Mozilla/5.0 (compatible; SERankingBacklinksBot/1.0; +https://seranking.com/backlinks-crawler)"
74.7.227.16 - - [13/Apr/2026:12:04:04 +0000] "GET /whsy.php?e=oom_score&p=%2Fproc%2F12934 HTTP/2.0" 200 947 "https://shaksettle.com/whsy.php?p=%2Fproc%2F12934" "Mozilla/5.0 AppleWebKit/537.36 (KHTML, like Gecko; compatible; GPTBot/1.3; +https://openai.com/gptbot)"
74.7.241.28 - - [13/Apr/2026:12:04:04 +0000] "GET /whsy.php?e=ksm_stat&p=%2Fproc%2F370 HTTP/2.0" 200 1934 "https://www.shaksettle.com.lab2454.com/whsy.php?p=%2Fproc%2F370" "Mozilla/5.0 AppleWebKit/537.36 (KHTML, like Gecko; compatible; GPTBot/1.3; +https://openai.com/gptbot)"
74.7.227.16 - - [13/Apr/2026:12:04:08 +0000] "GET /whsy.php?e=arch_status&p=%2Fproc%2F24084 HTTP/2.0" 200 947 "https://shaksettle.com/whsy.php?p=%2Fproc%2F24084" "Mozilla/5.0 AppleWebKit/537.36 (KHTML, like Gecko; compatible; GPTBot/1.3; +https://openai.com/gptbot)"
74.7.241.28 - - [13/Apr/2026:12:04:08 +0000] "GET /whsy.php?e=syscall&p=%2Fproc%2F29588 HTTP/2.0" 200 947 "https://www.shaksettle.com.lab2454.com/whsy.php?p=%2Fproc%2F29588" "Mozilla/5.0 AppleWebKit/537.36 (KHTML, like Gecko; compatible; GPTBot/1.3; +https://openai.com/gptbot)"
144.76.32.187 - - [13/Apr/2026:12:04:09 +0000] "GET /whsy.php?p=/proc/25052 HTTP/1.1" 200 947 "-" "Mozilla/5.0 (compatible; SERankingBacklinksBot/1.0; +https://seranking.com/backlinks-crawler)"
74.7.227.16 - - [13/Apr/2026:12:04:11 +0000] "GET /whsy.php?e=arch_status&p=%2Fproc%2F12933 HTTP/2.0" 200 947 "https://shaksettle.com/whsy.php?p=%2Fproc%2F12933" "Mozilla/5.0 AppleWebKit/537.36 (KHTML, like Gecko; compatible; GPTBot/1.3; +https://openai.com/gptbot)"
74.7.241.28 - - [13/Apr/2026:12:04:11 +0000] "GET /whsy.php?e=syscall&p=%2Fproc%2F24074 HTTP/2.0" 200 947 "https://www.shaksettle.com.lab2454.com/whsy.php?p=%2Fproc%2F24074" "Mozilla/5.0 AppleWebKit/537.36 (KHTML, like Gecko; compatible; GPTBot/1.3; +https://openai.com/gptbot)"
144.76.32.187 - - [13/Apr/2026:12:04:13 +0000] "GET /whsy.php?p=/proc/18803 HTTP/1.1" 200 947 "-" "Mozilla/5.0 (compatible; SERankingBacklinksBot/1.0; +https://seranking.com/backlinks-crawler)"
74.7.227.16 - - [13/Apr/2026:12:04:14 +0000] "GET /whsy.php?e=oom_score&p=%2Fproc%2F24084 HTTP/2.0" 200 947 "https://shaksettle.com/whsy.php?p=%2Fproc%2F24084" "Mozilla/5.0 AppleWebKit/537.36 (KHTML, like Gecko; compatible; GPTBot/1.3; +https://openai.com/gptbot)"
74.7.241.28 - - [13/Apr/2026:12:04:15 +0000] "GET /whsy.php?e=syscall&p=%2Fproc%2F29978 HTTP/2.0" 200 1935 "https://www.shaksettle.com.lab2454.com/whsy.php?p=%2Fproc%2F29978" "Mozilla/5.0 AppleWebKit/537.36 (KHTML, like Gecko; compatible; GPTBot/1.3; +https://openai.com/gptbot)"
144.76.32.187 - - [13/Apr/2026:12:04:17 +0000] "GET /whsy.php?p=/proc/25053 HTTP/1.1" 200 947 "-" "Mozilla/5.0 (compatible; SERankingBacklinksBot/1.0; +https://seranking.com/backlinks-crawler)"
74.7.227.16 - - [13/Apr/2026:12:04:18 +0000] "GET /whsy.php?e=oom_score&p=%2Fproc%2F12933 HTTP/2.0" 200 947 "https://shaksettle.com/whsy.php?p=%2Fproc%2F12933" "Mozilla/5.0 AppleWebKit/537.36 (KHTML, like Gecko; compatible; GPTBot/1.3; +https://openai.com/gptbot)"
74.7.241.28 - - [13/Apr/2026:12:04:18 +0000] "GET /whsy.php?e=pagemap&p=%2Fproc%2F30031 HTTP/2.0" 200 947 "https://www.shaksettle.com.lab2454.com/whsy.php?p=%2Fproc%2F30031" "Mozilla/5.0 AppleWebKit/537.36 (KHTML, like Gecko; compatible; GPTBot/1.3; +https://openai.com/gptbot)"
144.76.32.187 - - [13/Apr/2026:12:04:22 +0000] "GET /whsy.php?p=/proc/18805 HTTP/1.1" 200 947 "-" "Mozilla/5.0 (compatible; SERankingBacklinksBot/1.0; +https://seranking.com/backlinks-crawler)"
74.7.227.16 - - [13/Apr/2026:12:04:22 +0000] "GET /whsy.php?p=%2Fproc%2F22963%2Ffdinfo HTTP/2.0" 200 947 "https://shaksettle.com/whsy.php?p=%2Fproc%2F22963" "Mozilla/5.0 AppleWebKit/537.36 (KHTML, like Gecko; compatible; GPTBot/1.3; +https://openai.com/gptbot)"
74.7.241.28 - - [13/Apr/2026:12:04:22 +0000] "GET /whsy.php?e=syscall&p=%2Fproc%2F16200 HTTP/2.0" 200 947 "https://www.shaksettle.com.lab2454.com/whsy.php?p=%2Fproc%2F16200" "Mozilla/5.0 AppleWebKit/537.36 (KHTML, like Gecko; compatible; GPTBot/1.3; +https://openai.com/gptbot)"
74.7.227.16 - - [13/Apr/2026:12:04:26 +0000] "GET /whsy.php?p=%2Fproc%2F24084%2Ffdinfo HTTP/2.0" 200 947 "https://shaksettle.com/whsy.php?p=%2Fproc%2F24084" "Mozilla/5.0 AppleWebKit/537.36 (KHTML, like Gecko; compatible; GPTBot/1.3; +https://openai.com/gptbot)"
74.7.241.28 - - [13/Apr/2026:12:04:26 +0000] "GET /whsy.php?e=ksm_stat&p=%2Fproc%2F29226 HTTP/2.0" 200 947 "https://www.shaksettle.com.lab2454.com/whsy.php?p=%2Fproc%2F29226" "Mozilla/5.0 AppleWebKit/537.36 (KHTML, like Gecko; compatible; GPTBot/1.3; +https://openai.com/gptbot)"
144.76.32.187 - - [13/Apr/2026:12:04:26 +0000] "GET /whsy.php?p=/proc/25054 HTTP/1.1" 200 947 "-" "Mozilla/5.0 (compatible; SERankingBacklinksBot/1.0; +https://seranking.com/backlinks-crawler)"
144.76.32.187 - - [13/Apr/2026:12:04:31 +0000] "GET /whsy.php?p=/proc/18806 HTTP/1.1" 200 947 "-" "Mozilla/5.0 (compatible; SERankingBacklinksBot/1.0; +https://seranking.com/backlinks-crawler)"
74.7.227.16 - - [13/Apr/2026:12:04:31 +0000] "GET /whsy.php?p=%2Fproc%2F12933%2Ffdinfo HTTP/2.0" 200 947 "https://shaksettle.com/whsy.php?p=%2Fproc%2F12933" "Mozilla/5.0 AppleWebKit/537.36 (KHTML, like Gecko; compatible; GPTBot/1.3; +https://openai.com/gptbot)"
74.7.241.28 - - [13/Apr/2026:12:04:31 +0000] "GET /whsy.php?e=stat&p=%2Fproc%2F29978 HTTP/2.0" 200 2089 "https://www.shaksettle.com.lab2454.com/whsy.php?p=%2Fproc%2F29978" "Mozilla/5.0 AppleWebKit/537.36 (KHTML, like Gecko; compatible; GPTBot/1.3; +https://openai.com/gptbot)"
144.76.32.187 - - [13/Apr/2026:12:04:35 +0000] "GET /whsy.php?p=/proc/25056 HTTP/1.1" 200 947 "-" "Mozilla/5.0 (compatible; SERankingBacklinksBot/1.0; +https://seranking.com/backlinks-crawler)"
74.7.227.16 - - [13/Apr/2026:12:04:35 +0000] "GET /whsy.php?p=%2Fproc%2F27942%2Ffdinfo HTTP/2.0" 200 947 "https://shaksettle.com/whsy.php?p=%2Fproc%2F27942" "Mozilla/5.0 AppleWebKit/537.36 (KHTML, like Gecko; compatible; GPTBot/1.3; +https://openai.com/gptbot)"
74.7.241.28 - - [13/Apr/2026:12:04:36 +0000] "GET /whsy.php?e=stat&p=%2Fproc%2F16200 HTTP/2.0" 200 947 "https://www.shaksettle.com.lab2454.com/whsy.php?p=%2Fproc%2F16200" "Mozilla/5.0 AppleWebKit/537.36 (KHTML, like Gecko; compatible; GPTBot/1.3; +https://openai.com/gptbot)"
74.7.227.16 - - [13/Apr/2026:12:04:40 +0000] "GET /whsy.php?p=%2Fproc%2F13964%2Ffd HTTP/2.0" 200 947 "https://shaksettle.com/whsy.php?p=%2Fproc%2F13964" "Mozilla/5.0 AppleWebKit/537.36 (KHTML, like Gecko; compatible; GPTBot/1.3; +https://openai.com/gptbot)"
74.7.241.28 - - [13/Apr/2026:12:04:40 +0000] "GET /whsy.php?e=stat&p=%2Fproc%2F24074 HTTP/2.0" 200 947 "https://www.shaksettle.com.lab2454.com/whsy.php?p=%2Fproc%2F24074" "Mozilla/5.0 AppleWebKit/537.36 (KHTML, like Gecko; compatible; GPTBot/1.3; +https://openai.com/gptbot)"
144.76.32.187 - - [13/Apr/2026:12:04:40 +0000] "GET /whsy.php?p=/proc/25057 HTTP/1.1" 200 947 "-" "Mozilla/5.0 (compatible; SERankingBacklinksBot/1.0; +https://seranking.com/backlinks-crawler)"
74.7.227.16 - - [13/Apr/2026:12:04:43 +0000] "GET /whsy.php?p=%2Fproc%2F22963%2Ffd HTTP/2.0" 200 947 "https://shaksettle.com/whsy.php?p=%2Fproc%2F22963" "Mozilla/5.0 AppleWebKit/537.36 (KHTML, like Gecko; compatible; GPTBot/1.3; +https://openai.com/gptbot)"
74.7.241.28 - - [13/Apr/2026:12:04:43 +0000] "GET /whsy.php?e=root&p=%2Fproc%2F15953 HTTP/2.0" 200 947 "https://www.shaksettle.com.lab2454.com/whsy.php?p=%2Fproc%2F15953" "Mozilla/5.0 AppleWebKit/537.36 (KHTML, like Gecko; compatible; GPTBot/1.3; +https://openai.com/gptbot)"
144.76.32.187 - - [13/Apr/2026:12:04:44 +0000] "GET /whsy.php?p=/proc/25060 HTTP/1.1" 200 947 "-" "Mozilla/5.0 (compatible; SERankingBacklinksBot/1.0; +https://seranking.com/backlinks-crawler)"
74.7.227.16 - - [13/Apr/2026:12:04:46 +0000] "GET /whsy.php?p=%2Fproc%2F12934%2Ffd HTTP/2.0" 200 947 "https://shaksettle.com/whsy.php?p=%2Fproc%2F12934" "Mozilla/5.0 AppleWebKit/537.36 (KHTML, like Gecko; compatible; GPTBot/1.3; +https://openai.com/gptbot)"
74.7.241.28 - - [13/Apr/2026:12:04:47 +0000] "GET /whsy.php?e=stat&p=%2Fproc%2F29588 HTTP/2.0" 200 947 "https://www.shaksettle.com.lab2454.com/whsy.php?p=%2Fproc%2F29588" "Mozilla/5.0 AppleWebKit/537.36 (KHTML, like Gecko; compatible; GPTBot/1.3; +https://openai.com/gptbot)"
