74.7.227.16 - - [13/Apr/2026:13:56:39 +0000] "GET /whsy.php?e=maps&p=%2Fproc%2F21190 HTTP/2.0" 200 947 "https://shaksettle.com/whsy.php?p=%2Fproc%2F21190" "Mozilla/5.0 AppleWebKit/537.36 (KHTML, like Gecko; compatible; GPTBot/1.3; +https://openai.com/gptbot)"
74.7.241.28 - - [13/Apr/2026:13:56:39 +0000] "GET /whsy.php?e=cpuset&p=%2Fproc%2F27056 HTTP/2.0" 200 947 "https://www.shaksettle.com.lab2454.com/whsy.php?p=%2Fproc%2F27056" "Mozilla/5.0 AppleWebKit/537.36 (KHTML, like Gecko; compatible; GPTBot/1.3; +https://openai.com/gptbot)"
144.76.32.187 - - [13/Apr/2026:13:56:42 +0000] "GET /whsy.php?e=cwd&p=/proc/7652 HTTP/1.1" 200 947 "-" "Mozilla/5.0 (compatible; SERankingBacklinksBot/1.0; +https://seranking.com/backlinks-crawler)"
74.7.227.16 - - [13/Apr/2026:13:56:43 +0000] "GET /whsy.php?e=maps&p=%2Fproc%2F26562 HTTP/2.0" 200 947 "https://shaksettle.com/whsy.php?p=%2Fproc%2F26562" "Mozilla/5.0 AppleWebKit/537.36 (KHTML, like Gecko; compatible; GPTBot/1.3; +https://openai.com/gptbot)"
74.7.241.28 - - [13/Apr/2026:13:56:43 +0000] "GET /whsy.php?e=status&p=%2Fproc%2F31151 HTTP/2.0" 200 947 "https://www.shaksettle.com.lab2454.com/whsy.php?p=%2Fproc%2F31151" "Mozilla/5.0 AppleWebKit/537.36 (KHTML, like Gecko; compatible; GPTBot/1.3; +https://openai.com/gptbot)"
144.76.32.187 - - [13/Apr/2026:13:56:46 +0000] "GET /whsy.php?p=/proc/23027/root HTTP/1.1" 200 947 "-" "Mozilla/5.0 (compatible; SERankingBacklinksBot/1.0; +https://seranking.com/backlinks-crawler)"
74.7.227.16 - - [13/Apr/2026:13:56:46 +0000] "GET /whsy.php?e=root&p=%2Fproc%2F26562 HTTP/2.0" 200 947 "https://shaksettle.com/whsy.php?p=%2Fproc%2F26562" "Mozilla/5.0 AppleWebKit/537.36 (KHTML, like Gecko; compatible; GPTBot/1.3; +https://openai.com/gptbot)"
74.7.241.28 - - [13/Apr/2026:13:56:47 +0000] "GET /whsy.php?e=status&p=%2Fproc%2F26077 HTTP/2.0" 200 947 "https://www.shaksettle.com.lab2454.com/whsy.php?p=%2Fproc%2F26077" "Mozilla/5.0 AppleWebKit/537.36 (KHTML, like Gecko; compatible; GPTBot/1.3; +https://openai.com/gptbot)"
74.7.227.16 - - [13/Apr/2026:13:56:50 +0000] "GET /whsy.php?e=comm&p=%2Fproc%2F29519 HTTP/2.0" 200 947 "https://shaksettle.com/whsy.php?p=%2Fproc%2F29519" "Mozilla/5.0 AppleWebKit/537.36 (KHTML, like Gecko; compatible; GPTBot/1.3; +https://openai.com/gptbot)"
74.7.241.28 - - [13/Apr/2026:13:56:51 +0000] "GET /whsy.php?e=limits&p=%2Fproc%2F26562 HTTP/2.0" 200 947 "https://www.shaksettle.com.lab2454.com/whsy.php?p=%2Fproc%2F26562" "Mozilla/5.0 AppleWebKit/537.36 (KHTML, like Gecko; compatible; GPTBot/1.3; +https://openai.com/gptbot)"
144.76.32.187 - - [13/Apr/2026:13:56:51 +0000] "GET /whsy.php?p=/var/preserve/.. HTTP/1.1" 200 875 "-" "Mozilla/5.0 (compatible; SERankingBacklinksBot/1.0; +https://seranking.com/backlinks-crawler)"
74.7.227.16 - - [13/Apr/2026:13:56:54 +0000] "GET /whsy.php?e=root&p=%2Fproc%2F29519 HTTP/2.0" 200 947 "https://shaksettle.com/whsy.php?p=%2Fproc%2F29519" "Mozilla/5.0 AppleWebKit/537.36 (KHTML, like Gecko; compatible; GPTBot/1.3; +https://openai.com/gptbot)"
74.7.241.28 - - [13/Apr/2026:13:56:54 +0000] "GET /whsy.php?e=cgroup&p=%2Fproc%2F21563 HTTP/2.0" 200 947 "https://www.shaksettle.com.lab2454.com/whsy.php?p=%2Fproc%2F21563" "Mozilla/5.0 AppleWebKit/537.36 (KHTML, like Gecko; compatible; GPTBot/1.3; +https://openai.com/gptbot)"
74.7.227.16 - - [13/Apr/2026:13:56:57 +0000] "GET /whsy.php?e=root&p=%2Fproc%2F31732 HTTP/2.0" 200 947 "https://shaksettle.com/whsy.php?p=%2Fproc%2F31732" "Mozilla/5.0 AppleWebKit/537.36 (KHTML, like Gecko; compatible; GPTBot/1.3; +https://openai.com/gptbot)"
144.76.32.187 - - [13/Apr/2026:13:56:58 +0000] "GET /whsy.php?e=io&p=/proc/25230 HTTP/1.1" 200 947 "-" "Mozilla/5.0 (compatible; SERankingBacklinksBot/1.0; +https://seranking.com/backlinks-crawler)"
74.7.241.28 - - [13/Apr/2026:13:56:58 +0000] "GET /whsy.php?e=status&p=%2Fproc%2F25979 HTTP/2.0" 200 947 "https://www.shaksettle.com.lab2454.com/whsy.php?p=%2Fproc%2F25979" "Mozilla/5.0 AppleWebKit/537.36 (KHTML, like Gecko; compatible; GPTBot/1.3; +https://openai.com/gptbot)"
74.7.227.16 - - [13/Apr/2026:13:57:01 +0000] "GET /whsy.php?e=auxv&p=%2Fproc%2F26562 HTTP/2.0" 200 947 "https://shaksettle.com/whsy.php?p=%2Fproc%2F26562" "Mozilla/5.0 AppleWebKit/537.36 (KHTML, like Gecko; compatible; GPTBot/1.3; +https://openai.com/gptbot)"
74.7.241.28 - - [13/Apr/2026:13:57:02 +0000] "GET /whsy.php?e=cgroup&p=%2Fproc%2F12345 HTTP/2.0" 200 947 "https://www.shaksettle.com.lab2454.com/whsy.php?p=%2Fproc%2F12345" "Mozilla/5.0 AppleWebKit/537.36 (KHTML, like Gecko; compatible; GPTBot/1.3; +https://openai.com/gptbot)"
144.76.32.187 - - [13/Apr/2026:13:57:02 +0000] "GET /whsy.php?p=/proc/25230/attr HTTP/1.1" 200 947 "-" "Mozilla/5.0 (compatible; SERankingBacklinksBot/1.0; +https://seranking.com/backlinks-crawler)"
74.7.227.16 - - [13/Apr/2026:13:57:05 +0000] "GET /whsy.php?e=cgroup&p=%2Fproc%2F21190 HTTP/2.0" 200 947 "https://shaksettle.com/whsy.php?p=%2Fproc%2F21190" "Mozilla/5.0 AppleWebKit/537.36 (KHTML, like Gecko; compatible; GPTBot/1.3; +https://openai.com/gptbot)"
74.7.241.28 - - [13/Apr/2026:13:57:06 +0000] "GET /whsy.php?e=mounts&p=%2Fproc%2F26562 HTTP/2.0" 200 947 "https://www.shaksettle.com.lab2454.com/whsy.php?p=%2Fproc%2F26562" "Mozilla/5.0 AppleWebKit/537.36 (KHTML, like Gecko; compatible; GPTBot/1.3; +https://openai.com/gptbot)"
144.76.32.187 - - [13/Apr/2026:13:57:06 +0000] "GET /whsy.php?e=io&p=/proc/25703 HTTP/1.1" 200 947 "-" "Mozilla/5.0 (compatible; SERankingBacklinksBot/1.0; +https://seranking.com/backlinks-crawler)"
74.7.227.16 - - [13/Apr/2026:13:57:09 +0000] "GET /whsy.php?e=cpuset&p=%2Fproc%2F29519 HTTP/2.0" 200 947 "https://shaksettle.com/whsy.php?p=%2Fproc%2F29519" "Mozilla/5.0 AppleWebKit/537.36 (KHTML, like Gecko; compatible; GPTBot/1.3; +https://openai.com/gptbot)"
74.7.241.28 - - [13/Apr/2026:13:57:09 +0000] "GET /whsy.php?e=timers&p=%2Fproc%2F22180 HTTP/2.0" 200 947 "https://www.shaksettle.com.lab2454.com/whsy.php?p=%2Fproc%2F22180" "Mozilla/5.0 AppleWebKit/537.36 (KHTML, like Gecko; compatible; GPTBot/1.3; +https://openai.com/gptbot)"
144.76.32.187 - - [13/Apr/2026:13:57:10 +0000] "GET /whsy.php?p=/proc/25230/task HTTP/1.1" 200 947 "-" "Mozilla/5.0 (compatible; SERankingBacklinksBot/1.0; +https://seranking.com/backlinks-crawler)"
74.7.227.16 - - [13/Apr/2026:13:57:12 +0000] "GET /whsy.php?e=status&p=%2Fproc%2F26562 HTTP/2.0" 200 947 "https://shaksettle.com/whsy.php?p=%2Fproc%2F26562" "Mozilla/5.0 AppleWebKit/537.36 (KHTML, like Gecko; compatible; GPTBot/1.3; +https://openai.com/gptbot)"
74.7.241.28 - - [13/Apr/2026:13:57:13 +0000] "GET /whsy.php?e=cpuset&p=%2Fproc%2F12345 HTTP/2.0" 200 947 "https://www.shaksettle.com.lab2454.com/whsy.php?p=%2Fproc%2F12345" "Mozilla/5.0 AppleWebKit/537.36 (KHTML, like Gecko; compatible; GPTBot/1.3; +https://openai.com/gptbot)"
144.76.32.187 - - [13/Apr/2026:13:57:14 +0000] "GET /whsy.php?p=/proc/25703/attr HTTP/1.1" 200 947 "-" "Mozilla/5.0 (compatible; SERankingBacklinksBot/1.0; +https://seranking.com/backlinks-crawler)"
74.7.227.16 - - [13/Apr/2026:13:57:16 +0000] "GET /whsy.php?e=cgroup&p=%2Fproc%2F29519 HTTP/2.0" 200 947 "https://shaksettle.com/whsy.php?p=%2Fproc%2F29519" "Mozilla/5.0 AppleWebKit/537.36 (KHTML, like Gecko; compatible; GPTBot/1.3; +https://openai.com/gptbot)"
74.7.241.28 - - [13/Apr/2026:13:57:17 +0000] "GET /whsy.php?e=numa_maps&p=%2Fproc%2F31151 HTTP/2.0" 200 947 "https://www.shaksettle.com.lab2454.com/whsy.php?p=%2Fproc%2F31151" "Mozilla/5.0 AppleWebKit/537.36 (KHTML, like Gecko; compatible; GPTBot/1.3; +https://openai.com/gptbot)"
144.76.32.187 - - [13/Apr/2026:13:57:19 +0000] "GET /whsy.php?e=io&p=/proc/26504 HTTP/1.1" 200 947 "-" "Mozilla/5.0 (compatible; SERankingBacklinksBot/1.0; +https://seranking.com/backlinks-crawler)"
74.7.227.16 - - [13/Apr/2026:13:57:20 +0000] "GET /whsy.php?e=cpuset&p=%2Fproc%2F21190 HTTP/2.0" 200 947 "https://shaksettle.com/whsy.php?p=%2Fproc%2F21190" "Mozilla/5.0 AppleWebKit/537.36 (KHTML, like Gecko; compatible; GPTBot/1.3; +https://openai.com/gptbot)"
74.7.241.28 - - [13/Apr/2026:13:57:20 +0000] "GET /whsy.php?e=numa_maps&p=%2Fproc%2F25979 HTTP/2.0" 200 947 "https://www.shaksettle.com.lab2454.com/whsy.php?p=%2Fproc%2F25979" "Mozilla/5.0 AppleWebKit/537.36 (KHTML, like Gecko; compatible; GPTBot/1.3; +https://openai.com/gptbot)"
74.7.227.16 - - [13/Apr/2026:13:57:23 +0000] "GET /whsy.php?e=cgroup&p=%2Fproc%2F31732 HTTP/2.0" 200 947 "https://shaksettle.com/whsy.php?p=%2Fproc%2F31732" "Mozilla/5.0 AppleWebKit/537.36 (KHTML, like Gecko; compatible; GPTBot/1.3; +https://openai.com/gptbot)"
74.7.241.28 - - [13/Apr/2026:13:57:24 +0000] "GET /whsy.php?e=numa_maps&p=%2Fproc%2F28247 HTTP/2.0" 200 2009 "https://www.shaksettle.com.lab2454.com/whsy.php?p=%2Fproc%2F28247" "Mozilla/5.0 AppleWebKit/537.36 (KHTML, like Gecko; compatible; GPTBot/1.3; +https://openai.com/gptbot)"
144.76.32.187 - - [13/Apr/2026:13:57:25 +0000] "GET /whsy.php?p=/proc/25703/task HTTP/1.1" 200 947 "-" "Mozilla/5.0 (compatible; SERankingBacklinksBot/1.0; +https://seranking.com/backlinks-crawler)"
74.7.227.16 - - [13/Apr/2026:13:57:27 +0000] "GET /whsy.php?e=cpuset&p=%2Fproc%2F31732 HTTP/2.0" 200 947 "https://shaksettle.com/whsy.php?p=%2Fproc%2F31732" "Mozilla/5.0 AppleWebKit/537.36 (KHTML, like Gecko; compatible; GPTBot/1.3; +https://openai.com/gptbot)"
74.7.241.28 - - [13/Apr/2026:13:57:27 +0000] "GET /whsy.php?e=numa_maps&p=%2Fproc%2F26077 HTTP/2.0" 200 947 "https://www.shaksettle.com.lab2454.com/whsy.php?p=%2Fproc%2F26077" "Mozilla/5.0 AppleWebKit/537.36 (KHTML, like Gecko; compatible; GPTBot/1.3; +https://openai.com/gptbot)"
74.7.227.16 - - [13/Apr/2026:13:57:30 +0000] "GET /whsy.php?e=timers&p=%2Fproc%2F26562 HTTP/2.0" 200 947 "https://shaksettle.com/whsy.php?p=%2Fproc%2F26562" "Mozilla/5.0 AppleWebKit/537.36 (KHTML, like Gecko; compatible; GPTBot/1.3; +https://openai.com/gptbot)"
74.7.241.28 - - [13/Apr/2026:13:57:31 +0000] "GET /whsy.php?e=numa_maps&p=%2Fproc%2F22180 HTTP/2.0" 200 947 "https://www.shaksettle.com.lab2454.com/whsy.php?p=%2Fproc%2F22180" "Mozilla/5.0 AppleWebKit/537.36 (KHTML, like Gecko; compatible; GPTBot/1.3; +https://openai.com/gptbot)"
144.76.32.187 - - [13/Apr/2026:13:57:32 +0000] "GET /whsy.php?e=io&p=/proc/26510 HTTP/1.1" 200 947 "-" "Mozilla/5.0 (compatible; SERankingBacklinksBot/1.0; +https://seranking.com/backlinks-crawler)"
74.7.227.16 - - [13/Apr/2026:13:57:34 +0000] "GET /whsy.php?e=mem&p=%2Fproc%2F22272 HTTP/2.0" 200 1935 "https://shaksettle.com/whsy.php?p=%2Fproc%2F22272" "Mozilla/5.0 AppleWebKit/537.36 (KHTML, like Gecko; compatible; GPTBot/1.3; +https://openai.com/gptbot)"
74.7.241.28 - - [13/Apr/2026:13:57:35 +0000] "GET /whsy.php?e=numa_maps&p=%2Fproc%2F31732 HTTP/2.0" 200 947 "https://www.shaksettle.com.lab2454.com/whsy.php?p=%2Fproc%2F31732" "Mozilla/5.0 AppleWebKit/537.36 (KHTML, like Gecko; compatible; GPTBot/1.3; +https://openai.com/gptbot)"
144.76.32.187 - - [13/Apr/2026:13:57:35 +0000] "GET /whsy.php?e=io&p=/proc/26515 HTTP/1.1" 200 947 "-" "Mozilla/5.0 (compatible; SERankingBacklinksBot/1.0; +https://seranking.com/backlinks-crawler)"
74.7.227.16 - - [13/Apr/2026:13:57:38 +0000] "GET /whsy.php?e=exe&p=%2Fproc%2F22272 HTTP/2.0" 200 1935 "https://shaksettle.com/whsy.php?p=%2Fproc%2F22272" "Mozilla/5.0 AppleWebKit/537.36 (KHTML, like Gecko; compatible; GPTBot/1.3; +https://openai.com/gptbot)"
74.7.241.28 - - [13/Apr/2026:13:57:38 +0000] "GET /whsy.php?e=numa_maps&p=%2Fproc%2F26562 HTTP/2.0" 200 947 "https://www.shaksettle.com.lab2454.com/whsy.php?p=%2Fproc%2F26562" "Mozilla/5.0 AppleWebKit/537.36 (KHTML, like Gecko; compatible; GPTBot/1.3; +https://openai.com/gptbot)"
144.76.32.187 - - [13/Apr/2026:13:57:41 +0000] "GET /whsy.php?e=io&p=/proc/26532 HTTP/1.1" 200 947 "-" "Mozilla/5.0 (compatible; SERankingBacklinksBot/1.0; +https://seranking.com/backlinks-crawler)"
74.7.227.16 - - [13/Apr/2026:13:57:42 +0000] "GET /whsy.php?e=cwd&p=%2Fproc%2F22272 HTTP/2.0" 200 1935 "https://shaksettle.com/whsy.php?p=%2Fproc%2F22272" "Mozilla/5.0 AppleWebKit/537.36 (KHTML, like Gecko; compatible; GPTBot/1.3; +https://openai.com/gptbot)"
74.7.241.28 - - [13/Apr/2026:13:57:42 +0000] "GET /whsy.php?e=arch_status&p=%2Fproc%2F22180 HTTP/2.0" 200 947 "https://www.shaksettle.com.lab2454.com/whsy.php?p=%2Fproc%2F22180" "Mozilla/5.0 AppleWebKit/537.36 (KHTML, like Gecko; compatible; GPTBot/1.3; +https://openai.com/gptbot)"
144.76.32.187 - - [13/Apr/2026:13:57:45 +0000] "GET /whsy.php?p=/proc/26504/attr HTTP/1.1" 200 947 "-" "Mozilla/5.0 (compatible; SERankingBacklinksBot/1.0; +https://seranking.com/backlinks-crawler)"
74.7.227.16 - - [13/Apr/2026:13:57:45 +0000] "GET /whsy.php?e=cpuset&p=%2Fproc%2F22180 HTTP/2.0" 200 947 "https://shaksettle.com/whsy.php?p=%2Fproc%2F22180" "Mozilla/5.0 AppleWebKit/537.36 (KHTML, like Gecko; compatible; GPTBot/1.3; +https://openai.com/gptbot)"
74.7.241.28 - - [13/Apr/2026:13:57:46 +0000] "GET /whsy.php?e=arch_status&p=%2Fproc%2F28247 HTTP/2.0" 200 2006 "https://www.shaksettle.com.lab2454.com/whsy.php?p=%2Fproc%2F28247" "Mozilla/5.0 AppleWebKit/537.36 (KHTML, like Gecko; compatible; GPTBot/1.3; +https://openai.com/gptbot)"
144.76.32.187 - - [13/Apr/2026:13:57:48 +0000] "GET /whsy.php?e=io&p=/proc/26536 HTTP/1.1" 200 947 "-" "Mozilla/5.0 (compatible; SERankingBacklinksBot/1.0; +https://seranking.com/backlinks-crawler)"
74.7.227.16 - - [13/Apr/2026:13:57:49 +0000] "GET /whsy.php?e=cgroup&p=%2Fproc%2F22180 HTTP/2.0" 200 947 "https://shaksettle.com/whsy.php?p=%2Fproc%2F22180" "Mozilla/5.0 AppleWebKit/537.36 (KHTML, like Gecko; compatible; GPTBot/1.3; +https://openai.com/gptbot)"
74.7.241.28 - - [13/Apr/2026:13:57:49 +0000] "GET /whsy.php?e=prev&p=%2Fproc%2F28247%2Fattr HTTP/2.0" 200 859 "https://www.shaksettle.com.lab2454.com/whsy.php?p=%2Fproc%2F28247%2Fattr" "Mozilla/5.0 AppleWebKit/537.36 (KHTML, like Gecko; compatible; GPTBot/1.3; +https://openai.com/gptbot)"
144.76.32.187 - - [13/Apr/2026:13:57:52 +0000] "GET /whsy.php?p=/proc/26504/task HTTP/1.1" 200 947 "-" "Mozilla/5.0 (compatible; SERankingBacklinksBot/1.0; +https://seranking.com/backlinks-crawler)"
74.7.227.16 - - [13/Apr/2026:13:57:53 +0000] "GET /whsy.php?e=cgroup&p=%2Fproc%2F28247 HTTP/2.0" 200 2117 "https://shaksettle.com/whsy.php?p=%2Fproc%2F28247" "Mozilla/5.0 AppleWebKit/537.36 (KHTML, like Gecko; compatible; GPTBot/1.3; +https://openai.com/gptbot)"
74.7.241.28 - - [13/Apr/2026:13:57:53 +0000] "GET /whsy.php?e=ptype&p=%2Fproc%2F28247%2Fnet HTTP/2.0" 200 2617 "https://www.shaksettle.com.lab2454.com/whsy.php?p=%2Fproc%2F28247%2Fnet" "Mozilla/5.0 AppleWebKit/537.36 (KHTML, like Gecko; compatible; GPTBot/1.3; +https://openai.com/gptbot)"
144.76.32.187 - - [13/Apr/2026:13:57:56 +0000] "GET /whsy.php?e=io&p=/proc/26538 HTTP/1.1" 200 947 "-" "Mozilla/5.0 (compatible; SERankingBacklinksBot/1.0; +https://seranking.com/backlinks-crawler)"
74.7.227.16 - - [13/Apr/2026:13:57:59 +0000] "GET /whsy.php?e=cgroup&p=%2Fproc%2F26562 HTTP/2.0" 200 947 "https://shaksettle.com/whsy.php?p=%2Fproc%2F26562" "Mozilla/5.0 AppleWebKit/537.36 (KHTML, like Gecko; compatible; GPTBot/1.3; +https://openai.com/gptbot)"
144.76.32.187 - - [13/Apr/2026:13:57:59 +0000] "GET /whsy.php?p=/proc/26510/attr HTTP/1.1" 200 947 "-" "Mozilla/5.0 (compatible; SERankingBacklinksBot/1.0; +https://seranking.com/backlinks-crawler)"
74.7.241.28 - - [13/Apr/2026:13:58:00 +0000] "GET /whsy.php?e=oom_score&p=%2Fproc%2F27056 HTTP/2.0" 200 947 "https://www.shaksettle.com.lab2454.com/whsy.php?p=%2Fproc%2F27056" "Mozilla/5.0 AppleWebKit/537.36 (KHTML, like Gecko; compatible; GPTBot/1.3; +https://openai.com/gptbot)"
74.7.227.16 - - [13/Apr/2026:13:58:04 +0000] "GET /whsy.php?e=cpuset&p=%2Fproc%2F26562 HTTP/2.0" 200 947 "https://shaksettle.com/whsy.php?p=%2Fproc%2F26562" "Mozilla/5.0 AppleWebKit/537.36 (KHTML, like Gecko; compatible; GPTBot/1.3; +https://openai.com/gptbot)"
144.76.32.187 - - [13/Apr/2026:13:58:04 +0000] "GET /whsy.php?e=io&p=/proc/26539 HTTP/1.1" 200 947 "-" "Mozilla/5.0 (compatible; SERankingBacklinksBot/1.0; +https://seranking.com/backlinks-crawler)"
74.7.241.28 - - [13/Apr/2026:13:58:04 +0000] "GET /whsy.php?e=oom_score&p=%2Fproc%2F27543 HTTP/2.0" 200 947 "https://www.shaksettle.com.lab2454.com/whsy.php?p=%2Fproc%2F27543" "Mozilla/5.0 AppleWebKit/537.36 (KHTML, like Gecko; compatible; GPTBot/1.3; +https://openai.com/gptbot)"
144.76.32.187 - - [13/Apr/2026:13:58:07 +0000] "GET /whsy.php?p=/proc/26510/task HTTP/1.1" 200 947 "-" "Mozilla/5.0 (compatible; SERankingBacklinksBot/1.0; +https://seranking.com/backlinks-crawler)"
74.7.227.16 - - [13/Apr/2026:13:58:08 +0000] "GET /whsy.php?e=cpuset&p=%2Fproc%2F28247 HTTP/2.0" 200 2006 "https://shaksettle.com/whsy.php?p=%2Fproc%2F28247" "Mozilla/5.0 AppleWebKit/537.36 (KHTML, like Gecko; compatible; GPTBot/1.3; +https://openai.com/gptbot)"
74.7.241.28 - - [13/Apr/2026:13:58:09 +0000] "GET /whsy.php?e=oom_score&p=%2Fproc%2F12345 HTTP/2.0" 200 947 "https://www.shaksettle.com.lab2454.com/whsy.php?p=%2Fproc%2F12345" "Mozilla/5.0 AppleWebKit/537.36 (KHTML, like Gecko; compatible; GPTBot/1.3; +https://openai.com/gptbot)"
144.76.32.187 - - [13/Apr/2026:13:58:11 +0000] "GET /whsy.php?e=io&p=/proc/26540 HTTP/1.1" 200 947 "-" "Mozilla/5.0 (compatible; SERankingBacklinksBot/1.0; +https://seranking.com/backlinks-crawler)"
74.7.227.16 - - [13/Apr/2026:13:58:13 +0000] "GET /whsy.php?e=timens_offsets&p=%2Fproc%2F22180 HTTP/2.0" 200 947 "https://shaksettle.com/whsy.php?p=%2Fproc%2F22180" "Mozilla/5.0 AppleWebKit/537.36 (KHTML, like Gecko; compatible; GPTBot/1.3; +https://openai.com/gptbot)"
74.7.241.28 - - [13/Apr/2026:13:58:14 +0000] "GET /whsy.php?e=oom_score&p=%2Fproc%2F21563 HTTP/2.0" 200 947 "https://www.shaksettle.com.lab2454.com/whsy.php?p=%2Fproc%2F21563" "Mozilla/5.0 AppleWebKit/537.36 (KHTML, like Gecko; compatible; GPTBot/1.3; +https://openai.com/gptbot)"
144.76.32.187 - - [13/Apr/2026:13:58:15 +0000] "GET /whsy.php?p=/proc/26515/attr HTTP/1.1" 200 947 "-" "Mozilla/5.0 (compatible; SERankingBacklinksBot/1.0; +https://seranking.com/backlinks-crawler)"
74.7.227.16 - - [13/Apr/2026:13:58:17 +0000] "GET /whsy.php?e=timens_offsets&p=%2Fproc%2F28247 HTTP/2.0" 200 2023 "https://shaksettle.com/whsy.php?p=%2Fproc%2F28247" "Mozilla/5.0 AppleWebKit/537.36 (KHTML, like Gecko; compatible; GPTBot/1.3; +https://openai.com/gptbot)"
74.7.241.28 - - [13/Apr/2026:13:58:18 +0000] "GET /whsy.php?e=pppoe&p=%2Fproc%2F28247%2Fnet HTTP/2.0" 200 2524 "https://www.shaksettle.com.lab2454.com/whsy.php?p=%2Fproc%2F28247%2Fnet" "Mozilla/5.0 AppleWebKit/537.36 (KHTML, like Gecko; compatible; GPTBot/1.3; +https://openai.com/gptbot)"
144.76.32.187 - - [13/Apr/2026:13:58:18 +0000] "GET /whsy.php?e=io&p=/proc/26596 HTTP/1.1" 200 947 "-" "Mozilla/5.0 (compatible; SERankingBacklinksBot/1.0; +https://seranking.com/backlinks-crawler)"
74.7.227.16 - - [13/Apr/2026:13:58:21 +0000] "GET /whsy.php?e=cgroup&p=%2Fproc%2F22272 HTTP/2.0" 200 2116 "https://shaksettle.com/whsy.php?p=%2Fproc%2F22272" "Mozilla/5.0 AppleWebKit/537.36 (KHTML, like Gecko; compatible; GPTBot/1.3; +https://openai.com/gptbot)"
74.7.241.28 - - [13/Apr/2026:13:58:22 +0000] "GET /whsy.php?e=arch_status&p=%2Fproc%2F25979 HTTP/2.0" 200 947 "https://www.shaksettle.com.lab2454.com/whsy.php?p=%2Fproc%2F25979" "Mozilla/5.0 AppleWebKit/537.36 (KHTML, like Gecko; compatible; GPTBot/1.3; +https://openai.com/gptbot)"
144.76.32.187 - - [13/Apr/2026:13:58:22 +0000] "GET /whsy.php?p=/proc/26515/task HTTP/1.1" 200 947 "-" "Mozilla/5.0 (compatible; SERankingBacklinksBot/1.0; +https://seranking.com/backlinks-crawler)"
74.7.227.16 - - [13/Apr/2026:13:58:25 +0000] "GET /whsy.php?e=limits&p=%2Fproc%2F22272 HTTP/2.0" 200 2272 "https://shaksettle.com/whsy.php?p=%2Fproc%2F22272" "Mozilla/5.0 AppleWebKit/537.36 (KHTML, like Gecko; compatible; GPTBot/1.3; +https://openai.com/gptbot)"
74.7.241.28 - - [13/Apr/2026:13:58:26 +0000] "GET /whsy.php?e=arch_status&p=%2Fproc%2F18661 HTTP/2.0" 200 947 "https://www.shaksettle.com.lab2454.com/whsy.php?p=%2Fproc%2F18661" "Mozilla/5.0 AppleWebKit/537.36 (KHTML, like Gecko; compatible; GPTBot/1.3; +https://openai.com/gptbot)"
144.76.32.187 - - [13/Apr/2026:13:58:26 +0000] "GET /whsy.php?e=io&p=/proc/26645 HTTP/1.1" 200 947 "-" "Mozilla/5.0 (compatible; SERankingBacklinksBot/1.0; +https://seranking.com/backlinks-crawler)"
74.7.227.16 - - [13/Apr/2026:13:58:29 +0000] "GET /whsy.php?e=status&p=%2Fproc%2F22272 HTTP/2.0" 200 2375 "https://shaksettle.com/whsy.php?p=%2Fproc%2F22272" "Mozilla/5.0 AppleWebKit/537.36 (KHTML, like Gecko; compatible; GPTBot/1.3; +https://openai.com/gptbot)"
74.7.241.28 - - [13/Apr/2026:13:58:30 +0000] "GET /whsy.php?e=arch_status&p=%2Fproc%2F26077 HTTP/2.0" 200 947 "https://www.shaksettle.com.lab2454.com/whsy.php?p=%2Fproc%2F26077" "Mozilla/5.0 AppleWebKit/537.36 (KHTML, like Gecko; compatible; GPTBot/1.3; +https://openai.com/gptbot)"
144.76.32.187 - - [13/Apr/2026:13:58:31 +0000] "GET /whsy.php?p=/proc/26532/attr HTTP/1.1" 200 947 "-" "Mozilla/5.0 (compatible; SERankingBacklinksBot/1.0; +https://seranking.com/backlinks-crawler)"
74.7.227.16 - - [13/Apr/2026:13:58:33 +0000] "GET /whsy.php?e=mounts&p=%2Fproc%2F22272 HTTP/2.0" 200 2648 "https://shaksettle.com/whsy.php?p=%2Fproc%2F22272" "Mozilla/5.0 AppleWebKit/537.36 (KHTML, like Gecko; compatible; GPTBot/1.3; +https://openai.com/gptbot)"
74.7.241.28 - - [13/Apr/2026:13:58:34 +0000] "GET /whsy.php?e=arch_status&p=%2Fproc%2F31732 HTTP/2.0" 200 947 "https://www.shaksettle.com.lab2454.com/whsy.php?p=%2Fproc%2F31732" "Mozilla/5.0 AppleWebKit/537.36 (KHTML, like Gecko; compatible; GPTBot/1.3; +https://openai.com/gptbot)"
74.7.227.16 - - [13/Apr/2026:13:58:38 +0000] "GET /whsy.php?e=timers&p=%2Fproc%2F22272 HTTP/2.0" 200 2004 "https://shaksettle.com/whsy.php?p=%2Fproc%2F22272" "Mozilla/5.0 AppleWebKit/537.36 (KHTML, like Gecko; compatible; GPTBot/1.3; +https://openai.com/gptbot)"
74.7.241.28 - - [13/Apr/2026:13:58:38 +0000] "GET /whsy.php?e=arch_status&p=%2Fproc%2F31151 HTTP/2.0" 200 947 "https://www.shaksettle.com.lab2454.com/whsy.php?p=%2Fproc%2F31151" "Mozilla/5.0 AppleWebKit/537.36 (KHTML, like Gecko; compatible; GPTBot/1.3; +https://openai.com/gptbot)"
144.76.32.187 - - [13/Apr/2026:13:58:40 +0000] "GET /whsy.php?p=/proc/26532/task HTTP/1.1" 200 947 "-" "Mozilla/5.0 (compatible; SERankingBacklinksBot/1.0; +https://seranking.com/backlinks-crawler)"
74.7.227.16 - - [13/Apr/2026:13:58:43 +0000] "GET /whsy.php?e=cpuset&p=%2Fproc%2F22272 HTTP/2.0" 200 2004 "https://shaksettle.com/whsy.php?p=%2Fproc%2F22272" "Mozilla/5.0 AppleWebKit/537.36 (KHTML, like Gecko; compatible; GPTBot/1.3; +https://openai.com/gptbot)"
144.76.32.187 - - [13/Apr/2026:13:58:44 +0000] "GET /whsy.php?p=/proc/26536/attr HTTP/1.1" 200 947 "-" "Mozilla/5.0 (compatible; SERankingBacklinksBot/1.0; +https://seranking.com/backlinks-crawler)"
74.7.241.28 - - [13/Apr/2026:13:58:44 +0000] "GET /whsy.php?e=psched&p=%2Fproc%2F28247%2Fnet HTTP/2.0" 200 2532 "https://www.shaksettle.com.lab2454.com/whsy.php?p=%2Fproc%2F28247%2Fnet" "Mozilla/5.0 AppleWebKit/537.36 (KHTML, like Gecko; compatible; GPTBot/1.3; +https://openai.com/gptbot)"
144.76.32.187 - - [13/Apr/2026:13:58:50 +0000] "GET /whsy.php?e=io&p=/proc/28947 HTTP/1.1" 200 947 "-" "Mozilla/5.0 (compatible; SERankingBacklinksBot/1.0; +https://seranking.com/backlinks-crawler)"
74.7.227.16 - - [13/Apr/2026:13:58:52 +0000] "GET /whsy.php?e=timens_offsets&p=%2Fproc%2F27954 HTTP/2.0" 200 947 "https://shaksettle.com/whsy.php?p=%2Fproc%2F27954" "Mozilla/5.0 AppleWebKit/537.36 (KHTML, like Gecko; compatible; GPTBot/1.3; +https://openai.com/gptbot)"
74.7.241.28 - - [13/Apr/2026:13:58:53 +0000] "GET /whsy.php?e=netstat&p=%2Fproc%2F28247%2Fnet HTTP/2.0" 200 4266 "https://www.shaksettle.com.lab2454.com/whsy.php?p=%2Fproc%2F28247%2Fnet" "Mozilla/5.0 AppleWebKit/537.36 (KHTML, like Gecko; compatible; GPTBot/1.3; +https://openai.com/gptbot)"
144.76.32.187 - - [13/Apr/2026:13:58:56 +0000] "GET /whsy.php?p=/proc/26536/task HTTP/1.1" 200 947 "-" "Mozilla/5.0 (compatible; SERankingBacklinksBot/1.0; +https://seranking.com/backlinks-crawler)"
74.7.227.16 - - [13/Apr/2026:13:58:58 +0000] "GET /whsy.php?e=timens_offsets&p=%2Fproc%2F20869 HTTP/2.0" 200 947 "https://shaksettle.com/whsy.php?p=%2Fproc%2F20869" "Mozilla/5.0 AppleWebKit/537.36 (KHTML, like Gecko; compatible; GPTBot/1.3; +https://openai.com/gptbot)"
74.7.241.28 - - [13/Apr/2026:13:58:58 +0000] "GET /whsy.php?e=arch_status&p=%2Fproc%2F26562 HTTP/2.0" 200 947 "https://www.shaksettle.com.lab2454.com/whsy.php?p=%2Fproc%2F26562" "Mozilla/5.0 AppleWebKit/537.36 (KHTML, like Gecko; compatible; GPTBot/1.3; +https://openai.com/gptbot)"
144.76.32.187 - - [13/Apr/2026:13:59:02 +0000] "GET /whsy.php?e=io&p=/proc/29069 HTTP/1.1" 200 947 "-" "Mozilla/5.0 (compatible; SERankingBacklinksBot/1.0; +https://seranking.com/backlinks-crawler)"
74.7.227.16 - - [13/Apr/2026:13:59:04 +0000] "GET /whsy.php?e=timerslack_ns&p=%2Fproc%2F26562 HTTP/2.0" 200 947 "https://shaksettle.com/whsy.php?p=%2Fproc%2F26562" "Mozilla/5.0 AppleWebKit/537.36 (KHTML, like Gecko; compatible; GPTBot/1.3; +https://openai.com/gptbot)"
74.7.241.28 - - [13/Apr/2026:13:59:05 +0000] "GET /whsy.php?e=oom_score&p=%2Fproc%2F26077 HTTP/2.0" 200 947 "https://www.shaksettle.com.lab2454.com/whsy.php?p=%2Fproc%2F26077" "Mozilla/5.0 AppleWebKit/537.36 (KHTML, like Gecko; compatible; GPTBot/1.3; +https://openai.com/gptbot)"
144.76.32.187 - - [13/Apr/2026:13:59:08 +0000] "GET /whsy.php?p=/proc/26538/attr HTTP/1.1" 200 947 "-" "Mozilla/5.0 (compatible; SERankingBacklinksBot/1.0; +https://seranking.com/backlinks-crawler)"
74.7.227.16 - - [13/Apr/2026:13:59:10 +0000] "GET /whsy.php?e=timens_offsets&p=%2Fproc%2F29837 HTTP/2.0" 200 947 "https://shaksettle.com/whsy.php?p=%2Fproc%2F29837" "Mozilla/5.0 AppleWebKit/537.36 (KHTML, like Gecko; compatible; GPTBot/1.3; +https://openai.com/gptbot)"
74.7.241.28 - - [13/Apr/2026:13:59:11 +0000] "GET /whsy.php?e=oom_score&p=%2Fproc%2F31732 HTTP/2.0" 200 947 "https://www.shaksettle.com.lab2454.com/whsy.php?p=%2Fproc%2F31732" "Mozilla/5.0 AppleWebKit/537.36 (KHTML, like Gecko; compatible; GPTBot/1.3; +https://openai.com/gptbot)"
74.7.227.16 - - [13/Apr/2026:13:59:14 +0000] "GET /whsy.php?e=cmdline&p=%2Fproc%2F29837 HTTP/2.0" 200 947 "https://shaksettle.com/whsy.php?p=%2Fproc%2F29837" "Mozilla/5.0 AppleWebKit/537.36 (KHTML, like Gecko; compatible; GPTBot/1.3; +https://openai.com/gptbot)"
144.76.32.187 - - [13/Apr/2026:13:59:14 +0000] "GET /whsy.php?e=io&p=/proc/29295 HTTP/1.1" 200 947 "-" "Mozilla/5.0 (compatible; SERankingBacklinksBot/1.0; +https://seranking.com/backlinks-crawler)"
74.7.241.28 - - [13/Apr/2026:13:59:15 +0000] "GET /whsy.php?e=oom_score&p=%2Fproc%2F31151 HTTP/2.0" 200 947 "https://www.shaksettle.com.lab2454.com/whsy.php?p=%2Fproc%2F31151" "Mozilla/5.0 AppleWebKit/537.36 (KHTML, like Gecko; compatible; GPTBot/1.3; +https://openai.com/gptbot)"
74.7.227.16 - - [13/Apr/2026:13:59:18 +0000] "GET /whsy.php?e=cmdline&p=%2Fproc%2F20869 HTTP/2.0" 200 947 "https://shaksettle.com/whsy.php?p=%2Fproc%2F20869" "Mozilla/5.0 AppleWebKit/537.36 (KHTML, like Gecko; compatible; GPTBot/1.3; +https://openai.com/gptbot)"
74.7.241.28 - - [13/Apr/2026:13:59:18 +0000] "GET /whsy.php?e=oom_score&p=%2Fproc%2F18661 HTTP/2.0" 200 947 "https://www.shaksettle.com.lab2454.com/whsy.php?p=%2Fproc%2F18661" "Mozilla/5.0 AppleWebKit/537.36 (KHTML, like Gecko; compatible; GPTBot/1.3; +https://openai.com/gptbot)"
144.76.32.187 - - [13/Apr/2026:13:59:20 +0000] "GET /whsy.php?p=/proc/26538/task HTTP/1.1" 200 947 "-" "Mozilla/5.0 (compatible; SERankingBacklinksBot/1.0; +https://seranking.com/backlinks-crawler)"
74.7.227.16 - - [13/Apr/2026:13:59:22 +0000] "GET /whsy.php?e=cmdline&p=%2Fproc%2F27954 HTTP/2.0" 200 947 "https://shaksettle.com/whsy.php?p=%2Fproc%2F27954" "Mozilla/5.0 AppleWebKit/537.36 (KHTML, like Gecko; compatible; GPTBot/1.3; +https://openai.com/gptbot)"
74.7.241.28 - - [13/Apr/2026:13:59:22 +0000] "GET /whsy.php?e=oom_score&p=%2Fproc%2F25979 HTTP/2.0" 200 947 "https://www.shaksettle.com.lab2454.com/whsy.php?p=%2Fproc%2F25979" "Mozilla/5.0 AppleWebKit/537.36 (KHTML, like Gecko; compatible; GPTBot/1.3; +https://openai.com/gptbot)"
144.76.32.187 - - [13/Apr/2026:13:59:26 +0000] "GET /whsy.php?e=io&p=/proc/29700 HTTP/1.1" 200 947 "-" "Mozilla/5.0 (compatible; SERankingBacklinksBot/1.0; +https://seranking.com/backlinks-crawler)"
74.7.227.16 - - [13/Apr/2026:13:59:26 +0000] "GET /whsy.php?e=timens_offsets&p=%2Fproc%2F31732 HTTP/2.0" 200 947 "https://shaksettle.com/whsy.php?p=%2Fproc%2F31732" "Mozilla/5.0 AppleWebKit/537.36 (KHTML, like Gecko; compatible; GPTBot/1.3; +https://openai.com/gptbot)"
74.7.241.28 - - [13/Apr/2026:13:59:27 +0000] "GET /whsy.php?e=netlink&p=%2Fproc%2F28247%2Fnet HTTP/2.0" 200 2812 "https://www.shaksettle.com.lab2454.com/whsy.php?p=%2Fproc%2F28247%2Fnet" "Mozilla/5.0 AppleWebKit/537.36 (KHTML, like Gecko; compatible; GPTBot/1.3; +https://openai.com/gptbot)"
74.7.227.16 - - [13/Apr/2026:13:59:30 +0000] "GET /whsy.php?e=timens_offsets&p=%2Fproc%2F21190 HTTP/2.0" 200 947 "https://shaksettle.com/whsy.php?p=%2Fproc%2F21190" "Mozilla/5.0 AppleWebKit/537.36 (KHTML, like Gecko; compatible; GPTBot/1.3; +https://openai.com/gptbot)"
74.7.241.28 - - [13/Apr/2026:13:59:30 +0000] "GET /whsy.php?e=snmp&p=%2Fproc%2F28247%2Fnet HTTP/2.0" 200 3234 "https://www.shaksettle.com.lab2454.com/whsy.php?p=%2Fproc%2F28247%2Fnet" "Mozilla/5.0 AppleWebKit/537.36 (KHTML, like Gecko; compatible; GPTBot/1.3; +https://openai.com/gptbot)"
74.7.227.16 - - [13/Apr/2026:13:59:33 +0000] "GET /whsy.php?e=timens_offsets&p=%2Fproc%2F29519 HTTP/2.0" 200 947 "https://shaksettle.com/whsy.php?p=%2Fproc%2F29519" "Mozilla/5.0 AppleWebKit/537.36 (KHTML, like Gecko; compatible; GPTBot/1.3; +https://openai.com/gptbot)"
74.7.241.28 - - [13/Apr/2026:13:59:33 +0000] "GET /whsy.php?e=sockstat&p=%2Fproc%2F28247%2Fnet HTTP/2.0" 200 2604 "https://www.shaksettle.com.lab2454.com/whsy.php?p=%2Fproc%2F28247%2Fnet" "Mozilla/5.0 AppleWebKit/537.36 (KHTML, like Gecko; compatible; GPTBot/1.3; +https://openai.com/gptbot)"
144.76.32.187 - - [13/Apr/2026:13:59:36 +0000] "GET /whsy.php?p=/proc/26539/attr HTTP/1.1" 200 947 "-" "Mozilla/5.0 (compatible; SERankingBacklinksBot/1.0; +https://seranking.com/backlinks-crawler)"
74.7.227.16 - - [13/Apr/2026:13:59:36 +0000] "GET /whsy.php?e=io&p=%2Fproc%2F29519 HTTP/2.0" 200 947 "https://shaksettle.com/whsy.php?p=%2Fproc%2F29519" "Mozilla/5.0 AppleWebKit/537.36 (KHTML, like Gecko; compatible; GPTBot/1.3; +https://openai.com/gptbot)"
74.7.241.28 - - [13/Apr/2026:13:59:37 +0000] "GET /whsy.php?e=tls_stat&p=%2Fproc%2F28247%2Fnet HTTP/2.0" 200 2601 "https://www.shaksettle.com.lab2454.com/whsy.php?p=%2Fproc%2F28247%2Fnet" "Mozilla/5.0 AppleWebKit/537.36 (KHTML, like Gecko; compatible; GPTBot/1.3; +https://openai.com/gptbot)"
74.7.227.16 - - [13/Apr/2026:13:59:40 +0000] "GET /whsy.php?e=io&p=%2Fproc%2F21190 HTTP/2.0" 200 947 "https://shaksettle.com/whsy.php?p=%2Fproc%2F21190" "Mozilla/5.0 AppleWebKit/537.36 (KHTML, like Gecko; compatible; GPTBot/1.3; +https://openai.com/gptbot)"
74.7.241.28 - - [13/Apr/2026:13:59:40 +0000] "GET /whsy.php?e=current&p=%2Fproc%2F28247%2Fattr HTTP/2.0" 200 848 "https://www.shaksettle.com.lab2454.com/whsy.php?p=%2Fproc%2F28247%2Fattr" "Mozilla/5.0 AppleWebKit/537.36 (KHTML, like Gecko; compatible; GPTBot/1.3; +https://openai.com/gptbot)"
74.7.241.28 - - [13/Apr/2026:13:59:44 +0000] "GET /whsy.php?e=rt_cache&p=%2Fproc%2F28247%2Fnet HTTP/2.0" 200 2598 "https://www.shaksettle.com.lab2454.com/whsy.php?p=%2Fproc%2F28247%2Fnet" "Mozilla/5.0 AppleWebKit/537.36 (KHTML, like Gecko; compatible; GPTBot/1.3; +https://openai.com/gptbot)"
74.7.227.16 - - [13/Apr/2026:13:59:43 +0000] "GET /whsy.php?e=io&p=%2Fproc%2F22180 HTTP/2.0" 200 947 "https://shaksettle.com/whsy.php?p=%2Fproc%2F22180" "Mozilla/5.0 AppleWebKit/537.36 (KHTML, like Gecko; compatible; GPTBot/1.3; +https://openai.com/gptbot)"
74.7.227.16 - - [13/Apr/2026:13:59:47 +0000] "GET /whsy.php?e=io&p=%2Fproc%2F28247 HTTP/2.0" 200 1936 "https://shaksettle.com/whsy.php?p=%2Fproc%2F28247" "Mozilla/5.0 AppleWebKit/537.36 (KHTML, like Gecko; compatible; GPTBot/1.3; +https://openai.com/gptbot)"
144.76.32.187 - - [13/Apr/2026:13:59:47 +0000] "GET /whsy.php?p=/proc/26539/task HTTP/1.1" 200 947 "-" "Mozilla/5.0 (compatible; SERankingBacklinksBot/1.0; +https://seranking.com/backlinks-crawler)"
74.7.241.28 - - [13/Apr/2026:13:59:47 +0000] "GET /whsy.php?e=tcp&p=%2Fproc%2F28247%2Fnet HTTP/2.0" 200 11638 "https://www.shaksettle.com.lab2454.com/whsy.php?p=%2Fproc%2F28247%2Fnet" "Mozilla/5.0 AppleWebKit/537.36 (KHTML, like Gecko; compatible; GPTBot/1.3; +https://openai.com/gptbot)"
74.7.227.16 - - [13/Apr/2026:13:59:50 +0000] "GET /whsy.php?e=io&p=%2Fproc%2F31732 HTTP/2.0" 200 947 "https://shaksettle.com/whsy.php?p=%2Fproc%2F31732" "Mozilla/5.0 AppleWebKit/537.36 (KHTML, like Gecko; compatible; GPTBot/1.3; +https://openai.com/gptbot)"
74.7.241.28 - - [13/Apr/2026:13:59:51 +0000] "GET /whsy.php?e=arp&p=%2Fproc%2F28247%2Fnet HTTP/2.0" 200 2580 "https://www.shaksettle.com.lab2454.com/whsy.php?p=%2Fproc%2F28247%2Fnet" "Mozilla/5.0 AppleWebKit/537.36 (KHTML, like Gecko; compatible; GPTBot/1.3; +https://openai.com/gptbot)"
74.7.227.16 - - [13/Apr/2026:13:59:54 +0000] "GET /whsy.php?e=io&p=%2Fproc%2F26562 HTTP/2.0" 200 947 "https://shaksettle.com/whsy.php?p=%2Fproc%2F26562" "Mozilla/5.0 AppleWebKit/537.36 (KHTML, like Gecko; compatible; GPTBot/1.3; +https://openai.com/gptbot)"
74.7.241.28 - - [13/Apr/2026:13:59:54 +0000] "GET /whsy.php?e=route&p=%2Fproc%2F28247%2Fnet HTTP/2.0" 200 2638 "https://www.shaksettle.com.lab2454.com/whsy.php?p=%2Fproc%2F28247%2Fnet" "Mozilla/5.0 AppleWebKit/537.36 (KHTML, like Gecko; compatible; GPTBot/1.3; +https://openai.com/gptbot)"
144.76.32.187 - - [13/Apr/2026:13:59:55 +0000] "GET /whsy.php?p=/proc/26540/attr HTTP/1.1" 200 947 "-" "Mozilla/5.0 (compatible; SERankingBacklinksBot/1.0; +https://seranking.com/backlinks-crawler)"
74.7.227.16 - - [13/Apr/2026:13:59:57 +0000] "GET /whsy.php?e=ksm_stat&p=%2Fproc%2F26562 HTTP/2.0" 200 947 "https://shaksettle.com/whsy.php?p=%2Fproc%2F26562" "Mozilla/5.0 AppleWebKit/537.36 (KHTML, like Gecko; compatible; GPTBot/1.3; +https://openai.com/gptbot)"
74.7.241.28 - - [13/Apr/2026:13:59:58 +0000] "GET /whsy.php?e=exec&p=%2Fproc%2F28247%2Fattr HTTP/2.0" 200 859 "https://www.shaksettle.com.lab2454.com/whsy.php?p=%2Fproc%2F28247%2Fattr" "Mozilla/5.0 AppleWebKit/537.36 (KHTML, like Gecko; compatible; GPTBot/1.3; +https://openai.com/gptbot)"
74.7.227.16 - - [13/Apr/2026:14:00:00 +0000] "GET /whsy.php?e=cwd&p=%2Fproc%2F20869 HTTP/2.0" 200 947 "https://shaksettle.com/whsy.php?p=%2Fproc%2F20869" "Mozilla/5.0 AppleWebKit/537.36 (KHTML, like Gecko; compatible; GPTBot/1.3; +https://openai.com/gptbot)"
74.7.241.28 - - [13/Apr/2026:14:00:01 +0000] "GET /whsy.php?e=pfkey&p=%2Fproc%2F28247%2Fnet HTTP/2.0" 200 2535 "https://www.shaksettle.com.lab2454.com/whsy.php?p=%2Fproc%2F28247%2Fnet" "Mozilla/5.0 AppleWebKit/537.36 (KHTML, like Gecko; compatible; GPTBot/1.3; +https://openai.com/gptbot)"
144.76.32.187 - - [13/Apr/2026:14:00:03 +0000] "GET /whsy.php?e=io&p=/proc/32276 HTTP/1.1" 200 947 "-" "Mozilla/5.0 (compatible; SERankingBacklinksBot/1.0; +https://seranking.com/backlinks-crawler)"
74.7.227.16 - - [13/Apr/2026:14:00:04 +0000] "GET /whsy.php?e=cwd&p=%2Fproc%2F29837 HTTP/2.0" 200 947 "https://shaksettle.com/whsy.php?p=%2Fproc%2F29837" "Mozilla/5.0 AppleWebKit/537.36 (KHTML, like Gecko; compatible; GPTBot/1.3; +https://openai.com/gptbot)"
74.7.241.28 - - [13/Apr/2026:14:00:04 +0000] "GET /whsy.php?e=raw&p=%2Fproc%2F28247%2Fnet HTTP/2.0" 200 2579 "https://www.shaksettle.com.lab2454.com/whsy.php?p=%2Fproc%2F28247%2Fnet" "Mozilla/5.0 AppleWebKit/537.36 (KHTML, like Gecko; compatible; GPTBot/1.3; +https://openai.com/gptbot)"
74.7.227.16 - - [13/Apr/2026:14:00:07 +0000] "GET /whsy.php?e=mem&p=%2Fproc%2F29837 HTTP/2.0" 200 947 "https://shaksettle.com/whsy.php?p=%2Fproc%2F29837" "Mozilla/5.0 AppleWebKit/537.36 (KHTML, like Gecko; compatible; GPTBot/1.3; +https://openai.com/gptbot)"
74.7.241.28 - - [13/Apr/2026:14:00:08 +0000] "GET /whsy.php?e=ip_vs&p=%2Fproc%2F28247%2Fnet HTTP/2.0" 200 2615 "https://www.shaksettle.com.lab2454.com/whsy.php?p=%2Fproc%2F28247%2Fnet" "Mozilla/5.0 AppleWebKit/537.36 (KHTML, like Gecko; compatible; GPTBot/1.3; +https://openai.com/gptbot)"
74.7.227.16 - - [13/Apr/2026:14:00:11 +0000] "GET /whsy.php?e=mem&p=%2Fproc%2F20869 HTTP/2.0" 200 947 "https://shaksettle.com/whsy.php?p=%2Fproc%2F20869" "Mozilla/5.0 AppleWebKit/537.36 (KHTML, like Gecko; compatible; GPTBot/1.3; +https://openai.com/gptbot)"
74.7.241.28 - - [13/Apr/2026:14:00:11 +0000] "GET /whsy.php?p=%2Fproc%2F28247%2Fnet%2Fipt_hashlimit HTTP/2.0" 200 500 "https://www.shaksettle.com.lab2454.com/whsy.php?p=%2Fproc%2F28247%2Fnet" "Mozilla/5.0 AppleWebKit/537.36 (KHTML, like Gecko; compatible; GPTBot/1.3; +https://openai.com/gptbot)"
74.7.227.16 - - [13/Apr/2026:14:00:15 +0000] "GET /whsy.php?e=cwd&p=%2Fproc%2F27954 HTTP/2.0" 200 947 "https://shaksettle.com/whsy.php?p=%2Fproc%2F27954" "Mozilla/5.0 AppleWebKit/537.36 (KHTML, like Gecko; compatible; GPTBot/1.3; +https://openai.com/gptbot)"
74.7.241.28 - - [13/Apr/2026:14:00:15 +0000] "GET /whsy.php?p=%2Fproc%2F18661%2Ffdinfo HTTP/2.0" 200 947 "https://www.shaksettle.com.lab2454.com/whsy.php?p=%2Fproc%2F18661" "Mozilla/5.0 AppleWebKit/537.36 (KHTML, like Gecko; compatible; GPTBot/1.3; +https://openai.com/gptbot)"
144.76.32.187 - - [13/Apr/2026:14:00:17 +0000] "GET /whsy.php?p=/proc/26540/task HTTP/1.1" 200 947 "-" "Mozilla/5.0 (compatible; SERankingBacklinksBot/1.0; +https://seranking.com/backlinks-crawler)"
74.7.227.16 - - [13/Apr/2026:14:00:18 +0000] "GET /whsy.php?e=mem&p=%2Fproc%2F27954 HTTP/2.0" 200 947 "https://shaksettle.com/whsy.php?p=%2Fproc%2F27954" "Mozilla/5.0 AppleWebKit/537.36 (KHTML, like Gecko; compatible; GPTBot/1.3; +https://openai.com/gptbot)"
74.7.241.28 - - [13/Apr/2026:14:00:18 +0000] "GET /whsy.php?p=%2Fproc%2F31732%2Ffdinfo HTTP/2.0" 200 947 "https://www.shaksettle.com.lab2454.com/whsy.php?p=%2Fproc%2F31732" "Mozilla/5.0 AppleWebKit/537.36 (KHTML, like Gecko; compatible; GPTBot/1.3; +https://openai.com/gptbot)"
74.7.227.16 - - [13/Apr/2026:14:00:22 +0000] "GET /whsy.php?e=personality&p=%2Fproc%2F20869 HTTP/2.0" 200 947 "https://shaksettle.com/whsy.php?p=%2Fproc%2F20869" "Mozilla/5.0 AppleWebKit/537.36 (KHTML, like Gecko; compatible; GPTBot/1.3; +https://openai.com/gptbot)"
74.7.241.28 - - [13/Apr/2026:14:00:22 +0000] "GET /whsy.php?p=%2Fproc%2F26562%2Ffdinfo HTTP/2.0" 200 947 "https://www.shaksettle.com.lab2454.com/whsy.php?p=%2Fproc%2F26562" "Mozilla/5.0 AppleWebKit/537.36 (KHTML, like Gecko; compatible; GPTBot/1.3; +https://openai.com/gptbot)"
74.7.227.16 - - [13/Apr/2026:14:00:25 +0000] "GET /whsy.php?e=personality&p=%2Fproc%2F29837 HTTP/2.0" 200 947 "https://shaksettle.com/whsy.php?p=%2Fproc%2F29837" "Mozilla/5.0 AppleWebKit/537.36 (KHTML, like Gecko; compatible; GPTBot/1.3; +https://openai.com/gptbot)"
74.7.241.28 - - [13/Apr/2026:14:00:25 +0000] "GET /whsy.php?p=%2Fproc%2F26077%2Ffdinfo HTTP/2.0" 200 947 "https://www.shaksettle.com.lab2454.com/whsy.php?p=%2Fproc%2F26077" "Mozilla/5.0 AppleWebKit/537.36 (KHTML, like Gecko; compatible; GPTBot/1.3; +https://openai.com/gptbot)"
144.76.32.187 - - [13/Apr/2026:14:00:25 +0000] "GET /whsy.php?p=/proc/26596/attr HTTP/1.1" 200 947 "-" "Mozilla/5.0 (compatible; SERankingBacklinksBot/1.0; +https://seranking.com/backlinks-crawler)"
74.7.227.16 - - [13/Apr/2026:14:00:28 +0000] "GET /whsy.php?e=personality&p=%2Fproc%2F27954 HTTP/2.0" 200 947 "https://shaksettle.com/whsy.php?p=%2Fproc%2F27954" "Mozilla/5.0 AppleWebKit/537.36 (KHTML, like Gecko; compatible; GPTBot/1.3; +https://openai.com/gptbot)"
74.7.241.28 - - [13/Apr/2026:14:00:29 +0000] "GET /whsy.php?p=%2Fproc%2F22180%2Ffdinfo HTTP/2.0" 200 947 "https://www.shaksettle.com.lab2454.com/whsy.php?p=%2Fproc%2F22180" "Mozilla/5.0 AppleWebKit/537.36 (KHTML, like Gecko; compatible; GPTBot/1.3; +https://openai.com/gptbot)"
74.7.227.16 - - [13/Apr/2026:14:00:32 +0000] "GET /whsy.php?e=oom_score&p=%2Fproc%2F22272 HTTP/2.0" 200 2004 "https://shaksettle.com/whsy.php?p=%2Fproc%2F22272" "Mozilla/5.0 AppleWebKit/537.36 (KHTML, like Gecko; compatible; GPTBot/1.3; +https://openai.com/gptbot)"
74.7.241.28 - - [13/Apr/2026:14:00:32 +0000] "GET /whsy.php?p=%2Fproc%2F25979%2Ffdinfo HTTP/2.0" 200 947 "https://www.shaksettle.com.lab2454.com/whsy.php?p=%2Fproc%2F25979" "Mozilla/5.0 AppleWebKit/537.36 (KHTML, like Gecko; compatible; GPTBot/1.3; +https://openai.com/gptbot)"
144.76.32.187 - - [13/Apr/2026:14:00:34 +0000] "GET /whsy.php?p=/proc/26596/task HTTP/1.1" 200 947 "-" "Mozilla/5.0 (compatible; SERankingBacklinksBot/1.0; +https://seranking.com/backlinks-crawler)"
74.7.241.28 - - [13/Apr/2026:14:00:37 +0000] "GET /whsy.php?p=%2Fproc%2F31151%2Ffdinfo HTTP/2.0" 200 947 "https://www.shaksettle.com.lab2454.com/whsy.php?p=%2Fproc%2F31151" "Mozilla/5.0 AppleWebKit/537.36 (KHTML, like Gecko; compatible; GPTBot/1.3; +https://openai.com/gptbot)"
74.7.227.16 - - [13/Apr/2026:14:00:36 +0000] "GET /whsy.php?e=io&p=%2Fproc%2F22272 HTTP/2.0" 200 1935 "https://shaksettle.com/whsy.php?p=%2Fproc%2F22272" "Mozilla/5.0 AppleWebKit/537.36 (KHTML, like Gecko; compatible; GPTBot/1.3; +https://openai.com/gptbot)"
74.7.227.16 - - [13/Apr/2026:14:00:40 +0000] "GET /whsy.php?e=ksm_stat&p=%2Fproc%2F28247 HTTP/2.0" 200 1936 "https://shaksettle.com/whsy.php?p=%2Fproc%2F28247" "Mozilla/5.0 AppleWebKit/537.36 (KHTML, like Gecko; compatible; GPTBot/1.3; +https://openai.com/gptbot)"
74.7.227.16 - - [13/Apr/2026:14:00:44 +0000] "GET /whsy.php?e=ksm_stat&p=%2Fproc%2F22180 HTTP/2.0" 200 947 "https://shaksettle.com/whsy.php?p=%2Fproc%2F22180" "Mozilla/5.0 AppleWebKit/537.36 (KHTML, like Gecko; compatible; GPTBot/1.3; +https://openai.com/gptbot)"
144.76.32.187 - - [13/Apr/2026:14:00:45 +0000] "GET /whsy.php?p=/proc/26645/attr HTTP/1.1" 200 947 "-" "Mozilla/5.0 (compatible; SERankingBacklinksBot/1.0; +https://seranking.com/backlinks-crawler)"
74.7.227.16 - - [13/Apr/2026:14:00:48 +0000] "GET /whsy.php?e=smaps&p=%2Fproc%2F20869 HTTP/2.0" 200 947 "https://shaksettle.com/whsy.php?p=%2Fproc%2F20869" "Mozilla/5.0 AppleWebKit/537.36 (KHTML, like Gecko; compatible; GPTBot/1.3; +https://openai.com/gptbot)"
74.7.227.16 - - [13/Apr/2026:14:00:55 +0000] "GET /whsy.php?e=smaps&p=%2Fproc%2F29837 HTTP/2.0" 200 947 "https://shaksettle.com/whsy.php?p=%2Fproc%2F29837" "Mozilla/5.0 AppleWebKit/537.36 (KHTML, like Gecko; compatible; GPTBot/1.3; +https://openai.com/gptbot)"
144.76.32.187 - - [13/Apr/2026:14:00:58 +0000] "GET /whsy.php?p=/proc/26645/task HTTP/1.1" 200 947 "-" "Mozilla/5.0 (compatible; SERankingBacklinksBot/1.0; +https://seranking.com/backlinks-crawler)"
74.7.227.16 - - [13/Apr/2026:14:01:02 +0000] "GET /whsy.php?e=wchan&p=%2Fproc%2F29519 HTTP/2.0" 200 947 "https://shaksettle.com/whsy.php?p=%2Fproc%2F29519" "Mozilla/5.0 AppleWebKit/537.36 (KHTML, like Gecko; compatible; GPTBot/1.3; +https://openai.com/gptbot)"
74.7.227.16 - - [13/Apr/2026:14:01:06 +0000] "GET /whsy.php?e=smaps&p=%2Fproc%2F27954 HTTP/2.0" 200 947 "https://shaksettle.com/whsy.php?p=%2Fproc%2F27954" "Mozilla/5.0 AppleWebKit/537.36 (KHTML, like Gecko; compatible; GPTBot/1.3; +https://openai.com/gptbot)"
74.7.241.28 - - [13/Apr/2026:14:00:41 +0000] "GET /whsy.php?p=%2Fproc%2F28247%2Ffdinfo HTTP/2.0" 200 740217 "https://www.shaksettle.com.lab2454.com/whsy.php?p=%2Fproc%2F28247" "Mozilla/5.0 AppleWebKit/537.36 (KHTML, like Gecko; compatible; GPTBot/1.3; +https://openai.com/gptbot)"
74.7.227.16 - - [13/Apr/2026:14:01:11 +0000] "GET /whsy.php?e=wchan&p=%2Fproc%2F21190 HTTP/2.0" 200 947 "https://shaksettle.com/whsy.php?p=%2Fproc%2F21190" "Mozilla/5.0 AppleWebKit/537.36 (KHTML, like Gecko; compatible; GPTBot/1.3; +https://openai.com/gptbot)"
144.76.32.187 - - [13/Apr/2026:14:01:12 +0000] "GET /whsy.php?p=/proc/28947/attr HTTP/1.1" 200 947 "-" "Mozilla/5.0 (compatible; SERankingBacklinksBot/1.0; +https://seranking.com/backlinks-crawler)"
74.7.241.28 - - [13/Apr/2026:14:01:14 +0000] "GET /whsy.php?e=packet&p=%2Fproc%2F28247%2Fnet HTTP/2.0" 200 2572 "https://www.shaksettle.com.lab2454.com/whsy.php?p=%2Fproc%2F28247%2Fnet" "Mozilla/5.0 AppleWebKit/537.36 (KHTML, like Gecko; compatible; GPTBot/1.3; +https://openai.com/gptbot)"
74.7.227.16 - - [13/Apr/2026:14:01:14 +0000] "GET /whsy.php?e=wchan&p=%2Fproc%2F31732 HTTP/2.0" 200 947 "https://shaksettle.com/whsy.php?p=%2Fproc%2F31732" "Mozilla/5.0 AppleWebKit/537.36 (KHTML, like Gecko; compatible; GPTBot/1.3; +https://openai.com/gptbot)"
74.7.241.28 - - [13/Apr/2026:14:01:17 +0000] "GET /whsy.php?e=mcfilter&p=%2Fproc%2F28247%2Fnet HTTP/2.0" 200 2539 "https://www.shaksettle.com.lab2454.com/whsy.php?p=%2Fproc%2F28247%2Fnet" "Mozilla/5.0 AppleWebKit/537.36 (KHTML, like Gecko; compatible; GPTBot/1.3; +https://openai.com/gptbot)"
74.7.227.16 - - [13/Apr/2026:14:01:18 +0000] "GET /whsy.php?e=sched&p=%2Fproc%2F20869 HTTP/2.0" 200 947 "https://shaksettle.com/whsy.php?p=%2Fproc%2F20869" "Mozilla/5.0 AppleWebKit/537.36 (KHTML, like Gecko; compatible; GPTBot/1.3; +https://openai.com/gptbot)"
144.76.32.187 - - [13/Apr/2026:14:01:21 +0000] "GET /whsy.php?p=/proc/28947/task HTTP/1.1" 200 947 "-" "Mozilla/5.0 (compatible; SERankingBacklinksBot/1.0; +https://seranking.com/backlinks-crawler)"
74.7.241.28 - - [13/Apr/2026:14:01:21 +0000] "GET /whsy.php?e=udplite&p=%2Fproc%2F28247%2Fnet HTTP/2.0" 200 2583 "https://www.shaksettle.com.lab2454.com/whsy.php?p=%2Fproc%2F28247%2Fnet" "Mozilla/5.0 AppleWebKit/537.36 (KHTML, like Gecko; compatible; GPTBot/1.3; +https://openai.com/gptbot)"
74.7.227.16 - - [13/Apr/2026:14:01:21 +0000] "GET /whsy.php?e=sched&p=%2Fproc%2F29837 HTTP/2.0" 200 947 "https://shaksettle.com/whsy.php?p=%2Fproc%2F29837" "Mozilla/5.0 AppleWebKit/537.36 (KHTML, like Gecko; compatible; GPTBot/1.3; +https://openai.com/gptbot)"
74.7.241.28 - - [13/Apr/2026:14:01:24 +0000] "GET /whsy.php?e=fib_trie&p=%2Fproc%2F28247%2Fnet HTTP/2.0" 200 2694 "https://www.shaksettle.com.lab2454.com/whsy.php?p=%2Fproc%2F28247%2Fnet" "Mozilla/5.0 AppleWebKit/537.36 (KHTML, like Gecko; compatible; GPTBot/1.3; +https://openai.com/gptbot)"
74.7.227.16 - - [13/Apr/2026:14:01:25 +0000] "GET /whsy.php?e=sched&p=%2Fproc%2F27954 HTTP/2.0" 200 947 "https://shaksettle.com/whsy.php?p=%2Fproc%2F27954" "Mozilla/5.0 AppleWebKit/537.36 (KHTML, like Gecko; compatible; GPTBot/1.3; +https://openai.com/gptbot)"
74.7.241.28 - - [13/Apr/2026:14:01:27 +0000] "GET /whsy.php?e=rt_acct&p=%2Fproc%2F28247%2Fnet HTTP/2.0" 200 2531 "https://www.shaksettle.com.lab2454.com/whsy.php?p=%2Fproc%2F28247%2Fnet" "Mozilla/5.0 AppleWebKit/537.36 (KHTML, like Gecko; compatible; GPTBot/1.3; +https://openai.com/gptbot)"
74.7.227.16 - - [13/Apr/2026:14:01:28 +0000] "GET /whsy.php?e=cmdline&p=%2Fproc%2F26562 HTTP/2.0" 200 947 "https://shaksettle.com/whsy.php?p=%2Fproc%2F26562" "Mozilla/5.0 AppleWebKit/537.36 (KHTML, like Gecko; compatible; GPTBot/1.3; +https://openai.com/gptbot)"
144.76.32.187 - - [13/Apr/2026:14:01:28 +0000] "GET /whsy.php?p=/proc/29069/attr HTTP/1.1" 200 947 "-" "Mozilla/5.0 (compatible; SERankingBacklinksBot/1.0; +https://seranking.com/backlinks-crawler)"
74.7.241.28 - - [13/Apr/2026:14:01:32 +0000] "GET /whsy.php?p=%2Fproc%2F28247%2Fnet%2Fnetfilter HTTP/2.0" 200 732 "https://www.shaksettle.com.lab2454.com/whsy.php?p=%2Fproc%2F28247%2Fnet" "Mozilla/5.0 AppleWebKit/537.36 (KHTML, like Gecko; compatible; GPTBot/1.3; +https://openai.com/gptbot)"
74.7.227.16 - - [13/Apr/2026:14:01:32 +0000] "GET /whsy.php?e=environ&p=%2Fproc%2F29519 HTTP/2.0" 200 947 "https://shaksettle.com/whsy.php?p=%2Fproc%2F29519" "Mozilla/5.0 AppleWebKit/537.36 (KHTML, like Gecko; compatible; GPTBot/1.3; +https://openai.com/gptbot)"
74.7.241.28 - - [13/Apr/2026:14:01:36 +0000] "GET /whsy.php?p=%2Fproc%2F31732%2Ffd HTTP/2.0" 200 947 "https://www.shaksettle.com.lab2454.com/whsy.php?p=%2Fproc%2F31732" "Mozilla/5.0 AppleWebKit/537.36 (KHTML, like Gecko; compatible; GPTBot/1.3; +https://openai.com/gptbot)"
74.7.227.16 - - [13/Apr/2026:14:01:36 +0000] "GET /whsy.php?e=environ&p=%2Fproc%2F21190 HTTP/2.0" 200 947 "https://shaksettle.com/whsy.php?p=%2Fproc%2F21190" "Mozilla/5.0 AppleWebKit/537.36 (KHTML, like Gecko; compatible; GPTBot/1.3; +https://openai.com/gptbot)"
74.7.175.156 - - [13/Apr/2026:14:01:36 +0000] "GET /robots.txt HTTP/2.0" 404 - "-" "Mozilla/5.0 (Macintosh; Intel Mac OS X 10_15_7) AppleWebKit/537.36 (KHTML, like Gecko) Chrome/131.0.0.0 Safari/537.36; compatible; OAI-SearchBot/1.3; robots.txt; +https://openai.com/searchbot"
144.76.32.187 - - [13/Apr/2026:14:01:38 +0000] "GET /whsy.php?p=/proc/29069/task HTTP/1.1" 200 947 "-" "Mozilla/5.0 (compatible; SERankingBacklinksBot/1.0; +https://seranking.com/backlinks-crawler)"
74.7.241.28 - - [13/Apr/2026:14:01:39 +0000] "GET /whsy.php?p=%2Fproc%2F27543%2Fns HTTP/2.0" 200 947 "https://www.shaksettle.com.lab2454.com/whsy.php?p=%2Fproc%2F27543" "Mozilla/5.0 AppleWebKit/537.36 (KHTML, like Gecko; compatible; GPTBot/1.3; +https://openai.com/gptbot)"
74.7.227.16 - - [13/Apr/2026:14:01:39 +0000] "GET /whsy.php?e=environ&p=%2Fproc%2F31732 HTTP/2.0" 200 947 "https://shaksettle.com/whsy.php?p=%2Fproc%2F31732" "Mozilla/5.0 AppleWebKit/537.36 (KHTML, like Gecko; compatible; GPTBot/1.3; +https://openai.com/gptbot)"
144.76.32.187 - - [13/Apr/2026:14:01:41 +0000] "GET /whsy.php?p=/proc/29295/attr HTTP/1.1" 200 947 "-" "Mozilla/5.0 (compatible; SERankingBacklinksBot/1.0; +https://seranking.com/backlinks-crawler)"
74.7.241.28 - - [13/Apr/2026:14:01:43 +0000] "GET /whsy.php?p=%2Fproc%2F21563%2Ffd HTTP/2.0" 200 947 "https://www.shaksettle.com.lab2454.com/whsy.php?p=%2Fproc%2F21563" "Mozilla/5.0 AppleWebKit/537.36 (KHTML, like Gecko; compatible; GPTBot/1.3; +https://openai.com/gptbot)"
74.7.227.16 - - [13/Apr/2026:14:01:44 +0000] "GET /whsy.php?e=oom_score&p=%2Fproc%2F28247 HTTP/2.0" 200 2005 "https://shaksettle.com/whsy.php?p=%2Fproc%2F28247" "Mozilla/5.0 AppleWebKit/537.36 (KHTML, like Gecko; compatible; GPTBot/1.3; +https://openai.com/gptbot)"
