74.7.227.16 - - [13/Apr/2026:16:09:06 +0000] "GET /whsy.php?e=nf_conntrack_expect&p=%2Fproc%2F25854%2Fnet HTTP/2.0" 200 947 "https://shaksettle.com/whsy.php?p=%2Fproc%2F25854%2Fnet" "Mozilla/5.0 AppleWebKit/537.36 (KHTML, like Gecko; compatible; GPTBot/1.3; +https://openai.com/gptbot)"
74.7.241.28 - - [13/Apr/2026:16:09:06 +0000] "GET /whsy.php?e=limits&p=%2Fproc%2F23637 HTTP/2.0" 200 2274 "https://www.shaksettle.com.lab2454.com/whsy.php?p=%2Fproc%2F23637" "Mozilla/5.0 AppleWebKit/537.36 (KHTML, like Gecko; compatible; GPTBot/1.3; +https://openai.com/gptbot)"
144.76.32.187 - - [13/Apr/2026:16:09:08 +0000] "GET /whsy.php?e=wchan&p=/proc/30762 HTTP/1.1" 200 947 "-" "Mozilla/5.0 (compatible; SERankingBacklinksBot/1.0; +https://seranking.com/backlinks-crawler)"
74.7.227.16 - - [13/Apr/2026:16:09:10 +0000] "GET /whsy.php?e=nf_conntrack_expect&p=%2Fproc%2F29538%2Fnet HTTP/2.0" 200 947 "https://shaksettle.com/whsy.php?p=%2Fproc%2F29538%2Fnet" "Mozilla/5.0 AppleWebKit/537.36 (KHTML, like Gecko; compatible; GPTBot/1.3; +https://openai.com/gptbot)"
74.7.241.28 - - [13/Apr/2026:16:09:10 +0000] "GET /whsy.php?e=limits&p=%2Fproc%2F19989 HTTP/2.0" 200 2232 "https://www.shaksettle.com.lab2454.com/whsy.php?p=%2Fproc%2F19989" "Mozilla/5.0 AppleWebKit/537.36 (KHTML, like Gecko; compatible; GPTBot/1.3; +https://openai.com/gptbot)"
144.76.32.187 - - [13/Apr/2026:16:09:11 +0000] "GET /whsy.php?e=sched&p=/proc/30762 HTTP/1.1" 200 947 "-" "Mozilla/5.0 (compatible; SERankingBacklinksBot/1.0; +https://seranking.com/backlinks-crawler)"
74.7.227.16 - - [13/Apr/2026:16:09:13 +0000] "GET /whsy.php?e=arp_tables_matches&p=%2Fproc%2F29733%2Fnet HTTP/2.0" 200 947 "https://shaksettle.com/whsy.php?p=%2Fproc%2F29733%2Fnet" "Mozilla/5.0 AppleWebKit/537.36 (KHTML, like Gecko; compatible; GPTBot/1.3; +https://openai.com/gptbot)"
74.7.241.28 - - [13/Apr/2026:16:09:13 +0000] "GET /whsy.php?e=timers&p=%2Fproc%2F16648 HTTP/2.0" 200 2005 "https://www.shaksettle.com.lab2454.com/whsy.php?p=%2Fproc%2F16648" "Mozilla/5.0 AppleWebKit/537.36 (KHTML, like Gecko; compatible; GPTBot/1.3; +https://openai.com/gptbot)"
144.76.32.187 - - [13/Apr/2026:16:09:14 +0000] "GET /whsy.php?e=stack&p=/proc/30762 HTTP/1.1" 200 947 "-" "Mozilla/5.0 (compatible; SERankingBacklinksBot/1.0; +https://seranking.com/backlinks-crawler)"
74.7.227.16 - - [13/Apr/2026:16:09:17 +0000] "GET /whsy.php?e=arp_tables_matches&p=%2Fproc%2F23181%2Fnet HTTP/2.0" 200 947 "https://shaksettle.com/whsy.php?p=%2Fproc%2F23181%2Fnet" "Mozilla/5.0 AppleWebKit/537.36 (KHTML, like Gecko; compatible; GPTBot/1.3; +https://openai.com/gptbot)"
74.7.241.28 - - [13/Apr/2026:16:09:17 +0000] "GET /whsy.php?e=mounts&p=%2Fproc%2F14101 HTTP/2.0" 200 947 "https://www.shaksettle.com.lab2454.com/whsy.php?p=%2Fproc%2F14101" "Mozilla/5.0 AppleWebKit/537.36 (KHTML, like Gecko; compatible; GPTBot/1.3; +https://openai.com/gptbot)"
144.76.32.187 - - [13/Apr/2026:16:09:19 +0000] "GET /whsy.php?p=/proc/14/net/rpc/.. HTTP/1.1" 200 2438 "-" "Mozilla/5.0 (compatible; SERankingBacklinksBot/1.0; +https://seranking.com/backlinks-crawler)"
74.7.227.16 - - [13/Apr/2026:16:09:20 +0000] "GET /whsy.php?e=arp_tables_targets&p=%2Fproc%2F13872%2Fnet HTTP/2.0" 200 947 "https://shaksettle.com/whsy.php?p=%2Fproc%2F13872%2Fnet" "Mozilla/5.0 AppleWebKit/537.36 (KHTML, like Gecko; compatible; GPTBot/1.3; +https://openai.com/gptbot)"
74.7.241.28 - - [13/Apr/2026:16:09:20 +0000] "GET /whsy.php?e=numa_maps&p=%2Fproc%2F16648 HTTP/2.0" 200 2123 "https://www.shaksettle.com.lab2454.com/whsy.php?p=%2Fproc%2F16648" "Mozilla/5.0 AppleWebKit/537.36 (KHTML, like Gecko; compatible; GPTBot/1.3; +https://openai.com/gptbot)"
74.7.227.16 - - [13/Apr/2026:16:09:24 +0000] "GET /whsy.php?e=arp_tables_matches&p=%2Fproc%2F21040%2Fnet HTTP/2.0" 200 947 "https://shaksettle.com/whsy.php?e=ip6_tables_names&p=%2Fproc%2F21040%2Fnet" "Mozilla/5.0 AppleWebKit/537.36 (KHTML, like Gecko; compatible; GPTBot/1.3; +https://openai.com/gptbot)"
74.7.241.28 - - [13/Apr/2026:16:09:24 +0000] "GET /whsy.php?e=numa_maps&p=%2Fproc%2F23457 HTTP/2.0" 200 2009 "https://www.shaksettle.com.lab2454.com/whsy.php?p=%2Fproc%2F23457" "Mozilla/5.0 AppleWebKit/537.36 (KHTML, like Gecko; compatible; GPTBot/1.3; +https://openai.com/gptbot)"
144.76.32.187 - - [13/Apr/2026:16:09:24 +0000] "GET /whsy.php?e=wchan&p=/proc/31082 HTTP/1.1" 200 947 "-" "Mozilla/5.0 (compatible; SERankingBacklinksBot/1.0; +https://seranking.com/backlinks-crawler)"
74.7.227.16 - - [13/Apr/2026:16:09:27 +0000] "GET /whsy.php?e=nf_conntrack_expect&p=%2Fproc%2F30291%2Fnet HTTP/2.0" 200 947 "https://shaksettle.com/whsy.php?p=%2Fproc%2F30291%2Fnet" "Mozilla/5.0 AppleWebKit/537.36 (KHTML, like Gecko; compatible; GPTBot/1.3; +https://openai.com/gptbot)"
74.7.241.28 - - [13/Apr/2026:16:09:27 +0000] "GET /whsy.php?e=numa_maps&p=%2Fproc%2F29851 HTTP/2.0" 200 2009 "https://www.shaksettle.com.lab2454.com/whsy.php?p=%2Fproc%2F29851" "Mozilla/5.0 AppleWebKit/537.36 (KHTML, like Gecko; compatible; GPTBot/1.3; +https://openai.com/gptbot)"
144.76.32.187 - - [13/Apr/2026:16:09:29 +0000] "GET /whsy.php?p=/proc/52/net/rpc/.. HTTP/1.1" 200 2439 "-" "Mozilla/5.0 (compatible; SERankingBacklinksBot/1.0; +https://seranking.com/backlinks-crawler)"
74.7.227.16 - - [13/Apr/2026:16:09:31 +0000] "GET /whsy.php?e=arp_tables_targets&p=%2Fproc%2F28361%2Fnet HTTP/2.0" 200 947 "https://shaksettle.com/whsy.php?p=%2Fproc%2F28361%2Fnet" "Mozilla/5.0 AppleWebKit/537.36 (KHTML, like Gecko; compatible; GPTBot/1.3; +https://openai.com/gptbot)"
74.7.241.28 - - [13/Apr/2026:16:09:31 +0000] "GET /whsy.php?e=numa_maps&p=%2Fproc%2F11587 HTTP/2.0" 200 947 "https://www.shaksettle.com.lab2454.com/whsy.php?p=%2Fproc%2F11587" "Mozilla/5.0 AppleWebKit/537.36 (KHTML, like Gecko; compatible; GPTBot/1.3; +https://openai.com/gptbot)"
144.76.32.187 - - [13/Apr/2026:16:09:33 +0000] "GET /whsy.php?e=sched&p=/proc/31082 HTTP/1.1" 200 947 "-" "Mozilla/5.0 (compatible; SERankingBacklinksBot/1.0; +https://seranking.com/backlinks-crawler)"
74.7.227.16 - - [13/Apr/2026:16:09:34 +0000] "GET /whsy.php?e=arp_tables_targets&p=%2Fproc%2F21958%2Fnet HTTP/2.0" 200 947 "https://shaksettle.com/whsy.php?p=%2Fproc%2F21958%2Fnet" "Mozilla/5.0 AppleWebKit/537.36 (KHTML, like Gecko; compatible; GPTBot/1.3; +https://openai.com/gptbot)"
74.7.241.28 - - [13/Apr/2026:16:09:34 +0000] "GET /whsy.php?e=limits&p=%2Fproc%2F32355 HTTP/2.0" 200 2232 "https://www.shaksettle.com.lab2454.com/whsy.php?p=%2Fproc%2F32355" "Mozilla/5.0 AppleWebKit/537.36 (KHTML, like Gecko; compatible; GPTBot/1.3; +https://openai.com/gptbot)"
74.7.227.16 - - [13/Apr/2026:16:09:37 +0000] "GET /whsy.php?e=nf_conntrack_expect&p=%2Fproc%2F15265%2Fnet HTTP/2.0" 200 947 "https://shaksettle.com/whsy.php?p=%2Fproc%2F15265%2Fnet" "Mozilla/5.0 AppleWebKit/537.36 (KHTML, like Gecko; compatible; GPTBot/1.3; +https://openai.com/gptbot)"
74.7.241.28 - - [13/Apr/2026:16:09:37 +0000] "GET /whsy.php?e=timers&p=%2Fproc%2F19989 HTTP/2.0" 200 2006 "https://www.shaksettle.com.lab2454.com/whsy.php?p=%2Fproc%2F19989" "Mozilla/5.0 AppleWebKit/537.36 (KHTML, like Gecko; compatible; GPTBot/1.3; +https://openai.com/gptbot)"
74.7.227.16 - - [13/Apr/2026:16:09:41 +0000] "GET /whsy.php?e=arp_tables_targets&p=%2Fproc%2F18702%2Fnet HTTP/2.0" 200 2442 "https://shaksettle.com/whsy.php?p=%2Fproc%2F18702%2Fnet" "Mozilla/5.0 AppleWebKit/537.36 (KHTML, like Gecko; compatible; GPTBot/1.3; +https://openai.com/gptbot)"
74.7.241.28 - - [13/Apr/2026:16:09:41 +0000] "GET /whsy.php?e=timers&p=%2Fproc%2F23637 HTTP/2.0" 200 2005 "https://www.shaksettle.com.lab2454.com/whsy.php?p=%2Fproc%2F23637" "Mozilla/5.0 AppleWebKit/537.36 (KHTML, like Gecko; compatible; GPTBot/1.3; +https://openai.com/gptbot)"
144.76.32.187 - - [13/Apr/2026:16:09:43 +0000] "GET /whsy.php?e=stack&p=/proc/31082 HTTP/1.1" 200 947 "-" "Mozilla/5.0 (compatible; SERankingBacklinksBot/1.0; +https://seranking.com/backlinks-crawler)"
74.7.227.16 - - [13/Apr/2026:16:09:44 +0000] "GET /whsy.php?e=arp_tables_targets&p=%2Fproc%2F10116%2Fnet HTTP/2.0" 200 947 "https://shaksettle.com/whsy.php?p=%2Fproc%2F10116%2Fnet" "Mozilla/5.0 AppleWebKit/537.36 (KHTML, like Gecko; compatible; GPTBot/1.3; +https://openai.com/gptbot)"
74.7.241.28 - - [13/Apr/2026:16:09:45 +0000] "GET /whsy.php?e=mounts&p=%2Fproc%2F32355 HTTP/2.0" 200 2644 "https://www.shaksettle.com.lab2454.com/whsy.php?p=%2Fproc%2F32355" "Mozilla/5.0 AppleWebKit/537.36 (KHTML, like Gecko; compatible; GPTBot/1.3; +https://openai.com/gptbot)"
74.7.227.16 - - [13/Apr/2026:16:09:48 +0000] "GET /whsy.php?e=nf_conntrack_expect&p=%2Fproc%2F18152%2Fnet HTTP/2.0" 200 947 "https://shaksettle.com/whsy.php?p=%2Fproc%2F18152%2Fnet" "Mozilla/5.0 AppleWebKit/537.36 (KHTML, like Gecko; compatible; GPTBot/1.3; +https://openai.com/gptbot)"
144.76.32.187 - - [13/Apr/2026:16:09:48 +0000] "GET /whsy.php?p=/proc/14/task/14/.. HTTP/1.1" 200 487 "-" "Mozilla/5.0 (compatible; SERankingBacklinksBot/1.0; +https://seranking.com/backlinks-crawler)"
74.7.241.28 - - [13/Apr/2026:16:09:48 +0000] "GET /whsy.php?e=timers&p=%2Fproc%2F14101 HTTP/2.0" 200 947 "https://www.shaksettle.com.lab2454.com/whsy.php?p=%2Fproc%2F14101" "Mozilla/5.0 AppleWebKit/537.36 (KHTML, like Gecko; compatible; GPTBot/1.3; +https://openai.com/gptbot)"
74.7.227.16 - - [13/Apr/2026:16:09:51 +0000] "GET /whsy.php?e=nf_conntrack_expect&p=%2Fproc%2F13327%2Fnet HTTP/2.0" 200 947 "https://shaksettle.com/whsy.php?p=%2Fproc%2F13327%2Fnet" "Mozilla/5.0 AppleWebKit/537.36 (KHTML, like Gecko; compatible; GPTBot/1.3; +https://openai.com/gptbot)"
74.7.241.28 - - [13/Apr/2026:16:09:52 +0000] "GET /whsy.php?p=%2Fproc%2F23637%2Fnet HTTP/2.0" 200 2441 "https://www.shaksettle.com.lab2454.com/whsy.php?p=%2Fproc%2F23637" "Mozilla/5.0 AppleWebKit/537.36 (KHTML, like Gecko; compatible; GPTBot/1.3; +https://openai.com/gptbot)"
144.76.32.187 - - [13/Apr/2026:16:09:52 +0000] "GET /whsy.php?p=/proc/20/task/20/ns HTTP/1.1" 200 4529 "-" "Mozilla/5.0 (compatible; SERankingBacklinksBot/1.0; +https://seranking.com/backlinks-crawler)"
74.7.227.16 - - [13/Apr/2026:16:09:55 +0000] "GET /whsy.php?e=arp_tables_targets&p=%2Fproc%2F23441%2Fnet HTTP/2.0" 200 947 "https://shaksettle.com/whsy.php?p=%2Fproc%2F23441%2Fnet" "Mozilla/5.0 AppleWebKit/537.36 (KHTML, like Gecko; compatible; GPTBot/1.3; +https://openai.com/gptbot)"
74.7.241.28 - - [13/Apr/2026:16:09:55 +0000] "GET /whsy.php?p=%2Fproc%2F19989%2Ftask HTTP/2.0" 200 784 "https://www.shaksettle.com.lab2454.com/whsy.php?p=%2Fproc%2F19989" "Mozilla/5.0 AppleWebKit/537.36 (KHTML, like Gecko; compatible; GPTBot/1.3; +https://openai.com/gptbot)"
144.76.32.187 - - [13/Apr/2026:16:09:56 +0000] "GET /whsy.php?p=/proc/52/task/52/.. HTTP/1.1" 200 487 "-" "Mozilla/5.0 (compatible; SERankingBacklinksBot/1.0; +https://seranking.com/backlinks-crawler)"
74.7.227.16 - - [13/Apr/2026:16:09:59 +0000] "GET /whsy.php?e=arp_tables_targets&p=%2Fproc%2F10520%2Fnet HTTP/2.0" 200 947 "https://shaksettle.com/whsy.php?p=%2Fproc%2F10520%2Fnet" "Mozilla/5.0 AppleWebKit/537.36 (KHTML, like Gecko; compatible; GPTBot/1.3; +https://openai.com/gptbot)"
74.7.241.28 - - [13/Apr/2026:16:09:59 +0000] "GET /whsy.php?p=%2Fproc%2F14101%2Fnet HTTP/2.0" 200 947 "https://www.shaksettle.com.lab2454.com/whsy.php?p=%2Fproc%2F14101" "Mozilla/5.0 AppleWebKit/537.36 (KHTML, like Gecko; compatible; GPTBot/1.3; +https://openai.com/gptbot)"
144.76.32.187 - - [13/Apr/2026:16:10:02 +0000] "GET /whsy.php?e=wchan&p=/proc/32731 HTTP/1.1" 200 947 "-" "Mozilla/5.0 (compatible; SERankingBacklinksBot/1.0; +https://seranking.com/backlinks-crawler)"
74.7.227.16 - - [13/Apr/2026:16:10:02 +0000] "GET /whsy.php?e=arp_tables_matches&p=%2Fproc%2F31021%2Fnet HTTP/2.0" 200 947 "https://shaksettle.com/whsy.php?p=%2Fproc%2F31021%2Fnet" "Mozilla/5.0 AppleWebKit/537.36 (KHTML, like Gecko; compatible; GPTBot/1.3; +https://openai.com/gptbot)"
74.7.241.28 - - [13/Apr/2026:16:10:02 +0000] "GET /whsy.php?p=%2Fproc%2F23637%2Fattr HTTP/2.0" 200 799 "https://www.shaksettle.com.lab2454.com/whsy.php?p=%2Fproc%2F23637" "Mozilla/5.0 AppleWebKit/537.36 (KHTML, like Gecko; compatible; GPTBot/1.3; +https://openai.com/gptbot)"
74.7.227.16 - - [13/Apr/2026:16:10:06 +0000] "GET /whsy.php?e=arp_tables_targets&p=%2Fproc%2F23438%2Fnet HTTP/2.0" 200 947 "https://shaksettle.com/whsy.php?p=%2Fproc%2F23438%2Fnet" "Mozilla/5.0 AppleWebKit/537.36 (KHTML, like Gecko; compatible; GPTBot/1.3; +https://openai.com/gptbot)"
144.76.32.187 - - [13/Apr/2026:16:10:06 +0000] "GET /whsy.php?p=/proc/202/task/202/attr HTTP/1.1" 200 808 "-" "Mozilla/5.0 (compatible; SERankingBacklinksBot/1.0; +https://seranking.com/backlinks-crawler)"
74.7.241.28 - - [13/Apr/2026:16:10:06 +0000] "GET /whsy.php?p=%2Fproc%2F23457%2Fattr HTTP/2.0" 200 799 "https://www.shaksettle.com.lab2454.com/whsy.php?p=%2Fproc%2F23457" "Mozilla/5.0 AppleWebKit/537.36 (KHTML, like Gecko; compatible; GPTBot/1.3; +https://openai.com/gptbot)"
74.7.227.16 - - [13/Apr/2026:16:10:09 +0000] "GET /whsy.php?e=nf_conntrack_expect&p=%2Fproc%2F32318%2Fnet HTTP/2.0" 200 947 "https://shaksettle.com/whsy.php?p=%2Fproc%2F32318%2Fnet" "Mozilla/5.0 AppleWebKit/537.36 (KHTML, like Gecko; compatible; GPTBot/1.3; +https://openai.com/gptbot)"
74.7.241.28 - - [13/Apr/2026:16:10:09 +0000] "GET /whsy.php?p=%2Fproc%2F32355%2Fattr HTTP/2.0" 200 799 "https://www.shaksettle.com.lab2454.com/whsy.php?p=%2Fproc%2F32355" "Mozilla/5.0 AppleWebKit/537.36 (KHTML, like Gecko; compatible; GPTBot/1.3; +https://openai.com/gptbot)"
144.76.32.187 - - [13/Apr/2026:16:10:12 +0000] "GET /whsy.php?e=sched&p=/proc/32731 HTTP/1.1" 200 947 "-" "Mozilla/5.0 (compatible; SERankingBacklinksBot/1.0; +https://seranking.com/backlinks-crawler)"
74.7.227.16 - - [13/Apr/2026:16:10:12 +0000] "GET /whsy.php?e=arp_tables_targets&p=%2Fproc%2F25815%2Fnet HTTP/2.0" 200 947 "https://shaksettle.com/whsy.php?p=%2Fproc%2F25815%2Fnet" "Mozilla/5.0 AppleWebKit/537.36 (KHTML, like Gecko; compatible; GPTBot/1.3; +https://openai.com/gptbot)"
74.7.241.28 - - [13/Apr/2026:16:10:12 +0000] "GET /whsy.php?p=%2Fproc%2F11587%2Fnet HTTP/2.0" 200 947 "https://www.shaksettle.com.lab2454.com/whsy.php?p=%2Fproc%2F11587" "Mozilla/5.0 AppleWebKit/537.36 (KHTML, like Gecko; compatible; GPTBot/1.3; +https://openai.com/gptbot)"
74.7.227.16 - - [13/Apr/2026:16:10:16 +0000] "GET /whsy.php?e=arp_tables_matches&p=%2Fproc%2F23188%2Fnet HTTP/2.0" 200 947 "https://shaksettle.com/whsy.php?p=%2Fproc%2F23188%2Fnet" "Mozilla/5.0 AppleWebKit/537.36 (KHTML, like Gecko; compatible; GPTBot/1.3; +https://openai.com/gptbot)"
74.7.241.28 - - [13/Apr/2026:16:10:16 +0000] "GET /whsy.php?p=%2Fproc%2F16648%2Ftask HTTP/2.0" 200 776 "https://www.shaksettle.com.lab2454.com/whsy.php?p=%2Fproc%2F16648" "Mozilla/5.0 AppleWebKit/537.36 (KHTML, like Gecko; compatible; GPTBot/1.3; +https://openai.com/gptbot)"
144.76.32.187 - - [13/Apr/2026:16:10:17 +0000] "GET /whsy.php?e=stack&p=/proc/32731 HTTP/1.1" 200 947 "-" "Mozilla/5.0 (compatible; SERankingBacklinksBot/1.0; +https://seranking.com/backlinks-crawler)"
74.7.227.16 - - [13/Apr/2026:16:10:19 +0000] "GET /whsy.php?p=%2Fproc%2F18702%2Fnet%2Fnfsfs HTTP/2.0" 200 701 "https://shaksettle.com/whsy.php?e=arp_tables_targets&p=%2Fproc%2F18702%2Fnet" "Mozilla/5.0 AppleWebKit/537.36 (KHTML, like Gecko; compatible; GPTBot/1.3; +https://openai.com/gptbot)"
74.7.241.28 - - [13/Apr/2026:16:10:19 +0000] "GET /whsy.php?p=%2Fproc%2F16648%2Fnet HTTP/2.0" 200 2441 "https://www.shaksettle.com.lab2454.com/whsy.php?p=%2Fproc%2F16648" "Mozilla/5.0 AppleWebKit/537.36 (KHTML, like Gecko; compatible; GPTBot/1.3; +https://openai.com/gptbot)"
74.7.227.16 - - [13/Apr/2026:16:10:23 +0000] "GET /whsy.php?e=arp_tables_matches&p=%2Fproc%2F12663%2Fnet HTTP/2.0" 200 947 "https://shaksettle.com/whsy.php?p=%2Fproc%2F12663%2Fnet" "Mozilla/5.0 AppleWebKit/537.36 (KHTML, like Gecko; compatible; GPTBot/1.3; +https://openai.com/gptbot)"
74.7.241.28 - - [13/Apr/2026:16:10:23 +0000] "GET /whsy.php?p=%2Fproc%2F11587%2Ftask HTTP/2.0" 200 947 "https://www.shaksettle.com.lab2454.com/whsy.php?p=%2Fproc%2F11587" "Mozilla/5.0 AppleWebKit/537.36 (KHTML, like Gecko; compatible; GPTBot/1.3; +https://openai.com/gptbot)"
144.76.32.187 - - [13/Apr/2026:16:10:23 +0000] "GET /whsy.php?p=/proc/21/net/rpc/.. HTTP/1.1" 200 2438 "-" "Mozilla/5.0 (compatible; SERankingBacklinksBot/1.0; +https://seranking.com/backlinks-crawler)"
74.7.227.16 - - [13/Apr/2026:16:10:26 +0000] "GET /whsy.php?e=arp_tables_targets&p=%2Fproc%2F31029%2Fnet HTTP/2.0" 200 947 "https://shaksettle.com/whsy.php?p=%2Fproc%2F31029%2Fnet" "Mozilla/5.0 AppleWebKit/537.36 (KHTML, like Gecko; compatible; GPTBot/1.3; +https://openai.com/gptbot)"
74.7.241.28 - - [13/Apr/2026:16:10:26 +0000] "GET /whsy.php?p=%2Fproc%2F14101%2Fattr HTTP/2.0" 200 947 "https://www.shaksettle.com.lab2454.com/whsy.php?p=%2Fproc%2F14101" "Mozilla/5.0 AppleWebKit/537.36 (KHTML, like Gecko; compatible; GPTBot/1.3; +https://openai.com/gptbot)"
144.76.32.187 - - [13/Apr/2026:16:10:28 +0000] "GET /whsy.php?e=wchan&p=/proc/32732 HTTP/1.1" 200 947 "-" "Mozilla/5.0 (compatible; SERankingBacklinksBot/1.0; +https://seranking.com/backlinks-crawler)"
74.7.227.16 - - [13/Apr/2026:16:10:30 +0000] "GET /whsy.php?e=arp_tables_targets&p=%2Fproc%2F23314%2Fnet HTTP/2.0" 200 947 "https://shaksettle.com/whsy.php?p=%2Fproc%2F23314%2Fnet" "Mozilla/5.0 AppleWebKit/537.36 (KHTML, like Gecko; compatible; GPTBot/1.3; +https://openai.com/gptbot)"
74.7.241.28 - - [13/Apr/2026:16:10:30 +0000] "GET /whsy.php?p=%2Fproc%2F23637%2Fnet%2Fsctp HTTP/2.0" 200 753 "https://www.shaksettle.com.lab2454.com/whsy.php?p=%2Fproc%2F23637%2Fnet" "Mozilla/5.0 AppleWebKit/537.36 (KHTML, like Gecko; compatible; GPTBot/1.3; +https://openai.com/gptbot)"
144.76.32.187 - - [13/Apr/2026:16:10:33 +0000] "GET /whsy.php?e=sched&p=/proc/32732 HTTP/1.1" 200 947 "-" "Mozilla/5.0 (compatible; SERankingBacklinksBot/1.0; +https://seranking.com/backlinks-crawler)"
74.7.227.16 - - [13/Apr/2026:16:10:33 +0000] "GET /whsy.php?e=nf_conntrack_expect&p=%2Fproc%2F16362%2Fnet HTTP/2.0" 200 947 "https://shaksettle.com/whsy.php?e=ip_mr_cache&p=%2Fproc%2F16362%2Fnet" "Mozilla/5.0 AppleWebKit/537.36 (KHTML, like Gecko; compatible; GPTBot/1.3; +https://openai.com/gptbot)"
74.7.241.28 - - [13/Apr/2026:16:10:33 +0000] "GET /whsy.php?e=igmp&p=%2Fproc%2F23637%2Fnet HTTP/2.0" 200 2592 "https://www.shaksettle.com.lab2454.com/whsy.php?p=%2Fproc%2F23637%2Fnet" "Mozilla/5.0 AppleWebKit/537.36 (KHTML, like Gecko; compatible; GPTBot/1.3; +https://openai.com/gptbot)"
74.7.227.16 - - [13/Apr/2026:16:10:36 +0000] "GET /whsy.php?e=nf_conntrack_expect&p=%2Fproc%2F32154%2Fnet HTTP/2.0" 200 947 "https://shaksettle.com/whsy.php?p=%2Fproc%2F32154%2Fnet" "Mozilla/5.0 AppleWebKit/537.36 (KHTML, like Gecko; compatible; GPTBot/1.3; +https://openai.com/gptbot)"
74.7.241.28 - - [13/Apr/2026:16:10:37 +0000] "GET /whsy.php?p=%2Fproc%2F19989%2Fattr HTTP/2.0" 200 799 "https://www.shaksettle.com.lab2454.com/whsy.php?p=%2Fproc%2F19989" "Mozilla/5.0 AppleWebKit/537.36 (KHTML, like Gecko; compatible; GPTBot/1.3; +https://openai.com/gptbot)"
144.76.32.187 - - [13/Apr/2026:16:10:37 +0000] "GET /whsy.php?e=stack&p=/proc/32732 HTTP/1.1" 200 947 "-" "Mozilla/5.0 (compatible; SERankingBacklinksBot/1.0; +https://seranking.com/backlinks-crawler)"
74.7.227.16 - - [13/Apr/2026:16:10:40 +0000] "GET /whsy.php?e=arp_tables_matches&p=%2Fproc%2F28556%2Fnet HTTP/2.0" 200 947 "https://shaksettle.com/whsy.php?p=%2Fproc%2F28556%2Fnet" "Mozilla/5.0 AppleWebKit/537.36 (KHTML, like Gecko; compatible; GPTBot/1.3; +https://openai.com/gptbot)"
74.7.241.28 - - [13/Apr/2026:16:10:40 +0000] "GET /whsy.php?p=%2Fproc%2F19989%2Fnet HTTP/2.0" 200 2441 "https://www.shaksettle.com.lab2454.com/whsy.php?p=%2Fproc%2F19989" "Mozilla/5.0 AppleWebKit/537.36 (KHTML, like Gecko; compatible; GPTBot/1.3; +https://openai.com/gptbot)"
74.7.227.16 - - [13/Apr/2026:16:10:43 +0000] "GET /whsy.php?e=nf_flowtable&p=%2Fproc%2F9969%2Fnet%2Fstat HTTP/2.0" 200 947 "https://shaksettle.com/whsy.php?p=%2Fproc%2F9969%2Fnet%2Fstat" "Mozilla/5.0 AppleWebKit/537.36 (KHTML, like Gecko; compatible; GPTBot/1.3; +https://openai.com/gptbot)"
74.7.241.28 - - [13/Apr/2026:16:10:43 +0000] "GET /whsy.php?e=prev&p=%2Fproc%2F23457%2Fattr HTTP/2.0" 200 859 "https://www.shaksettle.com.lab2454.com/whsy.php?p=%2Fproc%2F23457%2Fattr" "Mozilla/5.0 AppleWebKit/537.36 (KHTML, like Gecko; compatible; GPTBot/1.3; +https://openai.com/gptbot)"
144.76.32.187 - - [13/Apr/2026:16:10:44 +0000] "GET /whsy.php?p=/proc/14/task/14/fd HTTP/1.1" 200 4782 "-" "Mozilla/5.0 (compatible; SERankingBacklinksBot/1.0; +https://seranking.com/backlinks-crawler)"
74.7.227.16 - - [13/Apr/2026:16:10:47 +0000] "GET /whsy.php?e=arp_tables_targets&p=%2Fproc%2F23187%2Fnet HTTP/2.0" 200 947 "https://shaksettle.com/whsy.php?p=%2Fproc%2F23187%2Fnet" "Mozilla/5.0 AppleWebKit/537.36 (KHTML, like Gecko; compatible; GPTBot/1.3; +https://openai.com/gptbot)"
74.7.241.28 - - [13/Apr/2026:16:10:48 +0000] "GET /whsy.php?e=exec&p=%2Fproc%2F23457%2Fattr HTTP/2.0" 200 860 "https://www.shaksettle.com.lab2454.com/whsy.php?p=%2Fproc%2F23457%2Fattr" "Mozilla/5.0 AppleWebKit/537.36 (KHTML, like Gecko; compatible; GPTBot/1.3; +https://openai.com/gptbot)"
144.76.32.187 - - [13/Apr/2026:16:10:48 +0000] "GET /whsy.php?p=/proc/52/task/52/fd HTTP/1.1" 200 4614 "-" "Mozilla/5.0 (compatible; SERankingBacklinksBot/1.0; +https://seranking.com/backlinks-crawler)"
74.7.227.16 - - [13/Apr/2026:16:10:51 +0000] "GET /whsy.php?e=nf_conntrack_expect&p=%2Fproc%2F30533%2Fnet HTTP/2.0" 200 947 "https://shaksettle.com/whsy.php?p=%2Fproc%2F30533%2Fnet" "Mozilla/5.0 AppleWebKit/537.36 (KHTML, like Gecko; compatible; GPTBot/1.3; +https://openai.com/gptbot)"
74.7.241.28 - - [13/Apr/2026:16:10:52 +0000] "GET /whsy.php?p=%2Fproc%2F11587%2Fattr HTTP/2.0" 200 947 "https://www.shaksettle.com.lab2454.com/whsy.php?p=%2Fproc%2F11587" "Mozilla/5.0 AppleWebKit/537.36 (KHTML, like Gecko; compatible; GPTBot/1.3; +https://openai.com/gptbot)"
144.76.32.187 - - [13/Apr/2026:16:10:54 +0000] "GET /whsy.php?e=smaps&p=/proc/14673 HTTP/1.1" 200 947 "-" "Mozilla/5.0 (compatible; SERankingBacklinksBot/1.0; +https://seranking.com/backlinks-crawler)"
74.7.227.16 - - [13/Apr/2026:16:10:55 +0000] "GET /whsy.php?e=nf_conntrack_expect&p=%2Fproc%2F30382%2Fnet HTTP/2.0" 200 947 "https://shaksettle.com/whsy.php?p=%2Fproc%2F30382%2Fnet" "Mozilla/5.0 AppleWebKit/537.36 (KHTML, like Gecko; compatible; GPTBot/1.3; +https://openai.com/gptbot)"
74.7.241.28 - - [13/Apr/2026:16:10:55 +0000] "GET /whsy.php?p=%2Fproc%2F14101%2Ftask HTTP/2.0" 200 947 "https://www.shaksettle.com.lab2454.com/whsy.php?p=%2Fproc%2F14101" "Mozilla/5.0 AppleWebKit/537.36 (KHTML, like Gecko; compatible; GPTBot/1.3; +https://openai.com/gptbot)"
144.76.32.187 - - [13/Apr/2026:16:10:58 +0000] "GET /whsy.php?e=statm&p=/proc/14673 HTTP/1.1" 200 947 "-" "Mozilla/5.0 (compatible; SERankingBacklinksBot/1.0; +https://seranking.com/backlinks-crawler)"
74.7.227.16 - - [13/Apr/2026:16:10:59 +0000] "GET /whsy.php?e=nf_conntrack_expect&p=%2Fproc%2F12399%2Fnet HTTP/2.0" 200 947 "https://shaksettle.com/whsy.php?p=%2Fproc%2F12399%2Fnet" "Mozilla/5.0 AppleWebKit/537.36 (KHTML, like Gecko; compatible; GPTBot/1.3; +https://openai.com/gptbot)"
74.7.241.28 - - [13/Apr/2026:16:10:59 +0000] "GET /whsy.php?e=mcfilter&p=%2Fproc%2F16648%2Fnet HTTP/2.0" 200 2537 "https://www.shaksettle.com.lab2454.com/whsy.php?p=%2Fproc%2F16648%2Fnet" "Mozilla/5.0 AppleWebKit/537.36 (KHTML, like Gecko; compatible; GPTBot/1.3; +https://openai.com/gptbot)"
144.76.32.187 - - [13/Apr/2026:16:11:02 +0000] "GET /whsy.php?p=/proc/21/task/21/.. HTTP/1.1" 200 486 "-" "Mozilla/5.0 (compatible; SERankingBacklinksBot/1.0; +https://seranking.com/backlinks-crawler)"
74.7.227.16 - - [13/Apr/2026:16:11:02 +0000] "GET /whsy.php?e=nf_conntrack_expect&p=%2Fproc%2F11591%2Fnet HTTP/2.0" 200 947 "https://shaksettle.com/whsy.php?p=%2Fproc%2F11591%2Fnet" "Mozilla/5.0 AppleWebKit/537.36 (KHTML, like Gecko; compatible; GPTBot/1.3; +https://openai.com/gptbot)"
74.7.241.28 - - [13/Apr/2026:16:11:03 +0000] "GET /whsy.php?e=pfkey&p=%2Fproc%2F16648%2Fnet HTTP/2.0" 200 2534 "https://www.shaksettle.com.lab2454.com/whsy.php?p=%2Fproc%2F16648%2Fnet" "Mozilla/5.0 AppleWebKit/537.36 (KHTML, like Gecko; compatible; GPTBot/1.3; +https://openai.com/gptbot)"
144.76.32.187 - - [13/Apr/2026:16:11:06 +0000] "GET /whsy.php?p=/proc/52/task/52/ns HTTP/1.1" 200 4698 "-" "Mozilla/5.0 (compatible; SERankingBacklinksBot/1.0; +https://seranking.com/backlinks-crawler)"
74.7.227.16 - - [13/Apr/2026:16:11:06 +0000] "GET /whsy.php?e=libebl_i386.so&p=%2Fusr%2Flib64%2Felfutils HTTP/2.0" 200 1472 "https://shaksettle.com/whsy.php?p=%2Fusr%2Flib64%2Felfutils" "Mozilla/5.0 AppleWebKit/537.36 (KHTML, like Gecko; compatible; GPTBot/1.3; +https://openai.com/gptbot)"
74.7.241.28 - - [13/Apr/2026:16:11:06 +0000] "GET /whsy.php?e=route&p=%2Fproc%2F16648%2Fnet HTTP/2.0" 200 2636 "https://www.shaksettle.com.lab2454.com/whsy.php?p=%2Fproc%2F16648%2Fnet" "Mozilla/5.0 AppleWebKit/537.36 (KHTML, like Gecko; compatible; GPTBot/1.3; +https://openai.com/gptbot)"
144.76.32.187 - - [13/Apr/2026:16:11:09 +0000] "GET /whsy.php?p=/proc/14/task/14/ns HTTP/1.1" 200 4697 "-" "Mozilla/5.0 (compatible; SERankingBacklinksBot/1.0; +https://seranking.com/backlinks-crawler)"
74.7.227.16 - - [13/Apr/2026:16:11:10 +0000] "GET /whsy.php?e=nf_conntrack_expect&p=%2Fproc%2F10279%2Fnet HTTP/2.0" 200 947 "https://shaksettle.com/whsy.php?p=%2Fproc%2F10279%2Fnet" "Mozilla/5.0 AppleWebKit/537.36 (KHTML, like Gecko; compatible; GPTBot/1.3; +https://openai.com/gptbot)"
74.7.241.28 - - [13/Apr/2026:16:11:10 +0000] "GET /whsy.php?p=%2Fproc%2F29851%2Fattr HTTP/2.0" 200 800 "https://www.shaksettle.com.lab2454.com/whsy.php?p=%2Fproc%2F29851" "Mozilla/5.0 AppleWebKit/537.36 (KHTML, like Gecko; compatible; GPTBot/1.3; +https://openai.com/gptbot)"
74.7.227.16 - - [13/Apr/2026:16:11:14 +0000] "GET /whsy.php?e=arp_tables_targets&p=%2Fproc%2F20670%2Fnet HTTP/2.0" 200 947 "https://shaksettle.com/whsy.php?p=%2Fproc%2F20670%2Fnet" "Mozilla/5.0 AppleWebKit/537.36 (KHTML, like Gecko; compatible; GPTBot/1.3; +https://openai.com/gptbot)"
74.7.241.28 - - [13/Apr/2026:16:11:14 +0000] "GET /whsy.php?p=%2Fproc%2F23457%2Fnet HTTP/2.0" 200 2442 "https://www.shaksettle.com.lab2454.com/whsy.php?p=%2Fproc%2F23457" "Mozilla/5.0 AppleWebKit/537.36 (KHTML, like Gecko; compatible; GPTBot/1.3; +https://openai.com/gptbot)"
144.76.32.187 - - [13/Apr/2026:16:11:16 +0000] "GET /whsy.php?p=/proc/21/task/21/fd HTTP/1.1" 200 4867 "-" "Mozilla/5.0 (compatible; SERankingBacklinksBot/1.0; +https://seranking.com/backlinks-crawler)"
74.7.227.16 - - [13/Apr/2026:16:11:17 +0000] "GET /whsy.php?e=nf_conntrack_expect&p=%2Fproc%2F17213%2Fnet HTTP/2.0" 200 2441 "https://shaksettle.com/whsy.php?p=%2Fproc%2F17213%2Fnet" "Mozilla/5.0 AppleWebKit/537.36 (KHTML, like Gecko; compatible; GPTBot/1.3; +https://openai.com/gptbot)"
74.7.241.28 - - [13/Apr/2026:16:11:17 +0000] "GET /whsy.php?p=%2Fproc%2F29851%2Ftask HTTP/2.0" 200 490 "https://www.shaksettle.com.lab2454.com/whsy.php?p=%2Fproc%2F29851" "Mozilla/5.0 AppleWebKit/537.36 (KHTML, like Gecko; compatible; GPTBot/1.3; +https://openai.com/gptbot)"
74.7.227.16 - - [13/Apr/2026:16:11:21 +0000] "GET /whsy.php?e=arp_tables_targets&p=%2Fproc%2F31926%2Fnet HTTP/2.0" 200 947 "https://shaksettle.com/whsy.php?p=%2Fproc%2F31926%2Fnet" "Mozilla/5.0 AppleWebKit/537.36 (KHTML, like Gecko; compatible; GPTBot/1.3; +https://openai.com/gptbot)"
74.7.241.28 - - [13/Apr/2026:16:11:21 +0000] "GET /whsy.php?e=tcp6&p=%2Fproc%2F19989%2Fnet HTTP/2.0" 200 3240 "https://www.shaksettle.com.lab2454.com/whsy.php?p=%2Fproc%2F19989%2Fnet" "Mozilla/5.0 AppleWebKit/537.36 (KHTML, like Gecko; compatible; GPTBot/1.3; +https://openai.com/gptbot)"
144.76.32.187 - - [13/Apr/2026:16:11:22 +0000] "GET /whsy.php?e=smaps&p=/proc/25801 HTTP/1.1" 200 947 "-" "Mozilla/5.0 (compatible; SERankingBacklinksBot/1.0; +https://seranking.com/backlinks-crawler)"
74.7.227.16 - - [13/Apr/2026:16:11:24 +0000] "GET /whsy.php?e=arp_tables_targets&p=%2Fproc%2F10592%2Fnet HTTP/2.0" 200 947 "https://shaksettle.com/whsy.php?p=%2Fproc%2F10592%2Fnet" "Mozilla/5.0 AppleWebKit/537.36 (KHTML, like Gecko; compatible; GPTBot/1.3; +https://openai.com/gptbot)"
74.7.241.28 - - [13/Apr/2026:16:11:25 +0000] "GET /whsy.php?e=snmp6&p=%2Fproc%2F19989%2Fnet HTTP/2.0" 200 3359 "https://www.shaksettle.com.lab2454.com/whsy.php?p=%2Fproc%2F19989%2Fnet" "Mozilla/5.0 AppleWebKit/537.36 (KHTML, like Gecko; compatible; GPTBot/1.3; +https://openai.com/gptbot)"
144.76.32.187 - - [13/Apr/2026:16:11:26 +0000] "GET /whsy.php?e=statm&p=/proc/25801 HTTP/1.1" 200 947 "-" "Mozilla/5.0 (compatible; SERankingBacklinksBot/1.0; +https://seranking.com/backlinks-crawler)"
74.7.227.16 - - [13/Apr/2026:16:11:27 +0000] "GET /whsy.php?e=arp_tables_matches&p=%2Fproc%2F27119%2Fnet HTTP/2.0" 200 947 "https://shaksettle.com/whsy.php?p=%2Fproc%2F27119%2Fnet" "Mozilla/5.0 AppleWebKit/537.36 (KHTML, like Gecko; compatible; GPTBot/1.3; +https://openai.com/gptbot)"
74.7.241.28 - - [13/Apr/2026:16:11:28 +0000] "GET /whsy.php?p=%2Fproc%2F29851%2Fnet HTTP/2.0" 200 2442 "https://www.shaksettle.com.lab2454.com/whsy.php?p=%2Fproc%2F29851" "Mozilla/5.0 AppleWebKit/537.36 (KHTML, like Gecko; compatible; GPTBot/1.3; +https://openai.com/gptbot)"
144.76.32.187 - - [13/Apr/2026:16:11:31 +0000] "GET /whsy.php?p=/proc/15/net/rpc/.. HTTP/1.1" 200 2439 "-" "Mozilla/5.0 (compatible; SERankingBacklinksBot/1.0; +https://seranking.com/backlinks-crawler)"
74.7.227.16 - - [13/Apr/2026:16:11:31 +0000] "GET /whsy.php?e=arp_tables_targets&p=%2Fproc%2F17791%2Fnet HTTP/2.0" 200 947 "https://shaksettle.com/whsy.php?p=%2Fproc%2F17791%2Fnet" "Mozilla/5.0 AppleWebKit/537.36 (KHTML, like Gecko; compatible; GPTBot/1.3; +https://openai.com/gptbot)"
74.7.241.28 - - [13/Apr/2026:16:11:32 +0000] "GET /whsy.php?p=%2Fproc%2F16648%2Fattr HTTP/2.0" 200 799 "https://www.shaksettle.com.lab2454.com/whsy.php?p=%2Fproc%2F16648" "Mozilla/5.0 AppleWebKit/537.36 (KHTML, like Gecko; compatible; GPTBot/1.3; +https://openai.com/gptbot)"
74.7.227.16 - - [13/Apr/2026:16:11:34 +0000] "GET /whsy.php?e=nf_flowtable&p=%2Fproc%2F9975%2Fnet%2Fstat HTTP/2.0" 200 947 "https://shaksettle.com/whsy.php?p=%2Fproc%2F9975%2Fnet%2Fstat" "Mozilla/5.0 AppleWebKit/537.36 (KHTML, like Gecko; compatible; GPTBot/1.3; +https://openai.com/gptbot)"
74.7.241.28 - - [13/Apr/2026:16:11:35 +0000] "GET /whsy.php?p=%2Fproc%2F23637%2Ftask HTTP/2.0" 200 491 "https://www.shaksettle.com.lab2454.com/whsy.php?p=%2Fproc%2F23637" "Mozilla/5.0 AppleWebKit/537.36 (KHTML, like Gecko; compatible; GPTBot/1.3; +https://openai.com/gptbot)"
144.76.32.187 - - [13/Apr/2026:16:11:35 +0000] "GET /whsy.php?p=/proc/21/task/21/ns HTTP/1.1" 200 4866 "-" "Mozilla/5.0 (compatible; SERankingBacklinksBot/1.0; +https://seranking.com/backlinks-crawler)"
74.7.227.16 - - [13/Apr/2026:16:11:38 +0000] "GET /whsy.php?e=nf_flowtable&p=%2Fproc%2F2498%2Fnet%2Fstat HTTP/2.0" 200 947 "https://shaksettle.com/whsy.php?p=%2Fproc%2F2498%2Fnet%2Fstat" "Mozilla/5.0 AppleWebKit/537.36 (KHTML, like Gecko; compatible; GPTBot/1.3; +https://openai.com/gptbot)"
74.7.241.28 - - [13/Apr/2026:16:11:39 +0000] "GET /whsy.php?p=%2Fproc%2F32355%2Ftask HTTP/2.0" 200 783 "https://www.shaksettle.com.lab2454.com/whsy.php?p=%2Fproc%2F32355" "Mozilla/5.0 AppleWebKit/537.36 (KHTML, like Gecko; compatible; GPTBot/1.3; +https://openai.com/gptbot)"
144.76.32.187 - - [13/Apr/2026:16:11:41 +0000] "GET /whsy.php?p=/proc/55/net/rpc/.. HTTP/1.1" 200 2439 "-" "Mozilla/5.0 (compatible; SERankingBacklinksBot/1.0; +https://seranking.com/backlinks-crawler)"
74.7.227.16 - - [13/Apr/2026:16:11:41 +0000] "GET /whsy.php?e=Dot.ref&p=%2Fusr%2Fshare%2Fdoc%2Fgraphviz-2.30.1 HTTP/2.0" 200 13420 "https://shaksettle.com/whsy.php?e=COPYING&p=%2Fusr%2Fshare%2Fdoc%2Fgraphviz-2.30.1" "Mozilla/5.0 AppleWebKit/537.36 (KHTML, like Gecko; compatible; GPTBot/1.3; +https://openai.com/gptbot)"
74.7.241.28 - - [13/Apr/2026:16:11:42 +0000] "GET /whsy.php?p=%2Fproc%2F32355%2Fnet HTTP/2.0" 200 2442 "https://www.shaksettle.com.lab2454.com/whsy.php?p=%2Fproc%2F32355" "Mozilla/5.0 AppleWebKit/537.36 (KHTML, like Gecko; compatible; GPTBot/1.3; +https://openai.com/gptbot)"
74.7.227.16 - - [13/Apr/2026:16:11:45 +0000] "GET /whsy.php?p=%2Fopt%2Fcpanel%2Flibcurl%2Fshare%2Fdoc%2Fea-libcurl-8.17.0 HTTP/2.0" 200 997 "https://shaksettle.com/whsy.php?p=%2Fopt%2Fcpanel%2Flibcurl%2Fshare%2Fdoc" "Mozilla/5.0 AppleWebKit/537.36 (KHTML, like Gecko; compatible; GPTBot/1.3; +https://openai.com/gptbot)"
74.7.241.28 - - [13/Apr/2026:16:11:45 +0000] "GET /whsy.php?p=%2Fproc%2F23457%2Ftask HTTP/2.0" 200 491 "https://www.shaksettle.com.lab2454.com/whsy.php?p=%2Fproc%2F23457" "Mozilla/5.0 AppleWebKit/537.36 (KHTML, like Gecko; compatible; GPTBot/1.3; +https://openai.com/gptbot)"
74.7.227.16 - - [13/Apr/2026:16:11:48 +0000] "GET /whsy.php?e=ip_vs_stats_percpu&p=%2Fproc%2F17982%2Fnet HTTP/2.0" 200 947 "https://shaksettle.com/whsy.php?p=%2Fproc%2F17982%2Fnet" "Mozilla/5.0 AppleWebKit/537.36 (KHTML, like Gecko; compatible; GPTBot/1.3; +https://openai.com/gptbot)"
144.76.32.187 - - [13/Apr/2026:16:11:49 +0000] "GET /whsy.php?p=/proc/15/task/15/.. HTTP/1.1" 200 487 "-" "Mozilla/5.0 (compatible; SERankingBacklinksBot/1.0; +https://seranking.com/backlinks-crawler)"
74.7.241.28 - - [13/Apr/2026:16:11:49 +0000] "GET /whsy.php?e=exec&p=%2Fproc%2F29851%2Fattr HTTP/2.0" 200 860 "https://www.shaksettle.com.lab2454.com/whsy.php?p=%2Fproc%2F29851%2Fattr" "Mozilla/5.0 AppleWebKit/537.36 (KHTML, like Gecko; compatible; GPTBot/1.3; +https://openai.com/gptbot)"
74.7.227.16 - - [13/Apr/2026:16:11:52 +0000] "GET /whsy.php?e=ip_vs_stats_percpu&p=%2Fproc%2F26045%2Fnet HTTP/2.0" 200 947 "https://shaksettle.com/whsy.php?p=%2Fproc%2F26045%2Fnet" "Mozilla/5.0 AppleWebKit/537.36 (KHTML, like Gecko; compatible; GPTBot/1.3; +https://openai.com/gptbot)"
74.7.241.28 - - [13/Apr/2026:16:11:52 +0000] "GET /whsy.php?p=%2Fproc%2F23457%2Fnet%2Fxt_recent HTTP/2.0" 200 498 "https://www.shaksettle.com.lab2454.com/whsy.php?p=%2Fproc%2F23457%2Fnet" "Mozilla/5.0 AppleWebKit/537.36 (KHTML, like Gecko; compatible; GPTBot/1.3; +https://openai.com/gptbot)"
74.7.227.16 - - [13/Apr/2026:16:11:55 +0000] "GET /whsy.php?e=ip_vs_stats_percpu&p=%2Fproc%2F13829%2Fnet HTTP/2.0" 200 947 "https://shaksettle.com/whsy.php?p=%2Fproc%2F13829%2Fnet" "Mozilla/5.0 AppleWebKit/537.36 (KHTML, like Gecko; compatible; GPTBot/1.3; +https://openai.com/gptbot)"
74.7.241.28 - - [13/Apr/2026:16:11:56 +0000] "GET /whsy.php?e=pfkey&p=%2Fproc%2F23457%2Fnet HTTP/2.0" 200 2535 "https://www.shaksettle.com.lab2454.com/whsy.php?p=%2Fproc%2F23457%2Fnet" "Mozilla/5.0 AppleWebKit/537.36 (KHTML, like Gecko; compatible; GPTBot/1.3; +https://openai.com/gptbot)"
144.76.32.187 - - [13/Apr/2026:16:11:56 +0000] "GET /whsy.php?p=/proc/55/task/55/.. HTTP/1.1" 200 488 "-" "Mozilla/5.0 (compatible; SERankingBacklinksBot/1.0; +https://seranking.com/backlinks-crawler)"
74.7.227.16 - - [13/Apr/2026:16:11:59 +0000] "GET /whsy.php?e=ip_vs_stats_percpu&p=%2Fproc%2F13052%2Fnet HTTP/2.0" 200 947 "https://shaksettle.com/whsy.php?p=%2Fproc%2F13052%2Fnet" "Mozilla/5.0 AppleWebKit/537.36 (KHTML, like Gecko; compatible; GPTBot/1.3; +https://openai.com/gptbot)"
74.7.241.28 - - [13/Apr/2026:16:12:00 +0000] "GET /whsy.php?e=route&p=%2Fproc%2F23457%2Fnet HTTP/2.0" 200 2638 "https://www.shaksettle.com.lab2454.com/whsy.php?p=%2Fproc%2F23457%2Fnet" "Mozilla/5.0 AppleWebKit/537.36 (KHTML, like Gecko; compatible; GPTBot/1.3; +https://openai.com/gptbot)"
144.76.32.187 - - [13/Apr/2026:16:12:02 +0000] "GET /whsy.php?p=/proc/22/net/rpc/.. HTTP/1.1" 200 2438 "-" "Mozilla/5.0 (compatible; SERankingBacklinksBot/1.0; +https://seranking.com/backlinks-crawler)"
74.7.227.16 - - [13/Apr/2026:16:12:03 +0000] "GET /whsy.php?e=ip_vs_stats_percpu&p=%2Fproc%2F18767%2Fnet HTTP/2.0" 200 947 "https://shaksettle.com/whsy.php?p=%2Fproc%2F18767%2Fnet" "Mozilla/5.0 AppleWebKit/537.36 (KHTML, like Gecko; compatible; GPTBot/1.3; +https://openai.com/gptbot)"
74.7.241.28 - - [13/Apr/2026:16:12:04 +0000] "GET /whsy.php?e=icmp&p=%2Fproc%2F23457%2Fnet HTTP/2.0" 200 2581 "https://www.shaksettle.com.lab2454.com/whsy.php?p=%2Fproc%2F23457%2Fnet" "Mozilla/5.0 AppleWebKit/537.36 (KHTML, like Gecko; compatible; GPTBot/1.3; +https://openai.com/gptbot)"
74.7.227.16 - - [13/Apr/2026:16:12:07 +0000] "GET /whsy.php?e=ip_vs_stats_percpu&p=%2Fproc%2F17355%2Fnet HTTP/2.0" 200 2632 "https://shaksettle.com/whsy.php?p=%2Fproc%2F17355%2Fnet" "Mozilla/5.0 AppleWebKit/537.36 (KHTML, like Gecko; compatible; GPTBot/1.3; +https://openai.com/gptbot)"
74.7.241.28 - - [13/Apr/2026:16:12:08 +0000] "GET /whsy.php?e=pfkey&p=%2Fproc%2F29851%2Fnet HTTP/2.0" 200 2535 "https://www.shaksettle.com.lab2454.com/whsy.php?p=%2Fproc%2F29851%2Fnet" "Mozilla/5.0 AppleWebKit/537.36 (KHTML, like Gecko; compatible; GPTBot/1.3; +https://openai.com/gptbot)"
74.7.227.16 - - [13/Apr/2026:16:12:11 +0000] "GET /whsy.php?e=ip_vs_stats_percpu&p=%2Fproc%2F13453%2Fnet HTTP/2.0" 200 947 "https://shaksettle.com/whsy.php?p=%2Fproc%2F13453%2Fnet" "Mozilla/5.0 AppleWebKit/537.36 (KHTML, like Gecko; compatible; GPTBot/1.3; +https://openai.com/gptbot)"
74.7.241.28 - - [13/Apr/2026:16:12:12 +0000] "GET /whsy.php?e=route&p=%2Fproc%2F29851%2Fnet HTTP/2.0" 200 2638 "https://www.shaksettle.com.lab2454.com/whsy.php?p=%2Fproc%2F29851%2Fnet" "Mozilla/5.0 AppleWebKit/537.36 (KHTML, like Gecko; compatible; GPTBot/1.3; +https://openai.com/gptbot)"
144.76.32.187 - - [13/Apr/2026:16:12:12 +0000] "GET /whsy.php?p=/proc/15/task/15/fd HTTP/1.1" 200 4699 "-" "Mozilla/5.0 (compatible; SERankingBacklinksBot/1.0; +https://seranking.com/backlinks-crawler)"
74.7.227.16 - - [13/Apr/2026:16:12:16 +0000] "GET /whsy.php?e=ip_vs_stats_percpu&p=%2Fproc%2F16081%2Fnet HTTP/2.0" 200 947 "https://shaksettle.com/whsy.php?p=%2Fproc%2F16081%2Fnet" "Mozilla/5.0 AppleWebKit/537.36 (KHTML, like Gecko; compatible; GPTBot/1.3; +https://openai.com/gptbot)"
74.7.241.28 - - [13/Apr/2026:16:12:16 +0000] "GET /whsy.php?e=prev&p=%2Fproc%2F16648%2Fattr HTTP/2.0" 200 858 "https://www.shaksettle.com.lab2454.com/whsy.php?p=%2Fproc%2F16648%2Fattr" "Mozilla/5.0 AppleWebKit/537.36 (KHTML, like Gecko; compatible; GPTBot/1.3; +https://openai.com/gptbot)"
144.76.32.187 - - [13/Apr/2026:16:12:18 +0000] "GET /whsy.php?p=/proc/22/task/22/.. HTTP/1.1" 200 486 "-" "Mozilla/5.0 (compatible; SERankingBacklinksBot/1.0; +https://seranking.com/backlinks-crawler)"
74.7.227.16 - - [13/Apr/2026:16:12:21 +0000] "GET /whsy.php?e=ip_vs_stats_percpu&p=%2Fproc%2F20457%2Fnet HTTP/2.0" 200 947 "https://shaksettle.com/whsy.php?p=%2Fproc%2F20457%2Fnet" "Mozilla/5.0 AppleWebKit/537.36 (KHTML, like Gecko; compatible; GPTBot/1.3; +https://openai.com/gptbot)"
144.76.32.187 - - [13/Apr/2026:16:12:23 +0000] "GET /whsy.php?p=/proc/55/task/55/fd HTTP/1.1" 200 4445 "-" "Mozilla/5.0 (compatible; SERankingBacklinksBot/1.0; +https://seranking.com/backlinks-crawler)"
74.7.227.16 - - [13/Apr/2026:16:12:26 +0000] "GET /whsy.php?e=ip_vs_stats_percpu&p=%2Fproc%2F20138%2Fnet HTTP/2.0" 200 947 "https://shaksettle.com/whsy.php?p=%2Fproc%2F20138%2Fnet" "Mozilla/5.0 AppleWebKit/537.36 (KHTML, like Gecko; compatible; GPTBot/1.3; +https://openai.com/gptbot)"
74.7.241.28 - - [13/Apr/2026:16:12:26 +0000] "GET /whsy.php?e=unix&p=%2Fproc%2F32355%2Fnet HTTP/2.0" 200 5094 "https://www.shaksettle.com.lab2454.com/whsy.php?p=%2Fproc%2F32355%2Fnet" "Mozilla/5.0 AppleWebKit/537.36 (KHTML, like Gecko; compatible; GPTBot/1.3; +https://openai.com/gptbot)"
144.76.32.187 - - [13/Apr/2026:16:12:27 +0000] "GET /whsy.php?p=/proc/15/task/15/ns HTTP/1.1" 200 4867 "-" "Mozilla/5.0 (compatible; SERankingBacklinksBot/1.0; +https://seranking.com/backlinks-crawler)"
74.7.227.16 - - [13/Apr/2026:16:12:30 +0000] "GET /whsy.php?e=ip_vs_stats_percpu&p=%2Fproc%2F13716%2Fnet HTTP/2.0" 200 947 "https://shaksettle.com/whsy.php?p=%2Fproc%2F13716%2Fnet" "Mozilla/5.0 AppleWebKit/537.36 (KHTML, like Gecko; compatible; GPTBot/1.3; +https://openai.com/gptbot)"
74.7.241.28 - - [13/Apr/2026:16:12:31 +0000] "GET /whsy.php?e=icmp&p=%2Fproc%2F29851%2Fnet HTTP/2.0" 200 2581 "https://www.shaksettle.com.lab2454.com/whsy.php?p=%2Fproc%2F29851%2Fnet" "Mozilla/5.0 AppleWebKit/537.36 (KHTML, like Gecko; compatible; GPTBot/1.3; +https://openai.com/gptbot)"
144.76.32.187 - - [13/Apr/2026:16:12:33 +0000] "GET /whsy.php?p=/proc/55/task/55/ns HTTP/1.1" 200 5037 "-" "Mozilla/5.0 (compatible; SERankingBacklinksBot/1.0; +https://seranking.com/backlinks-crawler)"
74.7.227.16 - - [13/Apr/2026:16:12:34 +0000] "GET /whsy.php?e=ip_vs_stats_percpu&p=%2Fproc%2F21549%2Fnet HTTP/2.0" 200 947 "https://shaksettle.com/whsy.php?p=%2Fproc%2F21549%2Fnet" "Mozilla/5.0 AppleWebKit/537.36 (KHTML, like Gecko; compatible; GPTBot/1.3; +https://openai.com/gptbot)"
74.7.241.28 - - [13/Apr/2026:16:12:35 +0000] "GET /whsy.php?e=arch_status&p=%2Fproc%2F23457 HTTP/2.0" 200 2006 "https://www.shaksettle.com.lab2454.com/whsy.php?p=%2Fproc%2F23457" "Mozilla/5.0 AppleWebKit/537.36 (KHTML, like Gecko; compatible; GPTBot/1.3; +https://openai.com/gptbot)"
74.7.227.16 - - [13/Apr/2026:16:12:38 +0000] "GET /whsy.php?e=ip_vs_stats_percpu&p=%2Fproc%2F29480%2Fnet HTTP/2.0" 200 947 "https://shaksettle.com/whsy.php?p=%2Fproc%2F29480%2Fnet" "Mozilla/5.0 AppleWebKit/537.36 (KHTML, like Gecko; compatible; GPTBot/1.3; +https://openai.com/gptbot)"
74.7.241.28 - - [13/Apr/2026:16:12:39 +0000] "GET /whsy.php?e=arch_status&p=%2Fproc%2F11587 HTTP/2.0" 200 947 "https://www.shaksettle.com.lab2454.com/whsy.php?p=%2Fproc%2F11587" "Mozilla/5.0 AppleWebKit/537.36 (KHTML, like Gecko; compatible; GPTBot/1.3; +https://openai.com/gptbot)"
144.76.32.187 - - [13/Apr/2026:16:12:41 +0000] "GET /whsy.php?p=/proc/16/net/rpc/.. HTTP/1.1" 200 2438 "-" "Mozilla/5.0 (compatible; SERankingBacklinksBot/1.0; +https://seranking.com/backlinks-crawler)"
74.7.227.16 - - [13/Apr/2026:16:12:43 +0000] "GET /whsy.php?e=ip_vs_stats_percpu&p=%2Fproc%2F15503%2Fnet HTTP/2.0" 200 947 "https://shaksettle.com/whsy.php?p=%2Fproc%2F15503%2Fnet" "Mozilla/5.0 AppleWebKit/537.36 (KHTML, like Gecko; compatible; GPTBot/1.3; +https://openai.com/gptbot)"
74.7.241.28 - - [13/Apr/2026:16:12:43 +0000] "GET /whsy.php?e=arch_status&p=%2Fproc%2F16648 HTTP/2.0" 200 2005 "https://www.shaksettle.com.lab2454.com/whsy.php?p=%2Fproc%2F16648" "Mozilla/5.0 AppleWebKit/537.36 (KHTML, like Gecko; compatible; GPTBot/1.3; +https://openai.com/gptbot)"
74.7.227.16 - - [13/Apr/2026:16:12:47 +0000] "GET /whsy.php?e=ip_vs_stats_percpu&p=%2Fproc%2F14945%2Fnet HTTP/2.0" 200 947 "https://shaksettle.com/whsy.php?p=%2Fproc%2F14945%2Fnet" "Mozilla/5.0 AppleWebKit/537.36 (KHTML, like Gecko; compatible; GPTBot/1.3; +https://openai.com/gptbot)"
74.7.241.28 - - [13/Apr/2026:16:12:47 +0000] "GET /whsy.php?e=arch_status&p=%2Fproc%2F29851 HTTP/2.0" 200 2006 "https://www.shaksettle.com.lab2454.com/whsy.php?p=%2Fproc%2F29851" "Mozilla/5.0 AppleWebKit/537.36 (KHTML, like Gecko; compatible; GPTBot/1.3; +https://openai.com/gptbot)"
144.76.32.187 - - [13/Apr/2026:16:12:49 +0000] "GET /whsy.php?p=/proc/22/task/22/fd HTTP/1.1" 200 4613 "-" "Mozilla/5.0 (compatible; SERankingBacklinksBot/1.0; +https://seranking.com/backlinks-crawler)"
74.7.227.16 - - [13/Apr/2026:16:12:51 +0000] "GET /whsy.php?e=ip_vs_stats_percpu&p=%2Fproc%2F24567%2Fnet HTTP/2.0" 200 947 "https://shaksettle.com/whsy.php?p=%2Fproc%2F24567%2Fnet" "Mozilla/5.0 AppleWebKit/537.36 (KHTML, like Gecko; compatible; GPTBot/1.3; +https://openai.com/gptbot)"
74.7.241.28 - - [13/Apr/2026:16:12:51 +0000] "GET /whsy.php?e=unix&p=%2Fproc%2F23457%2Fnet HTTP/2.0" 200 5028 "https://www.shaksettle.com.lab2454.com/whsy.php?p=%2Fproc%2F23457%2Fnet" "Mozilla/5.0 AppleWebKit/537.36 (KHTML, like Gecko; compatible; GPTBot/1.3; +https://openai.com/gptbot)"
144.76.32.187 - - [13/Apr/2026:16:12:54 +0000] "GET /whsy.php?p=/proc/22/task/22/ns HTTP/1.1" 200 4866 "-" "Mozilla/5.0 (compatible; SERankingBacklinksBot/1.0; +https://seranking.com/backlinks-crawler)"
74.7.227.16 - - [13/Apr/2026:16:12:55 +0000] "GET /whsy.php?e=ip_vs_stats_percpu&p=%2Fproc%2F20678%2Fnet HTTP/2.0" 200 947 "https://shaksettle.com/whsy.php?p=%2Fproc%2F20678%2Fnet" "Mozilla/5.0 AppleWebKit/537.36 (KHTML, like Gecko; compatible; GPTBot/1.3; +https://openai.com/gptbot)"
74.7.241.28 - - [13/Apr/2026:16:12:55 +0000] "GET /whsy.php?e=unix&p=%2Fproc%2F29851%2Fnet HTTP/2.0" 200 5031 "https://www.shaksettle.com.lab2454.com/whsy.php?p=%2Fproc%2F29851%2Fnet" "Mozilla/5.0 AppleWebKit/537.36 (KHTML, like Gecko; compatible; GPTBot/1.3; +https://openai.com/gptbot)"
74.7.227.16 - - [13/Apr/2026:16:12:58 +0000] "GET /whsy.php?e=ip_vs_stats_percpu&p=%2Fproc%2F31380%2Fnet HTTP/2.0" 200 947 "https://shaksettle.com/whsy.php?p=%2Fproc%2F31380%2Fnet" "Mozilla/5.0 AppleWebKit/537.36 (KHTML, like Gecko; compatible; GPTBot/1.3; +https://openai.com/gptbot)"
74.7.241.28 - - [13/Apr/2026:16:12:59 +0000] "GET /whsy.php?e=igmp&p=%2Fproc%2F16648%2Fnet HTTP/2.0" 200 2591 "https://www.shaksettle.com.lab2454.com/whsy.php?p=%2Fproc%2F16648%2Fnet" "Mozilla/5.0 AppleWebKit/537.36 (KHTML, like Gecko; compatible; GPTBot/1.3; +https://openai.com/gptbot)"
144.76.32.187 - - [13/Apr/2026:16:12:59 +0000] "GET /whsy.php?p=/proc/56/net/rpc/.. HTTP/1.1" 200 2439 "-" "Mozilla/5.0 (compatible; SERankingBacklinksBot/1.0; +https://seranking.com/backlinks-crawler)"
74.7.227.16 - - [13/Apr/2026:16:13:02 +0000] "GET /whsy.php?e=ip_vs_stats_percpu&p=%2Fproc%2F24901%2Fnet HTTP/2.0" 200 947 "https://shaksettle.com/whsy.php?p=%2Fproc%2F24901%2Fnet" "Mozilla/5.0 AppleWebKit/537.36 (KHTML, like Gecko; compatible; GPTBot/1.3; +https://openai.com/gptbot)"
74.7.241.28 - - [13/Apr/2026:16:13:03 +0000] "GET /whsy.php?e=status&p=%2Fproc%2F19989 HTTP/2.0" 200 2583 "https://www.shaksettle.com.lab2454.com/whsy.php?p=%2Fproc%2F19989" "Mozilla/5.0 AppleWebKit/537.36 (KHTML, like Gecko; compatible; GPTBot/1.3; +https://openai.com/gptbot)"
144.76.32.187 - - [13/Apr/2026:16:13:03 +0000] "GET /whsy.php?p=/proc/16/task/16/.. HTTP/1.1" 200 486 "-" "Mozilla/5.0 (compatible; SERankingBacklinksBot/1.0; +https://seranking.com/backlinks-crawler)"
74.7.227.16 - - [13/Apr/2026:16:13:06 +0000] "GET /whsy.php?e=ip_vs_stats_percpu&p=%2Fproc%2F13982%2Fnet HTTP/2.0" 200 947 "https://shaksettle.com/whsy.php?p=%2Fproc%2F13982%2Fnet" "Mozilla/5.0 AppleWebKit/537.36 (KHTML, like Gecko; compatible; GPTBot/1.3; +https://openai.com/gptbot)"
74.7.241.28 - - [13/Apr/2026:16:13:07 +0000] "GET /whsy.php?e=cgroup&p=%2Fproc%2F29851 HTTP/2.0" 200 2117 "https://www.shaksettle.com.lab2454.com/whsy.php?p=%2Fproc%2F29851" "Mozilla/5.0 AppleWebKit/537.36 (KHTML, like Gecko; compatible; GPTBot/1.3; +https://openai.com/gptbot)"
144.76.32.187 - - [13/Apr/2026:16:13:08 +0000] "GET /whsy.php?p=/proc/56/task/56/.. HTTP/1.1" 200 488 "-" "Mozilla/5.0 (compatible; SERankingBacklinksBot/1.0; +https://seranking.com/backlinks-crawler)"
74.7.227.16 - - [13/Apr/2026:16:13:10 +0000] "GET /whsy.php?e=ip_vs_stats_percpu&p=%2Fproc%2F10766%2Fnet HTTP/2.0" 200 947 "https://shaksettle.com/whsy.php?p=%2Fproc%2F10766%2Fnet" "Mozilla/5.0 AppleWebKit/537.36 (KHTML, like Gecko; compatible; GPTBot/1.3; +https://openai.com/gptbot)"
74.7.241.28 - - [13/Apr/2026:16:13:10 +0000] "GET /whsy.php?e=cpuset&p=%2Fproc%2F16648 HTTP/2.0" 200 2006 "https://www.shaksettle.com.lab2454.com/whsy.php?p=%2Fproc%2F16648" "Mozilla/5.0 AppleWebKit/537.36 (KHTML, like Gecko; compatible; GPTBot/1.3; +https://openai.com/gptbot)"
144.76.32.187 - - [13/Apr/2026:16:13:13 +0000] "GET /whsy.php?e=smaps&p=/proc/27165 HTTP/1.1" 200 947 "-" "Mozilla/5.0 (compatible; SERankingBacklinksBot/1.0; +https://seranking.com/backlinks-crawler)"
74.7.227.16 - - [13/Apr/2026:16:13:13 +0000] "GET /whsy.php?e=ip_vs_stats_percpu&p=%2Fproc%2F24870%2Fnet HTTP/2.0" 200 947 "https://shaksettle.com/whsy.php?e=connector&p=%2Fproc%2F24870%2Fnet" "Mozilla/5.0 AppleWebKit/537.36 (KHTML, like Gecko; compatible; GPTBot/1.3; +https://openai.com/gptbot)"
74.7.241.28 - - [13/Apr/2026:16:13:14 +0000] "GET /whsy.php?e=cgroup&p=%2Fproc%2F11587 HTTP/2.0" 200 947 "https://www.shaksettle.com.lab2454.com/whsy.php?p=%2Fproc%2F11587" "Mozilla/5.0 AppleWebKit/537.36 (KHTML, like Gecko; compatible; GPTBot/1.3; +https://openai.com/gptbot)"
74.7.227.16 - - [13/Apr/2026:16:13:17 +0000] "GET /whsy.php?e=ip_vs_stats_percpu&p=%2Fproc%2F16427%2Fnet HTTP/2.0" 200 947 "https://shaksettle.com/whsy.php?p=%2Fproc%2F16427%2Fnet" "Mozilla/5.0 AppleWebKit/537.36 (KHTML, like Gecko; compatible; GPTBot/1.3; +https://openai.com/gptbot)"
74.7.241.28 - - [13/Apr/2026:16:13:17 +0000] "GET /whsy.php?e=cpuset&p=%2Fproc%2F23457 HTTP/2.0" 200 2006 "https://www.shaksettle.com.lab2454.com/whsy.php?p=%2Fproc%2F23457" "Mozilla/5.0 AppleWebKit/537.36 (KHTML, like Gecko; compatible; GPTBot/1.3; +https://openai.com/gptbot)"
144.76.32.187 - - [13/Apr/2026:16:13:18 +0000] "GET /whsy.php?e=statm&p=/proc/27165 HTTP/1.1" 200 947 "-" "Mozilla/5.0 (compatible; SERankingBacklinksBot/1.0; +https://seranking.com/backlinks-crawler)"
74.7.227.16 - - [13/Apr/2026:16:13:20 +0000] "GET /whsy.php?e=ip_vs_stats_percpu&p=%2Fproc%2F13390%2Fnet HTTP/2.0" 200 947 "https://shaksettle.com/whsy.php?p=%2Fproc%2F13390%2Fnet" "Mozilla/5.0 AppleWebKit/537.36 (KHTML, like Gecko; compatible; GPTBot/1.3; +https://openai.com/gptbot)"
74.7.241.28 - - [13/Apr/2026:16:13:21 +0000] "GET /whsy.php?e=cpuset&p=%2Fproc%2F11587 HTTP/2.0" 200 947 "https://www.shaksettle.com.lab2454.com/whsy.php?p=%2Fproc%2F11587" "Mozilla/5.0 AppleWebKit/537.36 (KHTML, like Gecko; compatible; GPTBot/1.3; +https://openai.com/gptbot)"
144.76.32.187 - - [13/Apr/2026:16:13:23 +0000] "GET /whsy.php?p=/proc/23/net/rpc/.. HTTP/1.1" 200 2438 "-" "Mozilla/5.0 (compatible; SERankingBacklinksBot/1.0; +https://seranking.com/backlinks-crawler)"
74.7.227.16 - - [13/Apr/2026:16:13:24 +0000] "GET /whsy.php?e=ip_vs_stats_percpu&p=%2Fproc%2F19866%2Fnet HTTP/2.0" 200 947 "https://shaksettle.com/whsy.php?p=%2Fproc%2F19866%2Fnet" "Mozilla/5.0 AppleWebKit/537.36 (KHTML, like Gecko; compatible; GPTBot/1.3; +https://openai.com/gptbot)"
