40.77.167.77 - - [14/Apr/2026:02:08:01 +0000] "GET /?p=6679084041970 HTTP/2.0" 200 22627 "-" "Mozilla/5.0 AppleWebKit/537.36 (KHTML, like Gecko; compatible; bingbot/2.0; +http://www.bing.com/bingbot.htm) Chrome/116.0.1938.76 Safari/537.36"
66.249.64.32 - - [14/Apr/2026:02:09:13 +0000] "GET /product/review/71069762011970 HTTP/1.1" 200 23318 "-" "Mozilla/5.0 (Linux; Android 6.0.1; Nexus 5X Build/MMB29P) AppleWebKit/537.36 (KHTML, like Gecko) Chrome/146.0.7680.177 Mobile Safari/537.36 (compatible; Googlebot/2.1; +http://www.google.com/bot.html)"
66.249.64.33 - - [14/Apr/2026:02:10:03 +0000] "GET /?p=4755896031970 HTTP/1.1" 200 22788 "-" "Mozilla/5.0 (Linux; Android 6.0.1; Nexus 5X Build/MMB29P) AppleWebKit/537.36 (KHTML, like Gecko) Chrome/146.0.7680.177 Mobile Safari/537.36 (compatible; Googlebot/2.1; +http://www.google.com/bot.html)"
52.167.144.211 - - [14/Apr/2026:02:10:12 +0000] "GET /?p=82900447011970 HTTP/2.0" 200 23502 "-" "Mozilla/5.0 AppleWebKit/537.36 (KHTML, like Gecko; compatible; bingbot/2.0; +http://www.bing.com/bingbot.htm) Chrome/116.0.1938.76 Safari/537.36"
52.167.144.211 - - [14/Apr/2026:02:10:13 +0000] "GET /?p=6965505051970 HTTP/2.0" 200 23524 "-" "Mozilla/5.0 AppleWebKit/537.36 (KHTML, like Gecko; compatible; bingbot/2.0; +http://www.bing.com/bingbot.htm) Chrome/116.0.1938.76 Safari/537.36"
52.167.144.211 - - [14/Apr/2026:02:10:14 +0000] "GET /?p=26720089001970 HTTP/2.0" 200 22652 "-" "Mozilla/5.0 AppleWebKit/537.36 (KHTML, like Gecko; compatible; bingbot/2.0; +http://www.bing.com/bingbot.htm) Chrome/116.0.1938.76 Safari/537.36"
52.167.144.211 - - [14/Apr/2026:02:10:14 +0000] "GET /?p=708525021970 HTTP/2.0" 200 23152 "-" "Mozilla/5.0 AppleWebKit/537.36 (KHTML, like Gecko; compatible; bingbot/2.0; +http://www.bing.com/bingbot.htm) Chrome/116.0.1938.76 Safari/537.36"
40.77.167.77 - - [14/Apr/2026:02:10:41 +0000] "GET /?p=7883191041970 HTTP/2.0" 200 23202 "-" "Mozilla/5.0 AppleWebKit/537.36 (KHTML, like Gecko; compatible; bingbot/2.0; +http://www.bing.com/bingbot.htm) Chrome/116.0.1938.76 Safari/537.36"
40.77.167.77 - - [14/Apr/2026:02:10:42 +0000] "GET /?p=67408054011970 HTTP/2.0" 200 23462 "-" "Mozilla/5.0 AppleWebKit/537.36 (KHTML, like Gecko; compatible; bingbot/2.0; +http://www.bing.com/bingbot.htm) Chrome/116.0.1938.76 Safari/537.36"
40.77.167.77 - - [14/Apr/2026:02:10:42 +0000] "GET /?p=25909988011970 HTTP/2.0" 200 22838 "-" "Mozilla/5.0 AppleWebKit/537.36 (KHTML, like Gecko; compatible; bingbot/2.0; +http://www.bing.com/bingbot.htm) Chrome/116.0.1938.76 Safari/537.36"
40.77.167.77 - - [14/Apr/2026:02:10:43 +0000] "GET /product/category/59161230031970 HTTP/2.0" 200 22569 "-" "Mozilla/5.0 AppleWebKit/537.36 (KHTML, like Gecko; compatible; bingbot/2.0; +http://www.bing.com/bingbot.htm) Chrome/116.0.1938.76 Safari/537.36"
40.77.167.77 - - [14/Apr/2026:02:10:43 +0000] "GET /product/review/27624765001970 HTTP/2.0" 200 23458 "-" "Mozilla/5.0 AppleWebKit/537.36 (KHTML, like Gecko; compatible; bingbot/2.0; +http://www.bing.com/bingbot.htm) Chrome/116.0.1938.76 Safari/537.36"
40.77.167.77 - - [14/Apr/2026:02:10:44 +0000] "GET /product/category/11898258091970 HTTP/2.0" 200 23542 "-" "Mozilla/5.0 AppleWebKit/537.36 (KHTML, like Gecko; compatible; bingbot/2.0; +http://www.bing.com/bingbot.htm) Chrome/116.0.1938.76 Safari/537.36"
40.77.167.77 - - [14/Apr/2026:02:10:44 +0000] "GET /contents/event/kansyasai/60545276020970 HTTP/2.0" 200 23284 "-" "Mozilla/5.0 AppleWebKit/537.36 (KHTML, like Gecko; compatible; bingbot/2.0; +http://www.bing.com/bingbot.htm) Chrome/116.0.1938.76 Safari/537.36"
40.77.167.77 - - [14/Apr/2026:02:10:44 +0000] "GET /product/category/64410149041970 HTTP/2.0" 200 22851 "-" "Mozilla/5.0 AppleWebKit/537.36 (KHTML, like Gecko; compatible; bingbot/2.0; +http://www.bing.com/bingbot.htm) Chrome/116.0.1938.76 Safari/537.36"
40.77.167.77 - - [14/Apr/2026:02:10:45 +0000] "GET /product/category/24616392011970 HTTP/2.0" 200 23849 "-" "Mozilla/5.0 AppleWebKit/537.36 (KHTML, like Gecko; compatible; bingbot/2.0; +http://www.bing.com/bingbot.htm) Chrome/116.0.1938.76 Safari/537.36"
103.140.235.105 - - [14/Apr/2026:02:11:12 +0000] "GET /?p=82568472011970 HTTP/1.1" 500 - "https://veritserv.com/" "Mozilla/5.0 (Windows NT 10.0; Win64; x64) AppleWebKit/537.36 (KHTML, like Gecko) Chrome/135.0.0.0 Safari/537.36"
52.167.144.211 - - [14/Apr/2026:02:11:32 +0000] "GET /?p=12627861041970 HTTP/2.0" 200 22541 "-" "Mozilla/5.0 AppleWebKit/537.36 (KHTML, like Gecko; compatible; bingbot/2.0; +http://www.bing.com/bingbot.htm) Chrome/116.0.1938.76 Safari/537.36"
52.167.144.211 - - [14/Apr/2026:02:11:33 +0000] "GET /?p=13980314011970 HTTP/2.0" 200 23531 "-" "Mozilla/5.0 AppleWebKit/537.36 (KHTML, like Gecko; compatible; bingbot/2.0; +http://www.bing.com/bingbot.htm) Chrome/116.0.1938.76 Safari/537.36"
52.167.144.211 - - [14/Apr/2026:02:11:34 +0000] "GET /?p=6113153081970 HTTP/2.0" 200 23258 "-" "Mozilla/5.0 AppleWebKit/537.36 (KHTML, like Gecko; compatible; bingbot/2.0; +http://www.bing.com/bingbot.htm) Chrome/116.0.1938.76 Safari/537.36"
52.167.144.211 - - [14/Apr/2026:02:11:35 +0000] "GET /?p=7923434001970 HTTP/2.0" 200 22878 "-" "Mozilla/5.0 AppleWebKit/537.36 (KHTML, like Gecko; compatible; bingbot/2.0; +http://www.bing.com/bingbot.htm) Chrome/116.0.1938.76 Safari/537.36"
52.167.144.211 - - [14/Apr/2026:02:11:36 +0000] "GET /?p=81039138041970 HTTP/2.0" 200 23252 "-" "Mozilla/5.0 AppleWebKit/537.36 (KHTML, like Gecko; compatible; bingbot/2.0; +http://www.bing.com/bingbot.htm) Chrome/116.0.1938.76 Safari/537.36"
52.167.144.211 - - [14/Apr/2026:02:11:37 +0000] "GET /?p=7969776071970 HTTP/2.0" 200 22686 "-" "Mozilla/5.0 AppleWebKit/537.36 (KHTML, like Gecko; compatible; bingbot/2.0; +http://www.bing.com/bingbot.htm) Chrome/116.0.1938.76 Safari/537.36"
52.167.144.211 - - [14/Apr/2026:02:11:38 +0000] "GET /?p=101019249011970 HTTP/2.0" 200 23824 "-" "Mozilla/5.0 AppleWebKit/537.36 (KHTML, like Gecko; compatible; bingbot/2.0; +http://www.bing.com/bingbot.htm) Chrome/116.0.1938.76 Safari/537.36"
66.249.64.33 - - [14/Apr/2026:02:12:09 +0000] "GET /product/review/107580643011970 HTTP/1.1" 200 23147 "-" "Mozilla/5.0 (Linux; Android 6.0.1; Nexus 5X Build/MMB29P) AppleWebKit/537.36 (KHTML, like Gecko) Chrome/146.0.7680.177 Mobile Safari/537.36 (compatible; Googlebot/2.1; +http://www.google.com/bot.html)"
20.15.133.184 - - [14/Apr/2026:02:12:21 +0000] "GET /?p=18077637071970 HTTP/2.0" 200 22724 "-" "Mozilla/5.0 AppleWebKit/537.36 (KHTML, like Gecko; compatible; bingbot/2.0; +http://www.bing.com/bingbot.htm) Chrome/116.0.1938.76 Safari/537.36"
52.167.144.211 - - [14/Apr/2026:02:13:14 +0000] "GET /product/review/13339876051970 HTTP/2.0" 200 22687 "-" "Mozilla/5.0 AppleWebKit/537.36 (KHTML, like Gecko; compatible; bingbot/2.0; +http://www.bing.com/bingbot.htm) Chrome/116.0.1938.76 Safari/537.36"
52.167.144.211 - - [14/Apr/2026:02:13:15 +0000] "GET /product/review/13264650011970 HTTP/2.0" 200 22906 "-" "Mozilla/5.0 AppleWebKit/537.36 (KHTML, like Gecko; compatible; bingbot/2.0; +http://www.bing.com/bingbot.htm) Chrome/116.0.1938.76 Safari/537.36"
52.167.144.211 - - [14/Apr/2026:02:13:16 +0000] "GET /contents/event/kansyasai/1770820020970 HTTP/2.0" 200 23017 "-" "Mozilla/5.0 AppleWebKit/537.36 (KHTML, like Gecko; compatible; bingbot/2.0; +http://www.bing.com/bingbot.htm) Chrome/116.0.1938.76 Safari/537.36"
52.167.144.211 - - [14/Apr/2026:02:13:17 +0000] "GET /product/category/5348319011970 HTTP/2.0" 200 23282 "-" "Mozilla/5.0 AppleWebKit/537.36 (KHTML, like Gecko; compatible; bingbot/2.0; +http://www.bing.com/bingbot.htm) Chrome/116.0.1938.76 Safari/537.36"
52.167.144.211 - - [14/Apr/2026:02:13:18 +0000] "GET /product/category/23218528001970 HTTP/2.0" 200 23531 "-" "Mozilla/5.0 AppleWebKit/537.36 (KHTML, like Gecko; compatible; bingbot/2.0; +http://www.bing.com/bingbot.htm) Chrome/116.0.1938.76 Safari/537.36"
52.167.144.211 - - [14/Apr/2026:02:13:19 +0000] "GET /product/category/1644385041970 HTTP/2.0" 200 23608 "-" "Mozilla/5.0 AppleWebKit/537.36 (KHTML, like Gecko; compatible; bingbot/2.0; +http://www.bing.com/bingbot.htm) Chrome/116.0.1938.76 Safari/537.36"
52.167.144.211 - - [14/Apr/2026:02:13:20 +0000] "GET /product/category/33504278001970 HTTP/2.0" 200 23768 "-" "Mozilla/5.0 AppleWebKit/537.36 (KHTML, like Gecko; compatible; bingbot/2.0; +http://www.bing.com/bingbot.htm) Chrome/116.0.1938.76 Safari/537.36"
52.167.144.211 - - [14/Apr/2026:02:13:21 +0000] "GET /contents/event/kansyasai/25091622140970 HTTP/2.0" 200 23018 "-" "Mozilla/5.0 AppleWebKit/537.36 (KHTML, like Gecko; compatible; bingbot/2.0; +http://www.bing.com/bingbot.htm) Chrome/116.0.1938.76 Safari/537.36"
52.167.144.211 - - [14/Apr/2026:02:13:22 +0000] "GET /product/review/60792332031970 HTTP/2.0" 200 23438 "-" "Mozilla/5.0 AppleWebKit/537.36 (KHTML, like Gecko; compatible; bingbot/2.0; +http://www.bing.com/bingbot.htm) Chrome/116.0.1938.76 Safari/537.36"
52.167.144.211 - - [14/Apr/2026:02:13:23 +0000] "GET /contents/event/kansyasai/45318450000970 HTTP/2.0" 200 23859 "-" "Mozilla/5.0 AppleWebKit/537.36 (KHTML, like Gecko; compatible; bingbot/2.0; +http://www.bing.com/bingbot.htm) Chrome/116.0.1938.76 Safari/537.36"
66.249.64.34 - - [14/Apr/2026:02:14:05 +0000] "GET /?p=65774228001970 HTTP/1.1" 200 23584 "-" "Mozilla/5.0 (Linux; Android 6.0.1; Nexus 5X Build/MMB29P) AppleWebKit/537.36 (KHTML, like Gecko) Chrome/146.0.7680.177 Mobile Safari/537.36 (compatible; Googlebot/2.1; +http://www.google.com/bot.html)"
66.249.64.32 - - [14/Apr/2026:02:14:20 +0000] "GET /shop/storeSearch/KeepCriteriaInput.aspx?&transition=top33501308022970 HTTP/1.1" 200 22987 "-" "Mozilla/5.0 (Linux; Android 6.0.1; Nexus 5X Build/MMB29P) AppleWebKit/537.36 (KHTML, like Gecko) Chrome/146.0.7680.177 Mobile Safari/537.36 (compatible; Googlebot/2.1; +http://www.google.com/bot.html)"
52.167.144.211 - - [14/Apr/2026:02:15:18 +0000] "GET /?p=6622990001970 HTTP/2.0" 200 23504 "-" "Mozilla/5.0 AppleWebKit/537.36 (KHTML, like Gecko; compatible; bingbot/2.0; +http://www.bing.com/bingbot.htm) Chrome/116.0.1938.76 Safari/537.36"
52.167.144.211 - - [14/Apr/2026:02:15:21 +0000] "GET /?p=65297420061970 HTTP/2.0" 200 22359 "-" "Mozilla/5.0 AppleWebKit/537.36 (KHTML, like Gecko; compatible; bingbot/2.0; +http://www.bing.com/bingbot.htm) Chrome/116.0.1938.76 Safari/537.36"
52.167.144.211 - - [14/Apr/2026:02:15:21 +0000] "GET /product/category/99885252121970 HTTP/2.0" 200 22799 "-" "Mozilla/5.0 AppleWebKit/537.36 (KHTML, like Gecko; compatible; bingbot/2.0; +http://www.bing.com/bingbot.htm) Chrome/116.0.1938.76 Safari/537.36"
52.167.144.211 - - [14/Apr/2026:02:15:22 +0000] "GET /product/review/23237680041970 HTTP/2.0" 200 23238 "-" "Mozilla/5.0 AppleWebKit/537.36 (KHTML, like Gecko; compatible; bingbot/2.0; +http://www.bing.com/bingbot.htm) Chrome/116.0.1938.76 Safari/537.36"
52.167.144.211 - - [14/Apr/2026:02:15:23 +0000] "GET /contents/event/kansyasai/14724076050970 HTTP/2.0" 200 23590 "-" "Mozilla/5.0 AppleWebKit/537.36 (KHTML, like Gecko; compatible; bingbot/2.0; +http://www.bing.com/bingbot.htm) Chrome/116.0.1938.76 Safari/537.36"
66.249.64.32 - - [14/Apr/2026:02:15:30 +0000] "GET /?p=111676075021970 HTTP/1.1" 200 23105 "-" "Mozilla/5.0 (Linux; Android 6.0.1; Nexus 5X Build/MMB29P) AppleWebKit/537.36 (KHTML, like Gecko) Chrome/146.0.7680.177 Mobile Safari/537.36 (compatible; Googlebot/2.1; +http://www.google.com/bot.html)"
40.77.167.77 - - [14/Apr/2026:02:15:49 +0000] "GET /?p=27758719051970 HTTP/2.0" 200 23008 "-" "Mozilla/5.0 AppleWebKit/537.36 (KHTML, like Gecko; compatible; bingbot/2.0; +http://www.bing.com/bingbot.htm) Chrome/116.0.1938.76 Safari/537.36"
40.77.167.77 - - [14/Apr/2026:02:15:50 +0000] "GET /?p=26390018011970 HTTP/2.0" 200 23559 "-" "Mozilla/5.0 AppleWebKit/537.36 (KHTML, like Gecko; compatible; bingbot/2.0; +http://www.bing.com/bingbot.htm) Chrome/116.0.1938.76 Safari/537.36"
40.77.167.77 - - [14/Apr/2026:02:15:51 +0000] "GET /?p=83097125011970 HTTP/2.0" 200 23094 "-" "Mozilla/5.0 AppleWebKit/537.36 (KHTML, like Gecko; compatible; bingbot/2.0; +http://www.bing.com/bingbot.htm) Chrome/116.0.1938.76 Safari/537.36"
52.167.144.211 - - [14/Apr/2026:02:16:04 +0000] "GET /?p=1793023011970 HTTP/2.0" 200 23136 "-" "Mozilla/5.0 AppleWebKit/537.36 (KHTML, like Gecko; compatible; bingbot/2.0; +http://www.bing.com/bingbot.htm) Chrome/116.0.1938.76 Safari/537.36"
40.77.167.42 - - [14/Apr/2026:02:16:09 +0000] "GET /?p=10062779011970 HTTP/2.0" 200 22448 "-" "Mozilla/5.0 AppleWebKit/537.36 (KHTML, like Gecko; compatible; bingbot/2.0; +http://www.bing.com/bingbot.htm) Chrome/116.0.1938.76 Safari/537.36"
40.77.167.42 - - [14/Apr/2026:02:16:10 +0000] "GET /?p=113038762051970 HTTP/2.0" 200 23110 "-" "Mozilla/5.0 AppleWebKit/537.36 (KHTML, like Gecko; compatible; bingbot/2.0; +http://www.bing.com/bingbot.htm) Chrome/116.0.1938.76 Safari/537.36"
40.77.167.42 - - [14/Apr/2026:02:16:12 +0000] "GET /?p=5107431101970 HTTP/2.0" 200 22741 "-" "Mozilla/5.0 AppleWebKit/537.36 (KHTML, like Gecko; compatible; bingbot/2.0; +http://www.bing.com/bingbot.htm) Chrome/116.0.1938.76 Safari/537.36"
66.249.64.32 - - [14/Apr/2026:02:16:12 +0000] "GET /product/category/112897640031970 HTTP/1.1" 200 23137 "-" "Mozilla/5.0 (Linux; Android 6.0.1; Nexus 5X Build/MMB29P) AppleWebKit/537.36 (KHTML, like Gecko) Chrome/146.0.7680.177 Mobile Safari/537.36 (compatible; Googlebot/2.1; +http://www.google.com/bot.html)"
40.77.167.42 - - [14/Apr/2026:02:16:12 +0000] "GET /?p=12853704001970 HTTP/2.0" 200 23631 "-" "Mozilla/5.0 AppleWebKit/537.36 (KHTML, like Gecko; compatible; bingbot/2.0; +http://www.bing.com/bingbot.htm) Chrome/116.0.1938.76 Safari/537.36"
66.249.64.34 - - [14/Apr/2026:02:17:13 +0000] "GET /?p=111677935091970 HTTP/1.1" 200 22924 "-" "Mozilla/5.0 (Linux; Android 6.0.1; Nexus 5X Build/MMB29P) AppleWebKit/537.36 (KHTML, like Gecko) Chrome/146.0.7680.177 Mobile Safari/537.36 (compatible; Googlebot/2.1; +http://www.google.com/bot.html)"
66.249.64.32 - - [14/Apr/2026:02:17:29 +0000] "GET /?p=40035083011970 HTTP/1.1" 200 23439 "-" "Mozilla/5.0 (Linux; Android 6.0.1; Nexus 5X Build/MMB29P) AppleWebKit/537.36 (KHTML, like Gecko) Chrome/146.0.7680.177 Mobile Safari/537.36 (compatible; Googlebot/2.1; +http://www.google.com/bot.html)"
66.249.64.32 - - [14/Apr/2026:02:18:05 +0000] "GET /product/category/97873942061970 HTTP/1.1" 200 22946 "-" "Mozilla/5.0 (Linux; Android 6.0.1; Nexus 5X Build/MMB29P) AppleWebKit/537.36 (KHTML, like Gecko) Chrome/146.0.7680.177 Mobile Safari/537.36 (compatible; Googlebot/2.1; +http://www.google.com/bot.html)"
40.77.167.45 - - [14/Apr/2026:02:18:13 +0000] "GET /product/category/10959533041970 HTTP/2.0" 200 23364 "-" "Mozilla/5.0 AppleWebKit/537.36 (KHTML, like Gecko; compatible; bingbot/2.0; +http://www.bing.com/bingbot.htm) Chrome/116.0.1938.76 Safari/537.36"
40.77.167.45 - - [14/Apr/2026:02:18:14 +0000] "GET /product/category/2896194021970 HTTP/2.0" 200 22886 "-" "Mozilla/5.0 AppleWebKit/537.36 (KHTML, like Gecko; compatible; bingbot/2.0; +http://www.bing.com/bingbot.htm) Chrome/116.0.1938.76 Safari/537.36"
40.77.167.45 - - [14/Apr/2026:02:18:15 +0000] "GET /product/review/26424161071970 HTTP/2.0" 200 22794 "-" "Mozilla/5.0 AppleWebKit/537.36 (KHTML, like Gecko; compatible; bingbot/2.0; +http://www.bing.com/bingbot.htm) Chrome/116.0.1938.76 Safari/537.36"
40.77.167.45 - - [14/Apr/2026:02:18:15 +0000] "GET /contents/event/kansyasai/4771728020970 HTTP/2.0" 200 23499 "-" "Mozilla/5.0 AppleWebKit/537.36 (KHTML, like Gecko; compatible; bingbot/2.0; +http://www.bing.com/bingbot.htm) Chrome/116.0.1938.76 Safari/537.36"
40.77.167.45 - - [14/Apr/2026:02:18:16 +0000] "GET /product/review/8337936011970 HTTP/2.0" 200 23034 "-" "Mozilla/5.0 AppleWebKit/537.36 (KHTML, like Gecko; compatible; bingbot/2.0; +http://www.bing.com/bingbot.htm) Chrome/116.0.1938.76 Safari/537.36"
40.77.167.45 - - [14/Apr/2026:02:18:17 +0000] "GET /contents/event/kansyasai/14634999090970 HTTP/2.0" 200 23136 "-" "Mozilla/5.0 AppleWebKit/537.36 (KHTML, like Gecko; compatible; bingbot/2.0; +http://www.bing.com/bingbot.htm) Chrome/116.0.1938.76 Safari/537.36"
40.77.167.45 - - [14/Apr/2026:02:18:18 +0000] "GET /product/review/76760277021970 HTTP/2.0" 200 23067 "-" "Mozilla/5.0 AppleWebKit/537.36 (KHTML, like Gecko; compatible; bingbot/2.0; +http://www.bing.com/bingbot.htm) Chrome/116.0.1938.76 Safari/537.36"
40.77.167.45 - - [14/Apr/2026:02:18:19 +0000] "GET /contents/event/kansyasai/23659350120970 HTTP/2.0" 200 22681 "-" "Mozilla/5.0 AppleWebKit/537.36 (KHTML, like Gecko; compatible; bingbot/2.0; +http://www.bing.com/bingbot.htm) Chrome/116.0.1938.76 Safari/537.36"
40.77.167.45 - - [14/Apr/2026:02:18:20 +0000] "GET /contents/event/kansyasai/106599533010970 HTTP/2.0" 200 23736 "-" "Mozilla/5.0 AppleWebKit/537.36 (KHTML, like Gecko; compatible; bingbot/2.0; +http://www.bing.com/bingbot.htm) Chrome/116.0.1938.76 Safari/537.36"
66.249.64.33 - - [14/Apr/2026:02:18:56 +0000] "GET /?p=111669972061970 HTTP/1.1" 200 23243 "-" "Mozilla/5.0 (Linux; Android 6.0.1; Nexus 5X Build/MMB29P) AppleWebKit/537.36 (KHTML, like Gecko) Chrome/146.0.7680.177 Mobile Safari/537.36 (compatible; Googlebot/2.1; +http://www.google.com/bot.html)"
40.77.167.42 - - [14/Apr/2026:02:19:11 +0000] "GET /contents/event/kansyasai/7052591020970 HTTP/2.0" 200 24717 "-" "Mozilla/5.0 AppleWebKit/537.36 (KHTML, like Gecko; compatible; bingbot/2.0; +http://www.bing.com/bingbot.htm) Chrome/116.0.1938.76 Safari/537.36"
40.77.167.42 - - [14/Apr/2026:02:19:12 +0000] "GET /contents/event/kansyasai/59227555050970 HTTP/2.0" 200 22915 "-" "Mozilla/5.0 AppleWebKit/537.36 (KHTML, like Gecko; compatible; bingbot/2.0; +http://www.bing.com/bingbot.htm) Chrome/116.0.1938.76 Safari/537.36"
40.77.167.42 - - [14/Apr/2026:02:19:13 +0000] "GET /product/review/4549662031970 HTTP/2.0" 200 23104 "-" "Mozilla/5.0 AppleWebKit/537.36 (KHTML, like Gecko; compatible; bingbot/2.0; +http://www.bing.com/bingbot.htm) Chrome/116.0.1938.76 Safari/537.36"
40.77.167.42 - - [14/Apr/2026:02:19:15 +0000] "GET /contents/event/kansyasai/24162471040970 HTTP/2.0" 200 23104 "-" "Mozilla/5.0 AppleWebKit/537.36 (KHTML, like Gecko; compatible; bingbot/2.0; +http://www.bing.com/bingbot.htm) Chrome/116.0.1938.76 Safari/537.36"
40.77.167.42 - - [14/Apr/2026:02:19:24 +0000] "GET /product/review/820119081970 HTTP/2.0" 200 22859 "-" "Mozilla/5.0 AppleWebKit/537.36 (KHTML, like Gecko; compatible; bingbot/2.0; +http://www.bing.com/bingbot.htm) Chrome/116.0.1938.76 Safari/537.36"
40.77.167.42 - - [14/Apr/2026:02:19:30 +0000] "GET /contents/event/kansyasai/108062983030970 HTTP/2.0" 200 23279 "-" "Mozilla/5.0 AppleWebKit/537.36 (KHTML, like Gecko; compatible; bingbot/2.0; +http://www.bing.com/bingbot.htm) Chrome/116.0.1938.76 Safari/537.36"
52.167.144.156 - - [14/Apr/2026:02:19:48 +0000] "GET /?p=16024548071970 HTTP/2.0" 200 22986 "-" "Mozilla/5.0 AppleWebKit/537.36 (KHTML, like Gecko; compatible; bingbot/2.0; +http://www.bing.com/bingbot.htm) Chrome/116.0.1938.76 Safari/537.36"
40.77.167.42 - - [14/Apr/2026:02:20:06 +0000] "GET /?p=18804253011970 HTTP/2.0" 200 23350 "-" "Mozilla/5.0 AppleWebKit/537.36 (KHTML, like Gecko; compatible; bingbot/2.0; +http://www.bing.com/bingbot.htm) Chrome/116.0.1938.76 Safari/537.36"
40.77.167.42 - - [14/Apr/2026:02:20:08 +0000] "GET /product/category/33182530001970 HTTP/2.0" 200 23210 "-" "Mozilla/5.0 AppleWebKit/537.36 (KHTML, like Gecko; compatible; bingbot/2.0; +http://www.bing.com/bingbot.htm) Chrome/116.0.1938.76 Safari/537.36"
40.77.167.42 - - [14/Apr/2026:02:20:09 +0000] "GET /product/review/33821653061970 HTTP/2.0" 200 23334 "-" "Mozilla/5.0 AppleWebKit/537.36 (KHTML, like Gecko; compatible; bingbot/2.0; +http://www.bing.com/bingbot.htm) Chrome/116.0.1938.76 Safari/537.36"
40.77.167.42 - - [14/Apr/2026:02:20:10 +0000] "GET /?p=7005374001970 HTTP/2.0" 200 23848 "-" "Mozilla/5.0 AppleWebKit/537.36 (KHTML, like Gecko; compatible; bingbot/2.0; +http://www.bing.com/bingbot.htm) Chrome/116.0.1938.76 Safari/537.36"
66.249.64.34 - - [14/Apr/2026:02:20:39 +0000] "GET /?p=111672790021970 HTTP/1.1" 200 22617 "-" "Mozilla/5.0 (Linux; Android 6.0.1; Nexus 5X Build/MMB29P) AppleWebKit/537.36 (KHTML, like Gecko) Chrome/146.0.7680.177 Mobile Safari/537.36 (compatible; Googlebot/2.1; +http://www.google.com/bot.html)"
189.28.81.236 - - [14/Apr/2026:02:21:24 +0000] "GET /?p=69546181051970 HTTP/1.1" 500 - "https://veritserv.com/" "Mozilla/5.0 (Macintosh; Intel Mac OS X 10_15_7) AppleWebKit/537.36 (KHTML, like Gecko) Chrome/135.0.0.0 Safari/537.36"
66.249.64.33 - - [14/Apr/2026:02:21:31 +0000] "GET /shop/storeSearch/KeepCriteriaInput.aspx?&transition=top77083341002970 HTTP/1.1" 200 23793 "-" "Mozilla/5.0 (Linux; Android 6.0.1; Nexus 5X Build/MMB29P) AppleWebKit/537.36 (KHTML, like Gecko) Chrome/146.0.7680.177 Mobile Safari/537.36 (compatible; Googlebot/2.1; +http://www.google.com/bot.html)"
66.249.64.33 - - [14/Apr/2026:02:22:22 +0000] "GET /?p=111677395061970 HTTP/1.1" 200 22651 "-" "Mozilla/5.0 (Linux; Android 6.0.1; Nexus 5X Build/MMB29P) AppleWebKit/537.36 (KHTML, like Gecko) Chrome/146.0.7680.177 Mobile Safari/537.36 (compatible; Googlebot/2.1; +http://www.google.com/bot.html)"
52.167.144.190 - - [14/Apr/2026:02:22:50 +0000] "GET /?p=55795851091970 HTTP/2.0" 200 23183 "-" "Mozilla/5.0 AppleWebKit/537.36 (KHTML, like Gecko; compatible; bingbot/2.0; +http://www.bing.com/bingbot.htm) Chrome/116.0.1938.76 Safari/537.36"
52.167.144.190 - - [14/Apr/2026:02:22:51 +0000] "GET /?p=100269684031970 HTTP/2.0" 200 22898 "-" "Mozilla/5.0 AppleWebKit/537.36 (KHTML, like Gecko; compatible; bingbot/2.0; +http://www.bing.com/bingbot.htm) Chrome/116.0.1938.76 Safari/537.36"
52.167.144.190 - - [14/Apr/2026:02:23:49 +0000] "GET /?p=18803473001970 HTTP/2.0" 200 23273 "-" "Mozilla/5.0 AppleWebKit/537.36 (KHTML, like Gecko; compatible; bingbot/2.0; +http://www.bing.com/bingbot.htm) Chrome/116.0.1938.76 Safari/537.36"
66.249.64.32 - - [14/Apr/2026:02:24:04 +0000] "GET /?p=111674170031970 HTTP/1.1" 200 23374 "-" "Mozilla/5.0 (Linux; Android 6.0.1; Nexus 5X Build/MMB29P) AppleWebKit/537.36 (KHTML, like Gecko) Chrome/146.0.7680.177 Mobile Safari/537.36 (compatible; Googlebot/2.1; +http://www.google.com/bot.html)"
20.15.133.184 - - [14/Apr/2026:02:24:22 +0000] "GET /?p=29274721121970 HTTP/2.0" 200 22950 "-" "Mozilla/5.0 AppleWebKit/537.36 (KHTML, like Gecko; compatible; bingbot/2.0; +http://www.bing.com/bingbot.htm) Chrome/116.0.1938.76 Safari/537.36"
66.249.64.33 - - [14/Apr/2026:02:24:43 +0000] "GET /?p=14094944051970 HTTP/1.1" 200 22987 "-" "Mozilla/5.0 (Linux; Android 6.0.1; Nexus 5X Build/MMB29P) AppleWebKit/537.36 (KHTML, like Gecko) Chrome/146.0.7680.177 Mobile Safari/537.36 (compatible; Googlebot/2.1; +http://www.google.com/bot.html)"
66.249.64.34 - - [14/Apr/2026:02:25:07 +0000] "GET /?p=43901856001970 HTTP/1.1" 200 23674 "-" "Mozilla/5.0 (Linux; Android 6.0.1; Nexus 5X Build/MMB29P) AppleWebKit/537.36 (KHTML, like Gecko) Chrome/146.0.7680.177 Mobile Safari/537.36 (compatible; Googlebot/2.1; +http://www.google.com/bot.html)"
66.249.64.32 - - [14/Apr/2026:02:25:47 +0000] "GET /?p=111676015051970 HTTP/1.1" 200 22747 "-" "Mozilla/5.0 (Linux; Android 6.0.1; Nexus 5X Build/MMB29P) AppleWebKit/537.36 (KHTML, like Gecko) Chrome/146.0.7680.177 Mobile Safari/537.36 (compatible; Googlebot/2.1; +http://www.google.com/bot.html)"
66.249.64.32 - - [14/Apr/2026:02:25:54 +0000] "GET /shop/storeSearch/KeepCriteriaInput.aspx?&transition=top33130529032970 HTTP/1.1" 200 24000 "-" "Mozilla/5.0 (Linux; Android 6.0.1; Nexus 5X Build/MMB29P) AppleWebKit/537.36 (KHTML, like Gecko) Chrome/146.0.7680.177 Mobile Safari/537.36 (compatible; Googlebot/2.1; +http://www.google.com/bot.html)"
40.77.167.61 - - [14/Apr/2026:02:26:48 +0000] "GET /?p=23678940041970 HTTP/2.0" 200 23434 "-" "Mozilla/5.0 AppleWebKit/537.36 (KHTML, like Gecko; compatible; bingbot/2.0; +http://www.bing.com/bingbot.htm) Chrome/116.0.1938.76 Safari/537.36"
52.167.144.190 - - [14/Apr/2026:02:26:53 +0000] "GET /?p=6871700001970 HTTP/2.0" 200 22996 "-" "Mozilla/5.0 AppleWebKit/537.36 (KHTML, like Gecko; compatible; bingbot/2.0; +http://www.bing.com/bingbot.htm) Chrome/116.0.1938.76 Safari/537.36"
20.15.133.184 - - [14/Apr/2026:02:26:53 +0000] "GET /?p=15526392021970 HTTP/2.0" 200 23190 "-" "Mozilla/5.0 AppleWebKit/537.36 (KHTML, like Gecko; compatible; bingbot/2.0; +http://www.bing.com/bingbot.htm) Chrome/116.0.1938.76 Safari/537.36"
66.249.64.34 - - [14/Apr/2026:02:27:30 +0000] "GET /?p=111668412021970 HTTP/1.1" 200 23071 "-" "Mozilla/5.0 (Linux; Android 6.0.1; Nexus 5X Build/MMB29P) AppleWebKit/537.36 (KHTML, like Gecko) Chrome/146.0.7680.177 Mobile Safari/537.36 (compatible; Googlebot/2.1; +http://www.google.com/bot.html)"
52.167.144.190 - - [14/Apr/2026:02:27:44 +0000] "GET /?p=6537454011970 HTTP/2.0" 200 23166 "-" "Mozilla/5.0 AppleWebKit/537.36 (KHTML, like Gecko; compatible; bingbot/2.0; +http://www.bing.com/bingbot.htm) Chrome/116.0.1938.76 Safari/537.36"
52.167.144.190 - - [14/Apr/2026:02:27:45 +0000] "GET /?p=52066488041970 HTTP/2.0" 200 23602 "-" "Mozilla/5.0 AppleWebKit/537.36 (KHTML, like Gecko; compatible; bingbot/2.0; +http://www.bing.com/bingbot.htm) Chrome/116.0.1938.76 Safari/537.36"
52.167.144.190 - - [14/Apr/2026:02:27:48 +0000] "GET /?p=108804785001970 HTTP/2.0" 200 23449 "-" "Mozilla/5.0 AppleWebKit/537.36 (KHTML, like Gecko; compatible; bingbot/2.0; +http://www.bing.com/bingbot.htm) Chrome/116.0.1938.76 Safari/537.36"
52.167.144.190 - - [14/Apr/2026:02:27:48 +0000] "GET /product/review/5983978101970 HTTP/2.0" 200 22863 "-" "Mozilla/5.0 AppleWebKit/537.36 (KHTML, like Gecko; compatible; bingbot/2.0; +http://www.bing.com/bingbot.htm) Chrome/116.0.1938.76 Safari/537.36"
52.167.144.181 - - [14/Apr/2026:02:27:48 +0000] "GET /?p=30545861051970 HTTP/2.0" 200 22537 "-" "Mozilla/5.0 AppleWebKit/537.36 (KHTML, like Gecko; compatible; bingbot/2.0; +http://www.bing.com/bingbot.htm) Chrome/116.0.1938.76 Safari/537.36"
52.167.144.181 - - [14/Apr/2026:02:27:49 +0000] "GET /?p=83009698041970 HTTP/2.0" 200 22763 "-" "Mozilla/5.0 AppleWebKit/537.36 (KHTML, like Gecko; compatible; bingbot/2.0; +http://www.bing.com/bingbot.htm) Chrome/116.0.1938.76 Safari/537.36"
52.167.144.181 - - [14/Apr/2026:02:27:50 +0000] "GET /?p=60651985031970 HTTP/2.0" 200 23156 "-" "Mozilla/5.0 AppleWebKit/537.36 (KHTML, like Gecko; compatible; bingbot/2.0; +http://www.bing.com/bingbot.htm) Chrome/116.0.1938.76 Safari/537.36"
52.167.144.181 - - [14/Apr/2026:02:27:51 +0000] "GET /?p=89180022001970 HTTP/2.0" 200 23456 "-" "Mozilla/5.0 AppleWebKit/537.36 (KHTML, like Gecko; compatible; bingbot/2.0; +http://www.bing.com/bingbot.htm) Chrome/116.0.1938.76 Safari/537.36"
52.167.144.181 - - [14/Apr/2026:02:27:52 +0000] "GET /?p=16166045001970 HTTP/2.0" 200 23859 "-" "Mozilla/5.0 AppleWebKit/537.36 (KHTML, like Gecko; compatible; bingbot/2.0; +http://www.bing.com/bingbot.htm) Chrome/116.0.1938.76 Safari/537.36"
66.249.64.33 - - [14/Apr/2026:02:27:52 +0000] "GET /product/category/112348531021970 HTTP/1.1" 200 22794 "-" "Mozilla/5.0 (Linux; Android 6.0.1; Nexus 5X Build/MMB29P) AppleWebKit/537.36 (KHTML, like Gecko) Chrome/146.0.7680.177 Mobile Safari/537.36 (compatible; Googlebot/2.1; +http://www.google.com/bot.html)"
52.167.144.181 - - [14/Apr/2026:02:27:57 +0000] "GET /product/category/25928365051970 HTTP/2.0" 200 23338 "-" "Mozilla/5.0 AppleWebKit/537.36 (KHTML, like Gecko; compatible; bingbot/2.0; +http://www.bing.com/bingbot.htm) Chrome/116.0.1938.76 Safari/537.36"
52.167.144.181 - - [14/Apr/2026:02:27:58 +0000] "GET /contents/event/kansyasai/60778000050970 HTTP/2.0" 200 23694 "-" "Mozilla/5.0 AppleWebKit/537.36 (KHTML, like Gecko; compatible; bingbot/2.0; +http://www.bing.com/bingbot.htm) Chrome/116.0.1938.76 Safari/537.36"
47.128.56.140 - - [14/Apr/2026:02:28:00 +0000] "GET /?p=75082003021970 HTTP/2.0" 500 - "-" "Mozilla/5.0 (Linux; Android 5.0) AppleWebKit/537.36 (KHTML, like Gecko) Mobile Safari/537.36 (compatible; Bytespider; spider-feedback@bytedance.com)"
52.167.144.190 - - [14/Apr/2026:02:28:02 +0000] "GET /?p=14902905071970 HTTP/2.0" 200 22628 "-" "Mozilla/5.0 AppleWebKit/537.36 (KHTML, like Gecko; compatible; bingbot/2.0; +http://www.bing.com/bingbot.htm) Chrome/116.0.1938.76 Safari/537.36"
52.167.144.190 - - [14/Apr/2026:02:28:11 +0000] "GET /?p=4356335031970 HTTP/2.0" 200 22837 "-" "Mozilla/5.0 AppleWebKit/537.36 (KHTML, like Gecko; compatible; bingbot/2.0; +http://www.bing.com/bingbot.htm) Chrome/116.0.1938.76 Safari/537.36"
66.249.64.32 - - [14/Apr/2026:02:29:13 +0000] "GET /?p=111672730001970 HTTP/1.1" 200 23334 "-" "Mozilla/5.0 (Linux; Android 6.0.1; Nexus 5X Build/MMB29P) AppleWebKit/537.36 (KHTML, like Gecko) Chrome/146.0.7680.177 Mobile Safari/537.36 (compatible; Googlebot/2.1; +http://www.google.com/bot.html)"
66.249.64.32 - - [14/Apr/2026:02:29:29 +0000] "GET /?p=40022693001970 HTTP/1.1" 200 23063 "-" "Mozilla/5.0 (Linux; Android 6.0.1; Nexus 5X Build/MMB29P) AppleWebKit/537.36 (KHTML, like Gecko) Chrome/146.0.7680.177 Mobile Safari/537.36 (compatible; Googlebot/2.1; +http://www.google.com/bot.html)"
66.249.64.33 - - [14/Apr/2026:02:30:06 +0000] "GET /?p=43903446051970 HTTP/1.1" 200 23308 "-" "Mozilla/5.0 (Linux; Android 6.0.1; Nexus 5X Build/MMB29P) AppleWebKit/537.36 (KHTML, like Gecko) Chrome/146.0.7680.177 Mobile Safari/537.36 (compatible; Googlebot/2.1; +http://www.google.com/bot.html)"
66.249.64.32 - - [14/Apr/2026:02:30:35 +0000] "GET /product/review/60819777041970 HTTP/1.1" 200 22763 "-" "Mozilla/5.0 (Linux; Android 6.0.1; Nexus 5X Build/MMB29P) AppleWebKit/537.36 (KHTML, like Gecko) Chrome/146.0.7680.177 Mobile Safari/537.36 (compatible; Googlebot/2.1; +http://www.google.com/bot.html)"
40.77.167.17 - - [14/Apr/2026:02:30:35 +0000] "GET /product/review/23755429011970 HTTP/2.0" 200 23597 "-" "Mozilla/5.0 AppleWebKit/537.36 (KHTML, like Gecko; compatible; bingbot/2.0; +http://www.bing.com/bingbot.htm) Chrome/116.0.1938.76 Safari/537.36"
40.77.167.17 - - [14/Apr/2026:02:30:36 +0000] "GET /product/review/4926722021970 HTTP/2.0" 200 23193 "-" "Mozilla/5.0 AppleWebKit/537.36 (KHTML, like Gecko; compatible; bingbot/2.0; +http://www.bing.com/bingbot.htm) Chrome/116.0.1938.76 Safari/537.36"
40.77.167.17 - - [14/Apr/2026:02:30:36 +0000] "GET /product/category/23659890101970 HTTP/2.0" 200 22953 "-" "Mozilla/5.0 AppleWebKit/537.36 (KHTML, like Gecko; compatible; bingbot/2.0; +http://www.bing.com/bingbot.htm) Chrome/116.0.1938.76 Safari/537.36"
52.167.144.181 - - [14/Apr/2026:02:30:39 +0000] "GET /?p=17645421041970 HTTP/2.0" 200 23082 "-" "Mozilla/5.0 AppleWebKit/537.36 (KHTML, like Gecko; compatible; bingbot/2.0; +http://www.bing.com/bingbot.htm) Chrome/116.0.1938.76 Safari/537.36"
66.249.64.33 - - [14/Apr/2026:02:30:56 +0000] "GET /?p=111679075021970 HTTP/1.1" 200 23247 "-" "Mozilla/5.0 (Linux; Android 6.0.1; Nexus 5X Build/MMB29P) AppleWebKit/537.36 (KHTML, like Gecko) Chrome/146.0.7680.177 Mobile Safari/537.36 (compatible; Googlebot/2.1; +http://www.google.com/bot.html)"
52.167.144.181 - - [14/Apr/2026:02:30:57 +0000] "GET /?p=81035988041970 HTTP/2.0" 200 23536 "-" "Mozilla/5.0 AppleWebKit/537.36 (KHTML, like Gecko; compatible; bingbot/2.0; +http://www.bing.com/bingbot.htm) Chrome/116.0.1938.76 Safari/537.36"
52.167.144.181 - - [14/Apr/2026:02:30:58 +0000] "GET /product/review/23919646051970 HTTP/2.0" 200 22730 "-" "Mozilla/5.0 AppleWebKit/537.36 (KHTML, like Gecko; compatible; bingbot/2.0; +http://www.bing.com/bingbot.htm) Chrome/116.0.1938.76 Safari/537.36"
52.167.144.181 - - [14/Apr/2026:02:30:59 +0000] "GET /product/category/23777824031970 HTTP/2.0" 200 23464 "-" "Mozilla/5.0 AppleWebKit/537.36 (KHTML, like Gecko; compatible; bingbot/2.0; +http://www.bing.com/bingbot.htm) Chrome/116.0.1938.76 Safari/537.36"
52.167.144.190 - - [14/Apr/2026:02:31:02 +0000] "GET /?p=3933616141970 HTTP/2.0" 200 22829 "-" "Mozilla/5.0 AppleWebKit/537.36 (KHTML, like Gecko; compatible; bingbot/2.0; +http://www.bing.com/bingbot.htm) Chrome/116.0.1938.76 Safari/537.36"
52.167.144.190 - - [14/Apr/2026:02:31:04 +0000] "GET /product/category/4580826021970 HTTP/2.0" 200 22587 "-" "Mozilla/5.0 AppleWebKit/537.36 (KHTML, like Gecko; compatible; bingbot/2.0; +http://www.bing.com/bingbot.htm) Chrome/116.0.1938.76 Safari/537.36"
52.167.144.190 - - [14/Apr/2026:02:31:05 +0000] "GET /product/review/6070683041970 HTTP/2.0" 200 23332 "-" "Mozilla/5.0 AppleWebKit/537.36 (KHTML, like Gecko; compatible; bingbot/2.0; +http://www.bing.com/bingbot.htm) Chrome/116.0.1938.76 Safari/537.36"
52.167.144.190 - - [14/Apr/2026:02:31:05 +0000] "GET /contents/event/kansyasai/2006866080970 HTTP/2.0" 200 23003 "-" "Mozilla/5.0 AppleWebKit/537.36 (KHTML, like Gecko; compatible; bingbot/2.0; +http://www.bing.com/bingbot.htm) Chrome/116.0.1938.76 Safari/537.36"
66.249.64.32 - - [14/Apr/2026:02:31:06 +0000] "GET /?p=43899306011970 HTTP/1.1" 200 23948 "-" "Mozilla/5.0 (Linux; Android 6.0.1; Nexus 5X Build/MMB29P) AppleWebKit/537.36 (KHTML, like Gecko) Chrome/146.0.7680.177 Mobile Safari/537.36 (compatible; Googlebot/2.1; +http://www.google.com/bot.html)"
66.249.64.32 - - [14/Apr/2026:02:31:12 +0000] "GET /product/category/76169713031970 HTTP/1.1" 200 23067 "-" "Mozilla/5.0 (Linux; Android 6.0.1; Nexus 5X Build/MMB29P) AppleWebKit/537.36 (KHTML, like Gecko) Chrome/146.0.7680.177 Mobile Safari/537.36 (compatible; Googlebot/2.1; +http://www.google.com/bot.html)"
52.167.144.181 - - [14/Apr/2026:02:31:16 +0000] "GET /?p=29891577081970 HTTP/2.0" 200 23025 "-" "Mozilla/5.0 AppleWebKit/537.36 (KHTML, like Gecko; compatible; bingbot/2.0; +http://www.bing.com/bingbot.htm) Chrome/116.0.1938.76 Safari/537.36"
74.7.228.3 - - [14/Apr/2026:02:31:19 +0000] "GET /robots.txt HTTP/1.1" 200 86 "-" "Mozilla/5.0 (Macintosh; Intel Mac OS X 10_15_7) AppleWebKit/537.36 (KHTML, like Gecko) Chrome/131.0.0.0 Safari/537.36; compatible; OAI-SearchBot/1.3; robots.txt; +https://openai.com/searchbot"
74.7.242.8 - - [14/Apr/2026:02:31:24 +0000] "GET /sitemap.xml HTTP/1.1" 500 - "-" "Mozilla/5.0 AppleWebKit/537.36 (KHTML, like Gecko; compatible; GPTBot/1.3; +https://openai.com/gptbot)"
40.77.167.17 - - [14/Apr/2026:02:31:33 +0000] "GET /?p=24090382061970 HTTP/2.0" 200 23212 "-" "Mozilla/5.0 AppleWebKit/537.36 (KHTML, like Gecko; compatible; bingbot/2.0; +http://www.bing.com/bingbot.htm) Chrome/116.0.1938.76 Safari/537.36"
40.77.167.17 - - [14/Apr/2026:02:31:36 +0000] "GET /?p=18952509051970 HTTP/2.0" 200 22880 "-" "Mozilla/5.0 AppleWebKit/537.36 (KHTML, like Gecko; compatible; bingbot/2.0; +http://www.bing.com/bingbot.htm) Chrome/116.0.1938.76 Safari/537.36"
40.77.167.17 - - [14/Apr/2026:02:31:38 +0000] "GET /contents/event/kansyasai/28336598030970 HTTP/2.0" 200 23555 "-" "Mozilla/5.0 AppleWebKit/537.36 (KHTML, like Gecko; compatible; bingbot/2.0; +http://www.bing.com/bingbot.htm) Chrome/116.0.1938.76 Safari/537.36"
40.77.167.17 - - [14/Apr/2026:02:32:02 +0000] "GET /?p=19012292001970 HTTP/2.0" 200 23229 "-" "Mozilla/5.0 AppleWebKit/537.36 (KHTML, like Gecko; compatible; bingbot/2.0; +http://www.bing.com/bingbot.htm) Chrome/116.0.1938.76 Safari/537.36"
66.249.64.34 - - [14/Apr/2026:02:32:05 +0000] "GET /product/category/60910277011970 HTTP/1.1" 200 24085 "-" "Mozilla/5.0 (Linux; Android 6.0.1; Nexus 5X Build/MMB29P) AppleWebKit/537.36 (KHTML, like Gecko) Chrome/146.0.7680.177 Mobile Safari/537.36 (compatible; Googlebot/2.1; +http://www.google.com/bot.html)"
66.249.64.34 - - [14/Apr/2026:02:32:06 +0000] "GET /?p=83793293081970 HTTP/1.1" 200 22868 "-" "Mozilla/5.0 (Linux; Android 6.0.1; Nexus 5X Build/MMB29P) AppleWebKit/537.36 (KHTML, like Gecko) Chrome/146.0.7680.177 Mobile Safari/537.36 (compatible; Googlebot/2.1; +http://www.google.com/bot.html)"
66.249.64.33 - - [14/Apr/2026:02:32:22 +0000] "GET /shop/storeSearch/KeepCriteriaInput.aspx?&transition=top33292305042970 HTTP/1.1" 200 22797 "-" "Mozilla/5.0 (Linux; Android 6.0.1; Nexus 5X Build/MMB29P) AppleWebKit/537.36 (KHTML, like Gecko) Chrome/146.0.7680.177 Mobile Safari/537.36 (compatible; Googlebot/2.1; +http://www.google.com/bot.html)"
43.165.67.100 - - [14/Apr/2026:02:32:22 +0000] "GET /index.php?rest_route=/wp/v2/pages&_fields=content HTTP/1.1" 200 12206 "-" "Mozilla/5.0 (Linux; Android 10; K) AppleWebKit/537.36 (KHTML, like Gecko) Chrome/135.0.0.0 Mobile Safari/537.36"
52.167.144.190 - - [14/Apr/2026:02:32:31 +0000] "GET /?p=22418437001970 HTTP/2.0" 200 22685 "-" "Mozilla/5.0 AppleWebKit/537.36 (KHTML, like Gecko; compatible; bingbot/2.0; +http://www.bing.com/bingbot.htm) Chrome/116.0.1938.76 Safari/537.36"
66.249.64.32 - - [14/Apr/2026:02:32:31 +0000] "GET /product/category/33077479041970 HTTP/1.1" 200 23677 "-" "Mozilla/5.0 (Linux; Android 6.0.1; Nexus 5X Build/MMB29P) AppleWebKit/537.36 (KHTML, like Gecko) Chrome/146.0.7680.177 Mobile Safari/537.36 (compatible; Googlebot/2.1; +http://www.google.com/bot.html)"
66.249.64.32 - - [14/Apr/2026:02:32:39 +0000] "GET /?p=111667092021970 HTTP/1.1" 200 23593 "-" "Mozilla/5.0 (Linux; Android 6.0.1; Nexus 5X Build/MMB29P) AppleWebKit/537.36 (KHTML, like Gecko) Chrome/146.0.7680.177 Mobile Safari/537.36 (compatible; Googlebot/2.1; +http://www.google.com/bot.html)"
40.77.167.17 - - [14/Apr/2026:02:32:40 +0000] "GET /?p=18789789031970 HTTP/2.0" 200 23053 "-" "Mozilla/5.0 AppleWebKit/537.36 (KHTML, like Gecko; compatible; bingbot/2.0; +http://www.bing.com/bingbot.htm) Chrome/116.0.1938.76 Safari/537.36"
66.249.64.33 - - [14/Apr/2026:02:33:06 +0000] "GET /?p=83804826051970 HTTP/1.1" 200 23144 "-" "Mozilla/5.0 (Linux; Android 6.0.1; Nexus 5X Build/MMB29P) AppleWebKit/537.36 (KHTML, like Gecko) Chrome/146.0.7680.177 Mobile Safari/537.36 (compatible; Googlebot/2.1; +http://www.google.com/bot.html)"
66.249.64.33 - - [14/Apr/2026:02:33:24 +0000] "GET /product/category/108971353001970 HTTP/1.1" 200 23305 "-" "Mozilla/5.0 (Linux; Android 6.0.1; Nexus 5X Build/MMB29P) AppleWebKit/537.36 (KHTML, like Gecko) Chrome/146.0.7680.177 Mobile Safari/537.36 (compatible; Googlebot/2.1; +http://www.google.com/bot.html)"
66.249.64.32 - - [14/Apr/2026:02:33:29 +0000] "GET /?p=40005702011970 HTTP/1.1" 200 23065 "-" "Mozilla/5.0 (Linux; Android 6.0.1; Nexus 5X Build/MMB29P) AppleWebKit/537.36 (KHTML, like Gecko) Chrome/146.0.7680.177 Mobile Safari/537.36 (compatible; Googlebot/2.1; +http://www.google.com/bot.html)"
66.249.64.33 - - [14/Apr/2026:02:34:20 +0000] "GET /shop/storeSearch/KeepCriteriaInput.aspx?&transition=top26151707092970 HTTP/1.1" 200 23516 "-" "Mozilla/5.0 (Linux; Android 6.0.1; Nexus 5X Build/MMB29P) AppleWebKit/537.36 (KHTML, like Gecko) Chrome/146.0.7680.177 Mobile Safari/537.36 (compatible; Googlebot/2.1; +http://www.google.com/bot.html)"
66.249.64.33 - - [14/Apr/2026:02:34:21 +0000] "GET /?p=111679555061970 HTTP/1.1" 200 22937 "-" "Mozilla/5.0 (Linux; Android 6.0.1; Nexus 5X Build/MMB29P) AppleWebKit/537.36 (KHTML, like Gecko) Chrome/146.0.7680.177 Mobile Safari/537.36 (compatible; Googlebot/2.1; +http://www.google.com/bot.html)"
40.77.167.17 - - [14/Apr/2026:02:34:51 +0000] "GET /?p=24207152001970 HTTP/2.0" 200 23434 "-" "Mozilla/5.0 AppleWebKit/537.36 (KHTML, like Gecko; compatible; bingbot/2.0; +http://www.bing.com/bingbot.htm) Chrome/116.0.1938.76 Safari/537.36"
66.249.64.32 - - [14/Apr/2026:02:34:57 +0000] "GET /shop/storeSearch/KeepCriteriaInput.aspx?&transition=top11311395032970 HTTP/1.1" 200 23225 "-" "Mozilla/5.0 (Linux; Android 6.0.1; Nexus 5X Build/MMB29P) AppleWebKit/537.36 (KHTML, like Gecko) Chrome/146.0.7680.177 Mobile Safari/537.36 (compatible; Googlebot/2.1; +http://www.google.com/bot.html)"
66.249.64.33 - - [14/Apr/2026:02:36:04 +0000] "GET /?p=111673690021970 HTTP/1.1" 200 23051 "-" "Mozilla/5.0 (Linux; Android 6.0.1; Nexus 5X Build/MMB29P) AppleWebKit/537.36 (KHTML, like Gecko) Chrome/146.0.7680.177 Mobile Safari/537.36 (compatible; Googlebot/2.1; +http://www.google.com/bot.html)"
66.249.64.32 - - [14/Apr/2026:02:36:17 +0000] "GET /?p=21944143131970 HTTP/1.1" 200 23245 "-" "Mozilla/5.0 (Linux; Android 6.0.1; Nexus 5X Build/MMB29P) AppleWebKit/537.36 (KHTML, like Gecko) Chrome/146.0.7680.177 Mobile Safari/537.36 (compatible; Googlebot/2.1; +http://www.google.com/bot.html)"
52.167.144.181 - - [14/Apr/2026:02:36:46 +0000] "GET /?p=24609487091970 HTTP/2.0" 200 22568 "-" "Mozilla/5.0 AppleWebKit/537.36 (KHTML, like Gecko; compatible; bingbot/2.0; +http://www.bing.com/bingbot.htm) Chrome/116.0.1938.76 Safari/537.36"
66.249.64.32 - - [14/Apr/2026:02:36:54 +0000] "GET /contents/event/kansyasai/65168142070970 HTTP/1.1" 200 23022 "-" "Mozilla/5.0 (Linux; Android 6.0.1; Nexus 5X Build/MMB29P) AppleWebKit/537.36 (KHTML, like Gecko) Chrome/146.0.7680.177 Mobile Safari/537.36 (compatible; Googlebot/2.1; +http://www.google.com/bot.html)"
66.249.64.32 - - [14/Apr/2026:02:37:05 +0000] "GET /?p=83787833021970 HTTP/1.1" 200 23301 "-" "Mozilla/5.0 (Linux; Android 6.0.1; Nexus 5X Build/MMB29P) AppleWebKit/537.36 (KHTML, like Gecko) Chrome/146.0.7680.177 Mobile Safari/537.36 (compatible; Googlebot/2.1; +http://www.google.com/bot.html)"
66.249.64.34 - - [14/Apr/2026:02:37:06 +0000] "GET /?p=41679608001970 HTTP/1.1" 200 23320 "-" "Mozilla/5.0 (Linux; Android 6.0.1; Nexus 5X Build/MMB29P) AppleWebKit/537.36 (KHTML, like Gecko) Chrome/146.0.7680.177 Mobile Safari/537.36 (compatible; Googlebot/2.1; +http://www.google.com/bot.html)"
66.249.64.32 - - [14/Apr/2026:02:37:12 +0000] "GET /contents/event/kansyasai/103385202060970 HTTP/1.1" 200 23424 "-" "Mozilla/5.0 (Linux; Android 6.0.1; Nexus 5X Build/MMB29P) AppleWebKit/537.36 (KHTML, like Gecko) Chrome/146.0.7680.177 Mobile Safari/537.36 (compatible; Googlebot/2.1; +http://www.google.com/bot.html)"
66.249.64.32 - - [14/Apr/2026:02:37:29 +0000] "GET /contents/event/kansyasai/80779275060970 HTTP/1.1" 200 22931 "-" "Mozilla/5.0 (Linux; Android 6.0.1; Nexus 5X Build/MMB29P) AppleWebKit/537.36 (KHTML, like Gecko) Chrome/146.0.7680.177 Mobile Safari/537.36 (compatible; Googlebot/2.1; +http://www.google.com/bot.html)"
66.249.64.32 - - [14/Apr/2026:02:37:47 +0000] "GET /?p=30718428071970 HTTP/1.1" 200 22766 "-" "Mozilla/5.0 (Linux; Android 6.0.1; Nexus 5X Build/MMB29P) AppleWebKit/537.36 (KHTML, like Gecko) Chrome/146.0.7680.177 Mobile Safari/537.36 (compatible; Googlebot/2.1; +http://www.google.com/bot.html)"
66.249.64.33 - - [14/Apr/2026:02:38:02 +0000] "GET /contents/event/kansyasai/71016848050970 HTTP/1.1" 200 23200 "-" "Mozilla/5.0 (Linux; Android 6.0.1; Nexus 5X Build/MMB29P) AppleWebKit/537.36 (KHTML, like Gecko) Chrome/146.0.7680.177 Mobile Safari/537.36 (compatible; Googlebot/2.1; +http://www.google.com/bot.html)"
66.249.64.34 - - [14/Apr/2026:02:38:05 +0000] "GET /?p=40432685011970 HTTP/1.1" 200 23599 "-" "Mozilla/5.0 (Linux; Android 6.0.1; Nexus 5X Build/MMB29P) AppleWebKit/537.36 (KHTML, like Gecko) Chrome/146.0.7680.177 Mobile Safari/537.36 (compatible; Googlebot/2.1; +http://www.google.com/bot.html)"
40.77.167.53 - - [14/Apr/2026:02:38:08 +0000] "GET /?p=51417819021970 HTTP/2.0" 200 23201 "-" "Mozilla/5.0 AppleWebKit/537.36 (KHTML, like Gecko; compatible; bingbot/2.0; +http://www.bing.com/bingbot.htm) Chrome/116.0.1938.76 Safari/537.36"
40.77.167.53 - - [14/Apr/2026:02:38:09 +0000] "GET /?p=2111869051970 HTTP/2.0" 200 22565 "-" "Mozilla/5.0 AppleWebKit/537.36 (KHTML, like Gecko; compatible; bingbot/2.0; +http://www.bing.com/bingbot.htm) Chrome/116.0.1938.76 Safari/537.36"
40.77.167.53 - - [14/Apr/2026:02:38:11 +0000] "GET /?p=689933051970 HTTP/2.0" 200 22657 "-" "Mozilla/5.0 AppleWebKit/537.36 (KHTML, like Gecko; compatible; bingbot/2.0; +http://www.bing.com/bingbot.htm) Chrome/116.0.1938.76 Safari/537.36"
40.77.167.53 - - [14/Apr/2026:02:38:12 +0000] "GET /?p=84786244021970 HTTP/2.0" 200 23661 "-" "Mozilla/5.0 AppleWebKit/537.36 (KHTML, like Gecko; compatible; bingbot/2.0; +http://www.bing.com/bingbot.htm) Chrome/116.0.1938.76 Safari/537.36"
40.77.167.53 - - [14/Apr/2026:02:38:18 +0000] "GET /product/category/5465267041970 HTTP/2.0" 200 23252 "-" "Mozilla/5.0 AppleWebKit/537.36 (KHTML, like Gecko; compatible; bingbot/2.0; +http://www.bing.com/bingbot.htm) Chrome/116.0.1938.76 Safari/537.36"
66.249.64.32 - - [14/Apr/2026:02:38:22 +0000] "GET /contents/event/kansyasai/33137186030970 HTTP/1.1" 200 22942 "-" "Mozilla/5.0 (Linux; Android 6.0.1; Nexus 5X Build/MMB29P) AppleWebKit/537.36 (KHTML, like Gecko) Chrome/146.0.7680.177 Mobile Safari/537.36 (compatible; Googlebot/2.1; +http://www.google.com/bot.html)"
52.167.144.181 - - [14/Apr/2026:02:38:22 +0000] "GET /?p=23858799051970 HTTP/2.0" 200 23004 "-" "Mozilla/5.0 AppleWebKit/537.36 (KHTML, like Gecko; compatible; bingbot/2.0; +http://www.bing.com/bingbot.htm) Chrome/116.0.1938.76 Safari/537.36"
52.167.144.181 - - [14/Apr/2026:02:38:23 +0000] "GET /?p=61708992011970 HTTP/2.0" 200 23057 "-" "Mozilla/5.0 AppleWebKit/537.36 (KHTML, like Gecko; compatible; bingbot/2.0; +http://www.bing.com/bingbot.htm) Chrome/116.0.1938.76 Safari/537.36"
52.167.144.181 - - [14/Apr/2026:02:38:24 +0000] "GET /product/category/14799639001970 HTTP/2.0" 200 23197 "-" "Mozilla/5.0 AppleWebKit/537.36 (KHTML, like Gecko; compatible; bingbot/2.0; +http://www.bing.com/bingbot.htm) Chrome/116.0.1938.76 Safari/537.36"
40.77.167.17 - - [14/Apr/2026:02:38:28 +0000] "GET /?p=28642492061970 HTTP/2.0" 200 23064 "-" "Mozilla/5.0 AppleWebKit/537.36 (KHTML, like Gecko; compatible; bingbot/2.0; +http://www.bing.com/bingbot.htm) Chrome/116.0.1938.76 Safari/537.36"
40.77.167.17 - - [14/Apr/2026:02:38:29 +0000] "GET /?p=79159664021970 HTTP/2.0" 200 23301 "-" "Mozilla/5.0 AppleWebKit/537.36 (KHTML, like Gecko; compatible; bingbot/2.0; +http://www.bing.com/bingbot.htm) Chrome/116.0.1938.76 Safari/537.36"
66.249.64.32 - - [14/Apr/2026:02:38:29 +0000] "GET /contents/event/kansyasai/80345857110970 HTTP/1.1" 200 23227 "-" "Mozilla/5.0 (Linux; Android 6.0.1; Nexus 5X Build/MMB29P) AppleWebKit/537.36 (KHTML, like Gecko) Chrome/146.0.7680.177 Mobile Safari/537.36 (compatible; Googlebot/2.1; +http://www.google.com/bot.html)"
40.77.167.17 - - [14/Apr/2026:02:38:30 +0000] "GET /?p=34954681031970 HTTP/2.0" 200 22976 "-" "Mozilla/5.0 AppleWebKit/537.36 (KHTML, like Gecko; compatible; bingbot/2.0; +http://www.bing.com/bingbot.htm) Chrome/116.0.1938.76 Safari/537.36"
40.77.167.17 - - [14/Apr/2026:02:38:31 +0000] "GET /?p=75862505071970 HTTP/2.0" 200 22918 "-" "Mozilla/5.0 AppleWebKit/537.36 (KHTML, like Gecko; compatible; bingbot/2.0; +http://www.bing.com/bingbot.htm) Chrome/116.0.1938.76 Safari/537.36"
40.77.167.17 - - [14/Apr/2026:02:38:32 +0000] "GET /product/review/21595687011970 HTTP/2.0" 200 23489 "-" "Mozilla/5.0 AppleWebKit/537.36 (KHTML, like Gecko; compatible; bingbot/2.0; +http://www.bing.com/bingbot.htm) Chrome/116.0.1938.76 Safari/537.36"
40.77.167.17 - - [14/Apr/2026:02:38:32 +0000] "GET /contents/event/kansyasai/45890425120970 HTTP/2.0" 200 22507 "-" "Mozilla/5.0 AppleWebKit/537.36 (KHTML, like Gecko; compatible; bingbot/2.0; +http://www.bing.com/bingbot.htm) Chrome/116.0.1938.76 Safari/537.36"
66.249.64.32 - - [14/Apr/2026:02:38:42 +0000] "GET /contents/event/kansyasai/60532579020970 HTTP/1.1" 200 21376 "-" "Mozilla/5.0 (Linux; Android 6.0.1; Nexus 5X Build/MMB29P) AppleWebKit/537.36 (KHTML, like Gecko) Chrome/146.0.7680.177 Mobile Safari/537.36 (compatible; Googlebot/2.1; +http://www.google.com/bot.html)"
66.249.64.33 - - [14/Apr/2026:02:39:30 +0000] "GET /?p=111668172081970 HTTP/1.1" 200 23036 "-" "Mozilla/5.0 (Linux; Android 6.0.1; Nexus 5X Build/MMB29P) AppleWebKit/537.36 (KHTML, like Gecko) Chrome/146.0.7680.177 Mobile Safari/537.36 (compatible; Googlebot/2.1; +http://www.google.com/bot.html)"
52.167.144.181 - - [14/Apr/2026:02:39:31 +0000] "GET /?p=84197086031970 HTTP/2.0" 200 23687 "-" "Mozilla/5.0 AppleWebKit/537.36 (KHTML, like Gecko; compatible; bingbot/2.0; +http://www.bing.com/bingbot.htm) Chrome/116.0.1938.76 Safari/537.36"
66.249.64.33 - - [14/Apr/2026:02:39:39 +0000] "GET /contents/event/kansyasai/68655251010970 HTTP/1.1" 200 21648 "-" "Mozilla/5.0 (Linux; Android 6.0.1; Nexus 5X Build/MMB29P) AppleWebKit/537.36 (KHTML, like Gecko) Chrome/146.0.7680.177 Mobile Safari/537.36 (compatible; Googlebot/2.1; +http://www.google.com/bot.html)"
66.249.64.33 - - [14/Apr/2026:02:41:13 +0000] "GET /?p=10071333061970 HTTP/1.1" 200 23171 "-" "Mozilla/5.0 (Linux; Android 6.0.1; Nexus 5X Build/MMB29P) AppleWebKit/537.36 (KHTML, like Gecko) Chrome/146.0.7680.177 Mobile Safari/537.36 (compatible; Googlebot/2.1; +http://www.google.com/bot.html)"
40.77.167.53 - - [14/Apr/2026:02:41:28 +0000] "GET /?p=30263300001970 HTTP/2.0" 200 23555 "-" "Mozilla/5.0 AppleWebKit/537.36 (KHTML, like Gecko; compatible; bingbot/2.0; +http://www.bing.com/bingbot.htm) Chrome/116.0.1938.76 Safari/537.36"
40.77.167.53 - - [14/Apr/2026:02:41:29 +0000] "GET /product/review/22918925051970 HTTP/2.0" 200 23641 "-" "Mozilla/5.0 AppleWebKit/537.36 (KHTML, like Gecko; compatible; bingbot/2.0; +http://www.bing.com/bingbot.htm) Chrome/116.0.1938.76 Safari/537.36"
40.77.167.53 - - [14/Apr/2026:02:41:32 +0000] "GET /contents/event/kansyasai/27702619120970 HTTP/2.0" 200 22921 "-" "Mozilla/5.0 AppleWebKit/537.36 (KHTML, like Gecko; compatible; bingbot/2.0; +http://www.bing.com/bingbot.htm) Chrome/116.0.1938.76 Safari/537.36"
52.167.144.181 - - [14/Apr/2026:02:42:20 +0000] "GET /?p=22413325031970 HTTP/2.0" 200 22841 "-" "Mozilla/5.0 AppleWebKit/537.36 (KHTML, like Gecko; compatible; bingbot/2.0; +http://www.bing.com/bingbot.htm) Chrome/116.0.1938.76 Safari/537.36"
52.167.144.181 - - [14/Apr/2026:02:42:25 +0000] "GET /product/category/14667938051970 HTTP/2.0" 200 22903 "-" "Mozilla/5.0 AppleWebKit/537.36 (KHTML, like Gecko; compatible; bingbot/2.0; +http://www.bing.com/bingbot.htm) Chrome/116.0.1938.76 Safari/537.36"
66.249.64.32 - - [14/Apr/2026:02:42:27 +0000] "GET /contents/event/kansyasai/50141896070970 HTTP/1.1" 200 23170 "-" "Mozilla/5.0 (Linux; Android 6.0.1; Nexus 5X Build/MMB29P) AppleWebKit/537.36 (KHTML, like Gecko) Chrome/146.0.7680.177 Mobile Safari/537.36 (compatible; Googlebot/2.1; +http://www.google.com/bot.html)"
