52.167.144.195 - - [14/Apr/2026:00:26:06 +0000] "GET /product/review/5387156031970 HTTP/2.0" 200 23220 "-" "Mozilla/5.0 AppleWebKit/537.36 (KHTML, like Gecko; compatible; bingbot/2.0; +http://www.bing.com/bingbot.htm) Chrome/116.0.1938.76 Safari/537.36"
40.77.167.68 - - [14/Apr/2026:00:26:10 +0000] "GET /contents/event/kansyasai/28862093050970 HTTP/2.0" 200 23067 "-" "Mozilla/5.0 AppleWebKit/537.36 (KHTML, like Gecko; compatible; bingbot/2.0; +http://www.bing.com/bingbot.htm) Chrome/116.0.1938.76 Safari/537.36"
40.77.167.159 - - [14/Apr/2026:00:26:11 +0000] "GET /product/review/21405300031970 HTTP/2.0" 200 23237 "-" "Mozilla/5.0 AppleWebKit/537.36 (KHTML, like Gecko; compatible; bingbot/2.0; +http://www.bing.com/bingbot.htm) Chrome/116.0.1938.76 Safari/537.36"
40.77.167.159 - - [14/Apr/2026:00:26:11 +0000] "GET /contents/event/kansyasai/1169493030970 HTTP/2.0" 200 23477 "-" "Mozilla/5.0 AppleWebKit/537.36 (KHTML, like Gecko; compatible; bingbot/2.0; +http://www.bing.com/bingbot.htm) Chrome/116.0.1938.76 Safari/537.36"
40.77.167.159 - - [14/Apr/2026:00:26:12 +0000] "GET /contents/event/kansyasai/105920473070970 HTTP/2.0" 200 23167 "-" "Mozilla/5.0 AppleWebKit/537.36 (KHTML, like Gecko; compatible; bingbot/2.0; +http://www.bing.com/bingbot.htm) Chrome/116.0.1938.76 Safari/537.36"
40.77.167.68 - - [14/Apr/2026:00:26:19 +0000] "GET /product/review/13678381021970 HTTP/2.0" 200 23396 "-" "Mozilla/5.0 AppleWebKit/537.36 (KHTML, like Gecko; compatible; bingbot/2.0; +http://www.bing.com/bingbot.htm) Chrome/116.0.1938.76 Safari/537.36"
40.77.167.68 - - [14/Apr/2026:00:26:19 +0000] "GET /product/category/8387552031970 HTTP/2.0" 200 23042 "-" "Mozilla/5.0 AppleWebKit/537.36 (KHTML, like Gecko; compatible; bingbot/2.0; +http://www.bing.com/bingbot.htm) Chrome/116.0.1938.76 Safari/537.36"
20.15.133.163 - - [14/Apr/2026:00:28:52 +0000] "GET /?p=18732052061970 HTTP/2.0" 200 23057 "-" "Mozilla/5.0 AppleWebKit/537.36 (KHTML, like Gecko; compatible; bingbot/2.0; +http://www.bing.com/bingbot.htm) Chrome/116.0.1938.76 Safari/537.36"
66.249.64.33 - - [14/Apr/2026:00:29:17 +0000] "GET /?p=111671530021970 HTTP/1.1" 200 23262 "-" "Mozilla/5.0 (Linux; Android 6.0.1; Nexus 5X Build/MMB29P) AppleWebKit/537.36 (KHTML, like Gecko) Chrome/146.0.7680.177 Mobile Safari/537.36 (compatible; Googlebot/2.1; +http://www.google.com/bot.html)"
40.77.167.224 - - [14/Apr/2026:00:30:05 +0000] "GET /?p=84241059021970 HTTP/2.0" 200 23294 "-" "Mozilla/5.0 AppleWebKit/537.36 (KHTML, like Gecko; compatible; bingbot/2.0; +http://www.bing.com/bingbot.htm) Chrome/116.0.1938.76 Safari/537.36"
52.167.144.180 - - [14/Apr/2026:00:30:09 +0000] "GET /?p=23731190001970 HTTP/2.0" 200 23310 "-" "Mozilla/5.0 AppleWebKit/537.36 (KHTML, like Gecko; compatible; bingbot/2.0; +http://www.bing.com/bingbot.htm) Chrome/116.0.1938.76 Safari/537.36"
20.15.133.175 - - [14/Apr/2026:00:30:12 +0000] "GET /?p=25823476021970 HTTP/2.0" 200 22875 "-" "Mozilla/5.0 AppleWebKit/537.36 (KHTML, like Gecko; compatible; bingbot/2.0; +http://www.bing.com/bingbot.htm) Chrome/116.0.1938.76 Safari/537.36"
187.234.139.107 - - [14/Apr/2026:00:30:33 +0000] "GET /?p=117008727041970 HTTP/1.1" 500 - "https://veritserv.com/" "Mozilla/5.0 (X11; Linux x86_64) AppleWebKit/537.36 (KHTML, like Gecko) Chrome/135.0.0.0 Safari/537.36"
20.15.133.175 - - [14/Apr/2026:00:30:52 +0000] "GET /product/review/65664353091970 HTTP/2.0" 200 22888 "-" "Mozilla/5.0 AppleWebKit/537.36 (KHTML, like Gecko; compatible; bingbot/2.0; +http://www.bing.com/bingbot.htm) Chrome/116.0.1938.76 Safari/537.36"
52.167.144.195 - - [14/Apr/2026:00:31:04 +0000] "GET /?p=15585628081970 HTTP/2.0" 200 23041 "-" "Mozilla/5.0 AppleWebKit/537.36 (KHTML, like Gecko; compatible; bingbot/2.0; +http://www.bing.com/bingbot.htm) Chrome/116.0.1938.76 Safari/537.36"
52.167.144.180 - - [14/Apr/2026:00:31:26 +0000] "GET /?p=9510730081970 HTTP/2.0" 200 23170 "-" "Mozilla/5.0 AppleWebKit/537.36 (KHTML, like Gecko; compatible; bingbot/2.0; +http://www.bing.com/bingbot.htm) Chrome/116.0.1938.76 Safari/537.36"
52.167.144.180 - - [14/Apr/2026:00:31:27 +0000] "GET /?p=83526485131970 HTTP/2.0" 200 22609 "-" "Mozilla/5.0 AppleWebKit/537.36 (KHTML, like Gecko; compatible; bingbot/2.0; +http://www.bing.com/bingbot.htm) Chrome/116.0.1938.76 Safari/537.36"
52.167.144.180 - - [14/Apr/2026:00:31:28 +0000] "GET /?p=7088576041970 HTTP/2.0" 200 22874 "-" "Mozilla/5.0 AppleWebKit/537.36 (KHTML, like Gecko; compatible; bingbot/2.0; +http://www.bing.com/bingbot.htm) Chrome/116.0.1938.76 Safari/537.36"
52.167.144.180 - - [14/Apr/2026:00:31:29 +0000] "GET /?p=7394799001970 HTTP/2.0" 200 23322 "-" "Mozilla/5.0 AppleWebKit/537.36 (KHTML, like Gecko; compatible; bingbot/2.0; +http://www.bing.com/bingbot.htm) Chrome/116.0.1938.76 Safari/537.36"
52.167.144.195 - - [14/Apr/2026:00:31:36 +0000] "GET /?p=36973967001970 HTTP/2.0" 200 23461 "-" "Mozilla/5.0 AppleWebKit/537.36 (KHTML, like Gecko; compatible; bingbot/2.0; +http://www.bing.com/bingbot.htm) Chrome/116.0.1938.76 Safari/537.36"
52.167.144.195 - - [14/Apr/2026:00:31:37 +0000] "GET /?p=21760060011970 HTTP/2.0" 200 23731 "-" "Mozilla/5.0 AppleWebKit/537.36 (KHTML, like Gecko; compatible; bingbot/2.0; +http://www.bing.com/bingbot.htm) Chrome/116.0.1938.76 Safari/537.36"
52.167.144.195 - - [14/Apr/2026:00:31:38 +0000] "GET /?p=82392488001970 HTTP/2.0" 200 23392 "-" "Mozilla/5.0 AppleWebKit/537.36 (KHTML, like Gecko; compatible; bingbot/2.0; +http://www.bing.com/bingbot.htm) Chrome/116.0.1938.76 Safari/537.36"
52.167.144.180 - - [14/Apr/2026:00:31:38 +0000] "GET /product/category/30456640041970 HTTP/2.0" 200 23742 "-" "Mozilla/5.0 AppleWebKit/537.36 (KHTML, like Gecko; compatible; bingbot/2.0; +http://www.bing.com/bingbot.htm) Chrome/116.0.1938.76 Safari/537.36"
40.77.167.224 - - [14/Apr/2026:00:31:39 +0000] "GET /?p=114514925081970 HTTP/2.0" 200 23077 "-" "Mozilla/5.0 AppleWebKit/537.36 (KHTML, like Gecko; compatible; bingbot/2.0; +http://www.bing.com/bingbot.htm) Chrome/116.0.1938.76 Safari/537.36"
52.167.144.195 - - [14/Apr/2026:00:31:39 +0000] "GET /contents/event/kansyasai/24380511020970 HTTP/2.0" 200 24018 "-" "Mozilla/5.0 AppleWebKit/537.36 (KHTML, like Gecko; compatible; bingbot/2.0; +http://www.bing.com/bingbot.htm) Chrome/116.0.1938.76 Safari/537.36"
40.77.167.224 - - [14/Apr/2026:00:31:40 +0000] "GET /product/category/1678418011970 HTTP/2.0" 200 22705 "-" "Mozilla/5.0 AppleWebKit/537.36 (KHTML, like Gecko; compatible; bingbot/2.0; +http://www.bing.com/bingbot.htm) Chrome/116.0.1938.76 Safari/537.36"
40.77.167.224 - - [14/Apr/2026:00:31:41 +0000] "GET /product/category/2976440071970 HTTP/2.0" 200 22780 "-" "Mozilla/5.0 AppleWebKit/537.36 (KHTML, like Gecko; compatible; bingbot/2.0; +http://www.bing.com/bingbot.htm) Chrome/116.0.1938.76 Safari/537.36"
52.167.144.195 - - [14/Apr/2026:00:32:04 +0000] "GET /?p=9496013001970 HTTP/2.0" 200 22890 "-" "Mozilla/5.0 AppleWebKit/537.36 (KHTML, like Gecko; compatible; bingbot/2.0; +http://www.bing.com/bingbot.htm) Chrome/116.0.1938.76 Safari/537.36"
66.249.64.34 - - [14/Apr/2026:00:33:17 +0000] "GET /?p=1367185081970 HTTP/1.1" 200 22895 "-" "Mozilla/5.0 (Linux; Android 6.0.1; Nexus 5X Build/MMB29P) AppleWebKit/537.36 (KHTML, like Gecko) Chrome/146.0.7680.177 Mobile Safari/537.36 (compatible; Googlebot/2.1; +http://www.google.com/bot.html)"
52.167.144.195 - - [14/Apr/2026:00:34:34 +0000] "GET /?p=23257025071970 HTTP/2.0" 200 22780 "-" "Mozilla/5.0 AppleWebKit/537.36 (KHTML, like Gecko; compatible; bingbot/2.0; +http://www.bing.com/bingbot.htm) Chrome/116.0.1938.76 Safari/537.36"
52.167.144.180 - - [14/Apr/2026:00:35:29 +0000] "GET /?p=4288592101970 HTTP/2.0" 200 22955 "-" "Mozilla/5.0 AppleWebKit/537.36 (KHTML, like Gecko; compatible; bingbot/2.0; +http://www.bing.com/bingbot.htm) Chrome/116.0.1938.76 Safari/537.36"
40.77.167.224 - - [14/Apr/2026:00:35:36 +0000] "GET /?p=18865081011970 HTTP/2.0" 200 22959 "-" "Mozilla/5.0 AppleWebKit/537.36 (KHTML, like Gecko; compatible; bingbot/2.0; +http://www.bing.com/bingbot.htm) Chrome/116.0.1938.76 Safari/537.36"
40.77.167.224 - - [14/Apr/2026:00:35:38 +0000] "GET /?p=26471045131970 HTTP/2.0" 200 22729 "-" "Mozilla/5.0 AppleWebKit/537.36 (KHTML, like Gecko; compatible; bingbot/2.0; +http://www.bing.com/bingbot.htm) Chrome/116.0.1938.76 Safari/537.36"
52.167.144.180 - - [14/Apr/2026:00:35:47 +0000] "GET /?p=18078927081970 HTTP/2.0" 200 23112 "-" "Mozilla/5.0 AppleWebKit/537.36 (KHTML, like Gecko; compatible; bingbot/2.0; +http://www.bing.com/bingbot.htm) Chrome/116.0.1938.76 Safari/537.36"
66.249.64.33 - - [14/Apr/2026:00:36:17 +0000] "GET /?p=111680035041970 HTTP/1.1" 200 22919 "-" "Mozilla/5.0 (Linux; Android 6.0.1; Nexus 5X Build/MMB29P) AppleWebKit/537.36 (KHTML, like Gecko) Chrome/146.0.7680.177 Mobile Safari/537.36 (compatible; Googlebot/2.1; +http://www.google.com/bot.html)"
66.249.64.32 - - [14/Apr/2026:00:36:29 +0000] "GET /?p=119306072051970 HTTP/1.1" 200 22868 "-" "Mozilla/5.0 (Linux; Android 6.0.1; Nexus 5X Build/MMB29P) AppleWebKit/537.36 (KHTML, like Gecko) Chrome/146.0.7680.177 Mobile Safari/537.36 (compatible; Googlebot/2.1; +http://www.google.com/bot.html)"
74.7.175.161 - - [14/Apr/2026:00:36:50 +0000] "GET /robots.txt HTTP/1.1" 200 82 "-" "Mozilla/5.0 (Macintosh; Intel Mac OS X 10_15_7) AppleWebKit/537.36 (KHTML, like Gecko) Chrome/131.0.0.0 Safari/537.36; compatible; OAI-SearchBot/1.3; robots.txt; +https://openai.com/searchbot"
74.7.227.46 - - [14/Apr/2026:00:36:54 +0000] "GET /wp-admin/comment.php?action=approve&c=308 HTTP/1.1" 500 - "https://www.shakcoin.com" "Mozilla/5.0 AppleWebKit/537.36 (KHTML, like Gecko; compatible; GPTBot/1.3; +https://openai.com/gptbot)"
74.7.227.46 - - [14/Apr/2026:00:37:01 +0000] "GET /wp-admin/comment.php?action=spam&c=308 HTTP/1.1" 500 - "https://www.shakcoin.com" "Mozilla/5.0 AppleWebKit/537.36 (KHTML, like Gecko; compatible; GPTBot/1.3; +https://openai.com/gptbot)"
74.7.227.46 - - [14/Apr/2026:00:37:10 +0000] "GET /wp-admin/comment.php?action=trash&c=308 HTTP/1.1" 500 - "https://www.shakcoin.com" "Mozilla/5.0 AppleWebKit/537.36 (KHTML, like Gecko; compatible; GPTBot/1.3; +https://openai.com/gptbot)"
40.77.167.45 - - [14/Apr/2026:00:37:28 +0000] "GET /?p=45570932041970 HTTP/2.0" 200 23653 "-" "Mozilla/5.0 AppleWebKit/537.36 (KHTML, like Gecko; compatible; bingbot/2.0; +http://www.bing.com/bingbot.htm) Chrome/116.0.1938.76 Safari/537.36"
40.77.167.45 - - [14/Apr/2026:00:37:29 +0000] "GET /product/category/1737118021970 HTTP/2.0" 200 23123 "-" "Mozilla/5.0 AppleWebKit/537.36 (KHTML, like Gecko; compatible; bingbot/2.0; +http://www.bing.com/bingbot.htm) Chrome/116.0.1938.76 Safari/537.36"
40.77.167.45 - - [14/Apr/2026:00:37:30 +0000] "GET /product/category/100094287031970 HTTP/2.0" 200 23816 "-" "Mozilla/5.0 AppleWebKit/537.36 (KHTML, like Gecko; compatible; bingbot/2.0; +http://www.bing.com/bingbot.htm) Chrome/116.0.1938.76 Safari/537.36"
40.77.167.224 - - [14/Apr/2026:00:37:31 +0000] "GET /product/category/28422019071970 HTTP/2.0" 200 22287 "-" "Mozilla/5.0 AppleWebKit/537.36 (KHTML, like Gecko; compatible; bingbot/2.0; +http://www.bing.com/bingbot.htm) Chrome/116.0.1938.76 Safari/537.36"
74.7.227.46 - - [14/Apr/2026:00:37:38 +0000] "GET /wp-admin/comment.php?action=approve&c=503 HTTP/1.1" 500 - "https://www.shakcoin.com" "Mozilla/5.0 AppleWebKit/537.36 (KHTML, like Gecko; compatible; GPTBot/1.3; +https://openai.com/gptbot)"
40.77.167.45 - - [14/Apr/2026:00:37:39 +0000] "GET /?p=6801828031970 HTTP/2.0" 200 23182 "-" "Mozilla/5.0 AppleWebKit/537.36 (KHTML, like Gecko; compatible; bingbot/2.0; +http://www.bing.com/bingbot.htm) Chrome/116.0.1938.76 Safari/537.36"
40.77.167.224 - - [14/Apr/2026:00:37:52 +0000] "GET /product/review/4648152011970 HTTP/2.0" 200 23493 "-" "Mozilla/5.0 AppleWebKit/537.36 (KHTML, like Gecko; compatible; bingbot/2.0; +http://www.bing.com/bingbot.htm) Chrome/116.0.1938.76 Safari/537.36"
74.7.227.46 - - [14/Apr/2026:00:38:47 +0000] "GET /wp-admin/comment.php?action=spam&c=503 HTTP/1.1" 500 - "https://www.shakcoin.com" "Mozilla/5.0 AppleWebKit/537.36 (KHTML, like Gecko; compatible; GPTBot/1.3; +https://openai.com/gptbot)"
40.77.167.224 - - [14/Apr/2026:00:38:56 +0000] "GET /?p=84220961001970 HTTP/2.0" 200 22964 "-" "Mozilla/5.0 AppleWebKit/537.36 (KHTML, like Gecko; compatible; bingbot/2.0; +http://www.bing.com/bingbot.htm) Chrome/116.0.1938.76 Safari/537.36"
40.77.167.10 - - [14/Apr/2026:00:39:09 +0000] "GET /?p=26551395141970 HTTP/2.0" 200 22860 "-" "Mozilla/5.0 AppleWebKit/537.36 (KHTML, like Gecko; compatible; bingbot/2.0; +http://www.bing.com/bingbot.htm) Chrome/116.0.1938.76 Safari/537.36"
40.77.167.10 - - [14/Apr/2026:00:39:10 +0000] "GET /?p=6296521011970 HTTP/2.0" 200 23489 "-" "Mozilla/5.0 AppleWebKit/537.36 (KHTML, like Gecko; compatible; bingbot/2.0; +http://www.bing.com/bingbot.htm) Chrome/116.0.1938.76 Safari/537.36"
40.77.167.10 - - [14/Apr/2026:00:39:11 +0000] "GET /?p=67622914021970 HTTP/2.0" 200 23660 "-" "Mozilla/5.0 AppleWebKit/537.36 (KHTML, like Gecko; compatible; bingbot/2.0; +http://www.bing.com/bingbot.htm) Chrome/116.0.1938.76 Safari/537.36"
40.77.167.10 - - [14/Apr/2026:00:39:12 +0000] "GET /product/category/16933733001970 HTTP/2.0" 200 23315 "-" "Mozilla/5.0 AppleWebKit/537.36 (KHTML, like Gecko; compatible; bingbot/2.0; +http://www.bing.com/bingbot.htm) Chrome/116.0.1938.76 Safari/537.36"
40.77.167.45 - - [14/Apr/2026:00:39:16 +0000] "GET /?p=113077531101970 HTTP/2.0" 200 22810 "-" "Mozilla/5.0 AppleWebKit/537.36 (KHTML, like Gecko; compatible; bingbot/2.0; +http://www.bing.com/bingbot.htm) Chrome/116.0.1938.76 Safari/537.36"
66.249.64.33 - - [14/Apr/2026:00:39:17 +0000] "GET /?p=10113715011970 HTTP/1.1" 200 23651 "-" "Mozilla/5.0 (Linux; Android 6.0.1; Nexus 5X Build/MMB29P) AppleWebKit/537.36 (KHTML, like Gecko) Chrome/146.0.7680.177 Mobile Safari/537.36 (compatible; Googlebot/2.1; +http://www.google.com/bot.html)"
40.77.167.10 - - [14/Apr/2026:00:39:19 +0000] "GET /product/review/25051813001970 HTTP/2.0" 200 23812 "-" "Mozilla/5.0 AppleWebKit/537.36 (KHTML, like Gecko; compatible; bingbot/2.0; +http://www.bing.com/bingbot.htm) Chrome/116.0.1938.76 Safari/537.36"
40.77.167.57 - - [14/Apr/2026:00:39:20 +0000] "GET /?p=65718874031970 HTTP/2.0" 200 23414 "-" "Mozilla/5.0 AppleWebKit/537.36 (KHTML, like Gecko; compatible; bingbot/2.0; +http://www.bing.com/bingbot.htm) Chrome/116.0.1938.76 Safari/537.36"
40.77.167.57 - - [14/Apr/2026:00:39:22 +0000] "GET /?p=81008963001970 HTTP/2.0" 200 23261 "-" "Mozilla/5.0 AppleWebKit/537.36 (KHTML, like Gecko; compatible; bingbot/2.0; +http://www.bing.com/bingbot.htm) Chrome/116.0.1938.76 Safari/537.36"
40.77.167.57 - - [14/Apr/2026:00:39:23 +0000] "GET /contents/event/kansyasai/2975840010970 HTTP/2.0" 200 23333 "-" "Mozilla/5.0 AppleWebKit/537.36 (KHTML, like Gecko; compatible; bingbot/2.0; +http://www.bing.com/bingbot.htm) Chrome/116.0.1938.76 Safari/537.36"
40.77.167.57 - - [14/Apr/2026:00:39:23 +0000] "GET /product/review/4921894021970 HTTP/2.0" 200 23898 "-" "Mozilla/5.0 AppleWebKit/537.36 (KHTML, like Gecko; compatible; bingbot/2.0; +http://www.bing.com/bingbot.htm) Chrome/116.0.1938.76 Safari/537.36"
40.77.167.45 - - [14/Apr/2026:00:39:27 +0000] "GET /contents/event/kansyasai/96622966030970 HTTP/2.0" 200 23420 "-" "Mozilla/5.0 AppleWebKit/537.36 (KHTML, like Gecko; compatible; bingbot/2.0; +http://www.bing.com/bingbot.htm) Chrome/116.0.1938.76 Safari/537.36"
40.77.167.10 - - [14/Apr/2026:00:39:32 +0000] "GET /contents/event/kansyasai/5634782050970 HTTP/2.0" 200 23349 "-" "Mozilla/5.0 AppleWebKit/537.36 (KHTML, like Gecko; compatible; bingbot/2.0; +http://www.bing.com/bingbot.htm) Chrome/116.0.1938.76 Safari/537.36"
74.7.227.46 - - [14/Apr/2026:00:39:48 +0000] "GET /wp-admin/comment.php?action=trash&c=503 HTTP/1.1" 500 - "https://www.shakcoin.com" "Mozilla/5.0 AppleWebKit/537.36 (KHTML, like Gecko; compatible; GPTBot/1.3; +https://openai.com/gptbot)"
40.77.167.45 - - [14/Apr/2026:00:39:55 +0000] "GET /?p=48961391111970 HTTP/2.0" 200 22877 "-" "Mozilla/5.0 AppleWebKit/537.36 (KHTML, like Gecko; compatible; bingbot/2.0; +http://www.bing.com/bingbot.htm) Chrome/116.0.1938.76 Safari/537.36"
40.77.167.10 - - [14/Apr/2026:00:39:59 +0000] "GET /?p=17977494041970 HTTP/2.0" 200 23294 "-" "Mozilla/5.0 AppleWebKit/537.36 (KHTML, like Gecko; compatible; bingbot/2.0; +http://www.bing.com/bingbot.htm) Chrome/116.0.1938.76 Safari/537.36"
74.7.227.46 - - [14/Apr/2026:00:40:50 +0000] "GET /wp-admin/comment.php?action=spam&c=200 HTTP/1.1" 500 - "https://www.shakcoin.com" "Mozilla/5.0 AppleWebKit/537.36 (KHTML, like Gecko; compatible; GPTBot/1.3; +https://openai.com/gptbot)"
20.15.133.175 - - [14/Apr/2026:00:41:32 +0000] "GET /?p=37293321011970 HTTP/2.0" 200 23822 "-" "Mozilla/5.0 AppleWebKit/537.36 (KHTML, like Gecko; compatible; bingbot/2.0; +http://www.bing.com/bingbot.htm) Chrome/116.0.1938.76 Safari/537.36"
74.7.227.46 - - [14/Apr/2026:00:41:54 +0000] "GET /wp-admin/comment.php?action=approve&c=200 HTTP/1.1" 500 - "https://www.shakcoin.com" "Mozilla/5.0 AppleWebKit/537.36 (KHTML, like Gecko; compatible; GPTBot/1.3; +https://openai.com/gptbot)"
40.77.167.57 - - [14/Apr/2026:00:42:17 +0000] "GET /?p=25640307001970 HTTP/2.0" 200 23628 "-" "Mozilla/5.0 AppleWebKit/537.36 (KHTML, like Gecko; compatible; bingbot/2.0; +http://www.bing.com/bingbot.htm) Chrome/116.0.1938.76 Safari/537.36"
40.77.167.10 - - [14/Apr/2026:00:42:47 +0000] "GET /?p=13900883011970 HTTP/2.0" 200 23042 "-" "Mozilla/5.0 AppleWebKit/537.36 (KHTML, like Gecko; compatible; bingbot/2.0; +http://www.bing.com/bingbot.htm) Chrome/116.0.1938.76 Safari/537.36"
74.7.227.46 - - [14/Apr/2026:00:42:59 +0000] "GET /wp-admin/comment.php?action=trash&c=200 HTTP/1.1" 500 - "https://www.shakcoin.com" "Mozilla/5.0 AppleWebKit/537.36 (KHTML, like Gecko; compatible; GPTBot/1.3; +https://openai.com/gptbot)"
20.15.133.175 - - [14/Apr/2026:00:43:13 +0000] "GET /?p=23837931001970 HTTP/2.0" 200 23619 "-" "Mozilla/5.0 AppleWebKit/537.36 (KHTML, like Gecko; compatible; bingbot/2.0; +http://www.bing.com/bingbot.htm) Chrome/116.0.1938.76 Safari/537.36"
74.7.227.46 - - [14/Apr/2026:00:44:04 +0000] "GET /wp-admin/comment.php?action=approve&c=1191 HTTP/1.1" 500 - "https://www.shakcoin.com" "Mozilla/5.0 AppleWebKit/537.36 (KHTML, like Gecko; compatible; GPTBot/1.3; +https://openai.com/gptbot)"
66.249.64.33 - - [14/Apr/2026:00:44:24 +0000] "GET /?p=37862832141970 HTTP/1.1" 200 22899 "-" "Mozilla/5.0 (Linux; Android 6.0.1; Nexus 5X Build/MMB29P) AppleWebKit/537.36 (KHTML, like Gecko) Chrome/146.0.7680.177 Mobile Safari/537.36 (compatible; Googlebot/2.1; +http://www.google.com/bot.html)"
40.77.167.57 - - [14/Apr/2026:00:44:57 +0000] "GET /?p=33486023001970 HTTP/2.0" 200 22740 "-" "Mozilla/5.0 AppleWebKit/537.36 (KHTML, like Gecko; compatible; bingbot/2.0; +http://www.bing.com/bingbot.htm) Chrome/116.0.1938.76 Safari/537.36"
74.7.227.46 - - [14/Apr/2026:00:45:11 +0000] "GET /wp-admin/comment.php?action=trash&c=1191 HTTP/1.1" 500 - "https://www.shakcoin.com" "Mozilla/5.0 AppleWebKit/537.36 (KHTML, like Gecko; compatible; GPTBot/1.3; +https://openai.com/gptbot)"
74.7.227.46 - - [14/Apr/2026:00:46:09 +0000] "GET /wp-admin/comment.php?action=spam&c=1191 HTTP/1.1" 500 - "https://www.shakcoin.com" "Mozilla/5.0 AppleWebKit/537.36 (KHTML, like Gecko; compatible; GPTBot/1.3; +https://openai.com/gptbot)"
40.77.167.45 - - [14/Apr/2026:00:46:35 +0000] "GET /?p=8056833001970 HTTP/2.0" 200 23142 "-" "Mozilla/5.0 AppleWebKit/537.36 (KHTML, like Gecko; compatible; bingbot/2.0; +http://www.bing.com/bingbot.htm) Chrome/116.0.1938.76 Safari/537.36"
74.7.227.46 - - [14/Apr/2026:00:47:13 +0000] "GET /wp-admin/comment.php?action=trash&c=269 HTTP/1.1" 500 - "https://www.shakcoin.com" "Mozilla/5.0 AppleWebKit/537.36 (KHTML, like Gecko; compatible; GPTBot/1.3; +https://openai.com/gptbot)"
40.77.167.42 - - [14/Apr/2026:00:47:16 +0000] "GET /?p=96436059031970 HTTP/2.0" 200 23436 "-" "Mozilla/5.0 AppleWebKit/537.36 (KHTML, like Gecko; compatible; bingbot/2.0; +http://www.bing.com/bingbot.htm) Chrome/116.0.1938.76 Safari/537.36"
40.77.167.57 - - [14/Apr/2026:00:47:28 +0000] "GET /?p=23374195001970 HTTP/2.0" 200 23671 "-" "Mozilla/5.0 AppleWebKit/537.36 (KHTML, like Gecko; compatible; bingbot/2.0; +http://www.bing.com/bingbot.htm) Chrome/116.0.1938.76 Safari/537.36"
74.7.227.46 - - [14/Apr/2026:00:48:18 +0000] "GET /wp-admin/comment.php?action=approve&c=269 HTTP/1.1" 500 - "https://www.shakcoin.com" "Mozilla/5.0 AppleWebKit/537.36 (KHTML, like Gecko; compatible; GPTBot/1.3; +https://openai.com/gptbot)"
74.7.227.46 - - [14/Apr/2026:00:49:17 +0000] "GET /wp-admin/comment.php?action=spam&c=269 HTTP/1.1" 500 - "https://www.shakcoin.com" "Mozilla/5.0 AppleWebKit/537.36 (KHTML, like Gecko; compatible; GPTBot/1.3; +https://openai.com/gptbot)"
66.249.64.34 - - [14/Apr/2026:00:49:37 +0000] "GET /robots.txt HTTP/1.1" 200 82 "-" "Mozilla/5.0 (compatible; Googlebot/2.1; +http://www.google.com/bot.html)"
40.77.167.42 - - [14/Apr/2026:00:51:15 +0000] "GET /?p=9580357051970 HTTP/2.0" 200 23146 "-" "Mozilla/5.0 AppleWebKit/537.36 (KHTML, like Gecko; compatible; bingbot/2.0; +http://www.bing.com/bingbot.htm) Chrome/116.0.1938.76 Safari/537.36"
45.65.132.162 - - [14/Apr/2026:00:51:20 +0000] "GET /?p=48003278011970 HTTP/1.1" 500 - "https://veritserv.com/" "Mozilla/5.0 (Macintosh; Intel Mac OS X 10_15_7) AppleWebKit/537.36 (KHTML, like Gecko) Chrome/133.0.0.0 Safari/537.36"
66.249.64.32 - - [14/Apr/2026:00:51:31 +0000] "GET /?p=7751970081970 HTTP/1.1" 200 23268 "-" "Mozilla/5.0 (Linux; Android 6.0.1; Nexus 5X Build/MMB29P) AppleWebKit/537.36 (KHTML, like Gecko) Chrome/146.0.7680.177 Mobile Safari/537.36 (compatible; Googlebot/2.1; +http://www.google.com/bot.html)"
40.77.167.42 - - [14/Apr/2026:00:51:56 +0000] "GET /?p=95989644021970 HTTP/2.0" 200 23571 "-" "Mozilla/5.0 AppleWebKit/537.36 (KHTML, like Gecko; compatible; bingbot/2.0; +http://www.bing.com/bingbot.htm) Chrome/116.0.1938.76 Safari/537.36"
20.15.133.162 - - [14/Apr/2026:00:53:04 +0000] "GET /?p=23394617011970 HTTP/2.0" 200 23835 "-" "Mozilla/5.0 AppleWebKit/537.36 (KHTML, like Gecko; compatible; bingbot/2.0; +http://www.bing.com/bingbot.htm) Chrome/116.0.1938.76 Safari/537.36"
40.77.167.35 - - [14/Apr/2026:00:53:59 +0000] "GET /?p=28332998051970 HTTP/2.0" 200 23235 "-" "Mozilla/5.0 AppleWebKit/537.36 (KHTML, like Gecko; compatible; bingbot/2.0; +http://www.bing.com/bingbot.htm) Chrome/116.0.1938.76 Safari/537.36"
40.77.167.35 - - [14/Apr/2026:00:54:50 +0000] "GET /?p=27340008041970 HTTP/2.0" 200 23323 "-" "Mozilla/5.0 AppleWebKit/537.36 (KHTML, like Gecko; compatible; bingbot/2.0; +http://www.bing.com/bingbot.htm) Chrome/116.0.1938.76 Safari/537.36"
52.167.144.195 - - [14/Apr/2026:00:54:59 +0000] "GET /?p=15581278011970 HTTP/2.0" 200 22967 "-" "Mozilla/5.0 AppleWebKit/537.36 (KHTML, like Gecko; compatible; bingbot/2.0; +http://www.bing.com/bingbot.htm) Chrome/116.0.1938.76 Safari/537.36"
52.167.144.195 - - [14/Apr/2026:00:55:20 +0000] "GET /?p=24604100031970 HTTP/2.0" 200 23172 "-" "Mozilla/5.0 AppleWebKit/537.36 (KHTML, like Gecko; compatible; bingbot/2.0; +http://www.bing.com/bingbot.htm) Chrome/116.0.1938.76 Safari/537.36"
52.167.144.195 - - [14/Apr/2026:00:55:22 +0000] "GET /?p=24219477001970 HTTP/2.0" 200 23177 "-" "Mozilla/5.0 AppleWebKit/537.36 (KHTML, like Gecko; compatible; bingbot/2.0; +http://www.bing.com/bingbot.htm) Chrome/116.0.1938.76 Safari/537.36"
52.167.144.195 - - [14/Apr/2026:00:55:23 +0000] "GET /contents/event/kansyasai/99471274140970 HTTP/2.0" 200 22684 "-" "Mozilla/5.0 AppleWebKit/537.36 (KHTML, like Gecko; compatible; bingbot/2.0; +http://www.bing.com/bingbot.htm) Chrome/116.0.1938.76 Safari/537.36"
40.77.167.35 - - [14/Apr/2026:00:55:24 +0000] "GET /?p=24435699051970 HTTP/2.0" 200 23569 "-" "Mozilla/5.0 AppleWebKit/537.36 (KHTML, like Gecko; compatible; bingbot/2.0; +http://www.bing.com/bingbot.htm) Chrome/116.0.1938.76 Safari/537.36"
40.77.167.35 - - [14/Apr/2026:00:55:25 +0000] "GET /product/review/60788403041970 HTTP/2.0" 200 23230 "-" "Mozilla/5.0 AppleWebKit/537.36 (KHTML, like Gecko; compatible; bingbot/2.0; +http://www.bing.com/bingbot.htm) Chrome/116.0.1938.76 Safari/537.36"
40.77.167.35 - - [14/Apr/2026:00:55:26 +0000] "GET /product/review/10105015011970 HTTP/2.0" 200 23285 "-" "Mozilla/5.0 AppleWebKit/537.36 (KHTML, like Gecko; compatible; bingbot/2.0; +http://www.bing.com/bingbot.htm) Chrome/116.0.1938.76 Safari/537.36"
40.77.167.42 - - [14/Apr/2026:00:55:29 +0000] "GET /?p=99645428071970 HTTP/2.0" 200 22771 "-" "Mozilla/5.0 AppleWebKit/537.36 (KHTML, like Gecko; compatible; bingbot/2.0; +http://www.bing.com/bingbot.htm) Chrome/116.0.1938.76 Safari/537.36"
52.167.144.195 - - [14/Apr/2026:00:55:29 +0000] "GET /product/review/75841944041970 HTTP/2.0" 200 21717 "-" "Mozilla/5.0 AppleWebKit/537.36 (KHTML, like Gecko; compatible; bingbot/2.0; +http://www.bing.com/bingbot.htm) Chrome/116.0.1938.76 Safari/537.36"
40.77.167.42 - - [14/Apr/2026:00:55:29 +0000] "GET /product/review/837258031970 HTTP/2.0" 200 23093 "-" "Mozilla/5.0 AppleWebKit/537.36 (KHTML, like Gecko; compatible; bingbot/2.0; +http://www.bing.com/bingbot.htm) Chrome/116.0.1938.76 Safari/537.36"
40.77.167.42 - - [14/Apr/2026:00:55:30 +0000] "GET /product/category/4770858041970 HTTP/2.0" 200 24001 "-" "Mozilla/5.0 AppleWebKit/537.36 (KHTML, like Gecko; compatible; bingbot/2.0; +http://www.bing.com/bingbot.htm) Chrome/116.0.1938.76 Safari/537.36"
40.77.167.42 - - [14/Apr/2026:00:55:31 +0000] "GET /product/category/68445329111970 HTTP/2.0" 200 22729 "-" "Mozilla/5.0 AppleWebKit/537.36 (KHTML, like Gecko; compatible; bingbot/2.0; +http://www.bing.com/bingbot.htm) Chrome/116.0.1938.76 Safari/537.36"
40.77.167.42 - - [14/Apr/2026:00:55:31 +0000] "GET /product/review/27664569071970 HTTP/2.0" 200 22854 "-" "Mozilla/5.0 AppleWebKit/537.36 (KHTML, like Gecko; compatible; bingbot/2.0; +http://www.bing.com/bingbot.htm) Chrome/116.0.1938.76 Safari/537.36"
20.15.133.162 - - [14/Apr/2026:00:56:55 +0000] "GET /?p=23369785071970 HTTP/2.0" 200 22689 "-" "Mozilla/5.0 AppleWebKit/537.36 (KHTML, like Gecko; compatible; bingbot/2.0; +http://www.bing.com/bingbot.htm) Chrome/116.0.1938.76 Safari/537.36"
20.15.133.162 - - [14/Apr/2026:00:57:34 +0000] "GET /?p=108880182021970 HTTP/2.0" 200 23410 "-" "Mozilla/5.0 AppleWebKit/537.36 (KHTML, like Gecko; compatible; bingbot/2.0; +http://www.bing.com/bingbot.htm) Chrome/116.0.1938.76 Safari/537.36"
40.77.167.35 - - [14/Apr/2026:00:57:59 +0000] "GET /?p=17966335001970 HTTP/2.0" 200 23655 "-" "Mozilla/5.0 AppleWebKit/537.36 (KHTML, like Gecko; compatible; bingbot/2.0; +http://www.bing.com/bingbot.htm) Chrome/116.0.1938.76 Safari/537.36"
52.167.144.195 - - [14/Apr/2026:00:59:30 +0000] "GET /?p=104660980021970 HTTP/2.0" 200 23142 "-" "Mozilla/5.0 AppleWebKit/537.36 (KHTML, like Gecko; compatible; bingbot/2.0; +http://www.bing.com/bingbot.htm) Chrome/116.0.1938.76 Safari/537.36"
52.167.144.195 - - [14/Apr/2026:00:59:31 +0000] "GET /?p=6710887001970 HTTP/2.0" 200 23421 "-" "Mozilla/5.0 AppleWebKit/537.36 (KHTML, like Gecko; compatible; bingbot/2.0; +http://www.bing.com/bingbot.htm) Chrome/116.0.1938.76 Safari/537.36"
52.167.144.195 - - [14/Apr/2026:00:59:32 +0000] "GET /product/review/24727803031970 HTTP/2.0" 200 23485 "-" "Mozilla/5.0 AppleWebKit/537.36 (KHTML, like Gecko; compatible; bingbot/2.0; +http://www.bing.com/bingbot.htm) Chrome/116.0.1938.76 Safari/537.36"
66.249.64.33 - - [14/Apr/2026:00:59:36 +0000] "GET /robots.txt HTTP/1.1" 200 82 "-" "Mozilla/5.0 (compatible; Googlebot/2.1; +http://www.google.com/bot.html)"
52.167.144.195 - - [14/Apr/2026:00:59:40 +0000] "GET /contents/event/kansyasai/107310068040970 HTTP/2.0" 200 23261 "-" "Mozilla/5.0 AppleWebKit/537.36 (KHTML, like Gecko; compatible; bingbot/2.0; +http://www.bing.com/bingbot.htm) Chrome/116.0.1938.76 Safari/537.36"
52.167.144.195 - - [14/Apr/2026:00:59:41 +0000] "GET /contents/event/kansyasai/1552818050970 HTTP/2.0" 200 23376 "-" "Mozilla/5.0 AppleWebKit/537.36 (KHTML, like Gecko; compatible; bingbot/2.0; +http://www.bing.com/bingbot.htm) Chrome/116.0.1938.76 Safari/537.36"
40.77.167.35 - - [14/Apr/2026:00:59:41 +0000] "GET /?p=8062173001970 HTTP/2.0" 200 23099 "-" "Mozilla/5.0 AppleWebKit/537.36 (KHTML, like Gecko; compatible; bingbot/2.0; +http://www.bing.com/bingbot.htm) Chrome/116.0.1938.76 Safari/537.36"
40.77.167.35 - - [14/Apr/2026:00:59:44 +0000] "GET /?p=69330826041970 HTTP/2.0" 200 22841 "-" "Mozilla/5.0 AppleWebKit/537.36 (KHTML, like Gecko; compatible; bingbot/2.0; +http://www.bing.com/bingbot.htm) Chrome/116.0.1938.76 Safari/537.36"
40.77.167.35 - - [14/Apr/2026:00:59:45 +0000] "GET /contents/event/kansyasai/37801034080970 HTTP/2.0" 200 22733 "-" "Mozilla/5.0 AppleWebKit/537.36 (KHTML, like Gecko; compatible; bingbot/2.0; +http://www.bing.com/bingbot.htm) Chrome/116.0.1938.76 Safari/537.36"
40.77.167.35 - - [14/Apr/2026:00:59:46 +0000] "GET /contents/event/kansyasai/2887076000970 HTTP/2.0" 200 23579 "-" "Mozilla/5.0 AppleWebKit/537.36 (KHTML, like Gecko; compatible; bingbot/2.0; +http://www.bing.com/bingbot.htm) Chrome/116.0.1938.76 Safari/537.36"
52.167.144.18 - - [14/Apr/2026:00:59:49 +0000] "GET /product/category/24031565051970 HTTP/2.0" 200 22803 "-" "Mozilla/5.0 AppleWebKit/537.36 (KHTML, like Gecko; compatible; bingbot/2.0; +http://www.bing.com/bingbot.htm) Chrome/116.0.1938.76 Safari/537.36"
52.167.144.18 - - [14/Apr/2026:00:59:50 +0000] "GET /contents/event/kansyasai/46311017060970 HTTP/2.0" 200 23017 "-" "Mozilla/5.0 AppleWebKit/537.36 (KHTML, like Gecko; compatible; bingbot/2.0; +http://www.bing.com/bingbot.htm) Chrome/116.0.1938.76 Safari/537.36"
52.167.144.18 - - [14/Apr/2026:00:59:51 +0000] "GET /product/category/5506990041970 HTTP/2.0" 200 22734 "-" "Mozilla/5.0 AppleWebKit/537.36 (KHTML, like Gecko; compatible; bingbot/2.0; +http://www.bing.com/bingbot.htm) Chrome/116.0.1938.76 Safari/537.36"
52.167.144.18 - - [14/Apr/2026:00:59:52 +0000] "GET /product/review/26547825041970 HTTP/2.0" 200 22989 "-" "Mozilla/5.0 AppleWebKit/537.36 (KHTML, like Gecko; compatible; bingbot/2.0; +http://www.bing.com/bingbot.htm) Chrome/116.0.1938.76 Safari/537.36"
52.167.144.18 - - [14/Apr/2026:01:01:30 +0000] "GET /?p=48628234071970 HTTP/2.0" 200 22425 "-" "Mozilla/5.0 AppleWebKit/537.36 (KHTML, like Gecko; compatible; bingbot/2.0; +http://www.bing.com/bingbot.htm) Chrome/116.0.1938.76 Safari/537.36"
52.167.144.18 - - [14/Apr/2026:01:01:30 +0000] "GET /?p=10127694041970 HTTP/2.0" 200 22810 "-" "Mozilla/5.0 AppleWebKit/537.36 (KHTML, like Gecko; compatible; bingbot/2.0; +http://www.bing.com/bingbot.htm) Chrome/116.0.1938.76 Safari/537.36"
52.167.144.18 - - [14/Apr/2026:01:01:31 +0000] "GET /product/review/38381553041970 HTTP/2.0" 200 23807 "-" "Mozilla/5.0 AppleWebKit/537.36 (KHTML, like Gecko; compatible; bingbot/2.0; +http://www.bing.com/bingbot.htm) Chrome/116.0.1938.76 Safari/537.36"
52.167.144.18 - - [14/Apr/2026:01:01:32 +0000] "GET /product/category/64545383061970 HTTP/2.0" 200 22986 "-" "Mozilla/5.0 AppleWebKit/537.36 (KHTML, like Gecko; compatible; bingbot/2.0; +http://www.bing.com/bingbot.htm) Chrome/116.0.1938.76 Safari/537.36"
52.167.144.204 - - [14/Apr/2026:01:01:34 +0000] "GET /?p=94024784001970 HTTP/2.0" 200 22824 "-" "Mozilla/5.0 AppleWebKit/537.36 (KHTML, like Gecko; compatible; bingbot/2.0; +http://www.bing.com/bingbot.htm) Chrome/116.0.1938.76 Safari/537.36"
52.167.144.204 - - [14/Apr/2026:01:01:34 +0000] "GET /?p=6028202031970 HTTP/2.0" 200 22983 "-" "Mozilla/5.0 AppleWebKit/537.36 (KHTML, like Gecko; compatible; bingbot/2.0; +http://www.bing.com/bingbot.htm) Chrome/116.0.1938.76 Safari/537.36"
52.167.144.204 - - [14/Apr/2026:01:01:35 +0000] "GET /product/review/6044783061970 HTTP/2.0" 200 23249 "-" "Mozilla/5.0 AppleWebKit/537.36 (KHTML, like Gecko; compatible; bingbot/2.0; +http://www.bing.com/bingbot.htm) Chrome/116.0.1938.76 Safari/537.36"
52.167.144.204 - - [14/Apr/2026:01:01:36 +0000] "GET /contents/event/kansyasai/2725363040970 HTTP/2.0" 200 23248 "-" "Mozilla/5.0 AppleWebKit/537.36 (KHTML, like Gecko; compatible; bingbot/2.0; +http://www.bing.com/bingbot.htm) Chrome/116.0.1938.76 Safari/537.36"
40.77.167.14 - - [14/Apr/2026:01:01:39 +0000] "GET /contents/event/kansyasai/15532919080970 HTTP/2.0" 200 22832 "-" "Mozilla/5.0 AppleWebKit/537.36 (KHTML, like Gecko; compatible; bingbot/2.0; +http://www.bing.com/bingbot.htm) Chrome/116.0.1938.76 Safari/537.36"
40.77.167.14 - - [14/Apr/2026:01:01:40 +0000] "GET /contents/event/kansyasai/37222046050970 HTTP/2.0" 200 22811 "-" "Mozilla/5.0 AppleWebKit/537.36 (KHTML, like Gecko; compatible; bingbot/2.0; +http://www.bing.com/bingbot.htm) Chrome/116.0.1938.76 Safari/537.36"
40.77.167.14 - - [14/Apr/2026:01:01:42 +0000] "GET /contents/event/kansyasai/4614190080970 HTTP/2.0" 200 22992 "-" "Mozilla/5.0 AppleWebKit/537.36 (KHTML, like Gecko; compatible; bingbot/2.0; +http://www.bing.com/bingbot.htm) Chrome/116.0.1938.76 Safari/537.36"
40.77.167.14 - - [14/Apr/2026:01:02:19 +0000] "GET /?p=26123731011970 HTTP/2.0" 200 23012 "-" "Mozilla/5.0 AppleWebKit/537.36 (KHTML, like Gecko; compatible; bingbot/2.0; +http://www.bing.com/bingbot.htm) Chrome/116.0.1938.76 Safari/537.36"
40.77.167.14 - - [14/Apr/2026:01:02:49 +0000] "GET /?p=20502562031970 HTTP/2.0" 200 23915 "-" "Mozilla/5.0 AppleWebKit/537.36 (KHTML, like Gecko; compatible; bingbot/2.0; +http://www.bing.com/bingbot.htm) Chrome/116.0.1938.76 Safari/537.36"
52.167.144.204 - - [14/Apr/2026:01:03:20 +0000] "GET /?p=17662617021970 HTTP/2.0" 200 22950 "-" "Mozilla/5.0 AppleWebKit/537.36 (KHTML, like Gecko; compatible; bingbot/2.0; +http://www.bing.com/bingbot.htm) Chrome/116.0.1938.76 Safari/537.36"
52.167.144.204 - - [14/Apr/2026:01:03:51 +0000] "GET /?p=106238014061970 HTTP/2.0" 200 22865 "-" "Mozilla/5.0 AppleWebKit/537.36 (KHTML, like Gecko; compatible; bingbot/2.0; +http://www.bing.com/bingbot.htm) Chrome/116.0.1938.76 Safari/537.36"
52.167.144.204 - - [14/Apr/2026:01:03:52 +0000] "GET /product/category/82773486021970 HTTP/2.0" 200 23495 "-" "Mozilla/5.0 AppleWebKit/537.36 (KHTML, like Gecko; compatible; bingbot/2.0; +http://www.bing.com/bingbot.htm) Chrome/116.0.1938.76 Safari/537.36"
52.167.144.18 - - [14/Apr/2026:01:04:01 +0000] "GET /?p=97169314051970 HTTP/2.0" 200 23931 "-" "Mozilla/5.0 AppleWebKit/537.36 (KHTML, like Gecko; compatible; bingbot/2.0; +http://www.bing.com/bingbot.htm) Chrome/116.0.1938.76 Safari/537.36"
52.167.144.18 - - [14/Apr/2026:01:04:02 +0000] "GET /?p=24399840011970 HTTP/2.0" 200 23166 "-" "Mozilla/5.0 AppleWebKit/537.36 (KHTML, like Gecko; compatible; bingbot/2.0; +http://www.bing.com/bingbot.htm) Chrome/116.0.1938.76 Safari/537.36"
52.167.144.18 - - [14/Apr/2026:01:04:03 +0000] "GET /shop/storeSearch/KeepCriteriaInput.aspx?transition=top9627722012970 HTTP/2.0" 200 23648 "-" "Mozilla/5.0 AppleWebKit/537.36 (KHTML, like Gecko; compatible; bingbot/2.0; +http://www.bing.com/bingbot.htm) Chrome/116.0.1938.76 Safari/537.36"
40.77.167.14 - - [14/Apr/2026:01:04:05 +0000] "GET /?p=5418225011970 HTTP/2.0" 200 22985 "-" "Mozilla/5.0 AppleWebKit/537.36 (KHTML, like Gecko; compatible; bingbot/2.0; +http://www.bing.com/bingbot.htm) Chrome/116.0.1938.76 Safari/537.36"
40.77.167.14 - - [14/Apr/2026:01:04:06 +0000] "GET /contents/event/kansyasai/84025735010970 HTTP/2.0" 200 23808 "-" "Mozilla/5.0 AppleWebKit/537.36 (KHTML, like Gecko; compatible; bingbot/2.0; +http://www.bing.com/bingbot.htm) Chrome/116.0.1938.76 Safari/537.36"
40.77.167.14 - - [14/Apr/2026:01:04:06 +0000] "GET /product/review/60737185071970 HTTP/2.0" 200 23036 "-" "Mozilla/5.0 AppleWebKit/537.36 (KHTML, like Gecko; compatible; bingbot/2.0; +http://www.bing.com/bingbot.htm) Chrome/116.0.1938.76 Safari/537.36"
40.77.167.14 - - [14/Apr/2026:01:04:07 +0000] "GET /contents/event/kansyasai/89267982040970 HTTP/2.0" 200 23565 "-" "Mozilla/5.0 AppleWebKit/537.36 (KHTML, like Gecko; compatible; bingbot/2.0; +http://www.bing.com/bingbot.htm) Chrome/116.0.1938.76 Safari/537.36"
20.15.133.191 - - [14/Apr/2026:01:04:55 +0000] "GET /?p=4239640061970 HTTP/2.0" 200 23009 "-" "Mozilla/5.0 AppleWebKit/537.36 (KHTML, like Gecko; compatible; bingbot/2.0; +http://www.bing.com/bingbot.htm) Chrome/116.0.1938.76 Safari/537.36"
40.77.167.14 - - [14/Apr/2026:01:05:09 +0000] "GET /?p=82446461081970 HTTP/2.0" 200 23021 "-" "Mozilla/5.0 AppleWebKit/537.36 (KHTML, like Gecko; compatible; bingbot/2.0; +http://www.bing.com/bingbot.htm) Chrome/116.0.1938.76 Safari/537.36"
40.77.167.14 - - [14/Apr/2026:01:05:10 +0000] "GET /?p=110480695031970 HTTP/2.0" 200 22911 "-" "Mozilla/5.0 AppleWebKit/537.36 (KHTML, like Gecko; compatible; bingbot/2.0; +http://www.bing.com/bingbot.htm) Chrome/116.0.1938.76 Safari/537.36"
40.77.167.14 - - [14/Apr/2026:01:05:11 +0000] "GET /?p=112716538111970 HTTP/2.0" 200 23211 "-" "Mozilla/5.0 AppleWebKit/537.36 (KHTML, like Gecko; compatible; bingbot/2.0; +http://www.bing.com/bingbot.htm) Chrome/116.0.1938.76 Safari/537.36"
52.167.144.204 - - [14/Apr/2026:01:05:14 +0000] "GET /?p=9120950011970 HTTP/2.0" 200 23550 "-" "Mozilla/5.0 AppleWebKit/537.36 (KHTML, like Gecko; compatible; bingbot/2.0; +http://www.bing.com/bingbot.htm) Chrome/116.0.1938.76 Safari/537.36"
52.167.144.204 - - [14/Apr/2026:01:05:15 +0000] "GET /?p=44131534141970 HTTP/2.0" 200 22847 "-" "Mozilla/5.0 AppleWebKit/537.36 (KHTML, like Gecko; compatible; bingbot/2.0; +http://www.bing.com/bingbot.htm) Chrome/116.0.1938.76 Safari/537.36"
52.167.144.204 - - [14/Apr/2026:01:05:17 +0000] "GET /?p=2196685001970 HTTP/2.0" 200 22916 "-" "Mozilla/5.0 AppleWebKit/537.36 (KHTML, like Gecko; compatible; bingbot/2.0; +http://www.bing.com/bingbot.htm) Chrome/116.0.1938.76 Safari/537.36"
52.167.144.18 - - [14/Apr/2026:01:05:22 +0000] "GET /?p=83137534021970 HTTP/2.0" 200 23716 "-" "Mozilla/5.0 AppleWebKit/537.36 (KHTML, like Gecko; compatible; bingbot/2.0; +http://www.bing.com/bingbot.htm) Chrome/116.0.1938.76 Safari/537.36"
52.167.144.18 - - [14/Apr/2026:01:05:22 +0000] "GET /?p=85015745021970 HTTP/2.0" 200 23336 "-" "Mozilla/5.0 AppleWebKit/537.36 (KHTML, like Gecko; compatible; bingbot/2.0; +http://www.bing.com/bingbot.htm) Chrome/116.0.1938.76 Safari/537.36"
52.167.144.18 - - [14/Apr/2026:01:05:23 +0000] "GET /?p=110416759011970 HTTP/2.0" 200 22633 "-" "Mozilla/5.0 AppleWebKit/537.36 (KHTML, like Gecko; compatible; bingbot/2.0; +http://www.bing.com/bingbot.htm) Chrome/116.0.1938.76 Safari/537.36"
52.167.144.18 - - [14/Apr/2026:01:05:24 +0000] "GET /?p=22081708001970 HTTP/2.0" 200 23129 "-" "Mozilla/5.0 AppleWebKit/537.36 (KHTML, like Gecko; compatible; bingbot/2.0; +http://www.bing.com/bingbot.htm) Chrome/116.0.1938.76 Safari/537.36"
52.167.144.18 - - [14/Apr/2026:01:05:24 +0000] "GET /?p=60801768041970 HTTP/2.0" 200 22832 "-" "Mozilla/5.0 AppleWebKit/537.36 (KHTML, like Gecko; compatible; bingbot/2.0; +http://www.bing.com/bingbot.htm) Chrome/116.0.1938.76 Safari/537.36"
52.167.144.18 - - [14/Apr/2026:01:05:30 +0000] "GET /product/category/27584460061970 HTTP/2.0" 200 23268 "-" "Mozilla/5.0 AppleWebKit/537.36 (KHTML, like Gecko; compatible; bingbot/2.0; +http://www.bing.com/bingbot.htm) Chrome/116.0.1938.76 Safari/537.36"
52.167.144.18 - - [14/Apr/2026:01:05:32 +0000] "GET /?p=85034667051970 HTTP/2.0" 200 23035 "-" "Mozilla/5.0 AppleWebKit/537.36 (KHTML, like Gecko; compatible; bingbot/2.0; +http://www.bing.com/bingbot.htm) Chrome/116.0.1938.76 Safari/537.36"
40.77.167.14 - - [14/Apr/2026:01:05:36 +0000] "GET /?p=20430797071970 HTTP/2.0" 200 22661 "-" "Mozilla/5.0 AppleWebKit/537.36 (KHTML, like Gecko; compatible; bingbot/2.0; +http://www.bing.com/bingbot.htm) Chrome/116.0.1938.76 Safari/537.36"
40.77.167.14 - - [14/Apr/2026:01:05:44 +0000] "GET /product/review/13522362051970 HTTP/2.0" 200 23376 "-" "Mozilla/5.0 AppleWebKit/537.36 (KHTML, like Gecko; compatible; bingbot/2.0; +http://www.bing.com/bingbot.htm) Chrome/116.0.1938.76 Safari/537.36"
40.77.167.14 - - [14/Apr/2026:01:05:45 +0000] "GET /product/review/33425988021970 HTTP/2.0" 200 22907 "-" "Mozilla/5.0 AppleWebKit/537.36 (KHTML, like Gecko; compatible; bingbot/2.0; +http://www.bing.com/bingbot.htm) Chrome/116.0.1938.76 Safari/537.36"
40.77.167.14 - - [14/Apr/2026:01:05:46 +0000] "GET /contents/event/kansyasai/24855520020970 HTTP/2.0" 200 23914 "-" "Mozilla/5.0 AppleWebKit/537.36 (KHTML, like Gecko; compatible; bingbot/2.0; +http://www.bing.com/bingbot.htm) Chrome/116.0.1938.76 Safari/537.36"
66.249.64.32 - - [14/Apr/2026:01:07:30 +0000] "GET /robots.txt HTTP/1.1" 200 82 "-" "Mozilla/5.0 (compatible; Googlebot/2.1; +http://www.google.com/bot.html)"
52.167.144.204 - - [14/Apr/2026:01:08:01 +0000] "GET /?p=17975994021970 HTTP/2.0" 200 23113 "-" "Mozilla/5.0 AppleWebKit/537.36 (KHTML, like Gecko; compatible; bingbot/2.0; +http://www.bing.com/bingbot.htm) Chrome/116.0.1938.76 Safari/537.36"
52.167.144.18 - - [14/Apr/2026:01:08:10 +0000] "GET /?p=110014629051970 HTTP/2.0" 200 23180 "-" "Mozilla/5.0 AppleWebKit/537.36 (KHTML, like Gecko; compatible; bingbot/2.0; +http://www.bing.com/bingbot.htm) Chrome/116.0.1938.76 Safari/537.36"
52.167.144.18 - - [14/Apr/2026:01:08:10 +0000] "GET /?p=26022851051970 HTTP/2.0" 200 23026 "-" "Mozilla/5.0 AppleWebKit/537.36 (KHTML, like Gecko; compatible; bingbot/2.0; +http://www.bing.com/bingbot.htm) Chrome/116.0.1938.76 Safari/537.36"
52.167.144.18 - - [14/Apr/2026:01:08:11 +0000] "GET /?p=89943708051970 HTTP/2.0" 200 22996 "-" "Mozilla/5.0 AppleWebKit/537.36 (KHTML, like Gecko; compatible; bingbot/2.0; +http://www.bing.com/bingbot.htm) Chrome/116.0.1938.76 Safari/537.36"
52.167.144.18 - - [14/Apr/2026:01:08:12 +0000] "GET /?p=102098876021970 HTTP/2.0" 200 22508 "-" "Mozilla/5.0 AppleWebKit/537.36 (KHTML, like Gecko; compatible; bingbot/2.0; +http://www.bing.com/bingbot.htm) Chrome/116.0.1938.76 Safari/537.36"
52.167.144.18 - - [14/Apr/2026:01:08:14 +0000] "GET /contents/event/kansyasai/4543703080970 HTTP/2.0" 200 23347 "-" "Mozilla/5.0 AppleWebKit/537.36 (KHTML, like Gecko; compatible; bingbot/2.0; +http://www.bing.com/bingbot.htm) Chrome/116.0.1938.76 Safari/537.36"
52.167.144.18 - - [14/Apr/2026:01:08:20 +0000] "GET /product/category/9417480011970 HTTP/2.0" 200 22817 "-" "Mozilla/5.0 AppleWebKit/537.36 (KHTML, like Gecko; compatible; bingbot/2.0; +http://www.bing.com/bingbot.htm) Chrome/116.0.1938.76 Safari/537.36"
52.167.144.204 - - [14/Apr/2026:01:08:21 +0000] "GET /?p=25814776001970 HTTP/2.0" 200 22874 "-" "Mozilla/5.0 AppleWebKit/537.36 (KHTML, like Gecko; compatible; bingbot/2.0; +http://www.bing.com/bingbot.htm) Chrome/116.0.1938.76 Safari/537.36"
40.77.167.14 - - [14/Apr/2026:01:08:21 +0000] "GET /?p=24618192061970 HTTP/2.0" 200 22631 "-" "Mozilla/5.0 AppleWebKit/537.36 (KHTML, like Gecko; compatible; bingbot/2.0; +http://www.bing.com/bingbot.htm) Chrome/116.0.1938.76 Safari/537.36"
52.167.144.204 - - [14/Apr/2026:01:08:25 +0000] "GET /product/review/46138016011970 HTTP/2.0" 200 23578 "-" "Mozilla/5.0 AppleWebKit/537.36 (KHTML, like Gecko; compatible; bingbot/2.0; +http://www.bing.com/bingbot.htm) Chrome/116.0.1938.76 Safari/537.36"
40.77.167.14 - - [14/Apr/2026:01:08:30 +0000] "GET /?p=23852679031970 HTTP/2.0" 200 24121 "-" "Mozilla/5.0 AppleWebKit/537.36 (KHTML, like Gecko; compatible; bingbot/2.0; +http://www.bing.com/bingbot.htm) Chrome/116.0.1938.76 Safari/537.36"
40.77.167.14 - - [14/Apr/2026:01:08:30 +0000] "GET /product/category/5203573041970 HTTP/2.0" 200 23050 "-" "Mozilla/5.0 AppleWebKit/537.36 (KHTML, like Gecko; compatible; bingbot/2.0; +http://www.bing.com/bingbot.htm) Chrome/116.0.1938.76 Safari/537.36"
40.77.167.14 - - [14/Apr/2026:01:08:31 +0000] "GET /product/review/1631665021970 HTTP/2.0" 200 23622 "-" "Mozilla/5.0 AppleWebKit/537.36 (KHTML, like Gecko; compatible; bingbot/2.0; +http://www.bing.com/bingbot.htm) Chrome/116.0.1938.76 Safari/537.36"
20.15.133.191 - - [14/Apr/2026:01:08:56 +0000] "GET /?p=84293704001970 HTTP/2.0" 200 22754 "-" "Mozilla/5.0 AppleWebKit/537.36 (KHTML, like Gecko; compatible; bingbot/2.0; +http://www.bing.com/bingbot.htm) Chrome/116.0.1938.76 Safari/537.36"
20.15.133.191 - - [14/Apr/2026:01:09:15 +0000] "GET /?p=6510227071970 HTTP/2.0" 200 22684 "-" "Mozilla/5.0 AppleWebKit/537.36 (KHTML, like Gecko; compatible; bingbot/2.0; +http://www.bing.com/bingbot.htm) Chrome/116.0.1938.76 Safari/537.36"
52.167.144.204 - - [14/Apr/2026:01:09:50 +0000] "GET /?p=27318648011970 HTTP/2.0" 200 23643 "-" "Mozilla/5.0 AppleWebKit/537.36 (KHTML, like Gecko; compatible; bingbot/2.0; +http://www.bing.com/bingbot.htm) Chrome/116.0.1938.76 Safari/537.36"
40.77.167.14 - - [14/Apr/2026:01:10:30 +0000] "GET /?p=18911614081970 HTTP/2.0" 200 22813 "-" "Mozilla/5.0 AppleWebKit/537.36 (KHTML, like Gecko; compatible; bingbot/2.0; +http://www.bing.com/bingbot.htm) Chrome/116.0.1938.76 Safari/537.36"
52.167.144.204 - - [14/Apr/2026:01:10:50 +0000] "GET /?p=28340064001970 HTTP/2.0" 200 23214 "-" "Mozilla/5.0 AppleWebKit/537.36 (KHTML, like Gecko; compatible; bingbot/2.0; +http://www.bing.com/bingbot.htm) Chrome/116.0.1938.76 Safari/537.36"
40.77.167.136 - - [14/Apr/2026:01:10:57 +0000] "GET /?p=18784059071970 HTTP/2.0" 200 23119 "-" "Mozilla/5.0 AppleWebKit/537.36 (KHTML, like Gecko; compatible; bingbot/2.0; +http://www.bing.com/bingbot.htm) Chrome/116.0.1938.76 Safari/537.36"
66.249.64.33 - - [14/Apr/2026:01:11:03 +0000] "GET /?p=73139941031970 HTTP/1.1" 200 23257 "-" "Mozilla/5.0 (Linux; Android 6.0.1; Nexus 5X Build/MMB29P) AppleWebKit/537.36 (KHTML, like Gecko) Chrome/146.0.7680.177 Mobile Safari/537.36 (compatible; Googlebot/2.1; +http://www.google.com/bot.html)"
151.236.162.66 - - [14/Apr/2026:01:11:15 +0000] "GET /services HTTP/1.1" 500 - "https://veritserv.com/" "Mozilla/5.0 (Windows NT 10.0; Win64; x64) AppleWebKit/537.36 (KHTML, like Gecko) Chrome/135.0.0.0 Safari/537.36"
20.15.133.191 - - [14/Apr/2026:01:11:35 +0000] "GET /?p=23460176011970 HTTP/2.0" 200 22969 "-" "Mozilla/5.0 AppleWebKit/537.36 (KHTML, like Gecko; compatible; bingbot/2.0; +http://www.bing.com/bingbot.htm) Chrome/116.0.1938.76 Safari/537.36"
20.15.133.191 - - [14/Apr/2026:01:11:37 +0000] "GET /?p=13952093071970 HTTP/2.0" 200 22247 "-" "Mozilla/5.0 AppleWebKit/537.36 (KHTML, like Gecko; compatible; bingbot/2.0; +http://www.bing.com/bingbot.htm) Chrome/116.0.1938.76 Safari/537.36"
52.167.144.204 - - [14/Apr/2026:01:11:50 +0000] "GET /?p=15680017031970 HTTP/2.0" 200 23242 "-" "Mozilla/5.0 AppleWebKit/537.36 (KHTML, like Gecko; compatible; bingbot/2.0; +http://www.bing.com/bingbot.htm) Chrome/116.0.1938.76 Safari/537.36"
40.77.167.14 - - [14/Apr/2026:01:12:00 +0000] "GET /?p=45395659081970 HTTP/2.0" 200 23292 "-" "Mozilla/5.0 AppleWebKit/537.36 (KHTML, like Gecko; compatible; bingbot/2.0; +http://www.bing.com/bingbot.htm) Chrome/116.0.1938.76 Safari/537.36"
40.77.167.14 - - [14/Apr/2026:01:12:01 +0000] "GET /?p=37661619011970 HTTP/2.0" 200 22616 "-" "Mozilla/5.0 AppleWebKit/537.36 (KHTML, like Gecko; compatible; bingbot/2.0; +http://www.bing.com/bingbot.htm) Chrome/116.0.1938.76 Safari/537.36"
40.77.167.136 - - [14/Apr/2026:01:12:07 +0000] "GET /?p=18927268011970 HTTP/2.0" 200 22821 "-" "Mozilla/5.0 AppleWebKit/537.36 (KHTML, like Gecko; compatible; bingbot/2.0; +http://www.bing.com/bingbot.htm) Chrome/116.0.1938.76 Safari/537.36"
40.77.167.136 - - [14/Apr/2026:01:12:38 +0000] "GET /?p=6220657081970 HTTP/2.0" 200 23074 "-" "Mozilla/5.0 AppleWebKit/537.36 (KHTML, like Gecko; compatible; bingbot/2.0; +http://www.bing.com/bingbot.htm) Chrome/116.0.1938.76 Safari/537.36"
20.15.133.175 - - [14/Apr/2026:01:13:26 +0000] "GET /?p=18961642071970 HTTP/2.0" 200 23106 "-" "Mozilla/5.0 AppleWebKit/537.36 (KHTML, like Gecko; compatible; bingbot/2.0; +http://www.bing.com/bingbot.htm) Chrome/116.0.1938.76 Safari/537.36"
52.167.144.236 - - [14/Apr/2026:01:14:31 +0000] "GET /?p=16460283121970 HTTP/2.0" 200 22669 "-" "Mozilla/5.0 AppleWebKit/537.36 (KHTML, like Gecko; compatible; bingbot/2.0; +http://www.bing.com/bingbot.htm) Chrome/116.0.1938.76 Safari/537.36"
40.77.167.36 - - [14/Apr/2026:01:14:32 +0000] "GET /?p=16124181011970 HTTP/2.0" 200 23378 "-" "Mozilla/5.0 AppleWebKit/537.36 (KHTML, like Gecko; compatible; bingbot/2.0; +http://www.bing.com/bingbot.htm) Chrome/116.0.1938.76 Safari/537.36"
40.77.167.36 - - [14/Apr/2026:01:14:32 +0000] "GET /?p=23829891001970 HTTP/2.0" 200 23366 "-" "Mozilla/5.0 AppleWebKit/537.36 (KHTML, like Gecko; compatible; bingbot/2.0; +http://www.bing.com/bingbot.htm) Chrome/116.0.1938.76 Safari/537.36"
52.167.144.56 - - [14/Apr/2026:01:14:33 +0000] "GET /robots.txt HTTP/2.0" 200 82 "-" "Mozilla/5.0 AppleWebKit/537.36 (KHTML, like Gecko; compatible; bingbot/2.0; +http://www.bing.com/bingbot.htm) Chrome/116.0.1938.76 Safari/537.36"
52.167.144.56 - - [14/Apr/2026:01:14:33 +0000] "GET /robots.txt HTTP/2.0" 200 82 "-" "Mozilla/5.0 AppleWebKit/537.36 (KHTML, like Gecko; compatible; bingbot/2.0; +http://www.bing.com/bingbot.htm) Chrome/116.0.1938.76 Safari/537.36"
52.167.144.236 - - [14/Apr/2026:01:15:31 +0000] "GET /?p=10265014041970 HTTP/2.0" 200 23614 "-" "Mozilla/5.0 AppleWebKit/537.36 (KHTML, like Gecko; compatible; bingbot/2.0; +http://www.bing.com/bingbot.htm) Chrome/116.0.1938.76 Safari/537.36"
52.167.144.236 - - [14/Apr/2026:01:16:00 +0000] "GET /?p=29121551081970 HTTP/2.0" 200 22858 "-" "Mozilla/5.0 AppleWebKit/537.36 (KHTML, like Gecko; compatible; bingbot/2.0; +http://www.bing.com/bingbot.htm) Chrome/116.0.1938.76 Safari/537.36"
40.77.167.136 - - [14/Apr/2026:01:16:28 +0000] "GET /?p=3954734061970 HTTP/2.0" 200 22978 "-" "Mozilla/5.0 AppleWebKit/537.36 (KHTML, like Gecko; compatible; bingbot/2.0; +http://www.bing.com/bingbot.htm) Chrome/116.0.1938.76 Safari/537.36"
40.77.167.136 - - [14/Apr/2026:01:19:18 +0000] "GET /?p=6897297061970 HTTP/2.0" 200 23209 "-" "Mozilla/5.0 AppleWebKit/537.36 (KHTML, like Gecko; compatible; bingbot/2.0; +http://www.bing.com/bingbot.htm) Chrome/116.0.1938.76 Safari/537.36"
40.77.167.36 - - [14/Apr/2026:01:19:22 +0000] "GET /?p=26465885031970 HTTP/2.0" 200 23556 "-" "Mozilla/5.0 AppleWebKit/537.36 (KHTML, like Gecko; compatible; bingbot/2.0; +http://www.bing.com/bingbot.htm) Chrome/116.0.1938.76 Safari/537.36"
