PATH:
var
/
log
/
apache2
/
domlogs
/
lab2454c
74.7.243.205 - - [13/Apr/2026:12:00:17 +0000] "GET /shop/pg/1649371 HTTP/2.0" 500 1004 "https://www.elementalmill.com.lab2454.com/shop/pg/16201432914" "Mozilla/5.0 AppleWebKit/537.36 (KHTML, like Gecko; compatible; GPTBot/1.3; +https://openai.com/gptbot)"
74.7.242.41 - - [13/Apr/2026:12:00:21 +0000] "GET /shop/pg/16211600701 HTTP/2.0" 500 1004 "https://www.elementalmill.com" "Mozilla/5.0 AppleWebKit/537.36 (KHTML, like Gecko; compatible; GPTBot/1.3; +https://openai.com/gptbot)"
74.7.227.48 - - [13/Apr/2026:12:00:55 +0000] "GET /shop/pg/1950627 HTTP/2.0" 500 1004 "https://www.elementalmill.com/?shopping/products/16211950627" "Mozilla/5.0 AppleWebKit/537.36 (KHTML, like Gecko; compatible; GPTBot/1.3; +https://openai.com/gptbot)"
213.180.203.183 - - [13/Apr/2026:12:01:13 +0000] "GET /robots.txt HTTP/1.1" 500 2431 "-" "Mozilla/5.0 (compatible; YandexBot/3.0; +http://yandex.com/bots)"
74.7.243.205 - - [13/Apr/2026:12:01:18 +0000] "GET /shop/pg/1639664 HTTP/2.0" 500 1004 "https://www.elementalmill.com.lab2454.com/shop/pg/16201423214" "Mozilla/5.0 AppleWebKit/537.36 (KHTML, like Gecko; compatible; GPTBot/1.3; +https://openai.com/gptbot)"
74.7.242.41 - - [13/Apr/2026:12:01:21 +0000] "GET /shop/pg/16211862462 HTTP/2.0" 500 1004 "https://www.elementalmill.com" "Mozilla/5.0 AppleWebKit/537.36 (KHTML, like Gecko; compatible; GPTBot/1.3; +https://openai.com/gptbot)"
66.249.64.39 - - [13/Apr/2026:12:01:20 +0000] "GET /category/16201000488 HTTP/1.1" 200 27493 "-" "Mozilla/5.0 (Linux; Android 6.0.1; Nexus 5X Build/MMB29P) AppleWebKit/537.36 (KHTML, like Gecko) Chrome/146.0.7680.177 Mobile Safari/537.36 (compatible; Googlebot/2.1; +http://www.google.com/bot.html)"
74.7.227.185 - - [13/Apr/2026:12:01:54 +0000] "GET /shopping/products/16201145652 HTTP/2.0" 500 1004 "https://elementalmill.com.lab2454.com/shopping/products/16201358124" "Mozilla/5.0 AppleWebKit/537.36 (KHTML, like Gecko; compatible; GPTBot/1.3; +https://openai.com/gptbot)"
74.7.227.48 - - [13/Apr/2026:12:01:57 +0000] "GET /shop/pg/1199765 HTTP/2.0" 500 1004 "https://www.elementalmill.com/shopping/products/16201199765" "Mozilla/5.0 AppleWebKit/537.36 (KHTML, like Gecko; compatible; GPTBot/1.3; +https://openai.com/gptbot)"
74.7.242.41 - - [13/Apr/2026:12:02:21 +0000] "GET /shop/pg/16232610472 HTTP/2.0" 500 1004 "https://elementalmill.com/?shopping/products/16232606196" "Mozilla/5.0 AppleWebKit/537.36 (KHTML, like Gecko; compatible; GPTBot/1.3; +https://openai.com/gptbot)"
74.7.243.205 - - [13/Apr/2026:12:02:23 +0000] "GET /shop/pg/1717943 HTTP/2.0" 500 1004 "https://www.elementalmill.com.lab2454.com/shop/pg/16201501490" "Mozilla/5.0 AppleWebKit/537.36 (KHTML, like Gecko; compatible; GPTBot/1.3; +https://openai.com/gptbot)"
74.7.227.185 - - [13/Apr/2026:12:02:54 +0000] "GET /shopping/products/16201298834 HTTP/2.0" 500 1004 "https://elementalmill.com.lab2454.com/shopping/products/16201016749" "Mozilla/5.0 AppleWebKit/537.36 (KHTML, like Gecko; compatible; GPTBot/1.3; +https://openai.com/gptbot)"
74.7.227.48 - - [13/Apr/2026:12:02:57 +0000] "GET /shop/pg/2093450 HTTP/2.0" 500 1004 "https://www.elementalmill.com/shopping/products/16222093450" "Mozilla/5.0 AppleWebKit/537.36 (KHTML, like Gecko; compatible; GPTBot/1.3; +https://openai.com/gptbot)"
74.7.242.41 - - [13/Apr/2026:12:03:04 +0000] "GET /shop/pg/1169173 HTTP/2.0" 500 1004 "https://mail.elementalmill.com/?shopping/products/16201169173" "Mozilla/5.0 AppleWebKit/537.36 (KHTML, like Gecko; compatible; GPTBot/1.3; +https://openai.com/gptbot)"
74.7.243.205 - - [13/Apr/2026:12:03:26 +0000] "GET /shop/pg/1162781 HTTP/2.0" 500 1004 "https://www.elementalmill.com.lab2454.com/shop/pg/16211537871" "Mozilla/5.0 AppleWebKit/537.36 (KHTML, like Gecko; compatible; GPTBot/1.3; +https://openai.com/gptbot)"
74.7.242.41 - - [13/Apr/2026:12:03:29 +0000] "GET /shop/pg/16232525390 HTTP/2.0" 500 1004 "https://elementalmill.com/index.php?shopping/products/16232520216" "Mozilla/5.0 AppleWebKit/537.36 (KHTML, like Gecko; compatible; GPTBot/1.3; +https://openai.com/gptbot)"
66.249.64.41 - - [13/Apr/2026:12:03:36 +0000] "GET /category/16221001067 HTTP/1.1" 200 27493 "-" "Mozilla/5.0 (Linux; Android 6.0.1; Nexus 5X Build/MMB29P) AppleWebKit/537.36 (KHTML, like Gecko) Chrome/146.0.7680.177 Mobile Safari/537.36 (compatible; Googlebot/2.1; +http://www.google.com/bot.html)"
66.249.64.39 - - [13/Apr/2026:12:03:38 +0000] "GET /?shop/891212132427.html HTTP/1.1" 200 27480 "-" "Mozilla/5.0 (Linux; Android 6.0.1; Nexus 5X Build/MMB29P) AppleWebKit/537.36 (KHTML, like Gecko) Chrome/146.0.7680.177 Mobile Safari/537.36 (compatible; Googlebot/2.1; +http://www.google.com/bot.html)"
66.249.64.40 - - [13/Apr/2026:12:04:23 +0000] "GET /shopping/products/1618288004 HTTP/1.1" 200 27538 "-" "Mozilla/5.0 (Linux; Android 6.0.1; Nexus 5X Build/MMB29P) AppleWebKit/537.36 (KHTML, like Gecko) Chrome/146.0.7680.177 Mobile Safari/537.36 (compatible; Googlebot/2.1; +http://www.google.com/bot.html)"
74.7.242.41 - - [13/Apr/2026:12:04:30 +0000] "GET /shop/pg/16232591951 HTTP/2.0" 500 1004 "https://elementalmill.com/index.php?shopping/products/16232586756" "Mozilla/5.0 AppleWebKit/537.36 (KHTML, like Gecko; compatible; GPTBot/1.3; +https://openai.com/gptbot)"
74.7.243.205 - - [13/Apr/2026:12:04:30 +0000] "GET /shop/pg/1262179 HTTP/2.0" 500 1004 "https://www.elementalmill.com.lab2454.com/shop/pg/1261031" "Mozilla/5.0 AppleWebKit/537.36 (KHTML, like Gecko; compatible; GPTBot/1.3; +https://openai.com/gptbot)"
74.7.227.185 - - [13/Apr/2026:12:04:58 +0000] "GET /shopping/products/16232613851 HTTP/2.0" 500 1004 "https://elementalmill.com.lab2454.com/shopping/products/16211942263" "Mozilla/5.0 AppleWebKit/537.36 (KHTML, like Gecko; compatible; GPTBot/1.3; +https://openai.com/gptbot)"
74.7.227.48 - - [13/Apr/2026:12:05:02 +0000] "GET /shop/pg/1991299 HTTP/2.0" 500 1004 "https://www.elementalmill.com/shopping/products/16211991299" "Mozilla/5.0 AppleWebKit/537.36 (KHTML, like Gecko; compatible; GPTBot/1.3; +https://openai.com/gptbot)"
66.249.64.41 - - [13/Apr/2026:12:05:12 +0000] "GET /shopping/products/16222350293 HTTP/1.1" 200 27693 "-" "Mozilla/5.0 (Linux; Android 6.0.1; Nexus 5X Build/MMB29P) AppleWebKit/537.36 (KHTML, like Gecko) Chrome/146.0.7680.177 Mobile Safari/537.36 (compatible; Googlebot/2.1; +http://www.google.com/bot.html)"
74.7.242.41 - - [13/Apr/2026:12:05:32 +0000] "GET /shop/pg/16211595693 HTTP/2.0" 500 1004 "https://elementalmill.com/index.php?shopping/products/16211590514" "Mozilla/5.0 AppleWebKit/537.36 (KHTML, like Gecko; compatible; GPTBot/1.3; +https://openai.com/gptbot)"
74.7.243.205 - - [13/Apr/2026:12:05:33 +0000] "GET /shop/pg/1316687 HTTP/2.0" 500 1004 "https://www.elementalmill.com.lab2454.com/shop/pg/16211691774" "Mozilla/5.0 AppleWebKit/537.36 (KHTML, like Gecko; compatible; GPTBot/1.3; +https://openai.com/gptbot)"
74.7.227.185 - - [13/Apr/2026:12:06:01 +0000] "GET /shopping/products/16201435818 HTTP/2.0" 500 1004 "https://elementalmill.com.lab2454.com/shopping/products/16232560157" "Mozilla/5.0 AppleWebKit/537.36 (KHTML, like Gecko; compatible; GPTBot/1.3; +https://openai.com/gptbot)"
74.7.227.48 - - [13/Apr/2026:12:06:03 +0000] "GET /shop/pg/2569018 HTTP/2.0" 500 1004 "https://www.elementalmill.com/shopping/products/16232569018" "Mozilla/5.0 AppleWebKit/537.36 (KHTML, like Gecko; compatible; GPTBot/1.3; +https://openai.com/gptbot)"
74.7.243.205 - - [13/Apr/2026:12:06:36 +0000] "GET /shop/pg/2210310 HTTP/2.0" 500 1004 "https://www.elementalmill.com.lab2454.com/?shopping/products/16222210310" "Mozilla/5.0 AppleWebKit/537.36 (KHTML, like Gecko; compatible; GPTBot/1.3; +https://openai.com/gptbot)"
74.7.227.185 - - [13/Apr/2026:12:07:07 +0000] "GET /shopping/products/16201225756 HTTP/2.0" 500 1004 "https://elementalmill.com.lab2454.com/shopping/products/16211885070" "Mozilla/5.0 AppleWebKit/537.36 (KHTML, like Gecko; compatible; GPTBot/1.3; +https://openai.com/gptbot)"
74.7.227.48 - - [13/Apr/2026:12:07:09 +0000] "GET /shop/pg/2381180 HTTP/2.0" 500 1004 "https://www.elementalmill.com/?shopping/products/16222381180" "Mozilla/5.0 AppleWebKit/537.36 (KHTML, like Gecko; compatible; GPTBot/1.3; +https://openai.com/gptbot)"
74.7.242.41 - - [13/Apr/2026:12:07:13 +0000] "GET /shop/pg/2454532 HTTP/2.0" 500 1004 "https://mail.elementalmill.com/shopping/products/16222454532" "Mozilla/5.0 AppleWebKit/537.36 (KHTML, like Gecko; compatible; GPTBot/1.3; +https://openai.com/gptbot)"
74.7.243.205 - - [13/Apr/2026:12:07:42 +0000] "GET /shop/pg/1489612 HTTP/2.0" 500 1004 "https://www.elementalmill.com.lab2454.com/shop/pg/16201273155" "Mozilla/5.0 AppleWebKit/537.36 (KHTML, like Gecko; compatible; GPTBot/1.3; +https://openai.com/gptbot)"
74.7.227.185 - - [13/Apr/2026:12:08:09 +0000] "GET /shopping/products/16201357600 HTTP/2.0" 500 1004 "https://elementalmill.com.lab2454.com/shopping/products/16201373016" "Mozilla/5.0 AppleWebKit/537.36 (KHTML, like Gecko; compatible; GPTBot/1.3; +https://openai.com/gptbot)"
74.7.227.48 - - [13/Apr/2026:12:08:10 +0000] "GET /shop/pg/2098335 HTTP/2.0" 500 1004 "https://www.elementalmill.com/shopping/products/16222098335" "Mozilla/5.0 AppleWebKit/537.36 (KHTML, like Gecko; compatible; GPTBot/1.3; +https://openai.com/gptbot)"
5.255.231.165 - - [13/Apr/2026:12:08:13 +0000] "GET /shopping/products/16222343121 HTTP/1.1" 500 1004 "-" "Mozilla/5.0 (compatible; YandexBot/3.0; +http://yandex.com/bots)"
74.7.242.41 - - [13/Apr/2026:12:08:38 +0000] "GET /shop/pg/16211564086 HTTP/2.0" 500 1004 "https://elementalmill.com/?shopping/products/16211559798" "Mozilla/5.0 AppleWebKit/537.36 (KHTML, like Gecko; compatible; GPTBot/1.3; +https://openai.com/gptbot)"
74.7.243.205 - - [13/Apr/2026:12:08:42 +0000] "GET /shop/pg/1969224 HTTP/2.0" 500 1004 "https://www.elementalmill.com.lab2454.com/shop/pg/1968060" "Mozilla/5.0 AppleWebKit/537.36 (KHTML, like Gecko; compatible; GPTBot/1.3; +https://openai.com/gptbot)"
66.249.64.40 - - [13/Apr/2026:12:09:38 +0000] "GET /shop/pg/1067468 HTTP/1.1" 200 27132 "-" "Mozilla/5.0 (Linux; Android 6.0.1; Nexus 5X Build/MMB29P) AppleWebKit/537.36 (KHTML, like Gecko) Chrome/146.0.7680.177 Mobile Safari/537.36 (compatible; Googlebot/2.1; +http://www.google.com/bot.html)"
74.7.243.205 - - [13/Apr/2026:12:09:47 +0000] "GET /shop/pg/1477175 HTTP/2.0" 500 1004 "https://www.elementalmill.com.lab2454.com/shop/pg/1476016" "Mozilla/5.0 AppleWebKit/537.36 (KHTML, like Gecko; compatible; GPTBot/1.3; +https://openai.com/gptbot)"
74.7.227.48 - - [13/Apr/2026:12:10:17 +0000] "GET /shop/pg/1606876 HTTP/2.0" 500 1004 "https://www.elementalmill.com/shopping/products/16211606876" "Mozilla/5.0 AppleWebKit/537.36 (KHTML, like Gecko; compatible; GPTBot/1.3; +https://openai.com/gptbot)"
74.7.242.41 - - [13/Apr/2026:12:10:38 +0000] "GET /shop/pg/16201088517 HTTP/2.0" 500 1004 "https://www.elementalmill.com" "Mozilla/5.0 AppleWebKit/537.36 (KHTML, like Gecko; compatible; GPTBot/1.3; +https://openai.com/gptbot)"
74.7.243.205 - - [13/Apr/2026:12:10:43 +0000] "GET /shop/pg/2088942 HTTP/2.0" 500 1004 "https://www.elementalmill.com.lab2454.com/shop/customer/bookmark.php?shopping/products/16222088942" "Mozilla/5.0 AppleWebKit/537.36 (KHTML, like Gecko; compatible; GPTBot/1.3; +https://openai.com/gptbot)"
74.7.227.48 - - [13/Apr/2026:12:11:18 +0000] "GET /shop/pg/2273009 HTTP/2.0" 500 1004 "https://www.elementalmill.com/shopping/products/16222273009" "Mozilla/5.0 AppleWebKit/537.36 (KHTML, like Gecko; compatible; GPTBot/1.3; +https://openai.com/gptbot)"
74.7.227.185 - - [13/Apr/2026:12:11:20 +0000] "GET /shopping/products/16201434312 HTTP/2.0" 500 1004 "https://elementalmill.com.lab2454.com/shopping/products/16201285440" "Mozilla/5.0 AppleWebKit/537.36 (KHTML, like Gecko; compatible; GPTBot/1.3; +https://openai.com/gptbot)"
74.7.242.41 - - [13/Apr/2026:12:11:42 +0000] "GET /shop/pg/16211909981 HTTP/2.0" 500 1004 "https://www.elementalmill.com" "Mozilla/5.0 AppleWebKit/537.36 (KHTML, like Gecko; compatible; GPTBot/1.3; +https://openai.com/gptbot)"
74.7.243.205 - - [13/Apr/2026:12:11:45 +0000] "GET /shop/pg/1447146 HTTP/2.0" 500 1004 "https://www.elementalmill.com.lab2454.com/shop/pg/16201230691" "Mozilla/5.0 AppleWebKit/537.36 (KHTML, like Gecko; compatible; GPTBot/1.3; +https://openai.com/gptbot)"
66.249.64.39 - - [13/Apr/2026:12:11:53 +0000] "GET /shop/customer/bookmark.php?shopping/products/16222216174 HTTP/1.1" 200 27397 "-" "Mozilla/5.0 (Linux; Android 6.0.1; Nexus 5X Build/MMB29P) AppleWebKit/537.36 (KHTML, like Gecko) Chrome/146.0.7680.177 Mobile Safari/537.36 (compatible; Googlebot/2.1; +http://www.google.com/bot.html)"
213.180.203.32 - - [13/Apr/2026:12:12:19 +0000] "GET /shopping/products/16195919218 HTTP/1.1" 500 1004 "-" "Mozilla/5.0 (compatible; YandexBot/3.0; +http://yandex.com/bots)"
74.7.227.185 - - [13/Apr/2026:12:12:21 +0000] "GET /shopping/products/16211739839 HTTP/2.0" 500 1004 "https://elementalmill.com.lab2454.com/shopping/products/16211723837" "Mozilla/5.0 AppleWebKit/537.36 (KHTML, like Gecko; compatible; GPTBot/1.3; +https://openai.com/gptbot)"
95.108.213.125 - - [13/Apr/2026:12:12:22 +0000] "GET /shopping/products/16222179759 HTTP/1.1" 500 1004 "-" "Mozilla/5.0 (compatible; YandexBot/3.0; +http://yandex.com/bots)"
74.7.227.48 - - [13/Apr/2026:12:12:23 +0000] "GET /shop/pg/2360264 HTTP/2.0" 500 1004 "https://www.elementalmill.com/?shopping/products/16222360264" "Mozilla/5.0 AppleWebKit/537.36 (KHTML, like Gecko; compatible; GPTBot/1.3; +https://openai.com/gptbot)"
74.7.242.41 - - [13/Apr/2026:12:12:27 +0000] "GET /shop/pg/1628215 HTTP/2.0" 500 1004 "https://mail.elementalmill.com/?shopping/products/16211628215" "Mozilla/5.0 AppleWebKit/537.36 (KHTML, like Gecko; compatible; GPTBot/1.3; +https://openai.com/gptbot)"
87.250.224.207 - - [13/Apr/2026:12:12:43 +0000] "GET /shopping/products/16188290467 HTTP/1.1" 500 1004 "-" "Mozilla/5.0 (compatible; YandexBot/3.0; +http://yandex.com/bots)"
74.7.242.41 - - [13/Apr/2026:12:12:50 +0000] "GET /shop/pg/16211931765 HTTP/2.0" 500 1004 "https://www.elementalmill.com" "Mozilla/5.0 AppleWebKit/537.36 (KHTML, like Gecko; compatible; GPTBot/1.3; +https://openai.com/gptbot)"
74.7.243.205 - - [13/Apr/2026:12:12:51 +0000] "GET /shop/pg/1534513 HTTP/2.0" 500 1004 "https://www.elementalmill.com.lab2454.com/shop/pg/16201318056" "Mozilla/5.0 AppleWebKit/537.36 (KHTML, like Gecko; compatible; GPTBot/1.3; +https://openai.com/gptbot)"
74.7.227.185 - - [13/Apr/2026:12:13:25 +0000] "GET /shopping/products/16211939983 HTTP/2.0" 500 1004 "https://elementalmill.com.lab2454.com/shopping/products/16232540616" "Mozilla/5.0 AppleWebKit/537.36 (KHTML, like Gecko; compatible; GPTBot/1.3; +https://openai.com/gptbot)"
74.7.227.48 - - [13/Apr/2026:12:13:26 +0000] "GET /shop/pg/1484211 HTTP/2.0" 500 1004 "https://www.elementalmill.com/?shopping/products/16201484211" "Mozilla/5.0 AppleWebKit/537.36 (KHTML, like Gecko; compatible; GPTBot/1.3; +https://openai.com/gptbot)"
74.7.243.205 - - [13/Apr/2026:12:13:50 +0000] "GET /shop/pg/1620911 HTTP/2.0" 500 1004 "https://www.elementalmill.com.lab2454.com/shop/pg/16201404455" "Mozilla/5.0 AppleWebKit/537.36 (KHTML, like Gecko; compatible; GPTBot/1.3; +https://openai.com/gptbot)"
74.7.242.41 - - [13/Apr/2026:12:13:50 +0000] "GET /shop/pg/16232544660 HTTP/2.0" 500 1004 "https://elementalmill.com/?shopping/products/16232540386" "Mozilla/5.0 AppleWebKit/537.36 (KHTML, like Gecko; compatible; GPTBot/1.3; +https://openai.com/gptbot)"
66.249.64.40 - - [13/Apr/2026:12:14:32 +0000] "GET /shopping/products/16201012722 HTTP/1.1" 200 28552 "-" "Mozilla/5.0 (Linux; Android 6.0.1; Nexus 5X Build/MMB29P) AppleWebKit/537.36 (KHTML, like Gecko) Chrome/146.0.7680.177 Mobile Safari/537.36 (compatible; Googlebot/2.1; +http://www.google.com/bot.html)"
74.7.242.41 - - [13/Apr/2026:12:14:33 +0000] "GET /shop/pg/1028608 HTTP/2.0" 500 1004 "https://mail.elementalmill.com/?shopping/products/16201028608" "Mozilla/5.0 AppleWebKit/537.36 (KHTML, like Gecko; compatible; GPTBot/1.3; +https://openai.com/gptbot)"
74.7.242.41 - - [13/Apr/2026:12:14:54 +0000] "GET /shop/pg/16211835155 HTTP/2.0" 500 1004 "https://www.elementalmill.com" "Mozilla/5.0 AppleWebKit/537.36 (KHTML, like Gecko; compatible; GPTBot/1.3; +https://openai.com/gptbot)"
74.7.243.205 - - [13/Apr/2026:12:14:54 +0000] "GET /shop/pg/1463518 HTTP/2.0" 500 1004 "https://www.elementalmill.com.lab2454.com/shop/pg/16201247058" "Mozilla/5.0 AppleWebKit/537.36 (KHTML, like Gecko; compatible; GPTBot/1.3; +https://openai.com/gptbot)"
74.7.227.185 - - [13/Apr/2026:12:15:25 +0000] "GET /shopping/products/16211706643 HTTP/2.0" 500 1004 "https://elementalmill.com.lab2454.com/shopping/products/16201248004" "Mozilla/5.0 AppleWebKit/537.36 (KHTML, like Gecko; compatible; GPTBot/1.3; +https://openai.com/gptbot)"
74.7.227.48 - - [13/Apr/2026:12:15:26 +0000] "GET /shop/pg/1584360 HTTP/2.0" 500 1004 "https://www.elementalmill.com/shopping/products/16211584360" "Mozilla/5.0 AppleWebKit/537.36 (KHTML, like Gecko; compatible; GPTBot/1.3; +https://openai.com/gptbot)"
74.7.243.205 - - [13/Apr/2026:12:15:54 +0000] "GET /shop/pg/1613423 HTTP/2.0" 500 1004 "https://www.elementalmill.com.lab2454.com/shop/pg/16201396949" "Mozilla/5.0 AppleWebKit/537.36 (KHTML, like Gecko; compatible; GPTBot/1.3; +https://openai.com/gptbot)"
74.7.227.48 - - [13/Apr/2026:12:16:29 +0000] "GET /shop/pg/2418965 HTTP/2.0" 500 1004 "https://www.elementalmill.com/shop/customer/bookmark.php?shopping/products/16222418965" "Mozilla/5.0 AppleWebKit/537.36 (KHTML, like Gecko; compatible; GPTBot/1.3; +https://openai.com/gptbot)"
74.7.227.185 - - [13/Apr/2026:12:16:30 +0000] "GET /shopping/products/16201040927 HTTP/2.0" 500 1004 "https://elementalmill.com.lab2454.com/shopping/products/16211738437" "Mozilla/5.0 AppleWebKit/537.36 (KHTML, like Gecko; compatible; GPTBot/1.3; +https://openai.com/gptbot)"
74.7.242.41 - - [13/Apr/2026:12:16:34 +0000] "GET /shop/pg/2462146 HTTP/2.0" 500 1004 "https://mail.elementalmill.com/?shopping/products/16222462146" "Mozilla/5.0 AppleWebKit/537.36 (KHTML, like Gecko; compatible; GPTBot/1.3; +https://openai.com/gptbot)"
74.7.243.205 - - [13/Apr/2026:12:16:57 +0000] "GET /shop/pg/1416620 HTTP/2.0" 500 1004 "https://www.elementalmill.com.lab2454.com/shopping/products/16201416620" "Mozilla/5.0 AppleWebKit/537.36 (KHTML, like Gecko; compatible; GPTBot/1.3; +https://openai.com/gptbot)"
74.7.227.48 - - [13/Apr/2026:12:17:33 +0000] "GET /shop/pg/1060979 HTTP/2.0" 500 1004 "https://www.elementalmill.com/shopping/products/16201060979" "Mozilla/5.0 AppleWebKit/537.36 (KHTML, like Gecko; compatible; GPTBot/1.3; +https://openai.com/gptbot)"
74.7.227.185 - - [13/Apr/2026:12:17:35 +0000] "GET /shopping/products/16182697913 HTTP/2.0" 500 1004 "https://elementalmill.com.lab2454.com/sitemap166.xml" "Mozilla/5.0 AppleWebKit/537.36 (KHTML, like Gecko; compatible; GPTBot/1.3; +https://openai.com/gptbot)"
213.180.203.12 - - [13/Apr/2026:12:17:42 +0000] "GET /robots.txt HTTP/1.1" 500 2431 "-" "Mozilla/5.0 (compatible; YandexBot/3.0; +http://yandex.com/bots)"
74.7.243.205 - - [13/Apr/2026:12:17:59 +0000] "GET /shop/pg/2255346 HTTP/2.0" 500 1004 "https://www.elementalmill.com.lab2454.com/shopping/products/16222255346" "Mozilla/5.0 AppleWebKit/537.36 (KHTML, like Gecko; compatible; GPTBot/1.3; +https://openai.com/gptbot)"
213.180.203.4 - - [13/Apr/2026:12:18:14 +0000] "GET /shopping/products/16201279377 HTTP/1.1" 500 1004 "-" "Mozilla/5.0 (compatible; YandexBot/3.0; +http://yandex.com/bots)"
74.7.227.48 - - [13/Apr/2026:12:18:37 +0000] "GET /shop/pg/2495260 HTTP/2.0" 500 1004 "https://www.elementalmill.com/?shopping/products/16222495260" "Mozilla/5.0 AppleWebKit/537.36 (KHTML, like Gecko; compatible; GPTBot/1.3; +https://openai.com/gptbot)"
74.7.227.185 - - [13/Apr/2026:12:18:38 +0000] "GET /shopping/products/16201423732 HTTP/2.0" 500 1004 "https://elementalmill.com.lab2454.com/shopping/products/16201169850" "Mozilla/5.0 AppleWebKit/537.36 (KHTML, like Gecko; compatible; GPTBot/1.3; +https://openai.com/gptbot)"
74.7.242.41 - - [13/Apr/2026:12:19:07 +0000] "GET /shop/pg/16211791679 HTTP/2.0" 500 1004 "https://elementalmill.com/?shopping/products/16211787404" "Mozilla/5.0 AppleWebKit/537.36 (KHTML, like Gecko; compatible; GPTBot/1.3; +https://openai.com/gptbot)"
74.7.227.48 - - [13/Apr/2026:12:19:37 +0000] "GET /shop/pg/1350996 HTTP/2.0" 500 1004 "https://www.elementalmill.com/?shopping/products/16201350996" "Mozilla/5.0 AppleWebKit/537.36 (KHTML, like Gecko; compatible; GPTBot/1.3; +https://openai.com/gptbot)"
170.64.193.186 - - [13/Apr/2026:12:19:37 +0000] "GET /.git/config HTTP/1.1" 500 1004 "-" "Mozilla/5.0 (X11; Linux x86_64) AppleWebKit/537.36 (KHTML, like Gecko) Chrome/81.0.4044.129 Safari/537.36"
74.7.242.41 - - [13/Apr/2026:12:19:40 +0000] "GET /shop/pg/1678793 HTTP/2.0" 500 1004 "https://mail.elementalmill.com/?shopping/products/16211678793" "Mozilla/5.0 AppleWebKit/537.36 (KHTML, like Gecko; compatible; GPTBot/1.3; +https://openai.com/gptbot)"
74.7.227.185 - - [13/Apr/2026:12:19:44 +0000] "GET /shopping/products/16201265820 HTTP/2.0" 500 1004 "https://elementalmill.com.lab2454.com/shopping/products/16211521378" "Mozilla/5.0 AppleWebKit/537.36 (KHTML, like Gecko; compatible; GPTBot/1.3; +https://openai.com/gptbot)"
74.7.243.205 - - [13/Apr/2026:12:20:02 +0000] "GET /shop/pg/1398853 HTTP/2.0" 500 1004 "https://www.elementalmill.com.lab2454.com/shop/customer/bookmark.php?shopping/products/16201398853" "Mozilla/5.0 AppleWebKit/537.36 (KHTML, like Gecko; compatible; GPTBot/1.3; +https://openai.com/gptbot)"
74.7.242.41 - - [13/Apr/2026:12:20:08 +0000] "GET /shop/pg/16201051545 HTTP/2.0" 500 1004 "https://www.elementalmill.com" "Mozilla/5.0 AppleWebKit/537.36 (KHTML, like Gecko; compatible; GPTBot/1.3; +https://openai.com/gptbot)"
74.7.227.185 - - [13/Apr/2026:12:20:44 +0000] "GET /shopping/products/16201231607 HTTP/2.0" 500 1004 "https://elementalmill.com.lab2454.com/shopping/products/16211798519" "Mozilla/5.0 AppleWebKit/537.36 (KHTML, like Gecko; compatible; GPTBot/1.3; +https://openai.com/gptbot)"
5.255.231.96 - - [13/Apr/2026:12:20:46 +0000] "GET /shopping/products/161810649856 HTTP/1.1" 500 1004 "-" "Mozilla/5.0 (compatible; YandexBot/3.0; +http://yandex.com/bots)"
66.249.64.39 - - [13/Apr/2026:12:20:51 +0000] "GET /?shop/88995568526.html HTTP/1.1" 200 27054 "-" "Mozilla/5.0 (Linux; Android 6.0.1; Nexus 5X Build/MMB29P) AppleWebKit/537.36 (KHTML, like Gecko) Chrome/146.0.7680.177 Mobile Safari/537.36 (compatible; Googlebot/2.1; +http://www.google.com/bot.html)"
66.249.64.40 - - [13/Apr/2026:12:20:53 +0000] "GET /shop/customer/bookmark.php?shopping/products/16222001735 HTTP/1.1" 200 27709 "-" "Mozilla/5.0 (Linux; Android 6.0.1; Nexus 5X Build/MMB29P) AppleWebKit/537.36 (KHTML, like Gecko) Chrome/146.0.7680.177 Mobile Safari/537.36 (compatible; Googlebot/2.1; +http://www.google.com/bot.html)"
74.7.243.205 - - [13/Apr/2026:12:21:03 +0000] "GET /shop/pg/1383539 HTTP/2.0" 500 1004 "https://www.elementalmill.com.lab2454.com/shop/pg/1382380" "Mozilla/5.0 AppleWebKit/537.36 (KHTML, like Gecko; compatible; GPTBot/1.3; +https://openai.com/gptbot)"
74.7.242.41 - - [13/Apr/2026:12:21:12 +0000] "GET /shop/pg/16201157045 HTTP/2.0" 500 1004 "https://www.elementalmill.com" "Mozilla/5.0 AppleWebKit/537.36 (KHTML, like Gecko; compatible; GPTBot/1.3; +https://openai.com/gptbot)"
66.249.64.41 - - [13/Apr/2026:12:21:39 +0000] "GET /shop/pg/1618430463 HTTP/1.1" 200 27389 "-" "Mozilla/5.0 (Linux; Android 6.0.1; Nexus 5X Build/MMB29P) AppleWebKit/537.36 (KHTML, like Gecko) Chrome/146.0.7680.177 Mobile Safari/537.36 (compatible; Googlebot/2.1; +http://www.google.com/bot.html)"
66.249.64.40 - - [13/Apr/2026:12:21:41 +0000] "GET /shopping/products/16211699825 HTTP/1.1" 200 27580 "-" "Mozilla/5.0 (Linux; Android 6.0.1; Nexus 5X Build/MMB29P) AppleWebKit/537.36 (KHTML, like Gecko) Chrome/146.0.7680.177 Mobile Safari/537.36 (compatible; Googlebot/2.1; +http://www.google.com/bot.html)"
66.249.64.40 - - [13/Apr/2026:12:21:43 +0000] "GET /category/16221000429 HTTP/1.1" 200 27750 "-" "Mozilla/5.0 (Linux; Android 6.0.1; Nexus 5X Build/MMB29P) AppleWebKit/537.36 (KHTML, like Gecko) Chrome/146.0.7680.177 Mobile Safari/537.36 (compatible; Googlebot/2.1; +http://www.google.com/bot.html)"
74.7.227.185 - - [13/Apr/2026:12:21:48 +0000] "GET /shopping/products/16211788100 HTTP/2.0" 500 1004 "https://elementalmill.com.lab2454.com/shopping/products/16201167258" "Mozilla/5.0 AppleWebKit/537.36 (KHTML, like Gecko; compatible; GPTBot/1.3; +https://openai.com/gptbot)"
74.7.243.205 - - [13/Apr/2026:12:22:07 +0000] "GET /shop/pg/2618070 HTTP/2.0" 500 1004 "https://www.elementalmill.com.lab2454.com/shop/pg/2616906" "Mozilla/5.0 AppleWebKit/537.36 (KHTML, like Gecko; compatible; GPTBot/1.3; +https://openai.com/gptbot)"
74.7.242.41 - - [13/Apr/2026:12:22:18 +0000] "GET /shop/pg/16201184050 HTTP/2.0" 500 1004 "https://elementalmill.com/?shopping/products/16201179768" "Mozilla/5.0 AppleWebKit/537.36 (KHTML, like Gecko; compatible; GPTBot/1.3; +https://openai.com/gptbot)"
74.7.227.48 - - [13/Apr/2026:12:22:49 +0000] "GET /shop/pg/2545462 HTTP/2.0" 500 1004 "https://www.elementalmill.com/shopping/products/16232545462" "Mozilla/5.0 AppleWebKit/537.36 (KHTML, like Gecko; compatible; GPTBot/1.3; +https://openai.com/gptbot)"
74.7.243.205 - - [13/Apr/2026:12:23:12 +0000] "GET /shop/pg/1387075 HTTP/2.0" 500 1004 "https://www.elementalmill.com.lab2454.com/shop/pg/16201170618" "Mozilla/5.0 AppleWebKit/537.36 (KHTML, like Gecko; compatible; GPTBot/1.3; +https://openai.com/gptbot)"
74.7.242.41 - - [13/Apr/2026:12:23:23 +0000] "GET /shop/pg/16211879813 HTTP/2.0" 500 1004 "https://elementalmill.com/?shopping/products/16211875535" "Mozilla/5.0 AppleWebKit/537.36 (KHTML, like Gecko; compatible; GPTBot/1.3; +https://openai.com/gptbot)"
74.7.227.48 - - [13/Apr/2026:12:23:55 +0000] "GET /shop/pg/2413065 HTTP/2.0" 500 1004 "https://www.elementalmill.com/shopping/products/16222413065" "Mozilla/5.0 AppleWebKit/537.36 (KHTML, like Gecko; compatible; GPTBot/1.3; +https://openai.com/gptbot)"
74.7.227.185 - - [13/Apr/2026:12:23:57 +0000] "GET /shopping/products/16211522791 HTTP/2.0" 500 1004 "https://elementalmill.com.lab2454.com/shopping/products/16201357937" "Mozilla/5.0 AppleWebKit/537.36 (KHTML, like Gecko; compatible; GPTBot/1.3; +https://openai.com/gptbot)"
74.7.243.205 - - [13/Apr/2026:12:24:14 +0000] "GET /shop/pg/1610652 HTTP/2.0" 500 1004 "https://www.elementalmill.com.lab2454.com/shop/pg/16201394191" "Mozilla/5.0 AppleWebKit/537.36 (KHTML, like Gecko; compatible; GPTBot/1.3; +https://openai.com/gptbot)"
34.86.138.229 - - [13/Apr/2026:12:24:27 +0000] "GET / HTTP/1.1" 200 37386 "-" "Mozilla/5.0 (X11; Linux x86_64) AppleWebKit/537.36 (KHTML, like Gecko) Chrome/124.0.0.0 Safari/537.36"
74.7.227.48 - - [13/Apr/2026:12:24:53 +0000] "GET /shop/pg/1223876 HTTP/2.0" 500 1004 "https://www.elementalmill.com/?shopping/products/16201223876" "Mozilla/5.0 AppleWebKit/537.36 (KHTML, like Gecko; compatible; GPTBot/1.3; +https://openai.com/gptbot)"
74.7.227.185 - - [13/Apr/2026:12:24:58 +0000] "GET /shopping/products/16201174612 HTTP/2.0" 500 1004 "https://elementalmill.com.lab2454.com/shopping/products/16201335541" "Mozilla/5.0 AppleWebKit/537.36 (KHTML, like Gecko; compatible; GPTBot/1.3; +https://openai.com/gptbot)"
74.7.243.205 - - [13/Apr/2026:12:25:18 +0000] "GET /shop/pg/1592633 HTTP/2.0" 500 1004 "https://www.elementalmill.com.lab2454.com/shop/pg/16201376168" "Mozilla/5.0 AppleWebKit/537.36 (KHTML, like Gecko; compatible; GPTBot/1.3; +https://openai.com/gptbot)"
74.7.242.41 - - [13/Apr/2026:12:25:31 +0000] "GET /shop/pg/16232647322 HTTP/2.0" 500 1004 "https://www.elementalmill.com" "Mozilla/5.0 AppleWebKit/537.36 (KHTML, like Gecko; compatible; GPTBot/1.3; +https://openai.com/gptbot)"
95.108.213.163 - - [13/Apr/2026:12:25:38 +0000] "GET /robots.txt HTTP/1.1" 500 2431 "-" "Mozilla/5.0 (compatible; YandexBot/3.0; +http://yandex.com/bots)"
74.7.227.185 - - [13/Apr/2026:12:26:03 +0000] "GET /shopping/products/16232601209 HTTP/2.0" 500 1004 "https://elementalmill.com.lab2454.com/shopping/products/16211640058" "Mozilla/5.0 AppleWebKit/537.36 (KHTML, like Gecko; compatible; GPTBot/1.3; +https://openai.com/gptbot)"
66.249.64.41 - - [13/Apr/2026:12:26:20 +0000] "GET /shop/customer/bookmark.php?goods=1905888&crsirefo_hidden=0219d3605c2e10d51c688f939542ce4335d5a8dcccdeb9746951d1e0aede9bab HTTP/1.1" 200 28381 "-" "Mozilla/5.0 (Linux; Android 6.0.1; Nexus 5X Build/MMB29P) AppleWebKit/537.36 (KHTML, like Gecko) Chrome/146.0.7680.177 Mobile Safari/537.36 (compatible; Googlebot/2.1; +http://www.google.com/bot.html)"
74.7.242.41 - - [13/Apr/2026:12:26:32 +0000] "GET /shop/pg/16211543248 HTTP/2.0" 500 1004 "https://www.elementalmill.com" "Mozilla/5.0 AppleWebKit/537.36 (KHTML, like Gecko; compatible; GPTBot/1.3; +https://openai.com/gptbot)"
74.7.227.48 - - [13/Apr/2026:12:27:02 +0000] "GET /shop/pg/2312251 HTTP/2.0" 500 1004 "https://www.elementalmill.com/shopping/products/16222312251" "Mozilla/5.0 AppleWebKit/537.36 (KHTML, like Gecko; compatible; GPTBot/1.3; +https://openai.com/gptbot)"
74.7.227.185 - - [13/Apr/2026:12:27:08 +0000] "GET /shopping/products/16232639721 HTTP/2.0" 500 1004 "https://elementalmill.com.lab2454.com/shopping/products/16201312793" "Mozilla/5.0 AppleWebKit/537.36 (KHTML, like Gecko; compatible; GPTBot/1.3; +https://openai.com/gptbot)"
74.7.243.205 - - [13/Apr/2026:12:27:27 +0000] "GET /shop/pg/1600391 HTTP/2.0" 500 1004 "https://www.elementalmill.com.lab2454.com/shop/pg/16201383926" "Mozilla/5.0 AppleWebKit/537.36 (KHTML, like Gecko; compatible; GPTBot/1.3; +https://openai.com/gptbot)"
5.255.231.161 - - [13/Apr/2026:12:27:38 +0000] "GET /robots.txt HTTP/1.1" 500 2431 "-" "Mozilla/5.0 (compatible; YandexBot/3.0; +http://yandex.com/bots)"
74.7.227.48 - - [13/Apr/2026:12:28:02 +0000] "GET /shop/pg/2123172 HTTP/2.0" 500 1004 "https://www.elementalmill.com/?shopping/products/16222123172" "Mozilla/5.0 AppleWebKit/537.36 (KHTML, like Gecko; compatible; GPTBot/1.3; +https://openai.com/gptbot)"
74.7.227.185 - - [13/Apr/2026:12:28:10 +0000] "GET /shopping/products/16201368310 HTTP/2.0" 500 1004 "https://elementalmill.com.lab2454.com/shopping/products/16232602687" "Mozilla/5.0 AppleWebKit/537.36 (KHTML, like Gecko; compatible; GPTBot/1.3; +https://openai.com/gptbot)"
74.7.243.205 - - [13/Apr/2026:12:28:32 +0000] "GET /shop/pg/1610127 HTTP/2.0" 500 1004 "https://www.elementalmill.com.lab2454.com/shop/pg/16201393663" "Mozilla/5.0 AppleWebKit/537.36 (KHTML, like Gecko; compatible; GPTBot/1.3; +https://openai.com/gptbot)"
66.249.64.41 - - [13/Apr/2026:12:28:38 +0000] "GET /category/16236 HTTP/1.1" 200 27692 "-" "Mozilla/5.0 (Linux; Android 6.0.1; Nexus 5X Build/MMB29P) AppleWebKit/537.36 (KHTML, like Gecko) Chrome/146.0.7680.177 Mobile Safari/537.36 (compatible; Googlebot/2.1; +http://www.google.com/bot.html)"
74.7.242.41 - - [13/Apr/2026:12:29:06 +0000] "GET /shop/pg/1231585 HTTP/2.0" 500 1004 "https://mail.elementalmill.com/?shopping/products/16201231585" "Mozilla/5.0 AppleWebKit/537.36 (KHTML, like Gecko; compatible; GPTBot/1.3; +https://openai.com/gptbot)"
74.7.227.185 - - [13/Apr/2026:12:29:13 +0000] "GET /shopping/products/16211805663 HTTP/2.0" 500 1004 "https://elementalmill.com.lab2454.com/shopping/products/16201039193" "Mozilla/5.0 AppleWebKit/537.36 (KHTML, like Gecko; compatible; GPTBot/1.3; +https://openai.com/gptbot)"
74.7.243.205 - - [13/Apr/2026:12:29:35 +0000] "GET /shop/pg/1376506 HTTP/2.0" 500 1004 "https://www.elementalmill.com.lab2454.com/shop/pg/16201160055" "Mozilla/5.0 AppleWebKit/537.36 (KHTML, like Gecko; compatible; GPTBot/1.3; +https://openai.com/gptbot)"
95.108.213.157 - - [13/Apr/2026:12:29:38 +0000] "GET /robots.txt HTTP/1.1" 500 2431 "-" "Mozilla/5.0 (compatible; YandexBot/3.0; +http://yandex.com/bots)"
74.7.242.41 - - [13/Apr/2026:12:30:07 +0000] "GET /shop/pg/1547125 HTTP/2.0" 500 1004 "https://mail.elementalmill.com/?shopping/products/16211547125" "Mozilla/5.0 AppleWebKit/537.36 (KHTML, like Gecko; compatible; GPTBot/1.3; +https://openai.com/gptbot)"
74.7.227.185 - - [13/Apr/2026:12:30:19 +0000] "GET /shopping/products/16201315806 HTTP/2.0" 500 1004 "https://elementalmill.com.lab2454.com/shopping/products/16232566964" "Mozilla/5.0 AppleWebKit/537.36 (KHTML, like Gecko; compatible; GPTBot/1.3; +https://openai.com/gptbot)"
74.7.243.205 - - [13/Apr/2026:12:30:39 +0000] "GET /shop/pg/1084089 HTTP/2.0" 500 1004 "https://www.elementalmill.com.lab2454.com/shop/pg/16232642293" "Mozilla/5.0 AppleWebKit/537.36 (KHTML, like Gecko; compatible; GPTBot/1.3; +https://openai.com/gptbot)"
74.7.242.41 - - [13/Apr/2026:12:30:46 +0000] "GET /shop/pg/16211893739 HTTP/2.0" 500 1004 "https://elementalmill.com/shop/customer/bookmark.php?shopping/products/16211886809" "Mozilla/5.0 AppleWebKit/537.36 (KHTML, like Gecko; compatible; GPTBot/1.3; +https://openai.com/gptbot)"
74.7.242.41 - - [13/Apr/2026:12:31:12 +0000] "GET /shop/pg/2429825 HTTP/2.0" 500 1004 "https://mail.elementalmill.com/?shopping/products/16222429825" "Mozilla/5.0 AppleWebKit/537.36 (KHTML, like Gecko; compatible; GPTBot/1.3; +https://openai.com/gptbot)"
74.7.227.48 - - [13/Apr/2026:12:31:13 +0000] "GET /shop/pg/1440618 HTTP/2.0" 500 1004 "https://www.elementalmill.com/shopping/products/16201440618" "Mozilla/5.0 AppleWebKit/537.36 (KHTML, like Gecko; compatible; GPTBot/1.3; +https://openai.com/gptbot)"
74.7.227.185 - - [13/Apr/2026:12:31:19 +0000] "GET /shopping/products/16201055984 HTTP/2.0" 500 1004 "https://elementalmill.com.lab2454.com/shopping/products/16201151385" "Mozilla/5.0 AppleWebKit/537.36 (KHTML, like Gecko; compatible; GPTBot/1.3; +https://openai.com/gptbot)"
5.255.231.59 - - [13/Apr/2026:12:31:38 +0000] "GET /robots.txt HTTP/1.1" 500 2431 "-" "Mozilla/5.0 (compatible; YandexBot/3.0; +http://yandex.com/bots)"
74.7.243.205 - - [13/Apr/2026:12:31:43 +0000] "GET /shop/pg/1359205 HTTP/2.0" 500 1004 "https://www.elementalmill.com.lab2454.com/shop/pg/16201142751" "Mozilla/5.0 AppleWebKit/537.36 (KHTML, like Gecko; compatible; GPTBot/1.3; +https://openai.com/gptbot)"
74.7.242.41 - - [13/Apr/2026:12:31:48 +0000] "GET /shop/pg/16232633887 HTTP/2.0" 500 1004 "https://www.elementalmill.com" "Mozilla/5.0 AppleWebKit/537.36 (KHTML, like Gecko; compatible; GPTBot/1.3; +https://openai.com/gptbot)"
45.61.188.43 - - [13/Apr/2026:12:31:57 +0000] "GET /wp-login.php HTTP/1.1" 500 1004 "-" "Mozilla/5.0 (Windows NT 10.0; Win64; x64) AppleWebKit/537.36 (KHTML, like Gecko) Chrome/134.0.0.0 Safari/537.36"
74.7.227.185 - - [13/Apr/2026:12:32:24 +0000] "GET /shopping/products/16201453681 HTTP/2.0" 500 1004 "https://elementalmill.com.lab2454.com/shopping/products/16211867656" "Mozilla/5.0 AppleWebKit/537.36 (KHTML, like Gecko; compatible; GPTBot/1.3; +https://openai.com/gptbot)"
74.7.243.205 - - [13/Apr/2026:12:32:48 +0000] "GET /shop/pg/1422499 HTTP/2.0" 500 1004 "https://www.elementalmill.com.lab2454.com/shop/pg/16201206051" "Mozilla/5.0 AppleWebKit/537.36 (KHTML, like Gecko; compatible; GPTBot/1.3; +https://openai.com/gptbot)"
74.7.242.41 - - [13/Apr/2026:12:32:51 +0000] "GET /shop/pg/16211508890 HTTP/2.0" 500 1004 "https://elementalmill.com/?shopping/products/16211504624" "Mozilla/5.0 AppleWebKit/537.36 (KHTML, like Gecko; compatible; GPTBot/1.3; +https://openai.com/gptbot)"
74.7.242.41 - - [13/Apr/2026:12:33:22 +0000] "GET /shop/pg/1460512 HTTP/2.0" 500 1004 "https://mail.elementalmill.com/?shopping/products/16201460512" "Mozilla/5.0 AppleWebKit/537.36 (KHTML, like Gecko; compatible; GPTBot/1.3; +https://openai.com/gptbot)"
74.7.227.48 - - [13/Apr/2026:12:33:24 +0000] "GET /shop/pg/2269611 HTTP/2.0" 500 1004 "https://www.elementalmill.com/shopping/products/16222269611" "Mozilla/5.0 AppleWebKit/537.36 (KHTML, like Gecko; compatible; GPTBot/1.3; +https://openai.com/gptbot)"
74.7.227.185 - - [13/Apr/2026:12:33:26 +0000] "GET /shopping/products/16201130644 HTTP/2.0" 500 1004 "https://elementalmill.com.lab2454.com/shopping/products/16201109308" "Mozilla/5.0 AppleWebKit/537.36 (KHTML, like Gecko; compatible; GPTBot/1.3; +https://openai.com/gptbot)"
213.180.203.108 - - [13/Apr/2026:12:33:38 +0000] "GET /robots.txt HTTP/1.1" 500 2431 "-" "Mozilla/5.0 (compatible; YandexBot/3.0; +http://yandex.com/bots)"
74.7.243.205 - - [13/Apr/2026:12:33:50 +0000] "GET /shop/pg/1189807 HTTP/2.0" 500 1004 "https://www.elementalmill.com.lab2454.com/shop/pg/16211564893" "Mozilla/5.0 AppleWebKit/537.36 (KHTML, like Gecko; compatible; GPTBot/1.3; +https://openai.com/gptbot)"
74.7.242.41 - - [13/Apr/2026:12:33:53 +0000] "GET /shop/pg/16211550825 HTTP/2.0" 500 1004 "https://www.elementalmill.com" "Mozilla/5.0 AppleWebKit/537.36 (KHTML, like Gecko; compatible; GPTBot/1.3; +https://openai.com/gptbot)"
74.7.227.48 - - [13/Apr/2026:12:34:23 +0000] "GET /shop/pg/1503005 HTTP/2.0" 500 1004 "https://www.elementalmill.com/shopping/products/16211503005" "Mozilla/5.0 AppleWebKit/537.36 (KHTML, like Gecko; compatible; GPTBot/1.3; +https://openai.com/gptbot)"
74.7.227.185 - - [13/Apr/2026:12:34:28 +0000] "GET /shopping/products/16201213534 HTTP/2.0" 500 1004 "https://elementalmill.com.lab2454.com/shopping/products/16201090014" "Mozilla/5.0 AppleWebKit/537.36 (KHTML, like Gecko; compatible; GPTBot/1.3; +https://openai.com/gptbot)"
66.249.64.39 - - [13/Apr/2026:12:34:47 +0000] "GET /shopping/products/16201016542 HTTP/1.1" 200 27634 "-" "Mozilla/5.0 (Linux; Android 6.0.1; Nexus 5X Build/MMB29P) AppleWebKit/537.36 (KHTML, like Gecko) Chrome/146.0.7680.177 Mobile Safari/537.36 (compatible; Googlebot/2.1; +http://www.google.com/bot.html)"
66.249.64.41 - - [13/Apr/2026:12:34:49 +0000] "GET /?shop/88922008898.html HTTP/1.1" 200 27949 "-" "Mozilla/5.0 (Linux; Android 6.0.1; Nexus 5X Build/MMB29P) AppleWebKit/537.36 (KHTML, like Gecko) Chrome/146.0.7680.177 Mobile Safari/537.36 (compatible; Googlebot/2.1; +http://www.google.com/bot.html)"
74.7.243.205 - - [13/Apr/2026:12:34:54 +0000] "GET /shop/pg/1438134 HTTP/2.0" 500 1004 "https://www.elementalmill.com.lab2454.com/shopping/products/16201438134" "Mozilla/5.0 AppleWebKit/537.36 (KHTML, like Gecko; compatible; GPTBot/1.3; +https://openai.com/gptbot)"
74.7.242.41 - - [13/Apr/2026:12:34:59 +0000] "GET /shop/pg/16211796614 HTTP/2.0" 500 1004 "https://www.elementalmill.com" "Mozilla/5.0 AppleWebKit/537.36 (KHTML, like Gecko; compatible; GPTBot/1.3; +https://openai.com/gptbot)"
74.7.242.41 - - [13/Apr/2026:12:35:26 +0000] "GET /shop/pg/1900600 HTTP/2.0" 500 1004 "https://mail.elementalmill.com/shopping/products/16211900600" "Mozilla/5.0 AppleWebKit/537.36 (KHTML, like Gecko; compatible; GPTBot/1.3; +https://openai.com/gptbot)"
74.7.227.48 - - [13/Apr/2026:12:35:26 +0000] "GET /shop/pg/2421995 HTTP/2.0" 500 1004 "https://www.elementalmill.com/shopping/products/16222421995" "Mozilla/5.0 AppleWebKit/537.36 (KHTML, like Gecko; compatible; GPTBot/1.3; +https://openai.com/gptbot)"
74.7.227.185 - - [13/Apr/2026:12:35:31 +0000] "GET /shopping/products/16201219352 HTTP/2.0" 500 1004 "https://elementalmill.com.lab2454.com/shopping/products/16201306151" "Mozilla/5.0 AppleWebKit/537.36 (KHTML, like Gecko; compatible; GPTBot/1.3; +https://openai.com/gptbot)"
5.255.231.143 - - [13/Apr/2026:12:35:38 +0000] "GET /robots.txt HTTP/1.1" 500 2431 "-" "Mozilla/5.0 (compatible; YandexBot/3.0; +http://yandex.com/bots)"
87.250.224.210 - - [13/Apr/2026:12:35:39 +0000] "GET /shopping/products/161916516951 HTTP/1.1" 500 1004 "-" "Mozilla/5.0 (compatible; YandexBot/3.0; +http://yandex.com/bots)"
95.108.213.143 - - [13/Apr/2026:12:35:39 +0000] "GET /shopping/products/162212982022 HTTP/1.1" 500 1004 "-" "Mozilla/5.0 (compatible; YandexBot/3.0; +http://yandex.com/bots)"
87.250.224.33 - - [13/Apr/2026:12:35:40 +0000] "GET /shopping/products/16201437629 HTTP/1.1" 500 1004 "-" "Mozilla/5.0 (compatible; YandexBot/3.0; +http://yandex.com/bots)"
95.108.213.113 - - [13/Apr/2026:12:35:40 +0000] "GET /shopping/products/162125516387 HTTP/1.1" 500 1004 "-" "Mozilla/5.0 (compatible; YandexBot/3.0; +http://yandex.com/bots)"
5.255.231.94 - - [13/Apr/2026:12:35:42 +0000] "GET /shopping/products/16224913703 HTTP/1.1" 500 1004 "-" "Mozilla/5.0 (compatible; YandexBot/3.0; +http://yandex.com/bots)"
74.7.243.205 - - [13/Apr/2026:12:35:55 +0000] "GET /shop/pg/1075669 HTTP/2.0" 500 1004 "https://www.elementalmill.com.lab2454.com/shopping/products/16201075669" "Mozilla/5.0 AppleWebKit/537.36 (KHTML, like Gecko; compatible; GPTBot/1.3; +https://openai.com/gptbot)"
74.7.242.41 - - [13/Apr/2026:12:36:02 +0000] "GET /shop/pg/16232527237 HTTP/2.0" 500 1004 "https://www.elementalmill.com" "Mozilla/5.0 AppleWebKit/537.36 (KHTML, like Gecko; compatible; GPTBot/1.3; +https://openai.com/gptbot)"
74.7.242.41 - - [13/Apr/2026:12:37:05 +0000] "GET /shop/pg/16211869423 HTTP/2.0" 500 1004 "https://elementalmill.com/?shopping/products/16211865147" "Mozilla/5.0 AppleWebKit/537.36 (KHTML, like Gecko; compatible; GPTBot/1.3; +https://openai.com/gptbot)"
66.249.64.41 - - [13/Apr/2026:12:37:23 +0000] "GET /shop/customer/bookmark.php?shopping/products/16222474284 HTTP/1.1" 200 27506 "-" "Mozilla/5.0 (Linux; Android 6.0.1; Nexus 5X Build/MMB29P) AppleWebKit/537.36 (KHTML, like Gecko) Chrome/146.0.7680.177 Mobile Safari/537.36 (compatible; Googlebot/2.1; +http://www.google.com/bot.html)"
74.7.227.185 - - [13/Apr/2026:12:37:33 +0000] "GET /shopping/products/16232552599 HTTP/2.0" 500 1004 "https://elementalmill.com.lab2454.com/shopping/products/16201139913" "Mozilla/5.0 AppleWebKit/537.36 (KHTML, like Gecko; compatible; GPTBot/1.3; +https://openai.com/gptbot)"
74.7.227.48 - - [13/Apr/2026:12:37:34 +0000] "GET /shop/pg/1687701 HTTP/2.0" 500 1004 "https://www.elementalmill.com/shop/customer/bookmark.php?shopping/products/16211687701" "Mozilla/5.0 AppleWebKit/537.36 (KHTML, like Gecko; compatible; GPTBot/1.3; +https://openai.com/gptbot)"
95.108.213.239 - - [13/Apr/2026:12:37:39 +0000] "GET /robots.txt HTTP/1.1" 500 2431 "-" "Mozilla/5.0 (compatible; YandexBot/3.0; +http://yandex.com/bots)"
74.7.243.205 - - [13/Apr/2026:12:38:03 +0000] "GET /shop/pg/1242875 HTTP/2.0" 500 1004 "https://www.elementalmill.com.lab2454.com/shop/pg/16211617959" "Mozilla/5.0 AppleWebKit/537.36 (KHTML, like Gecko; compatible; GPTBot/1.3; +https://openai.com/gptbot)"
74.7.242.41 - - [13/Apr/2026:12:38:08 +0000] "GET /shop/pg/16201224258 HTTP/2.0" 500 1004 "https://elementalmill.com/?shopping/products/16201219978" "Mozilla/5.0 AppleWebKit/537.36 (KHTML, like Gecko; compatible; GPTBot/1.3; +https://openai.com/gptbot)"
74.7.227.185 - - [13/Apr/2026:12:38:35 +0000] "GET /shopping/products/16211949423 HTTP/2.0" 500 1004 "https://elementalmill.com.lab2454.com/shopping/products/16211803592" "Mozilla/5.0 AppleWebKit/537.36 (KHTML, like Gecko; compatible; GPTBot/1.3; +https://openai.com/gptbot)"
74.7.242.41 - - [13/Apr/2026:12:38:40 +0000] "GET /shop/pg/1239427 HTTP/2.0" 500 1004 "https://mail.elementalmill.com/?shopping/products/16201239427" "Mozilla/5.0 AppleWebKit/537.36 (KHTML, like Gecko; compatible; GPTBot/1.3; +https://openai.com/gptbot)"
74.7.243.205 - - [13/Apr/2026:12:39:04 +0000] "GET /shop/pg/1374223 HTTP/2.0" 500 1004 "https://www.elementalmill.com.lab2454.com/shop/pg/16201157757" "Mozilla/5.0 AppleWebKit/537.36 (KHTML, like Gecko; compatible; GPTBot/1.3; +https://openai.com/gptbot)"
74.7.242.41 - - [13/Apr/2026:12:39:10 +0000] "GET /shop/pg/16201044291 HTTP/2.0" 500 1004 "https://www.elementalmill.com" "Mozilla/5.0 AppleWebKit/537.36 (KHTML, like Gecko; compatible; GPTBot/1.3; +https://openai.com/gptbot)"
74.7.227.185 - - [13/Apr/2026:12:39:40 +0000] "GET /shopping/products/16201058445 HTTP/2.0" 500 1004 "https://elementalmill.com.lab2454.com/shopping/products/1619561957" "Mozilla/5.0 AppleWebKit/537.36 (KHTML, like Gecko; compatible; GPTBot/1.3; +https://openai.com/gptbot)"
74.7.227.48 - - [13/Apr/2026:12:39:42 +0000] "GET /shop/pg/1421288 HTTP/2.0" 500 1004 "https://www.elementalmill.com/?shopping/products/16201421288" "Mozilla/5.0 AppleWebKit/537.36 (KHTML, like Gecko; compatible; GPTBot/1.3; +https://openai.com/gptbot)"
74.7.242.41 - - [13/Apr/2026:12:39:42 +0000] "GET /shop/pg/1318238 HTTP/2.0" 500 1004 "https://mail.elementalmill.com/?shopping/products/16201318238" "Mozilla/5.0 AppleWebKit/537.36 (KHTML, like Gecko; compatible; GPTBot/1.3; +https://openai.com/gptbot)"
74.7.243.205 - - [13/Apr/2026:12:40:08 +0000] "GET /shop/pg/1207895 HTTP/2.0" 500 1004 "https://www.elementalmill.com.lab2454.com/shop/customer/bookmark.php?shopping/products/16201207895" "Mozilla/5.0 AppleWebKit/537.36 (KHTML, like Gecko; compatible; GPTBot/1.3; +https://openai.com/gptbot)"
74.7.242.41 - - [13/Apr/2026:12:40:15 +0000] "GET /shop/pg/16201064269 HTTP/2.0" 500 1004 "https://www.elementalmill.com" "Mozilla/5.0 AppleWebKit/537.36 (KHTML, like Gecko; compatible; GPTBot/1.3; +https://openai.com/gptbot)"
74.7.227.48 - - [13/Apr/2026:12:40:42 +0000] "GET /shop/pg/1747710 HTTP/2.0" 500 1004 "https://www.elementalmill.com/shopping/products/16211747710" "Mozilla/5.0 AppleWebKit/537.36 (KHTML, like Gecko; compatible; GPTBot/1.3; +https://openai.com/gptbot)"
74.7.227.185 - - [13/Apr/2026:12:40:42 +0000] "GET /shopping/products/16211632257 HTTP/2.0" 500 1004 "https://elementalmill.com.lab2454.com/shopping/products/16201122557" "Mozilla/5.0 AppleWebKit/537.36 (KHTML, like Gecko; compatible; GPTBot/1.3; +https://openai.com/gptbot)"
74.7.243.205 - - [13/Apr/2026:12:41:14 +0000] "GET /shop/pg/1754665 HTTP/2.0" 500 1004 "https://www.elementalmill.com.lab2454.com/shop/pg/1753496" "Mozilla/5.0 AppleWebKit/537.36 (KHTML, like Gecko; compatible; GPTBot/1.3; +https://openai.com/gptbot)"
87.250.224.21 - - [13/Apr/2026:12:41:40 +0000] "GET /robots.txt HTTP/1.1" 500 2431 "-" "Mozilla/5.0 (compatible; YandexBot/3.0; +http://yandex.com/bots)"
74.7.227.48 - - [13/Apr/2026:12:41:47 +0000] "GET /shop/pg/1294439 HTTP/2.0" 500 1004 "https://www.elementalmill.com/shopping/products/16201294439" "Mozilla/5.0 AppleWebKit/537.36 (KHTML, like Gecko; compatible; GPTBot/1.3; +https://openai.com/gptbot)"
144.76.32.114 - - [13/Apr/2026:12:41:47 +0000] "GET /robots.txt HTTP/1.1" 200 354 "-" "Mozilla/5.0 (compatible; SERankingBacklinksBot/1.0; +https://seranking.com/backlinks-crawler)"
144.76.32.114 - - [13/Apr/2026:12:41:48 +0000] "GET /shop/pg/2591130 HTTP/1.1" 500 1004 "-" "Mozilla/5.0 (compatible; SERankingBacklinksBot/1.0; +https://seranking.com/backlinks-crawler)"
74.7.227.185 - - [13/Apr/2026:12:41:49 +0000] "GET /shopping/products/16201384900 HTTP/2.0" 500 1004 "https://elementalmill.com.lab2454.com/shopping/products/16201145155" "Mozilla/5.0 AppleWebKit/537.36 (KHTML, like Gecko; compatible; GPTBot/1.3; +https://openai.com/gptbot)"
74.7.242.41 - - [13/Apr/2026:12:42:22 +0000] "GET /shop/pg/16211704773 HTTP/2.0" 500 1004 "https://elementalmill.com/?shopping/products/16211700499" "Mozilla/5.0 AppleWebKit/537.36 (KHTML, like Gecko; compatible; GPTBot/1.3; +https://openai.com/gptbot)"
74.7.227.48 - - [13/Apr/2026:12:42:47 +0000] "GET /shop/pg/1943550 HTTP/2.0" 500 1004 "https://www.elementalmill.com/shopping/products/16211943550" "Mozilla/5.0 AppleWebKit/537.36 (KHTML, like Gecko; compatible; GPTBot/1.3; +https://openai.com/gptbot)"
74.7.227.185 - - [13/Apr/2026:12:42:49 +0000] "GET /shopping/products/16201092089 HTTP/2.0" 500 1004 "https://elementalmill.com.lab2454.com/shopping/products/16201042092" "Mozilla/5.0 AppleWebKit/537.36 (KHTML, like Gecko; compatible; GPTBot/1.3; +https://openai.com/gptbot)"
74.7.243.205 - - [13/Apr/2026:12:43:15 +0000] "GET /shop/pg/1642281 HTTP/2.0" 500 1004 "https://www.elementalmill.com.lab2454.com/shop/pg/16201425823" "Mozilla/5.0 AppleWebKit/537.36 (KHTML, like Gecko; compatible; GPTBot/1.3; +https://openai.com/gptbot)"
74.7.242.41 - - [13/Apr/2026:12:43:26 +0000] "GET /shop/pg/16211974996 HTTP/2.0" 500 1004 "https://www.elementalmill.com" "Mozilla/5.0 AppleWebKit/537.36 (KHTML, like Gecko; compatible; GPTBot/1.3; +https://openai.com/gptbot)"
66.249.64.40 - - [13/Apr/2026:12:43:32 +0000] "GET /shop/customer/bookmark.php?shopping/products/16222285690 HTTP/1.1" 200 27921 "-" "Mozilla/5.0 (Linux; Android 6.0.1; Nexus 5X Build/MMB29P) AppleWebKit/537.36 (KHTML, like Gecko) Chrome/146.0.7680.177 Mobile Safari/537.36 (compatible; Googlebot/2.1; +http://www.google.com/bot.html)"
74.7.242.41 - - [13/Apr/2026:12:43:52 +0000] "GET /shop/pg/2424927 HTTP/2.0" 500 1004 "https://mail.elementalmill.com/shopping/products/16222424927" "Mozilla/5.0 AppleWebKit/537.36 (KHTML, like Gecko; compatible; GPTBot/1.3; +https://openai.com/gptbot)"
74.7.227.185 - - [13/Apr/2026:12:43:54 +0000] "GET /shopping/products/16211604344 HTTP/2.0" 500 1004 "https://elementalmill.com.lab2454.com/shopping/products/16211896677" "Mozilla/5.0 AppleWebKit/537.36 (KHTML, like Gecko; compatible; GPTBot/1.3; +https://openai.com/gptbot)"
213.180.203.95 - - [13/Apr/2026:12:44:05 +0000] "GET /shopping/products/16222279605 HTTP/1.1" 500 1004 "-" "Mozilla/5.0 (compatible; YandexBot/3.0; +http://yandex.com/bots)"
95.108.213.187 - - [13/Apr/2026:12:44:06 +0000] "GET /shopping/products/16232611517 HTTP/1.1" 500 1004 "-" "Mozilla/5.0 (compatible; YandexBot/3.0; +http://yandex.com/bots)"
74.7.243.205 - - [13/Apr/2026:12:44:15 +0000] "GET /shop/pg/1643978 HTTP/2.0" 500 1004 "https://www.elementalmill.com.lab2454.com/shop/pg/16201427522" "Mozilla/5.0 AppleWebKit/537.36 (KHTML, like Gecko; compatible; GPTBot/1.3; +https://openai.com/gptbot)"
74.7.242.41 - - [13/Apr/2026:12:44:27 +0000] "GET /shop/pg/16211725653 HTTP/2.0" 500 1004 "https://www.elementalmill.com" "Mozilla/5.0 AppleWebKit/537.36 (KHTML, like Gecko; compatible; GPTBot/1.3; +https://openai.com/gptbot)"
74.7.227.48 - - [13/Apr/2026:12:44:53 +0000] "GET /shop/pg/1749699 HTTP/2.0" 500 1004 "https://www.elementalmill.com/?shopping/products/16211749699" "Mozilla/5.0 AppleWebKit/537.36 (KHTML, like Gecko; compatible; GPTBot/1.3; +https://openai.com/gptbot)"
74.7.227.185 - - [13/Apr/2026:12:44:57 +0000] "GET /shopping/products/16211910655 HTTP/2.0" 500 1004 "https://elementalmill.com.lab2454.com/shopping/products/16232513567" "Mozilla/5.0 AppleWebKit/537.36 (KHTML, like Gecko; compatible; GPTBot/1.3; +https://openai.com/gptbot)"
