5.255.231.97 - - [13/Apr/2026:14:31:01 +0000] "GET /shopping/products/16201318463 HTTP/1.1" 500 1004 "-" "Mozilla/5.0 (compatible; YandexBot/3.0; +http://yandex.com/bots)"
51.75.119.154 - - [13/Apr/2026:14:31:58 +0000] "GET /robots.txt HTTP/1.1" 500 2431 "-" "Mozilla/5.0 (compatible; MJ12bot/v1.4.8; http://mj12bot.com/)"
213.180.203.247 - - [13/Apr/2026:14:33:22 +0000] "GET /robots.txt HTTP/1.1" 500 2431 "-" "Mozilla/5.0 (compatible; YandexBot/3.0; +http://yandex.com/bots)"
213.180.203.108 - - [13/Apr/2026:14:35:09 +0000] "GET /shopping/products/16211684377 HTTP/1.1" 500 1004 "-" "Mozilla/5.0 (compatible; YandexBot/3.0; +http://yandex.com/bots)"
5.255.231.192 - - [13/Apr/2026:14:36:26 +0000] "GET /shopping/products/16182825357 HTTP/1.1" 500 1004 "-" "Mozilla/5.0 (compatible; YandexBot/3.0; +http://yandex.com/bots)"
213.180.203.66 - - [13/Apr/2026:14:37:44 +0000] "GET /robots.txt HTTP/1.1" 500 2431 "-" "Mozilla/5.0 (compatible; YandexBot/3.0; +http://yandex.com/bots)"
66.249.64.39 - - [13/Apr/2026:14:39:16 +0000] "GET /shop/customer/bookmark.php?shopping/products/16222083971 HTTP/1.1" 200 27321 "-" "Mozilla/5.0 (Linux; Android 6.0.1; Nexus 5X Build/MMB29P) AppleWebKit/537.36 (KHTML, like Gecko) Chrome/146.0.7680.177 Mobile Safari/537.36 (compatible; Googlebot/2.1; +http://www.google.com/bot.html)"
213.180.203.57 - - [13/Apr/2026:14:41:05 +0000] "GET /shopping/products/16222368495 HTTP/1.1" 500 1004 "-" "Mozilla/5.0 (compatible; YandexBot/3.0; +http://yandex.com/bots)"
66.249.64.39 - - [13/Apr/2026:14:41:12 +0000] "GET /?shop/888847181.html HTTP/1.1" 200 27023 "-" "Mozilla/5.0 (Linux; Android 6.0.1; Nexus 5X Build/MMB29P) AppleWebKit/537.36 (KHTML, like Gecko) Chrome/146.0.7680.177 Mobile Safari/537.36 (compatible; GoogleOther)"
95.108.213.218 - - [13/Apr/2026:14:42:01 +0000] "GET /shopping/products/16211695064 HTTP/1.1" 500 1004 "-" "Mozilla/5.0 (compatible; YandexBot/3.0; +http://yandex.com/bots)"
87.250.224.39 - - [13/Apr/2026:14:43:21 +0000] "GET /shopping/products/16222479101 HTTP/1.1" 500 1004 "-" "Mozilla/5.0 (compatible; YandexBot/3.0; +http://yandex.com/bots)"
213.180.203.57 - - [13/Apr/2026:14:45:02 +0000] "GET /shopping/products/162215268515 HTTP/1.1" 500 1004 "-" "Mozilla/5.0 (compatible; YandexBot/3.0; +http://yandex.com/bots)"
95.108.213.177 - - [13/Apr/2026:14:46:02 +0000] "GET /shopping/products/16204122384 HTTP/1.1" 500 1004 "-" "Mozilla/5.0 (compatible; YandexBot/3.0; +http://yandex.com/bots)"
5.255.231.176 - - [13/Apr/2026:14:47:35 +0000] "GET /shopping/products/16211681247 HTTP/1.1" 500 1004 "-" "Mozilla/5.0 (compatible; YandexBot/3.0; +http://yandex.com/bots)"
66.249.64.40 - - [13/Apr/2026:14:47:44 +0000] "GET /shopping/products/1618189637 HTTP/1.1" 200 28194 "-" "Mozilla/5.0 (Linux; Android 6.0.1; Nexus 5X Build/MMB29P) AppleWebKit/537.36 (KHTML, like Gecko) Chrome/146.0.7680.177 Mobile Safari/537.36 (compatible; Googlebot/2.1; +http://www.google.com/bot.html)"
95.108.213.118 - - [13/Apr/2026:14:49:23 +0000] "GET /robots.txt HTTP/1.1" 500 2431 "-" "Mozilla/5.0 (compatible; YandexBot/3.0; +http://yandex.com/bots)"
213.180.203.41 - - [13/Apr/2026:14:49:28 +0000] "GET /shopping/products/1619680161 HTTP/1.1" 500 1004 "-" "Mozilla/5.0 (compatible; YandexBot/3.0; +http://yandex.com/bots)"
66.249.64.40 - - [13/Apr/2026:14:51:55 +0000] "GET /shop/891011241409.html HTTP/1.1" 200 27057 "-" "Mozilla/5.0 (Linux; Android 6.0.1; Nexus 5X Build/MMB29P) AppleWebKit/537.36 (KHTML, like Gecko) Chrome/146.0.7680.177 Mobile Safari/537.36 (compatible; GoogleOther)"
66.249.64.39 - - [13/Apr/2026:14:52:04 +0000] "GET /shop/891312592151.html HTTP/1.1" 200 27737 "-" "Mozilla/5.0 (Linux; Android 6.0.1; Nexus 5X Build/MMB29P) AppleWebKit/537.36 (KHTML, like Gecko) Chrome/146.0.7680.177 Mobile Safari/537.36 (compatible; GoogleOther)"
87.250.224.3 - - [13/Apr/2026:14:52:32 +0000] "GET /shopping/products/1619735051 HTTP/1.1" 500 1004 "-" "Mozilla/5.0 (compatible; YandexBot/3.0; +http://yandex.com/bots)"
213.180.203.80 - - [13/Apr/2026:14:52:38 +0000] "GET /shopping/products/16185747928 HTTP/1.1" 500 1004 "-" "Mozilla/5.0 (compatible; YandexBot/3.0; +http://yandex.com/bots)"
66.249.64.39 - - [13/Apr/2026:14:52:40 +0000] "GET /shopping/products/16211980806 HTTP/1.1" 200 27242 "-" "Mozilla/5.0 (Linux; Android 6.0.1; Nexus 5X Build/MMB29P) AppleWebKit/537.36 (KHTML, like Gecko) Chrome/146.0.7680.177 Mobile Safari/537.36 (compatible; Googlebot/2.1; +http://www.google.com/bot.html)"
66.249.64.39 - - [13/Apr/2026:14:52:42 +0000] "GET /?shop/88974495803.html HTTP/1.1" 200 28392 "-" "Mozilla/5.0 (Linux; Android 6.0.1; Nexus 5X Build/MMB29P) AppleWebKit/537.36 (KHTML, like Gecko) Chrome/146.0.7680.177 Mobile Safari/537.36 (compatible; Googlebot/2.1; +http://www.google.com/bot.html)"
66.249.64.39 - - [13/Apr/2026:14:52:44 +0000] "GET /shop/customer/bookmark.php?shopping/products/16201183881 HTTP/1.1" 200 27831 "-" "Mozilla/5.0 (Linux; Android 6.0.1; Nexus 5X Build/MMB29P) AppleWebKit/537.36 (KHTML, like Gecko) Chrome/146.0.7680.177 Mobile Safari/537.36 (compatible; Googlebot/2.1; +http://www.google.com/bot.html)"
66.249.64.41 - - [13/Apr/2026:14:54:14 +0000] "GET /shop/customer/bookmark.php?shopping/products/16222101928 HTTP/1.1" 200 27346 "-" "Mozilla/5.0 (Linux; Android 6.0.1; Nexus 5X Build/MMB29P) AppleWebKit/537.36 (KHTML, like Gecko) Chrome/146.0.7680.177 Mobile Safari/537.36 (compatible; Googlebot/2.1; +http://www.google.com/bot.html)"
66.249.64.41 - - [13/Apr/2026:14:56:09 +0000] "GET /shop/customer/bookmark.php?shopping/products/1618229653 HTTP/1.1" 200 27653 "-" "Mozilla/5.0 (Linux; Android 6.0.1; Nexus 5X Build/MMB29P) AppleWebKit/537.36 (KHTML, like Gecko) Chrome/146.0.7680.177 Mobile Safari/537.36 (compatible; Googlebot/2.1; +http://www.google.com/bot.html)"
95.108.213.80 - - [13/Apr/2026:14:57:19 +0000] "GET /shopping/products/16232579246 HTTP/1.1" 500 1004 "-" "Mozilla/5.0 (compatible; YandexBot/3.0; +http://yandex.com/bots)"
66.249.64.39 - - [13/Apr/2026:14:58:03 +0000] "GET /shopping/products/1619531117 HTTP/1.1" 200 27200 "-" "Mozilla/5.0 (Linux; Android 6.0.1; Nexus 5X Build/MMB29P) AppleWebKit/537.36 (KHTML, like Gecko) Chrome/146.0.7680.177 Mobile Safari/537.36 (compatible; Googlebot/2.1; +http://www.google.com/bot.html)"
95.108.213.111 - - [13/Apr/2026:14:59:13 +0000] "GET /shopping/products/16188126346 HTTP/1.1" 500 1004 "-" "Mozilla/5.0 (compatible; YandexBot/3.0; +http://yandex.com/bots)"
74.7.227.185 - - [13/Apr/2026:14:59:55 +0000] "GET /shopping/products/16211963960 HTTP/2.0" 500 1004 "https://elementalmill.com.lab2454.com/shopping/products/16232581351" "Mozilla/5.0 AppleWebKit/537.36 (KHTML, like Gecko; compatible; GPTBot/1.3; +https://openai.com/gptbot)"
74.7.242.41 - - [13/Apr/2026:14:59:57 +0000] "GET /shop/pg/16211885923 HTTP/2.0" 500 1004 "https://www.elementalmill.com" "Mozilla/5.0 AppleWebKit/537.36 (KHTML, like Gecko; compatible; GPTBot/1.3; +https://openai.com/gptbot)"
74.7.243.205 - - [13/Apr/2026:14:59:59 +0000] "GET /shop/pg/1640635 HTTP/2.0" 500 1004 "https://www.elementalmill.com.lab2454.com/shop/pg/16201424181" "Mozilla/5.0 AppleWebKit/537.36 (KHTML, like Gecko; compatible; GPTBot/1.3; +https://openai.com/gptbot)"
74.7.227.48 - - [13/Apr/2026:14:59:59 +0000] "GET /shop/pg/1763848 HTTP/2.0" 500 1004 "https://www.elementalmill.com/shopping/products/16211763848" "Mozilla/5.0 AppleWebKit/537.36 (KHTML, like Gecko; compatible; GPTBot/1.3; +https://openai.com/gptbot)"
74.7.242.41 - - [13/Apr/2026:15:00:01 +0000] "GET /shop/pg/1901622 HTTP/2.0" 500 1004 "https://mail.elementalmill.com/?shopping/products/16211901622" "Mozilla/5.0 AppleWebKit/537.36 (KHTML, like Gecko; compatible; GPTBot/1.3; +https://openai.com/gptbot)"
74.7.242.41 - - [13/Apr/2026:15:00:02 +0000] "GET /shop/pg/16211752323 HTTP/2.0" 500 1004 "https://www.elementalmill.com" "Mozilla/5.0 AppleWebKit/537.36 (KHTML, like Gecko; compatible; GPTBot/1.3; +https://openai.com/gptbot)"
74.7.243.205 - - [13/Apr/2026:15:00:03 +0000] "GET /shop/pg/1675769 HTTP/2.0" 500 1004 "https://www.elementalmill.com.lab2454.com/shop/pg/16201459307" "Mozilla/5.0 AppleWebKit/537.36 (KHTML, like Gecko; compatible; GPTBot/1.3; +https://openai.com/gptbot)"
88.151.32.178 - - [13/Apr/2026:15:00:49 +0000] "GET / HTTP/1.1" 500 1004 "-" "Mozilla/5.0 (Windows NT 10.0; Win64; x64; rv:138.0) Gecko/20100101 Firefox/138.0"
88.151.32.178 - - [13/Apr/2026:15:00:50 +0000] "GET /backend/.env HTTP/1.1" 500 1004 "-" "Mozilla/5.0 (Windows NT 10.0; Win64; x64; rv:138.0) Gecko/20100101 Firefox/138.0"
88.151.32.178 - - [13/Apr/2026:15:00:50 +0000] "GET /appsettings.json HTTP/1.1" 500 1004 "-" "Mozilla/5.0 (Windows NT 10.0; Win64; x64) AppleWebKit/537.36 (KHTML, like Gecko) Chrome/136.0.0.0 Safari/537.36"
88.151.32.178 - - [13/Apr/2026:15:00:50 +0000] "GET /.npmrc HTTP/1.1" 500 1004 "-" "Mozilla/5.0 (Macintosh; Intel Mac OS X 10.15; rv:138.0) Gecko/20100101 Firefox/138.0"
88.151.32.178 - - [13/Apr/2026:15:00:50 +0000] "GET /.anthropic/config.json HTTP/1.1" 500 1004 "-" "Mozilla/5.0 (Macintosh; Intel Mac OS X 10_15_7) AppleWebKit/537.36 (KHTML, like Gecko) Chrome/136.0.0.0 Safari/537.36"
88.151.32.178 - - [13/Apr/2026:15:00:50 +0000] "GET /server/.env HTTP/1.1" 500 1004 "-" "Mozilla/5.0 (Macintosh; Intel Mac OS X 10_15_7) AppleWebKit/537.36 (KHTML, like Gecko) Chrome/136.0.0.0 Safari/537.36"
88.151.32.178 - - [13/Apr/2026:15:00:50 +0000] "GET /app/.env HTTP/1.1" 500 1004 "-" "Mozilla/5.0 (Macintosh; Intel Mac OS X 10_15_7) AppleWebKit/537.36 (KHTML, like Gecko) Chrome/136.0.0.0 Safari/537.36"
88.151.32.178 - - [13/Apr/2026:15:00:50 +0000] "GET /.env.local HTTP/1.1" 500 1004 "-" "Mozilla/5.0 (X11; Linux x86_64) AppleWebKit/537.36 (KHTML, like Gecko) Chrome/136.0.0.0 Safari/537.36"
88.151.32.178 - - [13/Apr/2026:15:00:50 +0000] "GET /credentials.json HTTP/1.1" 500 1004 "-" "Mozilla/5.0 (Macintosh; Intel Mac OS X 10.15; rv:138.0) Gecko/20100101 Firefox/138.0"
88.151.32.178 - - [13/Apr/2026:15:00:50 +0000] "GET /.env.backup HTTP/1.1" 500 1004 "-" "Mozilla/5.0 (Windows NT 10.0; Win64; x64) AppleWebKit/537.36 (KHTML, like Gecko) Chrome/136.0.0.0 Safari/537.36"
88.151.32.178 - - [13/Apr/2026:15:00:50 +0000] "GET /laravel/.env HTTP/1.1" 500 1004 "-" "Mozilla/5.0 (Macintosh; Intel Mac OS X 10.15; rv:138.0) Gecko/20100101 Firefox/138.0"
88.151.32.178 - - [13/Apr/2026:15:00:50 +0000] "GET /.aws/credentials HTTP/1.1" 500 1004 "-" "Mozilla/5.0 (Windows NT 10.0; Win64; x64; rv:138.0) Gecko/20100101 Firefox/138.0"
88.151.32.178 - - [13/Apr/2026:15:00:50 +0000] "GET /.env.production HTTP/1.1" 500 1004 "-" "Mozilla/5.0 (Windows NT 10.0; Win64; x64; rv:138.0) Gecko/20100101 Firefox/138.0"
88.151.32.178 - - [13/Apr/2026:15:00:50 +0000] "GET /secrets.json HTTP/1.1" 500 1004 "-" "Mozilla/5.0 (X11; Linux x86_64) AppleWebKit/537.36 (KHTML, like Gecko) Chrome/136.0.0.0 Safari/537.36"
88.151.32.178 - - [13/Apr/2026:15:00:50 +0000] "GET /.git/config HTTP/1.1" 500 1004 "-" "Mozilla/5.0 (Windows NT 10.0; Win64; x64; rv:138.0) Gecko/20100101 Firefox/138.0"
88.151.32.178 - - [13/Apr/2026:15:00:50 +0000] "GET /serviceAccountKey.json HTTP/1.1" 500 1004 "-" "Mozilla/5.0 (Windows NT 10.0; Win64; x64) AppleWebKit/537.36 (KHTML, like Gecko) Chrome/136.0.0.0 Safari/537.36"
88.151.32.178 - - [13/Apr/2026:15:00:50 +0000] "GET /.env.dev HTTP/1.1" 500 1004 "-" "Mozilla/5.0 (Windows NT 10.0; Win64; x64; rv:138.0) Gecko/20100101 Firefox/138.0"
88.151.32.178 - - [13/Apr/2026:15:00:50 +0000] "GET /.env HTTP/1.1" 500 1004 "-" "Mozilla/5.0 (Macintosh; Intel Mac OS X 10_15_7) AppleWebKit/537.36 (KHTML, like Gecko) Chrome/136.0.0.0 Safari/537.36"
88.151.32.178 - - [13/Apr/2026:15:00:50 +0000] "GET /.env.bak HTTP/1.1" 500 1004 "-" "Mozilla/5.0 (Macintosh; Intel Mac OS X 10.15; rv:138.0) Gecko/20100101 Firefox/138.0"
88.151.32.178 - - [13/Apr/2026:15:00:50 +0000] "GET /config/.env HTTP/1.1" 500 1004 "-" "Mozilla/5.0 (X11; Linux x86_64) AppleWebKit/537.36 (KHTML, like Gecko) Chrome/136.0.0.0 Safari/537.36"
88.151.32.178 - - [13/Apr/2026:15:00:50 +0000] "GET /docker-compose.yml HTTP/1.1" 500 1004 "-" "Mozilla/5.0 (Macintosh; Intel Mac OS X 10.15; rv:138.0) Gecko/20100101 Firefox/138.0"
88.151.32.178 - - [13/Apr/2026:15:00:50 +0000] "GET /config.json HTTP/1.1" 500 1004 "-" "Mozilla/5.0 (Macintosh; Intel Mac OS X 10_15_7) AppleWebKit/537.36 (KHTML, like Gecko) Chrome/136.0.0.0 Safari/537.36"
88.151.32.178 - - [13/Apr/2026:15:00:50 +0000] "GET /api/.env HTTP/1.1" 500 1004 "-" "Mozilla/5.0 (X11; Linux x86_64) AppleWebKit/537.36 (KHTML, like Gecko) Chrome/136.0.0.0 Safari/537.36"
88.151.32.178 - - [13/Apr/2026:15:00:50 +0000] "GET /src/.env HTTP/1.1" 500 1004 "-" "Mozilla/5.0 (Windows NT 10.0; Win64; x64) AppleWebKit/537.36 (KHTML, like Gecko) Chrome/136.0.0.0 Safari/537.36"
88.151.32.178 - - [13/Apr/2026:15:00:50 +0000] "GET /.cursor/mcp.json HTTP/1.1" 500 1004 "-" "Mozilla/5.0 (X11; Linux x86_64) AppleWebKit/537.36 (KHTML, like Gecko) Chrome/136.0.0.0 Safari/537.36"
88.151.32.178 - - [13/Apr/2026:15:00:50 +0000] "GET /.openai/config.json HTTP/1.1" 500 1004 "-" "Mozilla/5.0 (Windows NT 10.0; Win64; x64) AppleWebKit/537.36 (KHTML, like Gecko) Chrome/136.0.0.0 Safari/537.36"
88.151.32.178 - - [13/Apr/2026:15:00:50 +0000] "GET /.env.staging HTTP/1.1" 500 1004 "-" "Mozilla/5.0 (Macintosh; Intel Mac OS X 10.15; rv:138.0) Gecko/20100101 Firefox/138.0"
88.151.32.178 - - [13/Apr/2026:15:00:52 +0000] "GET / HTTP/1.1" 500 1004 "-" "Mozilla/5.0 (Windows NT 10.0; Win64; x64) AppleWebKit/537.36 (KHTML, like Gecko) Chrome/136.0.0.0 Safari/537.36"
74.7.227.185 - - [13/Apr/2026:15:01:01 +0000] "GET /shopping/products/16201174336 HTTP/2.0" 500 1004 "https://elementalmill.com.lab2454.com/shopping/products/16211752327" "Mozilla/5.0 AppleWebKit/537.36 (KHTML, like Gecko; compatible; GPTBot/1.3; +https://openai.com/gptbot)"
74.7.242.41 - - [13/Apr/2026:15:01:04 +0000] "GET /shop/pg/16232624019 HTTP/2.0" 500 1004 "https://elementalmill.com/?shopping/products/16232619742" "Mozilla/5.0 AppleWebKit/537.36 (KHTML, like Gecko; compatible; GPTBot/1.3; +https://openai.com/gptbot)"
74.7.243.205 - - [13/Apr/2026:15:01:05 +0000] "GET /shop/pg/2116159 HTTP/2.0" 500 1004 "https://www.elementalmill.com.lab2454.com/shop/pg/1619975020" "Mozilla/5.0 AppleWebKit/537.36 (KHTML, like Gecko; compatible; GPTBot/1.3; +https://openai.com/gptbot)"
74.7.227.48 - - [13/Apr/2026:15:01:05 +0000] "GET /shop/pg/2233885 HTTP/2.0" 500 1004 "https://www.elementalmill.com/?shopping/products/16222233885" "Mozilla/5.0 AppleWebKit/537.36 (KHTML, like Gecko; compatible; GPTBot/1.3; +https://openai.com/gptbot)"
95.108.213.124 - - [13/Apr/2026:15:01:47 +0000] "GET /shopping/products/16201220967 HTTP/1.1" 500 1004 "-" "Mozilla/5.0 (compatible; YandexBot/3.0; +http://yandex.com/bots)"
74.7.227.185 - - [13/Apr/2026:15:02:01 +0000] "GET /shopping/products/16211505705 HTTP/2.0" 500 1004 "https://elementalmill.com.lab2454.com/shopping/products/16201018348" "Mozilla/5.0 AppleWebKit/537.36 (KHTML, like Gecko; compatible; GPTBot/1.3; +https://openai.com/gptbot)"
74.7.243.205 - - [13/Apr/2026:15:02:05 +0000] "GET /shop/pg/1200871 HTTP/2.0" 500 1004 "https://www.elementalmill.com.lab2454.com/shop/pg/1199696" "Mozilla/5.0 AppleWebKit/537.36 (KHTML, like Gecko; compatible; GPTBot/1.3; +https://openai.com/gptbot)"
74.7.242.41 - - [13/Apr/2026:15:02:06 +0000] "GET /shop/pg/16232617115 HTTP/2.0" 500 1004 "https://www.elementalmill.com" "Mozilla/5.0 AppleWebKit/537.36 (KHTML, like Gecko; compatible; GPTBot/1.3; +https://openai.com/gptbot)"
74.7.227.185 - - [13/Apr/2026:15:03:02 +0000] "GET /shopping/products/16211717924 HTTP/2.0" 500 1004 "https://elementalmill.com.lab2454.com/shopping/products/16201053709" "Mozilla/5.0 AppleWebKit/537.36 (KHTML, like Gecko; compatible; GPTBot/1.3; +https://openai.com/gptbot)"
74.7.243.205 - - [13/Apr/2026:15:03:08 +0000] "GET /shop/pg/1190175 HTTP/2.0" 500 1004 "https://www.elementalmill.com.lab2454.com/shop/pg/16211565266" "Mozilla/5.0 AppleWebKit/537.36 (KHTML, like Gecko; compatible; GPTBot/1.3; +https://openai.com/gptbot)"
74.7.242.41 - - [13/Apr/2026:15:03:10 +0000] "GET /shop/pg/16211938515 HTTP/2.0" 500 1004 "https://www.elementalmill.com" "Mozilla/5.0 AppleWebKit/537.36 (KHTML, like Gecko; compatible; GPTBot/1.3; +https://openai.com/gptbot)"
74.7.227.185 - - [13/Apr/2026:15:04:02 +0000] "GET /shopping/products/16201205229 HTTP/2.0" 500 1004 "https://elementalmill.com.lab2454.com/shopping/products/16201290257" "Mozilla/5.0 AppleWebKit/537.36 (KHTML, like Gecko; compatible; GPTBot/1.3; +https://openai.com/gptbot)"
74.7.243.205 - - [13/Apr/2026:15:04:11 +0000] "GET /shop/pg/1373694 HTTP/2.0" 500 1004 "https://www.elementalmill.com.lab2454.com/shop/pg/16201157236" "Mozilla/5.0 AppleWebKit/537.36 (KHTML, like Gecko; compatible; GPTBot/1.3; +https://openai.com/gptbot)"
74.7.242.41 - - [13/Apr/2026:15:04:14 +0000] "GET /shop/pg/1350864 HTTP/2.0" 500 1004 "https://mail.elementalmill.com/shop/pg/16211725949" "Mozilla/5.0 AppleWebKit/537.36 (KHTML, like Gecko; compatible; GPTBot/1.3; +https://openai.com/gptbot)"
66.249.64.39 - - [13/Apr/2026:15:04:25 +0000] "GET /category/16221003791 HTTP/1.1" 200 27235 "-" "Mozilla/5.0 (Linux; Android 6.0.1; Nexus 5X Build/MMB29P) AppleWebKit/537.36 (KHTML, like Gecko) Chrome/146.0.7680.177 Mobile Safari/537.36 (compatible; Googlebot/2.1; +http://www.google.com/bot.html)"
74.7.227.185 - - [13/Apr/2026:15:05:03 +0000] "GET /shopping/products/16211602529 HTTP/2.0" 500 1004 "https://elementalmill.com.lab2454.com/shopping/products/16211868279" "Mozilla/5.0 AppleWebKit/537.36 (KHTML, like Gecko; compatible; GPTBot/1.3; +https://openai.com/gptbot)"
74.7.242.41 - - [13/Apr/2026:15:05:11 +0000] "GET /shop/pg/16201242772 HTTP/2.0" 500 1004 "https://elementalmill.com/index.php?shopping/products/16201237591" "Mozilla/5.0 AppleWebKit/537.36 (KHTML, like Gecko; compatible; GPTBot/1.3; +https://openai.com/gptbot)"
5.255.231.34 - - [13/Apr/2026:15:05:16 +0000] "GET /shopping/products/16182883003 HTTP/1.1" 500 1004 "-" "Mozilla/5.0 (compatible; YandexBot/3.0; +http://yandex.com/bots)"
95.108.213.119 - - [13/Apr/2026:15:05:55 +0000] "GET /shopping/products/16232503254 HTTP/1.1" 500 1004 "-" "Mozilla/5.0 (compatible; YandexBot/3.0; +http://yandex.com/bots)"
74.7.227.185 - - [13/Apr/2026:15:06:05 +0000] "GET /shopping/products/16201253751 HTTP/2.0" 500 1004 "https://elementalmill.com.lab2454.com/shopping/products/16211524348" "Mozilla/5.0 AppleWebKit/537.36 (KHTML, like Gecko; compatible; GPTBot/1.3; +https://openai.com/gptbot)"
74.7.243.205 - - [13/Apr/2026:15:06:14 +0000] "GET /shop/pg/1944543 HTTP/2.0" 500 1004 "https://www.elementalmill.com.lab2454.com/shop/pg/1619803406" "Mozilla/5.0 AppleWebKit/537.36 (KHTML, like Gecko; compatible; GPTBot/1.3; +https://openai.com/gptbot)"
74.7.242.41 - - [13/Apr/2026:15:06:16 +0000] "GET /shop/pg/16211738742 HTTP/2.0" 500 1004 "https://elementalmill.com/?shopping/products/16211734471" "Mozilla/5.0 AppleWebKit/537.36 (KHTML, like Gecko; compatible; GPTBot/1.3; +https://openai.com/gptbot)"
74.7.227.48 - - [13/Apr/2026:15:06:20 +0000] "GET /shop/pg/1363202 HTTP/2.0" 500 1004 "https://www.elementalmill.com/shopping/products/16201363202" "Mozilla/5.0 AppleWebKit/537.36 (KHTML, like Gecko; compatible; GPTBot/1.3; +https://openai.com/gptbot)"
5.255.231.172 - - [13/Apr/2026:15:06:23 +0000] "GET /robots.txt HTTP/1.1" 500 2431 "-" "Mozilla/5.0 (compatible; YandexBot/3.0; +http://yandex.com/bots)"
74.7.227.185 - - [13/Apr/2026:15:07:05 +0000] "GET /shopping/products/16201410287 HTTP/2.0" 500 1004 "https://elementalmill.com.lab2454.com/shopping/products/16211754568" "Mozilla/5.0 AppleWebKit/537.36 (KHTML, like Gecko; compatible; GPTBot/1.3; +https://openai.com/gptbot)"
74.7.242.41 - - [13/Apr/2026:15:07:17 +0000] "GET /shop/pg/16211843638 HTTP/2.0" 500 1004 "https://www.elementalmill.com" "Mozilla/5.0 AppleWebKit/537.36 (KHTML, like Gecko; compatible; GPTBot/1.3; +https://openai.com/gptbot)"
74.7.243.205 - - [13/Apr/2026:15:07:19 +0000] "GET /shop/pg/1296299 HTTP/2.0" 500 1004 "https://www.elementalmill.com.lab2454.com/shop/pg/16211671401" "Mozilla/5.0 AppleWebKit/537.36 (KHTML, like Gecko; compatible; GPTBot/1.3; +https://openai.com/gptbot)"
74.7.227.185 - - [13/Apr/2026:15:08:11 +0000] "GET /shopping/products/16232601987 HTTP/2.0" 500 1004 "https://elementalmill.com.lab2454.com/shopping/products/16211935065" "Mozilla/5.0 AppleWebKit/537.36 (KHTML, like Gecko; compatible; GPTBot/1.3; +https://openai.com/gptbot)"
74.7.242.41 - - [13/Apr/2026:15:08:17 +0000] "GET /shop/pg/16211601894 HTTP/2.0" 500 1004 "https://elementalmill.com/?shopping/products/16211597620" "Mozilla/5.0 AppleWebKit/537.36 (KHTML, like Gecko; compatible; GPTBot/1.3; +https://openai.com/gptbot)"
74.7.243.205 - - [13/Apr/2026:15:08:21 +0000] "GET /shop/pg/1671554 HTTP/2.0" 500 1004 "https://www.elementalmill.com.lab2454.com/shop/pg/16201455089" "Mozilla/5.0 AppleWebKit/537.36 (KHTML, like Gecko; compatible; GPTBot/1.3; +https://openai.com/gptbot)"
74.7.242.41 - - [13/Apr/2026:15:08:22 +0000] "GET /shop/pg/1535497 HTTP/2.0" 500 1004 "https://mail.elementalmill.com/?shopping/products/16211535497" "Mozilla/5.0 AppleWebKit/537.36 (KHTML, like Gecko; compatible; GPTBot/1.3; +https://openai.com/gptbot)"
213.180.203.224 - - [13/Apr/2026:15:08:23 +0000] "GET /robots.txt HTTP/1.1" 500 2431 "-" "Mozilla/5.0 (compatible; YandexBot/3.0; +http://yandex.com/bots)"
74.7.227.185 - - [13/Apr/2026:15:09:16 +0000] "GET /shopping/products/16232515037 HTTP/2.0" 500 1004 "https://elementalmill.com.lab2454.com/shopping/products/16201210489" "Mozilla/5.0 AppleWebKit/537.36 (KHTML, like Gecko; compatible; GPTBot/1.3; +https://openai.com/gptbot)"
74.7.242.41 - - [13/Apr/2026:15:09:18 +0000] "GET /shop/pg/16211714318 HTTP/2.0" 500 1004 "https://www.elementalmill.com" "Mozilla/5.0 AppleWebKit/537.36 (KHTML, like Gecko; compatible; GPTBot/1.3; +https://openai.com/gptbot)"
66.249.64.39 - - [13/Apr/2026:15:09:20 +0000] "GET /shop/pg/1910704 HTTP/1.1" 200 27176 "-" "Mozilla/5.0 (Linux; Android 6.0.1; Nexus 5X Build/MMB29P) AppleWebKit/537.36 (KHTML, like Gecko) Chrome/146.0.7680.177 Mobile Safari/537.36 (compatible; Googlebot/2.1; +http://www.google.com/bot.html)"
74.7.243.205 - - [13/Apr/2026:15:09:22 +0000] "GET /shop/pg/1183607 HTTP/2.0" 500 1004 "https://www.elementalmill.com.lab2454.com/shop/pg/16211558688" "Mozilla/5.0 AppleWebKit/537.36 (KHTML, like Gecko; compatible; GPTBot/1.3; +https://openai.com/gptbot)"
74.7.242.41 - - [13/Apr/2026:15:09:25 +0000] "GET /shop/pg/2176572 HTTP/2.0" 500 1004 "https://mail.elementalmill.com/shopping/products/16222176572" "Mozilla/5.0 AppleWebKit/537.36 (KHTML, like Gecko; compatible; GPTBot/1.3; +https://openai.com/gptbot)"
66.249.64.40 - - [13/Apr/2026:15:09:48 +0000] "GET /category/16201000036 HTTP/1.1" 200 28255 "-" "Mozilla/5.0 (Linux; Android 6.0.1; Nexus 5X Build/MMB29P) AppleWebKit/537.36 (KHTML, like Gecko) Chrome/146.0.7680.177 Mobile Safari/537.36 (compatible; Googlebot/2.1; +http://www.google.com/bot.html)"
74.7.242.41 - - [13/Apr/2026:15:10:21 +0000] "GET /shop/pg/16211759007 HTTP/2.0" 500 1004 "https://elementalmill.com/shop/customer/bookmark.php?shopping/products/16211752087" "Mozilla/5.0 AppleWebKit/537.36 (KHTML, like Gecko; compatible; GPTBot/1.3; +https://openai.com/gptbot)"
213.180.203.71 - - [13/Apr/2026:15:10:23 +0000] "GET /robots.txt HTTP/1.1" 500 2431 "-" "Mozilla/5.0 (compatible; YandexBot/3.0; +http://yandex.com/bots)"
74.7.243.205 - - [13/Apr/2026:15:10:28 +0000] "GET /shop/pg/1480074 HTTP/2.0" 500 1004 "https://www.elementalmill.com.lab2454.com/shop/pg/16201263616" "Mozilla/5.0 AppleWebKit/537.36 (KHTML, like Gecko; compatible; GPTBot/1.3; +https://openai.com/gptbot)"
87.250.224.9 - - [13/Apr/2026:15:11:11 +0000] "GET /shopping/products/16206470159 HTTP/1.1" 500 1004 "-" "Mozilla/5.0 (compatible; YandexBot/3.0; +http://yandex.com/bots)"
74.7.227.185 - - [13/Apr/2026:15:11:26 +0000] "GET /shopping/products/16201356652 HTTP/2.0" 500 1004 "https://elementalmill.com.lab2454.com/shopping/products/16201351318" "Mozilla/5.0 AppleWebKit/537.36 (KHTML, like Gecko; compatible; GPTBot/1.3; +https://openai.com/gptbot)"
74.7.242.41 - - [13/Apr/2026:15:11:27 +0000] "GET /shop/pg/16211697156 HTTP/2.0" 500 1004 "https://www.elementalmill.com" "Mozilla/5.0 AppleWebKit/537.36 (KHTML, like Gecko; compatible; GPTBot/1.3; +https://openai.com/gptbot)"
74.7.243.205 - - [13/Apr/2026:15:11:32 +0000] "GET /shop/pg/1504942 HTTP/2.0" 500 1004 "https://www.elementalmill.com.lab2454.com/shop/pg/16211880037" "Mozilla/5.0 AppleWebKit/537.36 (KHTML, like Gecko; compatible; GPTBot/1.3; +https://openai.com/gptbot)"
213.180.203.9 - - [13/Apr/2026:15:12:23 +0000] "GET /robots.txt HTTP/1.1" 500 2431 "-" "Mozilla/5.0 (compatible; YandexBot/3.0; +http://yandex.com/bots)"
74.7.242.41 - - [13/Apr/2026:15:12:29 +0000] "GET /shop/pg/16211673284 HTTP/2.0" 500 1004 "https://www.elementalmill.com" "Mozilla/5.0 AppleWebKit/537.36 (KHTML, like Gecko; compatible; GPTBot/1.3; +https://openai.com/gptbot)"
74.7.227.185 - - [13/Apr/2026:15:12:31 +0000] "GET /shopping/products/16201143165 HTTP/2.0" 500 1004 "https://elementalmill.com.lab2454.com/shopping/products/16201187470" "Mozilla/5.0 AppleWebKit/537.36 (KHTML, like Gecko; compatible; GPTBot/1.3; +https://openai.com/gptbot)"
74.7.243.205 - - [13/Apr/2026:15:12:36 +0000] "GET /shop/pg/1224077 HTTP/2.0" 500 1004 "https://www.elementalmill.com.lab2454.com/shop/pg/16211599164" "Mozilla/5.0 AppleWebKit/537.36 (KHTML, like Gecko; compatible; GPTBot/1.3; +https://openai.com/gptbot)"
74.7.227.48 - - [13/Apr/2026:15:12:36 +0000] "GET /shop/pg/1670513 HTTP/2.0" 500 1004 "https://www.elementalmill.com/shopping/products/16211670513" "Mozilla/5.0 AppleWebKit/537.36 (KHTML, like Gecko; compatible; GPTBot/1.3; +https://openai.com/gptbot)"
66.249.64.39 - - [13/Apr/2026:15:13:21 +0000] "GET /shopping/products/16222050889 HTTP/1.1" 200 27432 "-" "Mozilla/5.0 (Linux; Android 6.0.1; Nexus 5X Build/MMB29P) AppleWebKit/537.36 (KHTML, like Gecko) Chrome/146.0.7680.177 Mobile Safari/537.36 (compatible; Googlebot/2.1; +http://www.google.com/bot.html)"
74.7.242.41 - - [13/Apr/2026:15:13:35 +0000] "GET /shop/pg/16211680608 HTTP/2.0" 500 1004 "https://www.elementalmill.com" "Mozilla/5.0 AppleWebKit/537.36 (KHTML, like Gecko; compatible; GPTBot/1.3; +https://openai.com/gptbot)"
74.7.227.185 - - [13/Apr/2026:15:13:35 +0000] "GET /shopping/products/16201454778 HTTP/2.0" 500 1004 "https://elementalmill.com.lab2454.com/shopping/products/16211570786" "Mozilla/5.0 AppleWebKit/537.36 (KHTML, like Gecko; compatible; GPTBot/1.3; +https://openai.com/gptbot)"
74.7.243.205 - - [13/Apr/2026:15:13:39 +0000] "GET /shop/pg/1427914 HTTP/2.0" 500 1004 "https://www.elementalmill.com.lab2454.com/shop/pg/16201211463" "Mozilla/5.0 AppleWebKit/537.36 (KHTML, like Gecko; compatible; GPTBot/1.3; +https://openai.com/gptbot)"
74.7.227.48 - - [13/Apr/2026:15:13:40 +0000] "GET /shop/pg/2592170 HTTP/2.0" 500 1004 "https://www.elementalmill.com/?shopping/products/16232592170" "Mozilla/5.0 AppleWebKit/537.36 (KHTML, like Gecko; compatible; GPTBot/1.3; +https://openai.com/gptbot)"
213.180.203.247 - - [13/Apr/2026:15:14:23 +0000] "GET /robots.txt HTTP/1.1" 500 2431 "-" "Mozilla/5.0 (compatible; YandexBot/3.0; +http://yandex.com/bots)"
74.7.242.41 - - [13/Apr/2026:15:14:43 +0000] "GET /shop/pg/16201368272 HTTP/2.0" 500 1004 "https://elementalmill.com/?shopping/products/16201363994" "Mozilla/5.0 AppleWebKit/537.36 (KHTML, like Gecko; compatible; GPTBot/1.3; +https://openai.com/gptbot)"
74.7.243.205 - - [13/Apr/2026:15:14:43 +0000] "GET /shop/pg/1196628 HTTP/2.0" 500 1004 "https://www.elementalmill.com.lab2454.com/shop/pg/16211571719" "Mozilla/5.0 AppleWebKit/537.36 (KHTML, like Gecko; compatible; GPTBot/1.3; +https://openai.com/gptbot)"
74.7.227.185 - - [13/Apr/2026:15:14:44 +0000] "GET /shopping/products/16211529077 HTTP/2.0" 500 1004 "https://elementalmill.com.lab2454.com/shopping/products/16232523790" "Mozilla/5.0 AppleWebKit/537.36 (KHTML, like Gecko; compatible; GPTBot/1.3; +https://openai.com/gptbot)"
74.7.227.48 - - [13/Apr/2026:15:14:45 +0000] "GET /shop/pg/2074958 HTTP/2.0" 500 1004 "https://www.elementalmill.com/?shopping/products/16222074958" "Mozilla/5.0 AppleWebKit/537.36 (KHTML, like Gecko; compatible; GPTBot/1.3; +https://openai.com/gptbot)"
74.7.243.205 - - [13/Apr/2026:15:15:44 +0000] "GET /shop/pg/1653707 HTTP/2.0" 500 1004 "https://www.elementalmill.com.lab2454.com/shop/pg/16201437251" "Mozilla/5.0 AppleWebKit/537.36 (KHTML, like Gecko; compatible; GPTBot/1.3; +https://openai.com/gptbot)"
74.7.242.41 - - [13/Apr/2026:15:15:45 +0000] "GET /shop/pg/16201038304 HTTP/2.0" 500 1004 "https://www.elementalmill.com" "Mozilla/5.0 AppleWebKit/537.36 (KHTML, like Gecko; compatible; GPTBot/1.3; +https://openai.com/gptbot)"
74.7.227.48 - - [13/Apr/2026:15:15:46 +0000] "GET /shop/pg/1242001 HTTP/2.0" 500 1004 "https://www.elementalmill.com/?shopping/products/16201242001" "Mozilla/5.0 AppleWebKit/537.36 (KHTML, like Gecko; compatible; GPTBot/1.3; +https://openai.com/gptbot)"
74.7.227.185 - - [13/Apr/2026:15:15:47 +0000] "GET /shopping/products/16201206679 HTTP/2.0" 500 1004 "https://elementalmill.com.lab2454.com/shopping/products/16201059803" "Mozilla/5.0 AppleWebKit/537.36 (KHTML, like Gecko; compatible; GPTBot/1.3; +https://openai.com/gptbot)"
66.249.64.41 - - [13/Apr/2026:15:15:51 +0000] "GET /shop/customer/bookmark.php?shopping/products/16222322720 HTTP/1.1" 200 28224 "-" "Mozilla/5.0 (Linux; Android 6.0.1; Nexus 5X Build/MMB29P) AppleWebKit/537.36 (KHTML, like Gecko) Chrome/146.0.7680.177 Mobile Safari/537.36 (compatible; Googlebot/2.1; +http://www.google.com/bot.html)"
5.255.231.203 - - [13/Apr/2026:15:16:23 +0000] "GET /robots.txt HTTP/1.1" 500 2431 "-" "Mozilla/5.0 (compatible; YandexBot/3.0; +http://yandex.com/bots)"
87.250.224.38 - - [13/Apr/2026:15:16:25 +0000] "GET /shopping/products/16201202665 HTTP/1.1" 500 1004 "-" "Mozilla/5.0 (compatible; YandexBot/3.0; +http://yandex.com/bots)"
74.7.242.41 - - [13/Apr/2026:15:16:56 +0000] "GET /shop/pg/16211792188 HTTP/2.0" 500 1004 "https://elementalmill.com/?shopping/products/16211787906" "Mozilla/5.0 AppleWebKit/537.36 (KHTML, like Gecko; compatible; GPTBot/1.3; +https://openai.com/gptbot)"
74.7.242.41 - - [13/Apr/2026:15:16:59 +0000] "GET /shop/pg/1751784 HTTP/2.0" 500 1004 "https://mail.elementalmill.com/?shopping/products/16211751784" "Mozilla/5.0 AppleWebKit/537.36 (KHTML, like Gecko; compatible; GPTBot/1.3; +https://openai.com/gptbot)"
213.180.203.32 - - [13/Apr/2026:15:17:08 +0000] "GET /shopping/products/1618371688 HTTP/1.1" 500 1004 "-" "Mozilla/5.0 (compatible; YandexBot/3.0; +http://yandex.com/bots)"
66.249.64.40 - - [13/Apr/2026:15:17:48 +0000] "GET /shop/customer/bookmark.php?shopping/products/16222055650 HTTP/1.1" 200 28621 "-" "Mozilla/5.0 (Linux; Android 6.0.1; Nexus 5X Build/MMB29P) AppleWebKit/537.36 (KHTML, like Gecko) Chrome/146.0.7680.177 Mobile Safari/537.36 (compatible; Googlebot/2.1; +http://www.google.com/bot.html)"
74.7.227.48 - - [13/Apr/2026:15:18:01 +0000] "GET /shop/pg/1495726 HTTP/2.0" 500 1004 "https://www.elementalmill.com/shopping/products/16201495726" "Mozilla/5.0 AppleWebKit/537.36 (KHTML, like Gecko; compatible; GPTBot/1.3; +https://openai.com/gptbot)"
74.7.242.41 - - [13/Apr/2026:15:18:01 +0000] "GET /shop/pg/2184032 HTTP/2.0" 500 1004 "https://mail.elementalmill.com/?shopping/products/16222184032" "Mozilla/5.0 AppleWebKit/537.36 (KHTML, like Gecko; compatible; GPTBot/1.3; +https://openai.com/gptbot)"
74.7.243.205 - - [13/Apr/2026:15:18:02 +0000] "GET /shop/pg/2039110 HTTP/2.0" 500 1004 "https://www.elementalmill.com.lab2454.com/shop/pg/2037950" "Mozilla/5.0 AppleWebKit/537.36 (KHTML, like Gecko; compatible; GPTBot/1.3; +https://openai.com/gptbot)"
74.7.242.41 - - [13/Apr/2026:15:18:03 +0000] "GET /shop/pg/16211520035 HTTP/2.0" 500 1004 "https://www.elementalmill.com" "Mozilla/5.0 AppleWebKit/537.36 (KHTML, like Gecko; compatible; GPTBot/1.3; +https://openai.com/gptbot)"
5.255.231.57 - - [13/Apr/2026:15:18:25 +0000] "GET /robots.txt HTTP/1.1" 500 2431 "-" "Mozilla/5.0 (compatible; YandexBot/3.0; +http://yandex.com/bots)"
74.7.227.48 - - [13/Apr/2026:15:19:26 +0000] "GET /shop/pg/1304772 HTTP/2.0" 500 1004 "https://www.elementalmill.com/shopping/products/16201304772" "Mozilla/5.0 AppleWebKit/537.36 (KHTML, like Gecko; compatible; GPTBot/1.3; +https://openai.com/gptbot)"
66.249.64.41 - - [13/Apr/2026:15:19:28 +0000] "GET /shop/customer/bookmark.php?shopping/products/16232577751 HTTP/1.1" 200 27740 "-" "Mozilla/5.0 (Linux; Android 6.0.1; Nexus 5X Build/MMB29P) AppleWebKit/537.36 (KHTML, like Gecko) Chrome/146.0.7680.177 Mobile Safari/537.36 (compatible; Googlebot/2.1; +http://www.google.com/bot.html)"
74.7.243.205 - - [13/Apr/2026:15:19:41 +0000] "GET /shop/pg/1531327 HTTP/2.0" 500 1004 "https://www.elementalmill.com.lab2454.com/shop/pg/16201314870" "Mozilla/5.0 AppleWebKit/537.36 (KHTML, like Gecko; compatible; GPTBot/1.3; +https://openai.com/gptbot)"
74.7.242.41 - - [13/Apr/2026:15:19:42 +0000] "GET /shop/pg/2071234 HTTP/2.0" 500 1004 "https://mail.elementalmill.com/?shopping/products/16222071234" "Mozilla/5.0 AppleWebKit/537.36 (KHTML, like Gecko; compatible; GPTBot/1.3; +https://openai.com/gptbot)"
66.249.64.39 - - [13/Apr/2026:15:21:04 +0000] "GET /?shop/8889782922.html HTTP/1.1" 200 26971 "-" "Mozilla/5.0 (Linux; Android 6.0.1; Nexus 5X Build/MMB29P) AppleWebKit/537.36 (KHTML, like Gecko) Chrome/146.0.7680.177 Mobile Safari/537.36 (compatible; Googlebot/2.1; +http://www.google.com/bot.html)"
74.7.227.48 - - [13/Apr/2026:15:21:14 +0000] "GET /shop/pg/1764520 HTTP/2.0" 500 1004 "https://www.elementalmill.com/?shopping/products/16211764520" "Mozilla/5.0 AppleWebKit/537.36 (KHTML, like Gecko; compatible; GPTBot/1.3; +https://openai.com/gptbot)"
213.180.203.253 - - [13/Apr/2026:15:21:24 +0000] "GET /robots.txt HTTP/1.1" 500 2431 "-" "Mozilla/5.0 (compatible; YandexBot/3.0; +http://yandex.com/bots)"
74.7.243.205 - - [13/Apr/2026:15:21:42 +0000] "GET /shop/pg/1545750 HTTP/2.0" 500 1004 "https://www.elementalmill.com.lab2454.com/shop/pg/16201329286" "Mozilla/5.0 AppleWebKit/537.36 (KHTML, like Gecko; compatible; GPTBot/1.3; +https://openai.com/gptbot)"
74.7.242.41 - - [13/Apr/2026:15:21:48 +0000] "GET /shop/pg/16201021208 HTTP/2.0" 500 1004 "https://www.elementalmill.com" "Mozilla/5.0 AppleWebKit/537.36 (KHTML, like Gecko; compatible; GPTBot/1.3; +https://openai.com/gptbot)"
5.255.231.49 - - [13/Apr/2026:15:22:26 +0000] "GET /robots.txt HTTP/1.1" 500 2431 "-" "Mozilla/5.0 (compatible; YandexBot/3.0; +http://yandex.com/bots)"
213.180.203.164 - - [13/Apr/2026:15:22:29 +0000] "GET /shopping/products/16211797548 HTTP/1.1" 500 1004 "-" "Mozilla/5.0 (compatible; YandexBot/3.0; +http://yandex.com/bots)"
95.108.213.204 - - [13/Apr/2026:15:22:43 +0000] "GET /shopping/products/1619735073 HTTP/1.1" 500 1004 "-" "Mozilla/5.0 (compatible; YandexBot/3.0; +http://yandex.com/bots)"
95.108.213.110 - - [13/Apr/2026:15:22:57 +0000] "GET /shopping/products/161953614970 HTTP/1.1" 500 1004 "-" "Mozilla/5.0 (compatible; YandexBot/3.0; +http://yandex.com/bots)"
74.7.227.48 - - [13/Apr/2026:15:23:19 +0000] "GET /shop/pg/1638913 HTTP/2.0" 500 1004 "https://www.elementalmill.com/shop/customer/bookmark.php?shopping/products/16211638913" "Mozilla/5.0 AppleWebKit/537.36 (KHTML, like Gecko; compatible; GPTBot/1.3; +https://openai.com/gptbot)"
66.249.64.40 - - [13/Apr/2026:15:23:20 +0000] "GET /?shop/891613956901.html HTTP/1.1" 200 27974 "-" "Mozilla/5.0 (Linux; Android 6.0.1; Nexus 5X Build/MMB29P) AppleWebKit/537.36 (KHTML, like Gecko) Chrome/146.0.7680.177 Mobile Safari/537.36 (compatible; Googlebot/2.1; +http://www.google.com/bot.html)"
74.7.243.205 - - [13/Apr/2026:15:23:29 +0000] "GET /shop/pg/1353904 HTTP/2.0" 500 1004 "https://www.elementalmill.com.lab2454.com/shop/pg/16211728990" "Mozilla/5.0 AppleWebKit/537.36 (KHTML, like Gecko; compatible; GPTBot/1.3; +https://openai.com/gptbot)"
5.255.231.17 - - [13/Apr/2026:15:23:48 +0000] "GET /shopping/products/1618435921 HTTP/1.1" 500 1004 "-" "Mozilla/5.0 (compatible; YandexBot/3.0; +http://yandex.com/bots)"
74.7.227.185 - - [13/Apr/2026:15:24:44 +0000] "GET /shopping/products/16201184799 HTTP/2.0" 500 1004 "https://elementalmill.com.lab2454.com/shopping/products/16211713524" "Mozilla/5.0 AppleWebKit/537.36 (KHTML, like Gecko; compatible; GPTBot/1.3; +https://openai.com/gptbot)"
66.249.64.39 - - [13/Apr/2026:15:25:16 +0000] "GET /shopping/products/16211918859 HTTP/1.1" 200 27279 "-" "Mozilla/5.0 (Linux; Android 6.0.1; Nexus 5X Build/MMB29P) AppleWebKit/537.36 (KHTML, like Gecko) Chrome/146.0.7680.177 Mobile Safari/537.36 (compatible; Googlebot/2.1; +http://www.google.com/bot.html)"
87.250.224.10 - - [13/Apr/2026:15:25:28 +0000] "GET /shopping/products/161946000851 HTTP/1.1" 500 1004 "-" "Mozilla/5.0 (compatible; YandexBot/3.0; +http://yandex.com/bots)"
213.180.203.81 - - [13/Apr/2026:15:25:42 +0000] "GET /shopping/products/16224672466 HTTP/1.1" 500 1004 "-" "Mozilla/5.0 (compatible; YandexBot/3.0; +http://yandex.com/bots)"
74.7.243.205 - - [13/Apr/2026:15:25:45 +0000] "GET /shop/pg/1299728 HTTP/2.0" 500 1004 "https://www.elementalmill.com.lab2454.com/shop/pg/16211674821" "Mozilla/5.0 AppleWebKit/537.36 (KHTML, like Gecko; compatible; GPTBot/1.3; +https://openai.com/gptbot)"
5.255.231.44 - - [13/Apr/2026:15:26:03 +0000] "GET /shopping/products/162360871941 HTTP/1.1" 500 1004 "-" "Mozilla/5.0 (compatible; YandexBot/3.0; +http://yandex.com/bots)"
74.7.227.185 - - [13/Apr/2026:15:26:23 +0000] "GET /shopping/products/16211696603 HTTP/2.0" 500 1004 "https://elementalmill.com.lab2454.com/shopping/products/16211689356" "Mozilla/5.0 AppleWebKit/537.36 (KHTML, like Gecko; compatible; GPTBot/1.3; +https://openai.com/gptbot)"
74.7.242.41 - - [13/Apr/2026:15:27:08 +0000] "GET /shop/pg/16201358102 HTTP/2.0" 500 1004 "https://elementalmill.com/?shopping/products/16201353833" "Mozilla/5.0 AppleWebKit/537.36 (KHTML, like Gecko; compatible; GPTBot/1.3; +https://openai.com/gptbot)"
74.7.243.205 - - [13/Apr/2026:15:27:15 +0000] "GET /shop/pg/1476997 HTTP/2.0" 500 1004 "https://www.elementalmill.com.lab2454.com/shop/pg/16201260543" "Mozilla/5.0 AppleWebKit/537.36 (KHTML, like Gecko; compatible; GPTBot/1.3; +https://openai.com/gptbot)"
74.7.242.41 - - [13/Apr/2026:15:27:16 +0000] "GET /shop/pg/2416889 HTTP/2.0" 500 1004 "https://mail.elementalmill.com/shopping/products/16222416889" "Mozilla/5.0 AppleWebKit/537.36 (KHTML, like Gecko; compatible; GPTBot/1.3; +https://openai.com/gptbot)"
74.7.242.41 - - [13/Apr/2026:15:27:25 +0000] "GET /shop/pg/16201130976 HTTP/2.0" 500 1004 "https://www.elementalmill.com" "Mozilla/5.0 AppleWebKit/537.36 (KHTML, like Gecko; compatible; GPTBot/1.3; +https://openai.com/gptbot)"
66.249.64.41 - - [13/Apr/2026:15:27:47 +0000] "GET /category/16191001149 HTTP/1.1" 200 27349 "-" "Mozilla/5.0 (Linux; Android 6.0.1; Nexus 5X Build/MMB29P) AppleWebKit/537.36 (KHTML, like Gecko) Chrome/146.0.7680.177 Mobile Safari/537.36 (compatible; Googlebot/2.1; +http://www.google.com/bot.html)"
74.7.243.205 - - [13/Apr/2026:15:27:48 +0000] "GET /shop/pg/1668842 HTTP/2.0" 500 1004 "https://www.elementalmill.com.lab2454.com/shop/pg/16201452383" "Mozilla/5.0 AppleWebKit/537.36 (KHTML, like Gecko; compatible; GPTBot/1.3; +https://openai.com/gptbot)"
74.7.227.185 - - [13/Apr/2026:15:27:59 +0000] "GET /shopping/products/16201146944 HTTP/2.0" 500 1004 "https://elementalmill.com.lab2454.com/shopping/products/16211779599" "Mozilla/5.0 AppleWebKit/537.36 (KHTML, like Gecko; compatible; GPTBot/1.3; +https://openai.com/gptbot)"
66.249.64.40 - - [13/Apr/2026:15:28:22 +0000] "GET /shopping/products/1618453379 HTTP/1.1" 200 28342 "-" "Mozilla/5.0 (Linux; Android 6.0.1; Nexus 5X Build/MMB29P) AppleWebKit/537.36 (KHTML, like Gecko) Chrome/146.0.7680.177 Mobile Safari/537.36 (compatible; Googlebot/2.1; +http://www.google.com/bot.html)"
213.180.203.135 - - [13/Apr/2026:15:28:23 +0000] "GET /shopping/products/16216837300 HTTP/1.1" 500 1004 "-" "Mozilla/5.0 (compatible; YandexBot/3.0; +http://yandex.com/bots)"
213.180.203.224 - - [13/Apr/2026:15:28:26 +0000] "GET /shopping/products/16201274164 HTTP/1.1" 500 1004 "-" "Mozilla/5.0 (compatible; YandexBot/3.0; +http://yandex.com/bots)"
95.108.213.87 - - [13/Apr/2026:15:28:26 +0000] "GET /shopping/products/16201275377 HTTP/1.1" 500 1004 "-" "Mozilla/5.0 (compatible; YandexBot/3.0; +http://yandex.com/bots)"
213.180.203.132 - - [13/Apr/2026:15:28:27 +0000] "GET /shopping/products/162244546901 HTTP/1.1" 500 1004 "-" "Mozilla/5.0 (compatible; YandexBot/3.0; +http://yandex.com/bots)"
95.108.213.163 - - [13/Apr/2026:15:28:40 +0000] "GET /shopping/products/161839761365 HTTP/1.1" 500 1004 "-" "Mozilla/5.0 (compatible; YandexBot/3.0; +http://yandex.com/bots)"
74.7.243.205 - - [13/Apr/2026:15:28:40 +0000] "GET /shop/pg/1424494 HTTP/2.0" 500 1004 "https://www.elementalmill.com.lab2454.com/shop/pg/16201208043" "Mozilla/5.0 AppleWebKit/537.36 (KHTML, like Gecko; compatible; GPTBot/1.3; +https://openai.com/gptbot)"
74.7.242.41 - - [13/Apr/2026:15:28:40 +0000] "GET /shop/pg/16201106570 HTTP/2.0" 500 1004 "https://www.elementalmill.com" "Mozilla/5.0 AppleWebKit/537.36 (KHTML, like Gecko; compatible; GPTBot/1.3; +https://openai.com/gptbot)"
74.7.227.185 - - [13/Apr/2026:15:28:45 +0000] "GET /shopping/products/16211924320 HTTP/2.0" 500 1004 "https://elementalmill.com.lab2454.com/shopping/products/16201497606" "Mozilla/5.0 AppleWebKit/537.36 (KHTML, like Gecko; compatible; GPTBot/1.3; +https://openai.com/gptbot)"
74.7.242.41 - - [13/Apr/2026:15:29:30 +0000] "GET /shop/pg/16211670715 HTTP/2.0" 500 1004 "https://www.elementalmill.com" "Mozilla/5.0 AppleWebKit/537.36 (KHTML, like Gecko; compatible; GPTBot/1.3; +https://openai.com/gptbot)"
74.7.243.205 - - [13/Apr/2026:15:29:35 +0000] "GET /shop/pg/1151969 HTTP/2.0" 500 1004 "https://www.elementalmill.com.lab2454.com/shop/pg/16211527065" "Mozilla/5.0 AppleWebKit/537.36 (KHTML, like Gecko; compatible; GPTBot/1.3; +https://openai.com/gptbot)"
87.250.224.47 - - [13/Apr/2026:15:29:40 +0000] "GET /shopping/products/161892986681 HTTP/1.1" 500 1004 "-" "Mozilla/5.0 (compatible; YandexBot/3.0; +http://yandex.com/bots)"
66.249.64.39 - - [13/Apr/2026:15:30:03 +0000] "GET /shop/customer/bookmark.php?shopping/products/16232536222 HTTP/1.1" 200 27384 "-" "Mozilla/5.0 (Linux; Android 6.0.1; Nexus 5X Build/MMB29P) AppleWebKit/537.36 (KHTML, like Gecko) Chrome/146.0.7680.177 Mobile Safari/537.36 (compatible; Googlebot/2.1; +http://www.google.com/bot.html)"
95.108.213.80 - - [13/Apr/2026:15:30:13 +0000] "GET /shopping/products/1619937784 HTTP/1.1" 500 1004 "-" "Mozilla/5.0 (compatible; YandexBot/3.0; +http://yandex.com/bots)"
66.249.64.39 - - [13/Apr/2026:15:30:46 +0000] "GET /shop/customer/bookmark.php?shopping/products/1619713506 HTTP/1.1" 200 27617 "-" "Mozilla/5.0 (Linux; Android 6.0.1; Nexus 5X Build/MMB29P) AppleWebKit/537.36 (KHTML, like Gecko) Chrome/146.0.7680.177 Mobile Safari/537.36 (compatible; Googlebot/2.1; +http://www.google.com/bot.html)"
74.7.243.205 - - [13/Apr/2026:15:31:00 +0000] "GET /shop/pg/1439283 HTTP/2.0" 500 1004 "https://www.elementalmill.com.lab2454.com/shop/pg/1438125" "Mozilla/5.0 AppleWebKit/537.36 (KHTML, like Gecko; compatible; GPTBot/1.3; +https://openai.com/gptbot)"
74.7.227.185 - - [13/Apr/2026:15:31:23 +0000] "GET /shopping/products/16211543962 HTTP/2.0" 500 1004 "https://elementalmill.com.lab2454.com/shopping/products/16201211573" "Mozilla/5.0 AppleWebKit/537.36 (KHTML, like Gecko; compatible; GPTBot/1.3; +https://openai.com/gptbot)"
5.255.231.17 - - [13/Apr/2026:15:31:24 +0000] "GET /shopping/products/16201146417 HTTP/1.1" 500 1004 "-" "Mozilla/5.0 (compatible; YandexBot/3.0; +http://yandex.com/bots)"
74.7.243.205 - - [13/Apr/2026:15:32:08 +0000] "GET /shop/pg/1200893 HTTP/2.0" 500 1004 "https://www.elementalmill.com.lab2454.com/shop/pg/16211575980" "Mozilla/5.0 AppleWebKit/537.36 (KHTML, like Gecko; compatible; GPTBot/1.3; +https://openai.com/gptbot)"
74.7.241.175 - - [13/Apr/2026:15:32:21 +0000] "GET /robots.txt HTTP/2.0" 200 364 "-" "Mozilla/5.0 (Macintosh; Intel Mac OS X 10_15_7) AppleWebKit/537.36 (KHTML, like Gecko) Chrome/131.0.0.0 Safari/537.36; compatible; OAI-SearchBot/1.3; robots.txt; +https://openai.com/searchbot"
74.7.227.185 - - [13/Apr/2026:15:32:41 +0000] "GET /shopping/products/16232530285 HTTP/2.0" 500 1004 "https://elementalmill.com.lab2454.com/shopping/products/16201284098" "Mozilla/5.0 AppleWebKit/537.36 (KHTML, like Gecko; compatible; GPTBot/1.3; +https://openai.com/gptbot)"
74.7.243.205 - - [13/Apr/2026:15:33:19 +0000] "GET /shop/pg/1346824 HTTP/2.0" 500 1004 "https://www.elementalmill.com.lab2454.com/shop/pg/1345658" "Mozilla/5.0 AppleWebKit/537.36 (KHTML, like Gecko; compatible; GPTBot/1.3; +https://openai.com/gptbot)"
74.7.244.22 - - [13/Apr/2026:15:33:20 +0000] "GET /robots.txt HTTP/2.0" 200 112 "-" "Mozilla/5.0 (Macintosh; Intel Mac OS X 10_15_7) AppleWebKit/537.36 (KHTML, like Gecko) Chrome/131.0.0.0 Safari/537.36; compatible; OAI-SearchBot/1.3; robots.txt; +https://openai.com/searchbot"
74.7.242.41 - - [13/Apr/2026:15:33:20 +0000] "GET /shop/pg/16201178197 HTTP/2.0" 500 1004 "https://elementalmill.com/?shopping/products/16201173930" "Mozilla/5.0 AppleWebKit/537.36 (KHTML, like Gecko; compatible; GPTBot/1.3; +https://openai.com/gptbot)"
74.7.241.141 - - [13/Apr/2026:15:33:21 +0000] "GET /robots.txt HTTP/2.0" 200 354 "-" "Mozilla/5.0 (Macintosh; Intel Mac OS X 10_15_7) AppleWebKit/537.36 (KHTML, like Gecko) Chrome/131.0.0.0 Safari/537.36; compatible; OAI-SearchBot/1.3; robots.txt; +https://openai.com/searchbot"
74.7.227.185 - - [13/Apr/2026:15:33:26 +0000] "GET /shopping/products/16211677858 HTTP/2.0" 500 1004 "https://elementalmill.com.lab2454.com/shopping/products/16211795790" "Mozilla/5.0 AppleWebKit/537.36 (KHTML, like Gecko; compatible; GPTBot/1.3; +https://openai.com/gptbot)"
95.108.213.185 - - [13/Apr/2026:15:33:53 +0000] "GET /shopping/products/16203969095 HTTP/1.1" 500 1004 "-" "Mozilla/5.0 (compatible; YandexBot/3.0; +http://yandex.com/bots)"
74.7.243.205 - - [13/Apr/2026:15:34:26 +0000] "GET /shop/pg/1313862 HTTP/2.0" 500 1004 "https://www.elementalmill.com.lab2454.com/shop/pg/16201097395" "Mozilla/5.0 AppleWebKit/537.36 (KHTML, like Gecko; compatible; GPTBot/1.3; +https://openai.com/gptbot)"
66.249.64.39 - - [13/Apr/2026:15:34:38 +0000] "GET /shop/customer/bookmark.php?shopping/products/16201267635 HTTP/1.1" 200 27572 "-" "Mozilla/5.0 (Linux; Android 6.0.1; Nexus 5X Build/MMB29P) AppleWebKit/537.36 (KHTML, like Gecko) Chrome/146.0.7680.177 Mobile Safari/537.36 (compatible; Googlebot/2.1; +http://www.google.com/bot.html)"
74.7.242.41 - - [13/Apr/2026:15:34:46 +0000] "GET /shop/pg/16211797103 HTTP/2.0" 500 1004 "https://www.elementalmill.com" "Mozilla/5.0 AppleWebKit/537.36 (KHTML, like Gecko; compatible; GPTBot/1.3; +https://openai.com/gptbot)"
74.7.227.185 - - [13/Apr/2026:15:34:47 +0000] "GET /shopping/products/16232601944 HTTP/2.0" 500 1004 "https://elementalmill.com.lab2454.com/shopping/products/16211887044" "Mozilla/5.0 AppleWebKit/537.36 (KHTML, like Gecko; compatible; GPTBot/1.3; +https://openai.com/gptbot)"
74.7.243.205 - - [13/Apr/2026:15:36:03 +0000] "GET /shop/pg/1562526 HTTP/2.0" 500 1004 "https://www.elementalmill.com.lab2454.com/shop/pg/16201346071" "Mozilla/5.0 AppleWebKit/537.36 (KHTML, like Gecko; compatible; GPTBot/1.3; +https://openai.com/gptbot)"
74.7.242.41 - - [13/Apr/2026:15:36:29 +0000] "GET /shop/pg/16232638186 HTTP/2.0" 500 1004 "https://www.elementalmill.com" "Mozilla/5.0 AppleWebKit/537.36 (KHTML, like Gecko; compatible; GPTBot/1.3; +https://openai.com/gptbot)"
213.180.203.238 - - [13/Apr/2026:15:36:36 +0000] "GET /shopping/products/16193214286 HTTP/1.1" 500 1004 "-" "Mozilla/5.0 (compatible; YandexBot/3.0; +http://yandex.com/bots)"
5.255.231.85 - - [13/Apr/2026:15:37:45 +0000] "GET /robots.txt HTTP/1.1" 500 2431 "-" "Mozilla/5.0 (compatible; YandexBot/3.0; +http://yandex.com/bots)"
74.7.243.205 - - [13/Apr/2026:15:37:56 +0000] "GET /shop/pg/1627844 HTTP/2.0" 500 1004 "https://www.elementalmill.com.lab2454.com/shop/pg/1626676" "Mozilla/5.0 AppleWebKit/537.36 (KHTML, like Gecko; compatible; GPTBot/1.3; +https://openai.com/gptbot)"
95.108.213.125 - - [13/Apr/2026:15:38:01 +0000] "GET /robots.txt HTTP/1.1" 500 2431 "-" "Mozilla/5.0 (compatible; YandexBot/3.0; +http://yandex.com/bots)"
66.249.64.40 - - [13/Apr/2026:15:38:26 +0000] "GET /category/16211001468 HTTP/1.1" 200 27227 "-" "Mozilla/5.0 (Linux; Android 6.0.1; Nexus 5X Build/MMB29P) AppleWebKit/537.36 (KHTML, like Gecko) Chrome/146.0.7680.177 Mobile Safari/537.36 (compatible; Googlebot/2.1; +http://www.google.com/bot.html)"
144.76.32.114 - - [13/Apr/2026:15:38:37 +0000] "GET /robots.txt HTTP/1.1" 200 354 "-" "Mozilla/5.0 (compatible; SERankingBacklinksBot/1.0; +https://seranking.com/backlinks-crawler)"
144.76.32.114 - - [13/Apr/2026:15:38:38 +0000] "GET /shop/pg/2591131 HTTP/1.1" 500 1004 "-" "Mozilla/5.0 (compatible; SERankingBacklinksBot/1.0; +https://seranking.com/backlinks-crawler)"
74.7.243.205 - - [13/Apr/2026:15:39:37 +0000] "GET /shop/pg/1207053 HTTP/2.0" 500 1004 "https://www.elementalmill.com.lab2454.com/shop/pg/1205892" "Mozilla/5.0 AppleWebKit/537.36 (KHTML, like Gecko; compatible; GPTBot/1.3; +https://openai.com/gptbot)"
74.7.227.185 - - [13/Apr/2026:15:39:59 +0000] "GET /shopping/products/16201248584 HTTP/2.0" 500 1004 "https://elementalmill.com.lab2454.com/shopping/products/16201284017" "Mozilla/5.0 AppleWebKit/537.36 (KHTML, like Gecko; compatible; GPTBot/1.3; +https://openai.com/gptbot)"
87.250.224.21 - - [13/Apr/2026:15:40:01 +0000] "GET /robots.txt HTTP/1.1" 500 2431 "-" "Mozilla/5.0 (compatible; YandexBot/3.0; +http://yandex.com/bots)"
95.108.213.203 - - [13/Apr/2026:15:41:32 +0000] "GET /robots.txt HTTP/1.1" 500 2431 "-" "Mozilla/5.0 (compatible; YandexBot/3.0; +http://yandex.com/bots)"
