66.249.64.39 - - [13/Apr/2026:15:41:56 +0000] "GET /category/162310005 HTTP/1.1" 200 25277 "-" "Mozilla/5.0 (Linux; Android 6.0.1; Nexus 5X Build/MMB29P) AppleWebKit/537.36 (KHTML, like Gecko) Chrome/146.0.7680.177 Mobile Safari/537.36 (compatible; Googlebot/2.1; +http://www.google.com/bot.html)"
74.7.243.205 - - [13/Apr/2026:15:41:59 +0000] "GET /shop/pg/1272530 HTTP/2.0" 500 1004 "https://www.elementalmill.com.lab2454.com/shop/pg/16211647623" "Mozilla/5.0 AppleWebKit/537.36 (KHTML, like Gecko; compatible; GPTBot/1.3; +https://openai.com/gptbot)"
87.250.224.113 - - [13/Apr/2026:15:42:01 +0000] "GET /robots.txt HTTP/1.1" 500 2431 "-" "Mozilla/5.0 (compatible; YandexBot/3.0; +http://yandex.com/bots)"
74.7.242.41 - - [13/Apr/2026:15:42:01 +0000] "GET /shop/pg/16211725122 HTTP/2.0" 500 1004 "https://www.elementalmill.com" "Mozilla/5.0 AppleWebKit/537.36 (KHTML, like Gecko; compatible; GPTBot/1.3; +https://openai.com/gptbot)"
95.108.213.239 - - [13/Apr/2026:15:43:32 +0000] "GET /robots.txt HTTP/1.1" 500 2431 "-" "Mozilla/5.0 (compatible; YandexBot/3.0; +http://yandex.com/bots)"
213.180.203.209 - - [13/Apr/2026:15:44:01 +0000] "GET /robots.txt HTTP/1.1" 500 2431 "-" "Mozilla/5.0 (compatible; YandexBot/3.0; +http://yandex.com/bots)"
74.7.243.205 - - [13/Apr/2026:15:44:04 +0000] "GET /shop/pg/1134990 HTTP/2.0" 500 1004 "https://www.elementalmill.com.lab2454.com/shop/pg/16211510102" "Mozilla/5.0 AppleWebKit/537.36 (KHTML, like Gecko; compatible; GPTBot/1.3; +https://openai.com/gptbot)"
74.7.242.41 - - [13/Apr/2026:15:44:05 +0000] "GET /shop/pg/16211728982 HTTP/2.0" 500 1004 "https://www.elementalmill.com" "Mozilla/5.0 AppleWebKit/537.36 (KHTML, like Gecko; compatible; GPTBot/1.3; +https://openai.com/gptbot)"
66.249.64.40 - - [13/Apr/2026:15:44:14 +0000] "GET /?shop/88922235451.html HTTP/1.1" 200 27239 "-" "Mozilla/5.0 (Linux; Android 6.0.1; Nexus 5X Build/MMB29P) AppleWebKit/537.36 (KHTML, like Gecko) Chrome/146.0.7680.177 Mobile Safari/537.36 (compatible; GoogleOther)"
74.7.227.185 - - [13/Apr/2026:15:44:41 +0000] "GET /shopping/products/16211552249 HTTP/2.0" 500 1004 "https://elementalmill.com.lab2454.com/shopping/products/16201465868" "Mozilla/5.0 AppleWebKit/537.36 (KHTML, like Gecko; compatible; GPTBot/1.3; +https://openai.com/gptbot)"
66.249.64.40 - - [13/Apr/2026:15:45:15 +0000] "GET /?shop/89079458337.html HTTP/1.1" 200 28135 "-" "Mozilla/5.0 (Linux; Android 6.0.1; Nexus 5X Build/MMB29P) AppleWebKit/537.36 (KHTML, like Gecko) Chrome/146.0.7680.177 Mobile Safari/537.36 (compatible; GoogleOther)"
66.249.64.39 - - [13/Apr/2026:15:45:23 +0000] "GET /?shop/88943494073.html HTTP/1.1" 200 27287 "-" "Mozilla/5.0 (Linux; Android 6.0.1; Nexus 5X Build/MMB29P) AppleWebKit/537.36 (KHTML, like Gecko) Chrome/146.0.7680.177 Mobile Safari/537.36 (compatible; GoogleOther)"
87.250.224.231 - - [13/Apr/2026:15:45:32 +0000] "GET /robots.txt HTTP/1.1" 500 2431 "-" "Mozilla/5.0 (compatible; YandexBot/3.0; +http://yandex.com/bots)"
95.108.213.94 - - [13/Apr/2026:15:46:04 +0000] "GET /robots.txt HTTP/1.1" 500 2431 "-" "Mozilla/5.0 (compatible; YandexBot/3.0; +http://yandex.com/bots)"
74.7.243.205 - - [13/Apr/2026:15:46:08 +0000] "GET /shop/pg/1953537 HTTP/2.0" 500 1004 "https://www.elementalmill.com.lab2454.com/shop/customer/bookmark.php?shopping/products/16211953537" "Mozilla/5.0 AppleWebKit/537.36 (KHTML, like Gecko; compatible; GPTBot/1.3; +https://openai.com/gptbot)"
74.7.242.41 - - [13/Apr/2026:15:46:09 +0000] "GET /shop/pg/16211726917 HTTP/2.0" 500 1004 "https://www.elementalmill.com" "Mozilla/5.0 AppleWebKit/537.36 (KHTML, like Gecko; compatible; GPTBot/1.3; +https://openai.com/gptbot)"
74.7.227.185 - - [13/Apr/2026:15:46:45 +0000] "GET /shopping/products/16211617385 HTTP/2.0" 500 1004 "https://elementalmill.com.lab2454.com/shopping/products/16201120931" "Mozilla/5.0 AppleWebKit/537.36 (KHTML, like Gecko; compatible; GPTBot/1.3; +https://openai.com/gptbot)"
74.7.242.41 - - [13/Apr/2026:15:47:22 +0000] "GET /shop/pg/16211928124 HTTP/2.0" 500 1004 "https://elementalmill.com/?shopping/products/16211923851" "Mozilla/5.0 AppleWebKit/537.36 (KHTML, like Gecko; compatible; GPTBot/1.3; +https://openai.com/gptbot)"
87.250.224.18 - - [13/Apr/2026:15:47:32 +0000] "GET /robots.txt HTTP/1.1" 500 2431 "-" "Mozilla/5.0 (compatible; YandexBot/3.0; +http://yandex.com/bots)"
213.180.203.54 - - [13/Apr/2026:15:48:01 +0000] "GET /robots.txt HTTP/1.1" 500 2431 "-" "Mozilla/5.0 (compatible; YandexBot/3.0; +http://yandex.com/bots)"
74.7.227.185 - - [13/Apr/2026:15:48:02 +0000] "GET /shopping/products/16201375164 HTTP/2.0" 500 1004 "https://elementalmill.com.lab2454.com/shopping/products/16201353828" "Mozilla/5.0 AppleWebKit/537.36 (KHTML, like Gecko; compatible; GPTBot/1.3; +https://openai.com/gptbot)"
213.180.203.159 - - [13/Apr/2026:15:48:02 +0000] "GET /shopping/products/162024975505 HTTP/1.1" 500 1004 "-" "Mozilla/5.0 (compatible; YandexBot/3.0; +http://yandex.com/bots)"
95.108.213.163 - - [13/Apr/2026:15:48:02 +0000] "GET /shopping/products/16201335087 HTTP/1.1" 500 1004 "-" "Mozilla/5.0 (compatible; YandexBot/3.0; +http://yandex.com/bots)"
74.7.243.205 - - [13/Apr/2026:15:48:38 +0000] "GET /shop/pg/1652044 HTTP/2.0" 500 1004 "https://www.elementalmill.com.lab2454.com/shop/pg/1650881" "Mozilla/5.0 AppleWebKit/537.36 (KHTML, like Gecko; compatible; GPTBot/1.3; +https://openai.com/gptbot)"
74.7.242.41 - - [13/Apr/2026:15:48:39 +0000] "GET /shop/pg/16232636568 HTTP/2.0" 500 1004 "https://www.elementalmill.com" "Mozilla/5.0 AppleWebKit/537.36 (KHTML, like Gecko; compatible; GPTBot/1.3; +https://openai.com/gptbot)"
74.7.242.41 - - [13/Apr/2026:15:48:42 +0000] "GET /shop/pg/2136245 HTTP/2.0" 500 1004 "https://mail.elementalmill.com/shopping/products/16222136245" "Mozilla/5.0 AppleWebKit/537.36 (KHTML, like Gecko; compatible; GPTBot/1.3; +https://openai.com/gptbot)"
66.249.64.39 - - [13/Apr/2026:15:48:48 +0000] "GET /shop/pg/899159 HTTP/1.1" 200 27002 "-" "Mozilla/5.0 (Linux; Android 6.0.1; Nexus 5X Build/MMB29P) AppleWebKit/537.36 (KHTML, like Gecko) Chrome/146.0.7680.177 Mobile Safari/537.36 (compatible; Googlebot/2.1; +http://www.google.com/bot.html)"
74.7.227.185 - - [13/Apr/2026:15:49:10 +0000] "GET /shopping/products/16211846301 HTTP/2.0" 500 1004 "https://elementalmill.com.lab2454.com/shopping/products/16211706594" "Mozilla/5.0 AppleWebKit/537.36 (KHTML, like Gecko; compatible; GPTBot/1.3; +https://openai.com/gptbot)"
74.7.243.205 - - [13/Apr/2026:15:49:15 +0000] "GET /shop/pg/1883979 HTTP/2.0" 500 1004 "https://www.elementalmill.com.lab2454.com/shop/pg/1882809" "Mozilla/5.0 AppleWebKit/537.36 (KHTML, like Gecko; compatible; GPTBot/1.3; +https://openai.com/gptbot)"
74.7.242.41 - - [13/Apr/2026:15:49:15 +0000] "GET /shop/pg/16211867338 HTTP/2.0" 500 1004 "https://elementalmill.com/?shopping/products/16211863065" "Mozilla/5.0 AppleWebKit/537.36 (KHTML, like Gecko; compatible; GPTBot/1.3; +https://openai.com/gptbot)"
74.7.227.185 - - [13/Apr/2026:15:49:18 +0000] "GET /shopping/products/16201449826 HTTP/2.0" 500 1004 "https://elementalmill.com.lab2454.com/shopping/products/16201027876" "Mozilla/5.0 AppleWebKit/537.36 (KHTML, like Gecko; compatible; GPTBot/1.3; +https://openai.com/gptbot)"
213.180.203.70 - - [13/Apr/2026:15:49:32 +0000] "GET /robots.txt HTTP/1.1" 500 2431 "-" "Mozilla/5.0 (compatible; YandexBot/3.0; +http://yandex.com/bots)"
66.249.64.41 - - [13/Apr/2026:15:49:35 +0000] "GET /category/16181000312 HTTP/1.1" 200 27532 "-" "Mozilla/5.0 (Linux; Android 6.0.1; Nexus 5X Build/MMB29P) AppleWebKit/537.36 (KHTML, like Gecko) Chrome/146.0.7680.177 Mobile Safari/537.36 (compatible; Googlebot/2.1; +http://www.google.com/bot.html)"
74.7.243.205 - - [13/Apr/2026:15:49:46 +0000] "GET /shop/pg/1552638 HTTP/2.0" 500 1004 "https://www.elementalmill.com.lab2454.com/shop/pg/16201336177" "Mozilla/5.0 AppleWebKit/537.36 (KHTML, like Gecko; compatible; GPTBot/1.3; +https://openai.com/gptbot)"
74.7.242.41 - - [13/Apr/2026:15:49:47 +0000] "GET /shop/pg/16211718358 HTTP/2.0" 500 1004 "https://www.elementalmill.com" "Mozilla/5.0 AppleWebKit/537.36 (KHTML, like Gecko; compatible; GPTBot/1.3; +https://openai.com/gptbot)"
87.250.224.16 - - [13/Apr/2026:15:50:02 +0000] "GET /robots.txt HTTP/1.1" 500 2431 "-" "Mozilla/5.0 (compatible; YandexBot/3.0; +http://yandex.com/bots)"
74.7.227.185 - - [13/Apr/2026:15:50:20 +0000] "GET /shopping/products/16232501919 HTTP/2.0" 500 1004 "https://elementalmill.com.lab2454.com/shopping/products/16211548900" "Mozilla/5.0 AppleWebKit/537.36 (KHTML, like Gecko; compatible; GPTBot/1.3; +https://openai.com/gptbot)"
74.7.227.48 - - [13/Apr/2026:15:50:21 +0000] "GET /shop/pg/1889070 HTTP/2.0" 500 1004 "https://www.elementalmill.com/shopping/products/16211889070" "Mozilla/5.0 AppleWebKit/537.36 (KHTML, like Gecko; compatible; GPTBot/1.3; +https://openai.com/gptbot)"
66.249.64.40 - - [13/Apr/2026:15:50:33 +0000] "GET /category/16181000278 HTTP/1.1" 200 27447 "-" "Mozilla/5.0 (Linux; Android 6.0.1; Nexus 5X Build/MMB29P) AppleWebKit/537.36 (KHTML, like Gecko) Chrome/146.0.7680.177 Mobile Safari/537.36 (compatible; Googlebot/2.1; +http://www.google.com/bot.html)"
74.7.243.205 - - [13/Apr/2026:15:50:48 +0000] "GET /shop/pg/1648201 HTTP/2.0" 500 1004 "https://www.elementalmill.com.lab2454.com/shop/pg/16201431744" "Mozilla/5.0 AppleWebKit/537.36 (KHTML, like Gecko; compatible; GPTBot/1.3; +https://openai.com/gptbot)"
74.7.242.41 - - [13/Apr/2026:15:50:51 +0000] "GET /shop/pg/16211775145 HTTP/2.0" 500 1004 "https://elementalmill.com/?shopping/products/16211770866" "Mozilla/5.0 AppleWebKit/537.36 (KHTML, like Gecko; compatible; GPTBot/1.3; +https://openai.com/gptbot)"
74.7.227.185 - - [13/Apr/2026:15:51:24 +0000] "GET /shopping/products/16201078511 HTTP/2.0" 500 1004 "https://elementalmill.com.lab2454.com/shopping/products/16232629382" "Mozilla/5.0 AppleWebKit/537.36 (KHTML, like Gecko; compatible; GPTBot/1.3; +https://openai.com/gptbot)"
95.108.213.100 - - [13/Apr/2026:15:51:32 +0000] "GET /robots.txt HTTP/1.1" 500 2431 "-" "Mozilla/5.0 (compatible; YandexBot/3.0; +http://yandex.com/bots)"
213.180.203.50 - - [13/Apr/2026:15:51:34 +0000] "GET /shopping/products/16201416769 HTTP/1.1" 500 1004 "-" "Mozilla/5.0 (compatible; YandexBot/3.0; +http://yandex.com/bots)"
5.255.231.51 - - [13/Apr/2026:15:51:34 +0000] "GET /shopping/products/16222128229 HTTP/1.1" 500 1004 "-" "Mozilla/5.0 (compatible; YandexBot/3.0; +http://yandex.com/bots)"
5.255.231.149 - - [13/Apr/2026:15:51:34 +0000] "GET /shopping/products/16198471678 HTTP/1.1" 500 1004 "-" "Mozilla/5.0 (compatible; YandexBot/3.0; +http://yandex.com/bots)"
213.180.203.182 - - [13/Apr/2026:15:51:34 +0000] "GET /shopping/products/16225135056 HTTP/1.1" 500 1004 "-" "Mozilla/5.0 (compatible; YandexBot/3.0; +http://yandex.com/bots)"
87.250.224.13 - - [13/Apr/2026:15:51:34 +0000] "GET /shopping/products/1618262660 HTTP/1.1" 500 1004 "-" "Mozilla/5.0 (compatible; YandexBot/3.0; +http://yandex.com/bots)"
213.180.203.239 - - [13/Apr/2026:15:51:35 +0000] "GET /shopping/products/16214613864 HTTP/1.1" 500 1004 "-" "Mozilla/5.0 (compatible; YandexBot/3.0; +http://yandex.com/bots)"
213.180.203.248 - - [13/Apr/2026:15:51:35 +0000] "GET /shopping/products/1618198445 HTTP/1.1" 500 1004 "-" "Mozilla/5.0 (compatible; YandexBot/3.0; +http://yandex.com/bots)"
95.108.213.192 - - [13/Apr/2026:15:51:36 +0000] "GET /shopping/products/16211508107 HTTP/1.1" 500 1004 "-" "Mozilla/5.0 (compatible; YandexBot/3.0; +http://yandex.com/bots)"
95.108.213.178 - - [13/Apr/2026:15:51:38 +0000] "GET /shopping/products/16201411052 HTTP/1.1" 500 1004 "-" "Mozilla/5.0 (compatible; YandexBot/3.0; +http://yandex.com/bots)"
74.7.243.205 - - [13/Apr/2026:15:51:53 +0000] "GET /shop/pg/1238441 HTTP/2.0" 500 1004 "https://www.elementalmill.com.lab2454.com/shop/pg/16201021979" "Mozilla/5.0 AppleWebKit/537.36 (KHTML, like Gecko; compatible; GPTBot/1.3; +https://openai.com/gptbot)"
74.7.242.41 - - [13/Apr/2026:15:51:57 +0000] "GET /shop/pg/16211987174 HTTP/2.0" 500 1004 "https://www.elementalmill.com" "Mozilla/5.0 AppleWebKit/537.36 (KHTML, like Gecko; compatible; GPTBot/1.3; +https://openai.com/gptbot)"
74.7.227.185 - - [13/Apr/2026:15:52:30 +0000] "GET /shopping/products/16232618089 HTTP/2.0" 500 1004 "https://elementalmill.com.lab2454.com/shopping/products/16211638287" "Mozilla/5.0 AppleWebKit/537.36 (KHTML, like Gecko; compatible; GPTBot/1.3; +https://openai.com/gptbot)"
213.180.203.25 - - [13/Apr/2026:15:53:08 +0000] "GET /shopping/products/16201484463 HTTP/1.1" 500 1004 "-" "Mozilla/5.0 (compatible; YandexBot/3.0; +http://yandex.com/bots)"
66.249.64.41 - - [13/Apr/2026:15:53:21 +0000] "GET /shop/customer/bookmark.php?shopping/products/16201419570 HTTP/1.1" 200 27670 "-" "Mozilla/5.0 (Linux; Android 6.0.1; Nexus 5X Build/MMB29P) AppleWebKit/537.36 (KHTML, like Gecko) Chrome/146.0.7680.177 Mobile Safari/537.36 (compatible; Googlebot/2.1; +http://www.google.com/bot.html)"
74.7.227.48 - - [13/Apr/2026:15:53:29 +0000] "GET /shop/pg/2015342 HTTP/2.0" 500 1004 "https://www.elementalmill.com/shop/customer/bookmark.php?shopping/products/16222015342" "Mozilla/5.0 AppleWebKit/537.36 (KHTML, like Gecko; compatible; GPTBot/1.3; +https://openai.com/gptbot)"
74.7.227.185 - - [13/Apr/2026:15:53:31 +0000] "GET /shopping/products/16232503048 HTTP/2.0" 500 1004 "https://elementalmill.com.lab2454.com/shopping/products/16201376593" "Mozilla/5.0 AppleWebKit/537.36 (KHTML, like Gecko; compatible; GPTBot/1.3; +https://openai.com/gptbot)"
213.180.203.245 - - [13/Apr/2026:15:53:33 +0000] "GET /robots.txt HTTP/1.1" 500 2431 "-" "Mozilla/5.0 (compatible; YandexBot/3.0; +http://yandex.com/bots)"
74.7.243.205 - - [13/Apr/2026:15:54:02 +0000] "GET /shop/pg/2005208 HTTP/2.0" 500 1004 "https://www.elementalmill.com.lab2454.com/?shopping/products/16222005208" "Mozilla/5.0 AppleWebKit/537.36 (KHTML, like Gecko; compatible; GPTBot/1.3; +https://openai.com/gptbot)"
5.255.231.13 - - [13/Apr/2026:15:54:03 +0000] "GET /robots.txt HTTP/1.1" 500 2431 "-" "Mozilla/5.0 (compatible; YandexBot/3.0; +http://yandex.com/bots)"
74.7.242.41 - - [13/Apr/2026:15:54:03 +0000] "GET /shop/pg/16211648857 HTTP/2.0" 500 1004 "https://www.elementalmill.com" "Mozilla/5.0 AppleWebKit/537.36 (KHTML, like Gecko; compatible; GPTBot/1.3; +https://openai.com/gptbot)"
74.7.227.48 - - [13/Apr/2026:15:54:32 +0000] "GET /shop/pg/1071989 HTTP/2.0" 500 1004 "https://www.elementalmill.com/shopping/products/16201071989" "Mozilla/5.0 AppleWebKit/537.36 (KHTML, like Gecko; compatible; GPTBot/1.3; +https://openai.com/gptbot)"
74.7.227.185 - - [13/Apr/2026:15:54:33 +0000] "GET /shopping/products/16201244607 HTTP/2.0" 500 1004 "https://elementalmill.com.lab2454.com/shopping/products/16211869914" "Mozilla/5.0 AppleWebKit/537.36 (KHTML, like Gecko; compatible; GPTBot/1.3; +https://openai.com/gptbot)"
74.7.242.41 - - [13/Apr/2026:15:55:04 +0000] "GET /shop/pg/2084516 HTTP/2.0" 500 1004 "https://mail.elementalmill.com/shopping/products/16222084516" "Mozilla/5.0 AppleWebKit/537.36 (KHTML, like Gecko; compatible; GPTBot/1.3; +https://openai.com/gptbot)"
74.7.243.205 - - [13/Apr/2026:15:55:05 +0000] "GET /shop/pg/1447104 HTTP/2.0" 500 1004 "https://www.elementalmill.com.lab2454.com/shop/pg/16201230652" "Mozilla/5.0 AppleWebKit/537.36 (KHTML, like Gecko; compatible; GPTBot/1.3; +https://openai.com/gptbot)"
74.7.242.41 - - [13/Apr/2026:15:55:06 +0000] "GET /shop/pg/16211747424 HTTP/2.0" 500 1004 "https://www.elementalmill.com" "Mozilla/5.0 AppleWebKit/537.36 (KHTML, like Gecko; compatible; GPTBot/1.3; +https://openai.com/gptbot)"
74.7.227.48 - - [13/Apr/2026:15:55:34 +0000] "GET /shop/pg/2601715 HTTP/2.0" 500 1004 "https://www.elementalmill.com/shopping/products/16232601715" "Mozilla/5.0 AppleWebKit/537.36 (KHTML, like Gecko; compatible; GPTBot/1.3; +https://openai.com/gptbot)"
74.7.227.185 - - [13/Apr/2026:15:55:38 +0000] "GET /shopping/products/16201447761 HTTP/2.0" 500 1004 "https://elementalmill.com.lab2454.com/shopping/products/16201448284" "Mozilla/5.0 AppleWebKit/537.36 (KHTML, like Gecko; compatible; GPTBot/1.3; +https://openai.com/gptbot)"
66.249.64.41 - - [13/Apr/2026:15:55:43 +0000] "GET /shopping/products/16201051999 HTTP/1.1" 200 27395 "-" "Mozilla/5.0 (Linux; Android 6.0.1; Nexus 5X Build/MMB29P) AppleWebKit/537.36 (KHTML, like Gecko) Chrome/146.0.7680.177 Mobile Safari/537.36 (compatible; Googlebot/2.1; +http://www.google.com/bot.html)"
74.7.242.41 - - [13/Apr/2026:15:56:06 +0000] "GET /shop/pg/1650892 HTTP/2.0" 500 1004 "https://mail.elementalmill.com/?shopping/products/16211650892" "Mozilla/5.0 AppleWebKit/537.36 (KHTML, like Gecko; compatible; GPTBot/1.3; +https://openai.com/gptbot)"
74.7.242.41 - - [13/Apr/2026:15:56:07 +0000] "GET /shop/pg/16232600677 HTTP/2.0" 500 1004 "https://www.elementalmill.com" "Mozilla/5.0 AppleWebKit/537.36 (KHTML, like Gecko; compatible; GPTBot/1.3; +https://openai.com/gptbot)"
74.7.243.205 - - [13/Apr/2026:15:56:10 +0000] "GET /shop/pg/2564289 HTTP/2.0" 500 1004 "https://www.elementalmill.com.lab2454.com/shop/customer/bookmark.php?shopping/products/16232564289" "Mozilla/5.0 AppleWebKit/537.36 (KHTML, like Gecko; compatible; GPTBot/1.3; +https://openai.com/gptbot)"
66.249.64.41 - - [13/Apr/2026:15:56:12 +0000] "GET /?shop/89058680581.html HTTP/1.1" 200 27271 "-" "Mozilla/5.0 (Linux; Android 6.0.1; Nexus 5X Build/MMB29P) AppleWebKit/537.36 (KHTML, like Gecko) Chrome/146.0.7680.177 Mobile Safari/537.36 (compatible; GoogleOther)"
66.249.64.39 - - [13/Apr/2026:15:56:21 +0000] "GET /?shop/8888271903.html HTTP/1.1" 200 27584 "-" "Mozilla/5.0 (Linux; Android 6.0.1; Nexus 5X Build/MMB29P) AppleWebKit/537.36 (KHTML, like Gecko) Chrome/146.0.7680.177 Mobile Safari/537.36 (compatible; GoogleOther)"
74.7.227.185 - - [13/Apr/2026:15:56:44 +0000] "GET /shopping/products/16232515751 HTTP/2.0" 500 1004 "https://elementalmill.com.lab2454.com/shopping/products/16211768229" "Mozilla/5.0 AppleWebKit/537.36 (KHTML, like Gecko; compatible; GPTBot/1.3; +https://openai.com/gptbot)"
74.7.242.41 - - [13/Apr/2026:15:57:07 +0000] "GET /shop/pg/2550580 HTTP/2.0" 500 1004 "https://mail.elementalmill.com/?shopping/products/16232550580" "Mozilla/5.0 AppleWebKit/537.36 (KHTML, like Gecko; compatible; GPTBot/1.3; +https://openai.com/gptbot)"
74.7.242.41 - - [13/Apr/2026:15:57:09 +0000] "GET /shop/pg/16211872617 HTTP/2.0" 500 1004 "https://elementalmill.com/?shopping/products/16211868337" "Mozilla/5.0 AppleWebKit/537.36 (KHTML, like Gecko; compatible; GPTBot/1.3; +https://openai.com/gptbot)"
74.7.243.205 - - [13/Apr/2026:15:57:12 +0000] "GET /shop/pg/1791823 HTTP/2.0" 500 1004 "https://www.elementalmill.com.lab2454.com/?shopping/products/16211791823" "Mozilla/5.0 AppleWebKit/537.36 (KHTML, like Gecko; compatible; GPTBot/1.3; +https://openai.com/gptbot)"
95.108.213.136 - - [13/Apr/2026:15:57:34 +0000] "GET /robots.txt HTTP/1.1" 500 2431 "-" "Mozilla/5.0 (compatible; YandexBot/3.0; +http://yandex.com/bots)"
66.249.64.39 - - [13/Apr/2026:15:57:43 +0000] "GET /?shop/88901145765.html HTTP/1.1" 200 27391 "-" "Mozilla/5.0 (Linux; Android 6.0.1; Nexus 5X Build/MMB29P) AppleWebKit/537.36 (KHTML, like Gecko) Chrome/146.0.7680.177 Mobile Safari/537.36 (compatible; GoogleOther)"
74.7.227.185 - - [13/Apr/2026:15:57:44 +0000] "GET /shopping/products/16201061541 HTTP/2.0" 500 1004 "https://elementalmill.com.lab2454.com/shopping/products/16232500433" "Mozilla/5.0 AppleWebKit/537.36 (KHTML, like Gecko; compatible; GPTBot/1.3; +https://openai.com/gptbot)"
74.7.243.205 - - [13/Apr/2026:15:58:16 +0000] "GET /shop/pg/1221216 HTTP/2.0" 500 1004 "https://www.elementalmill.com.lab2454.com/shop/pg/16211596307" "Mozilla/5.0 AppleWebKit/537.36 (KHTML, like Gecko; compatible; GPTBot/1.3; +https://openai.com/gptbot)"
74.7.227.48 - - [13/Apr/2026:15:58:47 +0000] "GET /shop/pg/1553543 HTTP/2.0" 500 1004 "https://www.elementalmill.com/shop/pg/16201337084" "Mozilla/5.0 AppleWebKit/537.36 (KHTML, like Gecko; compatible; GPTBot/1.3; +https://openai.com/gptbot)"
74.7.227.185 - - [13/Apr/2026:15:58:47 +0000] "GET /shopping/products/16201325255 HTTP/2.0" 500 1004 "https://elementalmill.com.lab2454.com/shopping/products/16232511917" "Mozilla/5.0 AppleWebKit/537.36 (KHTML, like Gecko; compatible; GPTBot/1.3; +https://openai.com/gptbot)"
74.7.243.205 - - [13/Apr/2026:15:59:17 +0000] "GET /shop/pg/1568982 HTTP/2.0" 500 1004 "https://www.elementalmill.com.lab2454.com/shop/pg/16201352530" "Mozilla/5.0 AppleWebKit/537.36 (KHTML, like Gecko; compatible; GPTBot/1.3; +https://openai.com/gptbot)"
74.7.227.185 - - [13/Apr/2026:15:59:48 +0000] "GET /shopping/products/16201370523 HTTP/2.0" 500 1004 "https://elementalmill.com.lab2454.com/shopping/products/16201365189" "Mozilla/5.0 AppleWebKit/537.36 (KHTML, like Gecko; compatible; GPTBot/1.3; +https://openai.com/gptbot)"
74.7.227.48 - - [13/Apr/2026:15:59:49 +0000] "GET /shop/pg/2167910 HTTP/2.0" 500 1004 "https://www.elementalmill.com/?shopping/products/16222167910" "Mozilla/5.0 AppleWebKit/537.36 (KHTML, like Gecko; compatible; GPTBot/1.3; +https://openai.com/gptbot)"
74.7.242.41 - - [13/Apr/2026:16:00:15 +0000] "GET /shop/pg/21976240420 HTTP/2.0" 500 1004 "https://www.elementalmill.com" "Mozilla/5.0 AppleWebKit/537.36 (KHTML, like Gecko; compatible; GPTBot/1.3; +https://openai.com/gptbot)"
74.7.243.205 - - [13/Apr/2026:16:00:19 +0000] "GET /shop/pg/1680485 HTTP/2.0" 500 1004 "https://www.elementalmill.com.lab2454.com/shop/pg/16201464032" "Mozilla/5.0 AppleWebKit/537.36 (KHTML, like Gecko; compatible; GPTBot/1.3; +https://openai.com/gptbot)"
66.249.64.40 - - [13/Apr/2026:16:00:41 +0000] "GET /shop/customer/bookmark.php?shopping/products/1618314795 HTTP/1.1" 200 27229 "-" "Mozilla/5.0 (Linux; Android 6.0.1; Nexus 5X Build/MMB29P) AppleWebKit/537.36 (KHTML, like Gecko) Chrome/146.0.7680.177 Mobile Safari/537.36 (compatible; Googlebot/2.1; +http://www.google.com/bot.html)"
74.7.242.41 - - [13/Apr/2026:16:01:18 +0000] "GET /shop/pg/16201138480 HTTP/2.0" 500 1004 "https://www.elementalmill.com" "Mozilla/5.0 AppleWebKit/537.36 (KHTML, like Gecko; compatible; GPTBot/1.3; +https://openai.com/gptbot)"
213.180.203.99 - - [13/Apr/2026:16:01:25 +0000] "GET /shopping/products/16224728409 HTTP/1.1" 500 1004 "-" "Mozilla/5.0 (compatible; YandexBot/3.0; +http://yandex.com/bots)"
74.7.227.48 - - [13/Apr/2026:16:01:52 +0000] "GET /shop/pg/2324051 HTTP/2.0" 500 1004 "https://www.elementalmill.com/shopping/products/16222324051" "Mozilla/5.0 AppleWebKit/537.36 (KHTML, like Gecko; compatible; GPTBot/1.3; +https://openai.com/gptbot)"
5.255.231.146 - - [13/Apr/2026:16:01:57 +0000] "GET /shopping/products/162233882868 HTTP/1.1" 500 1004 "-" "Mozilla/5.0 (compatible; YandexBot/3.0; +http://yandex.com/bots)"
74.7.242.41 - - [13/Apr/2026:16:02:23 +0000] "GET /shop/pg/16211518865 HTTP/2.0" 500 1004 "https://elementalmill.com/?shopping/products/16211514602" "Mozilla/5.0 AppleWebKit/537.36 (KHTML, like Gecko; compatible; GPTBot/1.3; +https://openai.com/gptbot)"
74.7.243.205 - - [13/Apr/2026:16:02:24 +0000] "GET /shop/pg/1494525 HTTP/2.0" 500 1004 "https://www.elementalmill.com.lab2454.com/shop/pg/1493358" "Mozilla/5.0 AppleWebKit/537.36 (KHTML, like Gecko; compatible; GPTBot/1.3; +https://openai.com/gptbot)"
66.249.64.39 - - [13/Apr/2026:16:02:33 +0000] "GET /shop/88922149345.html HTTP/1.1" 200 28294 "-" "Mozilla/5.0 (Linux; Android 6.0.1; Nexus 5X Build/MMB29P) AppleWebKit/537.36 (KHTML, like Gecko) Chrome/146.0.7680.177 Mobile Safari/537.36 (compatible; Googlebot/2.1; +http://www.google.com/bot.html)"
74.7.227.48 - - [13/Apr/2026:16:02:54 +0000] "GET /shop/pg/2494587 HTTP/2.0" 500 1004 "https://www.elementalmill.com/shop/customer/bookmark.php?shopping/products/16222494587" "Mozilla/5.0 AppleWebKit/537.36 (KHTML, like Gecko; compatible; GPTBot/1.3; +https://openai.com/gptbot)"
74.7.227.185 - - [13/Apr/2026:16:02:59 +0000] "GET /shopping/products/16201334061 HTTP/2.0" 500 1004 "https://elementalmill.com.lab2454.com/shopping/products/16232523790" "Mozilla/5.0 AppleWebKit/537.36 (KHTML, like Gecko; compatible; GPTBot/1.3; +https://openai.com/gptbot)"
45.12.3.125 - - [13/Apr/2026:16:03:25 +0000] "GET //images/images/cache.php HTTP/1.1" 500 1004 "-" "Mozilla/5.0 (Windows NT 10.0; Win64; x64; rv:81.0) Gecko/20100101 Firefox/81.0"
74.7.242.41 - - [13/Apr/2026:16:03:27 +0000] "GET /shop/pg/16211987595 HTTP/2.0" 500 1004 "https://elementalmill.com/?shopping/products/16211983318" "Mozilla/5.0 AppleWebKit/537.36 (KHTML, like Gecko; compatible; GPTBot/1.3; +https://openai.com/gptbot)"
74.7.227.185 - - [13/Apr/2026:16:04:01 +0000] "GET /shopping/products/16211797832 HTTP/2.0" 500 1004 "https://elementalmill.com.lab2454.com/shopping/products/16201358118" "Mozilla/5.0 AppleWebKit/537.36 (KHTML, like Gecko; compatible; GPTBot/1.3; +https://openai.com/gptbot)"
66.249.64.41 - - [13/Apr/2026:16:04:05 +0000] "GET /shopping/products/16211715090 HTTP/1.1" 200 27520 "-" "Mozilla/5.0 (Linux; Android 6.0.1; Nexus 5X Build/MMB29P) AppleWebKit/537.36 (KHTML, like Gecko) Chrome/146.0.7680.177 Mobile Safari/537.36 (compatible; Googlebot/2.1; +http://www.google.com/bot.html)"
74.7.243.205 - - [13/Apr/2026:16:04:31 +0000] "GET /shop/pg/1353662 HTTP/2.0" 500 1004 "https://www.elementalmill.com.lab2454.com/shop/pg/1352506" "Mozilla/5.0 AppleWebKit/537.36 (KHTML, like Gecko; compatible; GPTBot/1.3; +https://openai.com/gptbot)"
74.7.242.41 - - [13/Apr/2026:16:04:32 +0000] "GET /shop/pg/16211741467 HTTP/2.0" 500 1004 "https://www.elementalmill.com" "Mozilla/5.0 AppleWebKit/537.36 (KHTML, like Gecko; compatible; GPTBot/1.3; +https://openai.com/gptbot)"
66.249.64.39 - - [13/Apr/2026:16:04:31 +0000] "GET /?shop/891212086366.html HTTP/1.1" 200 27482 "-" "Mozilla/5.0 (Linux; Android 6.0.1; Nexus 5X Build/MMB29P) AppleWebKit/537.36 (KHTML, like Gecko) Chrome/146.0.7680.177 Mobile Safari/537.36 (compatible; Googlebot/2.1; +http://www.google.com/bot.html)"
74.7.227.185 - - [13/Apr/2026:16:05:07 +0000] "GET /shopping/products/16201073274 HTTP/2.0" 500 1004 "https://elementalmill.com.lab2454.com/shopping/products/16201458505" "Mozilla/5.0 AppleWebKit/537.36 (KHTML, like Gecko; compatible; GPTBot/1.3; +https://openai.com/gptbot)"
74.7.242.41 - - [13/Apr/2026:16:05:35 +0000] "GET /shop/pg/16201085911 HTTP/2.0" 500 1004 "https://www.elementalmill.com" "Mozilla/5.0 AppleWebKit/537.36 (KHTML, like Gecko; compatible; GPTBot/1.3; +https://openai.com/gptbot)"
5.255.231.108 - - [13/Apr/2026:16:05:35 +0000] "GET /robots.txt HTTP/1.1" 500 2431 "-" "Mozilla/5.0 (compatible; YandexBot/3.0; +http://yandex.com/bots)"
74.7.243.205 - - [13/Apr/2026:16:05:36 +0000] "GET /shop/pg/1431015 HTTP/2.0" 500 1004 "https://www.elementalmill.com.lab2454.com/shop/pg/16211806115" "Mozilla/5.0 AppleWebKit/537.36 (KHTML, like Gecko; compatible; GPTBot/1.3; +https://openai.com/gptbot)"
95.108.213.126 - - [13/Apr/2026:16:05:45 +0000] "GET /shopping/products/16201443751 HTTP/1.1" 500 1004 "-" "Mozilla/5.0 (compatible; YandexBot/3.0; +http://yandex.com/bots)"
74.7.227.48 - - [13/Apr/2026:16:06:04 +0000] "GET /shop/pg/1053017 HTTP/2.0" 500 1004 "https://www.elementalmill.com/shopping/products/16201053017" "Mozilla/5.0 AppleWebKit/537.36 (KHTML, like Gecko; compatible; GPTBot/1.3; +https://openai.com/gptbot)"
66.249.64.40 - - [13/Apr/2026:16:06:10 +0000] "GET /?shop/891614332319.html HTTP/1.1" 200 27478 "-" "Mozilla/5.0 (Linux; Android 6.0.1; Nexus 5X Build/MMB29P) AppleWebKit/537.36 (KHTML, like Gecko) Chrome/146.0.7680.177 Mobile Safari/537.36 (compatible; Googlebot/2.1; +http://www.google.com/bot.html)"
74.7.227.185 - - [13/Apr/2026:16:06:13 +0000] "GET /shopping/products/16211532676 HTTP/2.0" 500 1004 "https://elementalmill.com.lab2454.com/shopping/products/16201315946" "Mozilla/5.0 AppleWebKit/537.36 (KHTML, like Gecko; compatible; GPTBot/1.3; +https://openai.com/gptbot)"
5.255.231.161 - - [13/Apr/2026:16:06:20 +0000] "GET /shopping/products/162197156014 HTTP/1.1" 500 1004 "-" "Mozilla/5.0 (compatible; YandexBot/3.0; +http://yandex.com/bots)"
95.108.213.189 - - [13/Apr/2026:16:06:25 +0000] "GET /shopping/products/16222295213 HTTP/1.1" 500 1004 "-" "Mozilla/5.0 (compatible; YandexBot/3.0; +http://yandex.com/bots)"
74.7.243.205 - - [13/Apr/2026:16:06:38 +0000] "GET /shop/pg/2326823 HTTP/2.0" 500 1004 "https://www.elementalmill.com.lab2454.com/shopping/products/16222326823" "Mozilla/5.0 AppleWebKit/537.36 (KHTML, like Gecko; compatible; GPTBot/1.3; +https://openai.com/gptbot)"
74.7.242.41 - - [13/Apr/2026:16:06:41 +0000] "GET /shop/pg/16211585466 HTTP/2.0" 500 1004 "https://www.elementalmill.com" "Mozilla/5.0 AppleWebKit/537.36 (KHTML, like Gecko; compatible; GPTBot/1.3; +https://openai.com/gptbot)"
213.180.203.206 - - [13/Apr/2026:16:07:03 +0000] "GET /shopping/products/1619881754 HTTP/1.1" 500 1004 "-" "Mozilla/5.0 (compatible; YandexBot/3.0; +http://yandex.com/bots)"
95.108.213.147 - - [13/Apr/2026:16:07:03 +0000] "GET /shopping/products/16211918141 HTTP/1.1" 500 1004 "-" "Mozilla/5.0 (compatible; YandexBot/3.0; +http://yandex.com/bots)"
74.7.227.48 - - [13/Apr/2026:16:07:04 +0000] "GET /shop/pg/2442198 HTTP/2.0" 500 1004 "https://www.elementalmill.com/?shopping/products/16222442198" "Mozilla/5.0 AppleWebKit/537.36 (KHTML, like Gecko; compatible; GPTBot/1.3; +https://openai.com/gptbot)"
66.249.64.40 - - [13/Apr/2026:16:07:07 +0000] "GET /?shop/8888284359.html HTTP/1.1" 200 27376 "-" "Mozilla/5.0 (Linux; Android 6.0.1; Nexus 5X Build/MMB29P) AppleWebKit/537.36 (KHTML, like Gecko) Chrome/146.0.7680.177 Mobile Safari/537.36 (compatible; Googlebot/2.1; +http://www.google.com/bot.html)"
74.7.227.185 - - [13/Apr/2026:16:07:15 +0000] "GET /shopping/products/16232599156 HTTP/2.0" 500 1004 "https://elementalmill.com.lab2454.com/shopping/products/16232583154" "Mozilla/5.0 AppleWebKit/537.36 (KHTML, like Gecko; compatible; GPTBot/1.3; +https://openai.com/gptbot)"
95.108.213.168 - - [13/Apr/2026:16:07:32 +0000] "GET /shopping/products/162027808661 HTTP/1.1" 500 1004 "-" "Mozilla/5.0 (compatible; YandexBot/3.0; +http://yandex.com/bots)"
66.249.64.39 - - [13/Apr/2026:16:07:33 +0000] "GET /shopping/products/16222018500 HTTP/1.1" 200 27552 "-" "Mozilla/5.0 (Linux; Android 6.0.1; Nexus 5X Build/MMB29P) AppleWebKit/537.36 (KHTML, like Gecko) Chrome/146.0.7680.177 Mobile Safari/537.36 (compatible; Googlebot/2.1; +http://www.google.com/bot.html)"
74.7.243.205 - - [13/Apr/2026:16:07:44 +0000] "GET /shop/pg/1133943 HTTP/2.0" 500 1004 "https://www.elementalmill.com.lab2454.com/shop/pg/16211509043" "Mozilla/5.0 AppleWebKit/537.36 (KHTML, like Gecko; compatible; GPTBot/1.3; +https://openai.com/gptbot)"
74.7.242.41 - - [13/Apr/2026:16:07:45 +0000] "GET /shop/pg/16211559192 HTTP/2.0" 500 1004 "https://www.elementalmill.com" "Mozilla/5.0 AppleWebKit/537.36 (KHTML, like Gecko; compatible; GPTBot/1.3; +https://openai.com/gptbot)"
66.249.64.39 - - [13/Apr/2026:16:07:45 +0000] "GET /shop/pg/1141868 HTTP/1.1" 200 27401 "-" "Mozilla/5.0 (Linux; Android 6.0.1; Nexus 5X Build/MMB29P) AppleWebKit/537.36 (KHTML, like Gecko) Chrome/146.0.7680.177 Mobile Safari/537.36 (compatible; Googlebot/2.1; +http://www.google.com/bot.html)"
95.108.213.239 - - [13/Apr/2026:16:07:57 +0000] "GET /shopping/products/16182746190 HTTP/1.1" 500 1004 "-" "Mozilla/5.0 (compatible; YandexBot/3.0; +http://yandex.com/bots)"
66.249.64.41 - - [13/Apr/2026:16:08:00 +0000] "GET /shop/customer/bookmark.php?shopping/products/1619915810 HTTP/1.1" 200 27468 "-" "Mozilla/5.0 (Linux; Android 6.0.1; Nexus 5X Build/MMB29P) AppleWebKit/537.36 (KHTML, like Gecko) Chrome/146.0.7680.177 Mobile Safari/537.36 (compatible; Googlebot/2.1; +http://www.google.com/bot.html)"
66.249.64.41 - - [13/Apr/2026:16:08:03 +0000] "GET /?shop/8888296197.html HTTP/1.1" 200 27298 "-" "Mozilla/5.0 (Linux; Android 6.0.1; Nexus 5X Build/MMB29P) AppleWebKit/537.36 (KHTML, like Gecko) Chrome/146.0.7680.177 Mobile Safari/537.36 (compatible; Googlebot/2.1; +http://www.google.com/bot.html)"
74.7.227.48 - - [13/Apr/2026:16:08:08 +0000] "GET /shop/pg/1632106 HTTP/2.0" 500 1004 "https://www.elementalmill.com/?shopping/products/16211632106" "Mozilla/5.0 AppleWebKit/537.36 (KHTML, like Gecko; compatible; GPTBot/1.3; +https://openai.com/gptbot)"
213.180.203.243 - - [13/Apr/2026:16:08:39 +0000] "GET /shopping/products/162210075542 HTTP/1.1" 500 1004 "-" "Mozilla/5.0 (compatible; YandexBot/3.0; +http://yandex.com/bots)"
74.7.243.205 - - [13/Apr/2026:16:08:48 +0000] "GET /shop/pg/1405062 HTTP/2.0" 500 1004 "https://www.elementalmill.com.lab2454.com/shop/pg/16201188589" "Mozilla/5.0 AppleWebKit/537.36 (KHTML, like Gecko; compatible; GPTBot/1.3; +https://openai.com/gptbot)"
66.249.64.39 - - [13/Apr/2026:16:08:58 +0000] "GET /?shop/891111612923.html HTTP/1.1" 200 28352 "-" "Mozilla/5.0 (Linux; Android 6.0.1; Nexus 5X Build/MMB29P) AppleWebKit/537.36 (KHTML, like Gecko) Chrome/146.0.7680.177 Mobile Safari/537.36 (compatible; Googlebot/2.1; +http://www.google.com/bot.html)"
74.7.227.185 - - [13/Apr/2026:16:09:22 +0000] "GET /shopping/products/16201081958 HTTP/2.0" 500 1004 "https://elementalmill.com.lab2454.com/shopping/products/16201432018" "Mozilla/5.0 AppleWebKit/537.36 (KHTML, like Gecko; compatible; GPTBot/1.3; +https://openai.com/gptbot)"
74.7.242.41 - - [13/Apr/2026:16:09:51 +0000] "GET /shop/pg/16201179212 HTTP/2.0" 500 1004 "https://www.elementalmill.com" "Mozilla/5.0 AppleWebKit/537.36 (KHTML, like Gecko; compatible; GPTBot/1.3; +https://openai.com/gptbot)"
74.7.243.205 - - [13/Apr/2026:16:09:52 +0000] "GET /shop/pg/1529177 HTTP/2.0" 500 1004 "https://www.elementalmill.com.lab2454.com/shop/pg/16201312724" "Mozilla/5.0 AppleWebKit/537.36 (KHTML, like Gecko; compatible; GPTBot/1.3; +https://openai.com/gptbot)"
66.249.64.39 - - [13/Apr/2026:16:09:54 +0000] "GET /?shop/891111626135.html HTTP/1.1" 200 28377 "-" "Mozilla/5.0 (Linux; Android 6.0.1; Nexus 5X Build/MMB29P) AppleWebKit/537.36 (KHTML, like Gecko) Chrome/146.0.7680.177 Mobile Safari/537.36 (compatible; Googlebot/2.1; +http://www.google.com/bot.html)"
95.108.213.161 - - [13/Apr/2026:16:09:58 +0000] "GET /shopping/products/16201000177 HTTP/1.1" 500 1004 "-" "Mozilla/5.0 (compatible; YandexBot/3.0; +http://yandex.com/bots)"
66.249.64.40 - - [13/Apr/2026:16:10:00 +0000] "GET /category/16191000791 HTTP/1.1" 200 27691 "-" "Mozilla/5.0 (Linux; Android 6.0.1; Nexus 5X Build/MMB29P) AppleWebKit/537.36 (KHTML, like Gecko) Chrome/146.0.7680.177 Mobile Safari/537.36 (compatible; Googlebot/2.1; +http://www.google.com/bot.html)"
74.7.227.48 - - [13/Apr/2026:16:10:15 +0000] "GET /shop/pg/1193069 HTTP/2.0" 500 1004 "https://www.elementalmill.com/shopping/products/16201193069" "Mozilla/5.0 AppleWebKit/537.36 (KHTML, like Gecko; compatible; GPTBot/1.3; +https://openai.com/gptbot)"
74.7.227.185 - - [13/Apr/2026:16:10:24 +0000] "GET /shopping/products/16193243916 HTTP/2.0" 500 1004 "https://elementalmill.com.lab2454.com/sitemap166.xml" "Mozilla/5.0 AppleWebKit/537.36 (KHTML, like Gecko; compatible; GPTBot/1.3; +https://openai.com/gptbot)"
66.249.64.39 - - [13/Apr/2026:16:10:50 +0000] "GET /?shop/891111629438.html HTTP/1.1" 200 27786 "-" "Mozilla/5.0 (Linux; Android 6.0.1; Nexus 5X Build/MMB29P) AppleWebKit/537.36 (KHTML, like Gecko) Chrome/146.0.7680.177 Mobile Safari/537.36 (compatible; Googlebot/2.1; +http://www.google.com/bot.html)"
74.7.243.205 - - [13/Apr/2026:16:10:53 +0000] "GET /shop/pg/1280250 HTTP/2.0" 500 1004 "https://www.elementalmill.com.lab2454.com/shop/pg/16211655344" "Mozilla/5.0 AppleWebKit/537.36 (KHTML, like Gecko; compatible; GPTBot/1.3; +https://openai.com/gptbot)"
74.7.227.48 - - [13/Apr/2026:16:11:18 +0000] "GET /shop/pg/2209254 HTTP/2.0" 500 1004 "https://www.elementalmill.com/?shopping/products/16222209254" "Mozilla/5.0 AppleWebKit/537.36 (KHTML, like Gecko; compatible; GPTBot/1.3; +https://openai.com/gptbot)"
74.7.227.185 - - [13/Apr/2026:16:11:29 +0000] "GET /shopping/products/16211519853 HTTP/2.0" 500 1004 "https://elementalmill.com.lab2454.com/shopping/products/16211957254" "Mozilla/5.0 AppleWebKit/537.36 (KHTML, like Gecko; compatible; GPTBot/1.3; +https://openai.com/gptbot)"
66.249.64.40 - - [13/Apr/2026:16:11:46 +0000] "GET /?shop/891111649256.html HTTP/1.1" 200 27231 "-" "Mozilla/5.0 (Linux; Android 6.0.1; Nexus 5X Build/MMB29P) AppleWebKit/537.36 (KHTML, like Gecko) Chrome/146.0.7680.177 Mobile Safari/537.36 (compatible; Googlebot/2.1; +http://www.google.com/bot.html)"
74.7.243.205 - - [13/Apr/2026:16:11:53 +0000] "GET /shop/pg/1502484 HTTP/2.0" 500 1004 "https://www.elementalmill.com.lab2454.com/shopping/products/16211502484" "Mozilla/5.0 AppleWebKit/537.36 (KHTML, like Gecko; compatible; GPTBot/1.3; +https://openai.com/gptbot)"
5.255.231.93 - - [13/Apr/2026:16:12:03 +0000] "GET /shopping/products/16222201583 HTTP/1.1" 500 1004 "-" "Mozilla/5.0 (compatible; YandexBot/3.0; +http://yandex.com/bots)"
66.249.64.41 - - [13/Apr/2026:16:12:16 +0000] "GET /category/162359 HTTP/1.1" 200 26931 "-" "Mozilla/5.0 (Linux; Android 6.0.1; Nexus 5X Build/MMB29P) AppleWebKit/537.36 (KHTML, like Gecko) Chrome/146.0.7680.177 Mobile Safari/537.36 (compatible; Googlebot/2.1; +http://www.google.com/bot.html)"
74.7.227.48 - - [13/Apr/2026:16:12:23 +0000] "GET /shop/pg/1379517 HTTP/2.0" 500 1004 "https://www.elementalmill.com/shopping/products/16201379517" "Mozilla/5.0 AppleWebKit/537.36 (KHTML, like Gecko; compatible; GPTBot/1.3; +https://openai.com/gptbot)"
74.7.227.185 - - [13/Apr/2026:16:12:30 +0000] "GET /shopping/products/16201140056 HTTP/2.0" 500 1004 "https://elementalmill.com.lab2454.com/shopping/products/16201383880" "Mozilla/5.0 AppleWebKit/537.36 (KHTML, like Gecko; compatible; GPTBot/1.3; +https://openai.com/gptbot)"
66.249.64.40 - - [13/Apr/2026:16:12:42 +0000] "GET /?shop/8888296802.html HTTP/1.1" 200 27912 "-" "Mozilla/5.0 (Linux; Android 6.0.1; Nexus 5X Build/MMB29P) AppleWebKit/537.36 (KHTML, like Gecko) Chrome/146.0.7680.177 Mobile Safari/537.36 (compatible; Googlebot/2.1; +http://www.google.com/bot.html)"
74.7.243.205 - - [13/Apr/2026:16:12:54 +0000] "GET /shop/pg/1399099 HTTP/2.0" 500 1004 "https://www.elementalmill.com.lab2454.com/shop/pg/16201182642" "Mozilla/5.0 AppleWebKit/537.36 (KHTML, like Gecko; compatible; GPTBot/1.3; +https://openai.com/gptbot)"
74.7.242.41 - - [13/Apr/2026:16:13:00 +0000] "GET /shop/pg/16201022719 HTTP/2.0" 500 1004 "https://elementalmill.com/shop/customer/bookmark.php?shopping/products/16201015812" "Mozilla/5.0 AppleWebKit/537.36 (KHTML, like Gecko; compatible; GPTBot/1.3; +https://openai.com/gptbot)"
74.7.227.185 - - [13/Apr/2026:16:13:30 +0000] "GET /shopping/products/16211531179 HTTP/2.0" 500 1004 "https://elementalmill.com.lab2454.com/shopping/products/16201301766" "Mozilla/5.0 AppleWebKit/537.36 (KHTML, like Gecko; compatible; GPTBot/1.3; +https://openai.com/gptbot)"
66.249.64.39 - - [13/Apr/2026:16:13:38 +0000] "GET /?shop/891111619529.html HTTP/1.1" 200 27825 "-" "Mozilla/5.0 (Linux; Android 6.0.1; Nexus 5X Build/MMB29P) AppleWebKit/537.36 (KHTML, like Gecko) Chrome/146.0.7680.177 Mobile Safari/537.36 (compatible; Googlebot/2.1; +http://www.google.com/bot.html)"
74.7.243.205 - - [13/Apr/2026:16:13:57 +0000] "GET /shop/pg/1528002 HTTP/2.0" 500 1004 "https://www.elementalmill.com.lab2454.com/shop/pg/16211903105" "Mozilla/5.0 AppleWebKit/537.36 (KHTML, like Gecko; compatible; GPTBot/1.3; +https://openai.com/gptbot)"
74.7.242.41 - - [13/Apr/2026:16:14:02 +0000] "GET /shop/pg/16211685966 HTTP/2.0" 500 1004 "https://www.elementalmill.com" "Mozilla/5.0 AppleWebKit/537.36 (KHTML, like Gecko; compatible; GPTBot/1.3; +https://openai.com/gptbot)"
66.249.64.39 - - [13/Apr/2026:16:14:07 +0000] "GET /shopping/products/16201463971 HTTP/1.1" 200 27248 "-" "Mozilla/5.0 (Linux; Android 6.0.1; Nexus 5X Build/MMB29P) AppleWebKit/537.36 (KHTML, like Gecko) Chrome/146.0.7680.177 Mobile Safari/537.36 (compatible; Googlebot/2.1; +http://www.google.com/bot.html)"
74.7.227.48 - - [13/Apr/2026:16:14:30 +0000] "GET /shop/pg/2159425 HTTP/2.0" 500 1004 "https://www.elementalmill.com/?shopping/products/16222159425" "Mozilla/5.0 AppleWebKit/537.36 (KHTML, like Gecko; compatible; GPTBot/1.3; +https://openai.com/gptbot)"
74.7.227.185 - - [13/Apr/2026:16:14:33 +0000] "GET /shopping/products/16201329700 HTTP/2.0" 500 1004 "https://elementalmill.com.lab2454.com/shopping/products/16201073320" "Mozilla/5.0 AppleWebKit/537.36 (KHTML, like Gecko; compatible; GPTBot/1.3; +https://openai.com/gptbot)"
74.7.230.57 - - [13/Apr/2026:16:14:34 +0000] "GET /robots.txt HTTP/2.0" 200 295 "-" "Mozilla/5.0 (Macintosh; Intel Mac OS X 10_15_7) AppleWebKit/537.36 (KHTML, like Gecko) Chrome/131.0.0.0 Safari/537.36; compatible; OAI-SearchBot/1.3; robots.txt; +https://openai.com/searchbot"
66.249.64.40 - - [13/Apr/2026:16:14:34 +0000] "GET /?shop/8888291154.html HTTP/1.1" 200 26915 "-" "Mozilla/5.0 (Linux; Android 6.0.1; Nexus 5X Build/MMB29P) AppleWebKit/537.36 (KHTML, like Gecko) Chrome/146.0.7680.177 Mobile Safari/537.36 (compatible; Googlebot/2.1; +http://www.google.com/bot.html)"
74.7.243.205 - - [13/Apr/2026:16:15:01 +0000] "GET /shop/pg/1571930 HTTP/2.0" 500 1004 "https://www.elementalmill.com.lab2454.com/shop/pg/16201355471" "Mozilla/5.0 AppleWebKit/537.36 (KHTML, like Gecko; compatible; GPTBot/1.3; +https://openai.com/gptbot)"
74.7.242.41 - - [13/Apr/2026:16:15:02 +0000] "GET /shop/pg/1896617 HTTP/2.0" 500 1004 "https://mail.elementalmill.com/?shopping/products/16211896617" "Mozilla/5.0 AppleWebKit/537.36 (KHTML, like Gecko; compatible; GPTBot/1.3; +https://openai.com/gptbot)"
74.7.242.41 - - [13/Apr/2026:16:15:06 +0000] "GET /shop/pg/16211517294 HTTP/2.0" 500 1004 "https://www.elementalmill.com" "Mozilla/5.0 AppleWebKit/537.36 (KHTML, like Gecko; compatible; GPTBot/1.3; +https://openai.com/gptbot)"
66.249.64.40 - - [13/Apr/2026:16:15:30 +0000] "GET /?shop/891111636044.html HTTP/1.1" 200 27679 "-" "Mozilla/5.0 (Linux; Android 6.0.1; Nexus 5X Build/MMB29P) AppleWebKit/537.36 (KHTML, like Gecko) Chrome/146.0.7680.177 Mobile Safari/537.36 (compatible; Googlebot/2.1; +http://www.google.com/bot.html)"
74.7.227.185 - - [13/Apr/2026:16:15:43 +0000] "GET /shopping/products/16201175540 HTTP/2.0" 500 1004 "https://elementalmill.com.lab2454.com/shopping/products/16211653537" "Mozilla/5.0 AppleWebKit/537.36 (KHTML, like Gecko; compatible; GPTBot/1.3; +https://openai.com/gptbot)"
74.7.243.205 - - [13/Apr/2026:16:16:00 +0000] "GET /shop/pg/2411845 HTTP/2.0" 500 1004 "https://www.elementalmill.com.lab2454.com/shopping/products/16222411845" "Mozilla/5.0 AppleWebKit/537.36 (KHTML, like Gecko; compatible; GPTBot/1.3; +https://openai.com/gptbot)"
74.7.242.41 - - [13/Apr/2026:16:16:06 +0000] "GET /shop/pg/16211963010 HTTP/2.0" 500 1004 "https://elementalmill.com/index.php?shopping/products/16211957822" "Mozilla/5.0 AppleWebKit/537.36 (KHTML, like Gecko; compatible; GPTBot/1.3; +https://openai.com/gptbot)"
66.249.64.41 - - [13/Apr/2026:16:16:11 +0000] "GET /shop/customer/bookmark.php?goods=1248620&crsirefo_hidden=0219d3605c2e10d51c688f939542ce4335d5a8dcccdeb9746951d1e0aede9bab HTTP/1.1" 200 28462 "-" "Mozilla/5.0 (Linux; Android 6.0.1; Nexus 5X Build/MMB29P) AppleWebKit/537.36 (KHTML, like Gecko) Chrome/146.0.7680.177 Mobile Safari/537.36 (compatible; Googlebot/2.1; +http://www.google.com/bot.html)"
66.249.64.39 - - [13/Apr/2026:16:16:25 +0000] "GET /?shop/891111642650.html HTTP/1.1" 200 27824 "-" "Mozilla/5.0 (Linux; Android 6.0.1; Nexus 5X Build/MMB29P) AppleWebKit/537.36 (KHTML, like Gecko) Chrome/146.0.7680.177 Mobile Safari/537.36 (compatible; Googlebot/2.1; +http://www.google.com/bot.html)"
74.7.227.48 - - [13/Apr/2026:16:16:37 +0000] "GET /shop/pg/1587163 HTTP/2.0" 500 1004 "https://www.elementalmill.com/shopping/products/16211587163" "Mozilla/5.0 AppleWebKit/537.36 (KHTML, like Gecko; compatible; GPTBot/1.3; +https://openai.com/gptbot)"
74.7.227.185 - - [13/Apr/2026:16:16:42 +0000] "GET /shopping/products/16232583347 HTTP/2.0" 500 1004 "https://elementalmill.com.lab2454.com/shopping/products/16201364336" "Mozilla/5.0 AppleWebKit/537.36 (KHTML, like Gecko; compatible; GPTBot/1.3; +https://openai.com/gptbot)"
74.7.243.205 - - [13/Apr/2026:16:17:04 +0000] "GET /shop/pg/1610395 HTTP/2.0" 500 1004 "https://www.elementalmill.com.lab2454.com/shop/pg/16211985481" "Mozilla/5.0 AppleWebKit/537.36 (KHTML, like Gecko; compatible; GPTBot/1.3; +https://openai.com/gptbot)"
74.7.242.41 - - [13/Apr/2026:16:17:07 +0000] "GET /shop/pg/1769240 HTTP/2.0" 500 1004 "https://mail.elementalmill.com/?shopping/products/16211769240" "Mozilla/5.0 AppleWebKit/537.36 (KHTML, like Gecko; compatible; GPTBot/1.3; +https://openai.com/gptbot)"
66.249.64.40 - - [13/Apr/2026:16:17:18 +0000] "GET /category/16201001225 HTTP/1.1" 200 27708 "-" "Mozilla/5.0 (Linux; Android 6.0.1; Nexus 5X Build/MMB29P) AppleWebKit/537.36 (KHTML, like Gecko) Chrome/146.0.7680.177 Mobile Safari/537.36 (compatible; Googlebot/2.1; +http://www.google.com/bot.html)"
66.249.64.40 - - [13/Apr/2026:16:17:22 +0000] "GET /?shop/891111603014.html HTTP/1.1" 200 27712 "-" "Mozilla/5.0 (Linux; Android 6.0.1; Nexus 5X Build/MMB29P) AppleWebKit/537.36 (KHTML, like Gecko) Chrome/146.0.7680.177 Mobile Safari/537.36 (compatible; Googlebot/2.1; +http://www.google.com/bot.html)"
74.7.227.48 - - [13/Apr/2026:16:17:42 +0000] "GET /shop/pg/2161937 HTTP/2.0" 500 1004 "https://www.elementalmill.com/?shopping/products/16222161937" "Mozilla/5.0 AppleWebKit/537.36 (KHTML, like Gecko; compatible; GPTBot/1.3; +https://openai.com/gptbot)"
74.7.227.185 - - [13/Apr/2026:16:17:43 +0000] "GET /shopping/products/16201053844 HTTP/2.0" 500 1004 "https://elementalmill.com.lab2454.com/shopping/products/16201452921" "Mozilla/5.0 AppleWebKit/537.36 (KHTML, like Gecko; compatible; GPTBot/1.3; +https://openai.com/gptbot)"
74.7.243.205 - - [13/Apr/2026:16:18:04 +0000] "GET /shop/pg/1401004 HTTP/2.0" 500 1004 "https://www.elementalmill.com.lab2454.com/shop/pg/16211776102" "Mozilla/5.0 AppleWebKit/537.36 (KHTML, like Gecko; compatible; GPTBot/1.3; +https://openai.com/gptbot)"
66.249.64.41 - - [13/Apr/2026:16:18:18 +0000] "GET /?shop/8888284424.html HTTP/1.1" 200 27581 "-" "Mozilla/5.0 (Linux; Android 6.0.1; Nexus 5X Build/MMB29P) AppleWebKit/537.36 (KHTML, like Gecko) Chrome/146.0.7680.177 Mobile Safari/537.36 (compatible; Googlebot/2.1; +http://www.google.com/bot.html)"
74.7.227.185 - - [13/Apr/2026:16:18:44 +0000] "GET /shopping/products/16232614841 HTTP/2.0" 500 1004 "https://elementalmill.com.lab2454.com/shopping/products/16211826423" "Mozilla/5.0 AppleWebKit/537.36 (KHTML, like Gecko; compatible; GPTBot/1.3; +https://openai.com/gptbot)"
74.7.243.205 - - [13/Apr/2026:16:19:05 +0000] "GET /shop/pg/1271122 HTTP/2.0" 500 1004 "https://www.elementalmill.com.lab2454.com/shop/pg/1269953" "Mozilla/5.0 AppleWebKit/537.36 (KHTML, like Gecko; compatible; GPTBot/1.3; +https://openai.com/gptbot)"
66.249.64.39 - - [13/Apr/2026:16:19:13 +0000] "GET /?shop/8888279523.html HTTP/1.1" 200 27729 "-" "Mozilla/5.0 (Linux; Android 6.0.1; Nexus 5X Build/MMB29P) AppleWebKit/537.36 (KHTML, like Gecko) Chrome/146.0.7680.177 Mobile Safari/537.36 (compatible; Googlebot/2.1; +http://www.google.com/bot.html)"
95.108.213.217 - - [13/Apr/2026:16:19:26 +0000] "GET /shopping/products/16201059631 HTTP/1.1" 500 1004 "-" "Mozilla/5.0 (compatible; YandexBot/3.0; +http://yandex.com/bots)"
66.249.64.40 - - [13/Apr/2026:16:19:33 +0000] "GET /category/16201000691 HTTP/1.1" 200 27578 "-" "Mozilla/5.0 (Linux; Android 6.0.1; Nexus 5X Build/MMB29P) AppleWebKit/537.36 (KHTML, like Gecko) Chrome/146.0.7680.177 Mobile Safari/537.36 (compatible; Googlebot/2.1; +http://www.google.com/bot.html)"
74.7.227.185 - - [13/Apr/2026:16:19:47 +0000] "GET /shopping/products/16232603586 HTTP/2.0" 500 1004 "https://elementalmill.com.lab2454.com/shopping/products/16201094876" "Mozilla/5.0 AppleWebKit/537.36 (KHTML, like Gecko; compatible; GPTBot/1.3; +https://openai.com/gptbot)"
66.249.64.40 - - [13/Apr/2026:16:20:10 +0000] "GET /?shop/8888287297.html HTTP/1.1" 200 27168 "-" "Mozilla/5.0 (Linux; Android 6.0.1; Nexus 5X Build/MMB29P) AppleWebKit/537.36 (KHTML, like Gecko) Chrome/146.0.7680.177 Mobile Safari/537.36 (compatible; Googlebot/2.1; +http://www.google.com/bot.html)"
74.7.243.205 - - [13/Apr/2026:16:20:12 +0000] "GET /shop/pg/1464690 HTTP/2.0" 500 1004 "https://www.elementalmill.com.lab2454.com/shop/pg/16211839769" "Mozilla/5.0 AppleWebKit/537.36 (KHTML, like Gecko; compatible; GPTBot/1.3; +https://openai.com/gptbot)"
74.7.242.41 - - [13/Apr/2026:16:20:19 +0000] "GET /shop/pg/16201099051 HTTP/2.0" 500 1004 "https://elementalmill.com/?shopping/products/16201094775" "Mozilla/5.0 AppleWebKit/537.36 (KHTML, like Gecko; compatible; GPTBot/1.3; +https://openai.com/gptbot)"
66.249.64.39 - - [13/Apr/2026:16:20:41 +0000] "GET /shop/customer/bookmark.php?shopping/products/16222448020 HTTP/1.1" 200 27841 "-" "Mozilla/5.0 (Linux; Android 6.0.1; Nexus 5X Build/MMB29P) AppleWebKit/537.36 (KHTML, like Gecko) Chrome/146.0.7680.177 Mobile Safari/537.36 (compatible; Googlebot/2.1; +http://www.google.com/bot.html)"
74.7.227.185 - - [13/Apr/2026:16:20:51 +0000] "GET /shopping/products/16201259149 HTTP/2.0" 500 1004 "https://elementalmill.com.lab2454.com/shopping/products/16201143750" "Mozilla/5.0 AppleWebKit/537.36 (KHTML, like Gecko; compatible; GPTBot/1.3; +https://openai.com/gptbot)"
66.249.64.40 - - [13/Apr/2026:16:21:05 +0000] "GET /?shop/8888289361.html HTTP/1.1" 200 27471 "-" "Mozilla/5.0 (Linux; Android 6.0.1; Nexus 5X Build/MMB29P) AppleWebKit/537.36 (KHTML, like Gecko) Chrome/146.0.7680.177 Mobile Safari/537.36 (compatible; Googlebot/2.1; +http://www.google.com/bot.html)"
74.7.243.205 - - [13/Apr/2026:16:21:17 +0000] "GET /shop/pg/1244588 HTTP/2.0" 500 1004 "https://www.elementalmill.com.lab2454.com/shop/pg/16211619675" "Mozilla/5.0 AppleWebKit/537.36 (KHTML, like Gecko; compatible; GPTBot/1.3; +https://openai.com/gptbot)"
74.7.242.41 - - [13/Apr/2026:16:21:22 +0000] "GET /shop/pg/16201246672 HTTP/2.0" 500 1004 "https://www.elementalmill.com" "Mozilla/5.0 AppleWebKit/537.36 (KHTML, like Gecko; compatible; GPTBot/1.3; +https://openai.com/gptbot)"
