66.249.64.39 - - [14/Apr/2026:05:12:31 +0000] "GET /?shop/891614278095.html HTTP/1.1" 200 27075 "-" "Mozilla/5.0 (Linux; Android 6.0.1; Nexus 5X Build/MMB29P) AppleWebKit/537.36 (KHTML, like Gecko) Chrome/146.0.7680.177 Mobile Safari/537.36 (compatible; Googlebot/2.1; +http://www.google.com/bot.html)"
74.7.242.41 - - [14/Apr/2026:05:12:34 +0000] "GET /shop/pg/1753094 HTTP/2.0" 500 1004 "https://mail.elementalmill.com/shop/customer/bookmark.php?shopping/products/16211753094" "Mozilla/5.0 AppleWebKit/537.36 (KHTML, like Gecko; compatible; GPTBot/1.3; +https://openai.com/gptbot)"
74.7.227.185 - - [14/Apr/2026:05:12:53 +0000] "GET /shopping/products/16211592701 HTTP/2.0" 500 1004 "https://elementalmill.com.lab2454.com/shopping/products/16201083285" "Mozilla/5.0 AppleWebKit/537.36 (KHTML, like Gecko; compatible; GPTBot/1.3; +https://openai.com/gptbot)"
66.249.64.40 - - [14/Apr/2026:05:13:01 +0000] "GET /?shop/891513421729.html HTTP/1.1" 200 27627 "-" "Mozilla/5.0 (Linux; Android 6.0.1; Nexus 5X Build/MMB29P) AppleWebKit/537.36 (KHTML, like Gecko) Chrome/146.0.7680.177 Mobile Safari/537.36 (compatible; Googlebot/2.1; +http://www.google.com/bot.html)"
74.7.243.205 - - [14/Apr/2026:05:13:38 +0000] "GET /shop/pg/1632455 HTTP/2.0" 500 1004 "https://www.elementalmill.com.lab2454.com/shop/pg/16201416005" "Mozilla/5.0 AppleWebKit/537.36 (KHTML, like Gecko; compatible; GPTBot/1.3; +https://openai.com/gptbot)"
213.180.203.113 - - [14/Apr/2026:05:13:43 +0000] "GET /shopping/products/16211546765 HTTP/1.1" 500 1004 "-" "Mozilla/5.0 (compatible; YandexBot/3.0; +http://yandex.com/bots)"
74.7.227.185 - - [14/Apr/2026:05:13:54 +0000] "GET /shopping/products/16201229627 HTTP/2.0" 500 1004 "https://elementalmill.com.lab2454.com/shopping/products/16201224293" "Mozilla/5.0 AppleWebKit/537.36 (KHTML, like Gecko; compatible; GPTBot/1.3; +https://openai.com/gptbot)"
66.249.64.39 - - [14/Apr/2026:05:14:00 +0000] "GET /?shop/88911673147.html HTTP/1.1" 200 27256 "-" "Mozilla/5.0 (Linux; Android 6.0.1; Nexus 5X Build/MMB29P) AppleWebKit/537.36 (KHTML, like Gecko) Chrome/146.0.7680.177 Mobile Safari/537.36 (compatible; Googlebot/2.1; +http://www.google.com/bot.html)"
213.180.203.193 - - [14/Apr/2026:05:14:27 +0000] "GET /robots.txt HTTP/1.1" 500 2431 "-" "Mozilla/5.0 (compatible; YandexBot/3.0; +http://yandex.com/bots)"
74.7.243.205 - - [14/Apr/2026:05:14:42 +0000] "GET /shop/pg/1349534 HTTP/2.0" 500 1004 "https://www.elementalmill.com.lab2454.com/shop/pg/16211724627" "Mozilla/5.0 AppleWebKit/537.36 (KHTML, like Gecko; compatible; GPTBot/1.3; +https://openai.com/gptbot)"
74.7.227.185 - - [14/Apr/2026:05:14:59 +0000] "GET /shopping/products/16201388094 HTTP/2.0" 500 1004 "https://elementalmill.com.lab2454.com/shopping/products/16211843465" "Mozilla/5.0 AppleWebKit/537.36 (KHTML, like Gecko; compatible; GPTBot/1.3; +https://openai.com/gptbot)"
66.249.64.40 - - [14/Apr/2026:05:14:59 +0000] "GET /?shop/891111761435.html HTTP/1.1" 200 27626 "-" "Mozilla/5.0 (Linux; Android 6.0.1; Nexus 5X Build/MMB29P) AppleWebKit/537.36 (KHTML, like Gecko) Chrome/146.0.7680.177 Mobile Safari/537.36 (compatible; Googlebot/2.1; +http://www.google.com/bot.html)"
66.249.64.40 - - [14/Apr/2026:05:15:32 +0000] "GET /?shop/88974838121.html HTTP/1.1" 200 28119 "-" "Mozilla/5.0 (Linux; Android 6.0.1; Nexus 5X Build/MMB29P) AppleWebKit/537.36 (KHTML, like Gecko) Chrome/146.0.7680.177 Mobile Safari/537.36 (compatible; Googlebot/2.1; +http://www.google.com/bot.html)"
74.7.243.205 - - [14/Apr/2026:05:15:43 +0000] "GET /shop/pg/1575285 HTTP/2.0" 500 1004 "https://www.elementalmill.com.lab2454.com/shop/pg/16211950376" "Mozilla/5.0 AppleWebKit/537.36 (KHTML, like Gecko; compatible; GPTBot/1.3; +https://openai.com/gptbot)"
74.7.242.41 - - [14/Apr/2026:05:15:47 +0000] "GET /shop/pg/2475147 HTTP/2.0" 500 1004 "https://mail.elementalmill.com/shop/customer/bookmark.php?shopping/products/16222475147" "Mozilla/5.0 AppleWebKit/537.36 (KHTML, like Gecko; compatible; GPTBot/1.3; +https://openai.com/gptbot)"
87.250.224.223 - - [14/Apr/2026:05:15:48 +0000] "GET /shopping/products/16211513958 HTTP/1.1" 500 1004 "-" "Mozilla/5.0 (compatible; YandexBot/3.0; +http://yandex.com/bots)"
74.7.227.185 - - [14/Apr/2026:05:16:03 +0000] "GET /shopping/products/16211597629 HTTP/2.0" 500 1004 "https://elementalmill.com.lab2454.com/shopping/products/16211867656" "Mozilla/5.0 AppleWebKit/537.36 (KHTML, like Gecko; compatible; GPTBot/1.3; +https://openai.com/gptbot)"
66.249.64.41 - - [14/Apr/2026:05:16:28 +0000] "GET /?shop/890810019727.html HTTP/1.1" 200 27161 "-" "Mozilla/5.0 (Linux; Android 6.0.1; Nexus 5X Build/MMB29P) AppleWebKit/537.36 (KHTML, like Gecko) Chrome/146.0.7680.177 Mobile Safari/537.36 (compatible; Googlebot/2.1; +http://www.google.com/bot.html)"
74.7.242.41 - - [14/Apr/2026:05:16:33 +0000] "GET /shop/pg/16211704486 HTTP/2.0" 500 1004 "https://elementalmill.com/?shopping/products/16211700225" "Mozilla/5.0 AppleWebKit/537.36 (KHTML, like Gecko; compatible; GPTBot/1.3; +https://openai.com/gptbot)"
74.7.243.205 - - [14/Apr/2026:05:16:45 +0000] "GET /shop/pg/1339893 HTTP/2.0" 500 1004 "https://www.elementalmill.com.lab2454.com/shop/pg/16211714978" "Mozilla/5.0 AppleWebKit/537.36 (KHTML, like Gecko; compatible; GPTBot/1.3; +https://openai.com/gptbot)"
5.255.231.113 - - [14/Apr/2026:05:16:54 +0000] "GET /shopping/products/1618398571 HTTP/1.1" 500 1004 "-" "Mozilla/5.0 (compatible; YandexBot/3.0; +http://yandex.com/bots)"
66.249.64.39 - - [14/Apr/2026:05:17:01 +0000] "GET /shop/customer/bookmark.php?shopping/products/16211710391 HTTP/1.1" 200 27455 "-" "Mozilla/5.0 (Linux; Android 6.0.1; Nexus 5X Build/MMB29P) AppleWebKit/537.36 (KHTML, like Gecko) Chrome/146.0.7680.177 Mobile Safari/537.36 (compatible; Googlebot/2.1; +http://www.google.com/bot.html)"
74.7.227.185 - - [14/Apr/2026:05:17:04 +0000] "GET /shopping/products/16211572185 HTTP/2.0" 500 1004 "https://elementalmill.com.lab2454.com/shopping/products/16211648613" "Mozilla/5.0 AppleWebKit/537.36 (KHTML, like Gecko; compatible; GPTBot/1.3; +https://openai.com/gptbot)"
74.7.242.41 - - [14/Apr/2026:05:17:34 +0000] "GET /shop/pg/16232621970 HTTP/2.0" 500 1004 "https://www.elementalmill.com" "Mozilla/5.0 AppleWebKit/537.36 (KHTML, like Gecko; compatible; GPTBot/1.3; +https://openai.com/gptbot)"
66.249.64.40 - - [14/Apr/2026:05:17:45 +0000] "GET /?shop/89037504293.html HTTP/1.1" 200 28248 "-" "Mozilla/5.0 (Linux; Android 6.0.1; Nexus 5X Build/MMB29P) AppleWebKit/537.36 (KHTML, like Gecko) Chrome/146.0.7680.177 Mobile Safari/537.36 (compatible; Googlebot/2.1; +http://www.google.com/bot.html)"
74.7.243.205 - - [14/Apr/2026:05:17:47 +0000] "GET /shop/pg/1419369 HTTP/2.0" 500 1004 "https://www.elementalmill.com.lab2454.com/shop/pg/16201202920" "Mozilla/5.0 AppleWebKit/537.36 (KHTML, like Gecko; compatible; GPTBot/1.3; +https://openai.com/gptbot)"
74.7.242.41 - - [14/Apr/2026:05:17:52 +0000] "GET /shop/pg/1794233 HTTP/2.0" 500 1004 "https://mail.elementalmill.com/?shopping/products/16211794233" "Mozilla/5.0 AppleWebKit/537.36 (KHTML, like Gecko; compatible; GPTBot/1.3; +https://openai.com/gptbot)"
74.7.227.48 - - [14/Apr/2026:05:18:06 +0000] "GET /shop/pg/2295539 HTTP/2.0" 500 1004 "https://www.elementalmill.com/?shopping/products/16222295539" "Mozilla/5.0 AppleWebKit/537.36 (KHTML, like Gecko; compatible; GPTBot/1.3; +https://openai.com/gptbot)"
66.249.64.41 - - [14/Apr/2026:05:18:07 +0000] "GET /?shop/88964361938.html HTTP/1.1" 200 27174 "-" "Mozilla/5.0 (Linux; Android 6.0.1; Nexus 5X Build/MMB29P) AppleWebKit/537.36 (KHTML, like Gecko) Chrome/146.0.7680.177 Mobile Safari/537.36 (compatible; Googlebot/2.1; +http://www.google.com/bot.html)"
74.7.227.185 - - [14/Apr/2026:05:18:09 +0000] "GET /shopping/products/16201220851 HTTP/2.0" 500 1004 "https://elementalmill.com.lab2454.com/shopping/products/16201080286" "Mozilla/5.0 AppleWebKit/537.36 (KHTML, like Gecko; compatible; GPTBot/1.3; +https://openai.com/gptbot)"
74.7.242.41 - - [14/Apr/2026:05:18:39 +0000] "GET /shop/pg/16201018289 HTTP/2.0" 500 1004 "https://www.elementalmill.com" "Mozilla/5.0 AppleWebKit/537.36 (KHTML, like Gecko; compatible; GPTBot/1.3; +https://openai.com/gptbot)"
74.7.243.205 - - [14/Apr/2026:05:18:52 +0000] "GET /shop/pg/1413604 HTTP/2.0" 500 1004 "https://www.elementalmill.com.lab2454.com/shop/pg/16201197144" "Mozilla/5.0 AppleWebKit/537.36 (KHTML, like Gecko; compatible; GPTBot/1.3; +https://openai.com/gptbot)"
66.249.64.41 - - [14/Apr/2026:05:19:12 +0000] "GET /?shop/88995489293.html HTTP/1.1" 200 28341 "-" "Mozilla/5.0 (Linux; Android 6.0.1; Nexus 5X Build/MMB29P) AppleWebKit/537.36 (KHTML, like Gecko) Chrome/146.0.7680.177 Mobile Safari/537.36 (compatible; Googlebot/2.1; +http://www.google.com/bot.html)"
74.7.227.185 - - [14/Apr/2026:05:19:14 +0000] "GET /shopping/products/16201052791 HTTP/2.0" 500 1004 "https://elementalmill.com.lab2454.com/shopping/products/16211805057" "Mozilla/5.0 AppleWebKit/537.36 (KHTML, like Gecko; compatible; GPTBot/1.3; +https://openai.com/gptbot)"
66.249.64.39 - - [14/Apr/2026:05:19:37 +0000] "GET /?shop/89037752304.html HTTP/1.1" 200 27904 "-" "Mozilla/5.0 (Linux; Android 6.0.1; Nexus 5X Build/MMB29P) AppleWebKit/537.36 (KHTML, like Gecko) Chrome/146.0.7680.177 Mobile Safari/537.36 (compatible; Googlebot/2.1; +http://www.google.com/bot.html)"
66.249.64.39 - - [14/Apr/2026:05:19:44 +0000] "GET /?shop/89016807543.html HTTP/1.1" 200 27150 "-" "Mozilla/5.0 (Linux; Android 6.0.1; Nexus 5X Build/MMB29P) AppleWebKit/537.36 (KHTML, like Gecko) Chrome/146.0.7680.177 Mobile Safari/537.36 (compatible; Googlebot/2.1; +http://www.google.com/bot.html)"
74.7.243.205 - - [14/Apr/2026:05:19:55 +0000] "GET /shop/pg/1436359 HTTP/2.0" 500 1004 "https://www.elementalmill.com.lab2454.com/shop/pg/16201219902" "Mozilla/5.0 AppleWebKit/537.36 (KHTML, like Gecko; compatible; GPTBot/1.3; +https://openai.com/gptbot)"
66.249.64.41 - - [14/Apr/2026:05:20:06 +0000] "GET /?shop/88974827334.html HTTP/1.1" 200 27806 "-" "Mozilla/5.0 (Linux; Android 6.0.1; Nexus 5X Build/MMB29P) AppleWebKit/537.36 (KHTML, like Gecko) Chrome/146.0.7680.177 Mobile Safari/537.36 (compatible; Googlebot/2.1; +http://www.google.com/bot.html)"
66.249.64.40 - - [14/Apr/2026:05:20:15 +0000] "GET /?shop/88995872465.html HTTP/1.1" 200 27350 "-" "Mozilla/5.0 (Linux; Android 6.0.1; Nexus 5X Build/MMB29P) AppleWebKit/537.36 (KHTML, like Gecko) Chrome/146.0.7680.177 Mobile Safari/537.36 (compatible; Googlebot/2.1; +http://www.google.com/bot.html)"
74.7.227.185 - - [14/Apr/2026:05:20:20 +0000] "GET /shopping/products/16211806530 HTTP/2.0" 500 1004 "https://elementalmill.com.lab2454.com/shopping/products/16201409223" "Mozilla/5.0 AppleWebKit/537.36 (KHTML, like Gecko; compatible; GPTBot/1.3; +https://openai.com/gptbot)"
66.249.64.39 - - [14/Apr/2026:05:20:38 +0000] "GET /?shop/88943152912.html HTTP/1.1" 200 27983 "-" "Mozilla/5.0 (Linux; Android 6.0.1; Nexus 5X Build/MMB29P) AppleWebKit/537.36 (KHTML, like Gecko) Chrome/146.0.7680.177 Mobile Safari/537.36 (compatible; Googlebot/2.1; +http://www.google.com/bot.html)"
66.249.64.39 - - [14/Apr/2026:05:20:42 +0000] "GET /?shop/89058810690.html HTTP/1.1" 200 27329 "-" "Mozilla/5.0 (Linux; Android 6.0.1; Nexus 5X Build/MMB29P) AppleWebKit/537.36 (KHTML, like Gecko) Chrome/146.0.7680.177 Mobile Safari/537.36 (compatible; Googlebot/2.1; +http://www.google.com/bot.html)"
66.249.64.39 - - [14/Apr/2026:05:20:54 +0000] "GET /?shop/891010926425.html HTTP/1.1" 200 28319 "-" "Mozilla/5.0 (Linux; Android 6.0.1; Nexus 5X Build/MMB29P) AppleWebKit/537.36 (KHTML, like Gecko) Chrome/146.0.7680.177 Mobile Safari/537.36 (compatible; Googlebot/2.1; +http://www.google.com/bot.html)"
74.7.243.205 - - [14/Apr/2026:05:21:00 +0000] "GET /shop/pg/2197442 HTTP/2.0" 500 1004 "https://www.elementalmill.com.lab2454.com/shop/customer/bookmark.php?shopping/products/16222197442" "Mozilla/5.0 AppleWebKit/537.36 (KHTML, like Gecko; compatible; GPTBot/1.3; +https://openai.com/gptbot)"
74.7.227.185 - - [14/Apr/2026:05:21:24 +0000] "GET /shopping/products/16201211725 HTTP/2.0" 500 1004 "https://elementalmill.com.lab2454.com/shopping/products/16211596022" "Mozilla/5.0 AppleWebKit/537.36 (KHTML, like Gecko; compatible; GPTBot/1.3; +https://openai.com/gptbot)"
74.7.243.205 - - [14/Apr/2026:05:22:05 +0000] "GET /shop/pg/1456363 HTTP/2.0" 500 1004 "https://www.elementalmill.com.lab2454.com/shop/pg/16201239903" "Mozilla/5.0 AppleWebKit/537.36 (KHTML, like Gecko; compatible; GPTBot/1.3; +https://openai.com/gptbot)"
66.249.64.39 - - [14/Apr/2026:05:22:15 +0000] "GET /?shop/891412933235.html HTTP/1.1" 200 28054 "-" "Mozilla/5.0 (Linux; Android 6.0.1; Nexus 5X Build/MMB29P) AppleWebKit/537.36 (KHTML, like Gecko) Chrome/146.0.7680.177 Mobile Safari/537.36 (compatible; Googlebot/2.1; +http://www.google.com/bot.html)"
74.7.227.185 - - [14/Apr/2026:05:22:27 +0000] "GET /shopping/products/16211832497 HTTP/2.0" 500 1004 "https://elementalmill.com.lab2454.com/shopping/products/16211754862" "Mozilla/5.0 AppleWebKit/537.36 (KHTML, like Gecko; compatible; GPTBot/1.3; +https://openai.com/gptbot)"
213.180.203.168 - - [14/Apr/2026:05:22:29 +0000] "GET /robots.txt HTTP/1.1" 500 2431 "-" "Mozilla/5.0 (compatible; YandexBot/3.0; +http://yandex.com/bots)"
66.249.64.39 - - [14/Apr/2026:05:22:38 +0000] "GET /?shop/891413130162.html HTTP/1.1" 200 27886 "-" "Mozilla/5.0 (Linux; Android 6.0.1; Nexus 5X Build/MMB29P) AppleWebKit/537.36 (KHTML, like Gecko) Chrome/146.0.7680.177 Mobile Safari/537.36 (compatible; Googlebot/2.1; +http://www.google.com/bot.html)"
66.249.64.40 - - [14/Apr/2026:05:22:41 +0000] "GET /?shop/88985221583.html HTTP/1.1" 200 27997 "-" "Mozilla/5.0 (Linux; Android 6.0.1; Nexus 5X Build/MMB29P) AppleWebKit/537.36 (KHTML, like Gecko) Chrome/146.0.7680.177 Mobile Safari/537.36 (compatible; Googlebot/2.1; +http://www.google.com/bot.html)"
74.7.242.41 - - [14/Apr/2026:05:22:47 +0000] "GET /shop/pg/16211896972 HTTP/2.0" 500 1004 "https://www.elementalmill.com" "Mozilla/5.0 AppleWebKit/537.36 (KHTML, like Gecko; compatible; GPTBot/1.3; +https://openai.com/gptbot)"
74.7.243.205 - - [14/Apr/2026:05:23:08 +0000] "GET /shop/pg/1954667 HTTP/2.0" 500 1004 "https://www.elementalmill.com.lab2454.com/shop/pg/1953505" "Mozilla/5.0 AppleWebKit/537.36 (KHTML, like Gecko; compatible; GPTBot/1.3; +https://openai.com/gptbot)"
74.7.227.48 - - [14/Apr/2026:05:23:22 +0000] "GET /shop/pg/1381781 HTTP/2.0" 500 1004 "https://www.elementalmill.com/shopping/products/16201381781" "Mozilla/5.0 AppleWebKit/537.36 (KHTML, like Gecko; compatible; GPTBot/1.3; +https://openai.com/gptbot)"
74.7.227.185 - - [14/Apr/2026:05:23:31 +0000] "GET /shopping/products/16201136255 HTTP/2.0" 500 1004 "https://elementalmill.com.lab2454.com/shopping/products/16211510376" "Mozilla/5.0 AppleWebKit/537.36 (KHTML, like Gecko; compatible; GPTBot/1.3; +https://openai.com/gptbot)"
66.249.64.40 - - [14/Apr/2026:05:23:41 +0000] "GET /?shop/88995640247.html HTTP/1.1" 200 28397 "-" "Mozilla/5.0 (Linux; Android 6.0.1; Nexus 5X Build/MMB29P) AppleWebKit/537.36 (KHTML, like Gecko) Chrome/146.0.7680.177 Mobile Safari/537.36 (compatible; Googlebot/2.1; +http://www.google.com/bot.html)"
66.249.64.39 - - [14/Apr/2026:05:23:46 +0000] "GET /?shop/8888402066.html HTTP/1.1" 200 27150 "-" "Mozilla/5.0 (Linux; Android 6.0.1; Nexus 5X Build/MMB29P) AppleWebKit/537.36 (KHTML, like Gecko) Chrome/146.0.7680.177 Mobile Safari/537.36 (compatible; Googlebot/2.1; +http://www.google.com/bot.html)"
74.7.242.41 - - [14/Apr/2026:05:23:51 +0000] "GET /shop/pg/16211730466 HTTP/2.0" 500 1004 "https://elementalmill.com/shop/customer/bookmark.php?shopping/products/16211723547" "Mozilla/5.0 AppleWebKit/537.36 (KHTML, like Gecko; compatible; GPTBot/1.3; +https://openai.com/gptbot)"
66.249.64.39 - - [14/Apr/2026:05:23:57 +0000] "GET /?shop/891011238893.html HTTP/1.1" 200 27954 "-" "Mozilla/5.0 (Linux; Android 6.0.1; Nexus 5X Build/MMB29P) AppleWebKit/537.36 (KHTML, like Gecko) Chrome/146.0.7680.177 Mobile Safari/537.36 (compatible; Googlebot/2.1; +http://www.google.com/bot.html)"
74.7.243.205 - - [14/Apr/2026:05:24:13 +0000] "GET /shop/pg/1630052 HTTP/2.0" 500 1004 "https://www.elementalmill.com.lab2454.com/shop/pg/16201413593" "Mozilla/5.0 AppleWebKit/537.36 (KHTML, like Gecko; compatible; GPTBot/1.3; +https://openai.com/gptbot)"
74.7.227.185 - - [14/Apr/2026:05:24:36 +0000] "GET /shopping/products/16201435756 HTTP/2.0" 500 1004 "https://elementalmill.com.lab2454.com/shopping/products/16201039412" "Mozilla/5.0 AppleWebKit/537.36 (KHTML, like Gecko; compatible; GPTBot/1.3; +https://openai.com/gptbot)"
66.249.64.39 - - [14/Apr/2026:05:24:29 +0000] "GET /shopping/products/16211572327 HTTP/1.1" 200 27654 "-" "Mozilla/5.0 (Linux; Android 6.0.1; Nexus 5X Build/MMB29P) AppleWebKit/537.36 (KHTML, like Gecko) Chrome/146.0.7680.177 Mobile Safari/537.36 (compatible; Googlebot/2.1; +http://www.google.com/bot.html)"
66.249.64.40 - - [14/Apr/2026:05:24:41 +0000] "GET /?shop/88985014260.html HTTP/1.1" 200 27741 "-" "Mozilla/5.0 (Linux; Android 6.0.1; Nexus 5X Build/MMB29P) AppleWebKit/537.36 (KHTML, like Gecko) Chrome/146.0.7680.177 Mobile Safari/537.36 (compatible; Googlebot/2.1; +http://www.google.com/bot.html)"
74.7.242.41 - - [14/Apr/2026:05:24:53 +0000] "GET /shop/pg/16232607166 HTTP/2.0" 500 1004 "https://www.elementalmill.com" "Mozilla/5.0 AppleWebKit/537.36 (KHTML, like Gecko; compatible; GPTBot/1.3; +https://openai.com/gptbot)"
66.249.64.40 - - [14/Apr/2026:05:25:04 +0000] "GET /?shop/89016606993.html HTTP/1.1" 200 27364 "-" "Mozilla/5.0 (Linux; Android 6.0.1; Nexus 5X Build/MMB29P) AppleWebKit/537.36 (KHTML, like Gecko) Chrome/146.0.7680.177 Mobile Safari/537.36 (compatible; Googlebot/2.1; +http://www.google.com/bot.html)"
74.7.242.41 - - [14/Apr/2026:05:25:10 +0000] "GET /shop/pg/1353523 HTTP/2.0" 500 1004 "https://mail.elementalmill.com/?shopping/products/16201353523" "Mozilla/5.0 AppleWebKit/537.36 (KHTML, like Gecko; compatible; GPTBot/1.3; +https://openai.com/gptbot)"
74.7.243.205 - - [14/Apr/2026:05:25:18 +0000] "GET /shop/pg/1581153 HTTP/2.0" 500 1004 "https://www.elementalmill.com.lab2454.com/shop/pg/16201364686" "Mozilla/5.0 AppleWebKit/537.36 (KHTML, like Gecko; compatible; GPTBot/1.3; +https://openai.com/gptbot)"
66.249.64.39 - - [14/Apr/2026:05:25:30 +0000] "GET /?shop/89048292632.html HTTP/1.1" 200 27758 "-" "Mozilla/5.0 (Linux; Android 6.0.1; Nexus 5X Build/MMB29P) AppleWebKit/537.36 (KHTML, like Gecko) Chrome/146.0.7680.177 Mobile Safari/537.36 (compatible; Googlebot/2.1; +http://www.google.com/bot.html)"
74.7.227.185 - - [14/Apr/2026:05:25:36 +0000] "GET /shopping/products/16201235991 HTTP/2.0" 500 1004 "https://elementalmill.com.lab2454.com/shopping/products/16201290257" "Mozilla/5.0 AppleWebKit/537.36 (KHTML, like Gecko; compatible; GPTBot/1.3; +https://openai.com/gptbot)"
74.7.242.41 - - [14/Apr/2026:05:26:13 +0000] "GET /shop/pg/2357368 HTTP/2.0" 500 1004 "https://mail.elementalmill.com/shop/customer/bookmark.php?shopping/products/16222357368" "Mozilla/5.0 AppleWebKit/537.36 (KHTML, like Gecko; compatible; GPTBot/1.3; +https://openai.com/gptbot)"
74.7.243.205 - - [14/Apr/2026:05:26:22 +0000] "GET /shop/pg/1596971 HTTP/2.0" 500 1004 "https://www.elementalmill.com.lab2454.com/shop/pg/16201380515" "Mozilla/5.0 AppleWebKit/537.36 (KHTML, like Gecko; compatible; GPTBot/1.3; +https://openai.com/gptbot)"
74.7.227.48 - - [14/Apr/2026:05:26:29 +0000] "GET /shop/pg/2390413 HTTP/2.0" 500 1004 "https://www.elementalmill.com/?shopping/products/16222390413" "Mozilla/5.0 AppleWebKit/537.36 (KHTML, like Gecko; compatible; GPTBot/1.3; +https://openai.com/gptbot)"
74.7.227.185 - - [14/Apr/2026:05:26:39 +0000] "GET /shopping/products/16201126439 HTTP/2.0" 500 1004 "https://elementalmill.com.lab2454.com/shopping/products/16211993106" "Mozilla/5.0 AppleWebKit/537.36 (KHTML, like Gecko; compatible; GPTBot/1.3; +https://openai.com/gptbot)"
66.249.64.39 - - [14/Apr/2026:05:26:36 +0000] "GET /shop/customer/bookmark.php?shopping/products/1618124680 HTTP/1.1" 200 27638 "-" "Mozilla/5.0 (Linux; Android 6.0.1; Nexus 5X Build/MMB29P) AppleWebKit/537.36 (KHTML, like Gecko) Chrome/146.0.7680.177 Mobile Safari/537.36 (compatible; Googlebot/2.1; +http://www.google.com/bot.html)"
74.7.242.41 - - [14/Apr/2026:05:26:58 +0000] "GET /shop/pg/16201091336 HTTP/2.0" 500 1004 "https://www.elementalmill.com" "Mozilla/5.0 AppleWebKit/537.36 (KHTML, like Gecko; compatible; GPTBot/1.3; +https://openai.com/gptbot)"
66.249.64.39 - - [14/Apr/2026:05:27:07 +0000] "GET /shop/pg/1283284 HTTP/1.1" 200 27344 "-" "Mozilla/5.0 (Linux; Android 6.0.1; Nexus 5X Build/MMB29P) AppleWebKit/537.36 (KHTML, like Gecko) Chrome/146.0.7680.177 Mobile Safari/537.36 (compatible; Googlebot/2.1; +http://www.google.com/bot.html)"
66.249.64.40 - - [14/Apr/2026:05:27:22 +0000] "GET /shop/customer/bookmark.php?shopping/products/16222301820 HTTP/1.1" 200 27467 "-" "Mozilla/5.0 (Linux; Android 6.0.1; Nexus 5X Build/MMB29P) AppleWebKit/537.36 (KHTML, like Gecko) Chrome/146.0.7680.177 Mobile Safari/537.36 (compatible; Googlebot/2.1; +http://www.google.com/bot.html)"
74.7.243.205 - - [14/Apr/2026:05:27:24 +0000] "GET /shop/pg/1360764 HTTP/2.0" 500 1004 "https://www.elementalmill.com.lab2454.com/shop/pg/16201144309" "Mozilla/5.0 AppleWebKit/537.36 (KHTML, like Gecko; compatible; GPTBot/1.3; +https://openai.com/gptbot)"
74.7.227.48 - - [14/Apr/2026:05:27:31 +0000] "GET /shop/pg/2125007 HTTP/2.0" 500 1004 "https://www.elementalmill.com/shopping/products/16222125007" "Mozilla/5.0 AppleWebKit/537.36 (KHTML, like Gecko; compatible; GPTBot/1.3; +https://openai.com/gptbot)"
74.7.227.185 - - [14/Apr/2026:05:27:41 +0000] "GET /shopping/products/16201454174 HTTP/2.0" 500 1004 "https://elementalmill.com.lab2454.com/shopping/products/16211504354" "Mozilla/5.0 AppleWebKit/537.36 (KHTML, like Gecko; compatible; GPTBot/1.3; +https://openai.com/gptbot)"
66.249.64.39 - - [14/Apr/2026:05:27:49 +0000] "GET /shop/pg/2072102 HTTP/1.1" 200 27211 "-" "Mozilla/5.0 (Linux; Android 6.0.1; Nexus 5X Build/MMB29P) AppleWebKit/537.36 (KHTML, like Gecko) Chrome/146.0.7680.177 Mobile Safari/537.36 (compatible; Googlebot/2.1; +http://www.google.com/bot.html)"
66.249.64.41 - - [14/Apr/2026:05:28:17 +0000] "GET /?shop/89079723925.html HTTP/1.1" 200 27843 "-" "Mozilla/5.0 (Linux; Android 6.0.1; Nexus 5X Build/MMB29P) AppleWebKit/537.36 (KHTML, like Gecko) Chrome/146.0.7680.177 Mobile Safari/537.36 (compatible; Googlebot/2.1; +http://www.google.com/bot.html)"
66.249.64.41 - - [14/Apr/2026:05:28:21 +0000] "GET /shopping/products/16201143525 HTTP/1.1" 200 27230 "-" "Mozilla/5.0 (Linux; Android 6.0.1; Nexus 5X Build/MMB29P) AppleWebKit/537.36 (KHTML, like Gecko) Chrome/146.0.7680.177 Mobile Safari/537.36 (compatible; Googlebot/2.1; +http://www.google.com/bot.html)"
74.7.243.205 - - [14/Apr/2026:05:28:25 +0000] "GET /shop/pg/1283309 HTTP/2.0" 500 1004 "https://www.elementalmill.com.lab2454.com/?shopping/products/16201283309" "Mozilla/5.0 AppleWebKit/537.36 (KHTML, like Gecko; compatible; GPTBot/1.3; +https://openai.com/gptbot)"
74.7.242.41 - - [14/Apr/2026:05:28:03 +0000] "GET /shop/pg/16232601185 HTTP/2.0" 500 - "https://elementalmill.com/index.php?shopping/products/16232595990" "Mozilla/5.0 AppleWebKit/537.36 (KHTML, like Gecko; compatible; GPTBot/1.3; +https://openai.com/gptbot)"
74.7.227.185 - - [14/Apr/2026:05:28:45 +0000] "GET /shopping/products/16232547002 HTTP/2.0" 500 1004 "https://elementalmill.com.lab2454.com/shopping/products/16201315504" "Mozilla/5.0 AppleWebKit/537.36 (KHTML, like Gecko; compatible; GPTBot/1.3; +https://openai.com/gptbot)"
66.249.64.40 - - [14/Apr/2026:05:28:48 +0000] "GET /shop/customer/bookmark.php?shopping/products/16222340705 HTTP/1.1" 200 27184 "-" "Mozilla/5.0 (Linux; Android 6.0.1; Nexus 5X Build/MMB29P) AppleWebKit/537.36 (KHTML, like Gecko) Chrome/146.0.7680.177 Mobile Safari/537.36 (compatible; Googlebot/2.1; +http://www.google.com/bot.html)"
5.255.231.106 - - [14/Apr/2026:05:28:49 +0000] "GET /robots.txt HTTP/1.1" 500 2431 "-" "Mozilla/5.0 (compatible; YandexBot/3.0; +http://yandex.com/bots)"
66.249.64.40 - - [14/Apr/2026:05:29:17 +0000] "GET /shopping/products/16201396556 HTTP/1.1" 200 27663 "-" "Mozilla/5.0 (Linux; Android 6.0.1; Nexus 5X Build/MMB29P) AppleWebKit/537.36 (KHTML, like Gecko) Chrome/146.0.7680.177 Mobile Safari/537.36 (compatible; Googlebot/2.1; +http://www.google.com/bot.html)"
74.7.243.205 - - [14/Apr/2026:05:29:27 +0000] "GET /shop/pg/1402311 HTTP/2.0" 500 1004 "https://www.elementalmill.com.lab2454.com/shopping/products/16201402311" "Mozilla/5.0 AppleWebKit/537.36 (KHTML, like Gecko; compatible; GPTBot/1.3; +https://openai.com/gptbot)"
74.7.227.48 - - [14/Apr/2026:05:29:38 +0000] "GET /shop/pg/2434910 HTTP/2.0" 500 1004 "https://www.elementalmill.com/shopping/products/16222434910" "Mozilla/5.0 AppleWebKit/537.36 (KHTML, like Gecko; compatible; GPTBot/1.3; +https://openai.com/gptbot)"
66.249.64.39 - - [14/Apr/2026:05:29:47 +0000] "GET /shop/customer/bookmark.php?shopping/products/1619740063 HTTP/1.1" 200 27763 "-" "Mozilla/5.0 (Linux; Android 6.0.1; Nexus 5X Build/MMB29P) AppleWebKit/537.36 (KHTML, like Gecko) Chrome/146.0.7680.177 Mobile Safari/537.36 (compatible; Googlebot/2.1; +http://www.google.com/bot.html)"
74.7.227.185 - - [14/Apr/2026:05:29:46 +0000] "GET /shopping/products/16201483143 HTTP/2.0" 500 1004 "https://elementalmill.com.lab2454.com/shopping/products/16201314852" "Mozilla/5.0 AppleWebKit/537.36 (KHTML, like Gecko; compatible; GPTBot/1.3; +https://openai.com/gptbot)"
74.7.242.41 - - [14/Apr/2026:05:30:12 +0000] "GET /shop/pg/16211880915 HTTP/2.0" 500 1004 "https://elementalmill.com/index.php?shopping/products/16211875730" "Mozilla/5.0 AppleWebKit/537.36 (KHTML, like Gecko; compatible; GPTBot/1.3; +https://openai.com/gptbot)"
66.249.64.41 - - [14/Apr/2026:05:30:17 +0000] "GET /shopping/products/16222208261 HTTP/1.1" 200 27320 "-" "Mozilla/5.0 (Linux; Android 6.0.1; Nexus 5X Build/MMB29P) AppleWebKit/537.36 (KHTML, like Gecko) Chrome/146.0.7680.177 Mobile Safari/537.36 (compatible; Googlebot/2.1; +http://www.google.com/bot.html)"
74.7.227.48 - - [14/Apr/2026:05:30:42 +0000] "GET /shop/pg/2414271 HTTP/2.0" 500 1004 "https://www.elementalmill.com/?shopping/products/16222414271" "Mozilla/5.0 AppleWebKit/537.36 (KHTML, like Gecko; compatible; GPTBot/1.3; +https://openai.com/gptbot)"
66.249.64.39 - - [14/Apr/2026:05:30:46 +0000] "GET /shop/customer/bookmark.php?shopping/products/16211786806 HTTP/1.1" 200 27576 "-" "Mozilla/5.0 (Linux; Android 6.0.1; Nexus 5X Build/MMB29P) AppleWebKit/537.36 (KHTML, like Gecko) Chrome/146.0.7680.177 Mobile Safari/537.36 (compatible; Googlebot/2.1; +http://www.google.com/bot.html)"
74.7.227.185 - - [14/Apr/2026:05:30:52 +0000] "GET /shopping/products/16211647407 HTTP/2.0" 500 1004 "https://elementalmill.com.lab2454.com/shopping/products/16211642073" "Mozilla/5.0 AppleWebKit/537.36 (KHTML, like Gecko; compatible; GPTBot/1.3; +https://openai.com/gptbot)"
74.7.242.41 - - [14/Apr/2026:05:31:12 +0000] "GET /shop/pg/16201126193 HTTP/2.0" 500 1004 "https://www.elementalmill.com" "Mozilla/5.0 AppleWebKit/537.36 (KHTML, like Gecko; compatible; GPTBot/1.3; +https://openai.com/gptbot)"
66.249.64.40 - - [14/Apr/2026:05:31:16 +0000] "GET /shopping/products/16222262122 HTTP/1.1" 200 28042 "-" "Mozilla/5.0 (Linux; Android 6.0.1; Nexus 5X Build/MMB29P) AppleWebKit/537.36 (KHTML, like Gecko) Chrome/146.0.7680.177 Mobile Safari/537.36 (compatible; Googlebot/2.1; +http://www.google.com/bot.html)"
74.7.243.205 - - [14/Apr/2026:05:31:30 +0000] "GET /shop/pg/1428485 HTTP/2.0" 500 1004 "https://www.elementalmill.com.lab2454.com/shop/pg/16201212041" "Mozilla/5.0 AppleWebKit/537.36 (KHTML, like Gecko; compatible; GPTBot/1.3; +https://openai.com/gptbot)"
74.7.227.48 - - [14/Apr/2026:05:31:42 +0000] "GET /shop/pg/1655392 HTTP/2.0" 500 1004 "https://www.elementalmill.com/shopping/products/16211655392" "Mozilla/5.0 AppleWebKit/537.36 (KHTML, like Gecko; compatible; GPTBot/1.3; +https://openai.com/gptbot)"
66.249.64.39 - - [14/Apr/2026:05:31:45 +0000] "GET /shop/customer/bookmark.php?shopping/products/1619680827 HTTP/1.1" 200 27541 "-" "Mozilla/5.0 (Linux; Android 6.0.1; Nexus 5X Build/MMB29P) AppleWebKit/537.36 (KHTML, like Gecko) Chrome/146.0.7680.177 Mobile Safari/537.36 (compatible; Googlebot/2.1; +http://www.google.com/bot.html)"
66.249.64.39 - - [14/Apr/2026:05:31:51 +0000] "GET /?shop/89016754606.html HTTP/1.1" 200 27515 "-" "Mozilla/5.0 (Linux; Android 6.0.1; Nexus 5X Build/MMB29P) AppleWebKit/537.36 (KHTML, like Gecko) Chrome/146.0.7680.177 Mobile Safari/537.36 (compatible; Googlebot/2.1; +http://www.google.com/bot.html)"
74.7.227.185 - - [14/Apr/2026:05:31:55 +0000] "GET /shopping/products/16201163029 HTTP/2.0" 500 1004 "https://elementalmill.com.lab2454.com/shopping/products/16201343583" "Mozilla/5.0 AppleWebKit/537.36 (KHTML, like Gecko; compatible; GPTBot/1.3; +https://openai.com/gptbot)"
66.249.64.39 - - [14/Apr/2026:05:31:54 +0000] "GET /shop/pg/2499424 HTTP/1.1" 200 27317 "-" "Mozilla/5.0 (Linux; Android 6.0.1; Nexus 5X Build/MMB29P) AppleWebKit/537.36 (KHTML, like Gecko) Chrome/146.0.7680.177 Mobile Safari/537.36 (compatible; Googlebot/2.1; +http://www.google.com/bot.html)"
66.249.64.41 - - [14/Apr/2026:05:32:15 +0000] "GET /shopping/products/16201363849 HTTP/1.1" 200 27377 "-" "Mozilla/5.0 (Linux; Android 6.0.1; Nexus 5X Build/MMB29P) AppleWebKit/537.36 (KHTML, like Gecko) Chrome/146.0.7680.177 Mobile Safari/537.36 (compatible; Googlebot/2.1; +http://www.google.com/bot.html)"
74.7.243.205 - - [14/Apr/2026:05:32:34 +0000] "GET /shop/pg/1394857 HTTP/2.0" 500 1004 "https://www.elementalmill.com.lab2454.com/shop/pg/16201178388" "Mozilla/5.0 AppleWebKit/537.36 (KHTML, like Gecko; compatible; GPTBot/1.3; +https://openai.com/gptbot)"
74.7.227.48 - - [14/Apr/2026:05:32:43 +0000] "GET /shop/pg/1688919 HTTP/2.0" 500 1004 "https://www.elementalmill.com/?shopping/products/16211688919" "Mozilla/5.0 AppleWebKit/537.36 (KHTML, like Gecko; compatible; GPTBot/1.3; +https://openai.com/gptbot)"
66.249.64.40 - - [14/Apr/2026:05:32:45 +0000] "GET /shop/customer/bookmark.php?shopping/products/1619820222 HTTP/1.1" 200 27597 "-" "Mozilla/5.0 (Linux; Android 6.0.1; Nexus 5X Build/MMB29P) AppleWebKit/537.36 (KHTML, like Gecko) Chrome/146.0.7680.177 Mobile Safari/537.36 (compatible; Googlebot/2.1; +http://www.google.com/bot.html)"
74.7.227.185 - - [14/Apr/2026:05:32:58 +0000] "GET /shopping/products/16201022731 HTTP/2.0" 500 1004 "https://elementalmill.com.lab2454.com/shopping/products/16211683944" "Mozilla/5.0 AppleWebKit/537.36 (KHTML, like Gecko; compatible; GPTBot/1.3; +https://openai.com/gptbot)"
74.7.242.41 - - [14/Apr/2026:05:33:14 +0000] "GET /shop/pg/16211556913 HTTP/2.0" 500 1004 "https://elementalmill.com/index.php?shopping/products/16211551729" "Mozilla/5.0 AppleWebKit/537.36 (KHTML, like Gecko; compatible; GPTBot/1.3; +https://openai.com/gptbot)"
66.249.64.39 - - [14/Apr/2026:05:33:14 +0000] "GET /shopping/products/16222399672 HTTP/1.1" 200 28525 "-" "Mozilla/5.0 (Linux; Android 6.0.1; Nexus 5X Build/MMB29P) AppleWebKit/537.36 (KHTML, like Gecko) Chrome/146.0.7680.177 Mobile Safari/537.36 (compatible; Googlebot/2.1; +http://www.google.com/bot.html)"
66.249.64.40 - - [14/Apr/2026:05:33:44 +0000] "GET /shop/customer/bookmark.php?shopping/products/1619596314 HTTP/1.1" 200 27606 "-" "Mozilla/5.0 (Linux; Android 6.0.1; Nexus 5X Build/MMB29P) AppleWebKit/537.36 (KHTML, like Gecko) Chrome/146.0.7680.177 Mobile Safari/537.36 (compatible; Googlebot/2.1; +http://www.google.com/bot.html)"
74.7.243.205 - - [14/Apr/2026:05:33:40 +0000] "GET /shop/pg/1225505 HTTP/2.0" 500 1004 "https://www.elementalmill.com.lab2454.com/shop/pg/16211600598" "Mozilla/5.0 AppleWebKit/537.36 (KHTML, like Gecko; compatible; GPTBot/1.3; +https://openai.com/gptbot)"
74.7.227.185 - - [14/Apr/2026:05:34:01 +0000] "GET /shopping/products/16232593910 HTTP/2.0" 500 1004 "https://elementalmill.com.lab2454.com/shopping/products/16211983530" "Mozilla/5.0 AppleWebKit/537.36 (KHTML, like Gecko; compatible; GPTBot/1.3; +https://openai.com/gptbot)"
66.249.64.39 - - [14/Apr/2026:05:34:13 +0000] "GET /shopping/products/1619956641 HTTP/1.1" 200 27646 "-" "Mozilla/5.0 (Linux; Android 6.0.1; Nexus 5X Build/MMB29P) AppleWebKit/537.36 (KHTML, like Gecko) Chrome/146.0.7680.177 Mobile Safari/537.36 (compatible; Googlebot/2.1; +http://www.google.com/bot.html)"
74.7.242.41 - - [14/Apr/2026:05:34:35 +0000] "GET /shop/pg/1657745 HTTP/2.0" 500 1004 "https://mail.elementalmill.com/?shopping/products/16211657745" "Mozilla/5.0 AppleWebKit/537.36 (KHTML, like Gecko; compatible; GPTBot/1.3; +https://openai.com/gptbot)"
66.249.64.39 - - [14/Apr/2026:05:34:43 +0000] "GET /shop/customer/bookmark.php?shopping/products/16201110754 HTTP/1.1" 200 27853 "-" "Mozilla/5.0 (Linux; Android 6.0.1; Nexus 5X Build/MMB29P) AppleWebKit/537.36 (KHTML, like Gecko) Chrome/146.0.7680.177 Mobile Safari/537.36 (compatible; Googlebot/2.1; +http://www.google.com/bot.html)"
66.249.64.39 - - [14/Apr/2026:05:34:59 +0000] "GET /?shop/89006062002.html HTTP/1.1" 200 27296 "-" "Mozilla/5.0 (Linux; Android 6.0.1; Nexus 5X Build/MMB29P) AppleWebKit/537.36 (KHTML, like Gecko) Chrome/146.0.7680.177 Mobile Safari/537.36 (compatible; Googlebot/2.1; +http://www.google.com/bot.html)"
74.7.227.185 - - [14/Apr/2026:05:35:03 +0000] "GET /shopping/products/16211765987 HTTP/2.0" 500 1004 "https://elementalmill.com.lab2454.com/shopping/products/16211855717" "Mozilla/5.0 AppleWebKit/537.36 (KHTML, like Gecko; compatible; GPTBot/1.3; +https://openai.com/gptbot)"
66.249.64.39 - - [14/Apr/2026:05:35:13 +0000] "GET /shopping/products/1618292573 HTTP/1.1" 200 27559 "-" "Mozilla/5.0 (Linux; Android 6.0.1; Nexus 5X Build/MMB29P) AppleWebKit/537.36 (KHTML, like Gecko) Chrome/146.0.7680.177 Mobile Safari/537.36 (compatible; Googlebot/2.1; +http://www.google.com/bot.html)"
74.7.242.41 - - [14/Apr/2026:05:35:25 +0000] "GET /shop/pg/16201150898 HTTP/2.0" 500 1004 "https://www.elementalmill.com" "Mozilla/5.0 AppleWebKit/537.36 (KHTML, like Gecko; compatible; GPTBot/1.3; +https://openai.com/gptbot)"
74.7.243.205 - - [14/Apr/2026:05:35:45 +0000] "GET /shop/pg/1489645 HTTP/2.0" 500 1004 "https://www.elementalmill.com.lab2454.com/shop/pg/16201273185" "Mozilla/5.0 AppleWebKit/537.36 (KHTML, like Gecko; compatible; GPTBot/1.3; +https://openai.com/gptbot)"
66.249.64.39 - - [14/Apr/2026:05:35:50 +0000] "GET /shop/customer/bookmark.php?shopping/products/16201290883 HTTP/1.1" 200 27796 "-" "Mozilla/5.0 (Linux; Android 6.0.1; Nexus 5X Build/MMB29P) AppleWebKit/537.36 (KHTML, like Gecko) Chrome/146.0.7680.177 Mobile Safari/537.36 (compatible; Googlebot/2.1; +http://www.google.com/bot.html)"
74.7.227.48 - - [14/Apr/2026:05:35:51 +0000] "GET /shop/pg/1349854 HTTP/2.0" 500 1004 "https://www.elementalmill.com/shop/customer/bookmark.php?shopping/products/16201349854" "Mozilla/5.0 AppleWebKit/537.36 (KHTML, like Gecko; compatible; GPTBot/1.3; +https://openai.com/gptbot)"
66.249.64.39 - - [14/Apr/2026:05:35:52 +0000] "GET /?shop/891413321489.html HTTP/1.1" 200 27324 "-" "Mozilla/5.0 (Linux; Android 6.0.1; Nexus 5X Build/MMB29P) AppleWebKit/537.36 (KHTML, like Gecko) Chrome/146.0.7680.177 Mobile Safari/537.36 (compatible; Googlebot/2.1; +http://www.google.com/bot.html)"
74.7.227.185 - - [14/Apr/2026:05:36:05 +0000] "GET /shopping/products/16211586883 HTTP/2.0" 500 1004 "https://elementalmill.com.lab2454.com/shopping/products/1618436184" "Mozilla/5.0 AppleWebKit/537.36 (KHTML, like Gecko; compatible; GPTBot/1.3; +https://openai.com/gptbot)"
66.249.64.41 - - [14/Apr/2026:05:36:16 +0000] "GET /shopping/products/1618480288 HTTP/1.1" 200 27630 "-" "Mozilla/5.0 (Linux; Android 6.0.1; Nexus 5X Build/MMB29P) AppleWebKit/537.36 (KHTML, like Gecko) Chrome/146.0.7680.177 Mobile Safari/537.36 (compatible; Googlebot/2.1; +http://www.google.com/bot.html)"
74.7.242.41 - - [14/Apr/2026:05:36:25 +0000] "GET /shop/pg/16201064701 HTTP/2.0" 500 1004 "https://www.elementalmill.com" "Mozilla/5.0 AppleWebKit/537.36 (KHTML, like Gecko; compatible; GPTBot/1.3; +https://openai.com/gptbot)"
74.7.243.205 - - [14/Apr/2026:05:36:47 +0000] "GET /shop/pg/1480653 HTTP/2.0" 500 1004 "https://www.elementalmill.com.lab2454.com/shop/pg/1479483" "Mozilla/5.0 AppleWebKit/537.36 (KHTML, like Gecko; compatible; GPTBot/1.3; +https://openai.com/gptbot)"
74.7.227.185 - - [14/Apr/2026:05:37:05 +0000] "GET /shopping/products/16211616389 HTTP/2.0" 500 1004 "https://elementalmill.com.lab2454.com/shopping/products/16211967358" "Mozilla/5.0 AppleWebKit/537.36 (KHTML, like Gecko; compatible; GPTBot/1.3; +https://openai.com/gptbot)"
66.249.64.41 - - [14/Apr/2026:05:37:01 +0000] "GET /shop/customer/bookmark.php?shopping/products/16211842188 HTTP/1.1" 200 27917 "-" "Mozilla/5.0 (Linux; Android 6.0.1; Nexus 5X Build/MMB29P) AppleWebKit/537.36 (KHTML, like Gecko) Chrome/146.0.7680.177 Mobile Safari/537.36 (compatible; Googlebot/2.1; +http://www.google.com/bot.html)"
66.249.64.39 - - [14/Apr/2026:05:37:27 +0000] "GET /?shop/89037669267.html HTTP/1.1" 200 28333 "-" "Mozilla/5.0 (Linux; Android 6.0.1; Nexus 5X Build/MMB29P) AppleWebKit/537.36 (KHTML, like Gecko) Chrome/146.0.7680.177 Mobile Safari/537.36 (compatible; Googlebot/2.1; +http://www.google.com/bot.html)"
74.7.242.41 - - [14/Apr/2026:05:37:28 +0000] "GET /shop/pg/16201502366 HTTP/2.0" 500 1004 "https://www.elementalmill.com" "Mozilla/5.0 AppleWebKit/537.36 (KHTML, like Gecko; compatible; GPTBot/1.3; +https://openai.com/gptbot)"
66.249.64.39 - - [14/Apr/2026:05:37:30 +0000] "GET /shopping/products/16232550501 HTTP/1.1" 200 27072 "-" "Mozilla/5.0 (Linux; Android 6.0.1; Nexus 5X Build/MMB29P) AppleWebKit/537.36 (KHTML, like Gecko) Chrome/146.0.7680.177 Mobile Safari/537.36 (compatible; Googlebot/2.1; +http://www.google.com/bot.html)"
66.249.64.39 - - [14/Apr/2026:05:37:35 +0000] "GET /?shop/88953679527.html HTTP/1.1" 200 27560 "-" "Mozilla/5.0 (Linux; Android 6.0.1; Nexus 5X Build/MMB29P) AppleWebKit/537.36 (KHTML, like Gecko) Chrome/146.0.7680.177 Mobile Safari/537.36 (compatible; Googlebot/2.1; +http://www.google.com/bot.html)"
66.249.64.39 - - [14/Apr/2026:05:37:43 +0000] "GET /shop/customer/bookmark.php?shopping/products/16211907723 HTTP/1.1" 200 27449 "-" "Mozilla/5.0 (Linux; Android 6.0.1; Nexus 5X Build/MMB29P) AppleWebKit/537.36 (KHTML, like Gecko) Chrome/146.0.7680.177 Mobile Safari/537.36 (compatible; Googlebot/2.1; +http://www.google.com/bot.html)"
74.7.243.205 - - [14/Apr/2026:05:37:52 +0000] "GET /shop/pg/1225121 HTTP/2.0" 500 1004 "https://www.elementalmill.com.lab2454.com/shop/pg/16211600226" "Mozilla/5.0 AppleWebKit/537.36 (KHTML, like Gecko; compatible; GPTBot/1.3; +https://openai.com/gptbot)"
74.7.227.185 - - [14/Apr/2026:05:38:13 +0000] "GET /shopping/products/16201087487 HTTP/2.0" 500 1004 "https://elementalmill.com.lab2454.com/shopping/products/16201079486" "Mozilla/5.0 AppleWebKit/537.36 (KHTML, like Gecko; compatible; GPTBot/1.3; +https://openai.com/gptbot)"
66.249.64.39 - - [14/Apr/2026:05:38:10 +0000] "GET /shopping/products/16222494597 HTTP/1.1" 200 27347 "-" "Mozilla/5.0 (Linux; Android 6.0.1; Nexus 5X Build/MMB29P) AppleWebKit/537.36 (KHTML, like Gecko) Chrome/146.0.7680.177 Mobile Safari/537.36 (compatible; Googlebot/2.1; +http://www.google.com/bot.html)"
74.7.242.41 - - [14/Apr/2026:05:38:30 +0000] "GET /shop/pg/16201100279 HTTP/2.0" 500 1004 "https://www.elementalmill.com" "Mozilla/5.0 AppleWebKit/537.36 (KHTML, like Gecko; compatible; GPTBot/1.3; +https://openai.com/gptbot)"
217.142.185.108 - - [14/Apr/2026:05:38:38 +0000] "GET / HTTP/2.0" 500 1004 "-" "Mozilla/5.0 (iPhone; CPU iPhone OS 17_4_1 like Mac OS X) AppleWebKit/605.1.15 Mobile/15E148"
217.142.185.108 - - [14/Apr/2026:05:38:39 +0000] "GET / HTTP/2.0" 500 1004 "-" "Go-http-client/2.0"
217.142.185.108 - - [14/Apr/2026:05:38:40 +0000] "GET /wp-login.php HTTP/2.0" 500 1004 "-" "Mozilla/5.0 (iPad; CPU OS 17_4 like Mac OS X) AppleWebKit/605.1.15 Mobile/15E148"
66.249.64.40 - - [14/Apr/2026:05:38:40 +0000] "GET /shop/customer/bookmark.php?shopping/products/16201351813 HTTP/1.1" 200 27408 "-" "Mozilla/5.0 (Linux; Android 6.0.1; Nexus 5X Build/MMB29P) AppleWebKit/537.36 (KHTML, like Gecko) Chrome/146.0.7680.177 Mobile Safari/537.36 (compatible; Googlebot/2.1; +http://www.google.com/bot.html)"
217.142.185.108 - - [14/Apr/2026:05:38:41 +0000] "GET /wp-admin/ HTTP/2.0" 500 1004 "-" "Mozilla/5.0 (Windows NT 10.0; Win64; x64) AppleWebKit/537.36 Chrome/116.0 Safari/537.36"
217.142.185.108 - - [14/Apr/2026:05:38:44 +0000] "GET /administrator/ HTTP/2.0" 500 1004 "-" "Mozilla/5.0 (Macintosh; Intel Mac OS X 13_5_1) AppleWebKit/605.1.15 Safari/605.1.15"
217.142.185.108 - - [14/Apr/2026:05:38:46 +0000] "GET /user/login HTTP/2.0" 500 1004 "-" "Mozilla/5.0 (Windows NT 10.0; Win64; x64) AppleWebKit/537.36 Chrome/116.0 Safari/537.36"
217.142.185.108 - - [14/Apr/2026:05:38:48 +0000] "GET /admin HTTP/2.0" 500 1004 "-" "Mozilla/5.0 (X11; Linux x86_64) Gecko/20100101 Firefox/117.0"
217.142.185.108 - - [14/Apr/2026:05:38:48 +0000] "GET /login HTTP/2.0" 500 1004 "-" "Mozilla/5.0 (X11; Linux x86_64) Gecko/20100101 Firefox/117.0"
217.142.185.108 - - [14/Apr/2026:05:38:56 +0000] "GET /admin HTTP/2.0" 500 1004 "-" "Mozilla/5.0 (Android 13; Mobile; rv:117.0) Gecko/117.0 Firefox/117.0"
74.7.243.205 - - [14/Apr/2026:05:38:56 +0000] "GET /shop/pg/1454038 HTTP/2.0" 500 1004 "https://www.elementalmill.com.lab2454.com/shop/pg/16201237575" "Mozilla/5.0 AppleWebKit/537.36 (KHTML, like Gecko; compatible; GPTBot/1.3; +https://openai.com/gptbot)"
217.142.185.108 - - [14/Apr/2026:05:38:57 +0000] "GET /login HTTP/2.0" 500 1004 "-" "Mozilla/5.0 (X11; Linux x86_64) Gecko/20100101 Firefox/117.0"
74.7.227.48 - - [14/Apr/2026:05:39:02 +0000] "GET /shop/pg/1481519 HTTP/2.0" 500 1004 "https://www.elementalmill.com/?shopping/products/16201481519" "Mozilla/5.0 AppleWebKit/537.36 (KHTML, like Gecko; compatible; GPTBot/1.3; +https://openai.com/gptbot)"
217.142.185.108 - - [14/Apr/2026:05:38:51 +0000] "GET /register HTTP/2.0" 500 - "-" "Mozilla/5.0 (X11; Linux x86_64) Gecko/20100101 Firefox/117.0"
66.249.64.39 - - [14/Apr/2026:05:39:10 +0000] "GET /shopping/products/1618259590 HTTP/1.1" 200 27773 "-" "Mozilla/5.0 (Linux; Android 6.0.1; Nexus 5X Build/MMB29P) AppleWebKit/537.36 (KHTML, like Gecko) Chrome/146.0.7680.177 Mobile Safari/537.36 (compatible; Googlebot/2.1; +http://www.google.com/bot.html)"
74.7.227.185 - - [14/Apr/2026:05:39:16 +0000] "GET /shopping/products/16211785594 HTTP/2.0" 500 1004 "https://elementalmill.com.lab2454.com/shopping/products/16211998334" "Mozilla/5.0 AppleWebKit/537.36 (KHTML, like Gecko; compatible; GPTBot/1.3; +https://openai.com/gptbot)"
74.7.242.41 - - [14/Apr/2026:05:39:35 +0000] "GET /shop/pg/16201209112 HTTP/2.0" 500 1004 "https://www.elementalmill.com" "Mozilla/5.0 AppleWebKit/537.36 (KHTML, like Gecko; compatible; GPTBot/1.3; +https://openai.com/gptbot)"
66.249.64.39 - - [14/Apr/2026:05:39:39 +0000] "GET /shop/customer/bookmark.php?shopping/products/16211727982 HTTP/1.1" 200 27231 "-" "Mozilla/5.0 (Linux; Android 6.0.1; Nexus 5X Build/MMB29P) AppleWebKit/537.36 (KHTML, like Gecko) Chrome/146.0.7680.177 Mobile Safari/537.36 (compatible; Googlebot/2.1; +http://www.google.com/bot.html)"
216.73.216.112 - - [14/Apr/2026:05:39:46 +0000] "GET /robots.txt HTTP/2.0" 500 1004 "-" "Mozilla/5.0 AppleWebKit/537.36 (KHTML, like Gecko; compatible; ClaudeBot/1.0; +claudebot@anthropic.com)"
74.7.243.205 - - [14/Apr/2026:05:39:57 +0000] "GET /shop/pg/1576889 HTTP/2.0" 500 1004 "https://www.elementalmill.com.lab2454.com/shop/pg/1575724" "Mozilla/5.0 AppleWebKit/537.36 (KHTML, like Gecko; compatible; GPTBot/1.3; +https://openai.com/gptbot)"
66.249.64.40 - - [14/Apr/2026:05:40:09 +0000] "GET /shopping/products/16232533777 HTTP/1.1" 200 27038 "-" "Mozilla/5.0 (Linux; Android 6.0.1; Nexus 5X Build/MMB29P) AppleWebKit/537.36 (KHTML, like Gecko) Chrome/146.0.7680.177 Mobile Safari/537.36 (compatible; Googlebot/2.1; +http://www.google.com/bot.html)"
74.7.227.48 - - [14/Apr/2026:05:40:09 +0000] "GET /shop/pg/1852504 HTTP/2.0" 500 1004 "https://www.elementalmill.com/?shopping/products/16211852504" "Mozilla/5.0 AppleWebKit/537.36 (KHTML, like Gecko; compatible; GPTBot/1.3; +https://openai.com/gptbot)"
66.249.64.39 - - [14/Apr/2026:05:40:36 +0000] "GET /?shop/88953864017.html HTTP/1.1" 200 27081 "-" "Mozilla/5.0 (Linux; Android 6.0.1; Nexus 5X Build/MMB29P) AppleWebKit/537.36 (KHTML, like Gecko) Chrome/146.0.7680.177 Mobile Safari/537.36 (compatible; Googlebot/2.1; +http://www.google.com/bot.html)"
74.7.242.41 - - [14/Apr/2026:05:40:38 +0000] "GET /shop/pg/16232568012 HTTP/2.0" 500 1004 "https://elementalmill.com/index.php?shopping/products/16232562830" "Mozilla/5.0 AppleWebKit/537.36 (KHTML, like Gecko; compatible; GPTBot/1.3; +https://openai.com/gptbot)"
66.249.64.39 - - [14/Apr/2026:05:40:39 +0000] "GET /shopping/products/16201345949 HTTP/1.1" 200 27493 "-" "Mozilla/5.0 (Linux; Android 6.0.1; Nexus 5X Build/MMB29P) AppleWebKit/537.36 (KHTML, like Gecko) Chrome/146.0.7680.177 Mobile Safari/537.36 (compatible; Googlebot/2.1; +http://www.google.com/bot.html)"
74.7.243.205 - - [14/Apr/2026:05:40:58 +0000] "GET /shop/pg/1639849 HTTP/2.0" 500 1004 "https://www.elementalmill.com.lab2454.com/shop/pg/16201423392" "Mozilla/5.0 AppleWebKit/537.36 (KHTML, like Gecko; compatible; GPTBot/1.3; +https://openai.com/gptbot)"
95.108.213.128 - - [14/Apr/2026:05:40:58 +0000] "GET /shopping/products/1618395332 HTTP/1.1" 500 1004 "-" "Mozilla/5.0 (compatible; YandexBot/3.0; +http://yandex.com/bots)"
74.7.242.41 - - [14/Apr/2026:05:41:40 +0000] "GET /shop/pg/16201176875 HTTP/2.0" 500 1004 "https://www.elementalmill.com" "Mozilla/5.0 AppleWebKit/537.36 (KHTML, like Gecko; compatible; GPTBot/1.3; +https://openai.com/gptbot)"
74.7.242.41 - - [14/Apr/2026:05:41:57 +0000] "GET /shop/pg/1523164 HTTP/2.0" 500 1004 "https://mail.elementalmill.com/?shopping/products/16211523164" "Mozilla/5.0 AppleWebKit/537.36 (KHTML, like Gecko; compatible; GPTBot/1.3; +https://openai.com/gptbot)"
74.7.243.205 - - [14/Apr/2026:05:42:00 +0000] "GET /shop/pg/1637856 HTTP/2.0" 500 1004 "https://www.elementalmill.com.lab2454.com/shop/pg/16201421410" "Mozilla/5.0 AppleWebKit/537.36 (KHTML, like Gecko; compatible; GPTBot/1.3; +https://openai.com/gptbot)"
74.7.227.48 - - [14/Apr/2026:05:42:13 +0000] "GET /shop/pg/2242250 HTTP/2.0" 500 1004 "https://www.elementalmill.com/?shopping/products/16222242250" "Mozilla/5.0 AppleWebKit/537.36 (KHTML, like Gecko; compatible; GPTBot/1.3; +https://openai.com/gptbot)"
213.180.203.227 - - [14/Apr/2026:05:42:18 +0000] "GET /shopping/products/161826207 HTTP/1.1" 500 1004 "-" "Mozilla/5.0 (compatible; YandexBot/3.0; +http://yandex.com/bots)"
74.7.227.185 - - [14/Apr/2026:05:42:28 +0000] "GET /shopping/products/16211724175 HTTP/2.0" 500 1004 "https://elementalmill.com.lab2454.com/shopping/products/16211745451" "Mozilla/5.0 AppleWebKit/537.36 (KHTML, like Gecko; compatible; GPTBot/1.3; +https://openai.com/gptbot)"
74.7.242.41 - - [14/Apr/2026:05:42:52 +0000] "GET /shop/pg/16201140674 HTTP/2.0" 500 1004 "https://www.elementalmill.com" "Mozilla/5.0 AppleWebKit/537.36 (KHTML, like Gecko; compatible; GPTBot/1.3; +https://openai.com/gptbot)"
74.7.243.205 - - [14/Apr/2026:05:43:05 +0000] "GET /shop/pg/1460768 HTTP/2.0" 500 1004 "https://www.elementalmill.com.lab2454.com/shop/pg/16201244315" "Mozilla/5.0 AppleWebKit/537.36 (KHTML, like Gecko; compatible; GPTBot/1.3; +https://openai.com/gptbot)"
74.7.227.185 - - [14/Apr/2026:05:43:28 +0000] "GET /shopping/products/16211795699 HTTP/2.0" 500 1004 "https://elementalmill.com.lab2454.com/shopping/products/16201455433" "Mozilla/5.0 AppleWebKit/537.36 (KHTML, like Gecko; compatible; GPTBot/1.3; +https://openai.com/gptbot)"
95.108.213.239 - - [14/Apr/2026:05:43:35 +0000] "GET /shopping/products/16201197389 HTTP/1.1" 500 1004 "-" "Mozilla/5.0 (compatible; YandexBot/3.0; +http://yandex.com/bots)"
74.7.242.41 - - [14/Apr/2026:05:43:49 +0000] "GET /shop/pg/16211842601 HTTP/2.0" 500 1004 "https://elementalmill.com/index.php?shopping/products/16211837421" "Mozilla/5.0 AppleWebKit/537.36 (KHTML, like Gecko; compatible; GPTBot/1.3; +https://openai.com/gptbot)"
66.249.64.39 - - [14/Apr/2026:05:43:56 +0000] "GET /shop/pg/2109734 HTTP/1.1" 200 27393 "-" "Mozilla/5.0 (Linux; Android 6.0.1; Nexus 5X Build/MMB29P) AppleWebKit/537.36 (KHTML, like Gecko) Chrome/146.0.7680.177 Mobile Safari/537.36 (compatible; Googlebot/2.1; +http://www.google.com/bot.html)"
66.249.64.39 - - [14/Apr/2026:05:43:58 +0000] "GET /?shop/891413323566.html HTTP/1.1" 200 25689 "-" "Mozilla/5.0 (Linux; Android 6.0.1; Nexus 5X Build/MMB29P) AppleWebKit/537.36 (KHTML, like Gecko) Chrome/146.0.7680.177 Mobile Safari/537.36 (compatible; Googlebot/2.1; +http://www.google.com/bot.html)"
74.7.243.205 - - [14/Apr/2026:05:44:07 +0000] "GET /shop/pg/2411060 HTTP/2.0" 500 1004 "https://www.elementalmill.com.lab2454.com/shop/pg/2409901" "Mozilla/5.0 AppleWebKit/537.36 (KHTML, like Gecko; compatible; GPTBot/1.3; +https://openai.com/gptbot)"
74.7.227.185 - - [14/Apr/2026:05:44:32 +0000] "GET /shopping/products/16201266099 HTTP/2.0" 500 1004 "https://elementalmill.com.lab2454.com/shopping/products/16201400229" "Mozilla/5.0 AppleWebKit/537.36 (KHTML, like Gecko; compatible; GPTBot/1.3; +https://openai.com/gptbot)"
95.108.213.235 - - [14/Apr/2026:05:44:32 +0000] "GET /shopping/products/16182748466 HTTP/1.1" 500 1004 "-" "Mozilla/5.0 (compatible; YandexBot/3.0; +http://yandex.com/bots)"
66.249.64.40 - - [14/Apr/2026:05:44:43 +0000] "GET /?shop/88985306384.html HTTP/1.1" 200 27702 "-" "Mozilla/5.0 (Linux; Android 6.0.1; Nexus 5X Build/MMB29P) AppleWebKit/537.36 (KHTML, like Gecko) Chrome/146.0.7680.177 Mobile Safari/537.36 (compatible; Googlebot/2.1; +http://www.google.com/bot.html)"
74.7.242.41 - - [14/Apr/2026:05:45:07 +0000] "GET /shop/pg/2391613 HTTP/2.0" 500 1004 "https://mail.elementalmill.com/?shopping/products/16222391613" "Mozilla/5.0 AppleWebKit/537.36 (KHTML, like Gecko; compatible; GPTBot/1.3; +https://openai.com/gptbot)"
