74.7.227.185 - - [13/Apr/2026:21:42:56 +0000] "GET /shopping/products/16211646918 HTTP/2.0" 500 1004 "https://elementalmill.com.lab2454.com/shopping/products/16232520501" "Mozilla/5.0 AppleWebKit/537.36 (KHTML, like Gecko; compatible; GPTBot/1.3; +https://openai.com/gptbot)"
74.7.243.205 - - [13/Apr/2026:21:42:58 +0000] "GET /shop/pg/1228029 HTTP/2.0" 500 1004 "https://www.elementalmill.com.lab2454.com/shop/pg/16211603129" "Mozilla/5.0 AppleWebKit/537.36 (KHTML, like Gecko; compatible; GPTBot/1.3; +https://openai.com/gptbot)"
74.7.227.48 - - [13/Apr/2026:21:42:58 +0000] "GET /shop/pg/2271790 HTTP/2.0" 500 1004 "https://www.elementalmill.com/?shopping/products/16222271790" "Mozilla/5.0 AppleWebKit/537.36 (KHTML, like Gecko; compatible; GPTBot/1.3; +https://openai.com/gptbot)"
74.7.242.41 - - [13/Apr/2026:21:43:01 +0000] "GET /shop/pg/16211538620 HTTP/2.0" 500 1004 "https://www.elementalmill.com" "Mozilla/5.0 AppleWebKit/537.36 (KHTML, like Gecko; compatible; GPTBot/1.3; +https://openai.com/gptbot)"
95.108.213.114 - - [13/Apr/2026:21:43:09 +0000] "GET /shopping/products/16201094534 HTTP/1.1" 500 1004 "-" "Mozilla/5.0 (compatible; YandexBot/3.0; +http://yandex.com/bots)"
95.108.213.236 - - [13/Apr/2026:21:43:10 +0000] "GET /robots.txt HTTP/1.1" 500 2431 "-" "Mozilla/5.0 (compatible; YandexBot/3.0; +http://yandex.com/bots)"
213.180.203.216 - - [13/Apr/2026:21:43:12 +0000] "GET /shopping/products/1618385208 HTTP/1.1" 500 1004 "-" "Mozilla/5.0 (compatible; YandexBot/3.0; +http://yandex.com/bots)"
95.108.213.242 - - [13/Apr/2026:21:43:12 +0000] "GET /shopping/products/16232564578 HTTP/1.1" 500 1004 "-" "Mozilla/5.0 (compatible; YandexBot/3.0; +http://yandex.com/bots)"
87.250.224.92 - - [13/Apr/2026:21:43:12 +0000] "GET /shopping/products/16211770107 HTTP/1.1" 500 1004 "-" "Mozilla/5.0 (compatible; YandexBot/3.0; +http://yandex.com/bots)"
74.7.227.185 - - [13/Apr/2026:21:43:46 +0000] "GET /shopping/products/16201041631 HTTP/2.0" 500 1004 "https://elementalmill.com.lab2454.com/shopping/products/16201433113" "Mozilla/5.0 AppleWebKit/537.36 (KHTML, like Gecko; compatible; GPTBot/1.3; +https://openai.com/gptbot)"
74.7.243.205 - - [13/Apr/2026:21:43:57 +0000] "GET /shop/pg/1186948 HTTP/2.0" 500 1004 "https://www.elementalmill.com.lab2454.com/shop/pg/16211562046" "Mozilla/5.0 AppleWebKit/537.36 (KHTML, like Gecko; compatible; GPTBot/1.3; +https://openai.com/gptbot)"
74.7.242.41 - - [13/Apr/2026:21:43:59 +0000] "GET /shop/pg/16211528461 HTTP/2.0" 500 1004 "https://www.elementalmill.com" "Mozilla/5.0 AppleWebKit/537.36 (KHTML, like Gecko; compatible; GPTBot/1.3; +https://openai.com/gptbot)"
74.7.227.185 - - [13/Apr/2026:21:44:49 +0000] "GET /sitemap762.xml HTTP/2.0" 500 1004 "-" "Mozilla/5.0 AppleWebKit/537.36 (KHTML, like Gecko; compatible; GPTBot/1.3; +https://openai.com/gptbot)"
74.7.227.48 - - [13/Apr/2026:21:45:01 +0000] "GET /shop/pg/1468188 HTTP/2.0" 500 1004 "https://www.elementalmill.com/shopping/products/16201468188" "Mozilla/5.0 AppleWebKit/537.36 (KHTML, like Gecko; compatible; GPTBot/1.3; +https://openai.com/gptbot)"
87.250.224.53 - - [13/Apr/2026:21:45:11 +0000] "GET /robots.txt HTTP/1.1" 500 2431 "-" "Mozilla/5.0 (compatible; YandexBot/3.0; +http://yandex.com/bots)"
5.255.231.152 - - [13/Apr/2026:21:45:12 +0000] "GET /shopping/products/1618213507 HTTP/1.1" 500 1004 "-" "Mozilla/5.0 (compatible; YandexBot/3.0; +http://yandex.com/bots)"
74.7.227.185 - - [13/Apr/2026:21:45:54 +0000] "GET /sitemap432.xml HTTP/2.0" 500 1004 "-" "Mozilla/5.0 AppleWebKit/537.36 (KHTML, like Gecko; compatible; GPTBot/1.3; +https://openai.com/gptbot)"
74.7.243.205 - - [13/Apr/2026:21:45:59 +0000] "GET /shop/pg/1662036 HTTP/2.0" 500 1004 "https://www.elementalmill.com.lab2454.com/shop/pg/1619520893" "Mozilla/5.0 AppleWebKit/537.36 (KHTML, like Gecko; compatible; GPTBot/1.3; +https://openai.com/gptbot)"
74.7.242.41 - - [13/Apr/2026:21:46:07 +0000] "GET /shop/pg/16201147169 HTTP/2.0" 500 1004 "https://www.elementalmill.com" "Mozilla/5.0 AppleWebKit/537.36 (KHTML, like Gecko; compatible; GPTBot/1.3; +https://openai.com/gptbot)"
213.180.203.42 - - [13/Apr/2026:21:46:12 +0000] "GET /shopping/products/16201457883 HTTP/1.1" 500 1004 "-" "Mozilla/5.0 (compatible; YandexBot/3.0; +http://yandex.com/bots)"
74.7.227.185 - - [13/Apr/2026:21:47:00 +0000] "GET /sitemap726.xml HTTP/2.0" 500 1004 "-" "Mozilla/5.0 AppleWebKit/537.36 (KHTML, like Gecko; compatible; GPTBot/1.3; +https://openai.com/gptbot)"
74.7.243.205 - - [13/Apr/2026:21:47:02 +0000] "GET /shop/pg/2564393 HTTP/2.0" 500 1004 "https://www.elementalmill.com.lab2454.com/shop/pg/2563234" "Mozilla/5.0 AppleWebKit/537.36 (KHTML, like Gecko; compatible; GPTBot/1.3; +https://openai.com/gptbot)"
95.108.213.235 - - [13/Apr/2026:21:47:09 +0000] "GET /shopping/products/161882262139 HTTP/1.1" 500 1004 "-" "Mozilla/5.0 (compatible; YandexBot/3.0; +http://yandex.com/bots)"
74.7.243.205 - - [13/Apr/2026:21:48:03 +0000] "GET /shop/pg/1455438 HTTP/2.0" 500 1004 "https://www.elementalmill.com.lab2454.com/shop/pg/16201238968" "Mozilla/5.0 AppleWebKit/537.36 (KHTML, like Gecko; compatible; GPTBot/1.3; +https://openai.com/gptbot)"
74.7.227.185 - - [13/Apr/2026:21:48:05 +0000] "GET /sitemap184.xml HTTP/2.0" 500 1004 "-" "Mozilla/5.0 AppleWebKit/537.36 (KHTML, like Gecko; compatible; GPTBot/1.3; +https://openai.com/gptbot)"
74.7.227.48 - - [13/Apr/2026:21:48:11 +0000] "GET /shop/pg/1122323 HTTP/2.0" 500 1004 "https://www.elementalmill.com/?shopping/products/16201122323" "Mozilla/5.0 AppleWebKit/537.36 (KHTML, like Gecko; compatible; GPTBot/1.3; +https://openai.com/gptbot)"
74.7.243.205 - - [13/Apr/2026:21:49:07 +0000] "GET /shop/pg/1573040 HTTP/2.0" 500 1004 "https://www.elementalmill.com.lab2454.com/shop/pg/16201356575" "Mozilla/5.0 AppleWebKit/537.36 (KHTML, like Gecko; compatible; GPTBot/1.3; +https://openai.com/gptbot)"
74.7.227.185 - - [13/Apr/2026:21:49:09 +0000] "GET /sitemap193.xml HTTP/2.0" 500 1004 "-" "Mozilla/5.0 AppleWebKit/537.36 (KHTML, like Gecko; compatible; GPTBot/1.3; +https://openai.com/gptbot)"
5.255.231.135 - - [13/Apr/2026:21:49:12 +0000] "GET /robots.txt HTTP/1.1" 500 2431 "-" "Mozilla/5.0 (compatible; YandexBot/3.0; +http://yandex.com/bots)"
74.7.242.41 - - [13/Apr/2026:21:49:23 +0000] "GET /shop/pg/16211676512 HTTP/2.0" 500 1004 "https://www.elementalmill.com" "Mozilla/5.0 AppleWebKit/537.36 (KHTML, like Gecko; compatible; GPTBot/1.3; +https://openai.com/gptbot)"
74.7.243.205 - - [13/Apr/2026:21:50:10 +0000] "GET /shop/pg/1556025 HTTP/2.0" 500 1004 "https://www.elementalmill.com.lab2454.com/shop/pg/1554861" "Mozilla/5.0 AppleWebKit/537.36 (KHTML, like Gecko; compatible; GPTBot/1.3; +https://openai.com/gptbot)"
74.7.227.185 - - [13/Apr/2026:21:50:14 +0000] "GET /sitemap396.xml HTTP/2.0" 500 1004 "-" "Mozilla/5.0 AppleWebKit/537.36 (KHTML, like Gecko; compatible; GPTBot/1.3; +https://openai.com/gptbot)"
74.7.227.48 - - [13/Apr/2026:21:50:18 +0000] "GET /shop/pg/1217867 HTTP/2.0" 500 1004 "https://www.elementalmill.com/shopping/products/16201217867" "Mozilla/5.0 AppleWebKit/537.36 (KHTML, like Gecko; compatible; GPTBot/1.3; +https://openai.com/gptbot)"
74.7.243.205 - - [13/Apr/2026:21:51:11 +0000] "GET /shop/pg/1162386 HTTP/2.0" 500 1004 "https://www.elementalmill.com.lab2454.com/shop/pg/16211537480" "Mozilla/5.0 AppleWebKit/537.36 (KHTML, like Gecko; compatible; GPTBot/1.3; +https://openai.com/gptbot)"
74.7.227.185 - - [13/Apr/2026:21:51:16 +0000] "GET /sitemap175.xml HTTP/2.0" 500 1004 "-" "Mozilla/5.0 AppleWebKit/537.36 (KHTML, like Gecko; compatible; GPTBot/1.3; +https://openai.com/gptbot)"
74.7.227.48 - - [13/Apr/2026:21:51:20 +0000] "GET /shop/pg/1310928 HTTP/2.0" 500 1004 "https://www.elementalmill.com/?shopping/products/16201310928" "Mozilla/5.0 AppleWebKit/537.36 (KHTML, like Gecko; compatible; GPTBot/1.3; +https://openai.com/gptbot)"
74.7.242.41 - - [13/Apr/2026:21:52:05 +0000] "GET /shop/pg/1377477 HTTP/2.0" 500 1004 "https://mail.elementalmill.com/?shopping/products/16201377477" "Mozilla/5.0 AppleWebKit/537.36 (KHTML, like Gecko; compatible; GPTBot/1.3; +https://openai.com/gptbot)"
74.7.243.205 - - [13/Apr/2026:21:52:16 +0000] "GET /shop/pg/1192349 HTTP/2.0" 500 1004 "https://www.elementalmill.com.lab2454.com/shop/customer/bookmark.php?shopping/products/16201192349" "Mozilla/5.0 AppleWebKit/537.36 (KHTML, like Gecko; compatible; GPTBot/1.3; +https://openai.com/gptbot)"
74.7.227.185 - - [13/Apr/2026:21:52:18 +0000] "GET /sitemap735.xml HTTP/2.0" 500 1004 "-" "Mozilla/5.0 AppleWebKit/537.36 (KHTML, like Gecko; compatible; GPTBot/1.3; +https://openai.com/gptbot)"
74.7.227.48 - - [13/Apr/2026:21:52:24 +0000] "GET /shop/pg/1091514 HTTP/2.0" 500 1004 "https://www.elementalmill.com/shopping/products/16201091514" "Mozilla/5.0 AppleWebKit/537.36 (KHTML, like Gecko; compatible; GPTBot/1.3; +https://openai.com/gptbot)"
74.7.242.41 - - [13/Apr/2026:21:52:35 +0000] "GET /shop/pg/16211823845 HTTP/2.0" 500 1004 "https://www.elementalmill.com" "Mozilla/5.0 AppleWebKit/537.36 (KHTML, like Gecko; compatible; GPTBot/1.3; +https://openai.com/gptbot)"
74.7.242.41 - - [13/Apr/2026:21:53:06 +0000] "GET /shop/pg/1871786 HTTP/2.0" 500 1004 "https://mail.elementalmill.com/?shopping/products/16211871786" "Mozilla/5.0 AppleWebKit/537.36 (KHTML, like Gecko; compatible; GPTBot/1.3; +https://openai.com/gptbot)"
74.7.243.205 - - [13/Apr/2026:21:53:22 +0000] "GET /shop/pg/1665974 HTTP/2.0" 500 1004 "https://www.elementalmill.com.lab2454.com/shop/pg/16201449509" "Mozilla/5.0 AppleWebKit/537.36 (KHTML, like Gecko; compatible; GPTBot/1.3; +https://openai.com/gptbot)"
74.7.227.185 - - [13/Apr/2026:21:53:23 +0000] "GET /sitemap423.xml HTTP/2.0" 500 1004 "-" "Mozilla/5.0 AppleWebKit/537.36 (KHTML, like Gecko; compatible; GPTBot/1.3; +https://openai.com/gptbot)"
74.7.227.48 - - [13/Apr/2026:21:53:24 +0000] "GET /shop/pg/1578871 HTTP/2.0" 500 1004 "https://www.elementalmill.com/shop/customer/bookmark.php?shopping/products/16211578871" "Mozilla/5.0 AppleWebKit/537.36 (KHTML, like Gecko; compatible; GPTBot/1.3; +https://openai.com/gptbot)"
74.7.242.41 - - [13/Apr/2026:21:53:36 +0000] "GET /shop/pg/16211522332 HTTP/2.0" 500 1004 "https://elementalmill.com/?shopping/products/16211518059" "Mozilla/5.0 AppleWebKit/537.36 (KHTML, like Gecko; compatible; GPTBot/1.3; +https://openai.com/gptbot)"
74.7.243.205 - - [13/Apr/2026:21:54:28 +0000] "GET /shop/pg/1470657 HTTP/2.0" 500 1004 "https://www.elementalmill.com.lab2454.com/shop/pg/16201254196" "Mozilla/5.0 AppleWebKit/537.36 (KHTML, like Gecko; compatible; GPTBot/1.3; +https://openai.com/gptbot)"
74.7.227.48 - - [13/Apr/2026:21:54:32 +0000] "GET /shop/pg/2004085 HTTP/2.0" 500 1004 "https://www.elementalmill.com/?shopping/products/16222004085" "Mozilla/5.0 AppleWebKit/537.36 (KHTML, like Gecko; compatible; GPTBot/1.3; +https://openai.com/gptbot)"
74.7.227.185 - - [13/Apr/2026:21:54:33 +0000] "GET /sitemap102.xml HTTP/2.0" 500 1004 "-" "Mozilla/5.0 AppleWebKit/537.36 (KHTML, like Gecko; compatible; GPTBot/1.3; +https://openai.com/gptbot)"
74.7.242.41 - - [13/Apr/2026:21:54:46 +0000] "GET /shop/pg/16211796576 HTTP/2.0" 500 1004 "https://elementalmill.com/?shopping/products/16211792296" "Mozilla/5.0 AppleWebKit/537.36 (KHTML, like Gecko; compatible; GPTBot/1.3; +https://openai.com/gptbot)"
74.7.242.41 - - [13/Apr/2026:21:55:17 +0000] "GET /shop/pg/1215164 HTTP/2.0" 500 1004 "https://mail.elementalmill.com/?shopping/products/16201215164" "Mozilla/5.0 AppleWebKit/537.36 (KHTML, like Gecko; compatible; GPTBot/1.3; +https://openai.com/gptbot)"
66.249.64.40 - - [13/Apr/2026:21:55:16 +0000] "GET /?shop/891111745317.html HTTP/1.1" 200 27284 "-" "Mozilla/5.0 (Linux; Android 6.0.1; Nexus 5X Build/MMB29P) AppleWebKit/537.36 (KHTML, like Gecko) Chrome/146.0.7680.177 Mobile Safari/537.36 (compatible; Googlebot/2.1; +http://www.google.com/bot.html)"
74.7.243.205 - - [13/Apr/2026:21:55:28 +0000] "GET /shop/pg/1094232 HTTP/2.0" 500 1004 "https://www.elementalmill.com.lab2454.com/shopping/products/16201094232" "Mozilla/5.0 AppleWebKit/537.36 (KHTML, like Gecko; compatible; GPTBot/1.3; +https://openai.com/gptbot)"
74.7.227.185 - - [13/Apr/2026:21:55:33 +0000] "GET /sitemap753.xml HTTP/2.0" 500 1004 "-" "Mozilla/5.0 AppleWebKit/537.36 (KHTML, like Gecko; compatible; GPTBot/1.3; +https://openai.com/gptbot)"
74.7.242.41 - - [13/Apr/2026:21:55:42 +0000] "GET /shop/pg/16201310193 HTTP/2.0" 500 1004 "https://www.elementalmill.com" "Mozilla/5.0 AppleWebKit/537.36 (KHTML, like Gecko; compatible; GPTBot/1.3; +https://openai.com/gptbot)"
66.249.64.39 - - [13/Apr/2026:21:55:48 +0000] "GET /?shop/891111778793.html HTTP/1.1" 200 28047 "-" "Mozilla/5.0 (Linux; Android 6.0.1; Nexus 5X Build/MMB29P) AppleWebKit/537.36 (KHTML, like Gecko) Chrome/146.0.7680.177 Mobile Safari/537.36 (compatible; Googlebot/2.1; +http://www.google.com/bot.html)"
144.76.32.114 - - [13/Apr/2026:21:56:14 +0000] "GET /robots.txt HTTP/1.1" 200 354 "-" "Mozilla/5.0 (compatible; SERankingBacklinksBot/1.0; +https://seranking.com/backlinks-crawler)"
144.76.32.114 - - [13/Apr/2026:21:56:15 +0000] "GET /shop/pg/2591133 HTTP/1.1" 500 1004 "-" "Mozilla/5.0 (compatible; SERankingBacklinksBot/1.0; +https://seranking.com/backlinks-crawler)"
74.7.242.41 - - [13/Apr/2026:21:56:18 +0000] "GET /shop/pg/1792478 HTTP/2.0" 500 1004 "https://mail.elementalmill.com/?shopping/products/16211792478" "Mozilla/5.0 AppleWebKit/537.36 (KHTML, like Gecko; compatible; GPTBot/1.3; +https://openai.com/gptbot)"
74.7.243.205 - - [13/Apr/2026:21:56:30 +0000] "GET /shop/pg/1194607 HTTP/2.0" 500 1004 "https://www.elementalmill.com.lab2454.com/shop/pg/1193450" "Mozilla/5.0 AppleWebKit/537.36 (KHTML, like Gecko; compatible; GPTBot/1.3; +https://openai.com/gptbot)"
74.7.227.185 - - [13/Apr/2026:21:56:34 +0000] "GET /sitemap405.xml HTTP/2.0" 500 1004 "-" "Mozilla/5.0 AppleWebKit/537.36 (KHTML, like Gecko; compatible; GPTBot/1.3; +https://openai.com/gptbot)"
74.7.242.41 - - [13/Apr/2026:21:56:43 +0000] "GET /shop/pg/16211658569 HTTP/2.0" 500 1004 "https://elementalmill.com/?shopping/products/16211654303" "Mozilla/5.0 AppleWebKit/537.36 (KHTML, like Gecko; compatible; GPTBot/1.3; +https://openai.com/gptbot)"
66.249.64.39 - - [13/Apr/2026:21:57:06 +0000] "GET /?shop/88901332876.html HTTP/1.1" 200 28051 "-" "Mozilla/5.0 (Linux; Android 6.0.1; Nexus 5X Build/MMB29P) AppleWebKit/537.36 (KHTML, like Gecko) Chrome/146.0.7680.177 Mobile Safari/537.36 (compatible; Googlebot/2.1; +http://www.google.com/bot.html)"
74.7.243.205 - - [13/Apr/2026:21:57:32 +0000] "GET /shop/pg/1660767 HTTP/2.0" 500 1004 "https://www.elementalmill.com.lab2454.com/shop/pg/1659603" "Mozilla/5.0 AppleWebKit/537.36 (KHTML, like Gecko; compatible; GPTBot/1.3; +https://openai.com/gptbot)"
74.7.227.185 - - [13/Apr/2026:21:57:36 +0000] "GET /sitemap441.xml HTTP/2.0" 500 1004 "-" "Mozilla/5.0 AppleWebKit/537.36 (KHTML, like Gecko; compatible; GPTBot/1.3; +https://openai.com/gptbot)"
74.7.242.41 - - [13/Apr/2026:21:57:45 +0000] "GET /shop/pg/16201501807 HTTP/2.0" 500 1004 "https://elementalmill.com/index.php?shopping/products/16201496623" "Mozilla/5.0 AppleWebKit/537.36 (KHTML, like Gecko; compatible; GPTBot/1.3; +https://openai.com/gptbot)"
66.249.64.41 - - [13/Apr/2026:21:58:10 +0000] "GET /?shop/891513622840.html HTTP/1.1" 200 27966 "-" "Mozilla/5.0 (Linux; Android 6.0.1; Nexus 5X Build/MMB29P) AppleWebKit/537.36 (KHTML, like Gecko) Chrome/146.0.7680.177 Mobile Safari/537.36 (compatible; Googlebot/2.1; +http://www.google.com/bot.html)"
74.7.227.48 - - [13/Apr/2026:21:58:34 +0000] "GET /shop/pg/1136966 HTTP/2.0" 500 1004 "https://www.elementalmill.com/shop/customer/bookmark.php?shopping/products/16201136966" "Mozilla/5.0 AppleWebKit/537.36 (KHTML, like Gecko; compatible; GPTBot/1.3; +https://openai.com/gptbot)"
74.7.227.185 - - [13/Apr/2026:21:58:36 +0000] "GET /sitemap.xml HTTP/2.0" 500 1004 "-" "Mozilla/5.0 AppleWebKit/537.36 (KHTML, like Gecko; compatible; GPTBot/1.3; +https://openai.com/gptbot)"
74.7.242.41 - - [13/Apr/2026:21:58:51 +0000] "GET /shop/pg/16211654630 HTTP/2.0" 500 1004 "https://elementalmill.com/?shopping/products/16211650358" "Mozilla/5.0 AppleWebKit/537.36 (KHTML, like Gecko; compatible; GPTBot/1.3; +https://openai.com/gptbot)"
66.249.64.40 - - [13/Apr/2026:21:59:14 +0000] "GET /?shop/8888433208.html HTTP/1.1" 200 26916 "-" "Mozilla/5.0 (Linux; Android 6.0.1; Nexus 5X Build/MMB29P) AppleWebKit/537.36 (KHTML, like Gecko) Chrome/146.0.7680.177 Mobile Safari/537.36 (compatible; Googlebot/2.1; +http://www.google.com/bot.html)"
74.7.242.41 - - [13/Apr/2026:21:59:26 +0000] "GET /shop/pg/2622554 HTTP/2.0" 500 1004 "https://mail.elementalmill.com/?shopping/products/16232622554" "Mozilla/5.0 AppleWebKit/537.36 (KHTML, like Gecko; compatible; GPTBot/1.3; +https://openai.com/gptbot)"
74.7.243.205 - - [13/Apr/2026:21:59:36 +0000] "GET /shop/pg/2209199 HTTP/2.0" 500 1004 "https://www.elementalmill.com.lab2454.com/shop/customer/bookmark.php?shopping/products/16222209199" "Mozilla/5.0 AppleWebKit/537.36 (KHTML, like Gecko; compatible; GPTBot/1.3; +https://openai.com/gptbot)"
74.7.227.48 - - [13/Apr/2026:21:59:37 +0000] "GET /shop/pg/1304826 HTTP/2.0" 500 1004 "https://www.elementalmill.com/shopping/products/16201304826" "Mozilla/5.0 AppleWebKit/537.36 (KHTML, like Gecko; compatible; GPTBot/1.3; +https://openai.com/gptbot)"
74.7.227.185 - - [13/Apr/2026:21:59:41 +0000] "GET /shopping/products/16211823271 HTTP/2.0" 500 1004 "https://elementalmill.com.lab2454.com/shopping/products/16201395656" "Mozilla/5.0 AppleWebKit/537.36 (KHTML, like Gecko; compatible; GPTBot/1.3; +https://openai.com/gptbot)"
74.7.242.41 - - [13/Apr/2026:21:59:53 +0000] "GET /shop/pg/16201184249 HTTP/2.0" 500 1004 "https://www.elementalmill.com" "Mozilla/5.0 AppleWebKit/537.36 (KHTML, like Gecko; compatible; GPTBot/1.3; +https://openai.com/gptbot)"
66.249.64.41 - - [13/Apr/2026:22:00:18 +0000] "GET /?shop/890910536470.html HTTP/1.1" 200 27322 "-" "Mozilla/5.0 (Linux; Android 6.0.1; Nexus 5X Build/MMB29P) AppleWebKit/537.36 (KHTML, like Gecko) Chrome/146.0.7680.177 Mobile Safari/537.36 (compatible; Googlebot/2.1; +http://www.google.com/bot.html)"
74.7.242.41 - - [13/Apr/2026:22:00:32 +0000] "GET /shop/pg/1752941 HTTP/2.0" 500 1004 "https://mail.elementalmill.com/?shopping/products/16211752941" "Mozilla/5.0 AppleWebKit/537.36 (KHTML, like Gecko; compatible; GPTBot/1.3; +https://openai.com/gptbot)"
74.7.243.205 - - [13/Apr/2026:22:00:40 +0000] "GET /shop/pg/1309845 HTTP/2.0" 500 1004 "https://www.elementalmill.com.lab2454.com/shop/pg/16201093384" "Mozilla/5.0 AppleWebKit/537.36 (KHTML, like Gecko; compatible; GPTBot/1.3; +https://openai.com/gptbot)"
74.7.227.48 - - [13/Apr/2026:22:00:42 +0000] "GET /shop/pg/2627182 HTTP/2.0" 500 1004 "https://www.elementalmill.com/shop/customer/bookmark.php?shopping/products/16232627182" "Mozilla/5.0 AppleWebKit/537.36 (KHTML, like Gecko; compatible; GPTBot/1.3; +https://openai.com/gptbot)"
74.7.227.185 - - [13/Apr/2026:22:00:46 +0000] "GET /sitemap166.xml HTTP/2.0" 500 1004 "-" "Mozilla/5.0 AppleWebKit/537.36 (KHTML, like Gecko; compatible; GPTBot/1.3; +https://openai.com/gptbot)"
74.7.242.41 - - [13/Apr/2026:22:00:57 +0000] "GET /shop/pg/16201133918 HTTP/2.0" 500 1004 "https://elementalmill.com/?shopping/products/16201129646" "Mozilla/5.0 AppleWebKit/537.36 (KHTML, like Gecko; compatible; GPTBot/1.3; +https://openai.com/gptbot)"
5.255.231.113 - - [13/Apr/2026:22:01:14 +0000] "GET /shopping/products/1618220457 HTTP/1.1" 500 1004 "-" "Mozilla/5.0 (compatible; YandexBot/3.0; +http://yandex.com/bots)"
66.249.64.41 - - [13/Apr/2026:22:01:23 +0000] "GET /?shop/88932553205.html HTTP/1.1" 200 27665 "-" "Mozilla/5.0 (Linux; Android 6.0.1; Nexus 5X Build/MMB29P) AppleWebKit/537.36 (KHTML, like Gecko) Chrome/146.0.7680.177 Mobile Safari/537.36 (compatible; Googlebot/2.1; +http://www.google.com/bot.html)"
74.7.227.48 - - [13/Apr/2026:22:01:40 +0000] "GET /shop/pg/2516782 HTTP/2.0" 500 1004 "https://www.elementalmill.com/?shopping/products/16232516782" "Mozilla/5.0 AppleWebKit/537.36 (KHTML, like Gecko; compatible; GPTBot/1.3; +https://openai.com/gptbot)"
74.7.227.185 - - [13/Apr/2026:22:01:45 +0000] "GET /shopping/products/16201461928 HTTP/2.0" 500 1004 "https://elementalmill.com.lab2454.com/shopping/products/16201180720" "Mozilla/5.0 AppleWebKit/537.36 (KHTML, like Gecko; compatible; GPTBot/1.3; +https://openai.com/gptbot)"
74.7.242.41 - - [13/Apr/2026:22:01:58 +0000] "GET /shop/pg/16201055371 HTTP/2.0" 500 1004 "https://elementalmill.com/index.php?shopping/products/16201050205" "Mozilla/5.0 AppleWebKit/537.36 (KHTML, like Gecko; compatible; GPTBot/1.3; +https://openai.com/gptbot)"
66.249.64.41 - - [13/Apr/2026:22:02:27 +0000] "GET /?shop/88995432097.html HTTP/1.1" 200 27362 "-" "Mozilla/5.0 (Linux; Android 6.0.1; Nexus 5X Build/MMB29P) AppleWebKit/537.36 (KHTML, like Gecko) Chrome/146.0.7680.177 Mobile Safari/537.36 (compatible; Googlebot/2.1; +http://www.google.com/bot.html)"
66.249.64.40 - - [13/Apr/2026:22:02:32 +0000] "GET /?shop/8889951159.html HTTP/1.1" 200 27236 "-" "Mozilla/5.0 (Linux; Android 6.0.1; Nexus 5X Build/MMB29P) AppleWebKit/537.36 (KHTML, like Gecko) Chrome/146.0.7680.177 Mobile Safari/537.36 (compatible; Googlebot/2.1; +http://www.google.com/bot.html)"
74.7.243.205 - - [13/Apr/2026:22:02:39 +0000] "GET /shop/pg/1558458 HTTP/2.0" 500 1004 "https://www.elementalmill.com.lab2454.com/shop/pg/1557288" "Mozilla/5.0 AppleWebKit/537.36 (KHTML, like Gecko; compatible; GPTBot/1.3; +https://openai.com/gptbot)"
74.7.227.185 - - [13/Apr/2026:22:02:51 +0000] "GET /sitemap744.xml HTTP/2.0" 500 1004 "-" "Mozilla/5.0 AppleWebKit/537.36 (KHTML, like Gecko; compatible; GPTBot/1.3; +https://openai.com/gptbot)"
74.7.242.41 - - [13/Apr/2026:22:02:58 +0000] "GET /shop/pg/16211911376 HTTP/2.0" 500 1004 "https://elementalmill.com/index.php?shopping/products/16211906202" "Mozilla/5.0 AppleWebKit/537.36 (KHTML, like Gecko; compatible; GPTBot/1.3; +https://openai.com/gptbot)"
66.249.64.41 - - [13/Apr/2026:22:03:31 +0000] "GET /?shop/88932549098.html HTTP/1.1" 200 28269 "-" "Mozilla/5.0 (Linux; Android 6.0.1; Nexus 5X Build/MMB29P) AppleWebKit/537.36 (KHTML, like Gecko) Chrome/146.0.7680.177 Mobile Safari/537.36 (compatible; Googlebot/2.1; +http://www.google.com/bot.html)"
74.7.243.205 - - [13/Apr/2026:22:03:43 +0000] "GET /shop/pg/1551034 HTTP/2.0" 500 1004 "https://www.elementalmill.com.lab2454.com/shop/pg/16201334574" "Mozilla/5.0 AppleWebKit/537.36 (KHTML, like Gecko; compatible; GPTBot/1.3; +https://openai.com/gptbot)"
74.7.227.48 - - [13/Apr/2026:22:03:47 +0000] "GET /shop/pg/1425381 HTTP/2.0" 500 1004 "https://www.elementalmill.com/shopping/products/16201425381" "Mozilla/5.0 AppleWebKit/537.36 (KHTML, like Gecko; compatible; GPTBot/1.3; +https://openai.com/gptbot)"
74.7.227.185 - - [13/Apr/2026:22:03:54 +0000] "GET /shopping/products/16201377603 HTTP/2.0" 500 1004 "https://elementalmill.com.lab2454.com/shopping/products/16201476501" "Mozilla/5.0 AppleWebKit/537.36 (KHTML, like Gecko; compatible; GPTBot/1.3; +https://openai.com/gptbot)"
66.249.64.39 - - [13/Apr/2026:22:04:31 +0000] "GET /?shop/89069243709.html HTTP/1.1" 200 27322 "-" "Mozilla/5.0 (Linux; Android 6.0.1; Nexus 5X Build/MMB29P) AppleWebKit/537.36 (KHTML, like Gecko) Chrome/146.0.7680.177 Mobile Safari/537.36 (compatible; Googlebot/2.1; +http://www.google.com/bot.html)"
66.249.64.41 - - [13/Apr/2026:22:04:33 +0000] "GET /shop/890810003189.html HTTP/1.1" 200 27638 "-" "Mozilla/5.0 (Linux; Android 6.0.1; Nexus 5X Build/MMB29P) AppleWebKit/537.36 (KHTML, like Gecko) Chrome/146.0.7680.177 Mobile Safari/537.36 (compatible; Googlebot/2.1; +http://www.google.com/bot.html)"
66.249.64.40 - - [13/Apr/2026:22:04:36 +0000] "GET /?shop/89026956455.html HTTP/1.1" 200 27213 "-" "Mozilla/5.0 (Linux; Android 6.0.1; Nexus 5X Build/MMB29P) AppleWebKit/537.36 (KHTML, like Gecko) Chrome/146.0.7680.177 Mobile Safari/537.36 (compatible; Googlebot/2.1; +http://www.google.com/bot.html)"
74.7.243.205 - - [13/Apr/2026:22:04:49 +0000] "GET /shop/pg/1281026 HTTP/2.0" 500 1004 "https://www.elementalmill.com.lab2454.com/shop/pg/16211656119" "Mozilla/5.0 AppleWebKit/537.36 (KHTML, like Gecko; compatible; GPTBot/1.3; +https://openai.com/gptbot)"
66.249.64.39 - - [13/Apr/2026:22:04:53 +0000] "GET /shop/customer/bookmark.php?shopping/products/161877471 HTTP/1.1" 200 27334 "-" "Mozilla/5.0 (Linux; Android 6.0.1; Nexus 5X Build/MMB29P) AppleWebKit/537.36 (KHTML, like Gecko) Chrome/146.0.7680.177 Mobile Safari/537.36 (compatible; Googlebot/2.1; +http://www.google.com/bot.html)"
74.7.227.185 - - [13/Apr/2026:22:05:02 +0000] "GET /sitemap771.xml HTTP/2.0" 500 1004 "-" "Mozilla/5.0 AppleWebKit/537.36 (KHTML, like Gecko; compatible; GPTBot/1.3; +https://openai.com/gptbot)"
74.7.242.41 - - [13/Apr/2026:22:05:07 +0000] "GET /shop/pg/16201177861 HTTP/2.0" 500 1004 "https://www.elementalmill.com" "Mozilla/5.0 AppleWebKit/537.36 (KHTML, like Gecko; compatible; GPTBot/1.3; +https://openai.com/gptbot)"
66.249.64.41 - - [13/Apr/2026:22:05:15 +0000] "GET /?shop/88901330613.html HTTP/1.1" 200 27178 "-" "Mozilla/5.0 (Linux; Android 6.0.1; Nexus 5X Build/MMB29P) AppleWebKit/537.36 (KHTML, like Gecko) Chrome/146.0.7680.177 Mobile Safari/537.36 (compatible; GoogleOther)"
74.7.243.205 - - [13/Apr/2026:22:05:55 +0000] "GET /shop/pg/1499820 HTTP/2.0" 500 1004 "https://www.elementalmill.com.lab2454.com/shop/pg/16201283362" "Mozilla/5.0 AppleWebKit/537.36 (KHTML, like Gecko; compatible; GPTBot/1.3; +https://openai.com/gptbot)"
66.249.64.40 - - [13/Apr/2026:22:05:55 +0000] "GET /?shop/88901330613.html HTTP/1.1" 200 27178 "-" "Mozilla/5.0 (Linux; Android 6.0.1; Nexus 5X Build/MMB29P) AppleWebKit/537.36 (KHTML, like Gecko) Chrome/146.0.7680.177 Mobile Safari/537.36 (compatible; Googlebot/2.1; +http://www.google.com/bot.html)"
74.7.227.48 - - [13/Apr/2026:22:05:59 +0000] "GET /shop/pg/1460561 HTTP/2.0" 500 1004 "https://www.elementalmill.com/?shopping/products/16201460561" "Mozilla/5.0 AppleWebKit/537.36 (KHTML, like Gecko; compatible; GPTBot/1.3; +https://openai.com/gptbot)"
74.7.227.185 - - [13/Apr/2026:22:06:04 +0000] "GET /sitemap414.xml HTTP/2.0" 500 1004 "-" "Mozilla/5.0 AppleWebKit/537.36 (KHTML, like Gecko; compatible; GPTBot/1.3; +https://openai.com/gptbot)"
74.7.242.41 - - [13/Apr/2026:22:06:08 +0000] "GET /shop/pg/16211808801 HTTP/2.0" 500 1004 "https://www.elementalmill.com" "Mozilla/5.0 AppleWebKit/537.36 (KHTML, like Gecko; compatible; GPTBot/1.3; +https://openai.com/gptbot)"
74.7.242.41 - - [13/Apr/2026:22:06:46 +0000] "GET /shop/pg/2530280 HTTP/2.0" 500 1004 "https://mail.elementalmill.com/?shopping/products/16232530280" "Mozilla/5.0 AppleWebKit/537.36 (KHTML, like Gecko; compatible; GPTBot/1.3; +https://openai.com/gptbot)"
74.7.243.205 - - [13/Apr/2026:22:06:58 +0000] "GET /shop/pg/1868543 HTTP/2.0" 500 1004 "https://www.elementalmill.com.lab2454.com/?shopping/products/16211868543" "Mozilla/5.0 AppleWebKit/537.36 (KHTML, like Gecko; compatible; GPTBot/1.3; +https://openai.com/gptbot)"
74.7.227.48 - - [13/Apr/2026:22:06:59 +0000] "GET /shop/pg/2110395 HTTP/2.0" 500 1004 "https://www.elementalmill.com/?shopping/products/16222110395" "Mozilla/5.0 AppleWebKit/537.36 (KHTML, like Gecko; compatible; GPTBot/1.3; +https://openai.com/gptbot)"
74.7.227.185 - - [13/Apr/2026:22:07:08 +0000] "GET /shopping/products/16232624308 HTTP/2.0" 500 1004 "https://elementalmill.com.lab2454.com/shopping/products/16201040840" "Mozilla/5.0 AppleWebKit/537.36 (KHTML, like Gecko; compatible; GPTBot/1.3; +https://openai.com/gptbot)"
74.7.242.41 - - [13/Apr/2026:22:07:12 +0000] "GET /shop/pg/16232565846 HTTP/2.0" 500 1004 "https://elementalmill.com/?shopping/products/16232561572" "Mozilla/5.0 AppleWebKit/537.36 (KHTML, like Gecko; compatible; GPTBot/1.3; +https://openai.com/gptbot)"
74.7.243.205 - - [13/Apr/2026:22:08:03 +0000] "GET /shop/pg/1429042 HTTP/2.0" 500 1004 "https://www.elementalmill.com.lab2454.com/shop/pg/16201212585" "Mozilla/5.0 AppleWebKit/537.36 (KHTML, like Gecko; compatible; GPTBot/1.3; +https://openai.com/gptbot)"
74.7.227.185 - - [13/Apr/2026:22:08:12 +0000] "GET /shopping/products/16201096687 HTTP/2.0" 500 1004 "https://elementalmill.com.lab2454.com/shopping/products/16201092495" "Mozilla/5.0 AppleWebKit/537.36 (KHTML, like Gecko; compatible; GPTBot/1.3; +https://openai.com/gptbot)"
5.255.231.111 - - [13/Apr/2026:22:08:16 +0000] "GET /robots.txt HTTP/1.1" 500 2431 "-" "Mozilla/5.0 (compatible; YandexBot/3.0; +http://yandex.com/bots)"
74.7.242.41 - - [13/Apr/2026:22:08:22 +0000] "GET /shop/pg/16211882738 HTTP/2.0" 500 1004 "https://elementalmill.com/?shopping/products/16211878460" "Mozilla/5.0 AppleWebKit/537.36 (KHTML, like Gecko; compatible; GPTBot/1.3; +https://openai.com/gptbot)"
74.7.227.48 - - [13/Apr/2026:22:09:04 +0000] "GET /shop/pg/2336284 HTTP/2.0" 500 1004 "https://www.elementalmill.com/?shopping/products/16222336284" "Mozilla/5.0 AppleWebKit/537.36 (KHTML, like Gecko; compatible; GPTBot/1.3; +https://openai.com/gptbot)"
74.7.227.185 - - [13/Apr/2026:22:09:14 +0000] "GET /shopping/products/16201494056 HTTP/2.0" 500 1004 "https://elementalmill.com.lab2454.com/shopping/products/16211831394" "Mozilla/5.0 AppleWebKit/537.36 (KHTML, like Gecko; compatible; GPTBot/1.3; +https://openai.com/gptbot)"
66.249.64.40 - - [13/Apr/2026:22:09:31 +0000] "GET /?shop/8889985802.html HTTP/1.1" 200 27045 "-" "Mozilla/5.0 (Linux; Android 6.0.1; Nexus 5X Build/MMB29P) AppleWebKit/537.36 (KHTML, like Gecko) Chrome/146.0.7680.177 Mobile Safari/537.36 (compatible; Googlebot/2.1; +http://www.google.com/bot.html)"
66.249.64.40 - - [13/Apr/2026:22:10:06 +0000] "GET /?shop/891312609911.html HTTP/1.1" 200 28012 "-" "Mozilla/5.0 (Linux; Android 6.0.1; Nexus 5X Build/MMB29P) AppleWebKit/537.36 (KHTML, like Gecko) Chrome/146.0.7680.177 Mobile Safari/537.36 (compatible; Googlebot/2.1; +http://www.google.com/bot.html)"
74.7.243.205 - - [13/Apr/2026:22:10:09 +0000] "GET /shop/pg/1419736 HTTP/2.0" 500 1004 "https://www.elementalmill.com.lab2454.com/shop/pg/16211794819" "Mozilla/5.0 AppleWebKit/537.36 (KHTML, like Gecko; compatible; GPTBot/1.3; +https://openai.com/gptbot)"
74.7.227.185 - - [13/Apr/2026:22:10:14 +0000] "GET /shopping/products/16201013453 HTTP/2.0" 500 1004 "https://elementalmill.com.lab2454.com/shopping/products/16211975368" "Mozilla/5.0 AppleWebKit/537.36 (KHTML, like Gecko; compatible; GPTBot/1.3; +https://openai.com/gptbot)"
5.255.231.174 - - [13/Apr/2026:22:10:16 +0000] "GET /robots.txt HTTP/1.1" 500 2431 "-" "Mozilla/5.0 (compatible; YandexBot/3.0; +http://yandex.com/bots)"
74.7.243.205 - - [13/Apr/2026:22:11:16 +0000] "GET /shop/pg/1797230 HTTP/2.0" 500 1004 "https://www.elementalmill.com.lab2454.com/shopping/products/16211797230" "Mozilla/5.0 AppleWebKit/537.36 (KHTML, like Gecko; compatible; GPTBot/1.3; +https://openai.com/gptbot)"
74.7.227.185 - - [13/Apr/2026:22:11:17 +0000] "GET /shopping/products/16232515649 HTTP/2.0" 500 1004 "https://elementalmill.com.lab2454.com/shopping/products/16211852183" "Mozilla/5.0 AppleWebKit/537.36 (KHTML, like Gecko; compatible; GPTBot/1.3; +https://openai.com/gptbot)"
74.7.242.41 - - [13/Apr/2026:22:11:21 +0000] "GET /shop/pg/16201128717 HTTP/2.0" 500 1004 "https://www.elementalmill.com" "Mozilla/5.0 AppleWebKit/537.36 (KHTML, like Gecko; compatible; GPTBot/1.3; +https://openai.com/gptbot)"
213.180.203.105 - - [13/Apr/2026:22:12:06 +0000] "GET /shopping/products/162197202383 HTTP/1.1" 500 1004 "-" "Mozilla/5.0 (compatible; YandexBot/3.0; +http://yandex.com/bots)"
74.7.227.48 - - [13/Apr/2026:22:12:12 +0000] "GET /shop/pg/1060756 HTTP/2.0" 500 1004 "https://www.elementalmill.com/?shopping/products/16201060756" "Mozilla/5.0 AppleWebKit/537.36 (KHTML, like Gecko; compatible; GPTBot/1.3; +https://openai.com/gptbot)"
74.7.243.205 - - [13/Apr/2026:22:12:16 +0000] "GET /shop/pg/1200771 HTTP/2.0" 500 1004 "https://www.elementalmill.com.lab2454.com/shop/pg/16211575856" "Mozilla/5.0 AppleWebKit/537.36 (KHTML, like Gecko; compatible; GPTBot/1.3; +https://openai.com/gptbot)"
5.255.231.176 - - [13/Apr/2026:22:12:16 +0000] "GET /robots.txt HTTP/1.1" 500 2431 "-" "Mozilla/5.0 (compatible; YandexBot/3.0; +http://yandex.com/bots)"
74.7.227.185 - - [13/Apr/2026:22:12:20 +0000] "GET /shopping/products/16211988124 HTTP/2.0" 500 1004 "https://elementalmill.com.lab2454.com/shopping/products/16232506477" "Mozilla/5.0 AppleWebKit/537.36 (KHTML, like Gecko; compatible; GPTBot/1.3; +https://openai.com/gptbot)"
74.7.242.41 - - [13/Apr/2026:22:12:25 +0000] "GET /shop/pg/21993154383 HTTP/2.0" 500 1004 "https://elementalmill.com/1746219910022" "Mozilla/5.0 AppleWebKit/537.36 (KHTML, like Gecko; compatible; GPTBot/1.3; +https://openai.com/gptbot)"
74.7.242.41 - - [13/Apr/2026:22:13:00 +0000] "GET /shop/pg/1715884 HTTP/2.0" 500 1004 "https://mail.elementalmill.com/?shopping/products/16211715884" "Mozilla/5.0 AppleWebKit/537.36 (KHTML, like Gecko; compatible; GPTBot/1.3; +https://openai.com/gptbot)"
74.7.227.48 - - [13/Apr/2026:22:13:16 +0000] "GET /shop/pg/1179429 HTTP/2.0" 500 1004 "https://www.elementalmill.com/shopping/products/16201179429" "Mozilla/5.0 AppleWebKit/537.36 (KHTML, like Gecko; compatible; GPTBot/1.3; +https://openai.com/gptbot)"
74.7.227.185 - - [13/Apr/2026:22:13:22 +0000] "GET /shopping/products/16201017499 HTTP/2.0" 500 1004 "https://elementalmill.com.lab2454.com/shopping/products/16201132421" "Mozilla/5.0 AppleWebKit/537.36 (KHTML, like Gecko; compatible; GPTBot/1.3; +https://openai.com/gptbot)"
213.180.203.149 - - [13/Apr/2026:22:14:16 +0000] "GET /robots.txt HTTP/1.1" 500 2431 "-" "Mozilla/5.0 (compatible; YandexBot/3.0; +http://yandex.com/bots)"
213.180.203.37 - - [13/Apr/2026:22:14:16 +0000] "GET /shopping/products/16227608190 HTTP/1.1" 500 1004 "-" "Mozilla/5.0 (compatible; YandexBot/3.0; +http://yandex.com/bots)"
74.7.227.48 - - [13/Apr/2026:22:14:19 +0000] "GET /shop/pg/1967711 HTTP/2.0" 500 1004 "https://www.elementalmill.com/shopping/products/16211967711" "Mozilla/5.0 AppleWebKit/537.36 (KHTML, like Gecko; compatible; GPTBot/1.3; +https://openai.com/gptbot)"
74.7.243.205 - - [13/Apr/2026:22:14:22 +0000] "GET /shop/pg/1080489 HTTP/2.0" 500 1004 "https://www.elementalmill.com.lab2454.com/shop/customer/bookmark.php?shopping/products/16201080489" "Mozilla/5.0 AppleWebKit/537.36 (KHTML, like Gecko; compatible; GPTBot/1.3; +https://openai.com/gptbot)"
74.7.242.41 - - [13/Apr/2026:22:14:35 +0000] "GET /shop/pg/22003342199 HTTP/2.0" 500 1004 "https://elementalmill.com/1746220110067" "Mozilla/5.0 AppleWebKit/537.36 (KHTML, like Gecko; compatible; GPTBot/1.3; +https://openai.com/gptbot)"
74.7.227.48 - - [13/Apr/2026:22:15:25 +0000] "GET /shop/pg/1791992 HTTP/2.0" 500 1004 "https://www.elementalmill.com/shopping/products/16211791992" "Mozilla/5.0 AppleWebKit/537.36 (KHTML, like Gecko; compatible; GPTBot/1.3; +https://openai.com/gptbot)"
74.7.243.205 - - [13/Apr/2026:22:15:25 +0000] "GET /shop/pg/1241266 HTTP/2.0" 500 1004 "https://www.elementalmill.com.lab2454.com/shop/pg/16211616358" "Mozilla/5.0 AppleWebKit/537.36 (KHTML, like Gecko; compatible; GPTBot/1.3; +https://openai.com/gptbot)"
74.7.227.185 - - [13/Apr/2026:22:15:32 +0000] "GET /shopping/products/16211507475 HTTP/2.0" 500 1004 "https://elementalmill.com.lab2454.com/shopping/products/16211824502" "Mozilla/5.0 AppleWebKit/537.36 (KHTML, like Gecko; compatible; GPTBot/1.3; +https://openai.com/gptbot)"
74.7.230.57 - - [13/Apr/2026:22:15:33 +0000] "GET /robots.txt HTTP/2.0" 200 295 "-" "Mozilla/5.0 (Macintosh; Intel Mac OS X 10_15_7) AppleWebKit/537.36 (KHTML, like Gecko) Chrome/131.0.0.0 Safari/537.36; compatible; OAI-SearchBot/1.3; robots.txt; +https://openai.com/searchbot"
66.249.64.41 - - [13/Apr/2026:22:15:34 +0000] "GET /?shop/88943368353.html HTTP/1.1" 200 27306 "-" "Mozilla/5.0 (Linux; Android 6.0.1; Nexus 5X Build/MMB29P) AppleWebKit/537.36 (KHTML, like Gecko) Chrome/146.0.7680.177 Mobile Safari/537.36 (compatible; Googlebot/2.1; +http://www.google.com/bot.html)"
74.7.242.41 - - [13/Apr/2026:22:15:36 +0000] "GET /shop/pg/16211562208 HTTP/2.0" 500 1004 "https://www.elementalmill.com" "Mozilla/5.0 AppleWebKit/537.36 (KHTML, like Gecko; compatible; GPTBot/1.3; +https://openai.com/gptbot)"
66.249.64.40 - - [13/Apr/2026:22:15:36 +0000] "GET /shop/89026969583.html HTTP/1.1" 200 27616 "-" "Mozilla/5.0 (Linux; Android 6.0.1; Nexus 5X Build/MMB29P) AppleWebKit/537.36 (KHTML, like Gecko) Chrome/146.0.7680.177 Mobile Safari/537.36 (compatible; Googlebot/2.1; +http://www.google.com/bot.html)"
66.249.64.40 - - [13/Apr/2026:22:15:38 +0000] "GET /shop/customer/bookmark.php?goods=1631778&crsirefo_hidden=0219d3605c2e10d51c688f939542ce4335d5a8dcccdeb9746951d1e0aede9bab HTTP/1.1" 200 26612 "-" "Mozilla/5.0 (Linux; Android 6.0.1; Nexus 5X Build/MMB29P) AppleWebKit/537.36 (KHTML, like Gecko) Chrome/146.0.7680.177 Mobile Safari/537.36 (compatible; Googlebot/2.1; +http://www.google.com/bot.html)"
213.180.203.108 - - [13/Apr/2026:22:16:16 +0000] "GET /robots.txt HTTP/1.1" 500 2431 "-" "Mozilla/5.0 (compatible; YandexBot/3.0; +http://yandex.com/bots)"
74.7.227.48 - - [13/Apr/2026:22:16:28 +0000] "GET /shop/pg/1490403 HTTP/2.0" 500 1004 "https://www.elementalmill.com/shopping/products/16201490403" "Mozilla/5.0 AppleWebKit/537.36 (KHTML, like Gecko; compatible; GPTBot/1.3; +https://openai.com/gptbot)"
74.7.227.185 - - [13/Apr/2026:22:16:34 +0000] "GET /shopping/products/16211950240 HTTP/2.0" 500 1004 "https://elementalmill.com.lab2454.com/shopping/products/16201197990" "Mozilla/5.0 AppleWebKit/537.36 (KHTML, like Gecko; compatible; GPTBot/1.3; +https://openai.com/gptbot)"
66.249.64.41 - - [13/Apr/2026:22:16:42 +0000] "GET /?shop/89069294229.html HTTP/1.1" 200 28172 "-" "Mozilla/5.0 (Linux; Android 6.0.1; Nexus 5X Build/MMB29P) AppleWebKit/537.36 (KHTML, like Gecko) Chrome/146.0.7680.177 Mobile Safari/537.36 (compatible; Googlebot/2.1; +http://www.google.com/bot.html)"
66.249.64.41 - - [13/Apr/2026:22:16:45 +0000] "GET /shop/customer/bookmark.php?shopping/products/16222447436 HTTP/1.1" 200 27090 "-" "Mozilla/5.0 (Linux; Android 6.0.1; Nexus 5X Build/MMB29P) AppleWebKit/537.36 (KHTML, like Gecko) Chrome/146.0.7680.177 Mobile Safari/537.36 (compatible; Googlebot/2.1; +http://www.google.com/bot.html)"
66.249.64.41 - - [13/Apr/2026:22:17:08 +0000] "GET /shop/customer/bookmark.php?shopping/products/1618372093 HTTP/1.1" 200 27894 "-" "Mozilla/5.0 (Linux; Android 6.0.1; Nexus 5X Build/MMB29P) AppleWebKit/537.36 (KHTML, like Gecko) Chrome/146.0.7680.177 Mobile Safari/537.36 (compatible; Googlebot/2.1; +http://www.google.com/bot.html)"
74.7.242.41 - - [13/Apr/2026:22:17:14 +0000] "GET /shop/pg/2056307 HTTP/2.0" 500 1004 "https://mail.elementalmill.com/shop/customer/bookmark.php?shopping/products/16222056307" "Mozilla/5.0 AppleWebKit/537.36 (KHTML, like Gecko; compatible; GPTBot/1.3; +https://openai.com/gptbot)"
74.7.227.48 - - [13/Apr/2026:22:17:29 +0000] "GET /shop/pg/1338875 HTTP/2.0" 500 1004 "https://www.elementalmill.com/?shopping/products/16201338875" "Mozilla/5.0 AppleWebKit/537.36 (KHTML, like Gecko; compatible; GPTBot/1.3; +https://openai.com/gptbot)"
74.7.243.205 - - [13/Apr/2026:22:17:31 +0000] "GET /shop/pg/1300997 HTTP/2.0" 500 1004 "https://www.elementalmill.com.lab2454.com/shop/pg/16211676090" "Mozilla/5.0 AppleWebKit/537.36 (KHTML, like Gecko; compatible; GPTBot/1.3; +https://openai.com/gptbot)"
74.7.227.185 - - [13/Apr/2026:22:17:35 +0000] "GET /shopping/products/16211822130 HTTP/2.0" 500 1004 "https://elementalmill.com.lab2454.com/shopping/products/16201214639" "Mozilla/5.0 AppleWebKit/537.36 (KHTML, like Gecko; compatible; GPTBot/1.3; +https://openai.com/gptbot)"
5.255.231.155 - - [13/Apr/2026:22:18:16 +0000] "GET /robots.txt HTTP/1.1" 500 2431 "-" "Mozilla/5.0 (compatible; YandexBot/3.0; +http://yandex.com/bots)"
95.108.213.97 - - [13/Apr/2026:22:18:18 +0000] "GET /shopping/products/16211684357 HTTP/1.1" 500 1004 "-" "Mozilla/5.0 (compatible; YandexBot/3.0; +http://yandex.com/bots)"
74.7.227.48 - - [13/Apr/2026:22:18:37 +0000] "GET /shop/pg/1488159 HTTP/2.0" 500 1004 "https://www.elementalmill.com/shopping/products/16201488159" "Mozilla/5.0 AppleWebKit/537.36 (KHTML, like Gecko; compatible; GPTBot/1.3; +https://openai.com/gptbot)"
74.7.243.205 - - [13/Apr/2026:22:18:37 +0000] "GET /shop/pg/1162236 HTTP/2.0" 500 1004 "https://www.elementalmill.com.lab2454.com/shop/pg/1161078" "Mozilla/5.0 AppleWebKit/537.36 (KHTML, like Gecko; compatible; GPTBot/1.3; +https://openai.com/gptbot)"
74.7.227.185 - - [13/Apr/2026:22:18:40 +0000] "GET /shopping/products/16211886563 HTTP/2.0" 500 1004 "https://elementalmill.com.lab2454.com/shopping/products/16211886341" "Mozilla/5.0 AppleWebKit/537.36 (KHTML, like Gecko; compatible; GPTBot/1.3; +https://openai.com/gptbot)"
74.7.243.205 - - [13/Apr/2026:22:19:41 +0000] "GET /shop/pg/2609246 HTTP/2.0" 500 1004 "https://www.elementalmill.com.lab2454.com/shop/customer/bookmark.php?shopping/products/16232609246" "Mozilla/5.0 AppleWebKit/537.36 (KHTML, like Gecko; compatible; GPTBot/1.3; +https://openai.com/gptbot)"
74.7.227.185 - - [13/Apr/2026:22:19:44 +0000] "GET /shopping/products/16201339771 HTTP/2.0" 500 1004 "https://elementalmill.com.lab2454.com/shopping/products/16201356942" "Mozilla/5.0 AppleWebKit/537.36 (KHTML, like Gecko; compatible; GPTBot/1.3; +https://openai.com/gptbot)"
74.7.242.41 - - [13/Apr/2026:22:19:48 +0000] "GET /shop/pg/16201361831 HTTP/2.0" 500 1004 "https://www.elementalmill.com" "Mozilla/5.0 AppleWebKit/537.36 (KHTML, like Gecko; compatible; GPTBot/1.3; +https://openai.com/gptbot)"
95.108.213.125 - - [13/Apr/2026:22:20:17 +0000] "GET /robots.txt HTTP/1.1" 500 2431 "-" "Mozilla/5.0 (compatible; YandexBot/3.0; +http://yandex.com/bots)"
74.7.227.48 - - [13/Apr/2026:22:20:42 +0000] "GET /shop/pg/1168141 HTTP/2.0" 500 1004 "https://www.elementalmill.com/?shopping/products/16201168141" "Mozilla/5.0 AppleWebKit/537.36 (KHTML, like Gecko; compatible; GPTBot/1.3; +https://openai.com/gptbot)"
74.7.243.205 - - [13/Apr/2026:22:20:42 +0000] "GET /shop/pg/1311257 HTTP/2.0" 500 1004 "https://www.elementalmill.com.lab2454.com/shop/pg/16201094792" "Mozilla/5.0 AppleWebKit/537.36 (KHTML, like Gecko; compatible; GPTBot/1.3; +https://openai.com/gptbot)"
74.7.242.41 - - [13/Apr/2026:22:20:52 +0000] "GET /shop/pg/16201294069 HTTP/2.0" 500 1004 "https://www.elementalmill.com" "Mozilla/5.0 AppleWebKit/537.36 (KHTML, like Gecko; compatible; GPTBot/1.3; +https://openai.com/gptbot)"
74.7.243.205 - - [13/Apr/2026:22:21:45 +0000] "GET /shop/pg/1679528 HTTP/2.0" 500 1004 "https://www.elementalmill.com.lab2454.com/shop/pg/16201463072" "Mozilla/5.0 AppleWebKit/537.36 (KHTML, like Gecko; compatible; GPTBot/1.3; +https://openai.com/gptbot)"
74.7.227.48 - - [13/Apr/2026:22:21:46 +0000] "GET /shop/pg/2601045 HTTP/2.0" 500 1004 "https://www.elementalmill.com/shopping/products/16232601045" "Mozilla/5.0 AppleWebKit/537.36 (KHTML, like Gecko; compatible; GPTBot/1.3; +https://openai.com/gptbot)"
74.7.242.41 - - [13/Apr/2026:22:21:54 +0000] "GET /shop/pg/16201184281 HTTP/2.0" 500 1004 "https://elementalmill.com/?shopping/products/16201179996" "Mozilla/5.0 AppleWebKit/537.36 (KHTML, like Gecko; compatible; GPTBot/1.3; +https://openai.com/gptbot)"
5.255.231.196 - - [13/Apr/2026:22:22:20 +0000] "GET /shopping/products/16211512327 HTTP/1.1" 500 1004 "-" "Mozilla/5.0 (compatible; YandexBot/3.0; +http://yandex.com/bots)"
74.7.243.205 - - [13/Apr/2026:22:22:51 +0000] "GET /shop/pg/1153831 HTTP/2.0" 500 1004 "https://www.elementalmill.com.lab2454.com/shop/pg/16211528923" "Mozilla/5.0 AppleWebKit/537.36 (KHTML, like Gecko; compatible; GPTBot/1.3; +https://openai.com/gptbot)"
74.7.227.185 - - [13/Apr/2026:22:22:52 +0000] "GET /shopping/products/16201239739 HTTP/2.0" 500 1004 "https://elementalmill.com.lab2454.com/shopping/products/16201416476" "Mozilla/5.0 AppleWebKit/537.36 (KHTML, like Gecko; compatible; GPTBot/1.3; +https://openai.com/gptbot)"
74.7.242.41 - - [13/Apr/2026:22:22:56 +0000] "GET /shop/pg/16211763784 HTTP/2.0" 500 1004 "https://www.elementalmill.com" "Mozilla/5.0 AppleWebKit/537.36 (KHTML, like Gecko; compatible; GPTBot/1.3; +https://openai.com/gptbot)"
66.249.64.39 - - [13/Apr/2026:22:23:16 +0000] "GET /?shop/89027107540.html HTTP/1.1" 200 27691 "-" "Mozilla/5.0 (Linux; Android 6.0.1; Nexus 5X Build/MMB29P) AppleWebKit/537.36 (KHTML, like Gecko) Chrome/146.0.7680.177 Mobile Safari/537.36 (compatible; Googlebot/2.1; +http://www.google.com/bot.html)"
74.7.242.41 - - [13/Apr/2026:22:23:37 +0000] "GET /shop/pg/2470533 HTTP/2.0" 500 1004 "https://mail.elementalmill.com/?shopping/products/16222470533" "Mozilla/5.0 AppleWebKit/537.36 (KHTML, like Gecko; compatible; GPTBot/1.3; +https://openai.com/gptbot)"
5.255.231.89 - - [13/Apr/2026:22:23:47 +0000] "GET /shopping/products/16222159091 HTTP/1.1" 500 1004 "-" "Mozilla/5.0 (compatible; YandexBot/3.0; +http://yandex.com/bots)"
74.7.243.205 - - [13/Apr/2026:22:23:53 +0000] "GET /shop/pg/1495734 HTTP/2.0" 500 1004 "https://www.elementalmill.com.lab2454.com/shop/pg/16201279267" "Mozilla/5.0 AppleWebKit/537.36 (KHTML, like Gecko; compatible; GPTBot/1.3; +https://openai.com/gptbot)"
74.7.227.185 - - [13/Apr/2026:22:23:54 +0000] "GET /shopping/products/16201277181 HTTP/2.0" 500 1004 "https://elementalmill.com.lab2454.com/shopping/products/16201258512" "Mozilla/5.0 AppleWebKit/537.36 (KHTML, like Gecko; compatible; GPTBot/1.3; +https://openai.com/gptbot)"
74.7.227.48 - - [13/Apr/2026:22:23:56 +0000] "GET /shop/pg/2159868 HTTP/2.0" 500 1004 "https://www.elementalmill.com/shopping/products/16222159868" "Mozilla/5.0 AppleWebKit/537.36 (KHTML, like Gecko; compatible; GPTBot/1.3; +https://openai.com/gptbot)"
66.249.64.40 - - [13/Apr/2026:22:23:57 +0000] "GET /shopping/products/16211601272 HTTP/1.1" 200 28113 "-" "Mozilla/5.0 (Linux; Android 6.0.1; Nexus 5X Build/MMB29P) AppleWebKit/537.36 (KHTML, like Gecko) Chrome/146.0.7680.177 Mobile Safari/537.36 (compatible; Googlebot/2.1; +http://www.google.com/bot.html)"
74.7.242.41 - - [13/Apr/2026:22:23:59 +0000] "GET /shop/pg/16211800168 HTTP/2.0" 500 1004 "https://www.elementalmill.com" "Mozilla/5.0 AppleWebKit/537.36 (KHTML, like Gecko; compatible; GPTBot/1.3; +https://openai.com/gptbot)"
213.180.203.4 - - [13/Apr/2026:22:24:19 +0000] "GET /robots.txt HTTP/1.1" 500 2431 "-" "Mozilla/5.0 (compatible; YandexBot/3.0; +http://yandex.com/bots)"
74.7.242.41 - - [13/Apr/2026:22:24:35 +0000] "GET /shop/pg/2321381 HTTP/2.0" 500 1004 "https://mail.elementalmill.com/shopping/products/16222321381" "Mozilla/5.0 AppleWebKit/537.36 (KHTML, like Gecko; compatible; GPTBot/1.3; +https://openai.com/gptbot)"
74.7.227.185 - - [13/Apr/2026:22:24:57 +0000] "GET /shopping/products/16201230570 HTTP/2.0" 500 1004 "https://elementalmill.com.lab2454.com/shopping/products/16201216813" "Mozilla/5.0 AppleWebKit/537.36 (KHTML, like Gecko; compatible; GPTBot/1.3; +https://openai.com/gptbot)"
74.7.227.48 - - [13/Apr/2026:22:24:59 +0000] "GET /shop/pg/1432064 HTTP/2.0" 500 1004 "https://www.elementalmill.com/shop/pg/1430911" "Mozilla/5.0 AppleWebKit/537.36 (KHTML, like Gecko; compatible; GPTBot/1.3; +https://openai.com/gptbot)"
74.7.243.205 - - [13/Apr/2026:22:24:59 +0000] "GET /shop/pg/1279521 HTTP/2.0" 500 1004 "https://www.elementalmill.com.lab2454.com/shop/pg/1278360" "Mozilla/5.0 AppleWebKit/537.36 (KHTML, like Gecko; compatible; GPTBot/1.3; +https://openai.com/gptbot)"
74.7.242.41 - - [13/Apr/2026:22:25:03 +0000] "GET /shop/pg/16232635318 HTTP/2.0" 500 1004 "https://www.elementalmill.com" "Mozilla/5.0 AppleWebKit/537.36 (KHTML, like Gecko; compatible; GPTBot/1.3; +https://openai.com/gptbot)"
74.7.227.185 - - [13/Apr/2026:22:26:01 +0000] "GET /shopping/products/16211606968 HTTP/2.0" 500 1004 "https://elementalmill.com.lab2454.com/shopping/products/16211821063" "Mozilla/5.0 AppleWebKit/537.36 (KHTML, like Gecko; compatible; GPTBot/1.3; +https://openai.com/gptbot)"
74.7.227.48 - - [13/Apr/2026:22:26:02 +0000] "GET /shop/pg/2558095 HTTP/2.0" 500 1004 "https://www.elementalmill.com/shopping/products/16232558095" "Mozilla/5.0 AppleWebKit/537.36 (KHTML, like Gecko; compatible; GPTBot/1.3; +https://openai.com/gptbot)"
74.7.243.205 - - [13/Apr/2026:22:26:03 +0000] "GET /shop/pg/1642044 HTTP/2.0" 500 1004 "https://www.elementalmill.com.lab2454.com/shop/pg/1640877" "Mozilla/5.0 AppleWebKit/537.36 (KHTML, like Gecko; compatible; GPTBot/1.3; +https://openai.com/gptbot)"
74.7.242.41 - - [13/Apr/2026:22:26:04 +0000] "GET /shop/pg/16211820121 HTTP/2.0" 500 1004 "https://elementalmill.com/index.php?shopping/products/16211814940" "Mozilla/5.0 AppleWebKit/537.36 (KHTML, like Gecko; compatible; GPTBot/1.3; +https://openai.com/gptbot)"
74.7.242.41 - - [13/Apr/2026:22:26:42 +0000] "GET /shop/pg/2549900 HTTP/2.0" 500 1004 "https://mail.elementalmill.com/?shopping/products/16232549900" "Mozilla/5.0 AppleWebKit/537.36 (KHTML, like Gecko; compatible; GPTBot/1.3; +https://openai.com/gptbot)"
74.7.227.185 - - [13/Apr/2026:22:27:02 +0000] "GET /shopping/products/16201095216 HTTP/2.0" 500 1004 "https://elementalmill.com.lab2454.com/shopping/products/16201040382" "Mozilla/5.0 AppleWebKit/537.36 (KHTML, like Gecko; compatible; GPTBot/1.3; +https://openai.com/gptbot)"
74.7.243.205 - - [13/Apr/2026:22:27:06 +0000] "GET /shop/pg/1367371 HTTP/2.0" 500 1004 "https://www.elementalmill.com.lab2454.com/shop/pg/16201150920" "Mozilla/5.0 AppleWebKit/537.36 (KHTML, like Gecko; compatible; GPTBot/1.3; +https://openai.com/gptbot)"
74.7.242.41 - - [13/Apr/2026:22:27:07 +0000] "GET /shop/pg/16211831274 HTTP/2.0" 500 1004 "https://elementalmill.com/index.php?shopping/products/16211826101" "Mozilla/5.0 AppleWebKit/537.36 (KHTML, like Gecko; compatible; GPTBot/1.3; +https://openai.com/gptbot)"
74.7.227.48 - - [13/Apr/2026:22:27:08 +0000] "GET /shop/pg/1906001 HTTP/2.0" 500 1004 "https://www.elementalmill.com/shop/customer/bookmark.php?shopping/products/16211906001" "Mozilla/5.0 AppleWebKit/537.36 (KHTML, like Gecko; compatible; GPTBot/1.3; +https://openai.com/gptbot)"
