147.135.214.95 - - [13/Apr/2026:12:45:02 +0000] "GET /robots.txt HTTP/1.1" 500 2431 "-" "Mozilla/5.0 (compatible; MJ12bot/v1.4.8; http://mj12bot.com/)"
74.7.243.205 - - [13/Apr/2026:12:45:20 +0000] "GET /shop/pg/2198824 HTTP/2.0" 500 1004 "https://www.elementalmill.com.lab2454.com/shop/pg/2197655" "Mozilla/5.0 AppleWebKit/537.36 (KHTML, like Gecko; compatible; GPTBot/1.3; +https://openai.com/gptbot)"
87.250.224.247 - - [13/Apr/2026:12:45:27 +0000] "GET /shopping/products/1618320377 HTTP/1.1" 500 1004 "-" "Mozilla/5.0 (compatible; YandexBot/3.0; +http://yandex.com/bots)"
74.7.242.41 - - [13/Apr/2026:12:45:29 +0000] "GET /shop/pg/16211542634 HTTP/2.0" 500 1004 "https://www.elementalmill.com" "Mozilla/5.0 AppleWebKit/537.36 (KHTML, like Gecko; compatible; GPTBot/1.3; +https://openai.com/gptbot)"
74.7.227.185 - - [13/Apr/2026:12:46:00 +0000] "GET /shopping/products/16201140297 HTTP/2.0" 500 1004 "https://elementalmill.com.lab2454.com/shopping/products/16211678679" "Mozilla/5.0 AppleWebKit/537.36 (KHTML, like Gecko; compatible; GPTBot/1.3; +https://openai.com/gptbot)"
74.7.243.205 - - [13/Apr/2026:12:46:22 +0000] "GET /shop/pg/1439901 HTTP/2.0" 500 1004 "https://www.elementalmill.com.lab2454.com/shop/pg/16211815004" "Mozilla/5.0 AppleWebKit/537.36 (KHTML, like Gecko; compatible; GPTBot/1.3; +https://openai.com/gptbot)"
74.7.242.41 - - [13/Apr/2026:12:46:31 +0000] "GET /shop/pg/16201203213 HTTP/2.0" 500 1004 "https://www.elementalmill.com" "Mozilla/5.0 AppleWebKit/537.36 (KHTML, like Gecko; compatible; GPTBot/1.3; +https://openai.com/gptbot)"
66.249.64.41 - - [13/Apr/2026:12:46:53 +0000] "GET /?shop/891613917113.html HTTP/1.1" 200 28972 "-" "Mozilla/5.0 (Linux; Android 6.0.1; Nexus 5X Build/MMB29P) AppleWebKit/537.36 (KHTML, like Gecko) Chrome/146.0.7680.177 Mobile Safari/537.36 (compatible; Googlebot/2.1; +http://www.google.com/bot.html)"
74.7.227.48 - - [13/Apr/2026:12:47:00 +0000] "GET /shop/pg/1291453 HTTP/2.0" 500 1004 "https://www.elementalmill.com/?shopping/products/16201291453" "Mozilla/5.0 AppleWebKit/537.36 (KHTML, like Gecko; compatible; GPTBot/1.3; +https://openai.com/gptbot)"
74.7.227.185 - - [13/Apr/2026:12:47:03 +0000] "GET /shopping/products/16201195966 HTTP/2.0" 500 1004 "https://elementalmill.com.lab2454.com/shopping/products/16211947070" "Mozilla/5.0 AppleWebKit/537.36 (KHTML, like Gecko; compatible; GPTBot/1.3; +https://openai.com/gptbot)"
74.7.243.205 - - [13/Apr/2026:12:47:23 +0000] "GET /shop/pg/1332248 HTTP/2.0" 500 1004 "https://www.elementalmill.com.lab2454.com/shop/pg/16211707344" "Mozilla/5.0 AppleWebKit/537.36 (KHTML, like Gecko; compatible; GPTBot/1.3; +https://openai.com/gptbot)"
74.7.242.41 - - [13/Apr/2026:12:47:33 +0000] "GET /shop/pg/16201024692 HTTP/2.0" 500 1004 "https://www.elementalmill.com" "Mozilla/5.0 AppleWebKit/537.36 (KHTML, like Gecko; compatible; GPTBot/1.3; +https://openai.com/gptbot)"
213.180.203.108 - - [13/Apr/2026:12:47:37 +0000] "GET /shopping/products/162022238033 HTTP/1.1" 500 1004 "-" "Mozilla/5.0 (compatible; YandexBot/3.0; +http://yandex.com/bots)"
74.7.227.48 - - [13/Apr/2026:12:48:05 +0000] "GET /shop/pg/1232372 HTTP/2.0" 500 1004 "https://www.elementalmill.com/shopping/products/16201232372" "Mozilla/5.0 AppleWebKit/537.36 (KHTML, like Gecko; compatible; GPTBot/1.3; +https://openai.com/gptbot)"
74.7.227.48 - - [13/Apr/2026:12:49:03 +0000] "GET /shop/pg/1945523 HTTP/2.0" 500 1004 "https://www.elementalmill.com/?shopping/products/16211945523" "Mozilla/5.0 AppleWebKit/537.36 (KHTML, like Gecko; compatible; GPTBot/1.3; +https://openai.com/gptbot)"
74.7.242.41 - - [13/Apr/2026:12:49:04 +0000] "GET /shop/pg/1200718 HTTP/2.0" 500 1004 "https://mail.elementalmill.com/?shopping/products/16201200718" "Mozilla/5.0 AppleWebKit/537.36 (KHTML, like Gecko; compatible; GPTBot/1.3; +https://openai.com/gptbot)"
74.7.227.185 - - [13/Apr/2026:12:49:10 +0000] "GET /shopping/products/16211591801 HTTP/2.0" 500 1004 "https://elementalmill.com.lab2454.com/shopping/products/16211502296" "Mozilla/5.0 AppleWebKit/537.36 (KHTML, like Gecko; compatible; GPTBot/1.3; +https://openai.com/gptbot)"
74.7.243.205 - - [13/Apr/2026:12:49:30 +0000] "GET /shop/pg/1945738 HTTP/2.0" 500 1004 "https://www.elementalmill.com.lab2454.com/?shopping/products/16211945738" "Mozilla/5.0 AppleWebKit/537.36 (KHTML, like Gecko; compatible; GPTBot/1.3; +https://openai.com/gptbot)"
74.7.242.41 - - [13/Apr/2026:12:49:38 +0000] "GET /shop/pg/16201273912 HTTP/2.0" 500 1004 "https://www.elementalmill.com" "Mozilla/5.0 AppleWebKit/537.36 (KHTML, like Gecko; compatible; GPTBot/1.3; +https://openai.com/gptbot)"
95.108.213.118 - - [13/Apr/2026:12:49:41 +0000] "GET /robots.txt HTTP/1.1" 500 2431 "-" "Mozilla/5.0 (compatible; YandexBot/3.0; +http://yandex.com/bots)"
74.7.227.48 - - [13/Apr/2026:12:50:04 +0000] "GET /shop/pg/1176075 HTTP/2.0" 500 1004 "https://www.elementalmill.com/shopping/products/16201176075" "Mozilla/5.0 AppleWebKit/537.36 (KHTML, like Gecko; compatible; GPTBot/1.3; +https://openai.com/gptbot)"
74.7.227.185 - - [13/Apr/2026:12:50:14 +0000] "GET /shopping/products/16211806597 HTTP/2.0" 500 1004 "https://elementalmill.com.lab2454.com/shopping/products/16211785261" "Mozilla/5.0 AppleWebKit/537.36 (KHTML, like Gecko; compatible; GPTBot/1.3; +https://openai.com/gptbot)"
66.249.64.39 - - [13/Apr/2026:12:50:29 +0000] "GET /?shop/891613963735.html HTTP/1.1" 200 27440 "-" "Mozilla/5.0 (Linux; Android 6.0.1; Nexus 5X Build/MMB29P) AppleWebKit/537.36 (KHTML, like Gecko) Chrome/146.0.7680.177 Mobile Safari/537.36 (compatible; Googlebot/2.1; +http://www.google.com/bot.html)"
74.7.243.205 - - [13/Apr/2026:12:50:32 +0000] "GET /shop/pg/1373573 HTTP/2.0" 500 1004 "https://www.elementalmill.com.lab2454.com/shop/pg/1372420" "Mozilla/5.0 AppleWebKit/537.36 (KHTML, like Gecko; compatible; GPTBot/1.3; +https://openai.com/gptbot)"
74.7.242.41 - - [13/Apr/2026:12:50:39 +0000] "GET /shop/pg/16232606685 HTTP/2.0" 500 1004 "https://www.elementalmill.com" "Mozilla/5.0 AppleWebKit/537.36 (KHTML, like Gecko; compatible; GPTBot/1.3; +https://openai.com/gptbot)"
74.7.227.48 - - [13/Apr/2026:12:51:06 +0000] "GET /shop/pg/2466006 HTTP/2.0" 500 1004 "https://www.elementalmill.com/?shopping/products/16222466006" "Mozilla/5.0 AppleWebKit/537.36 (KHTML, like Gecko; compatible; GPTBot/1.3; +https://openai.com/gptbot)"
74.7.243.205 - - [13/Apr/2026:12:51:38 +0000] "GET /shop/pg/1633916 HTTP/2.0" 500 1004 "https://www.elementalmill.com.lab2454.com/shop/pg/16201417460" "Mozilla/5.0 AppleWebKit/537.36 (KHTML, like Gecko; compatible; GPTBot/1.3; +https://openai.com/gptbot)"
213.180.203.57 - - [13/Apr/2026:12:51:43 +0000] "GET /shopping/products/16211860343 HTTP/1.1" 500 1004 "-" "Mozilla/5.0 (compatible; YandexBot/3.0; +http://yandex.com/bots)"
74.7.227.48 - - [13/Apr/2026:12:52:08 +0000] "GET /shop/pg/2188967 HTTP/2.0" 500 1004 "https://www.elementalmill.com/?shopping/products/16222188967" "Mozilla/5.0 AppleWebKit/537.36 (KHTML, like Gecko; compatible; GPTBot/1.3; +https://openai.com/gptbot)"
74.7.227.185 - - [13/Apr/2026:12:52:19 +0000] "GET /shopping/products/16201378500 HTTP/2.0" 500 1004 "https://elementalmill.com.lab2454.com/shopping/products/16232560545" "Mozilla/5.0 AppleWebKit/537.36 (KHTML, like Gecko; compatible; GPTBot/1.3; +https://openai.com/gptbot)"
74.7.243.205 - - [13/Apr/2026:12:52:41 +0000] "GET /shop/pg/1370368 HTTP/2.0" 500 1004 "https://www.elementalmill.com.lab2454.com/shop/pg/16201153899" "Mozilla/5.0 AppleWebKit/537.36 (KHTML, like Gecko; compatible; GPTBot/1.3; +https://openai.com/gptbot)"
74.7.242.41 - - [13/Apr/2026:12:52:46 +0000] "GET /shop/pg/16201313946 HTTP/2.0" 500 1004 "https://elementalmill.com/?shopping/products/16201309669" "Mozilla/5.0 AppleWebKit/537.36 (KHTML, like Gecko; compatible; GPTBot/1.3; +https://openai.com/gptbot)"
66.249.64.40 - - [13/Apr/2026:12:53:01 +0000] "GET /shop/pg/16201162677 HTTP/1.1" 200 27383 "-" "Mozilla/5.0 (Linux; Android 6.0.1; Nexus 5X Build/MMB29P) AppleWebKit/537.36 (KHTML, like Gecko) Chrome/146.0.7680.177 Mobile Safari/537.36 (compatible; Googlebot/2.1; +http://www.google.com/bot.html)"
74.7.227.48 - - [13/Apr/2026:12:53:12 +0000] "GET /shop/pg/1388623 HTTP/2.0" 500 1004 "https://www.elementalmill.com/shopping/products/16201388623" "Mozilla/5.0 AppleWebKit/537.36 (KHTML, like Gecko; compatible; GPTBot/1.3; +https://openai.com/gptbot)"
74.7.227.185 - - [13/Apr/2026:12:53:20 +0000] "GET /shopping/products/16232596405 HTTP/2.0" 500 1004 "https://elementalmill.com.lab2454.com/shopping/products/16211739397" "Mozilla/5.0 AppleWebKit/537.36 (KHTML, like Gecko; compatible; GPTBot/1.3; +https://openai.com/gptbot)"
74.7.243.205 - - [13/Apr/2026:12:53:43 +0000] "GET /shop/pg/1138567 HTTP/2.0" 500 1004 "https://www.elementalmill.com.lab2454.com/shop/pg/1137413" "Mozilla/5.0 AppleWebKit/537.36 (KHTML, like Gecko; compatible; GPTBot/1.3; +https://openai.com/gptbot)"
66.249.64.39 - - [13/Apr/2026:12:53:48 +0000] "GET /shop/customer/bookmark.php?shopping/products/16222235490 HTTP/1.1" 200 27709 "-" "Mozilla/5.0 (Linux; Android 6.0.1; Nexus 5X Build/MMB29P) AppleWebKit/537.36 (KHTML, like Gecko) Chrome/146.0.7680.177 Mobile Safari/537.36 (compatible; Googlebot/2.1; +http://www.google.com/bot.html)"
74.7.227.48 - - [13/Apr/2026:12:54:13 +0000] "GET /shop/pg/1053251 HTTP/2.0" 500 1004 "https://www.elementalmill.com/?shopping/products/16201053251" "Mozilla/5.0 AppleWebKit/537.36 (KHTML, like Gecko; compatible; GPTBot/1.3; +https://openai.com/gptbot)"
74.7.227.185 - - [13/Apr/2026:12:54:23 +0000] "GET /shopping/products/16232544367 HTTP/2.0" 500 1004 "https://elementalmill.com.lab2454.com/shopping/products/16232524257" "Mozilla/5.0 AppleWebKit/537.36 (KHTML, like Gecko; compatible; GPTBot/1.3; +https://openai.com/gptbot)"
74.7.243.205 - - [13/Apr/2026:12:54:45 +0000] "GET /shop/pg/1519748 HTTP/2.0" 500 1004 "https://www.elementalmill.com.lab2454.com/shop/pg/16201303289" "Mozilla/5.0 AppleWebKit/537.36 (KHTML, like Gecko; compatible; GPTBot/1.3; +https://openai.com/gptbot)"
74.7.227.185 - - [13/Apr/2026:12:55:26 +0000] "GET /shopping/products/16232542363 HTTP/2.0" 500 1004 "https://elementalmill.com.lab2454.com/shopping/products/16211776103" "Mozilla/5.0 AppleWebKit/537.36 (KHTML, like Gecko; compatible; GPTBot/1.3; +https://openai.com/gptbot)"
74.7.243.205 - - [13/Apr/2026:12:55:48 +0000] "GET /shop/pg/1517240 HTTP/2.0" 500 1004 "https://www.elementalmill.com.lab2454.com/shop/pg/16201300784" "Mozilla/5.0 AppleWebKit/537.36 (KHTML, like Gecko; compatible; GPTBot/1.3; +https://openai.com/gptbot)"
66.249.64.41 - - [13/Apr/2026:12:55:56 +0000] "GET /shopping/products/16201101243 HTTP/1.1" 200 28534 "-" "Mozilla/5.0 (Linux; Android 6.0.1; Nexus 5X Build/MMB29P) AppleWebKit/537.36 (KHTML, like Gecko) Chrome/146.0.7680.177 Mobile Safari/537.36 (compatible; Googlebot/2.1; +http://www.google.com/bot.html)"
74.7.242.41 - - [13/Apr/2026:12:56:24 +0000] "GET /shop/pg/1108298 HTTP/2.0" 500 1004 "https://mail.elementalmill.com/?shopping/products/16201108298" "Mozilla/5.0 AppleWebKit/537.36 (KHTML, like Gecko; compatible; GPTBot/1.3; +https://openai.com/gptbot)"
74.7.227.185 - - [13/Apr/2026:12:56:33 +0000] "GET /shopping/products/16232571823 HTTP/2.0" 500 1004 "https://elementalmill.com.lab2454.com/shopping/products/16232504155" "Mozilla/5.0 AppleWebKit/537.36 (KHTML, like Gecko; compatible; GPTBot/1.3; +https://openai.com/gptbot)"
74.7.243.205 - - [13/Apr/2026:12:56:54 +0000] "GET /shop/pg/1625861 HTTP/2.0" 500 1004 "https://www.elementalmill.com.lab2454.com/shop/pg/16201409405" "Mozilla/5.0 AppleWebKit/537.36 (KHTML, like Gecko; compatible; GPTBot/1.3; +https://openai.com/gptbot)"
87.250.224.47 - - [13/Apr/2026:12:57:01 +0000] "GET /shopping/products/1619563323 HTTP/1.1" 500 1004 "-" "Mozilla/5.0 (compatible; YandexBot/3.0; +http://yandex.com/bots)"
74.7.227.48 - - [13/Apr/2026:12:57:31 +0000] "GET /shop/pg/2347289 HTTP/2.0" 500 1004 "https://www.elementalmill.com/shop/customer/bookmark.php?shopping/products/16222347289" "Mozilla/5.0 AppleWebKit/537.36 (KHTML, like Gecko; compatible; GPTBot/1.3; +https://openai.com/gptbot)"
74.7.243.205 - - [13/Apr/2026:12:57:56 +0000] "GET /shop/pg/1133027 HTTP/2.0" 500 1004 "https://www.elementalmill.com.lab2454.com/shop/pg/16211508126" "Mozilla/5.0 AppleWebKit/537.36 (KHTML, like Gecko; compatible; GPTBot/1.3; +https://openai.com/gptbot)"
74.7.242.41 - - [13/Apr/2026:12:58:22 +0000] "GET /shop/pg/16201344218 HTTP/2.0" 500 1004 "https://www.elementalmill.com" "Mozilla/5.0 AppleWebKit/537.36 (KHTML, like Gecko; compatible; GPTBot/1.3; +https://openai.com/gptbot)"
66.249.64.40 - - [13/Apr/2026:12:59:25 +0000] "GET /?shop/890910747971.html HTTP/1.1" 200 27516 "-" "Mozilla/5.0 (Linux; Android 6.0.1; Nexus 5X Build/MMB29P) AppleWebKit/537.36 (KHTML, like Gecko) Chrome/146.0.7680.177 Mobile Safari/537.36 (compatible; GoogleOther)"
66.249.64.39 - - [13/Apr/2026:12:59:32 +0000] "GET /?shop/891413191046.html HTTP/1.1" 200 27871 "-" "Mozilla/5.0 (Linux; Android 6.0.1; Nexus 5X Build/MMB29P) AppleWebKit/537.36 (KHTML, like Gecko) Chrome/146.0.7680.177 Mobile Safari/537.36 (compatible; GoogleOther)"
74.7.243.205 - - [13/Apr/2026:13:00:07 +0000] "GET /shop/pg/1384086 HTTP/2.0" 500 1004 "https://www.elementalmill.com.lab2454.com/shop/pg/16201167625" "Mozilla/5.0 AppleWebKit/537.36 (KHTML, like Gecko; compatible; GPTBot/1.3; +https://openai.com/gptbot)"
66.249.64.40 - - [13/Apr/2026:13:00:07 +0000] "GET /shop/customer/bookmark.php?shopping/products/16201476686 HTTP/1.1" 200 27621 "-" "Mozilla/5.0 (Linux; Android 6.0.1; Nexus 5X Build/MMB29P) AppleWebKit/537.36 (KHTML, like Gecko) Chrome/146.0.7680.177 Mobile Safari/537.36 (compatible; Googlebot/2.1; +http://www.google.com/bot.html)"
74.7.242.41 - - [13/Apr/2026:13:00:32 +0000] "GET /shop/pg/16211664107 HTTP/2.0" 500 1004 "https://www.elementalmill.com" "Mozilla/5.0 AppleWebKit/537.36 (KHTML, like Gecko; compatible; GPTBot/1.3; +https://openai.com/gptbot)"
74.7.227.48 - - [13/Apr/2026:13:00:49 +0000] "GET /shop/pg/2581522 HTTP/2.0" 500 1004 "https://www.elementalmill.com/?shopping/products/16232581522" "Mozilla/5.0 AppleWebKit/537.36 (KHTML, like Gecko; compatible; GPTBot/1.3; +https://openai.com/gptbot)"
74.7.243.205 - - [13/Apr/2026:13:01:16 +0000] "GET /shop/pg/2399669 HTTP/2.0" 500 1004 "https://www.elementalmill.com.lab2454.com/?shopping/products/16222399669" "Mozilla/5.0 AppleWebKit/537.36 (KHTML, like Gecko; compatible; GPTBot/1.3; +https://openai.com/gptbot)"
213.180.203.218 - - [13/Apr/2026:13:01:45 +0000] "GET /robots.txt HTTP/1.1" 500 2431 "-" "Mozilla/5.0 (compatible; YandexBot/3.0; +http://yandex.com/bots)"
74.7.242.41 - - [13/Apr/2026:13:01:49 +0000] "GET /shop/pg/16211556033 HTTP/2.0" 500 1004 "https://elementalmill.com/?shopping/products/16211551762" "Mozilla/5.0 AppleWebKit/537.36 (KHTML, like Gecko; compatible; GPTBot/1.3; +https://openai.com/gptbot)"
74.7.243.205 - - [13/Apr/2026:13:02:12 +0000] "GET /shop/pg/1620075 HTTP/2.0" 500 1004 "https://www.elementalmill.com.lab2454.com/shop/pg/16211995163" "Mozilla/5.0 AppleWebKit/537.36 (KHTML, like Gecko; compatible; GPTBot/1.3; +https://openai.com/gptbot)"
74.7.242.41 - - [13/Apr/2026:13:02:48 +0000] "GET /shop/pg/16211838528 HTTP/2.0" 500 1004 "https://www.elementalmill.com" "Mozilla/5.0 AppleWebKit/537.36 (KHTML, like Gecko; compatible; GPTBot/1.3; +https://openai.com/gptbot)"
5.255.231.135 - - [13/Apr/2026:13:03:45 +0000] "GET /robots.txt HTTP/1.1" 500 2431 "-" "Mozilla/5.0 (compatible; YandexBot/3.0; +http://yandex.com/bots)"
74.7.227.48 - - [13/Apr/2026:13:03:49 +0000] "GET /shop/pg/2062902 HTTP/2.0" 500 1004 "https://www.elementalmill.com/?shopping/products/16222062902" "Mozilla/5.0 AppleWebKit/537.36 (KHTML, like Gecko; compatible; GPTBot/1.3; +https://openai.com/gptbot)"
74.7.243.205 - - [13/Apr/2026:13:04:29 +0000] "GET /shop/pg/2101230 HTTP/2.0" 500 1004 "https://www.elementalmill.com.lab2454.com/?shopping/products/16222101230" "Mozilla/5.0 AppleWebKit/537.36 (KHTML, like Gecko; compatible; GPTBot/1.3; +https://openai.com/gptbot)"
74.7.227.185 - - [13/Apr/2026:13:04:54 +0000] "GET /shopping/products/16211786006 HTTP/2.0" 500 1004 "https://elementalmill.com.lab2454.com/shopping/products/16211942150" "Mozilla/5.0 AppleWebKit/537.36 (KHTML, like Gecko; compatible; GPTBot/1.3; +https://openai.com/gptbot)"
74.7.243.205 - - [13/Apr/2026:13:05:06 +0000] "GET /shop/pg/1566481 HTTP/2.0" 500 1004 "https://www.elementalmill.com.lab2454.com/shop/pg/16201350033" "Mozilla/5.0 AppleWebKit/537.36 (KHTML, like Gecko; compatible; GPTBot/1.3; +https://openai.com/gptbot)"
74.7.242.41 - - [13/Apr/2026:13:05:08 +0000] "GET /shop/pg/16211806690 HTTP/2.0" 500 1004 "https://www.elementalmill.com" "Mozilla/5.0 AppleWebKit/537.36 (KHTML, like Gecko; compatible; GPTBot/1.3; +https://openai.com/gptbot)"
74.7.227.185 - - [13/Apr/2026:13:05:09 +0000] "GET /shopping/products/16201309285 HTTP/2.0" 500 1004 "https://elementalmill.com.lab2454.com/shopping/products/16201224719" "Mozilla/5.0 AppleWebKit/537.36 (KHTML, like Gecko; compatible; GPTBot/1.3; +https://openai.com/gptbot)"
74.7.242.41 - - [13/Apr/2026:13:05:13 +0000] "GET /shop/pg/16211992464 HTTP/2.0" 500 1004 "https://elementalmill.com/?shopping/products/16211988178" "Mozilla/5.0 AppleWebKit/537.36 (KHTML, like Gecko; compatible; GPTBot/1.3; +https://openai.com/gptbot)"
74.7.243.205 - - [13/Apr/2026:13:05:35 +0000] "GET /shop/pg/1190795 HTTP/2.0" 500 1004 "https://www.elementalmill.com.lab2454.com/shop/pg/16211565882" "Mozilla/5.0 AppleWebKit/537.36 (KHTML, like Gecko; compatible; GPTBot/1.3; +https://openai.com/gptbot)"
95.108.213.163 - - [13/Apr/2026:13:05:42 +0000] "GET /robots.txt HTTP/1.1" 500 2431 "-" "Mozilla/5.0 (compatible; YandexBot/3.0; +http://yandex.com/bots)"
95.108.213.152 - - [13/Apr/2026:13:05:45 +0000] "GET /robots.txt HTTP/1.1" 500 2431 "-" "Mozilla/5.0 (compatible; YandexBot/3.0; +http://yandex.com/bots)"
74.7.227.185 - - [13/Apr/2026:13:06:00 +0000] "GET /shopping/products/16201310840 HTTP/2.0" 500 1004 "https://elementalmill.com.lab2454.com/shopping/products/16211905894" "Mozilla/5.0 AppleWebKit/537.36 (KHTML, like Gecko; compatible; GPTBot/1.3; +https://openai.com/gptbot)"
74.7.227.48 - - [13/Apr/2026:13:06:02 +0000] "GET /shop/pg/1755133 HTTP/2.0" 500 1004 "https://www.elementalmill.com/shop/customer/bookmark.php?shopping/products/16211755133" "Mozilla/5.0 AppleWebKit/537.36 (KHTML, like Gecko; compatible; GPTBot/1.3; +https://openai.com/gptbot)"
74.7.243.205 - - [13/Apr/2026:13:06:37 +0000] "GET /shop/pg/1515994 HTTP/2.0" 500 1004 "https://www.elementalmill.com.lab2454.com/shop/pg/16201299531" "Mozilla/5.0 AppleWebKit/537.36 (KHTML, like Gecko; compatible; GPTBot/1.3; +https://openai.com/gptbot)"
74.7.227.185 - - [13/Apr/2026:13:07:05 +0000] "GET /shopping/products/16211846249 HTTP/2.0" 500 1004 "https://elementalmill.com.lab2454.com/shopping/products/16211545053" "Mozilla/5.0 AppleWebKit/537.36 (KHTML, like Gecko; compatible; GPTBot/1.3; +https://openai.com/gptbot)"
74.7.242.41 - - [13/Apr/2026:13:07:19 +0000] "GET /shop/pg/16201475505 HTTP/2.0" 500 1004 "https://elementalmill.com/index.php?shopping/products/16201470332" "Mozilla/5.0 AppleWebKit/537.36 (KHTML, like Gecko; compatible; GPTBot/1.3; +https://openai.com/gptbot)"
74.7.243.205 - - [13/Apr/2026:13:07:40 +0000] "GET /shop/pg/1867147 HTTP/2.0" 500 1004 "https://www.elementalmill.com.lab2454.com/shop/pg/1865969" "Mozilla/5.0 AppleWebKit/537.36 (KHTML, like Gecko; compatible; GPTBot/1.3; +https://openai.com/gptbot)"
95.108.213.113 - - [13/Apr/2026:13:07:45 +0000] "GET /robots.txt HTTP/1.1" 500 2431 "-" "Mozilla/5.0 (compatible; YandexBot/3.0; +http://yandex.com/bots)"
74.7.227.48 - - [13/Apr/2026:13:08:09 +0000] "GET /shop/pg/1451363 HTTP/2.0" 500 1004 "https://www.elementalmill.com/shop/pg/1450213" "Mozilla/5.0 AppleWebKit/537.36 (KHTML, like Gecko; compatible; GPTBot/1.3; +https://openai.com/gptbot)"
74.7.227.185 - - [13/Apr/2026:13:08:11 +0000] "GET /shopping/products/16201122348 HTTP/2.0" 500 1004 "https://elementalmill.com.lab2454.com/shopping/products/16201200648" "Mozilla/5.0 AppleWebKit/537.36 (KHTML, like Gecko; compatible; GPTBot/1.3; +https://openai.com/gptbot)"
74.7.242.41 - - [13/Apr/2026:13:08:21 +0000] "GET /shop/pg/16201126224 HTTP/2.0" 500 1004 "https://elementalmill.com/index.php?shopping/products/16201121060" "Mozilla/5.0 AppleWebKit/537.36 (KHTML, like Gecko; compatible; GPTBot/1.3; +https://openai.com/gptbot)"
74.7.243.205 - - [13/Apr/2026:13:08:41 +0000] "GET /shop/pg/1567099 HTTP/2.0" 500 1004 "https://www.elementalmill.com.lab2454.com/shop/pg/16201350639" "Mozilla/5.0 AppleWebKit/537.36 (KHTML, like Gecko; compatible; GPTBot/1.3; +https://openai.com/gptbot)"
74.7.227.185 - - [13/Apr/2026:13:09:13 +0000] "GET /shopping/products/16211547951 HTTP/2.0" 500 1004 "https://elementalmill.com.lab2454.com/shopping/products/16211740303" "Mozilla/5.0 AppleWebKit/537.36 (KHTML, like Gecko; compatible; GPTBot/1.3; +https://openai.com/gptbot)"
74.7.242.41 - - [13/Apr/2026:13:09:23 +0000] "GET /shop/pg/16201023861 HTTP/2.0" 500 1004 "https://elementalmill.com/shop/customer/bookmark.php?shopping/products/16201016950" "Mozilla/5.0 AppleWebKit/537.36 (KHTML, like Gecko; compatible; GPTBot/1.3; +https://openai.com/gptbot)"
66.249.64.41 - - [13/Apr/2026:13:09:24 +0000] "GET /shop/pg/16232567097 HTTP/1.1" 200 27375 "-" "Mozilla/5.0 (Linux; Android 6.0.1; Nexus 5X Build/MMB29P) AppleWebKit/537.36 (KHTML, like Gecko) Chrome/146.0.7680.177 Mobile Safari/537.36 (compatible; Googlebot/2.1; +http://www.google.com/bot.html)"
74.7.243.205 - - [13/Apr/2026:13:09:43 +0000] "GET /shop/pg/1805904 HTTP/2.0" 500 1004 "https://www.elementalmill.com.lab2454.com/shopping/products/16211805904" "Mozilla/5.0 AppleWebKit/537.36 (KHTML, like Gecko; compatible; GPTBot/1.3; +https://openai.com/gptbot)"
213.180.203.153 - - [13/Apr/2026:13:09:45 +0000] "GET /robots.txt HTTP/1.1" 500 2431 "-" "Mozilla/5.0 (compatible; YandexBot/3.0; +http://yandex.com/bots)"
74.7.227.48 - - [13/Apr/2026:13:10:17 +0000] "GET /shop/pg/1499603 HTTP/2.0" 500 1004 "https://www.elementalmill.com/?shopping/products/16201499603" "Mozilla/5.0 AppleWebKit/537.36 (KHTML, like Gecko; compatible; GPTBot/1.3; +https://openai.com/gptbot)"
74.7.242.41 - - [13/Apr/2026:13:10:27 +0000] "GET /shop/pg/16211535414 HTTP/2.0" 500 1004 "https://www.elementalmill.com" "Mozilla/5.0 AppleWebKit/537.36 (KHTML, like Gecko; compatible; GPTBot/1.3; +https://openai.com/gptbot)"
74.7.243.205 - - [13/Apr/2026:13:10:48 +0000] "GET /shop/pg/1464551 HTTP/2.0" 500 1004 "https://www.elementalmill.com.lab2454.com/shop/pg/16201248101" "Mozilla/5.0 AppleWebKit/537.36 (KHTML, like Gecko; compatible; GPTBot/1.3; +https://openai.com/gptbot)"
74.7.227.185 - - [13/Apr/2026:13:11:22 +0000] "GET /shopping/products/16211745956 HTTP/2.0" 500 1004 "https://elementalmill.com.lab2454.com/shopping/products/16211848292" "Mozilla/5.0 AppleWebKit/537.36 (KHTML, like Gecko; compatible; GPTBot/1.3; +https://openai.com/gptbot)"
74.7.242.41 - - [13/Apr/2026:13:11:30 +0000] "GET /shop/pg/16201468246 HTTP/2.0" 500 1004 "https://www.elementalmill.com" "Mozilla/5.0 AppleWebKit/537.36 (KHTML, like Gecko; compatible; GPTBot/1.3; +https://openai.com/gptbot)"
74.7.242.41 - - [13/Apr/2026:13:11:31 +0000] "GET /shop/pg/2115727 HTTP/2.0" 500 1004 "https://mail.elementalmill.com/?shopping/products/16222115727" "Mozilla/5.0 AppleWebKit/537.36 (KHTML, like Gecko; compatible; GPTBot/1.3; +https://openai.com/gptbot)"
87.250.224.203 - - [13/Apr/2026:13:11:45 +0000] "GET /robots.txt HTTP/1.1" 500 2431 "-" "Mozilla/5.0 (compatible; YandexBot/3.0; +http://yandex.com/bots)"
5.255.231.146 - - [13/Apr/2026:13:11:47 +0000] "GET /shopping/products/1618263173 HTTP/1.1" 500 1004 "-" "Mozilla/5.0 (compatible; YandexBot/3.0; +http://yandex.com/bots)"
74.7.243.205 - - [13/Apr/2026:13:11:53 +0000] "GET /shop/pg/1712750 HTTP/2.0" 500 1004 "https://www.elementalmill.com.lab2454.com/shop/pg/16201496279" "Mozilla/5.0 AppleWebKit/537.36 (KHTML, like Gecko; compatible; GPTBot/1.3; +https://openai.com/gptbot)"
66.249.64.39 - - [13/Apr/2026:13:11:52 +0000] "GET /shop/customer/bookmark.php?shopping/products/1618212124 HTTP/1.1" 200 27682 "-" "Mozilla/5.0 (Linux; Android 6.0.1; Nexus 5X Build/MMB29P) AppleWebKit/537.36 (KHTML, like Gecko) Chrome/146.0.7680.177 Mobile Safari/537.36 (compatible; Googlebot/2.1; +http://www.google.com/bot.html)"
74.7.227.48 - - [13/Apr/2026:13:12:27 +0000] "GET /shop/pg/2458350 HTTP/2.0" 500 1004 "https://www.elementalmill.com/?shopping/products/16222458350" "Mozilla/5.0 AppleWebKit/537.36 (KHTML, like Gecko; compatible; GPTBot/1.3; +https://openai.com/gptbot)"
74.7.227.185 - - [13/Apr/2026:13:12:27 +0000] "GET /shopping/products/16201260771 HTTP/2.0" 500 1004 "https://elementalmill.com.lab2454.com/shopping/products/16232534772" "Mozilla/5.0 AppleWebKit/537.36 (KHTML, like Gecko; compatible; GPTBot/1.3; +https://openai.com/gptbot)"
66.249.64.40 - - [13/Apr/2026:13:12:31 +0000] "GET /shop/customer/bookmark.php?shopping/products/1619753289 HTTP/1.1" 200 27487 "-" "Mozilla/5.0 (Linux; Android 6.0.1; Nexus 5X Build/MMB29P) AppleWebKit/537.36 (KHTML, like Gecko) Chrome/146.0.7680.177 Mobile Safari/537.36 (compatible; Googlebot/2.1; +http://www.google.com/bot.html)"
74.7.243.205 - - [13/Apr/2026:13:13:03 +0000] "GET /shop/pg/1680851 HTTP/2.0" 500 1004 "https://www.elementalmill.com.lab2454.com/shop/pg/16201464386" "Mozilla/5.0 AppleWebKit/537.36 (KHTML, like Gecko; compatible; GPTBot/1.3; +https://openai.com/gptbot)"
185.247.137.170 - - [13/Apr/2026:13:13:11 +0000] "GET / HTTP/1.1" 500 1004 "-" "Mozilla/5.0 (compatible; InternetMeasurement/1.0; +https://internet-measurement.com/)"
74.7.227.48 - - [13/Apr/2026:13:13:28 +0000] "GET /shop/pg/1371107 HTTP/2.0" 500 1004 "https://www.elementalmill.com/?shopping/products/16201371107" "Mozilla/5.0 AppleWebKit/537.36 (KHTML, like Gecko; compatible; GPTBot/1.3; +https://openai.com/gptbot)"
74.7.227.185 - - [13/Apr/2026:13:13:31 +0000] "GET /shopping/products/16201136547 HTTP/2.0" 500 1004 "https://elementalmill.com.lab2454.com/shopping/products/16211699386" "Mozilla/5.0 AppleWebKit/537.36 (KHTML, like Gecko; compatible; GPTBot/1.3; +https://openai.com/gptbot)"
95.108.213.93 - - [13/Apr/2026:13:13:46 +0000] "GET /robots.txt HTTP/1.1" 500 2431 "-" "Mozilla/5.0 (compatible; YandexBot/3.0; +http://yandex.com/bots)"
74.7.243.205 - - [13/Apr/2026:13:14:00 +0000] "GET /shop/pg/1425498 HTTP/2.0" 500 1004 "https://www.elementalmill.com.lab2454.com/shop/pg/1424343" "Mozilla/5.0 AppleWebKit/537.36 (KHTML, like Gecko; compatible; GPTBot/1.3; +https://openai.com/gptbot)"
66.249.64.39 - - [13/Apr/2026:13:14:26 +0000] "GET /?shop/891312624473.html HTTP/1.1" 200 27438 "-" "Mozilla/5.0 (Linux; Android 6.0.1; Nexus 5X Build/MMB29P) AppleWebKit/537.36 (KHTML, like Gecko) Chrome/146.0.7680.177 Mobile Safari/537.36 (compatible; Googlebot/2.1; +http://www.google.com/bot.html)"
74.7.227.48 - - [13/Apr/2026:13:14:31 +0000] "GET /shop/pg/1286032 HTTP/2.0" 500 1004 "https://www.elementalmill.com/?shopping/products/16201286032" "Mozilla/5.0 AppleWebKit/537.36 (KHTML, like Gecko; compatible; GPTBot/1.3; +https://openai.com/gptbot)"
74.7.227.185 - - [13/Apr/2026:13:14:33 +0000] "GET /shopping/products/16211962324 HTTP/2.0" 500 1004 "https://elementalmill.com.lab2454.com/shopping/products/16211916040" "Mozilla/5.0 AppleWebKit/537.36 (KHTML, like Gecko; compatible; GPTBot/1.3; +https://openai.com/gptbot)"
74.7.242.41 - - [13/Apr/2026:13:14:36 +0000] "GET /shop/pg/16232531346 HTTP/2.0" 500 1004 "https://elementalmill.com/?shopping/products/16232527069" "Mozilla/5.0 AppleWebKit/537.36 (KHTML, like Gecko; compatible; GPTBot/1.3; +https://openai.com/gptbot)"
74.7.243.205 - - [13/Apr/2026:13:15:01 +0000] "GET /shop/pg/2041684 HTTP/2.0" 500 1004 "https://www.elementalmill.com.lab2454.com/shop/customer/bookmark.php?shopping/products/16222041684" "Mozilla/5.0 AppleWebKit/537.36 (KHTML, like Gecko; compatible; GPTBot/1.3; +https://openai.com/gptbot)"
74.7.227.185 - - [13/Apr/2026:13:15:38 +0000] "GET /shopping/products/16201244667 HTTP/2.0" 500 1004 "https://elementalmill.com.lab2454.com/shopping/products/16232534665" "Mozilla/5.0 AppleWebKit/537.36 (KHTML, like Gecko; compatible; GPTBot/1.3; +https://openai.com/gptbot)"
74.7.227.48 - - [13/Apr/2026:13:15:39 +0000] "GET /shop/pg/1558852 HTTP/2.0" 500 1004 "https://www.elementalmill.com/?shopping/products/16211558852" "Mozilla/5.0 AppleWebKit/537.36 (KHTML, like Gecko; compatible; GPTBot/1.3; +https://openai.com/gptbot)"
95.108.213.157 - - [13/Apr/2026:13:15:55 +0000] "GET /shopping/products/161898040318 HTTP/1.1" 500 1004 "-" "Mozilla/5.0 (compatible; YandexBot/3.0; +http://yandex.com/bots)"
74.7.243.205 - - [13/Apr/2026:13:16:03 +0000] "GET /shop/pg/1245770 HTTP/2.0" 500 1004 "https://www.elementalmill.com.lab2454.com/shop/pg/16201029320" "Mozilla/5.0 AppleWebKit/537.36 (KHTML, like Gecko; compatible; GPTBot/1.3; +https://openai.com/gptbot)"
74.7.227.185 - - [13/Apr/2026:13:16:41 +0000] "GET /shopping/products/16201343927 HTTP/2.0" 500 1004 "https://elementalmill.com.lab2454.com/shopping/products/16211592145" "Mozilla/5.0 AppleWebKit/537.36 (KHTML, like Gecko; compatible; GPTBot/1.3; +https://openai.com/gptbot)"
74.7.242.41 - - [13/Apr/2026:13:16:42 +0000] "GET /shop/pg/16232545268 HTTP/2.0" 500 1004 "https://elementalmill.com/?shopping/products/16232540987" "Mozilla/5.0 AppleWebKit/537.36 (KHTML, like Gecko; compatible; GPTBot/1.3; +https://openai.com/gptbot)"
74.7.242.41 - - [13/Apr/2026:13:16:44 +0000] "GET /shop/pg/1690200 HTTP/2.0" 500 1004 "https://mail.elementalmill.com/?shopping/products/16211690200" "Mozilla/5.0 AppleWebKit/537.36 (KHTML, like Gecko; compatible; GPTBot/1.3; +https://openai.com/gptbot)"
74.7.243.205 - - [13/Apr/2026:13:17:07 +0000] "GET /shop/pg/1596521 HTTP/2.0" 500 1004 "https://www.elementalmill.com.lab2454.com/shop/pg/16201380065" "Mozilla/5.0 AppleWebKit/537.36 (KHTML, like Gecko; compatible; GPTBot/1.3; +https://openai.com/gptbot)"
5.255.231.94 - - [13/Apr/2026:13:17:43 +0000] "GET /robots.txt HTTP/1.1" 500 2431 "-" "Mozilla/5.0 (compatible; YandexBot/3.0; +http://yandex.com/bots)"
74.7.227.185 - - [13/Apr/2026:13:17:44 +0000] "GET /shopping/products/16201388566 HTTP/2.0" 500 1004 "https://elementalmill.com.lab2454.com/shopping/products/16211523977" "Mozilla/5.0 AppleWebKit/537.36 (KHTML, like Gecko; compatible; GPTBot/1.3; +https://openai.com/gptbot)"
74.7.242.41 - - [13/Apr/2026:13:17:46 +0000] "GET /shop/pg/16211604658 HTTP/2.0" 500 1004 "https://www.elementalmill.com" "Mozilla/5.0 AppleWebKit/537.36 (KHTML, like Gecko; compatible; GPTBot/1.3; +https://openai.com/gptbot)"
5.255.231.61 - - [13/Apr/2026:13:17:47 +0000] "GET /robots.txt HTTP/1.1" 500 2431 "-" "Mozilla/5.0 (compatible; YandexBot/3.0; +http://yandex.com/bots)"
74.7.242.41 - - [13/Apr/2026:13:17:50 +0000] "GET /shop/pg/2566527 HTTP/2.0" 500 1004 "https://mail.elementalmill.com/?shopping/products/16232566527" "Mozilla/5.0 AppleWebKit/537.36 (KHTML, like Gecko; compatible; GPTBot/1.3; +https://openai.com/gptbot)"
74.7.243.205 - - [13/Apr/2026:13:18:09 +0000] "GET /shop/pg/1889893 HTTP/2.0" 500 1004 "https://www.elementalmill.com.lab2454.com/shop/pg/1888718" "Mozilla/5.0 AppleWebKit/537.36 (KHTML, like Gecko; compatible; GPTBot/1.3; +https://openai.com/gptbot)"
74.7.242.41 - - [13/Apr/2026:13:18:47 +0000] "GET /shop/pg/16191003914 HTTP/2.0" 500 1004 "https://elementalmill.com/?shopping/products/1619999666" "Mozilla/5.0 AppleWebKit/537.36 (KHTML, like Gecko; compatible; GPTBot/1.3; +https://openai.com/gptbot)"
74.7.227.185 - - [13/Apr/2026:13:18:50 +0000] "GET /shopping/products/16211760764 HTTP/2.0" 500 1004 "https://elementalmill.com.lab2454.com/shopping/products/16211564835" "Mozilla/5.0 AppleWebKit/537.36 (KHTML, like Gecko; compatible; GPTBot/1.3; +https://openai.com/gptbot)"
74.7.243.205 - - [13/Apr/2026:13:19:14 +0000] "GET /shop/pg/2502559 HTTP/2.0" 500 1004 "https://www.elementalmill.com.lab2454.com/shop/pg/2501411" "Mozilla/5.0 AppleWebKit/537.36 (KHTML, like Gecko; compatible; GPTBot/1.3; +https://openai.com/gptbot)"
74.7.242.41 - - [13/Apr/2026:13:19:51 +0000] "GET /shop/pg/16201284656 HTTP/2.0" 500 1004 "https://elementalmill.com/?shopping/products/16201280390" "Mozilla/5.0 AppleWebKit/537.36 (KHTML, like Gecko; compatible; GPTBot/1.3; +https://openai.com/gptbot)"
74.7.227.48 - - [13/Apr/2026:13:19:52 +0000] "GET /shop/pg/1546630 HTTP/2.0" 500 1004 "https://www.elementalmill.com/?shopping/products/16211546630" "Mozilla/5.0 AppleWebKit/537.36 (KHTML, like Gecko; compatible; GPTBot/1.3; +https://openai.com/gptbot)"
74.7.227.185 - - [13/Apr/2026:13:19:56 +0000] "GET /shopping/products/16201058359 HTTP/2.0" 500 1004 "https://elementalmill.com.lab2454.com/shopping/products/16201353086" "Mozilla/5.0 AppleWebKit/537.36 (KHTML, like Gecko; compatible; GPTBot/1.3; +https://openai.com/gptbot)"
74.7.243.205 - - [13/Apr/2026:13:20:13 +0000] "GET /shop/pg/1702608 HTTP/2.0" 500 1004 "https://www.elementalmill.com.lab2454.com/shop/pg/16201486150" "Mozilla/5.0 AppleWebKit/537.36 (KHTML, like Gecko; compatible; GPTBot/1.3; +https://openai.com/gptbot)"
66.249.64.41 - - [13/Apr/2026:13:20:35 +0000] "GET /shop/customer/bookmark.php?shopping/products/161879034 HTTP/1.1" 200 27331 "-" "Mozilla/5.0 (Linux; Android 6.0.1; Nexus 5X Build/MMB29P) AppleWebKit/537.36 (KHTML, like Gecko) Chrome/146.0.7680.177 Mobile Safari/537.36 (compatible; Googlebot/2.1; +http://www.google.com/bot.html)"
74.7.242.41 - - [13/Apr/2026:13:20:51 +0000] "GET /shop/pg/16211828086 HTTP/2.0" 500 1004 "https://www.elementalmill.com" "Mozilla/5.0 AppleWebKit/537.36 (KHTML, like Gecko; compatible; GPTBot/1.3; +https://openai.com/gptbot)"
74.7.227.48 - - [13/Apr/2026:13:20:53 +0000] "GET /shop/pg/2646074 HTTP/2.0" 500 1004 "https://www.elementalmill.com/shopping/products/16232646074" "Mozilla/5.0 AppleWebKit/537.36 (KHTML, like Gecko; compatible; GPTBot/1.3; +https://openai.com/gptbot)"
74.7.227.185 - - [13/Apr/2026:13:20:56 +0000] "GET /shopping/products/16201207149 HTTP/2.0" 500 1004 "https://elementalmill.com.lab2454.com/shopping/products/16201435428" "Mozilla/5.0 AppleWebKit/537.36 (KHTML, like Gecko; compatible; GPTBot/1.3; +https://openai.com/gptbot)"
140.245.49.159 - - [13/Apr/2026:13:21:08 +0000] "GET / HTTP/2.0" 500 1004 "-" "Mozilla/5.0 (Windows NT 10.0; Win64; x64) AppleWebKit/537.36 Chrome/116.0 Safari/537.36"
140.245.49.159 - - [13/Apr/2026:13:21:09 +0000] "GET / HTTP/2.0" 500 1004 "-" "Go-http-client/2.0"
140.245.49.159 - - [13/Apr/2026:13:21:10 +0000] "GET /wp-login.php HTTP/2.0" 500 1004 "-" "Mozilla/5.0 (Android 13; Mobile; rv:117.0) Gecko/117.0 Firefox/117.0"
140.245.49.159 - - [13/Apr/2026:13:21:10 +0000] "GET /wp-admin/ HTTP/2.0" 500 1004 "-" "Mozilla/5.0 (iPad; CPU OS 17_4 like Mac OS X) AppleWebKit/605.1.15 Mobile/15E148"
140.245.49.159 - - [13/Apr/2026:13:21:11 +0000] "GET /administrator/ HTTP/2.0" 500 1004 "-" "Mozilla/5.0 (iPad; CPU OS 17_4 like Mac OS X) AppleWebKit/605.1.15 Mobile/15E148"
140.245.49.159 - - [13/Apr/2026:13:21:12 +0000] "GET /user/login HTTP/2.0" 500 1004 "-" "Mozilla/5.0 (Macintosh; Intel Mac OS X 13_5_1) AppleWebKit/605.1.15 Safari/605.1.15"
140.245.49.159 - - [13/Apr/2026:13:21:12 +0000] "GET /admin HTTP/2.0" 500 1004 "-" "Mozilla/5.0 (X11; Linux x86_64) Gecko/20100101 Firefox/117.0"
140.245.49.159 - - [13/Apr/2026:13:21:13 +0000] "GET /login HTTP/2.0" 500 1004 "-" "Mozilla/5.0 (Android 13; Mobile; rv:117.0) Gecko/117.0 Firefox/117.0"
140.245.49.159 - - [13/Apr/2026:13:21:13 +0000] "GET /register HTTP/2.0" 500 1004 "-" "Mozilla/5.0 (X11; Linux x86_64) Gecko/20100101 Firefox/117.0"
140.245.49.159 - - [13/Apr/2026:13:21:14 +0000] "GET /admin HTTP/2.0" 500 1004 "-" "Mozilla/5.0 (Android 13; Mobile; rv:117.0) Gecko/117.0 Firefox/117.0"
140.245.49.159 - - [13/Apr/2026:13:21:15 +0000] "GET /login HTTP/2.0" 500 1004 "-" "Mozilla/5.0 (Macintosh; Intel Mac OS X 13_5_1) AppleWebKit/605.1.15 Safari/605.1.15"
74.7.243.205 - - [13/Apr/2026:13:21:17 +0000] "GET /shop/pg/1572235 HTTP/2.0" 500 1004 "https://www.elementalmill.com.lab2454.com/shop/pg/16201355772" "Mozilla/5.0 AppleWebKit/537.36 (KHTML, like Gecko; compatible; GPTBot/1.3; +https://openai.com/gptbot)"
74.7.242.41 - - [13/Apr/2026:13:21:53 +0000] "GET /shop/pg/16211556362 HTTP/2.0" 500 1004 "https://elementalmill.com/?shopping/products/16211552102" "Mozilla/5.0 AppleWebKit/537.36 (KHTML, like Gecko; compatible; GPTBot/1.3; +https://openai.com/gptbot)"
74.7.227.185 - - [13/Apr/2026:13:21:59 +0000] "GET /shopping/products/16201103528 HTTP/2.0" 500 1004 "https://elementalmill.com.lab2454.com/shopping/products/16232635157" "Mozilla/5.0 AppleWebKit/537.36 (KHTML, like Gecko; compatible; GPTBot/1.3; +https://openai.com/gptbot)"
213.180.203.225 - - [13/Apr/2026:13:22:27 +0000] "GET /shopping/products/1618174977 HTTP/1.1" 500 1004 "-" "Mozilla/5.0 (compatible; YandexBot/3.0; +http://yandex.com/bots)"
5.255.231.15 - - [13/Apr/2026:13:22:27 +0000] "GET /shopping/products/161842780280 HTTP/1.1" 500 1004 "-" "Mozilla/5.0 (compatible; YandexBot/3.0; +http://yandex.com/bots)"
74.7.227.185 - - [13/Apr/2026:13:23:00 +0000] "GET /shopping/products/16211998776 HTTP/2.0" 500 1004 "https://elementalmill.com.lab2454.com/shopping/products/16211960718" "Mozilla/5.0 AppleWebKit/537.36 (KHTML, like Gecko; compatible; GPTBot/1.3; +https://openai.com/gptbot)"
74.7.227.48 - - [13/Apr/2026:13:23:02 +0000] "GET /shop/pg/2383090 HTTP/2.0" 500 1004 "https://www.elementalmill.com/shop/customer/bookmark.php?shopping/products/16222383090" "Mozilla/5.0 AppleWebKit/537.36 (KHTML, like Gecko; compatible; GPTBot/1.3; +https://openai.com/gptbot)"
74.7.243.205 - - [13/Apr/2026:13:23:28 +0000] "GET /shop/pg/1947206 HTTP/2.0" 500 1004 "https://www.elementalmill.com.lab2454.com/shop/customer/bookmark.php?shopping/products/16211947206" "Mozilla/5.0 AppleWebKit/537.36 (KHTML, like Gecko; compatible; GPTBot/1.3; +https://openai.com/gptbot)"
74.7.227.185 - - [13/Apr/2026:13:24:03 +0000] "GET /shopping/products/16201281320 HTTP/2.0" 500 1004 "https://elementalmill.com.lab2454.com/shopping/products/16201008892" "Mozilla/5.0 AppleWebKit/537.36 (KHTML, like Gecko; compatible; GPTBot/1.3; +https://openai.com/gptbot)"
74.7.227.48 - - [13/Apr/2026:13:24:06 +0000] "GET /shop/pg/1843904 HTTP/2.0" 500 1004 "https://www.elementalmill.com/shop/pg/1842742" "Mozilla/5.0 AppleWebKit/537.36 (KHTML, like Gecko; compatible; GPTBot/1.3; +https://openai.com/gptbot)"
74.7.243.205 - - [13/Apr/2026:13:24:31 +0000] "GET /shop/pg/1405846 HTTP/2.0" 500 1004 "https://www.elementalmill.com.lab2454.com/shop/pg/16201189377" "Mozilla/5.0 AppleWebKit/537.36 (KHTML, like Gecko; compatible; GPTBot/1.3; +https://openai.com/gptbot)"
74.7.242.41 - - [13/Apr/2026:13:25:02 +0000] "GET /shop/pg/16201109913 HTTP/2.0" 500 1004 "https://elementalmill.com/?shopping/products/16201105651" "Mozilla/5.0 AppleWebKit/537.36 (KHTML, like Gecko; compatible; GPTBot/1.3; +https://openai.com/gptbot)"
74.7.227.185 - - [13/Apr/2026:13:25:05 +0000] "GET /shopping/products/16232614203 HTTP/2.0" 500 1004 "https://elementalmill.com.lab2454.com/shopping/products/16201057041" "Mozilla/5.0 AppleWebKit/537.36 (KHTML, like Gecko; compatible; GPTBot/1.3; +https://openai.com/gptbot)"
74.7.243.205 - - [13/Apr/2026:13:25:33 +0000] "GET /shop/pg/1296545 HTTP/2.0" 500 1004 "https://www.elementalmill.com.lab2454.com/shop/pg/16211671641" "Mozilla/5.0 AppleWebKit/537.36 (KHTML, like Gecko; compatible; GPTBot/1.3; +https://openai.com/gptbot)"
74.7.242.41 - - [13/Apr/2026:13:26:07 +0000] "GET /shop/pg/16211932437 HTTP/2.0" 500 1004 "https://www.elementalmill.com" "Mozilla/5.0 AppleWebKit/537.36 (KHTML, like Gecko; compatible; GPTBot/1.3; +https://openai.com/gptbot)"
74.7.227.185 - - [13/Apr/2026:13:26:09 +0000] "GET /shopping/products/16201281940 HTTP/2.0" 500 1004 "https://elementalmill.com.lab2454.com/shopping/products/16232557838" "Mozilla/5.0 AppleWebKit/537.36 (KHTML, like Gecko; compatible; GPTBot/1.3; +https://openai.com/gptbot)"
66.249.64.39 - - [13/Apr/2026:13:26:10 +0000] "GET /shop/customer/bookmark.php?shopping/products/16201166324 HTTP/1.1" 200 28825 "-" "Mozilla/5.0 (Linux; Android 6.0.1; Nexus 5X Build/MMB29P) AppleWebKit/537.36 (KHTML, like Gecko) Chrome/146.0.7680.177 Mobile Safari/537.36 (compatible; Googlebot/2.1; +http://www.google.com/bot.html)"
66.249.64.41 - - [13/Apr/2026:13:26:13 +0000] "GET /?shop/8888123516.html HTTP/1.1" 200 27433 "-" "Mozilla/5.0 (Linux; Android 6.0.1; Nexus 5X Build/MMB29P) AppleWebKit/537.36 (KHTML, like Gecko) Chrome/146.0.7680.177 Mobile Safari/537.36 (compatible; GoogleOther)"
66.249.64.39 - - [13/Apr/2026:13:26:14 +0000] "GET /shopping/products/16201129101 HTTP/1.1" 200 27701 "-" "Mozilla/5.0 (Linux; Android 6.0.1; Nexus 5X Build/MMB29P) AppleWebKit/537.36 (KHTML, like Gecko) Chrome/146.0.7680.177 Mobile Safari/537.36 (compatible; Googlebot/2.1; +http://www.google.com/bot.html)"
74.7.243.205 - - [13/Apr/2026:13:26:37 +0000] "GET /shop/pg/1224660 HTTP/2.0" 500 1004 "https://www.elementalmill.com.lab2454.com/shop/pg/16201008199" "Mozilla/5.0 AppleWebKit/537.36 (KHTML, like Gecko; compatible; GPTBot/1.3; +https://openai.com/gptbot)"
74.7.242.41 - - [13/Apr/2026:13:27:11 +0000] "GET /shop/pg/16201436260 HTTP/2.0" 500 1004 "https://www.elementalmill.com" "Mozilla/5.0 AppleWebKit/537.36 (KHTML, like Gecko; compatible; GPTBot/1.3; +https://openai.com/gptbot)"
74.7.227.185 - - [13/Apr/2026:13:27:11 +0000] "GET /shopping/products/16201370561 HTTP/2.0" 500 1004 "https://elementalmill.com.lab2454.com/shopping/products/16201079289" "Mozilla/5.0 AppleWebKit/537.36 (KHTML, like Gecko; compatible; GPTBot/1.3; +https://openai.com/gptbot)"
74.7.227.48 - - [13/Apr/2026:13:27:15 +0000] "GET /shop/pg/2445408 HTTP/2.0" 500 1004 "https://www.elementalmill.com/?shopping/products/16222445408" "Mozilla/5.0 AppleWebKit/537.36 (KHTML, like Gecko; compatible; GPTBot/1.3; +https://openai.com/gptbot)"
74.7.243.205 - - [13/Apr/2026:13:27:39 +0000] "GET /shop/pg/1718975 HTTP/2.0" 500 1004 "https://www.elementalmill.com.lab2454.com/shop/pg/16201502519" "Mozilla/5.0 AppleWebKit/537.36 (KHTML, like Gecko; compatible; GPTBot/1.3; +https://openai.com/gptbot)"
74.7.227.185 - - [13/Apr/2026:13:28:13 +0000] "GET /shopping/products/16201340713 HTTP/2.0" 500 1004 "https://elementalmill.com.lab2454.com/shopping/products/16201343494" "Mozilla/5.0 AppleWebKit/537.36 (KHTML, like Gecko; compatible; GPTBot/1.3; +https://openai.com/gptbot)"
74.7.242.41 - - [13/Apr/2026:13:28:16 +0000] "GET /shop/pg/16211871785 HTTP/2.0" 500 1004 "https://www.elementalmill.com" "Mozilla/5.0 AppleWebKit/537.36 (KHTML, like Gecko; compatible; GPTBot/1.3; +https://openai.com/gptbot)"
74.7.242.41 - - [13/Apr/2026:13:28:25 +0000] "GET /shop/pg/1541907 HTTP/2.0" 500 1004 "https://mail.elementalmill.com/?shopping/products/16211541907" "Mozilla/5.0 AppleWebKit/537.36 (KHTML, like Gecko; compatible; GPTBot/1.3; +https://openai.com/gptbot)"
74.7.243.205 - - [13/Apr/2026:13:28:42 +0000] "GET /shop/pg/1619559 HTTP/2.0" 500 1004 "https://www.elementalmill.com.lab2454.com/shop/pg/16201403113" "Mozilla/5.0 AppleWebKit/537.36 (KHTML, like Gecko; compatible; GPTBot/1.3; +https://openai.com/gptbot)"
74.7.227.48 - - [13/Apr/2026:13:29:16 +0000] "GET /shop/pg/2638035 HTTP/2.0" 500 1004 "https://www.elementalmill.com/shopping/products/16232638035" "Mozilla/5.0 AppleWebKit/537.36 (KHTML, like Gecko; compatible; GPTBot/1.3; +https://openai.com/gptbot)"
74.7.242.41 - - [13/Apr/2026:13:29:21 +0000] "GET /shop/pg/16201007903 HTTP/2.0" 500 1004 "https://www.elementalmill.com" "Mozilla/5.0 AppleWebKit/537.36 (KHTML, like Gecko; compatible; GPTBot/1.3; +https://openai.com/gptbot)"
74.7.243.205 - - [13/Apr/2026:13:29:44 +0000] "GET /shop/pg/1071786 HTTP/2.0" 500 1004 "https://www.elementalmill.com.lab2454.com/shop/pg/16232629981" "Mozilla/5.0 AppleWebKit/537.36 (KHTML, like Gecko; compatible; GPTBot/1.3; +https://openai.com/gptbot)"
74.7.227.48 - - [13/Apr/2026:13:30:16 +0000] "GET /shop/pg/2640346 HTTP/2.0" 500 1004 "https://www.elementalmill.com/shopping/products/16232640346" "Mozilla/5.0 AppleWebKit/537.36 (KHTML, like Gecko; compatible; GPTBot/1.3; +https://openai.com/gptbot)"
74.7.227.185 - - [13/Apr/2026:13:30:20 +0000] "GET /shopping/products/16232536790 HTTP/2.0" 500 1004 "https://elementalmill.com.lab2454.com/shopping/products/16211875759" "Mozilla/5.0 AppleWebKit/537.36 (KHTML, like Gecko; compatible; GPTBot/1.3; +https://openai.com/gptbot)"
74.7.242.41 - - [13/Apr/2026:13:30:24 +0000] "GET /shop/pg/16211865612 HTTP/2.0" 500 1004 "https://www.elementalmill.com" "Mozilla/5.0 AppleWebKit/537.36 (KHTML, like Gecko; compatible; GPTBot/1.3; +https://openai.com/gptbot)"
74.7.243.205 - - [13/Apr/2026:13:30:50 +0000] "GET /shop/pg/1585680 HTTP/2.0" 500 1004 "https://www.elementalmill.com.lab2454.com/shop/pg/16211960771" "Mozilla/5.0 AppleWebKit/537.36 (KHTML, like Gecko; compatible; GPTBot/1.3; +https://openai.com/gptbot)"
74.7.227.185 - - [13/Apr/2026:13:31:23 +0000] "GET /shopping/products/16201189210 HTTP/2.0" 500 1004 "https://elementalmill.com.lab2454.com/shopping/products/16201165207" "Mozilla/5.0 AppleWebKit/537.36 (KHTML, like Gecko; compatible; GPTBot/1.3; +https://openai.com/gptbot)"
74.7.227.48 - - [13/Apr/2026:13:31:27 +0000] "GET /shop/pg/2614825 HTTP/2.0" 500 1004 "https://www.elementalmill.com/shopping/products/16232614825" "Mozilla/5.0 AppleWebKit/537.36 (KHTML, like Gecko; compatible; GPTBot/1.3; +https://openai.com/gptbot)"
74.7.242.41 - - [13/Apr/2026:13:31:30 +0000] "GET /shop/pg/1652836 HTTP/2.0" 500 1004 "https://mail.elementalmill.com/?shopping/products/16211652836" "Mozilla/5.0 AppleWebKit/537.36 (KHTML, like Gecko; compatible; GPTBot/1.3; +https://openai.com/gptbot)"
66.249.64.39 - - [13/Apr/2026:13:31:47 +0000] "GET /shop/customer/bookmark.php?shopping/products/16211518642 HTTP/1.1" 200 27257 "-" "Mozilla/5.0 (Linux; Android 6.0.1; Nexus 5X Build/MMB29P) AppleWebKit/537.36 (KHTML, like Gecko) Chrome/146.0.7680.177 Mobile Safari/537.36 (compatible; Googlebot/2.1; +http://www.google.com/bot.html)"
74.7.227.48 - - [13/Apr/2026:13:32:23 +0000] "GET /shop/pg/1727868 HTTP/2.0" 500 1004 "https://www.elementalmill.com/shopping/products/16211727868" "Mozilla/5.0 AppleWebKit/537.36 (KHTML, like Gecko; compatible; GPTBot/1.3; +https://openai.com/gptbot)"
5.255.231.114 - - [13/Apr/2026:13:32:26 +0000] "GET /shopping/products/161879621543 HTTP/1.1" 500 1004 "-" "Mozilla/5.0 (compatible; YandexBot/3.0; +http://yandex.com/bots)"
74.7.227.185 - - [13/Apr/2026:13:32:27 +0000] "GET /shopping/products/16201279589 HTTP/2.0" 500 1004 "https://elementalmill.com.lab2454.com/shopping/products/16201043565" "Mozilla/5.0 AppleWebKit/537.36 (KHTML, like Gecko; compatible; GPTBot/1.3; +https://openai.com/gptbot)"
74.7.243.205 - - [13/Apr/2026:13:32:52 +0000] "GET /shop/pg/1330058 HTTP/2.0" 500 1004 "https://www.elementalmill.com.lab2454.com/shop/pg/16211705160" "Mozilla/5.0 AppleWebKit/537.36 (KHTML, like Gecko; compatible; GPTBot/1.3; +https://openai.com/gptbot)"
74.7.227.48 - - [13/Apr/2026:13:33:25 +0000] "GET /shop/pg/1122566 HTTP/2.0" 500 1004 "https://www.elementalmill.com/?shopping/products/16201122566" "Mozilla/5.0 AppleWebKit/537.36 (KHTML, like Gecko; compatible; GPTBot/1.3; +https://openai.com/gptbot)"
74.7.242.41 - - [13/Apr/2026:13:33:35 +0000] "GET /shop/pg/2467885 HTTP/2.0" 500 1004 "https://mail.elementalmill.com/?shopping/products/16222467885" "Mozilla/5.0 AppleWebKit/537.36 (KHTML, like Gecko; compatible; GPTBot/1.3; +https://openai.com/gptbot)"
74.7.243.205 - - [13/Apr/2026:13:33:56 +0000] "GET /shop/pg/2278311 HTTP/2.0" 500 1004 "https://www.elementalmill.com.lab2454.com/shop/pg/2277147" "Mozilla/5.0 AppleWebKit/537.36 (KHTML, like Gecko; compatible; GPTBot/1.3; +https://openai.com/gptbot)"
139.59.188.9 - - [13/Apr/2026:13:34:07 +0000] "GET / HTTP/1.1" 500 1004 "-" "Mozilla/5.0 (X11; Linux x86_64; rv:142.0) Gecko/20100101 Firefox/142.0"
139.59.188.9 - - [13/Apr/2026:13:34:08 +0000] "GET /favicon.ico HTTP/1.1" 500 1004 "https://elementalmill.com/" "Mozilla/5.0 (X11; Linux x86_64; rv:142.0) Gecko/20100101 Firefox/142.0"
74.7.243.205 - - [13/Apr/2026:13:34:57 +0000] "GET /shop/pg/1152278 HTTP/2.0" 500 1004 "https://www.elementalmill.com.lab2454.com/shop/pg/16211527368" "Mozilla/5.0 AppleWebKit/537.36 (KHTML, like Gecko; compatible; GPTBot/1.3; +https://openai.com/gptbot)"
74.7.227.185 - - [13/Apr/2026:13:35:35 +0000] "GET /shopping/products/16211617639 HTTP/2.0" 500 1004 "https://elementalmill.com.lab2454.com/shopping/products/16211716908" "Mozilla/5.0 AppleWebKit/537.36 (KHTML, like Gecko; compatible; GPTBot/1.3; +https://openai.com/gptbot)"
74.7.242.41 - - [13/Apr/2026:13:35:46 +0000] "GET /shop/pg/16211590272 HTTP/2.0" 500 1004 "https://www.elementalmill.com" "Mozilla/5.0 AppleWebKit/537.36 (KHTML, like Gecko; compatible; GPTBot/1.3; +https://openai.com/gptbot)"
74.7.243.205 - - [13/Apr/2026:13:36:01 +0000] "GET /shop/pg/1566214 HTTP/2.0" 500 1004 "https://www.elementalmill.com.lab2454.com/shop/pg/16201349751" "Mozilla/5.0 AppleWebKit/537.36 (KHTML, like Gecko; compatible; GPTBot/1.3; +https://openai.com/gptbot)"
74.7.227.185 - - [13/Apr/2026:13:36:41 +0000] "GET /shopping/products/16211954138 HTTP/2.0" 500 1004 "https://elementalmill.com.lab2454.com/shopping/products/16201328569" "Mozilla/5.0 AppleWebKit/537.36 (KHTML, like Gecko; compatible; GPTBot/1.3; +https://openai.com/gptbot)"
74.7.242.41 - - [13/Apr/2026:13:36:50 +0000] "GET /shop/pg/16211860085 HTTP/2.0" 500 1004 "https://elementalmill.com/index.php?shopping/products/16211854893" "Mozilla/5.0 AppleWebKit/537.36 (KHTML, like Gecko; compatible; GPTBot/1.3; +https://openai.com/gptbot)"
66.249.64.40 - - [13/Apr/2026:13:36:55 +0000] "GET /?shop/891111475006.html HTTP/1.1" 200 27719 "-" "Mozilla/5.0 (Linux; Android 6.0.1; Nexus 5X Build/MMB29P) AppleWebKit/537.36 (KHTML, like Gecko) Chrome/146.0.7680.177 Mobile Safari/537.36 (compatible; GoogleOther)"
