74.7.243.205 - - [14/Apr/2026:03:06:44 +0000] "GET /shop/pg/1385958 HTTP/2.0" 500 1004 "https://www.elementalmill.com.lab2454.com/shop/pg/16201169488" "Mozilla/5.0 AppleWebKit/537.36 (KHTML, like Gecko; compatible; GPTBot/1.3; +https://openai.com/gptbot)"
66.249.64.39 - - [14/Apr/2026:03:06:46 +0000] "GET /?shop/890910601326.html HTTP/1.1" 200 27513 "-" "Mozilla/5.0 (Linux; Android 6.0.1; Nexus 5X Build/MMB29P) AppleWebKit/537.36 (KHTML, like Gecko) Chrome/146.0.7680.177 Mobile Safari/537.36 (compatible; Googlebot/2.1; +http://www.google.com/bot.html)"
66.249.64.39 - - [14/Apr/2026:03:06:47 +0000] "GET /?shop/890810099620.html HTTP/1.1" 200 28417 "-" "Mozilla/5.0 (Linux; Android 6.0.1; Nexus 5X Build/MMB29P) AppleWebKit/537.36 (KHTML, like Gecko) Chrome/146.0.7680.177 Mobile Safari/537.36 (compatible; Googlebot/2.1; +http://www.google.com/bot.html)"
66.249.64.39 - - [14/Apr/2026:03:06:58 +0000] "GET /shopping/products/1618437851 HTTP/1.1" 200 27426 "-" "Mozilla/5.0 (Linux; Android 6.0.1; Nexus 5X Build/MMB29P) AppleWebKit/537.36 (KHTML, like Gecko) Chrome/146.0.7680.177 Mobile Safari/537.36 (compatible; Googlebot/2.1; +http://www.google.com/bot.html)"
74.7.227.48 - - [14/Apr/2026:03:06:59 +0000] "GET /shop/pg/1495993 HTTP/2.0" 500 1004 "https://www.elementalmill.com/shopping/products/16201495993" "Mozilla/5.0 AppleWebKit/537.36 (KHTML, like Gecko; compatible; GPTBot/1.3; +https://openai.com/gptbot)"
74.7.242.41 - - [14/Apr/2026:03:07:15 +0000] "GET /shop/pg/16201130602 HTTP/2.0" 500 1004 "https://elementalmill.com/index.php?shopping/products/16201125427" "Mozilla/5.0 AppleWebKit/537.36 (KHTML, like Gecko; compatible; GPTBot/1.3; +https://openai.com/gptbot)"
74.7.227.185 - - [14/Apr/2026:03:07:32 +0000] "GET /shopping/products/16232544312 HTTP/2.0" 500 1004 "https://elementalmill.com.lab2454.com/shopping/products/16201122405" "Mozilla/5.0 AppleWebKit/537.36 (KHTML, like Gecko; compatible; GPTBot/1.3; +https://openai.com/gptbot)"
74.7.243.205 - - [14/Apr/2026:03:07:46 +0000] "GET /shop/pg/1280021 HTTP/2.0" 500 1004 "https://www.elementalmill.com.lab2454.com/shop/customer/bookmark.php?shopping/products/16201280021" "Mozilla/5.0 AppleWebKit/537.36 (KHTML, like Gecko; compatible; GPTBot/1.3; +https://openai.com/gptbot)"
66.249.64.39 - - [14/Apr/2026:03:07:49 +0000] "GET /?shop/8889660052.html HTTP/1.1" 200 27301 "-" "Mozilla/5.0 (Linux; Android 6.0.1; Nexus 5X Build/MMB29P) AppleWebKit/537.36 (KHTML, like Gecko) Chrome/146.0.7680.177 Mobile Safari/537.36 (compatible; Googlebot/2.1; +http://www.google.com/bot.html)"
74.7.242.41 - - [14/Apr/2026:03:08:17 +0000] "GET /shop/pg/16211806429 HTTP/2.0" 500 1004 "https://elementalmill.com/index.php?shopping/products/16211801254" "Mozilla/5.0 AppleWebKit/537.36 (KHTML, like Gecko; compatible; GPTBot/1.3; +https://openai.com/gptbot)"
74.7.227.185 - - [14/Apr/2026:03:08:37 +0000] "GET /shopping/products/16201159197 HTTP/2.0" 500 1004 "https://elementalmill.com.lab2454.com/shopping/products/16201389617" "Mozilla/5.0 AppleWebKit/537.36 (KHTML, like Gecko; compatible; GPTBot/1.3; +https://openai.com/gptbot)"
95.108.213.96 - - [14/Apr/2026:03:08:45 +0000] "GET /shopping/products/16209270317 HTTP/1.1" 500 1004 "-" "Mozilla/5.0 (compatible; YandexBot/3.0; +http://yandex.com/bots)"
74.7.243.205 - - [14/Apr/2026:03:08:46 +0000] "GET /shop/pg/1576566 HTTP/2.0" 500 1004 "https://www.elementalmill.com.lab2454.com/shop/pg/1575396" "Mozilla/5.0 AppleWebKit/537.36 (KHTML, like Gecko; compatible; GPTBot/1.3; +https://openai.com/gptbot)"
66.249.64.40 - - [14/Apr/2026:03:08:48 +0000] "GET /?shop/89016706394.html HTTP/1.1" 200 28638 "-" "Mozilla/5.0 (Linux; Android 6.0.1; Nexus 5X Build/MMB29P) AppleWebKit/537.36 (KHTML, like Gecko) Chrome/146.0.7680.177 Mobile Safari/537.36 (compatible; Googlebot/2.1; +http://www.google.com/bot.html)"
74.7.227.48 - - [14/Apr/2026:03:09:01 +0000] "GET /shop/pg/1138245 HTTP/2.0" 500 1004 "https://www.elementalmill.com/?shopping/products/16201138245" "Mozilla/5.0 AppleWebKit/537.36 (KHTML, like Gecko; compatible; GPTBot/1.3; +https://openai.com/gptbot)"
74.7.227.185 - - [14/Apr/2026:03:09:39 +0000] "GET /shopping/products/16201243250 HTTP/2.0" 500 1004 "https://elementalmill.com.lab2454.com/shopping/products/16211742792" "Mozilla/5.0 AppleWebKit/537.36 (KHTML, like Gecko; compatible; GPTBot/1.3; +https://openai.com/gptbot)"
66.249.64.39 - - [14/Apr/2026:03:09:45 +0000] "GET /?shop/891513546808.html HTTP/1.1" 200 27914 "-" "Mozilla/5.0 (Linux; Android 6.0.1; Nexus 5X Build/MMB29P) AppleWebKit/537.36 (KHTML, like Gecko) Chrome/146.0.7680.177 Mobile Safari/537.36 (compatible; Googlebot/2.1; +http://www.google.com/bot.html)"
74.7.243.205 - - [14/Apr/2026:03:09:47 +0000] "GET /shop/pg/1511656 HTTP/2.0" 500 1004 "https://www.elementalmill.com.lab2454.com/shop/pg/16201295202" "Mozilla/5.0 AppleWebKit/537.36 (KHTML, like Gecko; compatible; GPTBot/1.3; +https://openai.com/gptbot)"
66.249.64.41 - - [14/Apr/2026:03:09:47 +0000] "GET /?shop/89037503142.html HTTP/1.1" 200 27385 "-" "Mozilla/5.0 (Linux; Android 6.0.1; Nexus 5X Build/MMB29P) AppleWebKit/537.36 (KHTML, like Gecko) Chrome/146.0.7680.177 Mobile Safari/537.36 (compatible; Googlebot/2.1; +http://www.google.com/bot.html)"
66.249.64.39 - - [14/Apr/2026:03:09:48 +0000] "GET /?shop/888857159.html HTTP/1.1" 200 27654 "-" "Mozilla/5.0 (Linux; Android 6.0.1; Nexus 5X Build/MMB29P) AppleWebKit/537.36 (KHTML, like Gecko) Chrome/146.0.7680.177 Mobile Safari/537.36 (compatible; Googlebot/2.1; +http://www.google.com/bot.html)"
66.249.64.40 - - [14/Apr/2026:03:09:50 +0000] "GET /shop/customer/bookmark.php?shopping/products/161881200 HTTP/1.1" 200 27735 "-" "Mozilla/5.0 (Linux; Android 6.0.1; Nexus 5X Build/MMB29P) AppleWebKit/537.36 (KHTML, like Gecko) Chrome/146.0.7680.177 Mobile Safari/537.36 (compatible; Googlebot/2.1; +http://www.google.com/bot.html)"
66.249.64.39 - - [14/Apr/2026:03:09:52 +0000] "GET /?shop/89037828564.html HTTP/1.1" 200 27185 "-" "Mozilla/5.0 (Linux; Android 6.0.1; Nexus 5X Build/MMB29P) AppleWebKit/537.36 (KHTML, like Gecko) Chrome/146.0.7680.177 Mobile Safari/537.36 (compatible; Googlebot/2.1; +http://www.google.com/bot.html)"
74.7.242.41 - - [14/Apr/2026:03:09:53 +0000] "GET /shop/pg/1041090 HTTP/2.0" 500 1004 "https://mail.elementalmill.com/?shopping/products/16201041090" "Mozilla/5.0 AppleWebKit/537.36 (KHTML, like Gecko; compatible; GPTBot/1.3; +https://openai.com/gptbot)"
66.249.64.40 - - [14/Apr/2026:03:09:53 +0000] "GET /?shop/8888212807.html HTTP/1.1" 200 28611 "-" "Mozilla/5.0 (Linux; Android 6.0.1; Nexus 5X Build/MMB29P) AppleWebKit/537.36 (KHTML, like Gecko) Chrome/146.0.7680.177 Mobile Safari/537.36 (compatible; Googlebot/2.1; +http://www.google.com/bot.html)"
74.7.242.41 - - [14/Apr/2026:03:10:19 +0000] "GET /shop/pg/16201381515 HTTP/2.0" 500 1004 "https://www.elementalmill.com" "Mozilla/5.0 AppleWebKit/537.36 (KHTML, like Gecko; compatible; GPTBot/1.3; +https://openai.com/gptbot)"
66.249.64.40 - - [14/Apr/2026:03:10:32 +0000] "GET /?shop/8888343693.html HTTP/1.1" 200 26735 "-" "Mozilla/5.0 (Linux; Android 6.0.1; Nexus 5X Build/MMB29P) AppleWebKit/537.36 (KHTML, like Gecko) Chrome/146.0.7680.177 Mobile Safari/537.36 (compatible; Googlebot/2.1; +http://www.google.com/bot.html)"
66.249.64.40 - - [14/Apr/2026:03:10:34 +0000] "GET /?shop/88911592869.html HTTP/1.1" 200 27701 "-" "Mozilla/5.0 (Linux; Android 6.0.1; Nexus 5X Build/MMB29P) AppleWebKit/537.36 (KHTML, like Gecko) Chrome/146.0.7680.177 Mobile Safari/537.36 (compatible; Googlebot/2.1; +http://www.google.com/bot.html)"
74.7.227.185 - - [14/Apr/2026:03:10:40 +0000] "GET /shopping/products/16211829757 HTTP/2.0" 500 1004 "https://elementalmill.com.lab2454.com/shopping/products/16201466519" "Mozilla/5.0 AppleWebKit/537.36 (KHTML, like Gecko; compatible; GPTBot/1.3; +https://openai.com/gptbot)"
74.7.243.205 - - [14/Apr/2026:03:10:47 +0000] "GET /shop/pg/1377813 HTTP/2.0" 500 1004 "https://www.elementalmill.com.lab2454.com/shop/pg/1376646" "Mozilla/5.0 AppleWebKit/537.36 (KHTML, like Gecko; compatible; GPTBot/1.3; +https://openai.com/gptbot)"
66.249.64.39 - - [14/Apr/2026:03:10:53 +0000] "GET /shop/customer/bookmark.php?shopping/products/1618454537 HTTP/1.1" 200 27174 "-" "Mozilla/5.0 (Linux; Android 6.0.1; Nexus 5X Build/MMB29P) AppleWebKit/537.36 (KHTML, like Gecko) Chrome/146.0.7680.177 Mobile Safari/537.36 (compatible; Googlebot/2.1; +http://www.google.com/bot.html)"
74.7.242.41 - - [14/Apr/2026:03:10:56 +0000] "GET /shop/pg/2076239 HTTP/2.0" 500 1004 "https://mail.elementalmill.com/?shopping/products/16222076239" "Mozilla/5.0 AppleWebKit/537.36 (KHTML, like Gecko; compatible; GPTBot/1.3; +https://openai.com/gptbot)"
74.7.227.48 - - [14/Apr/2026:03:11:03 +0000] "GET /shop/pg/1485112 HTTP/2.0" 500 1004 "https://www.elementalmill.com/shopping/products/16201485112" "Mozilla/5.0 AppleWebKit/537.36 (KHTML, like Gecko; compatible; GPTBot/1.3; +https://openai.com/gptbot)"
66.249.64.39 - - [14/Apr/2026:03:11:14 +0000] "GET /?shop/88901199527.html HTTP/1.1" 200 27712 "-" "Mozilla/5.0 (Linux; Android 6.0.1; Nexus 5X Build/MMB29P) AppleWebKit/537.36 (KHTML, like Gecko) Chrome/146.0.7680.177 Mobile Safari/537.36 (compatible; Googlebot/2.1; +http://www.google.com/bot.html)"
74.7.242.41 - - [14/Apr/2026:03:11:20 +0000] "GET /shop/pg/16211690032 HTTP/2.0" 500 1004 "https://www.elementalmill.com" "Mozilla/5.0 AppleWebKit/537.36 (KHTML, like Gecko; compatible; GPTBot/1.3; +https://openai.com/gptbot)"
66.249.64.40 - - [14/Apr/2026:03:11:38 +0000] "GET /?shop/891513560821.html HTTP/1.1" 200 28320 "-" "Mozilla/5.0 (Linux; Android 6.0.1; Nexus 5X Build/MMB29P) AppleWebKit/537.36 (KHTML, like Gecko) Chrome/146.0.7680.177 Mobile Safari/537.36 (compatible; Googlebot/2.1; +http://www.google.com/bot.html)"
74.7.227.185 - - [14/Apr/2026:03:11:43 +0000] "GET /shopping/products/16211537033 HTTP/2.0" 500 1004 "https://elementalmill.com.lab2454.com/shopping/products/16232619903" "Mozilla/5.0 AppleWebKit/537.36 (KHTML, like Gecko; compatible; GPTBot/1.3; +https://openai.com/gptbot)"
74.7.243.205 - - [14/Apr/2026:03:11:54 +0000] "GET /shop/pg/1310761 HTTP/2.0" 500 1004 "https://www.elementalmill.com.lab2454.com/shop/pg/1309595" "Mozilla/5.0 AppleWebKit/537.36 (KHTML, like Gecko; compatible; GPTBot/1.3; +https://openai.com/gptbot)"
74.7.227.48 - - [14/Apr/2026:03:12:06 +0000] "GET /shop/pg/1539708 HTTP/2.0" 500 1004 "https://www.elementalmill.com/?shopping/products/16211539708" "Mozilla/5.0 AppleWebKit/537.36 (KHTML, like Gecko; compatible; GPTBot/1.3; +https://openai.com/gptbot)"
66.249.64.41 - - [14/Apr/2026:03:12:19 +0000] "GET /shopping/products/16201311857 HTTP/1.1" 200 28150 "-" "Mozilla/5.0 (Linux; Android 6.0.1; Nexus 5X Build/MMB29P) AppleWebKit/537.36 (KHTML, like Gecko) Chrome/146.0.7680.177 Mobile Safari/537.36 (compatible; Googlebot/2.1; +http://www.google.com/bot.html)"
66.249.64.39 - - [14/Apr/2026:03:12:39 +0000] "GET /?shop/8888135373.html HTTP/1.1" 200 27417 "-" "Mozilla/5.0 (Linux; Android 6.0.1; Nexus 5X Build/MMB29P) AppleWebKit/537.36 (KHTML, like Gecko) Chrome/146.0.7680.177 Mobile Safari/537.36 (compatible; Googlebot/2.1; +http://www.google.com/bot.html)"
66.249.64.39 - - [14/Apr/2026:03:12:59 +0000] "GET /?shop/89037471327.html HTTP/1.1" 200 27307 "-" "Mozilla/5.0 (Linux; Android 6.0.1; Nexus 5X Build/MMB29P) AppleWebKit/537.36 (KHTML, like Gecko) Chrome/146.0.7680.177 Mobile Safari/537.36 (compatible; Googlebot/2.1; +http://www.google.com/bot.html)"
66.249.64.39 - - [14/Apr/2026:03:13:00 +0000] "GET /shopping/products/16201451067 HTTP/1.1" 200 28452 "-" "Mozilla/5.0 (Linux; Android 6.0.1; Nexus 5X Build/MMB29P) AppleWebKit/537.36 (KHTML, like Gecko) Chrome/146.0.7680.177 Mobile Safari/537.36 (compatible; Googlebot/2.1; +http://www.google.com/bot.html)"
66.249.64.39 - - [14/Apr/2026:03:13:02 +0000] "GET /?shop/88943240788.html HTTP/1.1" 200 27135 "-" "Mozilla/5.0 (Linux; Android 6.0.1; Nexus 5X Build/MMB29P) AppleWebKit/537.36 (KHTML, like Gecko) Chrome/146.0.7680.177 Mobile Safari/537.36 (compatible; Googlebot/2.1; +http://www.google.com/bot.html)"
74.7.227.48 - - [14/Apr/2026:03:13:12 +0000] "GET /shop/pg/1513814 HTTP/2.0" 500 1004 "https://www.elementalmill.com/shopping/products/16211513814" "Mozilla/5.0 AppleWebKit/537.36 (KHTML, like Gecko; compatible; GPTBot/1.3; +https://openai.com/gptbot)"
66.249.64.39 - - [14/Apr/2026:03:13:20 +0000] "GET /?shop/89079714128.html HTTP/1.1" 200 28666 "-" "Mozilla/5.0 (Linux; Android 6.0.1; Nexus 5X Build/MMB29P) AppleWebKit/537.36 (KHTML, like Gecko) Chrome/146.0.7680.177 Mobile Safari/537.36 (compatible; Googlebot/2.1; +http://www.google.com/bot.html)"
74.7.242.41 - - [14/Apr/2026:03:13:27 +0000] "GET /shop/pg/16211935954 HTTP/2.0" 500 1004 "https://www.elementalmill.com" "Mozilla/5.0 AppleWebKit/537.36 (KHTML, like Gecko; compatible; GPTBot/1.3; +https://openai.com/gptbot)"
213.180.203.66 - - [14/Apr/2026:03:13:29 +0000] "GET /shopping/products/1619943865 HTTP/1.1" 500 1004 "-" "Mozilla/5.0 (compatible; YandexBot/3.0; +http://yandex.com/bots)"
66.249.64.39 - - [14/Apr/2026:03:13:46 +0000] "GET /shop/customer/bookmark.php?shopping/products/16201357435 HTTP/1.1" 200 27616 "-" "Mozilla/5.0 (Linux; Android 6.0.1; Nexus 5X Build/MMB29P) AppleWebKit/537.36 (KHTML, like Gecko) Chrome/146.0.7680.177 Mobile Safari/537.36 (compatible; Googlebot/2.1; +http://www.google.com/bot.html)"
74.7.227.185 - - [14/Apr/2026:03:13:51 +0000] "GET /shopping/products/16211708140 HTTP/2.0" 500 1004 "https://elementalmill.com.lab2454.com/shopping/products/16211918702" "Mozilla/5.0 AppleWebKit/537.36 (KHTML, like Gecko; compatible; GPTBot/1.3; +https://openai.com/gptbot)"
74.7.243.205 - - [14/Apr/2026:03:14:03 +0000] "GET /shop/pg/1685234 HTTP/2.0" 500 1004 "https://www.elementalmill.com.lab2454.com/shop/pg/1684072" "Mozilla/5.0 AppleWebKit/537.36 (KHTML, like Gecko; compatible; GPTBot/1.3; +https://openai.com/gptbot)"
66.249.64.40 - - [14/Apr/2026:03:14:11 +0000] "GET /shop/customer/bookmark.php?shopping/products/16211870181 HTTP/1.1" 200 28575 "-" "Mozilla/5.0 (Linux; Android 6.0.1; Nexus 5X Build/MMB29P) AppleWebKit/537.36 (KHTML, like Gecko) Chrome/146.0.7680.177 Mobile Safari/537.36 (compatible; Googlebot/2.1; +http://www.google.com/bot.html)"
74.7.227.48 - - [14/Apr/2026:03:14:12 +0000] "GET /shop/pg/2509449 HTTP/2.0" 500 1004 "https://www.elementalmill.com/?shopping/products/16232509449" "Mozilla/5.0 AppleWebKit/537.36 (KHTML, like Gecko; compatible; GPTBot/1.3; +https://openai.com/gptbot)"
209.170.91.201 - - [14/Apr/2026:03:14:26 +0000] "GET / HTTP/2.0" 500 1004 "-" "Mozilla/5.0 (Windows NT 10.0; Win64; x64) AppleWebKit/537.36 (KHTML, like Gecko) Chrome/100.0.4896.75 Safari/537.36"
209.170.91.201 - - [14/Apr/2026:03:14:26 +0000] "GET /favicon.ico HTTP/2.0" 500 1004 "https://elementalmill.com/" "Mozilla/5.0 (Windows NT 10.0; Win64; x64) AppleWebKit/537.36 (KHTML, like Gecko) Chrome/100.0.4896.75 Safari/537.36"
74.7.242.41 - - [14/Apr/2026:03:14:32 +0000] "GET /shop/pg/16211585038 HTTP/2.0" 500 1004 "https://elementalmill.com/?shopping/products/16211580759" "Mozilla/5.0 AppleWebKit/537.36 (KHTML, like Gecko; compatible; GPTBot/1.3; +https://openai.com/gptbot)"
66.249.64.40 - - [14/Apr/2026:03:14:41 +0000] "GET /?shop/891111642559.html HTTP/1.1" 200 27286 "-" "Mozilla/5.0 (Linux; Android 6.0.1; Nexus 5X Build/MMB29P) AppleWebKit/537.36 (KHTML, like Gecko) Chrome/146.0.7680.177 Mobile Safari/537.36 (compatible; Googlebot/2.1; +http://www.google.com/bot.html)"
66.249.64.40 - - [14/Apr/2026:03:14:42 +0000] "GET /?shop/8888410427.html HTTP/1.1" 200 27157 "-" "Mozilla/5.0 (Linux; Android 6.0.1; Nexus 5X Build/MMB29P) AppleWebKit/537.36 (KHTML, like Gecko) Chrome/146.0.7680.177 Mobile Safari/537.36 (compatible; Googlebot/2.1; +http://www.google.com/bot.html)"
74.7.227.185 - - [14/Apr/2026:03:14:56 +0000] "GET /shopping/products/16211953036 HTTP/2.0" 500 1004 "https://elementalmill.com.lab2454.com/shopping/products/16201259948" "Mozilla/5.0 AppleWebKit/537.36 (KHTML, like Gecko; compatible; GPTBot/1.3; +https://openai.com/gptbot)"
66.249.64.40 - - [14/Apr/2026:03:15:02 +0000] "GET /shop/customer/bookmark.php?shopping/products/16211854053 HTTP/1.1" 200 27328 "-" "Mozilla/5.0 (Linux; Android 6.0.1; Nexus 5X Build/MMB29P) AppleWebKit/537.36 (KHTML, like Gecko) Chrome/146.0.7680.177 Mobile Safari/537.36 (compatible; Googlebot/2.1; +http://www.google.com/bot.html)"
74.7.243.205 - - [14/Apr/2026:03:15:05 +0000] "GET /shop/pg/1522936 HTTP/2.0" 500 1004 "https://www.elementalmill.com.lab2454.com/shop/pg/16201306476" "Mozilla/5.0 AppleWebKit/537.36 (KHTML, like Gecko; compatible; GPTBot/1.3; +https://openai.com/gptbot)"
74.7.227.48 - - [14/Apr/2026:03:15:17 +0000] "GET /shop/pg/2572471 HTTP/2.0" 500 1004 "https://www.elementalmill.com/?shopping/products/16232572471" "Mozilla/5.0 AppleWebKit/537.36 (KHTML, like Gecko; compatible; GPTBot/1.3; +https://openai.com/gptbot)"
66.249.64.40 - - [14/Apr/2026:03:15:28 +0000] "GET /?shop/88922293625.html HTTP/1.1" 200 27221 "-" "Mozilla/5.0 (Linux; Android 6.0.1; Nexus 5X Build/MMB29P) AppleWebKit/537.36 (KHTML, like Gecko) Chrome/146.0.7680.177 Mobile Safari/537.36 (compatible; Googlebot/2.1; +http://www.google.com/bot.html)"
74.7.242.41 - - [14/Apr/2026:03:15:35 +0000] "GET /shop/pg/16211895664 HTTP/2.0" 500 1004 "https://www.elementalmill.com" "Mozilla/5.0 AppleWebKit/537.36 (KHTML, like Gecko; compatible; GPTBot/1.3; +https://openai.com/gptbot)"
66.249.64.39 - - [14/Apr/2026:03:15:53 +0000] "GET /shopping/products/1619528432 HTTP/1.1" 200 28428 "-" "Mozilla/5.0 (Linux; Android 6.0.1; Nexus 5X Build/MMB29P) AppleWebKit/537.36 (KHTML, like Gecko) Chrome/146.0.7680.177 Mobile Safari/537.36 (compatible; Googlebot/2.1; +http://www.google.com/bot.html)"
74.7.227.185 - - [14/Apr/2026:03:16:02 +0000] "GET /shopping/products/16188125530 HTTP/2.0" 500 1004 "https://elementalmill.com.lab2454.com/sitemap771.xml" "Mozilla/5.0 AppleWebKit/537.36 (KHTML, like Gecko; compatible; GPTBot/1.3; +https://openai.com/gptbot)"
74.7.243.205 - - [14/Apr/2026:03:16:11 +0000] "GET /shop/pg/1749428 HTTP/2.0" 500 1004 "https://www.elementalmill.com.lab2454.com/shop/pg/1619608284" "Mozilla/5.0 AppleWebKit/537.36 (KHTML, like Gecko; compatible; GPTBot/1.3; +https://openai.com/gptbot)"
66.249.64.40 - - [14/Apr/2026:03:16:19 +0000] "GET /?shop/88974449522.html HTTP/1.1" 200 27184 "-" "Mozilla/5.0 (Linux; Android 6.0.1; Nexus 5X Build/MMB29P) AppleWebKit/537.36 (KHTML, like Gecko) Chrome/146.0.7680.177 Mobile Safari/537.36 (compatible; Googlebot/2.1; +http://www.google.com/bot.html)"
74.7.242.41 - - [14/Apr/2026:03:16:40 +0000] "GET /shop/pg/16201455313 HTTP/2.0" 500 1004 "https://elementalmill.com/?shopping/products/16201451052" "Mozilla/5.0 AppleWebKit/537.36 (KHTML, like Gecko; compatible; GPTBot/1.3; +https://openai.com/gptbot)"
66.249.64.39 - - [14/Apr/2026:03:16:44 +0000] "GET /shopping/products/16222005418 HTTP/1.1" 200 28700 "-" "Mozilla/5.0 (Linux; Android 6.0.1; Nexus 5X Build/MMB29P) AppleWebKit/537.36 (KHTML, like Gecko) Chrome/146.0.7680.177 Mobile Safari/537.36 (compatible; Googlebot/2.1; +http://www.google.com/bot.html)"
74.7.227.185 - - [14/Apr/2026:03:17:05 +0000] "GET /shopping/products/16201414375 HTTP/2.0" 500 1004 "https://elementalmill.com.lab2454.com/shopping/products/16201057197" "Mozilla/5.0 AppleWebKit/537.36 (KHTML, like Gecko; compatible; GPTBot/1.3; +https://openai.com/gptbot)"
74.7.243.205 - - [14/Apr/2026:03:17:11 +0000] "GET /shop/pg/2494500 HTTP/2.0" 500 1004 "https://www.elementalmill.com.lab2454.com/shopping/products/16222494500" "Mozilla/5.0 AppleWebKit/537.36 (KHTML, like Gecko; compatible; GPTBot/1.3; +https://openai.com/gptbot)"
66.249.64.40 - - [14/Apr/2026:03:17:10 +0000] "GET /?shop/88943221057.html HTTP/1.1" 200 28549 "-" "Mozilla/5.0 (Linux; Android 6.0.1; Nexus 5X Build/MMB29P) AppleWebKit/537.36 (KHTML, like Gecko) Chrome/146.0.7680.177 Mobile Safari/537.36 (compatible; Googlebot/2.1; +http://www.google.com/bot.html)"
74.7.242.41 - - [14/Apr/2026:03:17:11 +0000] "GET /shop/pg/1017738 HTTP/2.0" 500 1004 "https://mail.elementalmill.com/?shopping/products/16201017738" "Mozilla/5.0 AppleWebKit/537.36 (KHTML, like Gecko; compatible; GPTBot/1.3; +https://openai.com/gptbot)"
95.108.213.235 - - [14/Apr/2026:03:17:20 +0000] "GET /shopping/products/1618322141 HTTP/1.1" 500 1004 "-" "Mozilla/5.0 (compatible; YandexBot/3.0; +http://yandex.com/bots)"
74.7.227.48 - - [14/Apr/2026:03:17:22 +0000] "GET /shop/pg/1240238 HTTP/2.0" 500 1004 "https://www.elementalmill.com/?shopping/products/16201240238" "Mozilla/5.0 AppleWebKit/537.36 (KHTML, like Gecko; compatible; GPTBot/1.3; +https://openai.com/gptbot)"
66.249.64.39 - - [14/Apr/2026:03:17:35 +0000] "GET /shop/pg/860631 HTTP/1.1" 200 27678 "-" "Mozilla/5.0 (Linux; Android 6.0.1; Nexus 5X Build/MMB29P) AppleWebKit/537.36 (KHTML, like Gecko) Chrome/146.0.7680.177 Mobile Safari/537.36 (compatible; Googlebot/2.1; +http://www.google.com/bot.html)"
74.7.242.41 - - [14/Apr/2026:03:17:45 +0000] "GET /shop/pg/16201340600 HTTP/2.0" 500 1004 "https://www.elementalmill.com" "Mozilla/5.0 AppleWebKit/537.36 (KHTML, like Gecko; compatible; GPTBot/1.3; +https://openai.com/gptbot)"
66.249.64.41 - - [14/Apr/2026:03:18:01 +0000] "GET /shop/customer/bookmark.php?shopping/products/16232619464 HTTP/1.1" 200 27604 "-" "Mozilla/5.0 (Linux; Android 6.0.1; Nexus 5X Build/MMB29P) AppleWebKit/537.36 (KHTML, like Gecko) Chrome/146.0.7680.177 Mobile Safari/537.36 (compatible; Googlebot/2.1; +http://www.google.com/bot.html)"
74.7.227.185 - - [14/Apr/2026:03:18:05 +0000] "GET /shopping/products/16201209517 HTTP/2.0" 500 1004 "https://elementalmill.com.lab2454.com/shopping/products/16211893627" "Mozilla/5.0 AppleWebKit/537.36 (KHTML, like Gecko; compatible; GPTBot/1.3; +https://openai.com/gptbot)"
5.255.231.202 - - [14/Apr/2026:03:18:14 +0000] "GET /category/16203 HTTP/1.1" 500 1004 "-" "Mozilla/5.0 (compatible; YandexBot/3.0; +http://yandex.com/bots)"
74.7.243.205 - - [14/Apr/2026:03:18:15 +0000] "GET /shop/pg/1196779 HTTP/2.0" 500 1004 "https://www.elementalmill.com.lab2454.com/shop/customer/bookmark.php?shopping/products/16201196779" "Mozilla/5.0 AppleWebKit/537.36 (KHTML, like Gecko; compatible; GPTBot/1.3; +https://openai.com/gptbot)"
66.249.64.40 - - [14/Apr/2026:03:18:26 +0000] "GET /?shop/8888286811.html HTTP/1.1" 200 28272 "-" "Mozilla/5.0 (Linux; Android 6.0.1; Nexus 5X Build/MMB29P) AppleWebKit/537.36 (KHTML, like Gecko) Chrome/146.0.7680.177 Mobile Safari/537.36 (compatible; Googlebot/2.1; +http://www.google.com/bot.html)"
74.7.227.48 - - [14/Apr/2026:03:18:31 +0000] "GET /shop/pg/2466179 HTTP/2.0" 500 1004 "https://www.elementalmill.com/?shopping/products/16222466179" "Mozilla/5.0 AppleWebKit/537.36 (KHTML, like Gecko; compatible; GPTBot/1.3; +https://openai.com/gptbot)"
74.7.242.41 - - [14/Apr/2026:03:18:50 +0000] "GET /shop/pg/16232532163 HTTP/2.0" 500 1004 "https://www.elementalmill.com" "Mozilla/5.0 AppleWebKit/537.36 (KHTML, like Gecko; compatible; GPTBot/1.3; +https://openai.com/gptbot)"
66.249.64.39 - - [14/Apr/2026:03:18:52 +0000] "GET /shop/customer/bookmark.php?shopping/products/16201155273 HTTP/1.1" 200 27787 "-" "Mozilla/5.0 (Linux; Android 6.0.1; Nexus 5X Build/MMB29P) AppleWebKit/537.36 (KHTML, like Gecko) Chrome/146.0.7680.177 Mobile Safari/537.36 (compatible; Googlebot/2.1; +http://www.google.com/bot.html)"
74.7.227.185 - - [14/Apr/2026:03:19:08 +0000] "GET /shopping/products/16201460693 HTTP/2.0" 500 1004 "https://elementalmill.com.lab2454.com/shopping/products/16211765859" "Mozilla/5.0 AppleWebKit/537.36 (KHTML, like Gecko; compatible; GPTBot/1.3; +https://openai.com/gptbot)"
74.7.242.41 - - [14/Apr/2026:03:19:13 +0000] "GET /shop/pg/2445878 HTTP/2.0" 500 1004 "https://mail.elementalmill.com/?shopping/products/16222445878" "Mozilla/5.0 AppleWebKit/537.36 (KHTML, like Gecko; compatible; GPTBot/1.3; +https://openai.com/gptbot)"
74.7.243.205 - - [14/Apr/2026:03:19:16 +0000] "GET /shop/pg/1213048 HTTP/2.0" 500 1004 "https://www.elementalmill.com.lab2454.com/shop/pg/1211900" "Mozilla/5.0 AppleWebKit/537.36 (KHTML, like Gecko; compatible; GPTBot/1.3; +https://openai.com/gptbot)"
66.249.64.40 - - [14/Apr/2026:03:19:30 +0000] "GET /?shop/891613986314.html HTTP/1.1" 200 27694 "-" "Mozilla/5.0 (Linux; Android 6.0.1; Nexus 5X Build/MMB29P) AppleWebKit/537.36 (KHTML, like Gecko) Chrome/146.0.7680.177 Mobile Safari/537.36 (compatible; Googlebot/2.1; +http://www.google.com/bot.html)"
66.249.64.40 - - [14/Apr/2026:03:19:32 +0000] "GET /?shop/88995807195.html HTTP/1.1" 200 27355 "-" "Mozilla/5.0 (Linux; Android 6.0.1; Nexus 5X Build/MMB29P) AppleWebKit/537.36 (KHTML, like Gecko) Chrome/146.0.7680.177 Mobile Safari/537.36 (compatible; Googlebot/2.1; +http://www.google.com/bot.html)"
74.7.242.41 - - [14/Apr/2026:03:19:51 +0000] "GET /shop/pg/22016992619 HTTP/2.0" 500 1004 "https://elementalmill.com/c/all-product/blanc-22012645079" "Mozilla/5.0 AppleWebKit/537.36 (KHTML, like Gecko; compatible; GPTBot/1.3; +https://openai.com/gptbot)"
66.249.64.40 - - [14/Apr/2026:03:19:51 +0000] "GET /shopping/products/16201237698 HTTP/1.1" 200 27231 "-" "Mozilla/5.0 (Linux; Android 6.0.1; Nexus 5X Build/MMB29P) AppleWebKit/537.36 (KHTML, like Gecko) Chrome/146.0.7680.177 Mobile Safari/537.36 (compatible; Googlebot/2.1; +http://www.google.com/bot.html)"
66.249.64.39 - - [14/Apr/2026:03:20:11 +0000] "GET /?shop/88985162872.html HTTP/1.1" 200 27861 "-" "Mozilla/5.0 (Linux; Android 6.0.1; Nexus 5X Build/MMB29P) AppleWebKit/537.36 (KHTML, like Gecko) Chrome/146.0.7680.177 Mobile Safari/537.36 (compatible; Googlebot/2.1; +http://www.google.com/bot.html)"
74.7.227.185 - - [14/Apr/2026:03:20:12 +0000] "GET /shopping/products/16211663249 HTTP/2.0" 500 1004 "https://elementalmill.com.lab2454.com/shopping/products/16232605164" "Mozilla/5.0 AppleWebKit/537.36 (KHTML, like Gecko; compatible; GPTBot/1.3; +https://openai.com/gptbot)"
74.7.243.205 - - [14/Apr/2026:03:20:19 +0000] "GET /shop/pg/1322805 HTTP/2.0" 500 1004 "https://www.elementalmill.com.lab2454.com/shop/pg/16211697884" "Mozilla/5.0 AppleWebKit/537.36 (KHTML, like Gecko; compatible; GPTBot/1.3; +https://openai.com/gptbot)"
87.250.224.26 - - [14/Apr/2026:03:20:26 +0000] "GET /robots.txt HTTP/1.1" 500 2431 "-" "Mozilla/5.0 (compatible; YandexBot/3.0; +http://yandex.com/bots)"
74.7.227.48 - - [14/Apr/2026:03:20:32 +0000] "GET /shop/pg/1133456 HTTP/2.0" 500 1004 "https://www.elementalmill.com/?shopping/products/16201133456" "Mozilla/5.0 AppleWebKit/537.36 (KHTML, like Gecko; compatible; GPTBot/1.3; +https://openai.com/gptbot)"
66.249.64.39 - - [14/Apr/2026:03:20:49 +0000] "GET /shop/customer/bookmark.php?shopping/products/16201354873 HTTP/1.1" 200 27575 "-" "Mozilla/5.0 (Linux; Android 6.0.1; Nexus 5X Build/MMB29P) AppleWebKit/537.36 (KHTML, like Gecko) Chrome/146.0.7680.177 Mobile Safari/537.36 (compatible; Googlebot/2.1; +http://www.google.com/bot.html)"
74.7.242.41 - - [14/Apr/2026:03:20:55 +0000] "GET /shop/pg/16211587702 HTTP/2.0" 500 1004 "https://elementalmill.com/shop/customer/bookmark.php?shopping/products/16211580777" "Mozilla/5.0 AppleWebKit/537.36 (KHTML, like Gecko; compatible; GPTBot/1.3; +https://openai.com/gptbot)"
87.250.224.6 - - [14/Apr/2026:03:21:03 +0000] "GET /shopping/products/16196132116 HTTP/1.1" 500 1004 "-" "Mozilla/5.0 (compatible; YandexBot/3.0; +http://yandex.com/bots)"
66.249.64.41 - - [14/Apr/2026:03:21:11 +0000] "GET /?shop/88943209244.html HTTP/1.1" 200 28060 "-" "Mozilla/5.0 (Linux; Android 6.0.1; Nexus 5X Build/MMB29P) AppleWebKit/537.36 (KHTML, like Gecko) Chrome/146.0.7680.177 Mobile Safari/537.36 (compatible; Googlebot/2.1; +http://www.google.com/bot.html)"
66.249.64.39 - - [14/Apr/2026:03:21:12 +0000] "GET /?shop/89058884979.html HTTP/1.1" 200 27228 "-" "Mozilla/5.0 (Linux; Android 6.0.1; Nexus 5X Build/MMB29P) AppleWebKit/537.36 (KHTML, like Gecko) Chrome/146.0.7680.177 Mobile Safari/537.36 (compatible; Googlebot/2.1; +http://www.google.com/bot.html)"
74.7.227.185 - - [14/Apr/2026:03:21:16 +0000] "GET /shopping/products/16211643936 HTTP/2.0" 500 1004 "https://elementalmill.com.lab2454.com/shopping/products/16201430235" "Mozilla/5.0 AppleWebKit/537.36 (KHTML, like Gecko; compatible; GPTBot/1.3; +https://openai.com/gptbot)"
74.7.243.205 - - [14/Apr/2026:03:21:24 +0000] "GET /shop/pg/1385409 HTTP/2.0" 500 1004 "https://www.elementalmill.com.lab2454.com/shop/pg/16201168939" "Mozilla/5.0 AppleWebKit/537.36 (KHTML, like Gecko; compatible; GPTBot/1.3; +https://openai.com/gptbot)"
66.249.64.40 - - [14/Apr/2026:03:21:32 +0000] "GET /shop/customer/bookmark.php?shopping/products/16222233047 HTTP/1.1" 200 27315 "-" "Mozilla/5.0 (Linux; Android 6.0.1; Nexus 5X Build/MMB29P) AppleWebKit/537.36 (KHTML, like Gecko) Chrome/146.0.7680.177 Mobile Safari/537.36 (compatible; Googlebot/2.1; +http://www.google.com/bot.html)"
74.7.227.48 - - [14/Apr/2026:03:21:34 +0000] "GET /shop/pg/2505673 HTTP/2.0" 500 1004 "https://www.elementalmill.com/shopping/products/16232505673" "Mozilla/5.0 AppleWebKit/537.36 (KHTML, like Gecko; compatible; GPTBot/1.3; +https://openai.com/gptbot)"
144.76.32.114 - - [14/Apr/2026:03:21:50 +0000] "GET /robots.txt HTTP/1.1" 200 354 "-" "Mozilla/5.0 (compatible; SERankingBacklinksBot/1.0; +https://seranking.com/backlinks-crawler)"
144.76.32.114 - - [14/Apr/2026:03:21:51 +0000] "GET /shop/pg/2506580 HTTP/1.1" 500 1004 "-" "Mozilla/5.0 (compatible; SERankingBacklinksBot/1.0; +https://seranking.com/backlinks-crawler)"
66.249.64.39 - - [14/Apr/2026:03:21:52 +0000] "GET /?shop/89016734065.html HTTP/1.1" 200 28537 "-" "Mozilla/5.0 (Linux; Android 6.0.1; Nexus 5X Build/MMB29P) AppleWebKit/537.36 (KHTML, like Gecko) Chrome/146.0.7680.177 Mobile Safari/537.36 (compatible; Googlebot/2.1; +http://www.google.com/bot.html)"
66.249.64.39 - - [14/Apr/2026:03:21:55 +0000] "GET /?shop/88964244356.html HTTP/1.1" 200 27768 "-" "Mozilla/5.0 (Linux; Android 6.0.1; Nexus 5X Build/MMB29P) AppleWebKit/537.36 (KHTML, like Gecko) Chrome/146.0.7680.177 Mobile Safari/537.36 (compatible; Googlebot/2.1; +http://www.google.com/bot.html)"
74.7.242.41 - - [14/Apr/2026:03:21:57 +0000] "GET /shop/pg/16211508106 HTTP/2.0" 500 1004 "https://www.elementalmill.com" "Mozilla/5.0 AppleWebKit/537.36 (KHTML, like Gecko; compatible; GPTBot/1.3; +https://openai.com/gptbot)"
66.249.64.39 - - [14/Apr/2026:03:21:57 +0000] "GET /shop/customer/bookmark.php?shopping/products/16222164817 HTTP/1.1" 200 27500 "-" "Mozilla/5.0 (Linux; Android 6.0.1; Nexus 5X Build/MMB29P) AppleWebKit/537.36 (KHTML, like Gecko) Chrome/146.0.7680.177 Mobile Safari/537.36 (compatible; Googlebot/2.1; +http://www.google.com/bot.html)"
66.249.64.41 - - [14/Apr/2026:03:22:16 +0000] "GET /?shop/891011238396.html HTTP/1.1" 200 28570 "-" "Mozilla/5.0 (Linux; Android 6.0.1; Nexus 5X Build/MMB29P) AppleWebKit/537.36 (KHTML, like Gecko) Chrome/146.0.7680.177 Mobile Safari/537.36 (compatible; Googlebot/2.1; +http://www.google.com/bot.html)"
74.7.227.185 - - [14/Apr/2026:03:22:19 +0000] "GET /shopping/products/16232610285 HTTP/2.0" 500 1004 "https://elementalmill.com.lab2454.com/shopping/products/16201251425" "Mozilla/5.0 AppleWebKit/537.36 (KHTML, like Gecko; compatible; GPTBot/1.3; +https://openai.com/gptbot)"
74.7.243.205 - - [14/Apr/2026:03:22:28 +0000] "GET /shop/pg/1316163 HTTP/2.0" 500 1004 "https://www.elementalmill.com.lab2454.com/shop/pg/16211691260" "Mozilla/5.0 AppleWebKit/537.36 (KHTML, like Gecko; compatible; GPTBot/1.3; +https://openai.com/gptbot)"
74.7.227.48 - - [14/Apr/2026:03:22:37 +0000] "GET /shop/pg/1153554 HTTP/2.0" 500 1004 "https://www.elementalmill.com/shopping/products/16201153554" "Mozilla/5.0 AppleWebKit/537.36 (KHTML, like Gecko; compatible; GPTBot/1.3; +https://openai.com/gptbot)"
74.7.242.41 - - [14/Apr/2026:03:22:59 +0000] "GET /shop/pg/16232532845 HTTP/2.0" 500 1004 "https://www.elementalmill.com" "Mozilla/5.0 AppleWebKit/537.36 (KHTML, like Gecko; compatible; GPTBot/1.3; +https://openai.com/gptbot)"
66.249.64.41 - - [14/Apr/2026:03:23:07 +0000] "GET /?shop/89079600352.html HTTP/1.1" 200 28200 "-" "Mozilla/5.0 (Linux; Android 6.0.1; Nexus 5X Build/MMB29P) AppleWebKit/537.36 (KHTML, like Gecko) Chrome/146.0.7680.177 Mobile Safari/537.36 (compatible; Googlebot/2.1; +http://www.google.com/bot.html)"
87.250.224.81 - - [14/Apr/2026:03:23:13 +0000] "GET /shopping/products/16222214342 HTTP/1.1" 500 1004 "-" "Mozilla/5.0 (compatible; YandexBot/3.0; +http://yandex.com/bots)"
74.7.242.41 - - [14/Apr/2026:03:23:21 +0000] "GET /shop/pg/1231957 HTTP/2.0" 500 1004 "https://mail.elementalmill.com/shop/pg/16201015506" "Mozilla/5.0 AppleWebKit/537.36 (KHTML, like Gecko; compatible; GPTBot/1.3; +https://openai.com/gptbot)"
74.7.243.205 - - [14/Apr/2026:03:23:30 +0000] "GET /shop/pg/1987327 HTTP/2.0" 500 1004 "https://www.elementalmill.com.lab2454.com/shop/pg/1986161" "Mozilla/5.0 AppleWebKit/537.36 (KHTML, like Gecko; compatible; GPTBot/1.3; +https://openai.com/gptbot)"
66.249.64.40 - - [14/Apr/2026:03:23:32 +0000] "GET /shop/customer/bookmark.php?shopping/products/16211995096 HTTP/1.1" 200 27763 "-" "Mozilla/5.0 (Linux; Android 6.0.1; Nexus 5X Build/MMB29P) AppleWebKit/537.36 (KHTML, like Gecko) Chrome/146.0.7680.177 Mobile Safari/537.36 (compatible; Googlebot/2.1; +http://www.google.com/bot.html)"
66.249.64.39 - - [14/Apr/2026:03:23:58 +0000] "GET /?shop/8888487749.html HTTP/1.1" 200 26929 "-" "Mozilla/5.0 (Linux; Android 6.0.1; Nexus 5X Build/MMB29P) AppleWebKit/537.36 (KHTML, like Gecko) Chrome/146.0.7680.177 Mobile Safari/537.36 (compatible; Googlebot/2.1; +http://www.google.com/bot.html)"
66.249.64.39 - - [14/Apr/2026:03:24:00 +0000] "GET /?shop/891613946287.html HTTP/1.1" 200 27766 "-" "Mozilla/5.0 (Linux; Android 6.0.1; Nexus 5X Build/MMB29P) AppleWebKit/537.36 (KHTML, like Gecko) Chrome/146.0.7680.177 Mobile Safari/537.36 (compatible; Googlebot/2.1; +http://www.google.com/bot.html)"
74.7.242.41 - - [14/Apr/2026:03:24:01 +0000] "GET /shop/pg/21993157897 HTTP/2.0" 500 1004 "https://elementalmill.com/1746219910042" "Mozilla/5.0 AppleWebKit/537.36 (KHTML, like Gecko; compatible; GPTBot/1.3; +https://openai.com/gptbot)"
66.249.64.39 - - [14/Apr/2026:03:24:23 +0000] "GET /shop/customer/bookmark.php?shopping/products/16211750734 HTTP/1.1" 200 27414 "-" "Mozilla/5.0 (Linux; Android 6.0.1; Nexus 5X Build/MMB29P) AppleWebKit/537.36 (KHTML, like Gecko) Chrome/146.0.7680.177 Mobile Safari/537.36 (compatible; Googlebot/2.1; +http://www.google.com/bot.html)"
74.7.227.185 - - [14/Apr/2026:03:24:26 +0000] "GET /shopping/products/16201012689 HTTP/2.0" 500 1004 "https://elementalmill.com.lab2454.com/shopping/products/16232569671" "Mozilla/5.0 AppleWebKit/537.36 (KHTML, like Gecko; compatible; GPTBot/1.3; +https://openai.com/gptbot)"
74.7.243.205 - - [14/Apr/2026:03:24:36 +0000] "GET /shop/pg/1146277 HTTP/2.0" 500 1004 "https://www.elementalmill.com.lab2454.com/shop/pg/16211521375" "Mozilla/5.0 AppleWebKit/537.36 (KHTML, like Gecko; compatible; GPTBot/1.3; +https://openai.com/gptbot)"
74.7.227.48 - - [14/Apr/2026:03:24:41 +0000] "GET /shop/pg/2144155 HTTP/2.0" 500 1004 "https://www.elementalmill.com/?shopping/products/16222144155" "Mozilla/5.0 AppleWebKit/537.36 (KHTML, like Gecko; compatible; GPTBot/1.3; +https://openai.com/gptbot)"
66.249.64.39 - - [14/Apr/2026:03:24:49 +0000] "GET /?shop/88901320252.html HTTP/1.1" 200 27748 "-" "Mozilla/5.0 (Linux; Android 6.0.1; Nexus 5X Build/MMB29P) AppleWebKit/537.36 (KHTML, like Gecko) Chrome/146.0.7680.177 Mobile Safari/537.36 (compatible; Googlebot/2.1; +http://www.google.com/bot.html)"
74.7.242.41 - - [14/Apr/2026:03:25:05 +0000] "GET /shop/pg/16211680071 HTTP/2.0" 500 1004 "https://elementalmill.com/?shopping/products/16211675800" "Mozilla/5.0 AppleWebKit/537.36 (KHTML, like Gecko; compatible; GPTBot/1.3; +https://openai.com/gptbot)"
66.249.64.39 - - [14/Apr/2026:03:25:14 +0000] "GET /shop/pg/1045058 HTTP/1.1" 200 28407 "-" "Mozilla/5.0 (Linux; Android 6.0.1; Nexus 5X Build/MMB29P) AppleWebKit/537.36 (KHTML, like Gecko) Chrome/146.0.7680.177 Mobile Safari/537.36 (compatible; Googlebot/2.1; +http://www.google.com/bot.html)"
74.7.227.185 - - [14/Apr/2026:03:25:33 +0000] "GET /shopping/products/16232502266 HTTP/2.0" 500 1004 "https://elementalmill.com.lab2454.com/shopping/products/16211877095" "Mozilla/5.0 AppleWebKit/537.36 (KHTML, like Gecko; compatible; GPTBot/1.3; +https://openai.com/gptbot)"
66.249.64.39 - - [14/Apr/2026:03:25:40 +0000] "GET /shop/customer/bookmark.php?shopping/products/16211553148 HTTP/1.1" 200 27588 "-" "Mozilla/5.0 (Linux; Android 6.0.1; Nexus 5X Build/MMB29P) AppleWebKit/537.36 (KHTML, like Gecko) Chrome/146.0.7680.177 Mobile Safari/537.36 (compatible; Googlebot/2.1; +http://www.google.com/bot.html)"
74.7.243.205 - - [14/Apr/2026:03:25:42 +0000] "GET /shop/pg/1148960 HTTP/2.0" 500 1004 "https://www.elementalmill.com.lab2454.com/shop/pg/16211524062" "Mozilla/5.0 AppleWebKit/537.36 (KHTML, like Gecko; compatible; GPTBot/1.3; +https://openai.com/gptbot)"
74.7.227.48 - - [14/Apr/2026:03:25:44 +0000] "GET /shop/pg/2436772 HTTP/2.0" 500 1004 "https://www.elementalmill.com/?shopping/products/16222436772" "Mozilla/5.0 AppleWebKit/537.36 (KHTML, like Gecko; compatible; GPTBot/1.3; +https://openai.com/gptbot)"
5.255.231.125 - - [14/Apr/2026:03:25:48 +0000] "GET /shopping/products/16211504620 HTTP/1.1" 500 1004 "-" "Mozilla/5.0 (compatible; YandexBot/3.0; +http://yandex.com/bots)"
66.249.64.41 - - [14/Apr/2026:03:26:05 +0000] "GET /?shop/89079603380.html HTTP/1.1" 200 27531 "-" "Mozilla/5.0 (Linux; Android 6.0.1; Nexus 5X Build/MMB29P) AppleWebKit/537.36 (KHTML, like Gecko) Chrome/146.0.7680.177 Mobile Safari/537.36 (compatible; Googlebot/2.1; +http://www.google.com/bot.html)"
74.7.242.41 - - [14/Apr/2026:03:26:09 +0000] "GET /shop/pg/16201302062 HTTP/2.0" 500 1004 "https://elementalmill.com/?shopping/products/16201297778" "Mozilla/5.0 AppleWebKit/537.36 (KHTML, like Gecko; compatible; GPTBot/1.3; +https://openai.com/gptbot)"
74.7.227.185 - - [14/Apr/2026:03:26:32 +0000] "GET /shopping/products/16201042558 HTTP/2.0" 500 1004 "https://elementalmill.com.lab2454.com/shopping/products/16201026556" "Mozilla/5.0 AppleWebKit/537.36 (KHTML, like Gecko; compatible; GPTBot/1.3; +https://openai.com/gptbot)"
74.7.243.205 - - [14/Apr/2026:03:26:46 +0000] "GET /shop/pg/1614771 HTTP/2.0" 500 1004 "https://www.elementalmill.com.lab2454.com/shop/pg/16201398307" "Mozilla/5.0 AppleWebKit/537.36 (KHTML, like Gecko; compatible; GPTBot/1.3; +https://openai.com/gptbot)"
74.7.227.48 - - [14/Apr/2026:03:26:47 +0000] "GET /shop/pg/1211689 HTTP/2.0" 500 1004 "https://www.elementalmill.com/?shopping/products/16201211689" "Mozilla/5.0 AppleWebKit/537.36 (KHTML, like Gecko; compatible; GPTBot/1.3; +https://openai.com/gptbot)"
66.249.64.39 - - [14/Apr/2026:03:27:03 +0000] "GET /?shop/8889596447.html HTTP/1.1" 200 27981 "-" "Mozilla/5.0 (Linux; Android 6.0.1; Nexus 5X Build/MMB29P) AppleWebKit/537.36 (KHTML, like Gecko) Chrome/146.0.7680.177 Mobile Safari/537.36 (compatible; Googlebot/2.1; +http://www.google.com/bot.html)"
74.7.242.41 - - [14/Apr/2026:03:27:12 +0000] "GET /shop/pg/16201470613 HTTP/2.0" 500 1004 "https://elementalmill.com/index.php?shopping/products/16201465429" "Mozilla/5.0 AppleWebKit/537.36 (KHTML, like Gecko; compatible; GPTBot/1.3; +https://openai.com/gptbot)"
213.180.203.180 - - [14/Apr/2026:03:27:25 +0000] "GET /shopping/products/16211816015 HTTP/1.1" 500 1004 "-" "Mozilla/5.0 (compatible; YandexBot/3.0; +http://yandex.com/bots)"
74.7.227.185 - - [14/Apr/2026:03:27:34 +0000] "GET /shopping/products/16211603629 HTTP/2.0" 500 1004 "https://elementalmill.com.lab2454.com/shopping/products/16232528390" "Mozilla/5.0 AppleWebKit/537.36 (KHTML, like Gecko; compatible; GPTBot/1.3; +https://openai.com/gptbot)"
74.7.243.205 - - [14/Apr/2026:03:27:48 +0000] "GET /shop/pg/1616371 HTTP/2.0" 500 1004 "https://www.elementalmill.com.lab2454.com/shop/pg/1615220" "Mozilla/5.0 AppleWebKit/537.36 (KHTML, like Gecko; compatible; GPTBot/1.3; +https://openai.com/gptbot)"
66.249.64.41 - - [14/Apr/2026:03:28:00 +0000] "GET /?shop/891413123265.html HTTP/1.1" 200 27323 "-" "Mozilla/5.0 (Linux; Android 6.0.1; Nexus 5X Build/MMB29P) AppleWebKit/537.36 (KHTML, like Gecko) Chrome/146.0.7680.177 Mobile Safari/537.36 (compatible; Googlebot/2.1; +http://www.google.com/bot.html)"
66.249.64.40 - - [14/Apr/2026:03:28:03 +0000] "GET /shopping/products/16232539908 HTTP/1.1" 200 27865 "-" "Mozilla/5.0 (Linux; Android 6.0.1; Nexus 5X Build/MMB29P) AppleWebKit/537.36 (KHTML, like Gecko) Chrome/146.0.7680.177 Mobile Safari/537.36 (compatible; Googlebot/2.1; +http://www.google.com/bot.html)"
74.7.242.41 - - [14/Apr/2026:03:28:16 +0000] "GET /shop/pg/21993170178 HTTP/2.0" 500 1004 "https://elementalmill.com/1746219910094" "Mozilla/5.0 AppleWebKit/537.36 (KHTML, like Gecko; compatible; GPTBot/1.3; +https://openai.com/gptbot)"
74.7.227.185 - - [14/Apr/2026:03:28:38 +0000] "GET /shopping/products/16211659980 HTTP/2.0" 500 1004 "https://elementalmill.com.lab2454.com/shopping/products/16201157535" "Mozilla/5.0 AppleWebKit/537.36 (KHTML, like Gecko; compatible; GPTBot/1.3; +https://openai.com/gptbot)"
87.250.224.81 - - [14/Apr/2026:03:28:47 +0000] "GET /robots.txt HTTP/1.1" 500 2431 "-" "Mozilla/5.0 (compatible; YandexBot/3.0; +http://yandex.com/bots)"
74.7.243.205 - - [14/Apr/2026:03:28:56 +0000] "GET /shop/pg/1707755 HTTP/2.0" 500 1004 "https://www.elementalmill.com.lab2454.com/shop/pg/16201491293" "Mozilla/5.0 AppleWebKit/537.36 (KHTML, like Gecko; compatible; GPTBot/1.3; +https://openai.com/gptbot)"
74.7.227.185 - - [14/Apr/2026:03:29:43 +0000] "GET /shopping/products/16201495227 HTTP/2.0" 500 1004 "https://elementalmill.com.lab2454.com/shopping/products/16232581020" "Mozilla/5.0 AppleWebKit/537.36 (KHTML, like Gecko; compatible; GPTBot/1.3; +https://openai.com/gptbot)"
74.7.243.205 - - [14/Apr/2026:03:29:55 +0000] "GET /shop/pg/1190618 HTTP/2.0" 500 1004 "https://www.elementalmill.com.lab2454.com/shop/pg/16211565699" "Mozilla/5.0 AppleWebKit/537.36 (KHTML, like Gecko; compatible; GPTBot/1.3; +https://openai.com/gptbot)"
74.7.242.41 - - [14/Apr/2026:03:30:21 +0000] "GET /shop/pg/16201126673 HTTP/2.0" 500 1004 "https://www.elementalmill.com" "Mozilla/5.0 AppleWebKit/537.36 (KHTML, like Gecko; compatible; GPTBot/1.3; +https://openai.com/gptbot)"
66.249.64.39 - - [14/Apr/2026:03:30:33 +0000] "GET /shopping/products/1618251196 HTTP/1.1" 200 27909 "-" "Mozilla/5.0 (Linux; Android 6.0.1; Nexus 5X Build/MMB29P) AppleWebKit/537.36 (KHTML, like Gecko) Chrome/146.0.7680.177 Mobile Safari/537.36 (compatible; Googlebot/2.1; +http://www.google.com/bot.html)"
87.250.224.81 - - [14/Apr/2026:03:30:42 +0000] "GET /shopping/products/1618322899 HTTP/1.1" 500 1004 "-" "Mozilla/5.0 (compatible; YandexBot/3.0; +http://yandex.com/bots)"
74.7.227.185 - - [14/Apr/2026:03:30:46 +0000] "GET /shopping/products/16211605756 HTTP/2.0" 500 1004 "https://elementalmill.com.lab2454.com/shopping/products/16211891239" "Mozilla/5.0 AppleWebKit/537.36 (KHTML, like Gecko; compatible; GPTBot/1.3; +https://openai.com/gptbot)"
66.249.64.40 - - [14/Apr/2026:03:31:13 +0000] "GET /shop/pg/681095 HTTP/1.1" 200 27311 "-" "Mozilla/5.0 (Linux; Android 6.0.1; Nexus 5X Build/MMB29P) AppleWebKit/537.36 (KHTML, like Gecko) Chrome/146.0.7680.177 Mobile Safari/537.36 (compatible; Googlebot/2.1; +http://www.google.com/bot.html)"
74.7.242.41 - - [14/Apr/2026:03:31:23 +0000] "GET /shop/pg/16201120492 HTTP/2.0" 500 1004 "https://elementalmill.com/?shopping/products/16201116228" "Mozilla/5.0 AppleWebKit/537.36 (KHTML, like Gecko; compatible; GPTBot/1.3; +https://openai.com/gptbot)"
66.249.64.40 - - [14/Apr/2026:03:31:33 +0000] "GET /?shop/89016849292.html HTTP/1.1" 200 28675 "-" "Mozilla/5.0 (Linux; Android 6.0.1; Nexus 5X Build/MMB29P) AppleWebKit/537.36 (KHTML, like Gecko) Chrome/146.0.7680.177 Mobile Safari/537.36 (compatible; Googlebot/2.1; +http://www.google.com/bot.html)"
74.7.227.185 - - [14/Apr/2026:03:31:48 +0000] "GET /shopping/products/16211588007 HTTP/2.0" 500 1004 "https://elementalmill.com.lab2454.com/shopping/products/16211593616" "Mozilla/5.0 AppleWebKit/537.36 (KHTML, like Gecko; compatible; GPTBot/1.3; +https://openai.com/gptbot)"
74.7.243.205 - - [14/Apr/2026:03:32:00 +0000] "GET /shop/pg/1586610 HTTP/2.0" 500 1004 "https://www.elementalmill.com.lab2454.com/shop/pg/16201370155" "Mozilla/5.0 AppleWebKit/537.36 (KHTML, like Gecko; compatible; GPTBot/1.3; +https://openai.com/gptbot)"
74.7.227.185 - - [14/Apr/2026:03:32:54 +0000] "GET /shopping/products/16201239376 HTTP/2.0" 500 1004 "https://elementalmill.com.lab2454.com/shopping/products/16201317838" "Mozilla/5.0 AppleWebKit/537.36 (KHTML, like Gecko; compatible; GPTBot/1.3; +https://openai.com/gptbot)"
74.7.227.48 - - [14/Apr/2026:03:33:05 +0000] "GET /shop/pg/1392161 HTTP/2.0" 500 1004 "https://www.elementalmill.com/shop/customer/bookmark.php?shopping/products/16201392161" "Mozilla/5.0 AppleWebKit/537.36 (KHTML, like Gecko; compatible; GPTBot/1.3; +https://openai.com/gptbot)"
74.7.243.205 - - [14/Apr/2026:03:33:06 +0000] "GET /shop/pg/1675487 HTTP/2.0" 500 1004 "https://www.elementalmill.com.lab2454.com/shop/pg/16201459031" "Mozilla/5.0 AppleWebKit/537.36 (KHTML, like Gecko; compatible; GPTBot/1.3; +https://openai.com/gptbot)"
66.249.64.39 - - [14/Apr/2026:03:33:26 +0000] "GET /?shop/88932833252.html HTTP/1.1" 200 27259 "-" "Mozilla/5.0 (Linux; Android 6.0.1; Nexus 5X Build/MMB29P) AppleWebKit/537.36 (KHTML, like Gecko) Chrome/146.0.7680.177 Mobile Safari/537.36 (compatible; Googlebot/2.1; +http://www.google.com/bot.html)"
66.249.64.41 - - [14/Apr/2026:03:33:29 +0000] "GET /shopping/products/1618448956 HTTP/1.1" 200 27375 "-" "Mozilla/5.0 (Linux; Android 6.0.1; Nexus 5X Build/MMB29P) AppleWebKit/537.36 (KHTML, like Gecko) Chrome/146.0.7680.177 Mobile Safari/537.36 (compatible; Googlebot/2.1; +http://www.google.com/bot.html)"
74.7.242.41 - - [14/Apr/2026:03:33:33 +0000] "GET /shop/pg/16211877531 HTTP/2.0" 500 1004 "https://elementalmill.com/?shopping/products/16211873260" "Mozilla/5.0 AppleWebKit/537.36 (KHTML, like Gecko; compatible; GPTBot/1.3; +https://openai.com/gptbot)"
66.249.64.41 - - [14/Apr/2026:03:33:52 +0000] "GET /shop/customer/bookmark.php?shopping/products/1618424835 HTTP/1.1" 200 28759 "-" "Mozilla/5.0 (Linux; Android 6.0.1; Nexus 5X Build/MMB29P) AppleWebKit/537.36 (KHTML, like Gecko) Chrome/146.0.7680.177 Mobile Safari/537.36 (compatible; Googlebot/2.1; +http://www.google.com/bot.html)"
74.7.227.185 - - [14/Apr/2026:03:33:57 +0000] "GET /shopping/products/16232526128 HTTP/2.0" 500 1004 "https://elementalmill.com.lab2454.com/shopping/products/16201078558" "Mozilla/5.0 AppleWebKit/537.36 (KHTML, like Gecko; compatible; GPTBot/1.3; +https://openai.com/gptbot)"
74.7.241.175 - - [14/Apr/2026:03:34:08 +0000] "GET /robots.txt HTTP/2.0" 200 364 "-" "Mozilla/5.0 (Macintosh; Intel Mac OS X 10_15_7) AppleWebKit/537.36 (KHTML, like Gecko) Chrome/131.0.0.0 Safari/537.36; compatible; OAI-SearchBot/1.3; robots.txt; +https://openai.com/searchbot"
74.7.243.205 - - [14/Apr/2026:03:34:11 +0000] "GET /shop/pg/1665630 HTTP/2.0" 500 1004 "https://www.elementalmill.com.lab2454.com/shop/pg/16201449166" "Mozilla/5.0 AppleWebKit/537.36 (KHTML, like Gecko; compatible; GPTBot/1.3; +https://openai.com/gptbot)"
205.185.118.243 - - [14/Apr/2026:03:34:17 +0000] "GET /wp-login.php HTTP/1.1" 500 1004 "-" "Mozilla/5.0 (Windows NT 10.0; Win64; x64) AppleWebKit/537.36 (KHTML, like Gecko) Chrome/134.0.0.0 Safari/537.36"
74.7.242.41 - - [14/Apr/2026:03:34:35 +0000] "GET /shop/pg/16201124464 HTTP/2.0" 500 1004 "https://www.elementalmill.com" "Mozilla/5.0 AppleWebKit/537.36 (KHTML, like Gecko; compatible; GPTBot/1.3; +https://openai.com/gptbot)"
66.249.64.41 - - [14/Apr/2026:03:34:48 +0000] "GET /shop/customer/bookmark.php?shopping/products/16211927821 HTTP/1.1" 200 27351 "-" "Mozilla/5.0 (Linux; Android 6.0.1; Nexus 5X Build/MMB29P) AppleWebKit/537.36 (KHTML, like Gecko) Chrome/146.0.7680.177 Mobile Safari/537.36 (compatible; Googlebot/2.1; +http://www.google.com/bot.html)"
66.249.64.40 - - [14/Apr/2026:03:34:50 +0000] "GET /?shop/88911695894.html HTTP/1.1" 200 27851 "-" "Mozilla/5.0 (Linux; Android 6.0.1; Nexus 5X Build/MMB29P) AppleWebKit/537.36 (KHTML, like Gecko) Chrome/146.0.7680.177 Mobile Safari/537.36 (compatible; Googlebot/2.1; +http://www.google.com/bot.html)"
74.7.227.185 - - [14/Apr/2026:03:35:01 +0000] "GET /shopping/products/16211725692 HTTP/2.0" 500 1004 "https://elementalmill.com.lab2454.com/shopping/products/16211648750" "Mozilla/5.0 AppleWebKit/537.36 (KHTML, like Gecko; compatible; GPTBot/1.3; +https://openai.com/gptbot)"
66.249.64.39 - - [14/Apr/2026:03:35:01 +0000] "GET /shop/customer/bookmark.php?shopping/products/1618383279 HTTP/1.1" 200 27085 "-" "Mozilla/5.0 (Linux; Android 6.0.1; Nexus 5X Build/MMB29P) AppleWebKit/537.36 (KHTML, like Gecko) Chrome/146.0.7680.177 Mobile Safari/537.36 (compatible; Googlebot/2.1; +http://www.google.com/bot.html)"
74.7.227.48 - - [14/Apr/2026:03:35:11 +0000] "GET /shop/pg/1377261 HTTP/2.0" 500 1004 "https://www.elementalmill.com/?shopping/products/16201377261" "Mozilla/5.0 AppleWebKit/537.36 (KHTML, like Gecko; compatible; GPTBot/1.3; +https://openai.com/gptbot)"
74.7.243.205 - - [14/Apr/2026:03:35:14 +0000] "GET /shop/pg/1276751 HTTP/2.0" 500 1004 "https://www.elementalmill.com.lab2454.com/shop/pg/16211651844" "Mozilla/5.0 AppleWebKit/537.36 (KHTML, like Gecko; compatible; GPTBot/1.3; +https://openai.com/gptbot)"
74.7.244.22 - - [14/Apr/2026:03:35:16 +0000] "GET /robots.txt HTTP/2.0" 200 112 "-" "Mozilla/5.0 (Macintosh; Intel Mac OS X 10_15_7) AppleWebKit/537.36 (KHTML, like Gecko) Chrome/131.0.0.0 Safari/537.36; compatible; OAI-SearchBot/1.3; robots.txt; +https://openai.com/searchbot"
74.7.227.185 - - [14/Apr/2026:03:36:05 +0000] "GET /shopping/products/16211545923 HTTP/2.0" 500 1004 "https://elementalmill.com.lab2454.com/shopping/products/16211521920" "Mozilla/5.0 AppleWebKit/537.36 (KHTML, like Gecko; compatible; GPTBot/1.3; +https://openai.com/gptbot)"
