74.7.227.185 - - [14/Apr/2026:08:43:28 +0000] "GET /shopping/products/16211673037 HTTP/2.0" 500 1004 "https://elementalmill.com.lab2454.com/shopping/products/16211778906" "Mozilla/5.0 AppleWebKit/537.36 (KHTML, like Gecko; compatible; GPTBot/1.3; +https://openai.com/gptbot)"
74.7.243.205 - - [14/Apr/2026:08:43:30 +0000] "GET /shop/pg/1703252 HTTP/2.0" 500 1004 "https://www.elementalmill.com.lab2454.com/shop/pg/16201486778" "Mozilla/5.0 AppleWebKit/537.36 (KHTML, like Gecko; compatible; GPTBot/1.3; +https://openai.com/gptbot)"
74.7.242.41 - - [14/Apr/2026:08:43:35 +0000] "GET /shop/pg/16211763475 HTTP/2.0" 500 1004 "https://www.elementalmill.com" "Mozilla/5.0 AppleWebKit/537.36 (KHTML, like Gecko; compatible; GPTBot/1.3; +https://openai.com/gptbot)"
74.7.227.48 - - [14/Apr/2026:08:43:52 +0000] "GET /shop/pg/1459104 HTTP/2.0" 500 1004 "https://www.elementalmill.com/shopping/products/16201459104" "Mozilla/5.0 AppleWebKit/537.36 (KHTML, like Gecko; compatible; GPTBot/1.3; +https://openai.com/gptbot)"
66.249.64.40 - - [14/Apr/2026:08:43:57 +0000] "GET /?shop/8888486690.html HTTP/1.1" 200 27792 "-" "Mozilla/5.0 (Linux; Android 6.0.1; Nexus 5X Build/MMB29P) AppleWebKit/537.36 (KHTML, like Gecko) Chrome/146.0.7680.177 Mobile Safari/537.36 (compatible; Googlebot/2.1; +http://www.google.com/bot.html)"
66.249.64.39 - - [14/Apr/2026:08:44:00 +0000] "GET /?shop/8888317069.html HTTP/1.1" 200 27308 "-" "Mozilla/5.0 (Linux; Android 6.0.1; Nexus 5X Build/MMB29P) AppleWebKit/537.36 (KHTML, like Gecko) Chrome/146.0.7680.177 Mobile Safari/537.36 (compatible; Googlebot/2.1; +http://www.google.com/bot.html)"
66.249.64.39 - - [14/Apr/2026:08:44:20 +0000] "GET /?shop/891010935881.html HTTP/1.1" 200 28121 "-" "Mozilla/5.0 (Linux; Android 6.0.1; Nexus 5X Build/MMB29P) AppleWebKit/537.36 (KHTML, like Gecko) Chrome/146.0.7680.177 Mobile Safari/537.36 (compatible; Googlebot/2.1; +http://www.google.com/bot.html)"
87.250.224.18 - - [14/Apr/2026:08:44:26 +0000] "GET /shopping/products/1618498811 HTTP/1.1" 500 1004 "-" "Mozilla/5.0 (compatible; YandexBot/3.0; +http://yandex.com/bots)"
74.7.243.205 - - [14/Apr/2026:08:44:33 +0000] "GET /shop/pg/1166198 HTTP/2.0" 500 1004 "https://www.elementalmill.com.lab2454.com/shop/pg/16211541294" "Mozilla/5.0 AppleWebKit/537.36 (KHTML, like Gecko; compatible; GPTBot/1.3; +https://openai.com/gptbot)"
74.7.227.185 - - [14/Apr/2026:08:44:33 +0000] "GET /shopping/products/16211769698 HTTP/2.0" 500 1004 "https://elementalmill.com.lab2454.com/shopping/products/16232556038" "Mozilla/5.0 AppleWebKit/537.36 (KHTML, like Gecko; compatible; GPTBot/1.3; +https://openai.com/gptbot)"
74.7.242.41 - - [14/Apr/2026:08:44:36 +0000] "GET /shop/pg/16211945464 HTTP/2.0" 500 1004 "https://www.elementalmill.com" "Mozilla/5.0 AppleWebKit/537.36 (KHTML, like Gecko; compatible; GPTBot/1.3; +https://openai.com/gptbot)"
66.249.64.39 - - [14/Apr/2026:08:44:40 +0000] "GET /?shop/89016533269.html HTTP/1.1" 200 28441 "-" "Mozilla/5.0 (Linux; Android 6.0.1; Nexus 5X Build/MMB29P) AppleWebKit/537.36 (KHTML, like Gecko) Chrome/146.0.7680.177 Mobile Safari/537.36 (compatible; Googlebot/2.1; +http://www.google.com/bot.html)"
66.249.64.39 - - [14/Apr/2026:08:44:42 +0000] "GET /shop/customer/bookmark.php?shopping/products/16211579560 HTTP/1.1" 200 27804 "-" "Mozilla/5.0 (Linux; Android 6.0.1; Nexus 5X Build/MMB29P) AppleWebKit/537.36 (KHTML, like Gecko) Chrome/146.0.7680.177 Mobile Safari/537.36 (compatible; Googlebot/2.1; +http://www.google.com/bot.html)"
87.250.224.248 - - [14/Apr/2026:08:44:47 +0000] "GET /robots.txt HTTP/1.1" 500 2431 "-" "Mozilla/5.0 (compatible; YandexBot/3.0; +http://yandex.com/bots)"
74.7.242.41 - - [14/Apr/2026:08:44:52 +0000] "GET /shop/pg/2338689 HTTP/2.0" 500 1004 "https://mail.elementalmill.com/shopping/products/16222338689" "Mozilla/5.0 AppleWebKit/537.36 (KHTML, like Gecko; compatible; GPTBot/1.3; +https://openai.com/gptbot)"
74.7.227.48 - - [14/Apr/2026:08:44:55 +0000] "GET /shop/pg/2062895 HTTP/2.0" 500 1004 "https://www.elementalmill.com/shopping/products/16222062895" "Mozilla/5.0 AppleWebKit/537.36 (KHTML, like Gecko; compatible; GPTBot/1.3; +https://openai.com/gptbot)"
66.249.64.41 - - [14/Apr/2026:08:45:02 +0000] "GET /?shop/891614370846.html HTTP/1.1" 200 27259 "-" "Mozilla/5.0 (Linux; Android 6.0.1; Nexus 5X Build/MMB29P) AppleWebKit/537.36 (KHTML, like Gecko) Chrome/146.0.7680.177 Mobile Safari/537.36 (compatible; Googlebot/2.1; +http://www.google.com/bot.html)"
74.7.227.185 - - [14/Apr/2026:08:45:35 +0000] "GET /shopping/products/16211756645 HTTP/2.0" 500 1004 "https://elementalmill.com.lab2454.com/shopping/products/16211743310" "Mozilla/5.0 AppleWebKit/537.36 (KHTML, like Gecko; compatible; GPTBot/1.3; +https://openai.com/gptbot)"
74.7.243.205 - - [14/Apr/2026:08:45:36 +0000] "GET /shop/pg/1303646 HTTP/2.0" 500 1004 "https://www.elementalmill.com.lab2454.com/shop/pg/16211678733" "Mozilla/5.0 AppleWebKit/537.36 (KHTML, like Gecko; compatible; GPTBot/1.3; +https://openai.com/gptbot)"
74.7.242.41 - - [14/Apr/2026:08:45:38 +0000] "GET /shop/pg/16211700595 HTTP/2.0" 500 1004 "https://elementalmill.com/shop/pg/1696515" "Mozilla/5.0 AppleWebKit/537.36 (KHTML, like Gecko; compatible; GPTBot/1.3; +https://openai.com/gptbot)"
66.249.64.40 - - [14/Apr/2026:08:45:42 +0000] "GET /?shop/88911848202.html HTTP/1.1" 200 27597 "-" "Mozilla/5.0 (Linux; Android 6.0.1; Nexus 5X Build/MMB29P) AppleWebKit/537.36 (KHTML, like Gecko) Chrome/146.0.7680.177 Mobile Safari/537.36 (compatible; Googlebot/2.1; +http://www.google.com/bot.html)"
66.249.64.41 - - [14/Apr/2026:08:46:03 +0000] "GET /?shop/89079406267.html HTTP/1.1" 200 28140 "-" "Mozilla/5.0 (Linux; Android 6.0.1; Nexus 5X Build/MMB29P) AppleWebKit/537.36 (KHTML, like Gecko) Chrome/146.0.7680.177 Mobile Safari/537.36 (compatible; Googlebot/2.1; +http://www.google.com/bot.html)"
66.249.64.40 - - [14/Apr/2026:08:46:23 +0000] "GET /?shop/88901332674.html HTTP/1.1" 200 27748 "-" "Mozilla/5.0 (Linux; Android 6.0.1; Nexus 5X Build/MMB29P) AppleWebKit/537.36 (KHTML, like Gecko) Chrome/146.0.7680.177 Mobile Safari/537.36 (compatible; Googlebot/2.1; +http://www.google.com/bot.html)"
74.7.242.41 - - [14/Apr/2026:08:46:38 +0000] "GET /shop/pg/16211761098 HTTP/2.0" 500 1004 "https://elementalmill.com/index.php?shopping/products/16211755913" "Mozilla/5.0 AppleWebKit/537.36 (KHTML, like Gecko; compatible; GPTBot/1.3; +https://openai.com/gptbot)"
74.7.243.205 - - [14/Apr/2026:08:46:42 +0000] "GET /shop/pg/1136891 HTTP/2.0" 500 1004 "https://www.elementalmill.com.lab2454.com/shop/pg/16211512002" "Mozilla/5.0 AppleWebKit/537.36 (KHTML, like Gecko; compatible; GPTBot/1.3; +https://openai.com/gptbot)"
66.249.64.39 - - [14/Apr/2026:08:46:43 +0000] "GET /?shop/8889927083.html HTTP/1.1" 200 27274 "-" "Mozilla/5.0 (Linux; Android 6.0.1; Nexus 5X Build/MMB29P) AppleWebKit/537.36 (KHTML, like Gecko) Chrome/146.0.7680.177 Mobile Safari/537.36 (compatible; Googlebot/2.1; +http://www.google.com/bot.html)"
66.249.64.39 - - [14/Apr/2026:08:46:45 +0000] "GET /?shop/88964206632.html HTTP/1.1" 200 26919 "-" "Mozilla/5.0 (Linux; Android 6.0.1; Nexus 5X Build/MMB29P) AppleWebKit/537.36 (KHTML, like Gecko) Chrome/146.0.7680.177 Mobile Safari/537.36 (compatible; Googlebot/2.1; +http://www.google.com/bot.html)"
66.249.64.39 - - [14/Apr/2026:08:46:46 +0000] "GET /?shop/8889951406.html HTTP/1.1" 200 27605 "-" "Mozilla/5.0 (Linux; Android 6.0.1; Nexus 5X Build/MMB29P) AppleWebKit/537.36 (KHTML, like Gecko) Chrome/146.0.7680.177 Mobile Safari/537.36 (compatible; Googlebot/2.1; +http://www.google.com/bot.html)"
66.249.64.39 - - [14/Apr/2026:08:46:49 +0000] "GET /?shop/88985385262.html HTTP/1.1" 200 27030 "-" "Mozilla/5.0 (Linux; Android 6.0.1; Nexus 5X Build/MMB29P) AppleWebKit/537.36 (KHTML, like Gecko) Chrome/146.0.7680.177 Mobile Safari/537.36 (compatible; Googlebot/2.1; +http://www.google.com/bot.html)"
74.7.227.48 - - [14/Apr/2026:08:46:56 +0000] "GET /shop/pg/1390579 HTTP/2.0" 500 1004 "https://www.elementalmill.com/shopping/products/16201390579" "Mozilla/5.0 AppleWebKit/537.36 (KHTML, like Gecko; compatible; GPTBot/1.3; +https://openai.com/gptbot)"
66.249.64.40 - - [14/Apr/2026:08:47:07 +0000] "GET /?shop/891513856584.html HTTP/1.1" 200 27567 "-" "Mozilla/5.0 (Linux; Android 6.0.1; Nexus 5X Build/MMB29P) AppleWebKit/537.36 (KHTML, like Gecko) Chrome/146.0.7680.177 Mobile Safari/537.36 (compatible; Googlebot/2.1; +http://www.google.com/bot.html)"
66.249.64.39 - - [14/Apr/2026:08:47:33 +0000] "GET /?shop/8889641093.html HTTP/1.1" 200 27890 "-" "Mozilla/5.0 (Linux; Android 6.0.1; Nexus 5X Build/MMB29P) AppleWebKit/537.36 (KHTML, like Gecko) Chrome/146.0.7680.177 Mobile Safari/537.36 (compatible; Googlebot/2.1; +http://www.google.com/bot.html)"
74.7.242.41 - - [14/Apr/2026:08:47:39 +0000] "GET /shop/pg/16212003719 HTTP/2.0" 500 1004 "https://www.elementalmill.com" "Mozilla/5.0 AppleWebKit/537.36 (KHTML, like Gecko; compatible; GPTBot/1.3; +https://openai.com/gptbot)"
74.7.227.185 - - [14/Apr/2026:08:47:44 +0000] "GET /shopping/products/16201194025 HTTP/2.0" 500 1004 "https://elementalmill.com.lab2454.com/shopping/products/16232621605" "Mozilla/5.0 AppleWebKit/537.36 (KHTML, like Gecko; compatible; GPTBot/1.3; +https://openai.com/gptbot)"
74.7.243.205 - - [14/Apr/2026:08:47:46 +0000] "GET /shop/pg/1350574 HTTP/2.0" 500 1004 "https://www.elementalmill.com.lab2454.com/shop/pg/1349414" "Mozilla/5.0 AppleWebKit/537.36 (KHTML, like Gecko; compatible; GPTBot/1.3; +https://openai.com/gptbot)"
66.249.64.40 - - [14/Apr/2026:08:47:59 +0000] "GET /?shop/88984945716.html HTTP/1.1" 200 27931 "-" "Mozilla/5.0 (Linux; Android 6.0.1; Nexus 5X Build/MMB29P) AppleWebKit/537.36 (KHTML, like Gecko) Chrome/146.0.7680.177 Mobile Safari/537.36 (compatible; Googlebot/2.1; +http://www.google.com/bot.html)"
74.7.227.48 - - [14/Apr/2026:08:48:02 +0000] "GET /shop/pg/1817499 HTTP/2.0" 500 1004 "https://www.elementalmill.com/?shopping/products/16211817499" "Mozilla/5.0 AppleWebKit/537.36 (KHTML, like Gecko; compatible; GPTBot/1.3; +https://openai.com/gptbot)"
87.250.224.221 - - [14/Apr/2026:08:48:14 +0000] "GET /shopping/products/16232531376 HTTP/1.1" 500 1004 "-" "Mozilla/5.0 (compatible; YandexBot/3.0; +http://yandex.com/bots)"
66.249.64.39 - - [14/Apr/2026:08:48:25 +0000] "GET /?shop/88964147399.html HTTP/1.1" 200 27810 "-" "Mozilla/5.0 (Linux; Android 6.0.1; Nexus 5X Build/MMB29P) AppleWebKit/537.36 (KHTML, like Gecko) Chrome/146.0.7680.177 Mobile Safari/537.36 (compatible; Googlebot/2.1; +http://www.google.com/bot.html)"
74.7.242.41 - - [14/Apr/2026:08:48:42 +0000] "GET /shop/pg/21988230268 HTTP/2.0" 500 1004 "https://www.elementalmill.com" "Mozilla/5.0 AppleWebKit/537.36 (KHTML, like Gecko; compatible; GPTBot/1.3; +https://openai.com/gptbot)"
74.7.243.205 - - [14/Apr/2026:08:48:46 +0000] "GET /shop/pg/1431801 HTTP/2.0" 500 1004 "https://www.elementalmill.com.lab2454.com/shop/pg/16201215346" "Mozilla/5.0 AppleWebKit/537.36 (KHTML, like Gecko; compatible; GPTBot/1.3; +https://openai.com/gptbot)"
74.7.227.185 - - [14/Apr/2026:08:48:48 +0000] "GET /shopping/products/16211791027 HTTP/2.0" 500 1004 "https://elementalmill.com.lab2454.com/shopping/products/16211526786" "Mozilla/5.0 AppleWebKit/537.36 (KHTML, like Gecko; compatible; GPTBot/1.3; +https://openai.com/gptbot)"
66.249.64.39 - - [14/Apr/2026:08:48:51 +0000] "GET /?shop/89016571701.html HTTP/1.1" 200 27212 "-" "Mozilla/5.0 (Linux; Android 6.0.1; Nexus 5X Build/MMB29P) AppleWebKit/537.36 (KHTML, like Gecko) Chrome/146.0.7680.177 Mobile Safari/537.36 (compatible; Googlebot/2.1; +http://www.google.com/bot.html)"
66.249.64.41 - - [14/Apr/2026:08:49:17 +0000] "GET /?shop/89006140963.html HTTP/1.1" 200 27246 "-" "Mozilla/5.0 (Linux; Android 6.0.1; Nexus 5X Build/MMB29P) AppleWebKit/537.36 (KHTML, like Gecko) Chrome/146.0.7680.177 Mobile Safari/537.36 (compatible; Googlebot/2.1; +http://www.google.com/bot.html)"
74.7.227.48 - - [14/Apr/2026:08:49:20 +0000] "GET /shop/pg/1062527 HTTP/2.0" 500 1004 "https://www.elementalmill.com/?shopping/products/16201062527" "Mozilla/5.0 AppleWebKit/537.36 (KHTML, like Gecko; compatible; GPTBot/1.3; +https://openai.com/gptbot)"
66.249.64.39 - - [14/Apr/2026:08:49:42 +0000] "GET /?shop/891111465953.html HTTP/1.1" 200 27248 "-" "Mozilla/5.0 (Linux; Android 6.0.1; Nexus 5X Build/MMB29P) AppleWebKit/537.36 (KHTML, like Gecko) Chrome/146.0.7680.177 Mobile Safari/537.36 (compatible; Googlebot/2.1; +http://www.google.com/bot.html)"
74.7.242.41 - - [14/Apr/2026:08:49:48 +0000] "GET /shop/pg/16201320325 HTTP/2.0" 500 1004 "https://www.elementalmill.com" "Mozilla/5.0 AppleWebKit/537.36 (KHTML, like Gecko; compatible; GPTBot/1.3; +https://openai.com/gptbot)"
74.7.227.185 - - [14/Apr/2026:08:49:51 +0000] "GET /shopping/products/16201421107 HTTP/2.0" 500 1004 "https://elementalmill.com.lab2454.com/shopping/products/16211868306" "Mozilla/5.0 AppleWebKit/537.36 (KHTML, like Gecko; compatible; GPTBot/1.3; +https://openai.com/gptbot)"
74.7.243.205 - - [14/Apr/2026:08:49:52 +0000] "GET /shop/pg/2032009 HTTP/2.0" 500 1004 "https://www.elementalmill.com.lab2454.com/?shopping/products/16222032009" "Mozilla/5.0 AppleWebKit/537.36 (KHTML, like Gecko; compatible; GPTBot/1.3; +https://openai.com/gptbot)"
74.7.227.48 - - [14/Apr/2026:08:50:07 +0000] "GET /shop/pg/1622010 HTTP/2.0" 500 1004 "https://www.elementalmill.com/shop/customer/bookmark.php?shopping/products/16211622010" "Mozilla/5.0 AppleWebKit/537.36 (KHTML, like Gecko; compatible; GPTBot/1.3; +https://openai.com/gptbot)"
66.249.64.39 - - [14/Apr/2026:08:50:08 +0000] "GET /?shop/88953652320.html HTTP/1.1" 200 26943 "-" "Mozilla/5.0 (Linux; Android 6.0.1; Nexus 5X Build/MMB29P) AppleWebKit/537.36 (KHTML, like Gecko) Chrome/146.0.7680.177 Mobile Safari/537.36 (compatible; Googlebot/2.1; +http://www.google.com/bot.html)"
66.249.64.40 - - [14/Apr/2026:08:50:34 +0000] "GET /?shop/89006173788.html HTTP/1.1" 200 28022 "-" "Mozilla/5.0 (Linux; Android 6.0.1; Nexus 5X Build/MMB29P) AppleWebKit/537.36 (KHTML, like Gecko) Chrome/146.0.7680.177 Mobile Safari/537.36 (compatible; Googlebot/2.1; +http://www.google.com/bot.html)"
74.7.242.41 - - [14/Apr/2026:08:50:54 +0000] "GET /shop/pg/16201464514 HTTP/2.0" 500 1004 "https://www.elementalmill.com" "Mozilla/5.0 AppleWebKit/537.36 (KHTML, like Gecko; compatible; GPTBot/1.3; +https://openai.com/gptbot)"
74.7.227.185 - - [14/Apr/2026:08:50:56 +0000] "GET /shopping/products/16211798658 HTTP/2.0" 500 1004 "https://elementalmill.com.lab2454.com/shopping/products/16211998534" "Mozilla/5.0 AppleWebKit/537.36 (KHTML, like Gecko; compatible; GPTBot/1.3; +https://openai.com/gptbot)"
74.7.243.205 - - [14/Apr/2026:08:50:57 +0000] "GET /shop/pg/1388158 HTTP/2.0" 500 1004 "https://www.elementalmill.com.lab2454.com/shop/pg/16211763253" "Mozilla/5.0 AppleWebKit/537.36 (KHTML, like Gecko; compatible; GPTBot/1.3; +https://openai.com/gptbot)"
66.249.64.39 - - [14/Apr/2026:08:51:05 +0000] "GET /?shop/891010909220.html HTTP/1.1" 200 27351 "-" "Mozilla/5.0 (Linux; Android 6.0.1; Nexus 5X Build/MMB29P) AppleWebKit/537.36 (KHTML, like Gecko) Chrome/146.0.7680.177 Mobile Safari/537.36 (compatible; Googlebot/2.1; +http://www.google.com/bot.html)"
74.7.227.48 - - [14/Apr/2026:08:51:11 +0000] "GET /shop/pg/1138591 HTTP/2.0" 500 1004 "https://www.elementalmill.com/shopping/products/16201138591" "Mozilla/5.0 AppleWebKit/537.36 (KHTML, like Gecko; compatible; GPTBot/1.3; +https://openai.com/gptbot)"
136.144.35.196 - - [14/Apr/2026:08:51:20 +0000] "GET /wp-login.php HTTP/1.1" 500 1004 "-" "Mozilla/5.0"
66.249.64.40 - - [14/Apr/2026:08:51:26 +0000] "GET /?shop/89006183840.html HTTP/1.1" 200 27792 "-" "Mozilla/5.0 (Linux; Android 6.0.1; Nexus 5X Build/MMB29P) AppleWebKit/537.36 (KHTML, like Gecko) Chrome/146.0.7680.177 Mobile Safari/537.36 (compatible; Googlebot/2.1; +http://www.google.com/bot.html)"
66.249.64.40 - - [14/Apr/2026:08:51:28 +0000] "GET /?shop/8888465896.html HTTP/1.1" 200 27997 "-" "Mozilla/5.0 (Linux; Android 6.0.1; Nexus 5X Build/MMB29P) AppleWebKit/537.36 (KHTML, like Gecko) Chrome/146.0.7680.177 Mobile Safari/537.36 (compatible; Googlebot/2.1; +http://www.google.com/bot.html)"
5.255.231.82 - - [14/Apr/2026:08:51:50 +0000] "GET /shopping/products/16182901829 HTTP/1.1" 500 1004 "-" "Mozilla/5.0 (compatible; YandexBot/3.0; +http://yandex.com/bots)"
66.249.64.39 - - [14/Apr/2026:08:51:50 +0000] "GET /shop/891613947603.html HTTP/1.1" 200 27146 "-" "Mozilla/5.0 (Linux; Android 6.0.1; Nexus 5X Build/MMB29P) AppleWebKit/537.36 (KHTML, like Gecko) Chrome/146.0.7680.177 Mobile Safari/537.36 (compatible; GoogleOther)"
74.7.242.41 - - [14/Apr/2026:08:51:54 +0000] "GET /shop/pg/16211889988 HTTP/2.0" 500 1004 "https://www.elementalmill.com" "Mozilla/5.0 AppleWebKit/537.36 (KHTML, like Gecko; compatible; GPTBot/1.3; +https://openai.com/gptbot)"
74.7.243.205 - - [14/Apr/2026:08:51:56 +0000] "GET /shop/pg/2428874 HTTP/2.0" 500 1004 "https://www.elementalmill.com.lab2454.com/shop/customer/bookmark.php?shopping/products/16222428874" "Mozilla/5.0 AppleWebKit/537.36 (KHTML, like Gecko; compatible; GPTBot/1.3; +https://openai.com/gptbot)"
74.7.227.185 - - [14/Apr/2026:08:51:57 +0000] "GET /shopping/products/16232508614 HTTP/2.0" 500 1004 "https://elementalmill.com.lab2454.com/shopping/products/16201309131" "Mozilla/5.0 AppleWebKit/537.36 (KHTML, like Gecko; compatible; GPTBot/1.3; +https://openai.com/gptbot)"
66.249.64.41 - - [14/Apr/2026:08:52:07 +0000] "GET /shop/customer/bookmark.php?category/16211000965 HTTP/1.1" 200 27240 "-" "Mozilla/5.0 (Linux; Android 6.0.1; Nexus 5X Build/MMB29P) AppleWebKit/537.36 (KHTML, like Gecko) Chrome/146.0.7680.177 Mobile Safari/537.36 (compatible; Googlebot/2.1; +http://www.google.com/bot.html)"
66.249.64.41 - - [14/Apr/2026:08:52:09 +0000] "GET /?shop/88922282321.html HTTP/1.1" 200 27457 "-" "Mozilla/5.0 (Linux; Android 6.0.1; Nexus 5X Build/MMB29P) AppleWebKit/537.36 (KHTML, like Gecko) Chrome/146.0.7680.177 Mobile Safari/537.36 (compatible; Googlebot/2.1; +http://www.google.com/bot.html)"
66.249.64.39 - - [14/Apr/2026:08:52:12 +0000] "GET /?shop/89079465321.html HTTP/1.1" 200 29633 "-" "Mozilla/5.0 (Linux; Android 6.0.1; Nexus 5X Build/MMB29P) AppleWebKit/537.36 (KHTML, like Gecko) Chrome/146.0.7680.177 Mobile Safari/537.36 (compatible; GoogleOther)"
74.7.242.41 - - [14/Apr/2026:08:52:15 +0000] "GET /shop/pg/1722488 HTTP/2.0" 500 1004 "https://mail.elementalmill.com/?shopping/products/16211722488" "Mozilla/5.0 AppleWebKit/537.36 (KHTML, like Gecko; compatible; GPTBot/1.3; +https://openai.com/gptbot)"
66.249.64.39 - - [14/Apr/2026:08:52:20 +0000] "GET /?shop/89006381759.html HTTP/1.1" 200 27308 "-" "Mozilla/5.0 (Linux; Android 6.0.1; Nexus 5X Build/MMB29P) AppleWebKit/537.36 (KHTML, like Gecko) Chrome/146.0.7680.177 Mobile Safari/537.36 (compatible; Googlebot/2.1; +http://www.google.com/bot.html)"
95.108.213.224 - - [14/Apr/2026:08:52:33 +0000] "GET /shopping/products/1618294121 HTTP/1.1" 500 1004 "-" "Mozilla/5.0 (compatible; YandexBot/3.0; +http://yandex.com/bots)"
66.249.64.39 - - [14/Apr/2026:08:52:43 +0000] "GET /?shop/8889545948.html HTTP/1.1" 200 28669 "-" "Mozilla/5.0 (Linux; Android 6.0.1; Nexus 5X Build/MMB29P) AppleWebKit/537.36 (KHTML, like Gecko) Chrome/146.0.7680.177 Mobile Safari/537.36 (compatible; Googlebot/2.1; +http://www.google.com/bot.html)"
74.7.242.41 - - [14/Apr/2026:08:52:55 +0000] "GET /shop/pg/16232633415 HTTP/2.0" 500 1004 "https://www.elementalmill.com" "Mozilla/5.0 AppleWebKit/537.36 (KHTML, like Gecko; compatible; GPTBot/1.3; +https://openai.com/gptbot)"
74.7.243.205 - - [14/Apr/2026:08:52:59 +0000] "GET /shop/pg/1375515 HTTP/2.0" 500 1004 "https://www.elementalmill.com.lab2454.com/shop/pg/16201159060" "Mozilla/5.0 AppleWebKit/537.36 (KHTML, like Gecko; compatible; GPTBot/1.3; +https://openai.com/gptbot)"
74.7.227.185 - - [14/Apr/2026:08:53:00 +0000] "GET /shopping/products/16201300548 HTTP/2.0" 500 1004 "https://elementalmill.com.lab2454.com/shopping/products/16211902809" "Mozilla/5.0 AppleWebKit/537.36 (KHTML, like Gecko; compatible; GPTBot/1.3; +https://openai.com/gptbot)"
66.249.64.40 - - [14/Apr/2026:08:53:22 +0000] "GET /?shop/89058815687.html HTTP/1.1" 200 27513 "-" "Mozilla/5.0 (Linux; Android 6.0.1; Nexus 5X Build/MMB29P) AppleWebKit/537.36 (KHTML, like Gecko) Chrome/146.0.7680.177 Mobile Safari/537.36 (compatible; Googlebot/2.1; +http://www.google.com/bot.html)"
66.249.64.39 - - [14/Apr/2026:08:53:43 +0000] "GET /?shop/88964044628.html HTTP/1.1" 200 27894 "-" "Mozilla/5.0 (Linux; Android 6.0.1; Nexus 5X Build/MMB29P) AppleWebKit/537.36 (KHTML, like Gecko) Chrome/146.0.7680.177 Mobile Safari/537.36 (compatible; Googlebot/2.1; +http://www.google.com/bot.html)"
74.7.242.41 - - [14/Apr/2026:08:53:56 +0000] "GET /shop/pg/16232610338 HTTP/2.0" 500 1004 "https://www.elementalmill.com" "Mozilla/5.0 AppleWebKit/537.36 (KHTML, like Gecko; compatible; GPTBot/1.3; +https://openai.com/gptbot)"
74.7.243.205 - - [14/Apr/2026:08:54:02 +0000] "GET /shop/pg/1405416 HTTP/2.0" 500 1004 "https://www.elementalmill.com.lab2454.com/shop/pg/1404258" "Mozilla/5.0 AppleWebKit/537.36 (KHTML, like Gecko; compatible; GPTBot/1.3; +https://openai.com/gptbot)"
74.7.227.185 - - [14/Apr/2026:08:54:02 +0000] "GET /shopping/products/16211579673 HTTP/2.0" 500 1004 "https://elementalmill.com.lab2454.com/shopping/products/16211779886" "Mozilla/5.0 AppleWebKit/537.36 (KHTML, like Gecko; compatible; GPTBot/1.3; +https://openai.com/gptbot)"
66.249.64.41 - - [14/Apr/2026:08:54:03 +0000] "GET /?shop/89058855010.html HTTP/1.1" 200 27826 "-" "Mozilla/5.0 (Linux; Android 6.0.1; Nexus 5X Build/MMB29P) AppleWebKit/537.36 (KHTML, like Gecko) Chrome/146.0.7680.177 Mobile Safari/537.36 (compatible; Googlebot/2.1; +http://www.google.com/bot.html)"
5.255.231.35 - - [14/Apr/2026:08:54:16 +0000] "GET /shopping/products/16196208678 HTTP/1.1" 500 1004 "-" "Mozilla/5.0 (compatible; YandexBot/3.0; +http://yandex.com/bots)"
66.249.64.40 - - [14/Apr/2026:08:54:41 +0000] "GET /?shop/891413072250.html HTTP/1.1" 200 27282 "-" "Mozilla/5.0 (Linux; Android 6.0.1; Nexus 5X Build/MMB29P) AppleWebKit/537.36 (KHTML, like Gecko) Chrome/146.0.7680.177 Mobile Safari/537.36 (compatible; Googlebot/2.1; +http://www.google.com/bot.html)"
74.7.242.41 - - [14/Apr/2026:08:54:58 +0000] "GET /shop/pg/16211998647 HTTP/2.0" 500 1004 "https://www.elementalmill.com" "Mozilla/5.0 AppleWebKit/537.36 (KHTML, like Gecko; compatible; GPTBot/1.3; +https://openai.com/gptbot)"
66.249.64.41 - - [14/Apr/2026:08:55:02 +0000] "GET /?shop/88964147108.html HTTP/1.1" 200 26487 "-" "Mozilla/5.0 (Linux; Android 6.0.1; Nexus 5X Build/MMB29P) AppleWebKit/537.36 (KHTML, like Gecko) Chrome/146.0.7680.177 Mobile Safari/537.36 (compatible; Googlebot/2.1; +http://www.google.com/bot.html)"
74.7.243.205 - - [14/Apr/2026:08:55:05 +0000] "GET /shop/pg/1562040 HTTP/2.0" 500 1004 "https://www.elementalmill.com.lab2454.com/shop/pg/16201345576" "Mozilla/5.0 AppleWebKit/537.36 (KHTML, like Gecko; compatible; GPTBot/1.3; +https://openai.com/gptbot)"
74.7.227.185 - - [14/Apr/2026:08:55:05 +0000] "GET /shopping/products/16211551783 HTTP/2.0" 500 1004 "https://elementalmill.com.lab2454.com/shopping/products/16211530499" "Mozilla/5.0 AppleWebKit/537.36 (KHTML, like Gecko; compatible; GPTBot/1.3; +https://openai.com/gptbot)"
66.249.64.40 - - [14/Apr/2026:08:55:22 +0000] "GET /?shop/8888289744.html HTTP/1.1" 200 26947 "-" "Mozilla/5.0 (Linux; Android 6.0.1; Nexus 5X Build/MMB29P) AppleWebKit/537.36 (KHTML, like Gecko) Chrome/146.0.7680.177 Mobile Safari/537.36 (compatible; Googlebot/2.1; +http://www.google.com/bot.html)"
74.7.227.48 - - [14/Apr/2026:08:55:25 +0000] "GET /shop/pg/2128867 HTTP/2.0" 500 1004 "https://www.elementalmill.com/shopping/products/16222128867" "Mozilla/5.0 AppleWebKit/537.36 (KHTML, like Gecko; compatible; GPTBot/1.3; +https://openai.com/gptbot)"
74.7.242.41 - - [14/Apr/2026:08:55:59 +0000] "GET /shop/pg/16232609861 HTTP/2.0" 500 1004 "https://elementalmill.com/index.php?shopping/products/16232604675" "Mozilla/5.0 AppleWebKit/537.36 (KHTML, like Gecko; compatible; GPTBot/1.3; +https://openai.com/gptbot)"
66.249.64.40 - - [14/Apr/2026:08:56:03 +0000] "GET /?shop/88911521415.html HTTP/1.1" 200 27588 "-" "Mozilla/5.0 (Linux; Android 6.0.1; Nexus 5X Build/MMB29P) AppleWebKit/537.36 (KHTML, like Gecko) Chrome/146.0.7680.177 Mobile Safari/537.36 (compatible; Googlebot/2.1; +http://www.google.com/bot.html)"
74.7.243.205 - - [14/Apr/2026:08:56:07 +0000] "GET /shop/pg/1690857 HTTP/2.0" 500 1004 "https://www.elementalmill.com.lab2454.com/shop/pg/16201474402" "Mozilla/5.0 AppleWebKit/537.36 (KHTML, like Gecko; compatible; GPTBot/1.3; +https://openai.com/gptbot)"
87.250.224.247 - - [14/Apr/2026:08:56:08 +0000] "GET /robots.txt HTTP/1.1" 500 2431 "-" "Mozilla/5.0 (compatible; YandexBot/3.0; +http://yandex.com/bots)"
74.7.227.185 - - [14/Apr/2026:08:56:09 +0000] "GET /shopping/products/16201098726 HTTP/2.0" 500 1004 "https://elementalmill.com.lab2454.com/shopping/products/16201043421" "Mozilla/5.0 AppleWebKit/537.36 (KHTML, like Gecko; compatible; GPTBot/1.3; +https://openai.com/gptbot)"
66.249.64.40 - - [14/Apr/2026:08:56:18 +0000] "GET /?shop/891614038400.html HTTP/1.1" 200 27721 "-" "Mozilla/5.0 (Linux; Android 6.0.1; Nexus 5X Build/MMB29P) AppleWebKit/537.36 (KHTML, like Gecko) Chrome/146.0.7680.177 Mobile Safari/537.36 (compatible; Googlebot/2.1; +http://www.google.com/bot.html)"
66.249.64.39 - - [14/Apr/2026:08:56:23 +0000] "GET /shop/customer/bookmark.php?shop/891111771697.html HTTP/1.1" 200 27970 "-" "Mozilla/5.0 (Linux; Android 6.0.1; Nexus 5X Build/MMB29P) AppleWebKit/537.36 (KHTML, like Gecko) Chrome/146.0.7680.177 Mobile Safari/537.36 (compatible; GoogleOther)"
74.7.227.48 - - [14/Apr/2026:08:56:25 +0000] "GET /shop/pg/1885767 HTTP/2.0" 500 1004 "https://www.elementalmill.com/shopping/products/16211885767" "Mozilla/5.0 AppleWebKit/537.36 (KHTML, like Gecko; compatible; GPTBot/1.3; +https://openai.com/gptbot)"
144.76.32.114 - - [14/Apr/2026:08:56:58 +0000] "GET /robots.txt HTTP/1.1" 200 354 "-" "Mozilla/5.0 (compatible; SERankingBacklinksBot/1.0; +https://seranking.com/backlinks-crawler)"
144.76.32.114 - - [14/Apr/2026:08:56:58 +0000] "GET /shop/pg/2506902 HTTP/1.1" 500 1004 "-" "Mozilla/5.0 (compatible; SERankingBacklinksBot/1.0; +https://seranking.com/backlinks-crawler)"
74.7.242.41 - - [14/Apr/2026:08:57:00 +0000] "GET /shop/pg/16211934992 HTTP/2.0" 500 1004 "https://elementalmill.com/?shopping/products/16211930723" "Mozilla/5.0 AppleWebKit/537.36 (KHTML, like Gecko; compatible; GPTBot/1.3; +https://openai.com/gptbot)"
74.7.243.205 - - [14/Apr/2026:08:57:09 +0000] "GET /shop/pg/1215560 HTTP/2.0" 500 1004 "https://www.elementalmill.com.lab2454.com/shop/pg/16211590653" "Mozilla/5.0 AppleWebKit/537.36 (KHTML, like Gecko; compatible; GPTBot/1.3; +https://openai.com/gptbot)"
74.7.227.185 - - [14/Apr/2026:08:57:11 +0000] "GET /shopping/products/16232574035 HTTP/2.0" 500 1004 "https://elementalmill.com.lab2454.com/shopping/products/16201482068" "Mozilla/5.0 AppleWebKit/537.36 (KHTML, like Gecko; compatible; GPTBot/1.3; +https://openai.com/gptbot)"
66.249.64.40 - - [14/Apr/2026:08:57:17 +0000] "GET /?shop/88932963419.html HTTP/1.1" 200 26928 "-" "Mozilla/5.0 (Linux; Android 6.0.1; Nexus 5X Build/MMB29P) AppleWebKit/537.36 (KHTML, like Gecko) Chrome/146.0.7680.177 Mobile Safari/537.36 (compatible; Googlebot/2.1; +http://www.google.com/bot.html)"
66.249.64.41 - - [14/Apr/2026:08:57:18 +0000] "GET /?shop/888876652.html HTTP/1.1" 200 27978 "-" "Mozilla/5.0 (Linux; Android 6.0.1; Nexus 5X Build/MMB29P) AppleWebKit/537.36 (KHTML, like Gecko) Chrome/146.0.7680.177 Mobile Safari/537.36 (compatible; Googlebot/2.1; +http://www.google.com/bot.html)"
66.249.64.40 - - [14/Apr/2026:08:57:27 +0000] "GET /ctg/apiAllLCate/ HTTP/1.1" 200 26856 "https://elementalmill.com/?shop/89016838422.html" "Mozilla/5.0 (Linux; Android 6.0.1; Nexus 5X Build/MMB29P) AppleWebKit/537.36 (KHTML, like Gecko) Chrome/146.0.7680.177 Mobile Safari/537.36 (compatible; Googlebot/2.1; +http://www.google.com/bot.html)"
66.249.64.39 - - [14/Apr/2026:08:57:38 +0000] "GET /?shop/8888456124.html HTTP/1.1" 200 26950 "-" "Mozilla/5.0 (Linux; Android 6.0.1; Nexus 5X Build/MMB29P) AppleWebKit/537.36 (KHTML, like Gecko) Chrome/146.0.7680.177 Mobile Safari/537.36 (compatible; Googlebot/2.1; +http://www.google.com/bot.html)"
66.249.64.39 - - [14/Apr/2026:08:58:01 +0000] "GET /?shop/89079715719.html HTTP/1.1" 200 26995 "-" "Mozilla/5.0 (Linux; Android 6.0.1; Nexus 5X Build/MMB29P) AppleWebKit/537.36 (KHTML, like Gecko) Chrome/146.0.7680.177 Mobile Safari/537.36 (compatible; Googlebot/2.1; +http://www.google.com/bot.html)"
74.7.242.41 - - [14/Apr/2026:08:58:05 +0000] "GET /shop/pg/16201469491 HTTP/2.0" 500 1004 "https://www.elementalmill.com" "Mozilla/5.0 AppleWebKit/537.36 (KHTML, like Gecko; compatible; GPTBot/1.3; +https://openai.com/gptbot)"
95.108.213.170 - - [14/Apr/2026:08:58:08 +0000] "GET /robots.txt HTTP/1.1" 500 2431 "-" "Mozilla/5.0 (compatible; YandexBot/3.0; +http://yandex.com/bots)"
74.7.243.205 - - [14/Apr/2026:08:58:14 +0000] "GET /shop/pg/1381321 HTTP/2.0" 500 1004 "https://www.elementalmill.com.lab2454.com/shop/pg/16201164861" "Mozilla/5.0 AppleWebKit/537.36 (KHTML, like Gecko; compatible; GPTBot/1.3; +https://openai.com/gptbot)"
74.7.227.185 - - [14/Apr/2026:08:58:15 +0000] "GET /shopping/products/16204112455 HTTP/2.0" 500 1004 "https://elementalmill.com.lab2454.com/sitemap414.xml" "Mozilla/5.0 AppleWebKit/537.36 (KHTML, like Gecko; compatible; GPTBot/1.3; +https://openai.com/gptbot)"
66.249.64.39 - - [14/Apr/2026:08:58:21 +0000] "GET /?shop/8888275128.html HTTP/1.1" 200 27823 "-" "Mozilla/5.0 (Linux; Android 6.0.1; Nexus 5X Build/MMB29P) AppleWebKit/537.36 (KHTML, like Gecko) Chrome/146.0.7680.177 Mobile Safari/537.36 (compatible; Googlebot/2.1; +http://www.google.com/bot.html)"
66.249.64.40 - - [14/Apr/2026:08:58:23 +0000] "GET /?shop/88911542097.html HTTP/1.1" 200 27406 "-" "Mozilla/5.0 (Linux; Android 6.0.1; Nexus 5X Build/MMB29P) AppleWebKit/537.36 (KHTML, like Gecko) Chrome/146.0.7680.177 Mobile Safari/537.36 (compatible; Googlebot/2.1; +http://www.google.com/bot.html)"
74.7.227.48 - - [14/Apr/2026:08:58:34 +0000] "GET /shop/pg/2007390 HTTP/2.0" 500 1004 "https://www.elementalmill.com/shopping/products/16222007390" "Mozilla/5.0 AppleWebKit/537.36 (KHTML, like Gecko; compatible; GPTBot/1.3; +https://openai.com/gptbot)"
87.250.224.233 - - [14/Apr/2026:08:58:49 +0000] "GET /shopping/products/1619742222 HTTP/1.1" 500 1004 "-" "Mozilla/5.0 (compatible; YandexBot/3.0; +http://yandex.com/bots)"
66.249.64.39 - - [14/Apr/2026:08:59:01 +0000] "GET /?shop/8889761767.html HTTP/1.1" 200 27135 "-" "Mozilla/5.0 (Linux; Android 6.0.1; Nexus 5X Build/MMB29P) AppleWebKit/537.36 (KHTML, like Gecko) Chrome/146.0.7680.177 Mobile Safari/537.36 (compatible; Googlebot/2.1; +http://www.google.com/bot.html)"
74.7.227.185 - - [14/Apr/2026:08:59:11 +0000] "GET /shopping/products/16201297018 HTTP/2.0" 500 1004 "https://elementalmill.com.lab2454.com/shopping/products/16232619600" "Mozilla/5.0 AppleWebKit/537.36 (KHTML, like Gecko; compatible; GPTBot/1.3; +https://openai.com/gptbot)"
74.7.243.205 - - [14/Apr/2026:08:59:15 +0000] "GET /shop/pg/1397707 HTTP/2.0" 500 1004 "https://www.elementalmill.com.lab2454.com/shop/pg/16201181253" "Mozilla/5.0 AppleWebKit/537.36 (KHTML, like Gecko; compatible; GPTBot/1.3; +https://openai.com/gptbot)"
213.180.203.144 - - [14/Apr/2026:08:59:23 +0000] "GET /shopping/products/16222073411 HTTP/1.1" 500 1004 "-" "Mozilla/5.0 (compatible; YandexBot/3.0; +http://yandex.com/bots)"
66.249.64.40 - - [14/Apr/2026:08:59:25 +0000] "GET /?shop/88901088415.html HTTP/1.1" 200 27957 "-" "Mozilla/5.0 (Linux; Android 6.0.1; Nexus 5X Build/MMB29P) AppleWebKit/537.36 (KHTML, like Gecko) Chrome/146.0.7680.177 Mobile Safari/537.36 (compatible; Googlebot/2.1; +http://www.google.com/bot.html)"
66.249.64.40 - - [14/Apr/2026:08:59:27 +0000] "GET /?shop/8888301124.html HTTP/1.1" 200 27197 "-" "Mozilla/5.0 (Linux; Android 6.0.1; Nexus 5X Build/MMB29P) AppleWebKit/537.36 (KHTML, like Gecko) Chrome/146.0.7680.177 Mobile Safari/537.36 (compatible; Googlebot/2.1; +http://www.google.com/bot.html)"
74.7.227.48 - - [14/Apr/2026:08:59:34 +0000] "GET /shop/pg/1220648 HTTP/2.0" 500 1004 "https://www.elementalmill.com/shopping/products/16201220648" "Mozilla/5.0 AppleWebKit/537.36 (KHTML, like Gecko; compatible; GPTBot/1.3; +https://openai.com/gptbot)"
66.249.64.39 - - [14/Apr/2026:08:59:49 +0000] "GET /?shop/88943271377.html HTTP/1.1" 200 27491 "-" "Mozilla/5.0 (Linux; Android 6.0.1; Nexus 5X Build/MMB29P) AppleWebKit/537.36 (KHTML, like Gecko) Chrome/146.0.7680.177 Mobile Safari/537.36 (compatible; Googlebot/2.1; +http://www.google.com/bot.html)"
74.7.242.41 - - [14/Apr/2026:09:00:04 +0000] "GET /shop/pg/16211745945 HTTP/2.0" 500 1004 "https://www.elementalmill.com" "Mozilla/5.0 AppleWebKit/537.36 (KHTML, like Gecko; compatible; GPTBot/1.3; +https://openai.com/gptbot)"
87.250.224.97 - - [14/Apr/2026:09:00:08 +0000] "GET /robots.txt HTTP/1.1" 500 2431 "-" "Mozilla/5.0 (compatible; YandexBot/3.0; +http://yandex.com/bots)"
66.249.64.41 - - [14/Apr/2026:09:00:09 +0000] "GET /?shop/891010936128.html HTTP/1.1" 200 27950 "-" "Mozilla/5.0 (Linux; Android 6.0.1; Nexus 5X Build/MMB29P) AppleWebKit/537.36 (KHTML, like Gecko) Chrome/146.0.7680.177 Mobile Safari/537.36 (compatible; Googlebot/2.1; +http://www.google.com/bot.html)"
66.249.64.41 - - [14/Apr/2026:09:00:11 +0000] "GET /?shop/88911574191.html HTTP/1.1" 200 28061 "-" "Mozilla/5.0 (Linux; Android 6.0.1; Nexus 5X Build/MMB29P) AppleWebKit/537.36 (KHTML, like Gecko) Chrome/146.0.7680.177 Mobile Safari/537.36 (compatible; Googlebot/2.1; +http://www.google.com/bot.html)"
74.7.227.185 - - [14/Apr/2026:09:00:13 +0000] "GET /shopping/products/16211890185 HTTP/2.0" 500 1004 "https://elementalmill.com.lab2454.com/shopping/products/16211797491" "Mozilla/5.0 AppleWebKit/537.36 (KHTML, like Gecko; compatible; GPTBot/1.3; +https://openai.com/gptbot)"
74.7.243.205 - - [14/Apr/2026:09:00:19 +0000] "GET /shop/pg/1528026 HTTP/2.0" 500 1004 "https://www.elementalmill.com.lab2454.com/shop/pg/16201311568" "Mozilla/5.0 AppleWebKit/537.36 (KHTML, like Gecko; compatible; GPTBot/1.3; +https://openai.com/gptbot)"
66.249.64.40 - - [14/Apr/2026:09:00:31 +0000] "GET /?shop/8888309453.html HTTP/1.1" 200 27950 "-" "Mozilla/5.0 (Linux; Android 6.0.1; Nexus 5X Build/MMB29P) AppleWebKit/537.36 (KHTML, like Gecko) Chrome/146.0.7680.177 Mobile Safari/537.36 (compatible; Googlebot/2.1; +http://www.google.com/bot.html)"
74.7.242.41 - - [14/Apr/2026:09:00:44 +0000] "GET /shop/pg/1558860 HTTP/2.0" 500 1004 "https://mail.elementalmill.com/?shopping/products/16211558860" "Mozilla/5.0 AppleWebKit/537.36 (KHTML, like Gecko; compatible; GPTBot/1.3; +https://openai.com/gptbot)"
66.249.64.39 - - [14/Apr/2026:09:00:56 +0000] "GET /shop/customer/bookmark.php?shop/89016645433.html HTTP/1.1" 200 27416 "-" "Mozilla/5.0 (Linux; Android 6.0.1; Nexus 5X Build/MMB29P) AppleWebKit/537.36 (KHTML, like Gecko) Chrome/146.0.7680.177 Mobile Safari/537.36 (compatible; GoogleOther)"
74.7.242.41 - - [14/Apr/2026:09:01:06 +0000] "GET /shop/pg/16201136190 HTTP/2.0" 500 1004 "https://www.elementalmill.com" "Mozilla/5.0 AppleWebKit/537.36 (KHTML, like Gecko; compatible; GPTBot/1.3; +https://openai.com/gptbot)"
66.249.64.39 - - [14/Apr/2026:09:01:11 +0000] "GET /?shop/89079852377.html HTTP/1.1" 200 27695 "-" "Mozilla/5.0 (Linux; Android 6.0.1; Nexus 5X Build/MMB29P) AppleWebKit/537.36 (KHTML, like Gecko) Chrome/146.0.7680.177 Mobile Safari/537.36 (compatible; Googlebot/2.1; +http://www.google.com/bot.html)"
74.7.227.185 - - [14/Apr/2026:09:01:14 +0000] "GET /shopping/products/16201291681 HTTP/2.0" 500 1004 "https://elementalmill.com.lab2454.com/shopping/products/16211847326" "Mozilla/5.0 AppleWebKit/537.36 (KHTML, like Gecko; compatible; GPTBot/1.3; +https://openai.com/gptbot)"
74.7.243.205 - - [14/Apr/2026:09:01:19 +0000] "GET /shop/pg/1665926 HTTP/2.0" 500 1004 "https://www.elementalmill.com.lab2454.com/shop/pg/16201449458" "Mozilla/5.0 AppleWebKit/537.36 (KHTML, like Gecko; compatible; GPTBot/1.3; +https://openai.com/gptbot)"
66.249.64.39 - - [14/Apr/2026:09:01:31 +0000] "GET /?shop/88995538915.html HTTP/1.1" 200 27458 "-" "Mozilla/5.0 (Linux; Android 6.0.1; Nexus 5X Build/MMB29P) AppleWebKit/537.36 (KHTML, like Gecko) Chrome/146.0.7680.177 Mobile Safari/537.36 (compatible; Googlebot/2.1; +http://www.google.com/bot.html)"
66.249.64.39 - - [14/Apr/2026:09:01:35 +0000] "GET /?shop/88943296008.html HTTP/1.1" 200 26971 "-" "Mozilla/5.0 (Linux; Android 6.0.1; Nexus 5X Build/MMB29P) AppleWebKit/537.36 (KHTML, like Gecko) Chrome/146.0.7680.177 Mobile Safari/537.36 (compatible; GoogleOther)"
74.7.227.48 - - [14/Apr/2026:09:01:40 +0000] "GET /shop/pg/1252011 HTTP/2.0" 500 1004 "https://www.elementalmill.com/shop/customer/bookmark.php?shopping/products/16201252011" "Mozilla/5.0 AppleWebKit/537.36 (KHTML, like Gecko; compatible; GPTBot/1.3; +https://openai.com/gptbot)"
66.249.64.40 - - [14/Apr/2026:09:01:50 +0000] "GET /?shop/88985359586.html HTTP/1.1" 200 27329 "-" "Mozilla/5.0 (Linux; Android 6.0.1; Nexus 5X Build/MMB29P) AppleWebKit/537.36 (KHTML, like Gecko) Chrome/146.0.7680.177 Mobile Safari/537.36 (compatible; Googlebot/2.1; +http://www.google.com/bot.html)"
66.249.64.39 - - [14/Apr/2026:09:01:52 +0000] "GET /?shop/89089939099.html HTTP/1.1" 200 27475 "-" "Mozilla/5.0 (Linux; Android 6.0.1; Nexus 5X Build/MMB29P) AppleWebKit/537.36 (KHTML, like Gecko) Chrome/146.0.7680.177 Mobile Safari/537.36 (compatible; Googlebot/2.1; +http://www.google.com/bot.html)"
5.255.231.78 - - [14/Apr/2026:09:02:08 +0000] "GET /robots.txt HTTP/1.1" 500 2431 "-" "Mozilla/5.0 (compatible; YandexBot/3.0; +http://yandex.com/bots)"
66.249.64.39 - - [14/Apr/2026:09:02:13 +0000] "GET /?shop/88922168297.html HTTP/1.1" 200 27717 "-" "Mozilla/5.0 (Linux; Android 6.0.1; Nexus 5X Build/MMB29P) AppleWebKit/537.36 (KHTML, like Gecko) Chrome/146.0.7680.177 Mobile Safari/537.36 (compatible; Googlebot/2.1; +http://www.google.com/bot.html)"
66.249.64.41 - - [14/Apr/2026:09:02:15 +0000] "GET /?shop/88974639115.html HTTP/1.1" 200 28183 "-" "Mozilla/5.0 (Linux; Android 6.0.1; Nexus 5X Build/MMB29P) AppleWebKit/537.36 (KHTML, like Gecko) Chrome/146.0.7680.177 Mobile Safari/537.36 (compatible; Googlebot/2.1; +http://www.google.com/bot.html)"
74.7.227.185 - - [14/Apr/2026:09:02:18 +0000] "GET /shopping/products/16201425500 HTTP/2.0" 500 1004 "https://elementalmill.com.lab2454.com/shopping/products/16201108044" "Mozilla/5.0 AppleWebKit/537.36 (KHTML, like Gecko; compatible; GPTBot/1.3; +https://openai.com/gptbot)"
74.7.243.205 - - [14/Apr/2026:09:02:23 +0000] "GET /shop/pg/1611856 HTTP/2.0" 500 1004 "https://www.elementalmill.com.lab2454.com/shop/pg/16201395387" "Mozilla/5.0 AppleWebKit/537.36 (KHTML, like Gecko; compatible; GPTBot/1.3; +https://openai.com/gptbot)"
66.249.64.39 - - [14/Apr/2026:09:02:53 +0000] "GET /?shop/88943324023.html HTTP/1.1" 200 27797 "-" "Mozilla/5.0 (Linux; Android 6.0.1; Nexus 5X Build/MMB29P) AppleWebKit/537.36 (KHTML, like Gecko) Chrome/146.0.7680.177 Mobile Safari/537.36 (compatible; Googlebot/2.1; +http://www.google.com/bot.html)"
66.249.64.40 - - [14/Apr/2026:09:03:06 +0000] "GET /?shop/88922140625.html HTTP/1.1" 200 27536 "-" "Mozilla/5.0 (Linux; Android 6.0.1; Nexus 5X Build/MMB29P) AppleWebKit/537.36 (KHTML, like Gecko) Chrome/146.0.7680.177 Mobile Safari/537.36 (compatible; Googlebot/2.1; +http://www.google.com/bot.html)"
74.7.242.41 - - [14/Apr/2026:09:03:10 +0000] "GET /shop/pg/16201132610 HTTP/2.0" 500 1004 "https://www.elementalmill.com" "Mozilla/5.0 AppleWebKit/537.36 (KHTML, like Gecko; compatible; GPTBot/1.3; +https://openai.com/gptbot)"
74.7.227.185 - - [14/Apr/2026:09:03:19 +0000] "GET /shopping/products/16211925103 HTTP/2.0" 500 1004 "https://elementalmill.com.lab2454.com/shopping/products/16211737528" "Mozilla/5.0 AppleWebKit/537.36 (KHTML, like Gecko; compatible; GPTBot/1.3; +https://openai.com/gptbot)"
74.7.243.205 - - [14/Apr/2026:09:03:26 +0000] "GET /shop/pg/1178782 HTTP/2.0" 500 1004 "https://www.elementalmill.com.lab2454.com/shop/pg/1177622" "Mozilla/5.0 AppleWebKit/537.36 (KHTML, like Gecko; compatible; GPTBot/1.3; +https://openai.com/gptbot)"
66.249.64.39 - - [14/Apr/2026:09:03:30 +0000] "GET /?shop/890810014071.html HTTP/1.1" 200 28160 "-" "Mozilla/5.0 (Linux; Android 6.0.1; Nexus 5X Build/MMB29P) AppleWebKit/537.36 (KHTML, like Gecko) Chrome/146.0.7680.177 Mobile Safari/537.36 (compatible; Googlebot/2.1; +http://www.google.com/bot.html)"
74.7.227.48 - - [14/Apr/2026:09:03:46 +0000] "GET /shop/pg/1575918 HTTP/2.0" 500 1004 "https://www.elementalmill.com/shop/pg/1574748" "Mozilla/5.0 AppleWebKit/537.36 (KHTML, like Gecko; compatible; GPTBot/1.3; +https://openai.com/gptbot)"
5.255.231.249 - - [14/Apr/2026:09:04:08 +0000] "GET /robots.txt HTTP/1.1" 500 2431 "-" "Mozilla/5.0 (compatible; YandexBot/3.0; +http://yandex.com/bots)"
66.249.64.41 - - [14/Apr/2026:09:04:11 +0000] "GET /?shop/891111780320.html HTTP/1.1" 200 27144 "-" "Mozilla/5.0 (Linux; Android 6.0.1; Nexus 5X Build/MMB29P) AppleWebKit/537.36 (KHTML, like Gecko) Chrome/146.0.7680.177 Mobile Safari/537.36 (compatible; Googlebot/2.1; +http://www.google.com/bot.html)"
74.7.242.41 - - [14/Apr/2026:09:04:12 +0000] "GET /shop/pg/16201142806 HTTP/2.0" 500 1004 "https://elementalmill.com/?shopping/products/16201138536" "Mozilla/5.0 AppleWebKit/537.36 (KHTML, like Gecko; compatible; GPTBot/1.3; +https://openai.com/gptbot)"
74.7.227.185 - - [14/Apr/2026:09:04:23 +0000] "GET /shopping/products/16201347911 HTTP/2.0" 500 1004 "https://elementalmill.com.lab2454.com/shopping/products/16211961685" "Mozilla/5.0 AppleWebKit/537.36 (KHTML, like Gecko; compatible; GPTBot/1.3; +https://openai.com/gptbot)"
74.7.243.205 - - [14/Apr/2026:09:04:28 +0000] "GET /shop/pg/1574669 HTTP/2.0" 500 1004 "https://www.elementalmill.com.lab2454.com/shop/pg/16201358213" "Mozilla/5.0 AppleWebKit/537.36 (KHTML, like Gecko; compatible; GPTBot/1.3; +https://openai.com/gptbot)"
213.180.203.233 - - [14/Apr/2026:09:04:29 +0000] "GET /shopping/products/161924421558 HTTP/1.1" 500 1004 "-" "Mozilla/5.0 (compatible; YandexBot/3.0; +http://yandex.com/bots)"
66.249.64.39 - - [14/Apr/2026:09:04:31 +0000] "GET /?shop/89037865290.html HTTP/1.1" 200 27100 "-" "Mozilla/5.0 (Linux; Android 6.0.1; Nexus 5X Build/MMB29P) AppleWebKit/537.36 (KHTML, like Gecko) Chrome/146.0.7680.177 Mobile Safari/537.36 (compatible; Googlebot/2.1; +http://www.google.com/bot.html)"
66.249.64.39 - - [14/Apr/2026:09:04:32 +0000] "GET /?shop/89058576166.html HTTP/1.1" 200 27495 "-" "Mozilla/5.0 (Linux; Android 6.0.1; Nexus 5X Build/MMB29P) AppleWebKit/537.36 (KHTML, like Gecko) Chrome/146.0.7680.177 Mobile Safari/537.36 (compatible; Googlebot/2.1; +http://www.google.com/bot.html)"
66.249.64.40 - - [14/Apr/2026:09:04:34 +0000] "GET /?shop/89079871014.html HTTP/1.1" 200 28364 "-" "Mozilla/5.0 (Linux; Android 6.0.1; Nexus 5X Build/MMB29P) AppleWebKit/537.36 (KHTML, like Gecko) Chrome/146.0.7680.177 Mobile Safari/537.36 (compatible; Googlebot/2.1; +http://www.google.com/bot.html)"
74.7.227.48 - - [14/Apr/2026:09:04:52 +0000] "GET /shop/pg/1707540 HTTP/2.0" 500 1004 "https://www.elementalmill.com/shopping/products/16211707540" "Mozilla/5.0 AppleWebKit/537.36 (KHTML, like Gecko; compatible; GPTBot/1.3; +https://openai.com/gptbot)"
74.7.242.41 - - [14/Apr/2026:09:04:53 +0000] "GET /shop/pg/1560982 HTTP/2.0" 500 1004 "https://mail.elementalmill.com/?shopping/products/16211560982" "Mozilla/5.0 AppleWebKit/537.36 (KHTML, like Gecko; compatible; GPTBot/1.3; +https://openai.com/gptbot)"
66.249.64.39 - - [14/Apr/2026:09:04:55 +0000] "GET /?shop/891212322208.html HTTP/1.1" 200 27932 "-" "Mozilla/5.0 (Linux; Android 6.0.1; Nexus 5X Build/MMB29P) AppleWebKit/537.36 (KHTML, like Gecko) Chrome/146.0.7680.177 Mobile Safari/537.36 (compatible; Googlebot/2.1; +http://www.google.com/bot.html)"
74.7.242.41 - - [14/Apr/2026:09:05:15 +0000] "GET /shop/pg/16201258414 HTTP/2.0" 500 1004 "https://www.elementalmill.com" "Mozilla/5.0 AppleWebKit/537.36 (KHTML, like Gecko; compatible; GPTBot/1.3; +https://openai.com/gptbot)"
66.249.64.39 - - [14/Apr/2026:09:05:15 +0000] "GET /?shop/888842589.html HTTP/1.1" 200 27656 "-" "Mozilla/5.0 (Linux; Android 6.0.1; Nexus 5X Build/MMB29P) AppleWebKit/537.36 (KHTML, like Gecko) Chrome/146.0.7680.177 Mobile Safari/537.36 (compatible; Googlebot/2.1; +http://www.google.com/bot.html)"
74.7.227.185 - - [14/Apr/2026:09:05:23 +0000] "GET /shopping/products/16201056235 HTTP/2.0" 500 1004 "https://elementalmill.com.lab2454.com/shopping/products/16201437126" "Mozilla/5.0 AppleWebKit/537.36 (KHTML, like Gecko; compatible; GPTBot/1.3; +https://openai.com/gptbot)"
66.249.64.40 - - [14/Apr/2026:09:05:28 +0000] "GET /shop/88953800330.html HTTP/1.1" 200 27617 "-" "Mozilla/5.0 (Linux; Android 6.0.1; Nexus 5X Build/MMB29P) AppleWebKit/537.36 (KHTML, like Gecko) Chrome/146.0.7680.177 Mobile Safari/537.36 (compatible; GoogleOther)"
74.7.243.205 - - [14/Apr/2026:09:05:31 +0000] "GET /shop/pg/1381477 HTTP/2.0" 500 1004 "https://www.elementalmill.com.lab2454.com/shop/pg/1380323" "Mozilla/5.0 AppleWebKit/537.36 (KHTML, like Gecko; compatible; GPTBot/1.3; +https://openai.com/gptbot)"
66.249.64.39 - - [14/Apr/2026:09:05:54 +0000] "GET /?shop/89027069982.html HTTP/1.1" 200 27829 "-" "Mozilla/5.0 (Linux; Android 6.0.1; Nexus 5X Build/MMB29P) AppleWebKit/537.36 (KHTML, like Gecko) Chrome/146.0.7680.177 Mobile Safari/537.36 (compatible; Googlebot/2.1; +http://www.google.com/bot.html)"
74.7.227.48 - - [14/Apr/2026:09:05:57 +0000] "GET /shop/pg/1100923 HTTP/2.0" 500 1004 "https://www.elementalmill.com/shopping/products/16201100923" "Mozilla/5.0 AppleWebKit/537.36 (KHTML, like Gecko; compatible; GPTBot/1.3; +https://openai.com/gptbot)"
213.180.203.80 - - [14/Apr/2026:09:06:08 +0000] "GET /robots.txt HTTP/1.1" 500 2431 "-" "Mozilla/5.0 (compatible; YandexBot/3.0; +http://yandex.com/bots)"
5.255.231.189 - - [14/Apr/2026:09:06:09 +0000] "GET /shopping/products/16232579267 HTTP/1.1" 500 1004 "-" "Mozilla/5.0 (compatible; YandexBot/3.0; +http://yandex.com/bots)"
213.180.203.243 - - [14/Apr/2026:09:06:09 +0000] "GET /shopping/products/16222280538 HTTP/1.1" 500 1004 "-" "Mozilla/5.0 (compatible; YandexBot/3.0; +http://yandex.com/bots)"
95.108.213.109 - - [14/Apr/2026:09:06:10 +0000] "GET /shopping/products/16201181170 HTTP/1.1" 500 1004 "-" "Mozilla/5.0 (compatible; YandexBot/3.0; +http://yandex.com/bots)"
66.249.64.39 - - [14/Apr/2026:09:06:15 +0000] "GET /?shop/888825774.html HTTP/1.1" 200 26751 "-" "Mozilla/5.0 (Linux; Android 6.0.1; Nexus 5X Build/MMB29P) AppleWebKit/537.36 (KHTML, like Gecko) Chrome/146.0.7680.177 Mobile Safari/537.36 (compatible; Googlebot/2.1; +http://www.google.com/bot.html)"
74.7.242.41 - - [14/Apr/2026:09:06:17 +0000] "GET /shop/pg/16201202180 HTTP/2.0" 500 1004 "https://elementalmill.com/?shopping/products/16201197905" "Mozilla/5.0 AppleWebKit/537.36 (KHTML, like Gecko; compatible; GPTBot/1.3; +https://openai.com/gptbot)"
66.249.64.40 - - [14/Apr/2026:09:06:17 +0000] "GET /?shop/888835214.html HTTP/1.1" 200 27384 "-" "Mozilla/5.0 (Linux; Android 6.0.1; Nexus 5X Build/MMB29P) AppleWebKit/537.36 (KHTML, like Gecko) Chrome/146.0.7680.177 Mobile Safari/537.36 (compatible; Googlebot/2.1; +http://www.google.com/bot.html)"
74.7.227.185 - - [14/Apr/2026:09:06:23 +0000] "GET /shopping/products/16211729959 HTTP/2.0" 500 1004 "https://elementalmill.com.lab2454.com/shopping/products/16211597028" "Mozilla/5.0 AppleWebKit/537.36 (KHTML, like Gecko; compatible; GPTBot/1.3; +https://openai.com/gptbot)"
66.249.64.40 - - [14/Apr/2026:09:06:31 +0000] "GET /?shop/89037404995.html HTTP/1.1" 200 27965 "-" "Mozilla/5.0 (Linux; Android 6.0.1; Nexus 5X Build/MMB29P) AppleWebKit/537.36 (KHTML, like Gecko) Chrome/146.0.7680.177 Mobile Safari/537.36 (compatible; Googlebot/2.1; +http://www.google.com/bot.html)"
74.7.243.205 - - [14/Apr/2026:09:06:35 +0000] "GET /shop/pg/1456503 HTTP/2.0" 500 1004 "https://www.elementalmill.com.lab2454.com/shop/pg/16201240054" "Mozilla/5.0 AppleWebKit/537.36 (KHTML, like Gecko; compatible; GPTBot/1.3; +https://openai.com/gptbot)"
66.249.64.39 - - [14/Apr/2026:09:06:57 +0000] "GET /?shop/88995503380.html HTTP/1.1" 200 27642 "-" "Mozilla/5.0 (Linux; Android 6.0.1; Nexus 5X Build/MMB29P) AppleWebKit/537.36 (KHTML, like Gecko) Chrome/146.0.7680.177 Mobile Safari/537.36 (compatible; Googlebot/2.1; +http://www.google.com/bot.html)"
74.7.242.41 - - [14/Apr/2026:09:07:22 +0000] "GET /shop/pg/16211818894 HTTP/2.0" 500 1004 "https://www.elementalmill.com" "Mozilla/5.0 AppleWebKit/537.36 (KHTML, like Gecko; compatible; GPTBot/1.3; +https://openai.com/gptbot)"
5.255.231.168 - - [14/Apr/2026:09:07:23 +0000] "GET /shopping/products/16222274759 HTTP/1.1" 500 1004 "-" "Mozilla/5.0 (compatible; YandexBot/3.0; +http://yandex.com/bots)"
66.249.64.41 - - [14/Apr/2026:09:07:23 +0000] "GET /?shop/891312865716.html HTTP/1.1" 200 27733 "-" "Mozilla/5.0 (Linux; Android 6.0.1; Nexus 5X Build/MMB29P) AppleWebKit/537.36 (KHTML, like Gecko) Chrome/146.0.7680.177 Mobile Safari/537.36 (compatible; Googlebot/2.1; +http://www.google.com/bot.html)"
74.7.243.205 - - [14/Apr/2026:09:07:38 +0000] "GET /shop/pg/1524010 HTTP/2.0" 500 1004 "https://www.elementalmill.com.lab2454.com/shop/pg/16201307553" "Mozilla/5.0 AppleWebKit/537.36 (KHTML, like Gecko; compatible; GPTBot/1.3; +https://openai.com/gptbot)"
66.249.64.40 - - [14/Apr/2026:09:07:49 +0000] "GET /?shop/891413388087.html HTTP/1.1" 200 28586 "-" "Mozilla/5.0 (Linux; Android 6.0.1; Nexus 5X Build/MMB29P) AppleWebKit/537.36 (KHTML, like Gecko) Chrome/146.0.7680.177 Mobile Safari/537.36 (compatible; Googlebot/2.1; +http://www.google.com/bot.html)"
74.7.227.48 - - [14/Apr/2026:09:08:03 +0000] "GET /shop/pg/2018682 HTTP/2.0" 500 1004 "https://www.elementalmill.com/?shopping/products/16222018682" "Mozilla/5.0 AppleWebKit/537.36 (KHTML, like Gecko; compatible; GPTBot/1.3; +https://openai.com/gptbot)"
