66.249.64.39 - - [14/Apr/2026:01:26:41 +0000] "GET /?shop/88922010121.html HTTP/1.1" 200 27724 "-" "Mozilla/5.0 (Linux; Android 6.0.1; Nexus 5X Build/MMB29P) AppleWebKit/537.36 (KHTML, like Gecko) Chrome/146.0.7680.177 Mobile Safari/537.36 (compatible; Googlebot/2.1; +http://www.google.com/bot.html)"
74.7.243.205 - - [14/Apr/2026:01:26:43 +0000] "GET /shop/pg/1684967 HTTP/2.0" 500 1004 "https://www.elementalmill.com.lab2454.com/shop/pg/16201468505" "Mozilla/5.0 AppleWebKit/537.36 (KHTML, like Gecko; compatible; GPTBot/1.3; +https://openai.com/gptbot)"
74.7.227.185 - - [14/Apr/2026:01:26:53 +0000] "GET /shopping/products/16211804948 HTTP/2.0" 500 1004 "https://elementalmill.com.lab2454.com/shopping/products/16201404906" "Mozilla/5.0 AppleWebKit/537.36 (KHTML, like Gecko; compatible; GPTBot/1.3; +https://openai.com/gptbot)"
66.249.64.41 - - [14/Apr/2026:01:26:59 +0000] "GET /?shop/89058610021.html HTTP/1.1" 200 28482 "-" "Mozilla/5.0 (Linux; Android 6.0.1; Nexus 5X Build/MMB29P) AppleWebKit/537.36 (KHTML, like Gecko) Chrome/146.0.7680.177 Mobile Safari/537.36 (compatible; Googlebot/2.1; +http://www.google.com/bot.html)"
66.249.64.40 - - [14/Apr/2026:01:27:17 +0000] "GET /?shop/891412921401.html HTTP/1.1" 200 27343 "-" "Mozilla/5.0 (Linux; Android 6.0.1; Nexus 5X Build/MMB29P) AppleWebKit/537.36 (KHTML, like Gecko) Chrome/146.0.7680.177 Mobile Safari/537.36 (compatible; Googlebot/2.1; +http://www.google.com/bot.html)"
74.7.242.41 - - [14/Apr/2026:01:27:33 +0000] "GET /shop/pg/16211865542 HTTP/2.0" 500 1004 "https://elementalmill.com/?shopping/products/16211861267" "Mozilla/5.0 AppleWebKit/537.36 (KHTML, like Gecko; compatible; GPTBot/1.3; +https://openai.com/gptbot)"
66.249.64.39 - - [14/Apr/2026:01:27:35 +0000] "GET /?shop/89037421098.html HTTP/1.1" 200 27759 "-" "Mozilla/5.0 (Linux; Android 6.0.1; Nexus 5X Build/MMB29P) AppleWebKit/537.36 (KHTML, like Gecko) Chrome/146.0.7680.177 Mobile Safari/537.36 (compatible; Googlebot/2.1; +http://www.google.com/bot.html)"
74.7.243.205 - - [14/Apr/2026:01:27:46 +0000] "GET /shop/pg/1392794 HTTP/2.0" 500 1004 "https://www.elementalmill.com.lab2454.com/shop/pg/1391629" "Mozilla/5.0 AppleWebKit/537.36 (KHTML, like Gecko; compatible; GPTBot/1.3; +https://openai.com/gptbot)"
66.249.64.39 - - [14/Apr/2026:01:27:52 +0000] "GET /?shop/88953586710.html HTTP/1.1" 200 27322 "-" "Mozilla/5.0 (Linux; Android 6.0.1; Nexus 5X Build/MMB29P) AppleWebKit/537.36 (KHTML, like Gecko) Chrome/146.0.7680.177 Mobile Safari/537.36 (compatible; Googlebot/2.1; +http://www.google.com/bot.html)"
74.7.227.185 - - [14/Apr/2026:01:27:56 +0000] "GET /shopping/products/16201270906 HTTP/2.0" 500 1004 "https://elementalmill.com.lab2454.com/shopping/products/16201249570" "Mozilla/5.0 AppleWebKit/537.36 (KHTML, like Gecko; compatible; GPTBot/1.3; +https://openai.com/gptbot)"
66.249.64.41 - - [14/Apr/2026:01:28:26 +0000] "GET /?shop/88974772565.html HTTP/1.1" 200 27196 "-" "Mozilla/5.0 (Linux; Android 6.0.1; Nexus 5X Build/MMB29P) AppleWebKit/537.36 (KHTML, like Gecko) Chrome/146.0.7680.177 Mobile Safari/537.36 (compatible; Googlebot/2.1; +http://www.google.com/bot.html)"
213.180.203.161 - - [14/Apr/2026:01:28:45 +0000] "GET /robots.txt HTTP/1.1" 500 2431 "-" "Mozilla/5.0 (compatible; YandexBot/3.0; +http://yandex.com/bots)"
66.249.64.39 - - [14/Apr/2026:01:28:45 +0000] "GET /?shop/88932587234.html HTTP/1.1" 200 28292 "-" "Mozilla/5.0 (Linux; Android 6.0.1; Nexus 5X Build/MMB29P) AppleWebKit/537.36 (KHTML, like Gecko) Chrome/146.0.7680.177 Mobile Safari/537.36 (compatible; Googlebot/2.1; +http://www.google.com/bot.html)"
74.7.227.185 - - [14/Apr/2026:01:28:57 +0000] "GET /shopping/products/16211657102 HTTP/2.0" 500 1004 "https://elementalmill.com.lab2454.com/shopping/products/16201140841" "Mozilla/5.0 AppleWebKit/537.36 (KHTML, like Gecko; compatible; GPTBot/1.3; +https://openai.com/gptbot)"
74.7.227.48 - - [14/Apr/2026:01:29:02 +0000] "GET /shop/pg/2128313 HTTP/2.0" 500 1004 "https://www.elementalmill.com/shopping/products/16222128313" "Mozilla/5.0 AppleWebKit/537.36 (KHTML, like Gecko; compatible; GPTBot/1.3; +https://openai.com/gptbot)"
66.249.64.41 - - [14/Apr/2026:01:29:02 +0000] "GET /?shop/8888289301.html HTTP/1.1" 200 27059 "-" "Mozilla/5.0 (Linux; Android 6.0.1; Nexus 5X Build/MMB29P) AppleWebKit/537.36 (KHTML, like Gecko) Chrome/146.0.7680.177 Mobile Safari/537.36 (compatible; Googlebot/2.1; +http://www.google.com/bot.html)"
66.249.64.41 - - [14/Apr/2026:01:29:04 +0000] "GET /?shop/8888220828.html HTTP/1.1" 200 26711 "-" "Mozilla/5.0 (Linux; Android 6.0.1; Nexus 5X Build/MMB29P) AppleWebKit/537.36 (KHTML, like Gecko) Chrome/146.0.7680.177 Mobile Safari/537.36 (compatible; Googlebot/2.1; +http://www.google.com/bot.html)"
66.249.76.199 - - [14/Apr/2026:01:29:21 +0000] "GET /?shop/890910815998.html HTTP/1.1" 200 27455 "-" "Mozilla/5.0 (Linux; Android 6.0.1; Nexus 5X Build/MMB29P) AppleWebKit/537.36 (KHTML, like Gecko) Chrome/146.0.7680.177 Mobile Safari/537.36 (compatible; Googlebot/2.1; +http://www.google.com/bot.html)"
66.249.64.39 - - [14/Apr/2026:01:29:23 +0000] "GET /?shop/891111737426.html HTTP/1.1" 200 25759 "-" "Mozilla/5.0 (Linux; Android 6.0.1; Nexus 5X Build/MMB29P) AppleWebKit/537.36 (KHTML, like Gecko) Chrome/146.0.7680.177 Mobile Safari/537.36 (compatible; Googlebot/2.1; +http://www.google.com/bot.html)"
66.249.64.39 - - [14/Apr/2026:01:29:39 +0000] "GET /?shop/8888300146.html HTTP/1.1" 200 28919 "-" "Mozilla/5.0 (Linux; Android 6.0.1; Nexus 5X Build/MMB29P) AppleWebKit/537.36 (KHTML, like Gecko) Chrome/146.0.7680.177 Mobile Safari/537.36 (compatible; Googlebot/2.1; +http://www.google.com/bot.html)"
74.7.242.41 - - [14/Apr/2026:01:29:41 +0000] "GET /shop/pg/16201060360 HTTP/2.0" 500 1004 "https://elementalmill.com/?shopping/products/16201056102" "Mozilla/5.0 AppleWebKit/537.36 (KHTML, like Gecko; compatible; GPTBot/1.3; +https://openai.com/gptbot)"
74.7.243.205 - - [14/Apr/2026:01:29:53 +0000] "GET /shop/pg/1482243 HTTP/2.0" 500 1004 "https://www.elementalmill.com.lab2454.com/shop/pg/16201265776" "Mozilla/5.0 AppleWebKit/537.36 (KHTML, like Gecko; compatible; GPTBot/1.3; +https://openai.com/gptbot)"
66.249.64.39 - - [14/Apr/2026:01:29:58 +0000] "GET /?shop/891614085056.html HTTP/1.1" 200 27350 "-" "Mozilla/5.0 (Linux; Android 6.0.1; Nexus 5X Build/MMB29P) AppleWebKit/537.36 (KHTML, like Gecko) Chrome/146.0.7680.177 Mobile Safari/537.36 (compatible; Googlebot/2.1; +http://www.google.com/bot.html)"
74.7.227.185 - - [14/Apr/2026:01:30:01 +0000] "GET /shopping/products/16201199215 HTTP/2.0" 500 1004 "https://elementalmill.com.lab2454.com/shopping/products/16211552743" "Mozilla/5.0 AppleWebKit/537.36 (KHTML, like Gecko; compatible; GPTBot/1.3; +https://openai.com/gptbot)"
74.7.227.48 - - [14/Apr/2026:01:30:04 +0000] "GET /shop/pg/2507942 HTTP/2.0" 500 1004 "https://www.elementalmill.com/shop/customer/bookmark.php?shopping/products/16232507942" "Mozilla/5.0 AppleWebKit/537.36 (KHTML, like Gecko; compatible; GPTBot/1.3; +https://openai.com/gptbot)"
66.249.64.39 - - [14/Apr/2026:01:30:23 +0000] "GET /?shop/89069162345.html HTTP/1.1" 200 27582 "-" "Mozilla/5.0 (Linux; Android 6.0.1; Nexus 5X Build/MMB29P) AppleWebKit/537.36 (KHTML, like Gecko) Chrome/146.0.7680.177 Mobile Safari/537.36 (compatible; Googlebot/2.1; +http://www.google.com/bot.html)"
66.249.64.39 - - [14/Apr/2026:01:30:35 +0000] "GET /?shop/89058737975.html HTTP/1.1" 200 27247 "-" "Mozilla/5.0 (Linux; Android 6.0.1; Nexus 5X Build/MMB29P) AppleWebKit/537.36 (KHTML, like Gecko) Chrome/146.0.7680.177 Mobile Safari/537.36 (compatible; Googlebot/2.1; +http://www.google.com/bot.html)"
74.7.242.41 - - [14/Apr/2026:01:30:46 +0000] "GET /shop/pg/16211800689 HTTP/2.0" 500 1004 "https://elementalmill.com/?shopping/products/16211796409" "Mozilla/5.0 AppleWebKit/537.36 (KHTML, like Gecko; compatible; GPTBot/1.3; +https://openai.com/gptbot)"
66.249.64.39 - - [14/Apr/2026:01:30:54 +0000] "GET /?shop/88911729952.html HTTP/1.1" 200 28524 "-" "Mozilla/5.0 (Linux; Android 6.0.1; Nexus 5X Build/MMB29P) AppleWebKit/537.36 (KHTML, like Gecko) Chrome/146.0.7680.177 Mobile Safari/537.36 (compatible; Googlebot/2.1; +http://www.google.com/bot.html)"
74.7.243.205 - - [14/Apr/2026:01:30:59 +0000] "GET /shop/pg/1537559 HTTP/2.0" 500 1004 "https://www.elementalmill.com.lab2454.com/shop/pg/16201321109" "Mozilla/5.0 AppleWebKit/537.36 (KHTML, like Gecko; compatible; GPTBot/1.3; +https://openai.com/gptbot)"
5.255.231.109 - - [14/Apr/2026:01:31:02 +0000] "GET /shopping/products/161958807253 HTTP/1.1" 500 1004 "-" "Mozilla/5.0 (compatible; YandexBot/3.0; +http://yandex.com/bots)"
74.7.227.48 - - [14/Apr/2026:01:31:05 +0000] "GET /shop/pg/1804939 HTTP/2.0" 500 1004 "https://www.elementalmill.com/shopping/products/16211804939" "Mozilla/5.0 AppleWebKit/537.36 (KHTML, like Gecko; compatible; GPTBot/1.3; +https://openai.com/gptbot)"
74.7.227.185 - - [14/Apr/2026:01:31:07 +0000] "GET /shopping/products/16211880482 HTTP/2.0" 500 1004 "https://elementalmill.com.lab2454.com/shopping/products/16201084952" "Mozilla/5.0 AppleWebKit/537.36 (KHTML, like Gecko; compatible; GPTBot/1.3; +https://openai.com/gptbot)"
66.249.64.39 - - [14/Apr/2026:01:31:13 +0000] "GET /?shop/88901105801.html HTTP/1.1" 200 27175 "-" "Mozilla/5.0 (Linux; Android 6.0.1; Nexus 5X Build/MMB29P) AppleWebKit/537.36 (KHTML, like Gecko) Chrome/146.0.7680.177 Mobile Safari/537.36 (compatible; Googlebot/2.1; +http://www.google.com/bot.html)"
216.73.216.112 - - [14/Apr/2026:01:31:55 +0000] "GET /robots.txt HTTP/2.0" 200 354 "-" ""
66.249.64.41 - - [14/Apr/2026:01:32:00 +0000] "GET /?shop/89006262710.html HTTP/1.1" 200 27882 "-" "Mozilla/5.0 (Linux; Android 6.0.1; Nexus 5X Build/MMB29P) AppleWebKit/537.36 (KHTML, like Gecko) Chrome/146.0.7680.177 Mobile Safari/537.36 (compatible; Googlebot/2.1; +http://www.google.com/bot.html)"
74.7.243.205 - - [14/Apr/2026:01:32:01 +0000] "GET /shop/pg/1764295 HTTP/2.0" 500 1004 "https://www.elementalmill.com.lab2454.com/?shopping/products/16211764295" "Mozilla/5.0 AppleWebKit/537.36 (KHTML, like Gecko; compatible; GPTBot/1.3; +https://openai.com/gptbot)"
66.249.64.40 - - [14/Apr/2026:01:32:01 +0000] "GET /shop/customer/bookmark.php?shopping/products/16201408065 HTTP/1.1" 200 27713 "-" "Mozilla/5.0 (Linux; Android 6.0.1; Nexus 5X Build/MMB29P) AppleWebKit/537.36 (KHTML, like Gecko) Chrome/146.0.7680.177 Mobile Safari/537.36 (compatible; Googlebot/2.1; +http://www.google.com/bot.html)"
66.249.64.39 - - [14/Apr/2026:01:32:09 +0000] "GET /?shop/891413248301.html HTTP/1.1" 200 27551 "-" "Mozilla/5.0 (Linux; Android 6.0.1; Nexus 5X Build/MMB29P) AppleWebKit/537.36 (KHTML, like Gecko) Chrome/146.0.7680.177 Mobile Safari/537.36 (compatible; Googlebot/2.1; +http://www.google.com/bot.html)"
74.7.227.185 - - [14/Apr/2026:01:32:11 +0000] "GET /shopping/products/16201074139 HTTP/2.0" 500 1004 "https://elementalmill.com.lab2454.com/shopping/products/16211670150" "Mozilla/5.0 AppleWebKit/537.36 (KHTML, like Gecko; compatible; GPTBot/1.3; +https://openai.com/gptbot)"
74.7.242.41 - - [14/Apr/2026:01:32:17 +0000] "GET /shop/pg/1958706 HTTP/2.0" 500 1004 "https://mail.elementalmill.com/?shopping/products/16211958706" "Mozilla/5.0 AppleWebKit/537.36 (KHTML, like Gecko; compatible; GPTBot/1.3; +https://openai.com/gptbot)"
66.249.64.39 - - [14/Apr/2026:01:32:28 +0000] "GET /?shop/89027014178.html HTTP/1.1" 200 27294 "-" "Mozilla/5.0 (Linux; Android 6.0.1; Nexus 5X Build/MMB29P) AppleWebKit/537.36 (KHTML, like Gecko) Chrome/146.0.7680.177 Mobile Safari/537.36 (compatible; Googlebot/2.1; +http://www.google.com/bot.html)"
66.249.64.39 - - [14/Apr/2026:01:32:29 +0000] "GET /ol/0/ HTTP/1.1" 200 27239 "-" "Mozilla/5.0 (Linux; Android 6.0.1; Nexus 5X Build/MMB29P) AppleWebKit/537.36 (KHTML, like Gecko) Chrome/146.0.7680.177 Mobile Safari/537.36 (compatible; Googlebot/2.1; +http://www.google.com/bot.html)"
66.249.64.39 - - [14/Apr/2026:01:32:31 +0000] "GET /category/16191000047 HTTP/1.1" 200 28577 "-" "Mozilla/5.0 (Linux; Android 6.0.1; Nexus 5X Build/MMB29P) AppleWebKit/537.36 (KHTML, like Gecko) Chrome/146.0.7680.177 Mobile Safari/537.36 (compatible; Googlebot/2.1; +http://www.google.com/bot.html)"
66.249.64.39 - - [14/Apr/2026:01:32:35 +0000] "GET /shop/pg/16201396219 HTTP/1.1" 200 27349 "-" "Mozilla/5.0 (Linux; Android 6.0.1; Nexus 5X Build/MMB29P) AppleWebKit/537.36 (KHTML, like Gecko) Chrome/146.0.7680.177 Mobile Safari/537.36 (compatible; Googlebot/2.1; +http://www.google.com/bot.html)"
66.249.64.39 - - [14/Apr/2026:01:32:37 +0000] "GET /?shop/8888474598.html HTTP/1.1" 200 27471 "-" "Mozilla/5.0 (Linux; Android 6.0.1; Nexus 5X Build/MMB29P) AppleWebKit/537.36 (KHTML, like Gecko) Chrome/146.0.7680.177 Mobile Safari/537.36 (compatible; Googlebot/2.1; +http://www.google.com/bot.html)"
66.249.64.39 - - [14/Apr/2026:01:32:46 +0000] "GET /?shop/891312745328.html HTTP/1.1" 200 27875 "-" "Mozilla/5.0 (Linux; Android 6.0.1; Nexus 5X Build/MMB29P) AppleWebKit/537.36 (KHTML, like Gecko) Chrome/146.0.7680.177 Mobile Safari/537.36 (compatible; Googlebot/2.1; +http://www.google.com/bot.html)"
74.7.242.41 - - [14/Apr/2026:01:32:51 +0000] "GET /shop/pg/16211858438 HTTP/2.0" 500 1004 "https://www.elementalmill.com" "Mozilla/5.0 AppleWebKit/537.36 (KHTML, like Gecko; compatible; GPTBot/1.3; +https://openai.com/gptbot)"
74.7.243.205 - - [14/Apr/2026:01:33:00 +0000] "GET /shop/pg/1703217 HTTP/2.0" 500 1004 "https://www.elementalmill.com.lab2454.com/shop/pg/16201486747" "Mozilla/5.0 AppleWebKit/537.36 (KHTML, like Gecko; compatible; GPTBot/1.3; +https://openai.com/gptbot)"
74.7.227.185 - - [14/Apr/2026:01:33:10 +0000] "GET /shopping/products/16211706340 HTTP/2.0" 500 1004 "https://elementalmill.com.lab2454.com/shopping/products/16211843465" "Mozilla/5.0 AppleWebKit/537.36 (KHTML, like Gecko; compatible; GPTBot/1.3; +https://openai.com/gptbot)"
74.7.227.48 - - [14/Apr/2026:01:33:11 +0000] "GET /shop/pg/2518704 HTTP/2.0" 500 1004 "https://www.elementalmill.com/shop/customer/bookmark.php?shopping/products/16232518704" "Mozilla/5.0 AppleWebKit/537.36 (KHTML, like Gecko; compatible; GPTBot/1.3; +https://openai.com/gptbot)"
66.249.64.40 - - [14/Apr/2026:01:33:12 +0000] "GET /?shop/89037570710.html HTTP/1.1" 200 27402 "-" "Mozilla/5.0 (Linux; Android 6.0.1; Nexus 5X Build/MMB29P) AppleWebKit/537.36 (KHTML, like Gecko) Chrome/146.0.7680.177 Mobile Safari/537.36 (compatible; Googlebot/2.1; +http://www.google.com/bot.html)"
66.249.64.40 - - [14/Apr/2026:01:33:46 +0000] "GET /?shop/89037409254.html HTTP/1.1" 200 28680 "-" "Mozilla/5.0 (Linux; Android 6.0.1; Nexus 5X Build/MMB29P) AppleWebKit/537.36 (KHTML, like Gecko) Chrome/146.0.7680.177 Mobile Safari/537.36 (compatible; Googlebot/2.1; +http://www.google.com/bot.html)"
66.249.64.40 - - [14/Apr/2026:01:33:48 +0000] "GET /?shop/88901389827.html HTTP/1.1" 200 27847 "-" "Mozilla/5.0 (Linux; Android 6.0.1; Nexus 5X Build/MMB29P) AppleWebKit/537.36 (KHTML, like Gecko) Chrome/146.0.7680.177 Mobile Safari/537.36 (compatible; Googlebot/2.1; +http://www.google.com/bot.html)"
74.7.242.41 - - [14/Apr/2026:01:33:51 +0000] "GET /shop/pg/16211685773 HTTP/2.0" 500 1004 "https://elementalmill.com/?shopping/products/16211681504" "Mozilla/5.0 AppleWebKit/537.36 (KHTML, like Gecko; compatible; GPTBot/1.3; +https://openai.com/gptbot)"
74.7.243.205 - - [14/Apr/2026:01:34:03 +0000] "GET /shop/pg/1357498 HTTP/2.0" 500 1004 "https://www.elementalmill.com.lab2454.com/shop/pg/16201141047" "Mozilla/5.0 AppleWebKit/537.36 (KHTML, like Gecko; compatible; GPTBot/1.3; +https://openai.com/gptbot)"
66.249.64.39 - - [14/Apr/2026:01:34:06 +0000] "GET /?shop/88922395101.html HTTP/1.1" 200 28018 "-" "Mozilla/5.0 (Linux; Android 6.0.1; Nexus 5X Build/MMB29P) AppleWebKit/537.36 (KHTML, like Gecko) Chrome/146.0.7680.177 Mobile Safari/537.36 (compatible; Googlebot/2.1; +http://www.google.com/bot.html)"
66.249.64.39 - - [14/Apr/2026:01:34:08 +0000] "GET /?shop/890810053963.html HTTP/1.1" 200 28210 "-" "Mozilla/5.0 (Linux; Android 6.0.1; Nexus 5X Build/MMB29P) AppleWebKit/537.36 (KHTML, like Gecko) Chrome/146.0.7680.177 Mobile Safari/537.36 (compatible; Googlebot/2.1; +http://www.google.com/bot.html)"
74.7.227.185 - - [14/Apr/2026:01:34:13 +0000] "GET /shopping/products/16211697159 HTTP/2.0" 500 1004 "https://elementalmill.com.lab2454.com/shopping/products/16232500154" "Mozilla/5.0 AppleWebKit/537.36 (KHTML, like Gecko; compatible; GPTBot/1.3; +https://openai.com/gptbot)"
74.7.227.48 - - [14/Apr/2026:01:34:14 +0000] "GET /shop/pg/2474505 HTTP/2.0" 500 1004 "https://www.elementalmill.com/shopping/products/16222474505" "Mozilla/5.0 AppleWebKit/537.36 (KHTML, like Gecko; compatible; GPTBot/1.3; +https://openai.com/gptbot)"
66.249.64.39 - - [14/Apr/2026:01:34:26 +0000] "GET /?shop/891212093580.html HTTP/1.1" 200 27736 "-" "Mozilla/5.0 (Linux; Android 6.0.1; Nexus 5X Build/MMB29P) AppleWebKit/537.36 (KHTML, like Gecko) Chrome/146.0.7680.177 Mobile Safari/537.36 (compatible; Googlebot/2.1; +http://www.google.com/bot.html)"
66.249.64.39 - - [14/Apr/2026:01:34:43 +0000] "GET /?shop/891212170959.html HTTP/1.1" 200 27135 "-" "Mozilla/5.0 (Linux; Android 6.0.1; Nexus 5X Build/MMB29P) AppleWebKit/537.36 (KHTML, like Gecko) Chrome/146.0.7680.177 Mobile Safari/537.36 (compatible; Googlebot/2.1; +http://www.google.com/bot.html)"
74.7.242.41 - - [14/Apr/2026:01:34:51 +0000] "GET /shop/pg/16211927916 HTTP/2.0" 500 1004 "https://www.elementalmill.com" "Mozilla/5.0 AppleWebKit/537.36 (KHTML, like Gecko; compatible; GPTBot/1.3; +https://openai.com/gptbot)"
66.249.64.41 - - [14/Apr/2026:01:35:01 +0000] "GET /?shop/88932537599.html HTTP/1.1" 200 27158 "-" "Mozilla/5.0 (Linux; Android 6.0.1; Nexus 5X Build/MMB29P) AppleWebKit/537.36 (KHTML, like Gecko) Chrome/146.0.7680.177 Mobile Safari/537.36 (compatible; Googlebot/2.1; +http://www.google.com/bot.html)"
66.249.64.39 - - [14/Apr/2026:01:35:03 +0000] "GET /shop/customer/bookmark.php?shopping/products/1619555032 HTTP/1.1" 200 27656 "-" "Mozilla/5.0 (Linux; Android 6.0.1; Nexus 5X Build/MMB29P) AppleWebKit/537.36 (KHTML, like Gecko) Chrome/146.0.7680.177 Mobile Safari/537.36 (compatible; Googlebot/2.1; +http://www.google.com/bot.html)"
74.7.243.205 - - [14/Apr/2026:01:35:07 +0000] "GET /shop/pg/1201241 HTTP/2.0" 500 1004 "https://www.elementalmill.com.lab2454.com/shop/pg/16211576334" "Mozilla/5.0 AppleWebKit/537.36 (KHTML, like Gecko; compatible; GPTBot/1.3; +https://openai.com/gptbot)"
74.7.227.185 - - [14/Apr/2026:01:35:14 +0000] "GET /shopping/products/16201156303 HTTP/2.0" 500 1004 "https://elementalmill.com.lab2454.com/shopping/products/16211540171" "Mozilla/5.0 AppleWebKit/537.36 (KHTML, like Gecko; compatible; GPTBot/1.3; +https://openai.com/gptbot)"
66.249.64.39 - - [14/Apr/2026:01:35:16 +0000] "GET /?shop/890910873639.html HTTP/1.1" 200 26949 "-" "Mozilla/5.0 (Linux; Android 6.0.1; Nexus 5X Build/MMB29P) AppleWebKit/537.36 (KHTML, like Gecko) Chrome/146.0.7680.177 Mobile Safari/537.36 (compatible; Googlebot/2.1; +http://www.google.com/bot.html)"
74.7.227.48 - - [14/Apr/2026:01:35:20 +0000] "GET /shop/pg/2315746 HTTP/2.0" 500 1004 "https://www.elementalmill.com/?shopping/products/16222315746" "Mozilla/5.0 AppleWebKit/537.36 (KHTML, like Gecko; compatible; GPTBot/1.3; +https://openai.com/gptbot)"
66.249.64.39 - - [14/Apr/2026:01:35:35 +0000] "GET /?shop/88901381560.html HTTP/1.1" 200 27589 "-" "Mozilla/5.0 (Linux; Android 6.0.1; Nexus 5X Build/MMB29P) AppleWebKit/537.36 (KHTML, like Gecko) Chrome/146.0.7680.177 Mobile Safari/537.36 (compatible; Googlebot/2.1; +http://www.google.com/bot.html)"
74.7.242.41 - - [14/Apr/2026:01:35:52 +0000] "GET /shop/pg/16211911378 HTTP/2.0" 500 1004 "https://www.elementalmill.com" "Mozilla/5.0 AppleWebKit/537.36 (KHTML, like Gecko; compatible; GPTBot/1.3; +https://openai.com/gptbot)"
66.249.64.40 - - [14/Apr/2026:01:35:58 +0000] "GET /?shop/89016709795.html HTTP/1.1" 200 28185 "-" "Mozilla/5.0 (Linux; Android 6.0.1; Nexus 5X Build/MMB29P) AppleWebKit/537.36 (KHTML, like Gecko) Chrome/146.0.7680.177 Mobile Safari/537.36 (compatible; Googlebot/2.1; +http://www.google.com/bot.html)"
74.7.243.205 - - [14/Apr/2026:01:36:07 +0000] "GET /shop/pg/1525620 HTTP/2.0" 500 1004 "https://www.elementalmill.com.lab2454.com/shop/pg/16201309159" "Mozilla/5.0 AppleWebKit/537.36 (KHTML, like Gecko; compatible; GPTBot/1.3; +https://openai.com/gptbot)"
74.7.227.185 - - [14/Apr/2026:01:36:17 +0000] "GET /shopping/products/16211523194 HTTP/2.0" 500 1004 "https://elementalmill.com.lab2454.com/shopping/products/16211854527" "Mozilla/5.0 AppleWebKit/537.36 (KHTML, like Gecko; compatible; GPTBot/1.3; +https://openai.com/gptbot)"
66.249.64.39 - - [14/Apr/2026:01:36:16 +0000] "GET /?shop/890810125655.html HTTP/1.1" 200 27274 "-" "Mozilla/5.0 (Linux; Android 6.0.1; Nexus 5X Build/MMB29P) AppleWebKit/537.36 (KHTML, like Gecko) Chrome/146.0.7680.177 Mobile Safari/537.36 (compatible; Googlebot/2.1; +http://www.google.com/bot.html)"
66.249.64.39 - - [14/Apr/2026:01:36:18 +0000] "GET /?shop/88984992727.html HTTP/1.1" 200 27574 "-" "Mozilla/5.0 (Linux; Android 6.0.1; Nexus 5X Build/MMB29P) AppleWebKit/537.36 (KHTML, like Gecko) Chrome/146.0.7680.177 Mobile Safari/537.36 (compatible; Googlebot/2.1; +http://www.google.com/bot.html)"
74.7.227.48 - - [14/Apr/2026:01:36:20 +0000] "GET /shop/pg/1187744 HTTP/2.0" 500 1004 "https://www.elementalmill.com/?shopping/products/16201187744" "Mozilla/5.0 AppleWebKit/537.36 (KHTML, like Gecko; compatible; GPTBot/1.3; +https://openai.com/gptbot)"
66.249.64.39 - - [14/Apr/2026:01:36:28 +0000] "GET /shop/891614094903.html HTTP/1.1" 200 27561 "-" "Mozilla/5.0 (Linux; Android 6.0.1; Nexus 5X Build/MMB29P) AppleWebKit/537.36 (KHTML, like Gecko) Chrome/146.0.7680.177 Mobile Safari/537.36 (compatible; Googlebot/2.1; +http://www.google.com/bot.html)"
66.249.64.39 - - [14/Apr/2026:01:36:30 +0000] "GET /shop/customer/bookmark.php?shopping/products/16201008717 HTTP/1.1" 200 27199 "-" "Mozilla/5.0 (Linux; Android 6.0.1; Nexus 5X Build/MMB29P) AppleWebKit/537.36 (KHTML, like Gecko) Chrome/146.0.7680.177 Mobile Safari/537.36 (compatible; Googlebot/2.1; +http://www.google.com/bot.html)"
66.249.64.39 - - [14/Apr/2026:01:36:36 +0000] "GET /?shop/89069102602.html HTTP/1.1" 200 27134 "-" "Mozilla/5.0 (Linux; Android 6.0.1; Nexus 5X Build/MMB29P) AppleWebKit/537.36 (KHTML, like Gecko) Chrome/146.0.7680.177 Mobile Safari/537.36 (compatible; Googlebot/2.1; +http://www.google.com/bot.html)"
74.7.242.41 - - [14/Apr/2026:01:36:53 +0000] "GET /shop/pg/16201426841 HTTP/2.0" 500 1004 "https://www.elementalmill.com" "Mozilla/5.0 AppleWebKit/537.36 (KHTML, like Gecko; compatible; GPTBot/1.3; +https://openai.com/gptbot)"
66.249.64.40 - - [14/Apr/2026:01:36:53 +0000] "GET /?shop/8888414001.html HTTP/1.1" 200 27550 "-" "Mozilla/5.0 (Linux; Android 6.0.1; Nexus 5X Build/MMB29P) AppleWebKit/537.36 (KHTML, like Gecko) Chrome/146.0.7680.177 Mobile Safari/537.36 (compatible; Googlebot/2.1; +http://www.google.com/bot.html)"
66.249.64.41 - - [14/Apr/2026:01:36:55 +0000] "GET /?shop/8889656589.html HTTP/1.1" 200 28492 "-" "Mozilla/5.0 (Linux; Android 6.0.1; Nexus 5X Build/MMB29P) AppleWebKit/537.36 (KHTML, like Gecko) Chrome/146.0.7680.177 Mobile Safari/537.36 (compatible; Googlebot/2.1; +http://www.google.com/bot.html)"
74.7.243.205 - - [14/Apr/2026:01:37:12 +0000] "GET /shop/pg/1635974 HTTP/2.0" 500 1004 "https://www.elementalmill.com.lab2454.com/shop/pg/16201419515" "Mozilla/5.0 AppleWebKit/537.36 (KHTML, like Gecko; compatible; GPTBot/1.3; +https://openai.com/gptbot)"
66.249.64.41 - - [14/Apr/2026:01:37:13 +0000] "GET /?shop/89037640892.html HTTP/1.1" 200 27709 "-" "Mozilla/5.0 (Linux; Android 6.0.1; Nexus 5X Build/MMB29P) AppleWebKit/537.36 (KHTML, like Gecko) Chrome/146.0.7680.177 Mobile Safari/537.36 (compatible; Googlebot/2.1; +http://www.google.com/bot.html)"
74.7.227.185 - - [14/Apr/2026:01:37:17 +0000] "GET /shopping/products/16211568724 HTTP/2.0" 500 1004 "https://elementalmill.com.lab2454.com/shopping/products/16232539274" "Mozilla/5.0 AppleWebKit/537.36 (KHTML, like Gecko; compatible; GPTBot/1.3; +https://openai.com/gptbot)"
74.7.227.48 - - [14/Apr/2026:01:37:25 +0000] "GET /shop/pg/1821884 HTTP/2.0" 500 1004 "https://www.elementalmill.com/shop/customer/bookmark.php?shopping/products/16211821884" "Mozilla/5.0 AppleWebKit/537.36 (KHTML, like Gecko; compatible; GPTBot/1.3; +https://openai.com/gptbot)"
66.249.64.40 - - [14/Apr/2026:01:37:30 +0000] "GET /?shop/8888179106.html HTTP/1.1" 200 27100 "-" "Mozilla/5.0 (Linux; Android 6.0.1; Nexus 5X Build/MMB29P) AppleWebKit/537.36 (KHTML, like Gecko) Chrome/146.0.7680.177 Mobile Safari/537.36 (compatible; Googlebot/2.1; +http://www.google.com/bot.html)"
74.7.242.41 - - [14/Apr/2026:01:37:32 +0000] "GET /shop/pg/1832086 HTTP/2.0" 500 1004 "https://mail.elementalmill.com/?shopping/products/16211832086" "Mozilla/5.0 AppleWebKit/537.36 (KHTML, like Gecko; compatible; GPTBot/1.3; +https://openai.com/gptbot)"
66.249.64.41 - - [14/Apr/2026:01:37:32 +0000] "GET /?shop/88974532031.html HTTP/1.1" 200 27867 "-" "Mozilla/5.0 (Linux; Android 6.0.1; Nexus 5X Build/MMB29P) AppleWebKit/537.36 (KHTML, like Gecko) Chrome/146.0.7680.177 Mobile Safari/537.36 (compatible; Googlebot/2.1; +http://www.google.com/bot.html)"
66.249.64.40 - - [14/Apr/2026:01:37:46 +0000] "GET /?shop/89016677632.html HTTP/1.1" 200 27608 "-" "Mozilla/5.0 (Linux; Android 6.0.1; Nexus 5X Build/MMB29P) AppleWebKit/537.36 (KHTML, like Gecko) Chrome/146.0.7680.177 Mobile Safari/537.36 (compatible; Googlebot/2.1; +http://www.google.com/bot.html)"
74.7.242.41 - - [14/Apr/2026:01:37:54 +0000] "GET /shop/pg/16201242775 HTTP/2.0" 500 1004 "https://elementalmill.com/shopping/products/16201238565" "Mozilla/5.0 AppleWebKit/537.36 (KHTML, like Gecko; compatible; GPTBot/1.3; +https://openai.com/gptbot)"
95.108.213.188 - - [14/Apr/2026:01:38:06 +0000] "GET /shopping/products/16201304829 HTTP/1.1" 500 1004 "-" "Mozilla/5.0 (compatible; YandexBot/3.0; +http://yandex.com/bots)"
74.7.243.205 - - [14/Apr/2026:01:38:15 +0000] "GET /shop/pg/1282989 HTTP/2.0" 500 1004 "https://www.elementalmill.com.lab2454.com/shop/pg/16211658077" "Mozilla/5.0 AppleWebKit/537.36 (KHTML, like Gecko; compatible; GPTBot/1.3; +https://openai.com/gptbot)"
95.108.213.206 - - [14/Apr/2026:01:38:18 +0000] "GET /shopping/products/162014516024 HTTP/1.1" 500 1004 "-" "Mozilla/5.0 (compatible; YandexBot/3.0; +http://yandex.com/bots)"
74.7.227.185 - - [14/Apr/2026:01:38:23 +0000] "GET /shopping/products/16201420897 HTTP/2.0" 500 1004 "https://elementalmill.com.lab2454.com/shopping/products/16201170353" "Mozilla/5.0 AppleWebKit/537.36 (KHTML, like Gecko; compatible; GPTBot/1.3; +https://openai.com/gptbot)"
66.249.64.41 - - [14/Apr/2026:01:38:24 +0000] "GET /?shop/88901234231.html HTTP/1.1" 200 27375 "-" "Mozilla/5.0 (Linux; Android 6.0.1; Nexus 5X Build/MMB29P) AppleWebKit/537.36 (KHTML, like Gecko) Chrome/146.0.7680.177 Mobile Safari/537.36 (compatible; Googlebot/2.1; +http://www.google.com/bot.html)"
74.7.227.48 - - [14/Apr/2026:01:38:26 +0000] "GET /shop/pg/1335514 HTTP/2.0" 500 1004 "https://www.elementalmill.com/?shopping/products/16201335514" "Mozilla/5.0 AppleWebKit/537.36 (KHTML, like Gecko; compatible; GPTBot/1.3; +https://openai.com/gptbot)"
74.7.242.41 - - [14/Apr/2026:01:38:34 +0000] "GET /shop/pg/1882870 HTTP/2.0" 500 1004 "https://mail.elementalmill.com/?shopping/products/16211882870" "Mozilla/5.0 AppleWebKit/537.36 (KHTML, like Gecko; compatible; GPTBot/1.3; +https://openai.com/gptbot)"
66.249.64.39 - - [14/Apr/2026:01:38:43 +0000] "GET /?shop/88943389266.html HTTP/1.1" 200 27837 "-" "Mozilla/5.0 (Linux; Android 6.0.1; Nexus 5X Build/MMB29P) AppleWebKit/537.36 (KHTML, like Gecko) Chrome/146.0.7680.177 Mobile Safari/537.36 (compatible; Googlebot/2.1; +http://www.google.com/bot.html)"
95.108.213.188 - - [14/Apr/2026:01:38:47 +0000] "GET /shopping/products/162199765650 HTTP/1.1" 500 1004 "-" "Mozilla/5.0 (compatible; YandexBot/3.0; +http://yandex.com/bots)"
74.7.242.41 - - [14/Apr/2026:01:38:57 +0000] "GET /shop/pg/16201232008 HTTP/2.0" 500 1004 "https://www.elementalmill.com" "Mozilla/5.0 AppleWebKit/537.36 (KHTML, like Gecko; compatible; GPTBot/1.3; +https://openai.com/gptbot)"
66.249.64.39 - - [14/Apr/2026:01:39:01 +0000] "GET /?shop/88911596106.html HTTP/1.1" 200 27218 "-" "Mozilla/5.0 (Linux; Android 6.0.1; Nexus 5X Build/MMB29P) AppleWebKit/537.36 (KHTML, like Gecko) Chrome/146.0.7680.177 Mobile Safari/537.36 (compatible; Googlebot/2.1; +http://www.google.com/bot.html)"
74.7.243.205 - - [14/Apr/2026:01:39:20 +0000] "GET /shop/pg/1363206 HTTP/2.0" 500 1004 "https://www.elementalmill.com.lab2454.com/shop/pg/16201146745" "Mozilla/5.0 AppleWebKit/537.36 (KHTML, like Gecko; compatible; GPTBot/1.3; +https://openai.com/gptbot)"
66.249.64.39 - - [14/Apr/2026:01:39:20 +0000] "GET /?shop/891111811121.html HTTP/1.1" 200 27773 "-" "Mozilla/5.0 (Linux; Android 6.0.1; Nexus 5X Build/MMB29P) AppleWebKit/537.36 (KHTML, like Gecko) Chrome/146.0.7680.177 Mobile Safari/537.36 (compatible; Googlebot/2.1; +http://www.google.com/bot.html)"
74.7.227.185 - - [14/Apr/2026:01:39:27 +0000] "GET /shopping/products/16211866795 HTTP/2.0" 500 1004 "https://elementalmill.com.lab2454.com/shopping/products/16201427187" "Mozilla/5.0 AppleWebKit/537.36 (KHTML, like Gecko; compatible; GPTBot/1.3; +https://openai.com/gptbot)"
74.7.227.48 - - [14/Apr/2026:01:39:31 +0000] "GET /shop/pg/2606992 HTTP/2.0" 500 1004 "https://www.elementalmill.com/shopping/products/16232606992" "Mozilla/5.0 AppleWebKit/537.36 (KHTML, like Gecko; compatible; GPTBot/1.3; +https://openai.com/gptbot)"
74.7.242.41 - - [14/Apr/2026:01:39:38 +0000] "GET /shop/pg/2082613 HTTP/2.0" 500 1004 "https://mail.elementalmill.com/shopping/products/16222082613" "Mozilla/5.0 AppleWebKit/537.36 (KHTML, like Gecko; compatible; GPTBot/1.3; +https://openai.com/gptbot)"
66.249.64.39 - - [14/Apr/2026:01:39:39 +0000] "GET /?shop/88985197079.html HTTP/1.1" 200 27051 "-" "Mozilla/5.0 (Linux; Android 6.0.1; Nexus 5X Build/MMB29P) AppleWebKit/537.36 (KHTML, like Gecko) Chrome/146.0.7680.177 Mobile Safari/537.36 (compatible; Googlebot/2.1; +http://www.google.com/bot.html)"
213.180.203.51 - - [14/Apr/2026:01:39:50 +0000] "GET /shopping/products/16201255426 HTTP/1.1" 500 1004 "-" "Mozilla/5.0 (compatible; YandexBot/3.0; +http://yandex.com/bots)"
66.249.64.40 - - [14/Apr/2026:01:39:58 +0000] "GET /category/16211000163 HTTP/1.1" 200 26376 "-" "Mozilla/5.0 (Linux; Android 6.0.1; Nexus 5X Build/MMB29P) AppleWebKit/537.36 (KHTML, like Gecko) Chrome/146.0.7680.177 Mobile Safari/537.36 (compatible; Googlebot/2.1; +http://www.google.com/bot.html)"
74.7.242.41 - - [14/Apr/2026:01:40:00 +0000] "GET /shop/pg/16201287300 HTTP/2.0" 500 1004 "https://www.elementalmill.com" "Mozilla/5.0 AppleWebKit/537.36 (KHTML, like Gecko; compatible; GPTBot/1.3; +https://openai.com/gptbot)"
66.249.64.39 - - [14/Apr/2026:01:40:16 +0000] "GET /?shop/88964133657.html HTTP/1.1" 200 27023 "-" "Mozilla/5.0 (Linux; Android 6.0.1; Nexus 5X Build/MMB29P) AppleWebKit/537.36 (KHTML, like Gecko) Chrome/146.0.7680.177 Mobile Safari/537.36 (compatible; Googlebot/2.1; +http://www.google.com/bot.html)"
74.7.243.205 - - [14/Apr/2026:01:40:29 +0000] "GET /shop/pg/1463671 HTTP/2.0" 500 1004 "https://www.elementalmill.com.lab2454.com/shop/pg/16201247220" "Mozilla/5.0 AppleWebKit/537.36 (KHTML, like Gecko; compatible; GPTBot/1.3; +https://openai.com/gptbot)"
74.7.227.48 - - [14/Apr/2026:01:40:36 +0000] "GET /shop/pg/1392247 HTTP/2.0" 500 1004 "https://www.elementalmill.com/shopping/products/16201392247" "Mozilla/5.0 AppleWebKit/537.36 (KHTML, like Gecko; compatible; GPTBot/1.3; +https://openai.com/gptbot)"
66.249.64.39 - - [14/Apr/2026:01:40:35 +0000] "GET /?shop/890910883314.html HTTP/1.1" 200 28031 "-" "Mozilla/5.0 (Linux; Android 6.0.1; Nexus 5X Build/MMB29P) AppleWebKit/537.36 (KHTML, like Gecko) Chrome/146.0.7680.177 Mobile Safari/537.36 (compatible; Googlebot/2.1; +http://www.google.com/bot.html)"
5.255.231.106 - - [14/Apr/2026:01:40:37 +0000] "GET /shopping/products/16227518202 HTTP/1.1" 500 1004 "-" "Mozilla/5.0 (compatible; YandexBot/3.0; +http://yandex.com/bots)"
74.7.242.41 - - [14/Apr/2026:01:40:42 +0000] "GET /shop/pg/1751246 HTTP/2.0" 500 1004 "https://mail.elementalmill.com/?shopping/products/16211751246" "Mozilla/5.0 AppleWebKit/537.36 (KHTML, like Gecko; compatible; GPTBot/1.3; +https://openai.com/gptbot)"
66.249.64.39 - - [14/Apr/2026:01:40:54 +0000] "GET /?shop/891413176929.html HTTP/1.1" 200 27557 "-" "Mozilla/5.0 (Linux; Android 6.0.1; Nexus 5X Build/MMB29P) AppleWebKit/537.36 (KHTML, like Gecko) Chrome/146.0.7680.177 Mobile Safari/537.36 (compatible; Googlebot/2.1; +http://www.google.com/bot.html)"
74.7.242.41 - - [14/Apr/2026:01:41:09 +0000] "GET /shop/pg/16211964889 HTTP/2.0" 500 1004 "https://elementalmill.com/?shopping/products/16211960616" "Mozilla/5.0 AppleWebKit/537.36 (KHTML, like Gecko; compatible; GPTBot/1.3; +https://openai.com/gptbot)"
66.249.64.40 - - [14/Apr/2026:01:41:12 +0000] "GET /?shop/8888448282.html HTTP/1.1" 200 27145 "-" "Mozilla/5.0 (Linux; Android 6.0.1; Nexus 5X Build/MMB29P) AppleWebKit/537.36 (KHTML, like Gecko) Chrome/146.0.7680.177 Mobile Safari/537.36 (compatible; Googlebot/2.1; +http://www.google.com/bot.html)"
74.7.227.185 - - [14/Apr/2026:01:41:33 +0000] "GET /shopping/products/16211859819 HTTP/2.0" 500 1004 "https://elementalmill.com.lab2454.com/shopping/products/16201238581" "Mozilla/5.0 AppleWebKit/537.36 (KHTML, like Gecko; compatible; GPTBot/1.3; +https://openai.com/gptbot)"
74.7.227.48 - - [14/Apr/2026:01:41:37 +0000] "GET /shop/pg/1251785 HTTP/2.0" 500 1004 "https://www.elementalmill.com/shopping/products/16201251785" "Mozilla/5.0 AppleWebKit/537.36 (KHTML, like Gecko; compatible; GPTBot/1.3; +https://openai.com/gptbot)"
66.249.64.39 - - [14/Apr/2026:01:41:47 +0000] "GET /?shop/891111823599.html HTTP/1.1" 200 29030 "-" "Mozilla/5.0 (Linux; Android 6.0.1; Nexus 5X Build/MMB29P) AppleWebKit/537.36 (KHTML, like Gecko) Chrome/146.0.7680.177 Mobile Safari/537.36 (compatible; Googlebot/2.1; +http://www.google.com/bot.html)"
66.249.64.39 - - [14/Apr/2026:01:41:49 +0000] "GET /?shop/89079750239.html HTTP/1.1" 200 27011 "-" "Mozilla/5.0 (Linux; Android 6.0.1; Nexus 5X Build/MMB29P) AppleWebKit/537.36 (KHTML, like Gecko) Chrome/146.0.7680.177 Mobile Safari/537.36 (compatible; Googlebot/2.1; +http://www.google.com/bot.html)"
66.249.64.39 - - [14/Apr/2026:01:41:56 +0000] "GET /?shop/891513469916.html HTTP/1.1" 200 28386 "-" "Mozilla/5.0 (Linux; Android 6.0.1; Nexus 5X Build/MMB29P) AppleWebKit/537.36 (KHTML, like Gecko) Chrome/146.0.7680.177 Mobile Safari/537.36 (compatible; Googlebot/2.1; +http://www.google.com/bot.html)"
74.7.242.41 - - [14/Apr/2026:01:42:06 +0000] "GET /shop/pg/16211671372 HTTP/2.0" 500 1004 "https://www.elementalmill.com" "Mozilla/5.0 AppleWebKit/537.36 (KHTML, like Gecko; compatible; GPTBot/1.3; +https://openai.com/gptbot)"
66.249.64.39 - - [14/Apr/2026:01:42:09 +0000] "GET /?shop/8888222667.html HTTP/1.1" 200 27511 "-" "Mozilla/5.0 (Linux; Android 6.0.1; Nexus 5X Build/MMB29P) AppleWebKit/537.36 (KHTML, like Gecko) Chrome/146.0.7680.177 Mobile Safari/537.36 (compatible; Googlebot/2.1; +http://www.google.com/bot.html)"
74.7.243.205 - - [14/Apr/2026:01:42:32 +0000] "GET /shop/pg/1264036 HTTP/2.0" 500 1004 "https://www.elementalmill.com.lab2454.com/shop/pg/1262873" "Mozilla/5.0 AppleWebKit/537.36 (KHTML, like Gecko; compatible; GPTBot/1.3; +https://openai.com/gptbot)"
74.7.227.185 - - [14/Apr/2026:01:42:38 +0000] "GET /shopping/products/16232605303 HTTP/2.0" 500 1004 "https://elementalmill.com.lab2454.com/shopping/products/16211837861" "Mozilla/5.0 AppleWebKit/537.36 (KHTML, like Gecko; compatible; GPTBot/1.3; +https://openai.com/gptbot)"
74.7.227.48 - - [14/Apr/2026:01:42:42 +0000] "GET /shop/pg/1379454 HTTP/2.0" 500 1004 "https://www.elementalmill.com/?shopping/products/16201379454" "Mozilla/5.0 AppleWebKit/537.36 (KHTML, like Gecko; compatible; GPTBot/1.3; +https://openai.com/gptbot)"
213.180.203.135 - - [14/Apr/2026:01:42:43 +0000] "GET /shopping/products/16204008277 HTTP/1.1" 500 1004 "-" "Mozilla/5.0 (compatible; YandexBot/3.0; +http://yandex.com/bots)"
66.249.64.39 - - [14/Apr/2026:01:42:46 +0000] "GET /?shop/89079885133.html HTTP/1.1" 200 28071 "-" "Mozilla/5.0 (Linux; Android 6.0.1; Nexus 5X Build/MMB29P) AppleWebKit/537.36 (KHTML, like Gecko) Chrome/146.0.7680.177 Mobile Safari/537.36 (compatible; Googlebot/2.1; +http://www.google.com/bot.html)"
144.76.32.114 - - [14/Apr/2026:01:43:04 +0000] "GET /robots.txt HTTP/1.1" 200 354 "-" "Mozilla/5.0 (compatible; SERankingBacklinksBot/1.0; +https://seranking.com/backlinks-crawler)"
144.76.32.114 - - [14/Apr/2026:01:43:05 +0000] "GET /shop/pg/2591134 HTTP/1.1" 500 1004 "-" "Mozilla/5.0 (compatible; SERankingBacklinksBot/1.0; +https://seranking.com/backlinks-crawler)"
66.249.64.39 - - [14/Apr/2026:01:43:05 +0000] "GET /?shop/88911872097.html HTTP/1.1" 200 27918 "-" "Mozilla/5.0 (Linux; Android 6.0.1; Nexus 5X Build/MMB29P) AppleWebKit/537.36 (KHTML, like Gecko) Chrome/146.0.7680.177 Mobile Safari/537.36 (compatible; Googlebot/2.1; +http://www.google.com/bot.html)"
74.7.242.41 - - [14/Apr/2026:01:43:07 +0000] "GET /shop/pg/16201123517 HTTP/2.0" 500 1004 "https://www.elementalmill.com" "Mozilla/5.0 AppleWebKit/537.36 (KHTML, like Gecko; compatible; GPTBot/1.3; +https://openai.com/gptbot)"
5.255.231.195 - - [14/Apr/2026:01:43:21 +0000] "GET /shopping/products/16211665601 HTTP/1.1" 500 1004 "-" "Mozilla/5.0 (compatible; YandexBot/3.0; +http://yandex.com/bots)"
66.249.64.40 - - [14/Apr/2026:01:43:24 +0000] "GET /?shop/891412946143.html HTTP/1.1" 200 27731 "-" "Mozilla/5.0 (Linux; Android 6.0.1; Nexus 5X Build/MMB29P) AppleWebKit/537.36 (KHTML, like Gecko) Chrome/146.0.7680.177 Mobile Safari/537.36 (compatible; Googlebot/2.1; +http://www.google.com/bot.html)"
74.7.243.205 - - [14/Apr/2026:01:43:31 +0000] "GET /shop/pg/1389372 HTTP/2.0" 500 1004 "https://www.elementalmill.com.lab2454.com/shop/pg/1388199" "Mozilla/5.0 AppleWebKit/537.36 (KHTML, like Gecko; compatible; GPTBot/1.3; +https://openai.com/gptbot)"
74.7.227.185 - - [14/Apr/2026:01:43:41 +0000] "GET /shopping/products/16232642265 HTTP/2.0" 500 1004 "https://elementalmill.com.lab2454.com/shopping/products/16201411836" "Mozilla/5.0 AppleWebKit/537.36 (KHTML, like Gecko; compatible; GPTBot/1.3; +https://openai.com/gptbot)"
66.249.64.39 - - [14/Apr/2026:01:43:43 +0000] "GET /?shop/88985256425.html HTTP/1.1" 200 27300 "-" "Mozilla/5.0 (Linux; Android 6.0.1; Nexus 5X Build/MMB29P) AppleWebKit/537.36 (KHTML, like Gecko) Chrome/146.0.7680.177 Mobile Safari/537.36 (compatible; Googlebot/2.1; +http://www.google.com/bot.html)"
74.7.227.48 - - [14/Apr/2026:01:43:44 +0000] "GET /shop/pg/1818041 HTTP/2.0" 500 1004 "https://www.elementalmill.com/?shopping/products/16211818041" "Mozilla/5.0 AppleWebKit/537.36 (KHTML, like Gecko; compatible; GPTBot/1.3; +https://openai.com/gptbot)"
66.249.64.40 - - [14/Apr/2026:01:44:01 +0000] "GET /?shop/89037648194.html HTTP/1.1" 200 28043 "-" "Mozilla/5.0 (Linux; Android 6.0.1; Nexus 5X Build/MMB29P) AppleWebKit/537.36 (KHTML, like Gecko) Chrome/146.0.7680.177 Mobile Safari/537.36 (compatible; Googlebot/2.1; +http://www.google.com/bot.html)"
74.7.243.205 - - [14/Apr/2026:01:44:36 +0000] "GET /shop/pg/2137977 HTTP/2.0" 500 1004 "https://www.elementalmill.com.lab2454.com/shopping/products/16222137977" "Mozilla/5.0 AppleWebKit/537.36 (KHTML, like Gecko; compatible; GPTBot/1.3; +https://openai.com/gptbot)"
66.249.64.40 - - [14/Apr/2026:01:44:39 +0000] "GET /?shop/89037793200.html HTTP/1.1" 200 28135 "-" "Mozilla/5.0 (Linux; Android 6.0.1; Nexus 5X Build/MMB29P) AppleWebKit/537.36 (KHTML, like Gecko) Chrome/146.0.7680.177 Mobile Safari/537.36 (compatible; Googlebot/2.1; +http://www.google.com/bot.html)"
74.7.227.185 - - [14/Apr/2026:01:44:42 +0000] "GET /shopping/products/16211894066 HTTP/2.0" 500 1004 "https://elementalmill.com.lab2454.com/shopping/products/16211754106" "Mozilla/5.0 AppleWebKit/537.36 (KHTML, like Gecko; compatible; GPTBot/1.3; +https://openai.com/gptbot)"
5.255.231.157 - - [14/Apr/2026:01:44:46 +0000] "GET /robots.txt HTTP/1.1" 500 2431 "-" "Mozilla/5.0 (compatible; YandexBot/3.0; +http://yandex.com/bots)"
74.7.227.48 - - [14/Apr/2026:01:44:49 +0000] "GET /shop/pg/2354557 HTTP/2.0" 500 1004 "https://www.elementalmill.com/?shopping/products/16222354557" "Mozilla/5.0 AppleWebKit/537.36 (KHTML, like Gecko; compatible; GPTBot/1.3; +https://openai.com/gptbot)"
66.249.64.39 - - [14/Apr/2026:01:44:57 +0000] "GET /?shop/890910721675.html HTTP/1.1" 200 27964 "-" "Mozilla/5.0 (Linux; Android 6.0.1; Nexus 5X Build/MMB29P) AppleWebKit/537.36 (KHTML, like Gecko) Chrome/146.0.7680.177 Mobile Safari/537.36 (compatible; Googlebot/2.1; +http://www.google.com/bot.html)"
74.7.242.41 - - [14/Apr/2026:01:45:12 +0000] "GET /shop/pg/16211515034 HTTP/2.0" 500 1004 "https://www.elementalmill.com" "Mozilla/5.0 AppleWebKit/537.36 (KHTML, like Gecko; compatible; GPTBot/1.3; +https://openai.com/gptbot)"
66.249.64.41 - - [14/Apr/2026:01:45:16 +0000] "GET /?shop/88901366954.html HTTP/1.1" 200 28042 "-" "Mozilla/5.0 (Linux; Android 6.0.1; Nexus 5X Build/MMB29P) AppleWebKit/537.36 (KHTML, like Gecko) Chrome/146.0.7680.177 Mobile Safari/537.36 (compatible; Googlebot/2.1; +http://www.google.com/bot.html)"
66.249.64.40 - - [14/Apr/2026:01:45:35 +0000] "GET /?shop/8888181523.html HTTP/1.1" 200 27267 "-" "Mozilla/5.0 (Linux; Android 6.0.1; Nexus 5X Build/MMB29P) AppleWebKit/537.36 (KHTML, like Gecko) Chrome/146.0.7680.177 Mobile Safari/537.36 (compatible; Googlebot/2.1; +http://www.google.com/bot.html)"
74.7.243.205 - - [14/Apr/2026:01:45:38 +0000] "GET /shop/pg/1517728 HTTP/2.0" 500 1004 "https://www.elementalmill.com.lab2454.com/shop/pg/1516565" "Mozilla/5.0 AppleWebKit/537.36 (KHTML, like Gecko; compatible; GPTBot/1.3; +https://openai.com/gptbot)"
205.185.118.173 - - [14/Apr/2026:01:45:46 +0000] "GET /wp-login.php HTTP/1.1" 500 1004 "-" "Mozilla/5.0 (Windows NT 10.0; Win64; x64) AppleWebKit/537.36 (KHTML, like Gecko) Chrome/134.0.0.0 Safari/537.36"
74.7.227.48 - - [14/Apr/2026:01:45:53 +0000] "GET /shop/pg/2614550 HTTP/2.0" 500 1004 "https://www.elementalmill.com/?shopping/products/16232614550" "Mozilla/5.0 AppleWebKit/537.36 (KHTML, like Gecko; compatible; GPTBot/1.3; +https://openai.com/gptbot)"
66.249.64.39 - - [14/Apr/2026:01:45:54 +0000] "GET /?shop/891011198374.html HTTP/1.1" 200 27605 "-" "Mozilla/5.0 (Linux; Android 6.0.1; Nexus 5X Build/MMB29P) AppleWebKit/537.36 (KHTML, like Gecko) Chrome/146.0.7680.177 Mobile Safari/537.36 (compatible; Googlebot/2.1; +http://www.google.com/bot.html)"
66.249.64.39 - - [14/Apr/2026:01:46:12 +0000] "GET /category/162310486 HTTP/1.1" 200 27410 "-" "Mozilla/5.0 (Linux; Android 6.0.1; Nexus 5X Build/MMB29P) AppleWebKit/537.36 (KHTML, like Gecko) Chrome/146.0.7680.177 Mobile Safari/537.36 (compatible; Googlebot/2.1; +http://www.google.com/bot.html)"
74.7.242.41 - - [14/Apr/2026:01:46:14 +0000] "GET /shop/pg/16211839422 HTTP/2.0" 500 1004 "https://www.elementalmill.com" "Mozilla/5.0 AppleWebKit/537.36 (KHTML, like Gecko; compatible; GPTBot/1.3; +https://openai.com/gptbot)"
66.249.64.39 - - [14/Apr/2026:01:46:31 +0000] "GET /?shop/89048169029.html HTTP/1.1" 200 27288 "-" "Mozilla/5.0 (Linux; Android 6.0.1; Nexus 5X Build/MMB29P) AppleWebKit/537.36 (KHTML, like Gecko) Chrome/146.0.7680.177 Mobile Safari/537.36 (compatible; Googlebot/2.1; +http://www.google.com/bot.html)"
74.7.243.205 - - [14/Apr/2026:01:46:39 +0000] "GET /shop/pg/1718739 HTTP/2.0" 500 1004 "https://www.elementalmill.com.lab2454.com/shop/pg/1717569" "Mozilla/5.0 AppleWebKit/537.36 (KHTML, like Gecko; compatible; GPTBot/1.3; +https://openai.com/gptbot)"
74.7.227.185 - - [14/Apr/2026:01:46:44 +0000] "GET /shopping/products/16211674527 HTTP/2.0" 500 1004 "https://elementalmill.com.lab2454.com/shopping/products/16211617864" "Mozilla/5.0 AppleWebKit/537.36 (KHTML, like Gecko; compatible; GPTBot/1.3; +https://openai.com/gptbot)"
95.108.213.224 - - [14/Apr/2026:01:46:46 +0000] "GET /robots.txt HTTP/1.1" 500 2431 "-" "Mozilla/5.0 (compatible; YandexBot/3.0; +http://yandex.com/bots)"
66.249.64.39 - - [14/Apr/2026:01:46:50 +0000] "GET /?shop/891614165185.html HTTP/1.1" 200 28018 "-" "Mozilla/5.0 (Linux; Android 6.0.1; Nexus 5X Build/MMB29P) AppleWebKit/537.36 (KHTML, like Gecko) Chrome/146.0.7680.177 Mobile Safari/537.36 (compatible; Googlebot/2.1; +http://www.google.com/bot.html)"
74.7.242.41 - - [14/Apr/2026:01:46:52 +0000] "GET /shop/pg/1282868 HTTP/2.0" 500 1004 "https://mail.elementalmill.com/?shopping/products/16201282868" "Mozilla/5.0 AppleWebKit/537.36 (KHTML, like Gecko; compatible; GPTBot/1.3; +https://openai.com/gptbot)"
66.249.64.40 - - [14/Apr/2026:01:47:09 +0000] "GET /?shop/891413157111.html HTTP/1.1" 200 28051 "-" "Mozilla/5.0 (Linux; Android 6.0.1; Nexus 5X Build/MMB29P) AppleWebKit/537.36 (KHTML, like Gecko) Chrome/146.0.7680.177 Mobile Safari/537.36 (compatible; Googlebot/2.1; +http://www.google.com/bot.html)"
74.7.242.41 - - [14/Apr/2026:01:47:18 +0000] "GET /shop/pg/16201212047 HTTP/2.0" 500 1004 "https://www.elementalmill.com" "Mozilla/5.0 AppleWebKit/537.36 (KHTML, like Gecko; compatible; GPTBot/1.3; +https://openai.com/gptbot)"
66.249.64.40 - - [14/Apr/2026:01:47:27 +0000] "GET /?shop/89069183443.html HTTP/1.1" 200 28669 "-" "Mozilla/5.0 (Linux; Android 6.0.1; Nexus 5X Build/MMB29P) AppleWebKit/537.36 (KHTML, like Gecko) Chrome/146.0.7680.177 Mobile Safari/537.36 (compatible; Googlebot/2.1; +http://www.google.com/bot.html)"
66.249.64.39 - - [14/Apr/2026:01:47:31 +0000] "GET /?shop/89058440720.html HTTP/1.1" 200 27674 "-" "Mozilla/5.0 (Linux; Android 6.0.1; Nexus 5X Build/MMB29P) AppleWebKit/537.36 (KHTML, like Gecko) Chrome/146.0.7680.177 Mobile Safari/537.36 (compatible; GoogleOther)"
74.7.243.205 - - [14/Apr/2026:01:47:43 +0000] "GET /shop/pg/1452080 HTTP/2.0" 500 1004 "https://www.elementalmill.com.lab2454.com/shop/pg/16201235624" "Mozilla/5.0 AppleWebKit/537.36 (KHTML, like Gecko; compatible; GPTBot/1.3; +https://openai.com/gptbot)"
66.249.64.39 - - [14/Apr/2026:01:47:46 +0000] "GET /category/16221000734 HTTP/1.1" 200 26963 "-" "Mozilla/5.0 (Linux; Android 6.0.1; Nexus 5X Build/MMB29P) AppleWebKit/537.36 (KHTML, like Gecko) Chrome/146.0.7680.177 Mobile Safari/537.36 (compatible; Googlebot/2.1; +http://www.google.com/bot.html)"
74.7.227.185 - - [14/Apr/2026:01:47:47 +0000] "GET /shopping/products/16211819225 HTTP/2.0" 500 1004 "https://elementalmill.com.lab2454.com/shopping/products/16211808557" "Mozilla/5.0 AppleWebKit/537.36 (KHTML, like Gecko; compatible; GPTBot/1.3; +https://openai.com/gptbot)"
74.7.227.48 - - [14/Apr/2026:01:48:00 +0000] "GET /shop/pg/2122916 HTTP/2.0" 500 1004 "https://www.elementalmill.com/?shopping/products/16222122916" "Mozilla/5.0 AppleWebKit/537.36 (KHTML, like Gecko; compatible; GPTBot/1.3; +https://openai.com/gptbot)"
66.249.64.40 - - [14/Apr/2026:01:48:05 +0000] "GET /?shop/89079537234.html HTTP/1.1" 200 26938 "-" "Mozilla/5.0 (Linux; Android 6.0.1; Nexus 5X Build/MMB29P) AppleWebKit/537.36 (KHTML, like Gecko) Chrome/146.0.7680.177 Mobile Safari/537.36 (compatible; Googlebot/2.1; +http://www.google.com/bot.html)"
74.7.242.41 - - [14/Apr/2026:01:48:21 +0000] "GET /shop/pg/16201105872 HTTP/2.0" 500 1004 "https://elementalmill.com/index.php?shopping/products/16201100696" "Mozilla/5.0 AppleWebKit/537.36 (KHTML, like Gecko; compatible; GPTBot/1.3; +https://openai.com/gptbot)"
66.249.64.40 - - [14/Apr/2026:01:48:24 +0000] "GET /?shop/891212332718.html HTTP/1.1" 200 27067 "-" "Mozilla/5.0 (Linux; Android 6.0.1; Nexus 5X Build/MMB29P) AppleWebKit/537.36 (KHTML, like Gecko) Chrome/146.0.7680.177 Mobile Safari/537.36 (compatible; Googlebot/2.1; +http://www.google.com/bot.html)"
5.255.231.38 - - [14/Apr/2026:01:48:30 +0000] "GET /shopping/products/1618430877 HTTP/1.1" 500 1004 "-" "Mozilla/5.0 (compatible; YandexBot/3.0; +http://yandex.com/bots)"
74.7.243.205 - - [14/Apr/2026:01:48:43 +0000] "GET /shop/pg/1512931 HTTP/2.0" 500 1004 "https://www.elementalmill.com.lab2454.com/shop/pg/16201296465" "Mozilla/5.0 AppleWebKit/537.36 (KHTML, like Gecko; compatible; GPTBot/1.3; +https://openai.com/gptbot)"
66.249.64.39 - - [14/Apr/2026:01:48:44 +0000] "GET /?shop/88974812358.html HTTP/1.1" 200 27834 "-" "Mozilla/5.0 (Linux; Android 6.0.1; Nexus 5X Build/MMB29P) AppleWebKit/537.36 (KHTML, like Gecko) Chrome/146.0.7680.177 Mobile Safari/537.36 (compatible; Googlebot/2.1; +http://www.google.com/bot.html)"
95.108.213.193 - - [14/Apr/2026:01:48:46 +0000] "GET /robots.txt HTTP/1.1" 500 2431 "-" "Mozilla/5.0 (compatible; YandexBot/3.0; +http://yandex.com/bots)"
74.7.227.185 - - [14/Apr/2026:01:48:53 +0000] "GET /shopping/products/16201326428 HTTP/2.0" 500 1004 "https://elementalmill.com.lab2454.com/shopping/products/16211623094" "Mozilla/5.0 AppleWebKit/537.36 (KHTML, like Gecko; compatible; GPTBot/1.3; +https://openai.com/gptbot)"
74.7.242.41 - - [14/Apr/2026:01:48:59 +0000] "GET /shop/pg/2448286 HTTP/2.0" 500 1004 "https://mail.elementalmill.com/?shopping/products/16222448286" "Mozilla/5.0 AppleWebKit/537.36 (KHTML, like Gecko; compatible; GPTBot/1.3; +https://openai.com/gptbot)"
66.249.64.40 - - [14/Apr/2026:01:49:01 +0000] "GET /?shop/891312861896.html HTTP/1.1" 200 28077 "-" "Mozilla/5.0 (Linux; Android 6.0.1; Nexus 5X Build/MMB29P) AppleWebKit/537.36 (KHTML, like Gecko) Chrome/146.0.7680.177 Mobile Safari/537.36 (compatible; Googlebot/2.1; +http://www.google.com/bot.html)"
74.7.227.48 - - [14/Apr/2026:01:49:02 +0000] "GET /shop/pg/2439773 HTTP/2.0" 500 1004 "https://www.elementalmill.com/?shopping/products/16222439773" "Mozilla/5.0 AppleWebKit/537.36 (KHTML, like Gecko; compatible; GPTBot/1.3; +https://openai.com/gptbot)"
66.249.64.40 - - [14/Apr/2026:01:49:20 +0000] "GET /?shop/891312660118.html HTTP/1.1" 200 27828 "-" "Mozilla/5.0 (Linux; Android 6.0.1; Nexus 5X Build/MMB29P) AppleWebKit/537.36 (KHTML, like Gecko) Chrome/146.0.7680.177 Mobile Safari/537.36 (compatible; Googlebot/2.1; +http://www.google.com/bot.html)"
