74.7.227.48 - - [14/Apr/2026:06:18:45 +0000] "GET /shop/pg/2362576 HTTP/2.0" 500 1004 "https://www.elementalmill.com/?shopping/products/16222362576" "Mozilla/5.0 AppleWebKit/537.36 (KHTML, like Gecko; compatible; GPTBot/1.3; +https://openai.com/gptbot)"
74.7.227.185 - - [14/Apr/2026:06:18:48 +0000] "GET /shopping/products/16232562885 HTTP/2.0" 500 1004 "https://elementalmill.com.lab2454.com/shopping/products/16201361926" "Mozilla/5.0 AppleWebKit/537.36 (KHTML, like Gecko; compatible; GPTBot/1.3; +https://openai.com/gptbot)"
74.7.242.41 - - [14/Apr/2026:06:19:42 +0000] "GET /shop/pg/16201343717 HTTP/2.0" 500 1004 "https://www.elementalmill.com" "Mozilla/5.0 AppleWebKit/537.36 (KHTML, like Gecko; compatible; GPTBot/1.3; +https://openai.com/gptbot)"
74.7.243.205 - - [14/Apr/2026:06:19:44 +0000] "GET /shop/pg/1544905 HTTP/2.0" 500 1004 "https://www.elementalmill.com.lab2454.com/shop/pg/16211919985" "Mozilla/5.0 AppleWebKit/537.36 (KHTML, like Gecko; compatible; GPTBot/1.3; +https://openai.com/gptbot)"
74.7.227.48 - - [14/Apr/2026:06:19:49 +0000] "GET /shop/pg/2133476 HTTP/2.0" 500 1004 "https://www.elementalmill.com/shop/customer/bookmark.php?shopping/products/16222133476" "Mozilla/5.0 AppleWebKit/537.36 (KHTML, like Gecko; compatible; GPTBot/1.3; +https://openai.com/gptbot)"
74.7.227.185 - - [14/Apr/2026:06:19:53 +0000] "GET /shopping/products/16201188272 HTTP/2.0" 500 1004 "https://elementalmill.com.lab2454.com/shopping/products/16201487822" "Mozilla/5.0 AppleWebKit/537.36 (KHTML, like Gecko; compatible; GPTBot/1.3; +https://openai.com/gptbot)"
95.108.213.108 - - [14/Apr/2026:06:20:05 +0000] "GET /shopping/products/16196088055 HTTP/1.1" 500 1004 "-" "Mozilla/5.0 (compatible; YandexBot/3.0; +http://yandex.com/bots)"
95.108.213.147 - - [14/Apr/2026:06:20:20 +0000] "GET /shopping/products/162096765567 HTTP/1.1" 500 1004 "-" "Mozilla/5.0 (compatible; YandexBot/3.0; +http://yandex.com/bots)"
74.7.227.48 - - [14/Apr/2026:06:20:45 +0000] "GET /shop/pg/2104304 HTTP/2.0" 500 1004 "https://www.elementalmill.com/shop/customer/bookmark.php?shopping/products/16222104304" "Mozilla/5.0 AppleWebKit/537.36 (KHTML, like Gecko; compatible; GPTBot/1.3; +https://openai.com/gptbot)"
74.7.242.41 - - [14/Apr/2026:06:20:45 +0000] "GET /shop/pg/16211909261 HTTP/2.0" 500 1004 "https://www.elementalmill.com" "Mozilla/5.0 AppleWebKit/537.36 (KHTML, like Gecko; compatible; GPTBot/1.3; +https://openai.com/gptbot)"
74.7.243.205 - - [14/Apr/2026:06:20:46 +0000] "GET /shop/pg/1618924 HTTP/2.0" 500 1004 "https://www.elementalmill.com.lab2454.com/shop/pg/1617761" "Mozilla/5.0 AppleWebKit/537.36 (KHTML, like Gecko; compatible; GPTBot/1.3; +https://openai.com/gptbot)"
74.7.227.185 - - [14/Apr/2026:06:20:57 +0000] "GET /shopping/products/16211772194 HTTP/2.0" 500 1004 "https://elementalmill.com.lab2454.com/shopping/products/16201309438" "Mozilla/5.0 AppleWebKit/537.36 (KHTML, like Gecko; compatible; GPTBot/1.3; +https://openai.com/gptbot)"
74.7.227.48 - - [14/Apr/2026:06:21:48 +0000] "GET /shop/pg/1919364 HTTP/2.0" 500 1004 "https://www.elementalmill.com/shopping/products/16211919364" "Mozilla/5.0 AppleWebKit/537.36 (KHTML, like Gecko; compatible; GPTBot/1.3; +https://openai.com/gptbot)"
74.7.242.41 - - [14/Apr/2026:06:21:50 +0000] "GET /shop/pg/16211852834 HTTP/2.0" 500 1004 "https://www.elementalmill.com" "Mozilla/5.0 AppleWebKit/537.36 (KHTML, like Gecko; compatible; GPTBot/1.3; +https://openai.com/gptbot)"
74.7.243.205 - - [14/Apr/2026:06:21:50 +0000] "GET /shop/pg/1476864 HTTP/2.0" 500 1004 "https://www.elementalmill.com.lab2454.com/shop/pg/16201260409" "Mozilla/5.0 AppleWebKit/537.36 (KHTML, like Gecko; compatible; GPTBot/1.3; +https://openai.com/gptbot)"
74.7.227.185 - - [14/Apr/2026:06:21:59 +0000] "GET /shopping/products/16201035915 HTTP/2.0" 500 1004 "https://elementalmill.com.lab2454.com/shopping/products/16211613068" "Mozilla/5.0 AppleWebKit/537.36 (KHTML, like Gecko; compatible; GPTBot/1.3; +https://openai.com/gptbot)"
66.249.64.39 - - [14/Apr/2026:06:22:05 +0000] "GET /?shop/8888230918.html HTTP/1.1" 200 27155 "-" "Mozilla/5.0 (Linux; Android 6.0.1; Nexus 5X Build/MMB29P) AppleWebKit/537.36 (KHTML, like Gecko) Chrome/146.0.7680.177 Mobile Safari/537.36 (compatible; Googlebot/2.1; +http://www.google.com/bot.html)"
213.180.203.236 - - [14/Apr/2026:06:22:28 +0000] "GET /robots.txt HTTP/1.1" 500 2431 "-" "Mozilla/5.0 (compatible; YandexBot/3.0; +http://yandex.com/bots)"
74.7.243.205 - - [14/Apr/2026:06:22:51 +0000] "GET /shop/pg/1539308 HTTP/2.0" 500 1004 "https://www.elementalmill.com.lab2454.com/shop/pg/1538146" "Mozilla/5.0 AppleWebKit/537.36 (KHTML, like Gecko; compatible; GPTBot/1.3; +https://openai.com/gptbot)"
74.7.227.48 - - [14/Apr/2026:06:22:53 +0000] "GET /shop/pg/1059281 HTTP/2.0" 500 1004 "https://www.elementalmill.com/shopping/products/16201059281" "Mozilla/5.0 AppleWebKit/537.36 (KHTML, like Gecko; compatible; GPTBot/1.3; +https://openai.com/gptbot)"
66.249.64.41 - - [14/Apr/2026:06:22:59 +0000] "GET /shop/customer/bookmark.php?shopping/products/16222231091 HTTP/1.1" 200 28893 "-" "Mozilla/5.0 (Linux; Android 6.0.1; Nexus 5X Build/MMB29P) AppleWebKit/537.36 (KHTML, like Gecko) Chrome/146.0.7680.177 Mobile Safari/537.36 (compatible; Googlebot/2.1; +http://www.google.com/bot.html)"
74.7.227.185 - - [14/Apr/2026:06:23:01 +0000] "GET /shopping/products/16232520647 HTTP/2.0" 500 1004 "https://elementalmill.com.lab2454.com/shopping/products/1618301830" "Mozilla/5.0 AppleWebKit/537.36 (KHTML, like Gecko; compatible; GPTBot/1.3; +https://openai.com/gptbot)"
66.249.64.40 - - [14/Apr/2026:06:23:01 +0000] "GET /?shop/8888132616.html HTTP/1.1" 200 27104 "-" "Mozilla/5.0 (Linux; Android 6.0.1; Nexus 5X Build/MMB29P) AppleWebKit/537.36 (KHTML, like Gecko) Chrome/146.0.7680.177 Mobile Safari/537.36 (compatible; Googlebot/2.1; +http://www.google.com/bot.html)"
66.249.64.40 - - [14/Apr/2026:06:23:02 +0000] "GET /?shop/89037667437.html HTTP/1.1" 200 27564 "-" "Mozilla/5.0 (Linux; Android 6.0.1; Nexus 5X Build/MMB29P) AppleWebKit/537.36 (KHTML, like Gecko) Chrome/146.0.7680.177 Mobile Safari/537.36 (compatible; Googlebot/2.1; +http://www.google.com/bot.html)"
74.7.242.41 - - [14/Apr/2026:06:23:10 +0000] "GET /shop/pg/2059276 HTTP/2.0" 500 1004 "https://mail.elementalmill.com/?shopping/products/16222059276" "Mozilla/5.0 AppleWebKit/537.36 (KHTML, like Gecko; compatible; GPTBot/1.3; +https://openai.com/gptbot)"
87.250.224.95 - - [14/Apr/2026:06:23:22 +0000] "GET /shopping/products/16214178705 HTTP/1.1" 500 1004 "-" "Mozilla/5.0 (compatible; YandexBot/3.0; +http://yandex.com/bots)"
74.7.227.48 - - [14/Apr/2026:06:23:54 +0000] "GET /shop/pg/2139284 HTTP/2.0" 500 1004 "https://www.elementalmill.com/shop/customer/bookmark.php?shopping/products/16222139284" "Mozilla/5.0 AppleWebKit/537.36 (KHTML, like Gecko; compatible; GPTBot/1.3; +https://openai.com/gptbot)"
74.7.243.205 - - [14/Apr/2026:06:23:56 +0000] "GET /shop/pg/1627718 HTTP/2.0" 500 1004 "https://www.elementalmill.com.lab2454.com/shop/pg/16201411265" "Mozilla/5.0 AppleWebKit/537.36 (KHTML, like Gecko; compatible; GPTBot/1.3; +https://openai.com/gptbot)"
74.7.227.185 - - [14/Apr/2026:06:24:06 +0000] "GET /shopping/products/16201482331 HTTP/2.0" 500 1004 "https://elementalmill.com.lab2454.com/shopping/products/1619561954" "Mozilla/5.0 AppleWebKit/537.36 (KHTML, like Gecko; compatible; GPTBot/1.3; +https://openai.com/gptbot)"
74.7.227.48 - - [14/Apr/2026:06:24:57 +0000] "GET /shop/pg/1422787 HTTP/2.0" 500 1004 "https://www.elementalmill.com/?shopping/products/16201422787" "Mozilla/5.0 AppleWebKit/537.36 (KHTML, like Gecko; compatible; GPTBot/1.3; +https://openai.com/gptbot)"
74.7.243.205 - - [14/Apr/2026:06:24:58 +0000] "GET /shop/pg/1417220 HTTP/2.0" 500 1004 "https://www.elementalmill.com.lab2454.com/shopping/products/16201417220" "Mozilla/5.0 AppleWebKit/537.36 (KHTML, like Gecko; compatible; GPTBot/1.3; +https://openai.com/gptbot)"
74.7.227.185 - - [14/Apr/2026:06:25:08 +0000] "GET /shopping/products/16211670928 HTTP/2.0" 500 1004 "https://elementalmill.com.lab2454.com/shopping/products/16211897974" "Mozilla/5.0 AppleWebKit/537.36 (KHTML, like Gecko; compatible; GPTBot/1.3; +https://openai.com/gptbot)"
5.255.231.138 - - [14/Apr/2026:06:25:12 +0000] "GET /shopping/products/161863730178 HTTP/1.1" 500 1004 "-" "Mozilla/5.0 (compatible; YandexBot/3.0; +http://yandex.com/bots)"
66.249.89.104 - - [14/Apr/2026:06:25:48 +0000] "GET /apple-app-site-association HTTP/1.1" 200 27496 "-" "Mozilla/5.0 (Linux; Android 6.0.1; Nexus 5X Build/MMB29P) AppleWebKit/537.36 (KHTML, like Gecko) Chrome/146.0.7680.177 Mobile Safari/537.36 (compatible; AdsBot-Google-Mobile; +http://www.google.com/mobile/adsbot.html)"
74.7.243.205 - - [14/Apr/2026:06:26:03 +0000] "GET /shop/pg/1324770 HTTP/2.0" 500 1004 "https://www.elementalmill.com.lab2454.com/?shopping/products/16201324770" "Mozilla/5.0 AppleWebKit/537.36 (KHTML, like Gecko; compatible; GPTBot/1.3; +https://openai.com/gptbot)"
66.249.64.39 - - [14/Apr/2026:06:26:02 +0000] "GET /?shop/888840066.html HTTP/1.1" 200 26862 "-" "Mozilla/5.0 (Linux; Android 6.0.1; Nexus 5X Build/MMB29P) AppleWebKit/537.36 (KHTML, like Gecko) Chrome/146.0.7680.177 Mobile Safari/537.36 (compatible; Googlebot/2.1; +http://www.google.com/bot.html)"
74.7.227.185 - - [14/Apr/2026:06:26:08 +0000] "GET /shopping/products/16211810453 HTTP/2.0" 500 1004 "https://elementalmill.com.lab2454.com/shopping/products/16232507676" "Mozilla/5.0 AppleWebKit/537.36 (KHTML, like Gecko; compatible; GPTBot/1.3; +https://openai.com/gptbot)"
74.7.243.205 - - [14/Apr/2026:06:27:05 +0000] "GET /shop/pg/1211728 HTTP/2.0" 500 1004 "https://www.elementalmill.com.lab2454.com/shop/pg/1210574" "Mozilla/5.0 AppleWebKit/537.36 (KHTML, like Gecko; compatible; GPTBot/1.3; +https://openai.com/gptbot)"
74.7.242.41 - - [14/Apr/2026:06:27:10 +0000] "GET /shop/pg/16211856229 HTTP/2.0" 500 1004 "https://elementalmill.com/?shopping/products/16211851953" "Mozilla/5.0 AppleWebKit/537.36 (KHTML, like Gecko; compatible; GPTBot/1.3; +https://openai.com/gptbot)"
74.7.227.185 - - [14/Apr/2026:06:27:14 +0000] "GET /shopping/products/16211785529 HTTP/2.0" 500 1004 "https://elementalmill.com.lab2454.com/shopping/products/16201143632" "Mozilla/5.0 AppleWebKit/537.36 (KHTML, like Gecko; compatible; GPTBot/1.3; +https://openai.com/gptbot)"
66.249.64.41 - - [14/Apr/2026:06:27:14 +0000] "GET /?shop/89037830186.html HTTP/1.1" 200 27274 "-" "Mozilla/5.0 (Linux; Android 6.0.1; Nexus 5X Build/MMB29P) AppleWebKit/537.36 (KHTML, like Gecko) Chrome/146.0.7680.177 Mobile Safari/537.36 (compatible; Googlebot/2.1; +http://www.google.com/bot.html)"
95.108.213.152 - - [14/Apr/2026:06:27:41 +0000] "GET /shopping/products/162199782716 HTTP/1.1" 500 1004 "-" "Mozilla/5.0 (compatible; YandexBot/3.0; +http://yandex.com/bots)"
74.7.243.205 - - [14/Apr/2026:06:28:06 +0000] "GET /shop/pg/1183408 HTTP/2.0" 500 1004 "https://www.elementalmill.com.lab2454.com/shop/pg/1182248" "Mozilla/5.0 AppleWebKit/537.36 (KHTML, like Gecko; compatible; GPTBot/1.3; +https://openai.com/gptbot)"
74.7.242.41 - - [14/Apr/2026:06:28:11 +0000] "GET /shop/pg/16211781740 HTTP/2.0" 500 1004 "https://elementalmill.com/index.php?shopping/products/16211776548" "Mozilla/5.0 AppleWebKit/537.36 (KHTML, like Gecko; compatible; GPTBot/1.3; +https://openai.com/gptbot)"
74.7.227.48 - - [14/Apr/2026:06:28:12 +0000] "GET /shop/pg/1291509 HTTP/2.0" 500 1004 "https://www.elementalmill.com/shopping/products/16201291509" "Mozilla/5.0 AppleWebKit/537.36 (KHTML, like Gecko; compatible; GPTBot/1.3; +https://openai.com/gptbot)"
74.7.227.185 - - [14/Apr/2026:06:28:23 +0000] "GET /shopping/products/16201466910 HTTP/2.0" 500 1004 "https://elementalmill.com.lab2454.com/shopping/products/16201263454" "Mozilla/5.0 AppleWebKit/537.36 (KHTML, like Gecko; compatible; GPTBot/1.3; +https://openai.com/gptbot)"
87.250.224.81 - - [14/Apr/2026:06:28:57 +0000] "GET /robots.txt HTTP/1.1" 500 2431 "-" "Mozilla/5.0 (compatible; YandexBot/3.0; +http://yandex.com/bots)"
74.7.243.205 - - [14/Apr/2026:06:29:09 +0000] "GET /shop/pg/2312326 HTTP/2.0" 500 1004 "https://www.elementalmill.com.lab2454.com/?shopping/products/16222312326" "Mozilla/5.0 AppleWebKit/537.36 (KHTML, like Gecko; compatible; GPTBot/1.3; +https://openai.com/gptbot)"
74.7.242.41 - - [14/Apr/2026:06:29:11 +0000] "GET /shop/pg/16201044170 HTTP/2.0" 500 1004 "https://www.elementalmill.com" "Mozilla/5.0 AppleWebKit/537.36 (KHTML, like Gecko; compatible; GPTBot/1.3; +https://openai.com/gptbot)"
74.7.227.48 - - [14/Apr/2026:06:29:16 +0000] "GET /shop/pg/1748416 HTTP/2.0" 500 1004 "https://www.elementalmill.com/shop/customer/bookmark.php?shopping/products/16211748416" "Mozilla/5.0 AppleWebKit/537.36 (KHTML, like Gecko; compatible; GPTBot/1.3; +https://openai.com/gptbot)"
74.7.227.185 - - [14/Apr/2026:06:29:21 +0000] "GET /shopping/products/16211531932 HTTP/2.0" 500 1004 "https://elementalmill.com.lab2454.com/shopping/products/16201424778" "Mozilla/5.0 AppleWebKit/537.36 (KHTML, like Gecko; compatible; GPTBot/1.3; +https://openai.com/gptbot)"
167.172.33.170 - - [14/Apr/2026:06:29:47 +0000] "GET / HTTP/1.1" 500 1004 "-" "Mozilla/5.0 (X11; Linux x86_64; rv:142.0) Gecko/20100101 Firefox/142.0"
167.172.33.170 - - [14/Apr/2026:06:29:48 +0000] "GET /favicon.ico HTTP/1.1" 500 1004 "https://www.elementalmill.com.lab2454.com/" "Mozilla/5.0 (X11; Linux x86_64; rv:142.0) Gecko/20100101 Firefox/142.0"
74.7.243.205 - - [14/Apr/2026:06:30:11 +0000] "GET /shop/pg/1596045 HTTP/2.0" 500 1004 "https://www.elementalmill.com.lab2454.com/shop/pg/16201379575" "Mozilla/5.0 AppleWebKit/537.36 (KHTML, like Gecko; compatible; GPTBot/1.3; +https://openai.com/gptbot)"
74.7.242.41 - - [14/Apr/2026:06:30:14 +0000] "GET /shop/pg/16211744033 HTTP/2.0" 500 1004 "https://www.elementalmill.com" "Mozilla/5.0 AppleWebKit/537.36 (KHTML, like Gecko; compatible; GPTBot/1.3; +https://openai.com/gptbot)"
74.7.227.48 - - [14/Apr/2026:06:30:17 +0000] "GET /shop/pg/1635356 HTTP/2.0" 500 1004 "https://www.elementalmill.com/?shopping/products/16211635356" "Mozilla/5.0 AppleWebKit/537.36 (KHTML, like Gecko; compatible; GPTBot/1.3; +https://openai.com/gptbot)"
74.7.227.185 - - [14/Apr/2026:06:30:23 +0000] "GET /shopping/products/16211763290 HTTP/2.0" 500 1004 "https://elementalmill.com.lab2454.com/shopping/products/16211836320" "Mozilla/5.0 AppleWebKit/537.36 (KHTML, like Gecko; compatible; GPTBot/1.3; +https://openai.com/gptbot)"
95.108.213.207 - - [14/Apr/2026:06:30:29 +0000] "GET /robots.txt HTTP/1.1" 500 2431 "-" "Mozilla/5.0 (compatible; YandexBot/3.0; +http://yandex.com/bots)"
66.249.64.39 - - [14/Apr/2026:06:30:45 +0000] "GET /shop/89058495549.html HTTP/1.1" 200 27473 "-" "Mozilla/5.0 (Linux; Android 6.0.1; Nexus 5X Build/MMB29P) AppleWebKit/537.36 (KHTML, like Gecko) Chrome/146.0.7680.177 Mobile Safari/537.36 (compatible; Googlebot/2.1; +http://www.google.com/bot.html)"
74.7.227.48 - - [14/Apr/2026:06:31:20 +0000] "GET /shop/pg/2286951 HTTP/2.0" 500 1004 "https://www.elementalmill.com/?shopping/products/16222286951" "Mozilla/5.0 AppleWebKit/537.36 (KHTML, like Gecko; compatible; GPTBot/1.3; +https://openai.com/gptbot)"
74.7.243.205 - - [14/Apr/2026:06:32:17 +0000] "GET /shop/pg/2577505 HTTP/2.0" 500 1004 "https://www.elementalmill.com.lab2454.com/shop/pg/2576342" "Mozilla/5.0 AppleWebKit/537.36 (KHTML, like Gecko; compatible; GPTBot/1.3; +https://openai.com/gptbot)"
74.7.227.185 - - [14/Apr/2026:06:32:26 +0000] "GET /shopping/products/16232552045 HTTP/2.0" 500 1004 "https://elementalmill.com.lab2454.com/shopping/products/16201439092" "Mozilla/5.0 AppleWebKit/537.36 (KHTML, like Gecko; compatible; GPTBot/1.3; +https://openai.com/gptbot)"
66.249.64.40 - - [14/Apr/2026:06:32:36 +0000] "GET /shop/customer/bookmark.php?shopping/products/16211880468 HTTP/1.1" 200 28220 "-" "Mozilla/5.0 (Linux; Android 6.0.1; Nexus 5X Build/MMB29P) AppleWebKit/537.36 (KHTML, like Gecko) Chrome/146.0.7680.177 Mobile Safari/537.36 (compatible; Googlebot/2.1; +http://www.google.com/bot.html)"
66.249.64.41 - - [14/Apr/2026:06:32:37 +0000] "GET /?shop/88974768936.html HTTP/1.1" 200 27955 "-" "Mozilla/5.0 (Linux; Android 6.0.1; Nexus 5X Build/MMB29P) AppleWebKit/537.36 (KHTML, like Gecko) Chrome/146.0.7680.177 Mobile Safari/537.36 (compatible; Googlebot/2.1; +http://www.google.com/bot.html)"
66.249.64.40 - - [14/Apr/2026:06:32:39 +0000] "GET /shopping/products/16201355990 HTTP/1.1" 200 27901 "-" "Mozilla/5.0 (Linux; Android 6.0.1; Nexus 5X Build/MMB29P) AppleWebKit/537.36 (KHTML, like Gecko) Chrome/146.0.7680.177 Mobile Safari/537.36 (compatible; Googlebot/2.1; +http://www.google.com/bot.html)"
74.7.242.41 - - [14/Apr/2026:06:32:40 +0000] "GET /shop/pg/1620340 HTTP/2.0" 500 1004 "https://mail.elementalmill.com/?shopping/products/16211620340" "Mozilla/5.0 AppleWebKit/537.36 (KHTML, like Gecko; compatible; GPTBot/1.3; +https://openai.com/gptbot)"
74.7.243.205 - - [14/Apr/2026:06:33:22 +0000] "GET /shop/pg/1877695 HTTP/2.0" 500 1004 "https://www.elementalmill.com.lab2454.com/?shopping/products/16211877695" "Mozilla/5.0 AppleWebKit/537.36 (KHTML, like Gecko; compatible; GPTBot/1.3; +https://openai.com/gptbot)"
74.7.242.41 - - [14/Apr/2026:06:33:24 +0000] "GET /shop/pg/16211658476 HTTP/2.0" 500 1004 "https://elementalmill.com/?shopping/products/16211654207" "Mozilla/5.0 AppleWebKit/537.36 (KHTML, like Gecko; compatible; GPTBot/1.3; +https://openai.com/gptbot)"
74.7.227.185 - - [14/Apr/2026:06:33:32 +0000] "GET /shopping/products/16201253738 HTTP/2.0" 500 1004 "https://elementalmill.com.lab2454.com/shopping/products/16211755857" "Mozilla/5.0 AppleWebKit/537.36 (KHTML, like Gecko; compatible; GPTBot/1.3; +https://openai.com/gptbot)"
5.255.231.113 - - [14/Apr/2026:06:33:47 +0000] "GET /shopping/products/16232548487 HTTP/1.1" 500 1004 "-" "Mozilla/5.0 (compatible; YandexBot/3.0; +http://yandex.com/bots)"
66.249.64.39 - - [14/Apr/2026:06:34:18 +0000] "GET /?shop/88922074016.html HTTP/1.1" 200 27384 "-" "Mozilla/5.0 (Linux; Android 6.0.1; Nexus 5X Build/MMB29P) AppleWebKit/537.36 (KHTML, like Gecko) Chrome/146.0.7680.177 Mobile Safari/537.36 (compatible; Googlebot/2.1; +http://www.google.com/bot.html)"
66.249.64.40 - - [14/Apr/2026:06:34:21 +0000] "GET /shopping/products/16201040337 HTTP/1.1" 200 28778 "-" "Mozilla/5.0 (Linux; Android 6.0.1; Nexus 5X Build/MMB29P) AppleWebKit/537.36 (KHTML, like Gecko) Chrome/146.0.7680.177 Mobile Safari/537.36 (compatible; Googlebot/2.1; +http://www.google.com/bot.html)"
74.7.243.205 - - [14/Apr/2026:06:34:27 +0000] "GET /shop/pg/1376497 HTTP/2.0" 500 1004 "https://www.elementalmill.com.lab2454.com/shop/pg/16211751586" "Mozilla/5.0 AppleWebKit/537.36 (KHTML, like Gecko; compatible; GPTBot/1.3; +https://openai.com/gptbot)"
66.249.64.40 - - [14/Apr/2026:06:34:24 +0000] "GET /?shop/891211980682.html HTTP/1.1" 200 27230 "-" "Mozilla/5.0 (Linux; Android 6.0.1; Nexus 5X Build/MMB29P) AppleWebKit/537.36 (KHTML, like Gecko) Chrome/146.0.7680.177 Mobile Safari/537.36 (compatible; Googlebot/2.1; +http://www.google.com/bot.html)"
74.7.242.41 - - [14/Apr/2026:06:34:30 +0000] "GET /shop/pg/16201160356 HTTP/2.0" 500 1004 "https://elementalmill.com/index.php?shopping/products/16201155181" "Mozilla/5.0 AppleWebKit/537.36 (KHTML, like Gecko; compatible; GPTBot/1.3; +https://openai.com/gptbot)"
74.7.227.48 - - [14/Apr/2026:06:34:31 +0000] "GET /shop/pg/2454150 HTTP/2.0" 500 1004 "https://www.elementalmill.com/?shopping/products/16222454150" "Mozilla/5.0 AppleWebKit/537.36 (KHTML, like Gecko; compatible; GPTBot/1.3; +https://openai.com/gptbot)"
74.7.243.205 - - [14/Apr/2026:06:35:27 +0000] "GET /shop/pg/1196813 HTTP/2.0" 500 1004 "https://www.elementalmill.com.lab2454.com/shop/pg/16211571906" "Mozilla/5.0 AppleWebKit/537.36 (KHTML, like Gecko; compatible; GPTBot/1.3; +https://openai.com/gptbot)"
74.7.227.48 - - [14/Apr/2026:06:35:35 +0000] "GET /shop/pg/2218490 HTTP/2.0" 500 1004 "https://www.elementalmill.com/shopping/products/16222218490" "Mozilla/5.0 AppleWebKit/537.36 (KHTML, like Gecko; compatible; GPTBot/1.3; +https://openai.com/gptbot)"
74.7.242.41 - - [14/Apr/2026:06:35:36 +0000] "GET /shop/pg/16201430186 HTTP/2.0" 500 1004 "https://www.elementalmill.com" "Mozilla/5.0 AppleWebKit/537.36 (KHTML, like Gecko; compatible; GPTBot/1.3; +https://openai.com/gptbot)"
74.7.227.185 - - [14/Apr/2026:06:35:39 +0000] "GET /shopping/products/16201462812 HTTP/2.0" 500 1004 "https://elementalmill.com.lab2454.com/shopping/products/16201253743" "Mozilla/5.0 AppleWebKit/537.36 (KHTML, like Gecko; compatible; GPTBot/1.3; +https://openai.com/gptbot)"
213.180.203.212 - - [14/Apr/2026:06:36:07 +0000] "GET /shopping/products/1618409668 HTTP/1.1" 500 1004 "-" "Mozilla/5.0 (compatible; YandexBot/3.0; +http://yandex.com/bots)"
66.249.64.39 - - [14/Apr/2026:06:36:07 +0000] "GET /shop/customer/bookmark.php?shopping/products/1619851456 HTTP/1.1" 200 27574 "-" "Mozilla/5.0 (Linux; Android 6.0.1; Nexus 5X Build/MMB29P) AppleWebKit/537.36 (KHTML, like Gecko) Chrome/146.0.7680.177 Mobile Safari/537.36 (compatible; Googlebot/2.1; +http://www.google.com/bot.html)"
74.7.243.205 - - [14/Apr/2026:06:36:33 +0000] "GET /shop/pg/1704652 HTTP/2.0" 500 1004 "https://www.elementalmill.com.lab2454.com/shop/pg/1703492" "Mozilla/5.0 AppleWebKit/537.36 (KHTML, like Gecko; compatible; GPTBot/1.3; +https://openai.com/gptbot)"
74.7.243.205 - - [14/Apr/2026:06:37:38 +0000] "GET /shop/pg/1899344 HTTP/2.0" 500 1004 "https://www.elementalmill.com.lab2454.com/shop/pg/1619758203" "Mozilla/5.0 AppleWebKit/537.36 (KHTML, like Gecko; compatible; GPTBot/1.3; +https://openai.com/gptbot)"
74.7.242.41 - - [14/Apr/2026:06:37:39 +0000] "GET /shop/pg/16201232736 HTTP/2.0" 500 1004 "https://www.elementalmill.com" "Mozilla/5.0 AppleWebKit/537.36 (KHTML, like Gecko; compatible; GPTBot/1.3; +https://openai.com/gptbot)"
74.7.227.185 - - [14/Apr/2026:06:37:47 +0000] "GET /shopping/products/16201126468 HTTP/2.0" 500 1004 "https://elementalmill.com.lab2454.com/shopping/products/16201420295" "Mozilla/5.0 AppleWebKit/537.36 (KHTML, like Gecko; compatible; GPTBot/1.3; +https://openai.com/gptbot)"
5.255.231.152 - - [14/Apr/2026:06:38:02 +0000] "GET /shopping/products/16185317489 HTTP/1.1" 500 1004 "-" "Mozilla/5.0 (compatible; YandexBot/3.0; +http://yandex.com/bots)"
74.7.243.205 - - [14/Apr/2026:06:38:42 +0000] "GET /shop/pg/1385728 HTTP/2.0" 500 1004 "https://www.elementalmill.com.lab2454.com/shop/pg/16201169265" "Mozilla/5.0 AppleWebKit/537.36 (KHTML, like Gecko; compatible; GPTBot/1.3; +https://openai.com/gptbot)"
74.7.227.48 - - [14/Apr/2026:06:38:44 +0000] "GET /shop/pg/1103271 HTTP/2.0" 500 1004 "https://www.elementalmill.com/shopping/products/16201103271" "Mozilla/5.0 AppleWebKit/537.36 (KHTML, like Gecko; compatible; GPTBot/1.3; +https://openai.com/gptbot)"
74.7.227.185 - - [14/Apr/2026:06:38:49 +0000] "GET /shopping/products/16201263859 HTTP/2.0" 500 1004 "https://elementalmill.com.lab2454.com/shopping/products/16201237189" "Mozilla/5.0 AppleWebKit/537.36 (KHTML, like Gecko; compatible; GPTBot/1.3; +https://openai.com/gptbot)"
74.7.242.41 - - [14/Apr/2026:06:38:55 +0000] "GET /shop/pg/2392575 HTTP/2.0" 500 1004 "https://mail.elementalmill.com/?shopping/products/16222392575" "Mozilla/5.0 AppleWebKit/537.36 (KHTML, like Gecko; compatible; GPTBot/1.3; +https://openai.com/gptbot)"
74.7.243.205 - - [14/Apr/2026:06:39:45 +0000] "GET /shop/pg/1705572 HTTP/2.0" 500 1004 "https://www.elementalmill.com.lab2454.com/shop/pg/16201489108" "Mozilla/5.0 AppleWebKit/537.36 (KHTML, like Gecko; compatible; GPTBot/1.3; +https://openai.com/gptbot)"
74.7.227.185 - - [14/Apr/2026:06:39:55 +0000] "GET /shopping/products/16201008943 HTTP/2.0" 500 1004 "https://elementalmill.com.lab2454.com/shopping/products/16201013963" "Mozilla/5.0 AppleWebKit/537.36 (KHTML, like Gecko; compatible; GPTBot/1.3; +https://openai.com/gptbot)"
66.249.64.40 - - [14/Apr/2026:06:40:01 +0000] "GET /?shop/88943096793.html HTTP/1.1" 200 27476 "-" "Mozilla/5.0 (Linux; Android 6.0.1; Nexus 5X Build/MMB29P) AppleWebKit/537.36 (KHTML, like Gecko) Chrome/146.0.7680.177 Mobile Safari/537.36 (compatible; Googlebot/2.1; +http://www.google.com/bot.html)"
66.249.64.40 - - [14/Apr/2026:06:40:03 +0000] "GET /?shop/88922085569.html HTTP/1.1" 200 27481 "-" "Mozilla/5.0 (Linux; Android 6.0.1; Nexus 5X Build/MMB29P) AppleWebKit/537.36 (KHTML, like Gecko) Chrome/146.0.7680.177 Mobile Safari/537.36 (compatible; Googlebot/2.1; +http://www.google.com/bot.html)"
74.7.243.205 - - [14/Apr/2026:06:40:45 +0000] "GET /shop/pg/1754040 HTTP/2.0" 500 1004 "https://www.elementalmill.com.lab2454.com/shopping/products/16211754040" "Mozilla/5.0 AppleWebKit/537.36 (KHTML, like Gecko; compatible; GPTBot/1.3; +https://openai.com/gptbot)"
74.7.242.41 - - [14/Apr/2026:06:40:48 +0000] "GET /shop/pg/16232585538 HTTP/2.0" 500 1004 "https://elementalmill.com/?shopping/products/16232581264" "Mozilla/5.0 AppleWebKit/537.36 (KHTML, like Gecko; compatible; GPTBot/1.3; +https://openai.com/gptbot)"
74.7.227.48 - - [14/Apr/2026:06:40:54 +0000] "GET /shop/pg/1403347 HTTP/2.0" 500 1004 "https://www.elementalmill.com/?shopping/products/16201403347" "Mozilla/5.0 AppleWebKit/537.36 (KHTML, like Gecko; compatible; GPTBot/1.3; +https://openai.com/gptbot)"
74.7.227.185 - - [14/Apr/2026:06:40:59 +0000] "GET /shopping/products/16211571753 HTTP/2.0" 500 1004 "https://elementalmill.com.lab2454.com/shopping/products/16201453383" "Mozilla/5.0 AppleWebKit/537.36 (KHTML, like Gecko; compatible; GPTBot/1.3; +https://openai.com/gptbot)"
87.250.224.92 - - [14/Apr/2026:06:41:39 +0000] "GET /shopping/products/161824291256 HTTP/1.1" 500 1004 "-" "Mozilla/5.0 (compatible; YandexBot/3.0; +http://yandex.com/bots)"
74.7.242.41 - - [14/Apr/2026:06:41:49 +0000] "GET /shop/pg/16211862522 HTTP/2.0" 500 1004 "https://www.elementalmill.com" "Mozilla/5.0 AppleWebKit/537.36 (KHTML, like Gecko; compatible; GPTBot/1.3; +https://openai.com/gptbot)"
74.7.243.205 - - [14/Apr/2026:06:41:50 +0000] "GET /shop/pg/1446787 HTTP/2.0" 500 1004 "https://www.elementalmill.com.lab2454.com/shop/pg/16201230336" "Mozilla/5.0 AppleWebKit/537.36 (KHTML, like Gecko; compatible; GPTBot/1.3; +https://openai.com/gptbot)"
74.7.227.48 - - [14/Apr/2026:06:41:54 +0000] "GET /shop/pg/1086471 HTTP/2.0" 500 1004 "https://www.elementalmill.com/shopping/products/16201086471" "Mozilla/5.0 AppleWebKit/537.36 (KHTML, like Gecko; compatible; GPTBot/1.3; +https://openai.com/gptbot)"
216.73.216.112 - - [14/Apr/2026:06:42:34 +0000] "GET /robots.txt HTTP/2.0" 500 1004 "-" "Mozilla/5.0 AppleWebKit/537.36 (KHTML, like Gecko; compatible; ClaudeBot/1.0; +claudebot@anthropic.com)"
74.7.243.205 - - [14/Apr/2026:06:42:53 +0000] "GET /shop/pg/1300509 HTTP/2.0" 500 1004 "https://www.elementalmill.com.lab2454.com/shop/pg/16211675594" "Mozilla/5.0 AppleWebKit/537.36 (KHTML, like Gecko; compatible; GPTBot/1.3; +https://openai.com/gptbot)"
74.7.227.48 - - [14/Apr/2026:06:42:59 +0000] "GET /shop/pg/1135926 HTTP/2.0" 500 1004 "https://www.elementalmill.com/shopping/products/16201135926" "Mozilla/5.0 AppleWebKit/537.36 (KHTML, like Gecko; compatible; GPTBot/1.3; +https://openai.com/gptbot)"
74.7.227.185 - - [14/Apr/2026:06:43:07 +0000] "GET /shopping/products/16201404629 HTTP/2.0" 500 1004 "https://elementalmill.com.lab2454.com/shopping/products/16232535076" "Mozilla/5.0 AppleWebKit/537.36 (KHTML, like Gecko; compatible; GPTBot/1.3; +https://openai.com/gptbot)"
74.7.243.205 - - [14/Apr/2026:06:43:57 +0000] "GET /shop/pg/1575578 HTTP/2.0" 500 1004 "https://www.elementalmill.com.lab2454.com/shop/pg/16201359122" "Mozilla/5.0 AppleWebKit/537.36 (KHTML, like Gecko; compatible; GPTBot/1.3; +https://openai.com/gptbot)"
74.7.242.41 - - [14/Apr/2026:06:43:57 +0000] "GET /shop/pg/16211740866 HTTP/2.0" 500 1004 "https://elementalmill.com/?shopping/products/16211736586" "Mozilla/5.0 AppleWebKit/537.36 (KHTML, like Gecko; compatible; GPTBot/1.3; +https://openai.com/gptbot)"
74.7.227.48 - - [14/Apr/2026:06:44:05 +0000] "GET /shop/pg/1168350 HTTP/2.0" 500 1004 "https://www.elementalmill.com/shopping/products/16201168350" "Mozilla/5.0 AppleWebKit/537.36 (KHTML, like Gecko; compatible; GPTBot/1.3; +https://openai.com/gptbot)"
74.7.227.185 - - [14/Apr/2026:06:44:12 +0000] "GET /shopping/products/16201181859 HTTP/2.0" 500 1004 "https://elementalmill.com.lab2454.com/shopping/products/16201244928" "Mozilla/5.0 AppleWebKit/537.36 (KHTML, like Gecko; compatible; GPTBot/1.3; +https://openai.com/gptbot)"
74.7.243.205 - - [14/Apr/2026:06:45:01 +0000] "GET /shop/pg/1612811 HTTP/2.0" 500 1004 "https://www.elementalmill.com.lab2454.com/shop/pg/16201396346" "Mozilla/5.0 AppleWebKit/537.36 (KHTML, like Gecko; compatible; GPTBot/1.3; +https://openai.com/gptbot)"
74.7.227.48 - - [14/Apr/2026:06:45:06 +0000] "GET /shop/pg/1833747 HTTP/2.0" 500 1004 "https://www.elementalmill.com/?shopping/products/16211833747" "Mozilla/5.0 AppleWebKit/537.36 (KHTML, like Gecko; compatible; GPTBot/1.3; +https://openai.com/gptbot)"
74.7.242.41 - - [14/Apr/2026:06:45:10 +0000] "GET /shop/pg/1579378 HTTP/2.0" 500 1004 "https://mail.elementalmill.com/?shopping/products/16211579378" "Mozilla/5.0 AppleWebKit/537.36 (KHTML, like Gecko; compatible; GPTBot/1.3; +https://openai.com/gptbot)"
66.249.64.39 - - [14/Apr/2026:06:45:42 +0000] "GET /?shop/891513717871.html HTTP/1.1" 200 28015 "-" "Mozilla/5.0 (Linux; Android 6.0.1; Nexus 5X Build/MMB29P) AppleWebKit/537.36 (KHTML, like Gecko) Chrome/146.0.7680.177 Mobile Safari/537.36 (compatible; Googlebot/2.1; +http://www.google.com/bot.html)"
74.7.242.41 - - [14/Apr/2026:06:46:00 +0000] "GET /shop/pg/16201048624 HTTP/2.0" 500 1004 "https://elementalmill.com/?shopping/products/16201044357" "Mozilla/5.0 AppleWebKit/537.36 (KHTML, like Gecko; compatible; GPTBot/1.3; +https://openai.com/gptbot)"
74.7.243.205 - - [14/Apr/2026:06:46:04 +0000] "GET /shop/pg/1673685 HTTP/2.0" 500 1004 "https://www.elementalmill.com.lab2454.com/shop/pg/16201457230" "Mozilla/5.0 AppleWebKit/537.36 (KHTML, like Gecko; compatible; GPTBot/1.3; +https://openai.com/gptbot)"
74.7.227.48 - - [14/Apr/2026:06:46:07 +0000] "GET /shop/pg/2250891 HTTP/2.0" 500 1004 "https://www.elementalmill.com/shop/customer/bookmark.php?shopping/products/16222250891" "Mozilla/5.0 AppleWebKit/537.36 (KHTML, like Gecko; compatible; GPTBot/1.3; +https://openai.com/gptbot)"
95.108.213.151 - - [14/Apr/2026:06:46:30 +0000] "GET /robots.txt HTTP/1.1" 500 2431 "-" "Mozilla/5.0 (compatible; YandexBot/3.0; +http://yandex.com/bots)"
66.249.64.39 - - [14/Apr/2026:06:46:34 +0000] "GET /?shop/891111674998.html HTTP/1.1" 200 27656 "-" "Mozilla/5.0 (Linux; Android 6.0.1; Nexus 5X Build/MMB29P) AppleWebKit/537.36 (KHTML, like Gecko) Chrome/146.0.7680.177 Mobile Safari/537.36 (compatible; Googlebot/2.1; +http://www.google.com/bot.html)"
66.249.64.40 - - [14/Apr/2026:06:46:36 +0000] "GET /?shop/89027368128.html HTTP/1.1" 200 27785 "-" "Mozilla/5.0 (Linux; Android 6.0.1; Nexus 5X Build/MMB29P) AppleWebKit/537.36 (KHTML, like Gecko) Chrome/146.0.7680.177 Mobile Safari/537.36 (compatible; Googlebot/2.1; +http://www.google.com/bot.html)"
74.7.243.205 - - [14/Apr/2026:06:47:04 +0000] "GET /shop/pg/1650719 HTTP/2.0" 500 1004 "https://www.elementalmill.com.lab2454.com/shop/pg/16201434263" "Mozilla/5.0 AppleWebKit/537.36 (KHTML, like Gecko; compatible; GPTBot/1.3; +https://openai.com/gptbot)"
74.7.227.48 - - [14/Apr/2026:06:47:08 +0000] "GET /shop/pg/2339599 HTTP/2.0" 500 1004 "https://www.elementalmill.com/shopping/products/16222339599" "Mozilla/5.0 AppleWebKit/537.36 (KHTML, like Gecko; compatible; GPTBot/1.3; +https://openai.com/gptbot)"
74.7.227.185 - - [14/Apr/2026:06:47:20 +0000] "GET /shopping/products/16201266864 HTTP/2.0" 500 1004 "https://elementalmill.com.lab2454.com/shopping/products/16201258863" "Mozilla/5.0 AppleWebKit/537.36 (KHTML, like Gecko; compatible; GPTBot/1.3; +https://openai.com/gptbot)"
213.180.203.174 - - [14/Apr/2026:06:47:28 +0000] "GET /shopping/products/16201402989 HTTP/1.1" 500 1004 "-" "Mozilla/5.0 (compatible; YandexBot/3.0; +http://yandex.com/bots)"
74.7.242.41 - - [14/Apr/2026:06:48:01 +0000] "GET /shop/pg/16201214962 HTTP/2.0" 500 1004 "https://elementalmill.com/?shopping/products/16201210695" "Mozilla/5.0 AppleWebKit/537.36 (KHTML, like Gecko; compatible; GPTBot/1.3; +https://openai.com/gptbot)"
74.7.243.205 - - [14/Apr/2026:06:48:06 +0000] "GET /shop/pg/1015886 HTTP/2.0" 500 1004 "https://www.elementalmill.com.lab2454.com/shop/pg/1014733" "Mozilla/5.0 AppleWebKit/537.36 (KHTML, like Gecko; compatible; GPTBot/1.3; +https://openai.com/gptbot)"
74.7.227.48 - - [14/Apr/2026:06:48:10 +0000] "GET /shop/pg/1965174 HTTP/2.0" 500 1004 "https://www.elementalmill.com/?shopping/products/16211965174" "Mozilla/5.0 AppleWebKit/537.36 (KHTML, like Gecko; compatible; GPTBot/1.3; +https://openai.com/gptbot)"
74.7.227.185 - - [14/Apr/2026:06:48:22 +0000] "GET /shopping/products/16201219720 HTTP/2.0" 500 1004 "https://elementalmill.com.lab2454.com/shopping/products/16232584663" "Mozilla/5.0 AppleWebKit/537.36 (KHTML, like Gecko; compatible; GPTBot/1.3; +https://openai.com/gptbot)"
74.7.242.41 - - [14/Apr/2026:06:49:04 +0000] "GET /shop/pg/16211609450 HTTP/2.0" 500 1004 "https://www.elementalmill.com" "Mozilla/5.0 AppleWebKit/537.36 (KHTML, like Gecko; compatible; GPTBot/1.3; +https://openai.com/gptbot)"
74.7.243.205 - - [14/Apr/2026:06:49:11 +0000] "GET /shop/pg/1524199 HTTP/2.0" 500 1004 "https://www.elementalmill.com.lab2454.com/shop/pg/16201307742" "Mozilla/5.0 AppleWebKit/537.36 (KHTML, like Gecko; compatible; GPTBot/1.3; +https://openai.com/gptbot)"
74.7.227.48 - - [14/Apr/2026:06:49:12 +0000] "GET /shop/pg/1524852 HTTP/2.0" 500 1004 "https://www.elementalmill.com/shopping/products/16211524852" "Mozilla/5.0 AppleWebKit/537.36 (KHTML, like Gecko; compatible; GPTBot/1.3; +https://openai.com/gptbot)"
74.7.227.185 - - [14/Apr/2026:06:49:26 +0000] "GET /shopping/products/16211997973 HTTP/2.0" 500 1004 "https://elementalmill.com.lab2454.com/shopping/products/16211973970" "Mozilla/5.0 AppleWebKit/537.36 (KHTML, like Gecko; compatible; GPTBot/1.3; +https://openai.com/gptbot)"
74.7.227.48 - - [14/Apr/2026:06:50:13 +0000] "GET /shop/pg/2097028 HTTP/2.0" 500 1004 "https://www.elementalmill.com/?shopping/products/16222097028" "Mozilla/5.0 AppleWebKit/537.36 (KHTML, like Gecko; compatible; GPTBot/1.3; +https://openai.com/gptbot)"
74.7.243.205 - - [14/Apr/2026:06:50:14 +0000] "GET /shop/pg/1622961 HTTP/2.0" 500 1004 "https://www.elementalmill.com.lab2454.com/shop/pg/16201406497" "Mozilla/5.0 AppleWebKit/537.36 (KHTML, like Gecko; compatible; GPTBot/1.3; +https://openai.com/gptbot)"
66.249.64.41 - - [14/Apr/2026:06:50:19 +0000] "GET /?shop/8888257032.html HTTP/1.1" 200 27223 "-" "Mozilla/5.0 (Linux; Android 6.0.1; Nexus 5X Build/MMB29P) AppleWebKit/537.36 (KHTML, like Gecko) Chrome/146.0.7680.177 Mobile Safari/537.36 (compatible; Googlebot/2.1; +http://www.google.com/bot.html)"
74.7.243.205 - - [14/Apr/2026:06:51:15 +0000] "GET /shop/pg/1232059 HTTP/2.0" 500 1004 "https://www.elementalmill.com.lab2454.com/shop/pg/16201015611" "Mozilla/5.0 AppleWebKit/537.36 (KHTML, like Gecko; compatible; GPTBot/1.3; +https://openai.com/gptbot)"
74.7.227.185 - - [14/Apr/2026:06:51:28 +0000] "GET /shopping/products/16211941078 HTTP/2.0" 500 1004 "https://elementalmill.com.lab2454.com/shopping/products/16201406766" "Mozilla/5.0 AppleWebKit/537.36 (KHTML, like Gecko; compatible; GPTBot/1.3; +https://openai.com/gptbot)"
213.180.203.180 - - [14/Apr/2026:06:51:53 +0000] "GET /shopping/products/16209266607 HTTP/1.1" 500 1004 "-" "Mozilla/5.0 (compatible; YandexBot/3.0; +http://yandex.com/bots)"
66.249.64.39 - - [14/Apr/2026:06:52:09 +0000] "GET /?shop/890910872200.html HTTP/1.1" 200 28146 "-" "Mozilla/5.0 (Linux; Android 6.0.1; Nexus 5X Build/MMB29P) AppleWebKit/537.36 (KHTML, like Gecko) Chrome/146.0.7680.177 Mobile Safari/537.36 (compatible; Googlebot/2.1; +http://www.google.com/bot.html)"
66.249.64.41 - - [14/Apr/2026:06:52:12 +0000] "GET /shopping/products/16211604266 HTTP/1.1" 200 28043 "-" "Mozilla/5.0 (Linux; Android 6.0.1; Nexus 5X Build/MMB29P) AppleWebKit/537.36 (KHTML, like Gecko) Chrome/146.0.7680.177 Mobile Safari/537.36 (compatible; Googlebot/2.1; +http://www.google.com/bot.html)"
74.7.243.205 - - [14/Apr/2026:06:52:15 +0000] "GET /shop/pg/1664862 HTTP/2.0" 500 1004 "https://www.elementalmill.com.lab2454.com/shop/pg/16201448395" "Mozilla/5.0 AppleWebKit/537.36 (KHTML, like Gecko; compatible; GPTBot/1.3; +https://openai.com/gptbot)"
74.7.227.48 - - [14/Apr/2026:06:52:22 +0000] "GET /shop/pg/1612803 HTTP/2.0" 500 1004 "https://www.elementalmill.com/shop/customer/bookmark.php?shopping/products/16211612803" "Mozilla/5.0 AppleWebKit/537.36 (KHTML, like Gecko; compatible; GPTBot/1.3; +https://openai.com/gptbot)"
74.7.227.185 - - [14/Apr/2026:06:52:33 +0000] "GET /shopping/products/16211674723 HTTP/2.0" 500 1004 "https://elementalmill.com.lab2454.com/shopping/products/16211648053" "Mozilla/5.0 AppleWebKit/537.36 (KHTML, like Gecko; compatible; GPTBot/1.3; +https://openai.com/gptbot)"
74.7.243.205 - - [14/Apr/2026:06:53:19 +0000] "GET /shop/pg/1399594 HTTP/2.0" 500 1004 "https://www.elementalmill.com.lab2454.com/shop/pg/16201183137" "Mozilla/5.0 AppleWebKit/537.36 (KHTML, like Gecko; compatible; GPTBot/1.3; +https://openai.com/gptbot)"
74.7.242.41 - - [14/Apr/2026:06:53:20 +0000] "GET /shop/pg/16201005364 HTTP/2.0" 500 1004 "https://www.elementalmill.com" "Mozilla/5.0 AppleWebKit/537.36 (KHTML, like Gecko; compatible; GPTBot/1.3; +https://openai.com/gptbot)"
74.7.227.48 - - [14/Apr/2026:06:53:22 +0000] "GET /shop/pg/1342254 HTTP/2.0" 500 1004 "https://www.elementalmill.com/?shopping/products/16201342254" "Mozilla/5.0 AppleWebKit/537.36 (KHTML, like Gecko; compatible; GPTBot/1.3; +https://openai.com/gptbot)"
87.250.224.6 - - [14/Apr/2026:06:53:33 +0000] "GET /shopping/products/16216929304 HTTP/1.1" 500 1004 "-" "Mozilla/5.0 (compatible; YandexBot/3.0; +http://yandex.com/bots)"
66.249.64.39 - - [14/Apr/2026:06:53:54 +0000] "GET /shop/pg/1127520 HTTP/1.1" 200 27795 "-" "Mozilla/5.0 (Linux; Android 6.0.1; Nexus 5X Build/MMB29P) AppleWebKit/537.36 (KHTML, like Gecko) Chrome/146.0.7680.177 Mobile Safari/537.36 (compatible; Googlebot/2.1; +http://www.google.com/bot.html)"
66.249.64.40 - - [14/Apr/2026:06:53:55 +0000] "GET /?shop/88943380141.html HTTP/1.1" 200 27103 "-" "Mozilla/5.0 (Linux; Android 6.0.1; Nexus 5X Build/MMB29P) AppleWebKit/537.36 (KHTML, like Gecko) Chrome/146.0.7680.177 Mobile Safari/537.36 (compatible; Googlebot/2.1; +http://www.google.com/bot.html)"
74.7.243.205 - - [14/Apr/2026:06:54:21 +0000] "GET /shop/pg/1185410 HTTP/2.0" 500 1004 "https://www.elementalmill.com.lab2454.com/shop/pg/1184248" "Mozilla/5.0 AppleWebKit/537.36 (KHTML, like Gecko; compatible; GPTBot/1.3; +https://openai.com/gptbot)"
74.7.242.41 - - [14/Apr/2026:06:54:21 +0000] "GET /shop/pg/16201419955 HTTP/2.0" 500 1004 "https://www.elementalmill.com" "Mozilla/5.0 AppleWebKit/537.36 (KHTML, like Gecko; compatible; GPTBot/1.3; +https://openai.com/gptbot)"
5.255.231.193 - - [14/Apr/2026:06:55:04 +0000] "GET /shopping/products/16185723835 HTTP/1.1" 500 1004 "-" "Mozilla/5.0 (compatible; YandexBot/3.0; +http://yandex.com/bots)"
213.180.203.72 - - [14/Apr/2026:06:55:18 +0000] "GET /shopping/products/16201164425 HTTP/1.1" 500 1004 "-" "Mozilla/5.0 (compatible; YandexBot/3.0; +http://yandex.com/bots)"
74.7.243.205 - - [14/Apr/2026:06:55:23 +0000] "GET /shop/pg/1509034 HTTP/2.0" 500 1004 "https://www.elementalmill.com.lab2454.com/shop/pg/1507871" "Mozilla/5.0 AppleWebKit/537.36 (KHTML, like Gecko; compatible; GPTBot/1.3; +https://openai.com/gptbot)"
74.7.242.41 - - [14/Apr/2026:06:55:24 +0000] "GET /shop/pg/21997279332 HTTP/2.0" 500 1004 "https://elementalmill.com/c/all-product/acupuncture-21991720068" "Mozilla/5.0 AppleWebKit/537.36 (KHTML, like Gecko; compatible; GPTBot/1.3; +https://openai.com/gptbot)"
74.7.227.185 - - [14/Apr/2026:06:55:42 +0000] "GET /shopping/products/16211953813 HTTP/2.0" 500 1004 "https://elementalmill.com.lab2454.com/shopping/products/16211874281" "Mozilla/5.0 AppleWebKit/537.36 (KHTML, like Gecko; compatible; GPTBot/1.3; +https://openai.com/gptbot)"
66.249.64.41 - - [14/Apr/2026:06:56:12 +0000] "GET /?shop/88974640339.html HTTP/1.1" 200 28064 "-" "Mozilla/5.0 (Linux; Android 6.0.1; Nexus 5X Build/MMB29P) AppleWebKit/537.36 (KHTML, like Gecko) Chrome/146.0.7680.177 Mobile Safari/537.36 (compatible; GoogleOther)"
74.7.243.205 - - [14/Apr/2026:06:56:27 +0000] "GET /shop/pg/1209660 HTTP/2.0" 500 1004 "https://www.elementalmill.com.lab2454.com/shop/pg/1208505" "Mozilla/5.0 AppleWebKit/537.36 (KHTML, like Gecko; compatible; GPTBot/1.3; +https://openai.com/gptbot)"
74.7.227.185 - - [14/Apr/2026:06:56:43 +0000] "GET /shopping/products/16201203877 HTTP/2.0" 500 1004 "https://elementalmill.com.lab2454.com/shopping/products/16211948382" "Mozilla/5.0 AppleWebKit/537.36 (KHTML, like Gecko; compatible; GPTBot/1.3; +https://openai.com/gptbot)"
74.7.242.41 - - [14/Apr/2026:06:56:45 +0000] "GET /shop/pg/2266197 HTTP/2.0" 500 1004 "https://mail.elementalmill.com/shop/customer/bookmark.php?shopping/products/16222266197" "Mozilla/5.0 AppleWebKit/537.36 (KHTML, like Gecko; compatible; GPTBot/1.3; +https://openai.com/gptbot)"
74.7.242.41 - - [14/Apr/2026:06:57:27 +0000] "GET /shop/pg/16211730610 HTTP/2.0" 500 1004 "https://elementalmill.com/?shopping/products/16211726337" "Mozilla/5.0 AppleWebKit/537.36 (KHTML, like Gecko; compatible; GPTBot/1.3; +https://openai.com/gptbot)"
74.7.243.205 - - [14/Apr/2026:06:57:29 +0000] "GET /shop/pg/1842655 HTTP/2.0" 500 1004 "https://www.elementalmill.com.lab2454.com/shopping/products/16211842655" "Mozilla/5.0 AppleWebKit/537.36 (KHTML, like Gecko; compatible; GPTBot/1.3; +https://openai.com/gptbot)"
213.180.203.77 - - [14/Apr/2026:06:57:33 +0000] "GET /robots.txt HTTP/1.1" 500 2431 "-" "Mozilla/5.0 (compatible; YandexBot/3.0; +http://yandex.com/bots)"
74.7.227.185 - - [14/Apr/2026:06:57:49 +0000] "GET /shopping/products/16211686387 HTTP/2.0" 500 1004 "https://elementalmill.com.lab2454.com/shopping/products/16201131971" "Mozilla/5.0 AppleWebKit/537.36 (KHTML, like Gecko; compatible; GPTBot/1.3; +https://openai.com/gptbot)"
66.249.64.40 - - [14/Apr/2026:06:57:57 +0000] "GET /?shop/88995470749.html HTTP/1.1" 200 27670 "-" "Mozilla/5.0 (Linux; Android 6.0.1; Nexus 5X Build/MMB29P) AppleWebKit/537.36 (KHTML, like Gecko) Chrome/146.0.7680.177 Mobile Safari/537.36 (compatible; Googlebot/2.1; +http://www.google.com/bot.html)"
74.7.243.205 - - [14/Apr/2026:06:58:32 +0000] "GET /shop/pg/1640212 HTTP/2.0" 500 1004 "https://www.elementalmill.com.lab2454.com/shop/pg/16201423749" "Mozilla/5.0 AppleWebKit/537.36 (KHTML, like Gecko; compatible; GPTBot/1.3; +https://openai.com/gptbot)"
74.7.227.48 - - [14/Apr/2026:06:58:45 +0000] "GET /shop/pg/1956709 HTTP/2.0" 500 1004 "https://www.elementalmill.com/?shopping/products/16211956709" "Mozilla/5.0 AppleWebKit/537.36 (KHTML, like Gecko; compatible; GPTBot/1.3; +https://openai.com/gptbot)"
66.249.64.39 - - [14/Apr/2026:06:58:49 +0000] "GET /?shop/891111670894.html HTTP/1.1" 200 27680 "-" "Mozilla/5.0 (Linux; Android 6.0.1; Nexus 5X Build/MMB29P) AppleWebKit/537.36 (KHTML, like Gecko) Chrome/146.0.7680.177 Mobile Safari/537.36 (compatible; Googlebot/2.1; +http://www.google.com/bot.html)"
66.249.64.41 - - [14/Apr/2026:06:58:51 +0000] "GET /?shop/88974614635.html HTTP/1.1" 200 28374 "-" "Mozilla/5.0 (Linux; Android 6.0.1; Nexus 5X Build/MMB29P) AppleWebKit/537.36 (KHTML, like Gecko) Chrome/146.0.7680.177 Mobile Safari/537.36 (compatible; Googlebot/2.1; +http://www.google.com/bot.html)"
74.7.242.41 - - [14/Apr/2026:06:58:54 +0000] "GET /shop/pg/1250019 HTTP/2.0" 500 1004 "https://mail.elementalmill.com/?shopping/products/16201250019" "Mozilla/5.0 AppleWebKit/537.36 (KHTML, like Gecko; compatible; GPTBot/1.3; +https://openai.com/gptbot)"
74.7.227.185 - - [14/Apr/2026:06:58:55 +0000] "GET /shopping/products/16211975806 HTTP/2.0" 500 1004 "https://elementalmill.com.lab2454.com/shopping/products/1618356183" "Mozilla/5.0 AppleWebKit/537.36 (KHTML, like Gecko; compatible; GPTBot/1.3; +https://openai.com/gptbot)"
74.7.242.41 - - [14/Apr/2026:06:59:32 +0000] "GET /shop/pg/16201126027 HTTP/2.0" 500 1004 "https://www.elementalmill.com" "Mozilla/5.0 AppleWebKit/537.36 (KHTML, like Gecko; compatible; GPTBot/1.3; +https://openai.com/gptbot)"
95.108.213.169 - - [14/Apr/2026:06:59:33 +0000] "GET /robots.txt HTTP/1.1" 500 2431 "-" "Mozilla/5.0 (compatible; YandexBot/3.0; +http://yandex.com/bots)"
74.7.243.205 - - [14/Apr/2026:06:59:36 +0000] "GET /shop/pg/1293239 HTTP/2.0" 500 1004 "https://www.elementalmill.com.lab2454.com/shop/pg/16211668332" "Mozilla/5.0 AppleWebKit/537.36 (KHTML, like Gecko; compatible; GPTBot/1.3; +https://openai.com/gptbot)"
74.7.227.48 - - [14/Apr/2026:06:59:48 +0000] "GET /shop/pg/1144218 HTTP/2.0" 500 1004 "https://www.elementalmill.com/shop/customer/bookmark.php?shopping/products/16201144218" "Mozilla/5.0 AppleWebKit/537.36 (KHTML, like Gecko; compatible; GPTBot/1.3; +https://openai.com/gptbot)"
66.249.64.40 - - [14/Apr/2026:07:00:14 +0000] "GET /?shop/89058615849.html HTTP/1.1" 200 27464 "-" "Mozilla/5.0 (Linux; Android 6.0.1; Nexus 5X Build/MMB29P) AppleWebKit/537.36 (KHTML, like Gecko) Chrome/146.0.7680.177 Mobile Safari/537.36 (compatible; Googlebot/2.1; +http://www.google.com/bot.html)"
95.108.213.154 - - [14/Apr/2026:07:00:29 +0000] "GET /shopping/products/162017325202 HTTP/1.1" 500 1004 "-" "Mozilla/5.0 (compatible; YandexBot/3.0; +http://yandex.com/bots)"
74.7.242.41 - - [14/Apr/2026:07:00:34 +0000] "GET /shop/pg/16211898963 HTTP/2.0" 500 1004 "https://www.elementalmill.com" "Mozilla/5.0 AppleWebKit/537.36 (KHTML, like Gecko; compatible; GPTBot/1.3; +https://openai.com/gptbot)"
74.7.243.205 - - [14/Apr/2026:07:00:40 +0000] "GET /shop/pg/1226974 HTTP/2.0" 500 1004 "https://www.elementalmill.com.lab2454.com/shop/pg/1225820" "Mozilla/5.0 AppleWebKit/537.36 (KHTML, like Gecko; compatible; GPTBot/1.3; +https://openai.com/gptbot)"
74.7.227.48 - - [14/Apr/2026:07:00:54 +0000] "GET /shop/pg/2360330 HTTP/2.0" 500 1004 "https://www.elementalmill.com/shopping/products/16222360330" "Mozilla/5.0 AppleWebKit/537.36 (KHTML, like Gecko; compatible; GPTBot/1.3; +https://openai.com/gptbot)"
74.7.242.41 - - [14/Apr/2026:07:00:57 +0000] "GET /shop/pg/1171201 HTTP/2.0" 500 1004 "https://mail.elementalmill.com/?shopping/products/16201171201" "Mozilla/5.0 AppleWebKit/537.36 (KHTML, like Gecko; compatible; GPTBot/1.3; +https://openai.com/gptbot)"
87.250.224.131 - - [14/Apr/2026:07:01:33 +0000] "GET /robots.txt HTTP/1.1" 500 2431 "-" "Mozilla/5.0 (compatible; YandexBot/3.0; +http://yandex.com/bots)"
74.7.243.205 - - [14/Apr/2026:07:01:40 +0000] "GET /shop/pg/1277428 HTTP/2.0" 500 1004 "https://www.elementalmill.com.lab2454.com/shopping/products/16201277428" "Mozilla/5.0 AppleWebKit/537.36 (KHTML, like Gecko; compatible; GPTBot/1.3; +https://openai.com/gptbot)"
74.7.227.48 - - [14/Apr/2026:07:01:57 +0000] "GET /shop/pg/1967951 HTTP/2.0" 500 1004 "https://www.elementalmill.com/shopping/products/16211967951" "Mozilla/5.0 AppleWebKit/537.36 (KHTML, like Gecko; compatible; GPTBot/1.3; +https://openai.com/gptbot)"
5.255.231.125 - - [14/Apr/2026:07:02:26 +0000] "GET /shopping/products/16211594048 HTTP/1.1" 500 1004 "-" "Mozilla/5.0 (compatible; YandexBot/3.0; +http://yandex.com/bots)"
74.7.242.41 - - [14/Apr/2026:07:02:39 +0000] "GET /shop/pg/16201236654 HTTP/2.0" 500 1004 "https://elementalmill.com/?shopping/products/16201232386" "Mozilla/5.0 AppleWebKit/537.36 (KHTML, like Gecko; compatible; GPTBot/1.3; +https://openai.com/gptbot)"
74.7.243.205 - - [14/Apr/2026:07:02:44 +0000] "GET /shop/pg/1389916 HTTP/2.0" 500 1004 "https://www.elementalmill.com.lab2454.com/shop/pg/16201173456" "Mozilla/5.0 AppleWebKit/537.36 (KHTML, like Gecko; compatible; GPTBot/1.3; +https://openai.com/gptbot)"
95.108.213.221 - - [14/Apr/2026:07:03:33 +0000] "GET /robots.txt HTTP/1.1" 500 2431 "-" "Mozilla/5.0 (compatible; YandexBot/3.0; +http://yandex.com/bots)"
74.7.242.41 - - [14/Apr/2026:07:03:41 +0000] "GET /shop/pg/16211719846 HTTP/2.0" 500 1004 "https://www.elementalmill.com" "Mozilla/5.0 AppleWebKit/537.36 (KHTML, like Gecko; compatible; GPTBot/1.3; +https://openai.com/gptbot)"
74.7.243.205 - - [14/Apr/2026:07:03:47 +0000] "GET /shop/pg/1453065 HTTP/2.0" 500 1004 "https://www.elementalmill.com.lab2454.com/shop/pg/16211828156" "Mozilla/5.0 AppleWebKit/537.36 (KHTML, like Gecko; compatible; GPTBot/1.3; +https://openai.com/gptbot)"
74.7.227.48 - - [14/Apr/2026:07:04:05 +0000] "GET /shop/pg/1814479 HTTP/2.0" 500 1004 "https://www.elementalmill.com/?shopping/products/16211814479" "Mozilla/5.0 AppleWebKit/537.36 (KHTML, like Gecko; compatible; GPTBot/1.3; +https://openai.com/gptbot)"
213.180.203.161 - - [14/Apr/2026:07:04:32 +0000] "GET /shopping/products/162199542893 HTTP/1.1" 500 1004 "-" "Mozilla/5.0 (compatible; YandexBot/3.0; +http://yandex.com/bots)"
74.7.227.185 - - [14/Apr/2026:07:04:45 +0000] "GET /shopping/products/16211860720 HTTP/2.0" 500 1004 "https://elementalmill.com.lab2454.com/shopping/products/16232537185" "Mozilla/5.0 AppleWebKit/537.36 (KHTML, like Gecko; compatible; GPTBot/1.3; +https://openai.com/gptbot)"
74.7.243.205 - - [14/Apr/2026:07:04:49 +0000] "GET /shop/pg/1697751 HTTP/2.0" 500 1004 "https://www.elementalmill.com.lab2454.com/shop/pg/16201481287" "Mozilla/5.0 AppleWebKit/537.36 (KHTML, like Gecko; compatible; GPTBot/1.3; +https://openai.com/gptbot)"
66.249.64.39 - - [14/Apr/2026:07:05:19 +0000] "GET /?shop/88995488317.html HTTP/1.1" 200 27501 "-" "Mozilla/5.0 (Linux; Android 6.0.1; Nexus 5X Build/MMB29P) AppleWebKit/537.36 (KHTML, like Gecko) Chrome/146.0.7680.177 Mobile Safari/537.36 (compatible; Googlebot/2.1; +http://www.google.com/bot.html)"
213.180.203.178 - - [14/Apr/2026:07:05:33 +0000] "GET /robots.txt HTTP/1.1" 500 2431 "-" "Mozilla/5.0 (compatible; YandexBot/3.0; +http://yandex.com/bots)"
