66.249.64.41 - - [14/Apr/2026:02:41:26 +0000] "GET /shop/customer/bookmark.php?goods=2310353&crsirefo_hidden=0219d3605c2e10d51c688f939542ce4335d5a8dcccdeb9746951d1e0aede9bab HTTP/1.1" 200 28484 "-" "Mozilla/5.0 (Linux; Android 6.0.1; Nexus 5X Build/MMB29P) AppleWebKit/537.36 (KHTML, like Gecko) Chrome/146.0.7680.177 Mobile Safari/537.36 (compatible; Googlebot/2.1; +http://www.google.com/bot.html)"
74.7.243.205 - - [14/Apr/2026:02:41:30 +0000] "GET /shop/pg/1181044 HTTP/2.0" 500 1004 "https://www.elementalmill.com.lab2454.com/shop/pg/1179869" "Mozilla/5.0 AppleWebKit/537.36 (KHTML, like Gecko; compatible; GPTBot/1.3; +https://openai.com/gptbot)"
66.249.64.40 - - [14/Apr/2026:02:41:34 +0000] "GET /shopping/products/16232503676 HTTP/1.1" 200 27927 "-" "Mozilla/5.0 (Linux; Android 6.0.1; Nexus 5X Build/MMB29P) AppleWebKit/537.36 (KHTML, like Gecko) Chrome/146.0.7680.177 Mobile Safari/537.36 (compatible; Googlebot/2.1; +http://www.google.com/bot.html)"
74.7.227.48 - - [14/Apr/2026:02:41:35 +0000] "GET /shop/pg/1048338 HTTP/2.0" 500 1004 "https://www.elementalmill.com/shopping/products/16201048338" "Mozilla/5.0 AppleWebKit/537.36 (KHTML, like Gecko; compatible; GPTBot/1.3; +https://openai.com/gptbot)"
66.249.64.39 - - [14/Apr/2026:02:41:50 +0000] "GET /shopping/products/16211762474 HTTP/1.1" 200 27146 "-" "Mozilla/5.0 (Linux; Android 6.0.1; Nexus 5X Build/MMB29P) AppleWebKit/537.36 (KHTML, like Gecko) Chrome/146.0.7680.177 Mobile Safari/537.36 (compatible; Googlebot/2.1; +http://www.google.com/bot.html)"
74.7.242.41 - - [14/Apr/2026:02:41:59 +0000] "GET /shop/pg/16232604127 HTTP/2.0" 500 1004 "https://elementalmill.com/?shopping/products/16232599842" "Mozilla/5.0 AppleWebKit/537.36 (KHTML, like Gecko; compatible; GPTBot/1.3; +https://openai.com/gptbot)"
66.249.64.39 - - [14/Apr/2026:02:42:09 +0000] "GET /shopping/products/16211586069 HTTP/1.1" 200 27343 "-" "Mozilla/5.0 (Linux; Android 6.0.1; Nexus 5X Build/MMB29P) AppleWebKit/537.36 (KHTML, like Gecko) Chrome/146.0.7680.177 Mobile Safari/537.36 (compatible; Googlebot/2.1; +http://www.google.com/bot.html)"
74.7.227.185 - - [14/Apr/2026:02:42:24 +0000] "GET /shopping/products/16201336782 HTTP/2.0" 500 1004 "https://elementalmill.com.lab2454.com/shopping/products/16201484082" "Mozilla/5.0 AppleWebKit/537.36 (KHTML, like Gecko; compatible; GPTBot/1.3; +https://openai.com/gptbot)"
74.7.243.205 - - [14/Apr/2026:02:42:34 +0000] "GET /shop/pg/1425402 HTTP/2.0" 500 1004 "https://www.elementalmill.com.lab2454.com/shop/pg/16211800505" "Mozilla/5.0 AppleWebKit/537.36 (KHTML, like Gecko; compatible; GPTBot/1.3; +https://openai.com/gptbot)"
74.7.227.48 - - [14/Apr/2026:02:42:36 +0000] "GET /shop/pg/1107570 HTTP/2.0" 500 1004 "https://www.elementalmill.com/?shopping/products/16201107570" "Mozilla/5.0 AppleWebKit/537.36 (KHTML, like Gecko; compatible; GPTBot/1.3; +https://openai.com/gptbot)"
66.249.64.40 - - [14/Apr/2026:02:42:46 +0000] "GET /shop/customer/bookmark.php?shopping/products/1618273881 HTTP/1.1" 200 27933 "-" "Mozilla/5.0 (Linux; Android 6.0.1; Nexus 5X Build/MMB29P) AppleWebKit/537.36 (KHTML, like Gecko) Chrome/146.0.7680.177 Mobile Safari/537.36 (compatible; Googlebot/2.1; +http://www.google.com/bot.html)"
74.7.242.41 - - [14/Apr/2026:02:43:05 +0000] "GET /shop/pg/16201472041 HTTP/2.0" 500 1004 "https://elementalmill.com/?shopping/products/16201467759" "Mozilla/5.0 AppleWebKit/537.36 (KHTML, like Gecko; compatible; GPTBot/1.3; +https://openai.com/gptbot)"
66.249.64.39 - - [14/Apr/2026:02:43:24 +0000] "GET /shopping/products/1618492739 HTTP/1.1" 200 27247 "-" "Mozilla/5.0 (Linux; Android 6.0.1; Nexus 5X Build/MMB29P) AppleWebKit/537.36 (KHTML, like Gecko) Chrome/146.0.7680.177 Mobile Safari/537.36 (compatible; Googlebot/2.1; +http://www.google.com/bot.html)"
74.7.227.185 - - [14/Apr/2026:02:43:29 +0000] "GET /shopping/products/16232569186 HTTP/2.0" 500 1004 "https://elementalmill.com.lab2454.com/shopping/products/16211896432" "Mozilla/5.0 AppleWebKit/537.36 (KHTML, like Gecko; compatible; GPTBot/1.3; +https://openai.com/gptbot)"
74.7.243.205 - - [14/Apr/2026:02:43:36 +0000] "GET /shop/pg/1367154 HTTP/2.0" 500 1004 "https://www.elementalmill.com.lab2454.com/shop/pg/1366002" "Mozilla/5.0 AppleWebKit/537.36 (KHTML, like Gecko; compatible; GPTBot/1.3; +https://openai.com/gptbot)"
66.249.64.39 - - [14/Apr/2026:02:43:42 +0000] "GET /shop/customer/bookmark.php?shopping/products/1619716571 HTTP/1.1" 200 28095 "-" "Mozilla/5.0 (Linux; Android 6.0.1; Nexus 5X Build/MMB29P) AppleWebKit/537.36 (KHTML, like Gecko) Chrome/146.0.7680.177 Mobile Safari/537.36 (compatible; Googlebot/2.1; +http://www.google.com/bot.html)"
74.7.242.41 - - [14/Apr/2026:02:43:52 +0000] "GET /shop/pg/2587211 HTTP/2.0" 500 1004 "https://mail.elementalmill.com/?shopping/products/16232587211" "Mozilla/5.0 AppleWebKit/537.36 (KHTML, like Gecko; compatible; GPTBot/1.3; +https://openai.com/gptbot)"
66.249.64.39 - - [14/Apr/2026:02:43:54 +0000] "GET /?shop/88974553172.html HTTP/1.1" 200 27534 "-" "Mozilla/5.0 (Linux; Android 6.0.1; Nexus 5X Build/MMB29P) AppleWebKit/537.36 (KHTML, like Gecko) Chrome/146.0.7680.177 Mobile Safari/537.36 (compatible; Googlebot/2.1; +http://www.google.com/bot.html)"
66.249.64.39 - - [14/Apr/2026:02:44:01 +0000] "GET /shopping/products/1618262252 HTTP/1.1" 200 27487 "-" "Mozilla/5.0 (Linux; Android 6.0.1; Nexus 5X Build/MMB29P) AppleWebKit/537.36 (KHTML, like Gecko) Chrome/146.0.7680.177 Mobile Safari/537.36 (compatible; Googlebot/2.1; +http://www.google.com/bot.html)"
74.7.242.41 - - [14/Apr/2026:02:44:04 +0000] "GET /shop/pg/16201481833 HTTP/2.0" 500 1004 "https://www.elementalmill.com" "Mozilla/5.0 AppleWebKit/537.36 (KHTML, like Gecko; compatible; GPTBot/1.3; +https://openai.com/gptbot)"
74.7.227.185 - - [14/Apr/2026:02:44:29 +0000] "GET /shopping/products/16201256456 HTTP/2.0" 500 1004 "https://elementalmill.com.lab2454.com/shopping/products/16201232453" "Mozilla/5.0 AppleWebKit/537.36 (KHTML, like Gecko; compatible; GPTBot/1.3; +https://openai.com/gptbot)"
74.7.243.205 - - [14/Apr/2026:02:44:39 +0000] "GET /shop/pg/1347015 HTTP/2.0" 500 1004 "https://www.elementalmill.com.lab2454.com/shop/pg/1345848" "Mozilla/5.0 AppleWebKit/537.36 (KHTML, like Gecko; compatible; GPTBot/1.3; +https://openai.com/gptbot)"
74.7.227.48 - - [14/Apr/2026:02:44:42 +0000] "GET /shop/pg/2201009 HTTP/2.0" 500 1004 "https://www.elementalmill.com/shopping/products/16222201009" "Mozilla/5.0 AppleWebKit/537.36 (KHTML, like Gecko; compatible; GPTBot/1.3; +https://openai.com/gptbot)"
66.249.64.39 - - [14/Apr/2026:02:44:57 +0000] "GET /shop/customer/bookmark.php?shopping/products/16201287661 HTTP/1.1" 200 29081 "-" "Mozilla/5.0 (Linux; Android 6.0.1; Nexus 5X Build/MMB29P) AppleWebKit/537.36 (KHTML, like Gecko) Chrome/146.0.7680.177 Mobile Safari/537.36 (compatible; Googlebot/2.1; +http://www.google.com/bot.html)"
74.7.242.41 - - [14/Apr/2026:02:45:08 +0000] "GET /shop/pg/16211885660 HTTP/2.0" 500 1004 "https://www.elementalmill.com" "Mozilla/5.0 AppleWebKit/537.36 (KHTML, like Gecko; compatible; GPTBot/1.3; +https://openai.com/gptbot)"
66.249.64.39 - - [14/Apr/2026:02:45:23 +0000] "GET /shopping/products/16201318020 HTTP/1.1" 200 27345 "-" "Mozilla/5.0 (Linux; Android 6.0.1; Nexus 5X Build/MMB29P) AppleWebKit/537.36 (KHTML, like Gecko) Chrome/146.0.7680.177 Mobile Safari/537.36 (compatible; Googlebot/2.1; +http://www.google.com/bot.html)"
66.249.64.41 - - [14/Apr/2026:02:45:24 +0000] "GET /?shop/88953582520.html HTTP/1.1" 200 27566 "-" "Mozilla/5.0 (Linux; Android 6.0.1; Nexus 5X Build/MMB29P) AppleWebKit/537.36 (KHTML, like Gecko) Chrome/146.0.7680.177 Mobile Safari/537.36 (compatible; Googlebot/2.1; +http://www.google.com/bot.html)"
74.7.227.185 - - [14/Apr/2026:02:45:30 +0000] "GET /shopping/products/16201167960 HTTP/2.0" 500 1004 "https://elementalmill.com.lab2454.com/shopping/products/16201348782" "Mozilla/5.0 AppleWebKit/537.36 (KHTML, like Gecko; compatible; GPTBot/1.3; +https://openai.com/gptbot)"
74.7.243.205 - - [14/Apr/2026:02:45:43 +0000] "GET /shop/pg/1612102 HTTP/2.0" 500 1004 "https://www.elementalmill.com.lab2454.com/?shopping/products/16211612102" "Mozilla/5.0 AppleWebKit/537.36 (KHTML, like Gecko; compatible; GPTBot/1.3; +https://openai.com/gptbot)"
74.7.227.48 - - [14/Apr/2026:02:45:48 +0000] "GET /shop/pg/1802420 HTTP/2.0" 500 1004 "https://www.elementalmill.com/shop/customer/bookmark.php?shopping/products/16211802420" "Mozilla/5.0 AppleWebKit/537.36 (KHTML, like Gecko; compatible; GPTBot/1.3; +https://openai.com/gptbot)"
66.249.64.39 - - [14/Apr/2026:02:45:54 +0000] "GET /shop/customer/bookmark.php?shopping/products/16211658885 HTTP/1.1" 200 27498 "-" "Mozilla/5.0 (Linux; Android 6.0.1; Nexus 5X Build/MMB29P) AppleWebKit/537.36 (KHTML, like Gecko) Chrome/146.0.7680.177 Mobile Safari/537.36 (compatible; Googlebot/2.1; +http://www.google.com/bot.html)"
74.7.242.41 - - [14/Apr/2026:02:46:11 +0000] "GET /shop/pg/16201033520 HTTP/2.0" 500 1004 "https://www.elementalmill.com" "Mozilla/5.0 AppleWebKit/537.36 (KHTML, like Gecko; compatible; GPTBot/1.3; +https://openai.com/gptbot)"
66.249.64.41 - - [14/Apr/2026:02:46:12 +0000] "GET /shopping/products/16222474599 HTTP/1.1" 200 27175 "-" "Mozilla/5.0 (Linux; Android 6.0.1; Nexus 5X Build/MMB29P) AppleWebKit/537.36 (KHTML, like Gecko) Chrome/146.0.7680.177 Mobile Safari/537.36 (compatible; Googlebot/2.1; +http://www.google.com/bot.html)"
74.7.227.185 - - [14/Apr/2026:02:46:35 +0000] "GET /shopping/products/16201371190 HTTP/2.0" 500 1004 "https://elementalmill.com.lab2454.com/shopping/products/16211869342" "Mozilla/5.0 AppleWebKit/537.36 (KHTML, like Gecko; compatible; GPTBot/1.3; +https://openai.com/gptbot)"
66.249.64.39 - - [14/Apr/2026:02:46:43 +0000] "GET /shop/customer/bookmark.php?shopping/products/1618272307 HTTP/1.1" 200 27692 "-" "Mozilla/5.0 (Linux; Android 6.0.1; Nexus 5X Build/MMB29P) AppleWebKit/537.36 (KHTML, like Gecko) Chrome/146.0.7680.177 Mobile Safari/537.36 (compatible; Googlebot/2.1; +http://www.google.com/bot.html)"
74.7.243.205 - - [14/Apr/2026:02:46:49 +0000] "GET /shop/pg/1567782 HTTP/2.0" 500 1004 "https://www.elementalmill.com.lab2454.com/shop/pg/16201351327" "Mozilla/5.0 AppleWebKit/537.36 (KHTML, like Gecko; compatible; GPTBot/1.3; +https://openai.com/gptbot)"
66.249.64.39 - - [14/Apr/2026:02:47:01 +0000] "GET /shop/customer/bookmark.php?shopping/products/16201101685 HTTP/1.1" 200 28009 "-" "Mozilla/5.0 (Linux; Android 6.0.1; Nexus 5X Build/MMB29P) AppleWebKit/537.36 (KHTML, like Gecko) Chrome/146.0.7680.177 Mobile Safari/537.36 (compatible; Googlebot/2.1; +http://www.google.com/bot.html)"
74.7.242.41 - - [14/Apr/2026:02:47:04 +0000] "GET /shop/pg/2017706 HTTP/2.0" 500 1004 "https://mail.elementalmill.com/shopping/products/16222017706" "Mozilla/5.0 AppleWebKit/537.36 (KHTML, like Gecko; compatible; GPTBot/1.3; +https://openai.com/gptbot)"
74.7.242.41 - - [14/Apr/2026:02:47:13 +0000] "GET /shop/pg/16201397921 HTTP/2.0" 500 1004 "https://elementalmill.com/?shopping/products/16201393646" "Mozilla/5.0 AppleWebKit/537.36 (KHTML, like Gecko; compatible; GPTBot/1.3; +https://openai.com/gptbot)"
66.249.64.39 - - [14/Apr/2026:02:47:19 +0000] "GET /shop/customer/bookmark.php?shopping/products/16222188334 HTTP/1.1" 200 27260 "-" "Mozilla/5.0 (Linux; Android 6.0.1; Nexus 5X Build/MMB29P) AppleWebKit/537.36 (KHTML, like Gecko) Chrome/146.0.7680.177 Mobile Safari/537.36 (compatible; Googlebot/2.1; +http://www.google.com/bot.html)"
66.249.64.39 - - [14/Apr/2026:02:47:20 +0000] "GET /?shop/88901497972.html HTTP/1.1" 200 27120 "-" "Mozilla/5.0 (Linux; Android 6.0.1; Nexus 5X Build/MMB29P) AppleWebKit/537.36 (KHTML, like Gecko) Chrome/146.0.7680.177 Mobile Safari/537.36 (compatible; Googlebot/2.1; +http://www.google.com/bot.html)"
74.7.227.185 - - [14/Apr/2026:02:47:35 +0000] "GET /shopping/products/16201467858 HTTP/2.0" 500 1004 "https://elementalmill.com.lab2454.com/shopping/products/16201449189" "Mozilla/5.0 AppleWebKit/537.36 (KHTML, like Gecko; compatible; GPTBot/1.3; +https://openai.com/gptbot)"
66.249.64.39 - - [14/Apr/2026:02:47:45 +0000] "GET /?shop/89058877793.html HTTP/1.1" 200 27097 "-" "Mozilla/5.0 (Linux; Android 6.0.1; Nexus 5X Build/MMB29P) AppleWebKit/537.36 (KHTML, like Gecko) Chrome/146.0.7680.177 Mobile Safari/537.36 (compatible; Googlebot/2.1; +http://www.google.com/bot.html)"
74.7.243.205 - - [14/Apr/2026:02:47:49 +0000] "GET /shop/pg/1212014 HTTP/2.0" 500 1004 "https://www.elementalmill.com.lab2454.com/shop/pg/16211587098" "Mozilla/5.0 AppleWebKit/537.36 (KHTML, like Gecko; compatible; GPTBot/1.3; +https://openai.com/gptbot)"
66.249.64.39 - - [14/Apr/2026:02:47:50 +0000] "GET /shopping/products/16211693817 HTTP/1.1" 200 27449 "-" "Mozilla/5.0 (Linux; Android 6.0.1; Nexus 5X Build/MMB29P) AppleWebKit/537.36 (KHTML, like Gecko) Chrome/146.0.7680.177 Mobile Safari/537.36 (compatible; Googlebot/2.1; +http://www.google.com/bot.html)"
74.7.227.48 - - [14/Apr/2026:02:47:55 +0000] "GET /shop/pg/1540620 HTTP/2.0" 500 1004 "https://www.elementalmill.com/?shopping/products/16211540620" "Mozilla/5.0 AppleWebKit/537.36 (KHTML, like Gecko; compatible; GPTBot/1.3; +https://openai.com/gptbot)"
95.108.213.83 - - [14/Apr/2026:02:47:56 +0000] "GET /shopping/products/16206419037 HTTP/1.1" 500 1004 "-" "Mozilla/5.0 (compatible; YandexBot/3.0; +http://yandex.com/bots)"
74.7.242.41 - - [14/Apr/2026:02:48:16 +0000] "GET /shop/pg/16211530160 HTTP/2.0" 500 1004 "https://elementalmill.com/index.php?shopping/products/16211524974" "Mozilla/5.0 AppleWebKit/537.36 (KHTML, like Gecko; compatible; GPTBot/1.3; +https://openai.com/gptbot)"
66.249.64.40 - - [14/Apr/2026:02:48:17 +0000] "GET /robots.txt HTTP/1.1" 200 354 "-" "Mozilla/5.0 (compatible; Googlebot/2.1; +http://www.google.com/bot.html)"
66.249.64.39 - - [14/Apr/2026:02:48:29 +0000] "GET /shop/customer/bookmark.php?shopping/products/1619570202 HTTP/1.1" 200 28410 "-" "Mozilla/5.0 (Linux; Android 6.0.1; Nexus 5X Build/MMB29P) AppleWebKit/537.36 (KHTML, like Gecko) Chrome/146.0.7680.177 Mobile Safari/537.36 (compatible; Googlebot/2.1; +http://www.google.com/bot.html)"
74.7.227.185 - - [14/Apr/2026:02:48:36 +0000] "GET /shopping/products/16211671023 HTTP/2.0" 500 1004 "https://elementalmill.com.lab2454.com/shopping/products/16211941854" "Mozilla/5.0 AppleWebKit/537.36 (KHTML, like Gecko; compatible; GPTBot/1.3; +https://openai.com/gptbot)"
66.249.64.39 - - [14/Apr/2026:02:48:48 +0000] "GET /shop/customer/bookmark.php?shopping/products/16222011976 HTTP/1.1" 200 28850 "-" "Mozilla/5.0 (Linux; Android 6.0.1; Nexus 5X Build/MMB29P) AppleWebKit/537.36 (KHTML, like Gecko) Chrome/146.0.7680.177 Mobile Safari/537.36 (compatible; Googlebot/2.1; +http://www.google.com/bot.html)"
74.7.243.205 - - [14/Apr/2026:02:48:53 +0000] "GET /shop/pg/1367335 HTTP/2.0" 500 1004 "https://www.elementalmill.com.lab2454.com/shop/pg/16201150875" "Mozilla/5.0 AppleWebKit/537.36 (KHTML, like Gecko; compatible; GPTBot/1.3; +https://openai.com/gptbot)"
74.7.227.48 - - [14/Apr/2026:02:48:59 +0000] "GET /shop/pg/1750485 HTTP/2.0" 500 1004 "https://www.elementalmill.com/?shopping/products/16211750485" "Mozilla/5.0 AppleWebKit/537.36 (KHTML, like Gecko; compatible; GPTBot/1.3; +https://openai.com/gptbot)"
74.7.242.41 - - [14/Apr/2026:02:49:04 +0000] "GET /shop/pg/1930409 HTTP/2.0" 500 1004 "https://mail.elementalmill.com/?shopping/products/16211930409" "Mozilla/5.0 AppleWebKit/537.36 (KHTML, like Gecko; compatible; GPTBot/1.3; +https://openai.com/gptbot)"
66.249.64.40 - - [14/Apr/2026:02:49:05 +0000] "GET /shop/pg/672989 HTTP/1.1" 200 28568 "-" "Mozilla/5.0 (Linux; Android 6.0.1; Nexus 5X Build/MMB29P) AppleWebKit/537.36 (KHTML, like Gecko) Chrome/146.0.7680.177 Mobile Safari/537.36 (compatible; Googlebot/2.1; +http://www.google.com/bot.html)"
66.249.64.40 - - [14/Apr/2026:02:49:07 +0000] "GET /?shop/88943256993.html HTTP/1.1" 200 27838 "-" "Mozilla/5.0 (Linux; Android 6.0.1; Nexus 5X Build/MMB29P) AppleWebKit/537.36 (KHTML, like Gecko) Chrome/146.0.7680.177 Mobile Safari/537.36 (compatible; Googlebot/2.1; +http://www.google.com/bot.html)"
66.249.64.40 - - [14/Apr/2026:02:49:12 +0000] "GET /ctg/apiAllLCate/ HTTP/1.1" 200 26856 "https://elementalmill.com/shop/customer/bookmark.php?shopping/products/1619570202" "Mozilla/5.0 (Linux; Android 6.0.1; Nexus 5X Build/MMB29P) AppleWebKit/537.36 (KHTML, like Gecko) Chrome/146.0.7680.177 Mobile Safari/537.36 (compatible; Googlebot/2.1; +http://www.google.com/bot.html)"
87.250.224.6 - - [14/Apr/2026:02:49:15 +0000] "GET /shopping/products/161911441172 HTTP/1.1" 500 1004 "-" "Mozilla/5.0 (compatible; YandexBot/3.0; +http://yandex.com/bots)"
74.7.242.41 - - [14/Apr/2026:02:49:19 +0000] "GET /shop/pg/16201124422 HTTP/2.0" 500 1004 "https://www.elementalmill.com" "Mozilla/5.0 AppleWebKit/537.36 (KHTML, like Gecko; compatible; GPTBot/1.3; +https://openai.com/gptbot)"
66.249.64.39 - - [14/Apr/2026:02:49:22 +0000] "GET /ctg/apiAllLCate/ HTTP/1.1" 200 26856 "https://elementalmill.com/shop/customer/bookmark.php?shopping/products/16222011976" "Mozilla/5.0 (Linux; Android 6.0.1; Nexus 5X Build/MMB29P) AppleWebKit/537.36 (KHTML, like Gecko) Chrome/146.0.7680.177 Mobile Safari/537.36 (compatible; Googlebot/2.1; +http://www.google.com/bot.html)"
66.249.64.39 - - [14/Apr/2026:02:49:39 +0000] "GET /shopping/products/1618298486 HTTP/1.1" 200 27372 "-" "Mozilla/5.0 (Linux; Android 6.0.1; Nexus 5X Build/MMB29P) AppleWebKit/537.36 (KHTML, like Gecko) Chrome/146.0.7680.177 Mobile Safari/537.36 (compatible; Googlebot/2.1; +http://www.google.com/bot.html)"
74.7.227.185 - - [14/Apr/2026:02:49:42 +0000] "GET /shopping/products/16201363274 HTTP/2.0" 500 1004 "https://elementalmill.com.lab2454.com/shopping/products/16211829832" "Mozilla/5.0 AppleWebKit/537.36 (KHTML, like Gecko; compatible; GPTBot/1.3; +https://openai.com/gptbot)"
213.180.203.42 - - [14/Apr/2026:02:49:42 +0000] "GET /shopping/products/162099147882 HTTP/1.1" 500 1004 "-" "Mozilla/5.0 (compatible; YandexBot/3.0; +http://yandex.com/bots)"
66.249.64.39 - - [14/Apr/2026:02:49:57 +0000] "GET /shopping/products/16222084099 HTTP/1.1" 200 27215 "-" "Mozilla/5.0 (Linux; Android 6.0.1; Nexus 5X Build/MMB29P) AppleWebKit/537.36 (KHTML, like Gecko) Chrome/146.0.7680.177 Mobile Safari/537.36 (compatible; Googlebot/2.1; +http://www.google.com/bot.html)"
74.7.243.205 - - [14/Apr/2026:02:49:59 +0000] "GET /shop/pg/1575225 HTTP/2.0" 500 1004 "https://www.elementalmill.com.lab2454.com/shop/pg/16211950319" "Mozilla/5.0 AppleWebKit/537.36 (KHTML, like Gecko; compatible; GPTBot/1.3; +https://openai.com/gptbot)"
74.7.242.41 - - [14/Apr/2026:02:50:08 +0000] "GET /shop/pg/1526303 HTTP/2.0" 500 1004 "https://mail.elementalmill.com/?shopping/products/16211526303" "Mozilla/5.0 AppleWebKit/537.36 (KHTML, like Gecko; compatible; GPTBot/1.3; +https://openai.com/gptbot)"
66.249.64.41 - - [14/Apr/2026:02:50:16 +0000] "GET /shopping/products/16211605961 HTTP/1.1" 200 27378 "-" "Mozilla/5.0 (Linux; Android 6.0.1; Nexus 5X Build/MMB29P) AppleWebKit/537.36 (KHTML, like Gecko) Chrome/146.0.7680.177 Mobile Safari/537.36 (compatible; Googlebot/2.1; +http://www.google.com/bot.html)"
74.7.242.41 - - [14/Apr/2026:02:50:21 +0000] "GET /shop/pg/16211869302 HTTP/2.0" 500 1004 "https://www.elementalmill.com" "Mozilla/5.0 AppleWebKit/537.36 (KHTML, like Gecko; compatible; GPTBot/1.3; +https://openai.com/gptbot)"
5.255.231.113 - - [14/Apr/2026:02:50:28 +0000] "GET /shopping/products/1618443497 HTTP/1.1" 500 1004 "-" "Mozilla/5.0 (compatible; YandexBot/3.0; +http://yandex.com/bots)"
66.249.64.40 - - [14/Apr/2026:02:50:35 +0000] "GET /shopping/products/1619588152 HTTP/1.1" 200 27298 "-" "Mozilla/5.0 (Linux; Android 6.0.1; Nexus 5X Build/MMB29P) AppleWebKit/537.36 (KHTML, like Gecko) Chrome/146.0.7680.177 Mobile Safari/537.36 (compatible; Googlebot/2.1; +http://www.google.com/bot.html)"
74.7.227.185 - - [14/Apr/2026:02:50:44 +0000] "GET /shopping/products/16201484811 HTTP/2.0" 500 1004 "https://elementalmill.com.lab2454.com/shopping/products/16201486944" "Mozilla/5.0 AppleWebKit/537.36 (KHTML, like Gecko; compatible; GPTBot/1.3; +https://openai.com/gptbot)"
66.249.64.39 - - [14/Apr/2026:02:50:58 +0000] "GET /shopping/products/1618274141 HTTP/1.1" 200 27045 "-" "Mozilla/5.0 (Linux; Android 6.0.1; Nexus 5X Build/MMB29P) AppleWebKit/537.36 (KHTML, like Gecko) Chrome/146.0.7680.177 Mobile Safari/537.36 (compatible; Googlebot/2.1; +http://www.google.com/bot.html)"
74.7.243.205 - - [14/Apr/2026:02:51:02 +0000] "GET /shop/pg/1230393 HTTP/2.0" 500 1004 "https://www.elementalmill.com.lab2454.com/shop/pg/16211605490" "Mozilla/5.0 AppleWebKit/537.36 (KHTML, like Gecko; compatible; GPTBot/1.3; +https://openai.com/gptbot)"
74.7.227.48 - - [14/Apr/2026:02:51:07 +0000] "GET /shop/pg/1655403 HTTP/2.0" 500 1004 "https://www.elementalmill.com/?shopping/products/16211655403" "Mozilla/5.0 AppleWebKit/537.36 (KHTML, like Gecko; compatible; GPTBot/1.3; +https://openai.com/gptbot)"
66.249.64.39 - - [14/Apr/2026:02:51:16 +0000] "GET /shopping/products/1618363228 HTTP/1.1" 200 27238 "-" "Mozilla/5.0 (Linux; Android 6.0.1; Nexus 5X Build/MMB29P) AppleWebKit/537.36 (KHTML, like Gecko) Chrome/146.0.7680.177 Mobile Safari/537.36 (compatible; Googlebot/2.1; +http://www.google.com/bot.html)"
74.7.242.41 - - [14/Apr/2026:02:51:22 +0000] "GET /shop/pg/16211856190 HTTP/2.0" 500 1004 "https://www.elementalmill.com" "Mozilla/5.0 AppleWebKit/537.36 (KHTML, like Gecko; compatible; GPTBot/1.3; +https://openai.com/gptbot)"
66.249.64.39 - - [14/Apr/2026:02:51:24 +0000] "GET /resource/js/json/megadrop_2015new.json HTTP/1.1" 200 26902 "https://elementalmill.com/shopping/products/1619588152" "Mozilla/5.0 (Linux; Android 6.0.1; Nexus 5X Build/MMB29P) AppleWebKit/537.36 (KHTML, like Gecko) Chrome/146.0.7680.177 Mobile Safari/537.36 (compatible; Googlebot/2.1; +http://www.google.com/bot.html)"
66.249.64.39 - - [14/Apr/2026:02:51:34 +0000] "GET /shop/customer/bookmark.php?shopping/products/16211739964 HTTP/1.1" 200 27749 "-" "Mozilla/5.0 (Linux; Android 6.0.1; Nexus 5X Build/MMB29P) AppleWebKit/537.36 (KHTML, like Gecko) Chrome/146.0.7680.177 Mobile Safari/537.36 (compatible; Googlebot/2.1; +http://www.google.com/bot.html)"
87.250.224.238 - - [14/Apr/2026:02:51:35 +0000] "GET /shopping/products/162014512733 HTTP/1.1" 500 1004 "-" "Mozilla/5.0 (compatible; YandexBot/3.0; +http://yandex.com/bots)"
66.249.64.39 - - [14/Apr/2026:02:51:35 +0000] "GET /?shop/891513809718.html HTTP/1.1" 200 27628 "-" "Mozilla/5.0 (Linux; Android 6.0.1; Nexus 5X Build/MMB29P) AppleWebKit/537.36 (KHTML, like Gecko) Chrome/146.0.7680.177 Mobile Safari/537.36 (compatible; Googlebot/2.1; +http://www.google.com/bot.html)"
66.249.64.39 - - [14/Apr/2026:02:51:46 +0000] "GET /resource/js/json/megadrop_2015new.json HTTP/1.1" 200 26902 "https://elementalmill.com/shopping/products/16211605961" "Mozilla/5.0 (Linux; Android 6.0.1; Nexus 5X Build/MMB29P) AppleWebKit/537.36 (KHTML, like Gecko) Chrome/146.0.7680.177 Mobile Safari/537.36 (compatible; Googlebot/2.1; +http://www.google.com/bot.html)"
74.7.227.185 - - [14/Apr/2026:02:51:46 +0000] "GET /shopping/products/16211997207 HTTP/2.0" 500 1004 "https://elementalmill.com.lab2454.com/shopping/products/16201081428" "Mozilla/5.0 AppleWebKit/537.36 (KHTML, like Gecko; compatible; GPTBot/1.3; +https://openai.com/gptbot)"
66.249.64.39 - - [14/Apr/2026:02:51:50 +0000] "GET /shopping/products/1618391240 HTTP/1.1" 200 27905 "-" "Mozilla/5.0 (Linux; Android 6.0.1; Nexus 5X Build/MMB29P) AppleWebKit/537.36 (KHTML, like Gecko) Chrome/146.0.7680.177 Mobile Safari/537.36 (compatible; Googlebot/2.1; +http://www.google.com/bot.html)"
74.7.243.205 - - [14/Apr/2026:02:52:02 +0000] "GET /shop/pg/1286906 HTTP/2.0" 500 1004 "https://www.elementalmill.com.lab2454.com/shop/pg/16211661993" "Mozilla/5.0 AppleWebKit/537.36 (KHTML, like Gecko; compatible; GPTBot/1.3; +https://openai.com/gptbot)"
66.249.64.41 - - [14/Apr/2026:02:52:09 +0000] "GET /shop/customer/bookmark.php?shopping/products/1618388914 HTTP/1.1" 200 26226 "-" "Mozilla/5.0 (Linux; Android 6.0.1; Nexus 5X Build/MMB29P) AppleWebKit/537.36 (KHTML, like Gecko) Chrome/146.0.7680.177 Mobile Safari/537.36 (compatible; Googlebot/2.1; +http://www.google.com/bot.html)"
74.7.227.48 - - [14/Apr/2026:02:52:13 +0000] "GET /shop/pg/1778863 HTTP/2.0" 500 1004 "https://www.elementalmill.com/?shopping/products/16211778863" "Mozilla/5.0 AppleWebKit/537.36 (KHTML, like Gecko; compatible; GPTBot/1.3; +https://openai.com/gptbot)"
74.7.242.41 - - [14/Apr/2026:02:52:15 +0000] "GET /shop/pg/1611502 HTTP/2.0" 500 1004 "https://mail.elementalmill.com/?shopping/products/16211611502" "Mozilla/5.0 AppleWebKit/537.36 (KHTML, like Gecko; compatible; GPTBot/1.3; +https://openai.com/gptbot)"
66.249.64.40 - - [14/Apr/2026:02:52:27 +0000] "GET /shop/customer/bookmark.php?shopping/products/1619527472 HTTP/1.1" 200 26985 "-" "Mozilla/5.0 (Linux; Android 6.0.1; Nexus 5X Build/MMB29P) AppleWebKit/537.36 (KHTML, like Gecko) Chrome/146.0.7680.177 Mobile Safari/537.36 (compatible; Googlebot/2.1; +http://www.google.com/bot.html)"
74.7.243.205 - - [14/Apr/2026:02:53:04 +0000] "GET /shop/pg/1671750 HTTP/2.0" 500 1004 "https://www.elementalmill.com.lab2454.com/shop/pg/16201455286" "Mozilla/5.0 AppleWebKit/537.36 (KHTML, like Gecko; compatible; GPTBot/1.3; +https://openai.com/gptbot)"
66.249.64.41 - - [14/Apr/2026:02:53:05 +0000] "GET /shop/customer/bookmark.php?shopping/products/16211759152 HTTP/1.1" 200 27262 "-" "Mozilla/5.0 (Linux; Android 6.0.1; Nexus 5X Build/MMB29P) AppleWebKit/537.36 (KHTML, like Gecko) Chrome/146.0.7680.177 Mobile Safari/537.36 (compatible; Googlebot/2.1; +http://www.google.com/bot.html)"
74.7.227.48 - - [14/Apr/2026:02:53:16 +0000] "GET /shop/pg/1929076 HTTP/2.0" 500 1004 "https://www.elementalmill.com/shopping/products/16211929076" "Mozilla/5.0 AppleWebKit/537.36 (KHTML, like Gecko; compatible; GPTBot/1.3; +https://openai.com/gptbot)"
66.249.64.39 - - [14/Apr/2026:02:53:24 +0000] "GET /shop/customer/bookmark.php?shopping/products/1619666424 HTTP/1.1" 200 27499 "-" "Mozilla/5.0 (Linux; Android 6.0.1; Nexus 5X Build/MMB29P) AppleWebKit/537.36 (KHTML, like Gecko) Chrome/146.0.7680.177 Mobile Safari/537.36 (compatible; Googlebot/2.1; +http://www.google.com/bot.html)"
66.249.64.39 - - [14/Apr/2026:02:53:42 +0000] "GET /category/16221002535 HTTP/1.1" 200 27153 "-" "Mozilla/5.0 (Linux; Android 6.0.1; Nexus 5X Build/MMB29P) AppleWebKit/537.36 (KHTML, like Gecko) Chrome/146.0.7680.177 Mobile Safari/537.36 (compatible; Googlebot/2.1; +http://www.google.com/bot.html)"
74.7.227.185 - - [14/Apr/2026:02:53:52 +0000] "GET /shopping/products/16211769170 HTTP/2.0" 500 1004 "https://elementalmill.com.lab2454.com/shopping/products/16211728604" "Mozilla/5.0 AppleWebKit/537.36 (KHTML, like Gecko; compatible; GPTBot/1.3; +https://openai.com/gptbot)"
66.249.64.39 - - [14/Apr/2026:02:54:01 +0000] "GET /shop/customer/bookmark.php?shopping/products/16211864175 HTTP/1.1" 200 29064 "-" "Mozilla/5.0 (Linux; Android 6.0.1; Nexus 5X Build/MMB29P) AppleWebKit/537.36 (KHTML, like Gecko) Chrome/146.0.7680.177 Mobile Safari/537.36 (compatible; Googlebot/2.1; +http://www.google.com/bot.html)"
95.108.213.104 - - [14/Apr/2026:02:54:11 +0000] "GET /shopping/products/16201029633 HTTP/1.1" 500 1004 "-" "Mozilla/5.0 (compatible; YandexBot/3.0; +http://yandex.com/bots)"
213.180.203.186 - - [14/Apr/2026:02:54:18 +0000] "GET /shopping/products/16188301570 HTTP/1.1" 500 1004 "-" "Mozilla/5.0 (compatible; YandexBot/3.0; +http://yandex.com/bots)"
66.249.64.39 - - [14/Apr/2026:02:54:20 +0000] "GET /shop/customer/bookmark.php?shopping/products/16222074205 HTTP/1.1" 200 27736 "-" "Mozilla/5.0 (Linux; Android 6.0.1; Nexus 5X Build/MMB29P) AppleWebKit/537.36 (KHTML, like Gecko) Chrome/146.0.7680.177 Mobile Safari/537.36 (compatible; Googlebot/2.1; +http://www.google.com/bot.html)"
74.7.227.48 - - [14/Apr/2026:02:54:22 +0000] "GET /shop/pg/1231160 HTTP/2.0" 500 1004 "https://www.elementalmill.com/shop/customer/bookmark.php?shopping/products/16201231160" "Mozilla/5.0 AppleWebKit/537.36 (KHTML, like Gecko; compatible; GPTBot/1.3; +https://openai.com/gptbot)"
66.249.64.39 - - [14/Apr/2026:02:54:39 +0000] "GET /shop/customer/bookmark.php?shopping/products/1619621904 HTTP/1.1" 200 27849 "-" "Mozilla/5.0 (Linux; Android 6.0.1; Nexus 5X Build/MMB29P) AppleWebKit/537.36 (KHTML, like Gecko) Chrome/146.0.7680.177 Mobile Safari/537.36 (compatible; Googlebot/2.1; +http://www.google.com/bot.html)"
213.180.203.73 - - [14/Apr/2026:02:54:53 +0000] "GET /shopping/products/16193459021 HTTP/1.1" 500 1004 "-" "Mozilla/5.0 (compatible; YandexBot/3.0; +http://yandex.com/bots)"
74.7.227.185 - - [14/Apr/2026:02:54:57 +0000] "GET /shopping/products/16201248185 HTTP/2.0" 500 1004 "https://elementalmill.com.lab2454.com/shopping/products/16201224182" "Mozilla/5.0 AppleWebKit/537.36 (KHTML, like Gecko; compatible; GPTBot/1.3; +https://openai.com/gptbot)"
66.249.64.40 - - [14/Apr/2026:02:54:57 +0000] "GET /?shop/88953542736.html HTTP/1.1" 200 27729 "-" "Mozilla/5.0 (Linux; Android 6.0.1; Nexus 5X Build/MMB29P) AppleWebKit/537.36 (KHTML, like Gecko) Chrome/146.0.7680.177 Mobile Safari/537.36 (compatible; Googlebot/2.1; +http://www.google.com/bot.html)"
74.7.243.205 - - [14/Apr/2026:02:55:08 +0000] "GET /shop/pg/1580780 HTTP/2.0" 500 1004 "https://www.elementalmill.com.lab2454.com/shop/pg/16201364324" "Mozilla/5.0 AppleWebKit/537.36 (KHTML, like Gecko; compatible; GPTBot/1.3; +https://openai.com/gptbot)"
66.249.64.39 - - [14/Apr/2026:02:55:17 +0000] "GET /shop/customer/bookmark.php?shopping/products/16211983753 HTTP/1.1" 200 27301 "-" "Mozilla/5.0 (Linux; Android 6.0.1; Nexus 5X Build/MMB29P) AppleWebKit/537.36 (KHTML, like Gecko) Chrome/146.0.7680.177 Mobile Safari/537.36 (compatible; Googlebot/2.1; +http://www.google.com/bot.html)"
66.249.64.41 - - [14/Apr/2026:02:55:19 +0000] "GET /?shop/888885710.html HTTP/1.1" 200 27436 "-" "Mozilla/5.0 (Linux; Android 6.0.1; Nexus 5X Build/MMB29P) AppleWebKit/537.36 (KHTML, like Gecko) Chrome/146.0.7680.177 Mobile Safari/537.36 (compatible; Googlebot/2.1; +http://www.google.com/bot.html)"
66.249.64.39 - - [14/Apr/2026:02:55:22 +0000] "GET /?shop/88911665349.html HTTP/1.1" 200 27547 "-" "Mozilla/5.0 (Linux; Android 6.0.1; Nexus 5X Build/MMB29P) AppleWebKit/537.36 (KHTML, like Gecko) Chrome/146.0.7680.177 Mobile Safari/537.36 (compatible; Googlebot/2.1; +http://www.google.com/bot.html)"
74.7.227.48 - - [14/Apr/2026:02:55:25 +0000] "GET /shop/pg/1122485 HTTP/2.0" 500 1004 "https://www.elementalmill.com/shopping/products/16201122485" "Mozilla/5.0 AppleWebKit/537.36 (KHTML, like Gecko; compatible; GPTBot/1.3; +https://openai.com/gptbot)"
74.7.242.41 - - [14/Apr/2026:02:55:30 +0000] "GET /shop/pg/16211719821 HTTP/2.0" 500 1004 "https://www.elementalmill.com" "Mozilla/5.0 AppleWebKit/537.36 (KHTML, like Gecko; compatible; GPTBot/1.3; +https://openai.com/gptbot)"
66.249.64.39 - - [14/Apr/2026:02:55:42 +0000] "GET /?shop/88922087133.html HTTP/1.1" 200 27692 "-" "Mozilla/5.0 (Linux; Android 6.0.1; Nexus 5X Build/MMB29P) AppleWebKit/537.36 (KHTML, like Gecko) Chrome/146.0.7680.177 Mobile Safari/537.36 (compatible; Googlebot/2.1; +http://www.google.com/bot.html)"
66.249.64.39 - - [14/Apr/2026:02:55:44 +0000] "GET /category/16221002950 HTTP/1.1" 200 28072 "-" "Mozilla/5.0 (Linux; Android 6.0.1; Nexus 5X Build/MMB29P) AppleWebKit/537.36 (KHTML, like Gecko) Chrome/146.0.7680.177 Mobile Safari/537.36 (compatible; Googlebot/2.1; +http://www.google.com/bot.html)"
74.7.227.185 - - [14/Apr/2026:02:56:03 +0000] "GET /shopping/products/16201281526 HTTP/2.0" 500 1004 "https://elementalmill.com.lab2454.com/shopping/products/16211878548" "Mozilla/5.0 AppleWebKit/537.36 (KHTML, like Gecko; compatible; GPTBot/1.3; +https://openai.com/gptbot)"
66.249.64.41 - - [14/Apr/2026:02:56:05 +0000] "GET /shopping/products/16211938101 HTTP/1.1" 200 27171 "-" "Mozilla/5.0 (Linux; Android 6.0.1; Nexus 5X Build/MMB29P) AppleWebKit/537.36 (KHTML, like Gecko) Chrome/146.0.7680.177 Mobile Safari/537.36 (compatible; Googlebot/2.1; +http://www.google.com/bot.html)"
74.7.243.205 - - [14/Apr/2026:02:56:11 +0000] "GET /shop/pg/1493708 HTTP/2.0" 500 1004 "https://www.elementalmill.com.lab2454.com/shop/pg/16211868786" "Mozilla/5.0 AppleWebKit/537.36 (KHTML, like Gecko; compatible; GPTBot/1.3; +https://openai.com/gptbot)"
66.249.64.40 - - [14/Apr/2026:02:56:17 +0000] "GET /?shop/89005913763.html HTTP/1.1" 200 27275 "-" "Mozilla/5.0 (Linux; Android 6.0.1; Nexus 5X Build/MMB29P) AppleWebKit/537.36 (KHTML, like Gecko) Chrome/146.0.7680.177 Mobile Safari/537.36 (compatible; Googlebot/2.1; +http://www.google.com/bot.html)"
66.249.64.39 - - [14/Apr/2026:02:56:20 +0000] "GET /?shop/890810098738.html HTTP/1.1" 200 27551 "-" "Mozilla/5.0 (Linux; Android 6.0.1; Nexus 5X Build/MMB29P) AppleWebKit/537.36 (KHTML, like Gecko) Chrome/146.0.7680.177 Mobile Safari/537.36 (compatible; Googlebot/2.1; +http://www.google.com/bot.html)"
74.7.242.41 - - [14/Apr/2026:02:56:36 +0000] "GET /shop/pg/16201191570 HTTP/2.0" 500 1004 "https://www.elementalmill.com" "Mozilla/5.0 AppleWebKit/537.36 (KHTML, like Gecko; compatible; GPTBot/1.3; +https://openai.com/gptbot)"
5.255.231.65 - - [14/Apr/2026:02:56:47 +0000] "GET /shopping/products/1619781361 HTTP/1.1" 500 1004 "-" "Mozilla/5.0 (compatible; YandexBot/3.0; +http://yandex.com/bots)"
66.249.64.39 - - [14/Apr/2026:02:56:46 +0000] "GET /?shop/8888298445.html HTTP/1.1" 200 27054 "-" "Mozilla/5.0 (Linux; Android 6.0.1; Nexus 5X Build/MMB29P) AppleWebKit/537.36 (KHTML, like Gecko) Chrome/146.0.7680.177 Mobile Safari/537.36 (compatible; Googlebot/2.1; +http://www.google.com/bot.html)"
74.7.227.185 - - [14/Apr/2026:02:57:05 +0000] "GET /shopping/products/16211745785 HTTP/2.0" 500 1004 "https://elementalmill.com.lab2454.com/shopping/products/16211527969" "Mozilla/5.0 AppleWebKit/537.36 (KHTML, like Gecko; compatible; GPTBot/1.3; +https://openai.com/gptbot)"
66.249.64.41 - - [14/Apr/2026:02:57:11 +0000] "GET /?shop/89006100904.html HTTP/1.1" 200 27369 "-" "Mozilla/5.0 (Linux; Android 6.0.1; Nexus 5X Build/MMB29P) AppleWebKit/537.36 (KHTML, like Gecko) Chrome/146.0.7680.177 Mobile Safari/537.36 (compatible; Googlebot/2.1; +http://www.google.com/bot.html)"
213.180.203.238 - - [14/Apr/2026:02:57:12 +0000] "GET /shopping/products/162242131319 HTTP/1.1" 500 1004 "-" "Mozilla/5.0 (compatible; YandexBot/3.0; +http://yandex.com/bots)"
74.7.243.205 - - [14/Apr/2026:02:57:13 +0000] "GET /shop/pg/2594101 HTTP/2.0" 500 1004 "https://www.elementalmill.com.lab2454.com/shop/pg/2592929" "Mozilla/5.0 AppleWebKit/537.36 (KHTML, like Gecko; compatible; GPTBot/1.3; +https://openai.com/gptbot)"
74.7.242.41 - - [14/Apr/2026:02:57:40 +0000] "GET /shop/pg/16211917223 HTTP/2.0" 500 1004 "https://www.elementalmill.com" "Mozilla/5.0 AppleWebKit/537.36 (KHTML, like Gecko; compatible; GPTBot/1.3; +https://openai.com/gptbot)"
66.249.64.39 - - [14/Apr/2026:02:57:45 +0000] "GET /?shop/891111711554.html HTTP/1.1" 200 27292 "-" "Mozilla/5.0 (Linux; Android 6.0.1; Nexus 5X Build/MMB29P) AppleWebKit/537.36 (KHTML, like Gecko) Chrome/146.0.7680.177 Mobile Safari/537.36 (compatible; Googlebot/2.1; +http://www.google.com/bot.html)"
66.249.64.39 - - [14/Apr/2026:02:57:47 +0000] "GET /shopping/products/1618373128 HTTP/1.1" 200 28321 "-" "Mozilla/5.0 (Linux; Android 6.0.1; Nexus 5X Build/MMB29P) AppleWebKit/537.36 (KHTML, like Gecko) Chrome/146.0.7680.177 Mobile Safari/537.36 (compatible; Googlebot/2.1; +http://www.google.com/bot.html)"
66.249.64.39 - - [14/Apr/2026:02:58:07 +0000] "GET /?shop/8888468164.html HTTP/1.1" 200 26996 "-" "Mozilla/5.0 (Linux; Android 6.0.1; Nexus 5X Build/MMB29P) AppleWebKit/537.36 (KHTML, like Gecko) Chrome/146.0.7680.177 Mobile Safari/537.36 (compatible; Googlebot/2.1; +http://www.google.com/bot.html)"
66.249.64.41 - - [14/Apr/2026:02:58:09 +0000] "GET /?shop/891413138623.html HTTP/1.1" 200 27553 "-" "Mozilla/5.0 (Linux; Android 6.0.1; Nexus 5X Build/MMB29P) AppleWebKit/537.36 (KHTML, like Gecko) Chrome/146.0.7680.177 Mobile Safari/537.36 (compatible; Googlebot/2.1; +http://www.google.com/bot.html)"
74.7.227.185 - - [14/Apr/2026:02:58:10 +0000] "GET /shopping/products/16232574591 HTTP/2.0" 500 1004 "https://elementalmill.com.lab2454.com/shopping/products/16201267520" "Mozilla/5.0 AppleWebKit/537.36 (KHTML, like Gecko; compatible; GPTBot/1.3; +https://openai.com/gptbot)"
74.7.243.205 - - [14/Apr/2026:02:58:18 +0000] "GET /shop/pg/1443756 HTTP/2.0" 500 1004 "https://www.elementalmill.com.lab2454.com/?shopping/products/16201443756" "Mozilla/5.0 AppleWebKit/537.36 (KHTML, like Gecko; compatible; GPTBot/1.3; +https://openai.com/gptbot)"
66.249.64.39 - - [14/Apr/2026:02:58:28 +0000] "GET /?shop/891111511727.html HTTP/1.1" 200 27114 "-" "Mozilla/5.0 (Linux; Android 6.0.1; Nexus 5X Build/MMB29P) AppleWebKit/537.36 (KHTML, like Gecko) Chrome/146.0.7680.177 Mobile Safari/537.36 (compatible; Googlebot/2.1; +http://www.google.com/bot.html)"
74.7.242.41 - - [14/Apr/2026:02:58:45 +0000] "GET /shop/pg/16201234696 HTTP/2.0" 500 1004 "https://www.elementalmill.com" "Mozilla/5.0 AppleWebKit/537.36 (KHTML, like Gecko; compatible; GPTBot/1.3; +https://openai.com/gptbot)"
66.249.64.39 - - [14/Apr/2026:02:58:53 +0000] "GET /?shop/88911599796.html HTTP/1.1" 200 29181 "-" "Mozilla/5.0 (Linux; Android 6.0.1; Nexus 5X Build/MMB29P) AppleWebKit/537.36 (KHTML, like Gecko) Chrome/146.0.7680.177 Mobile Safari/537.36 (compatible; Googlebot/2.1; +http://www.google.com/bot.html)"
74.7.243.205 - - [14/Apr/2026:02:59:19 +0000] "GET /shop/pg/1346726 HTTP/2.0" 500 1004 "https://www.elementalmill.com.lab2454.com/shop/pg/16211721819" "Mozilla/5.0 AppleWebKit/537.36 (KHTML, like Gecko; compatible; GPTBot/1.3; +https://openai.com/gptbot)"
66.249.64.41 - - [14/Apr/2026:02:59:29 +0000] "GET /?shop/89069135835.html HTTP/1.1" 200 27675 "-" "Mozilla/5.0 (Linux; Android 6.0.1; Nexus 5X Build/MMB29P) AppleWebKit/537.36 (KHTML, like Gecko) Chrome/146.0.7680.177 Mobile Safari/537.36 (compatible; Googlebot/2.1; +http://www.google.com/bot.html)"
66.249.64.39 - - [14/Apr/2026:02:59:31 +0000] "GET /?shop/88943346580.html HTTP/1.1" 200 27241 "-" "Mozilla/5.0 (Linux; Android 6.0.1; Nexus 5X Build/MMB29P) AppleWebKit/537.36 (KHTML, like Gecko) Chrome/146.0.7680.177 Mobile Safari/537.36 (compatible; Googlebot/2.1; +http://www.google.com/bot.html)"
74.7.242.41 - - [14/Apr/2026:02:59:36 +0000] "GET /shop/pg/1552267 HTTP/2.0" 500 1004 "https://mail.elementalmill.com/?shopping/products/16211552267" "Mozilla/5.0 AppleWebKit/537.36 (KHTML, like Gecko; compatible; GPTBot/1.3; +https://openai.com/gptbot)"
66.249.64.39 - - [14/Apr/2026:02:59:44 +0000] "GET /?shop/89058619987.html HTTP/1.1" 200 27196 "-" "Mozilla/5.0 (Linux; Android 6.0.1; Nexus 5X Build/MMB29P) AppleWebKit/537.36 (KHTML, like Gecko) Chrome/146.0.7680.177 Mobile Safari/537.36 (compatible; Googlebot/2.1; +http://www.google.com/bot.html)"
74.7.242.41 - - [14/Apr/2026:02:59:45 +0000] "GET /shop/pg/16211725397 HTTP/2.0" 500 1004 "https://www.elementalmill.com" "Mozilla/5.0 AppleWebKit/537.36 (KHTML, like Gecko; compatible; GPTBot/1.3; +https://openai.com/gptbot)"
66.249.64.40 - - [14/Apr/2026:03:00:10 +0000] "GET /?shop/891212103544.html HTTP/1.1" 200 28043 "-" "Mozilla/5.0 (Linux; Android 6.0.1; Nexus 5X Build/MMB29P) AppleWebKit/537.36 (KHTML, like Gecko) Chrome/146.0.7680.177 Mobile Safari/537.36 (compatible; Googlebot/2.1; +http://www.google.com/bot.html)"
74.7.227.185 - - [14/Apr/2026:03:00:19 +0000] "GET /shopping/products/16211893735 HTTP/2.0" 500 1004 "https://elementalmill.com.lab2454.com/shopping/products/16211760797" "Mozilla/5.0 AppleWebKit/537.36 (KHTML, like Gecko; compatible; GPTBot/1.3; +https://openai.com/gptbot)"
5.255.231.113 - - [14/Apr/2026:03:00:28 +0000] "GET /shopping/products/1618125005 HTTP/1.1" 500 1004 "-" "Mozilla/5.0 (compatible; YandexBot/3.0; +http://yandex.com/bots)"
74.7.242.41 - - [14/Apr/2026:03:00:37 +0000] "GET /shop/pg/1480096 HTTP/2.0" 500 1004 "https://mail.elementalmill.com/?shopping/products/16201480096" "Mozilla/5.0 AppleWebKit/537.36 (KHTML, like Gecko; compatible; GPTBot/1.3; +https://openai.com/gptbot)"
5.255.231.138 - - [14/Apr/2026:03:00:43 +0000] "GET /shopping/products/16206550036 HTTP/1.1" 500 1004 "-" "Mozilla/5.0 (compatible; YandexBot/3.0; +http://yandex.com/bots)"
74.7.242.41 - - [14/Apr/2026:03:00:49 +0000] "GET /shop/pg/16211694025 HTTP/2.0" 500 1004 "https://www.elementalmill.com" "Mozilla/5.0 AppleWebKit/537.36 (KHTML, like Gecko; compatible; GPTBot/1.3; +https://openai.com/gptbot)"
66.249.64.40 - - [14/Apr/2026:03:01:01 +0000] "GET /?shop/8888302324.html HTTP/1.1" 200 27223 "-" "Mozilla/5.0 (Linux; Android 6.0.1; Nexus 5X Build/MMB29P) AppleWebKit/537.36 (KHTML, like Gecko) Chrome/146.0.7680.177 Mobile Safari/537.36 (compatible; Googlebot/2.1; +http://www.google.com/bot.html)"
74.7.227.185 - - [14/Apr/2026:03:01:20 +0000] "GET /shopping/products/16201245720 HTTP/2.0" 500 1004 "https://elementalmill.com.lab2454.com/shopping/products/16201305741" "Mozilla/5.0 AppleWebKit/537.36 (KHTML, like Gecko; compatible; GPTBot/1.3; +https://openai.com/gptbot)"
66.249.64.40 - - [14/Apr/2026:03:01:26 +0000] "GET /shop/pg/16211937961 HTTP/1.1" 200 27276 "-" "Mozilla/5.0 (Linux; Android 6.0.1; Nexus 5X Build/MMB29P) AppleWebKit/537.36 (KHTML, like Gecko) Chrome/146.0.7680.177 Mobile Safari/537.36 (compatible; Googlebot/2.1; +http://www.google.com/bot.html)"
74.7.227.48 - - [14/Apr/2026:03:01:46 +0000] "GET /shop/pg/2036675 HTTP/2.0" 500 1004 "https://www.elementalmill.com/shopping/products/16222036675" "Mozilla/5.0 AppleWebKit/537.36 (KHTML, like Gecko; compatible; GPTBot/1.3; +https://openai.com/gptbot)"
66.249.64.39 - - [14/Apr/2026:03:01:52 +0000] "GET /?shop/891513820556.html HTTP/1.1" 200 27469 "-" "Mozilla/5.0 (Linux; Android 6.0.1; Nexus 5X Build/MMB29P) AppleWebKit/537.36 (KHTML, like Gecko) Chrome/146.0.7680.177 Mobile Safari/537.36 (compatible; Googlebot/2.1; +http://www.google.com/bot.html)"
74.7.242.41 - - [14/Apr/2026:03:01:54 +0000] "GET /shop/pg/16211530760 HTTP/2.0" 500 1004 "https://www.elementalmill.com" "Mozilla/5.0 AppleWebKit/537.36 (KHTML, like Gecko; compatible; GPTBot/1.3; +https://openai.com/gptbot)"
66.249.64.41 - - [14/Apr/2026:03:02:17 +0000] "GET /shopping/products/16201279087 HTTP/1.1" 200 27632 "-" "Mozilla/5.0 (Linux; Android 6.0.1; Nexus 5X Build/MMB29P) AppleWebKit/537.36 (KHTML, like Gecko) Chrome/146.0.7680.177 Mobile Safari/537.36 (compatible; Googlebot/2.1; +http://www.google.com/bot.html)"
74.7.227.185 - - [14/Apr/2026:03:02:23 +0000] "GET /shopping/products/16201186341 HTTP/2.0" 500 1004 "https://elementalmill.com.lab2454.com/shopping/products/16232628936" "Mozilla/5.0 AppleWebKit/537.36 (KHTML, like Gecko; compatible; GPTBot/1.3; +https://openai.com/gptbot)"
74.7.243.205 - - [14/Apr/2026:03:02:24 +0000] "GET /shop/pg/1428985 HTTP/2.0" 500 1004 "https://www.elementalmill.com.lab2454.com/shop/pg/16201212534" "Mozilla/5.0 AppleWebKit/537.36 (KHTML, like Gecko; compatible; GPTBot/1.3; +https://openai.com/gptbot)"
74.7.227.48 - - [14/Apr/2026:03:02:47 +0000] "GET /shop/pg/2326086 HTTP/2.0" 500 1004 "https://www.elementalmill.com/?shopping/products/16222326086" "Mozilla/5.0 AppleWebKit/537.36 (KHTML, like Gecko; compatible; GPTBot/1.3; +https://openai.com/gptbot)"
66.249.64.40 - - [14/Apr/2026:03:02:53 +0000] "GET /?shop/88911833727.html HTTP/1.1" 200 27906 "-" "Mozilla/5.0 (Linux; Android 6.0.1; Nexus 5X Build/MMB29P) AppleWebKit/537.36 (KHTML, like Gecko) Chrome/146.0.7680.177 Mobile Safari/537.36 (compatible; Googlebot/2.1; +http://www.google.com/bot.html)"
74.7.242.41 - - [14/Apr/2026:03:02:57 +0000] "GET /shop/pg/16211636184 HTTP/2.0" 500 1004 "https://www.elementalmill.com" "Mozilla/5.0 AppleWebKit/537.36 (KHTML, like Gecko; compatible; GPTBot/1.3; +https://openai.com/gptbot)"
74.7.227.185 - - [14/Apr/2026:03:03:27 +0000] "GET /shopping/products/16211786090 HTTP/2.0" 500 1004 "https://elementalmill.com.lab2454.com/shopping/products/16201031058" "Mozilla/5.0 AppleWebKit/537.36 (KHTML, like Gecko; compatible; GPTBot/1.3; +https://openai.com/gptbot)"
74.7.243.205 - - [14/Apr/2026:03:03:30 +0000] "GET /shop/pg/1569547 HTTP/2.0" 500 1004 "https://www.elementalmill.com.lab2454.com/shop/pg/16201353087" "Mozilla/5.0 AppleWebKit/537.36 (KHTML, like Gecko; compatible; GPTBot/1.3; +https://openai.com/gptbot)"
5.255.231.107 - - [14/Apr/2026:03:03:43 +0000] "GET /shopping/products/161819020554 HTTP/1.1" 500 1004 "-" "Mozilla/5.0 (compatible; YandexBot/3.0; +http://yandex.com/bots)"
74.7.242.41 - - [14/Apr/2026:03:03:45 +0000] "GET /shop/pg/2054255 HTTP/2.0" 500 1004 "https://mail.elementalmill.com/?shopping/products/16222054255" "Mozilla/5.0 AppleWebKit/537.36 (KHTML, like Gecko; compatible; GPTBot/1.3; +https://openai.com/gptbot)"
74.7.227.48 - - [14/Apr/2026:03:03:49 +0000] "GET /shop/pg/1375041 HTTP/2.0" 500 1004 "https://www.elementalmill.com/?shopping/products/16201375041" "Mozilla/5.0 AppleWebKit/537.36 (KHTML, like Gecko; compatible; GPTBot/1.3; +https://openai.com/gptbot)"
66.249.64.41 - - [14/Apr/2026:03:03:59 +0000] "GET /?shop/89027012813.html HTTP/1.1" 200 28160 "-" "Mozilla/5.0 (Linux; Android 6.0.1; Nexus 5X Build/MMB29P) AppleWebKit/537.36 (KHTML, like Gecko) Chrome/146.0.7680.177 Mobile Safari/537.36 (compatible; Googlebot/2.1; +http://www.google.com/bot.html)"
74.7.242.41 - - [14/Apr/2026:03:04:03 +0000] "GET /shop/pg/16201102437 HTTP/2.0" 500 1004 "https://www.elementalmill.com" "Mozilla/5.0 AppleWebKit/537.36 (KHTML, like Gecko; compatible; GPTBot/1.3; +https://openai.com/gptbot)"
74.7.227.185 - - [14/Apr/2026:03:04:28 +0000] "GET /shopping/products/16211594081 HTTP/2.0" 500 1004 "https://elementalmill.com.lab2454.com/shopping/products/16211865293" "Mozilla/5.0 AppleWebKit/537.36 (KHTML, like Gecko; compatible; GPTBot/1.3; +https://openai.com/gptbot)"
74.7.243.205 - - [14/Apr/2026:03:04:34 +0000] "GET /shop/pg/1256760 HTTP/2.0" 500 1004 "https://www.elementalmill.com.lab2454.com/shop/pg/16211631854" "Mozilla/5.0 AppleWebKit/537.36 (KHTML, like Gecko; compatible; GPTBot/1.3; +https://openai.com/gptbot)"
74.7.242.41 - - [14/Apr/2026:03:04:47 +0000] "GET /shop/pg/2356756 HTTP/2.0" 500 1004 "https://mail.elementalmill.com/?shopping/products/16222356756" "Mozilla/5.0 AppleWebKit/537.36 (KHTML, like Gecko; compatible; GPTBot/1.3; +https://openai.com/gptbot)"
66.249.64.40 - - [14/Apr/2026:03:04:50 +0000] "GET /?shop/89069013918.html HTTP/1.1" 200 27366 "-" "Mozilla/5.0 (Linux; Android 6.0.1; Nexus 5X Build/MMB29P) AppleWebKit/537.36 (KHTML, like Gecko) Chrome/146.0.7680.177 Mobile Safari/537.36 (compatible; Googlebot/2.1; +http://www.google.com/bot.html)"
74.7.227.48 - - [14/Apr/2026:03:04:53 +0000] "GET /shop/pg/1731177 HTTP/2.0" 500 1004 "https://www.elementalmill.com/?shopping/products/16211731177" "Mozilla/5.0 AppleWebKit/537.36 (KHTML, like Gecko; compatible; GPTBot/1.3; +https://openai.com/gptbot)"
74.7.242.41 - - [14/Apr/2026:03:05:08 +0000] "GET /shop/pg/16201396903 HTTP/2.0" 500 1004 "https://elementalmill.com/index.php?shopping/products/16201391719" "Mozilla/5.0 AppleWebKit/537.36 (KHTML, like Gecko; compatible; GPTBot/1.3; +https://openai.com/gptbot)"
95.108.213.89 - - [14/Apr/2026:03:05:28 +0000] "GET /shopping/products/16193465176 HTTP/1.1" 500 1004 "-" "Mozilla/5.0 (compatible; YandexBot/3.0; +http://yandex.com/bots)"
74.7.227.185 - - [14/Apr/2026:03:05:28 +0000] "GET /shopping/products/16211614695 HTTP/2.0" 500 1004 "https://elementalmill.com.lab2454.com/shopping/products/16201337511" "Mozilla/5.0 AppleWebKit/537.36 (KHTML, like Gecko; compatible; GPTBot/1.3; +https://openai.com/gptbot)"
74.7.243.205 - - [14/Apr/2026:03:05:39 +0000] "GET /shop/pg/1694142 HTTP/2.0" 500 1004 "https://www.elementalmill.com.lab2454.com/shop/pg/16201477669" "Mozilla/5.0 AppleWebKit/537.36 (KHTML, like Gecko; compatible; GPTBot/1.3; +https://openai.com/gptbot)"
66.249.64.39 - - [14/Apr/2026:03:05:56 +0000] "GET /?shop/89016632323.html HTTP/1.1" 200 28102 "-" "Mozilla/5.0 (Linux; Android 6.0.1; Nexus 5X Build/MMB29P) AppleWebKit/537.36 (KHTML, like Gecko) Chrome/146.0.7680.177 Mobile Safari/537.36 (compatible; Googlebot/2.1; +http://www.google.com/bot.html)"
74.7.227.48 - - [14/Apr/2026:03:05:57 +0000] "GET /shop/pg/2398106 HTTP/2.0" 500 1004 "https://www.elementalmill.com/?shopping/products/16222398106" "Mozilla/5.0 AppleWebKit/537.36 (KHTML, like Gecko; compatible; GPTBot/1.3; +https://openai.com/gptbot)"
66.249.64.40 - - [14/Apr/2026:03:05:57 +0000] "GET /?shop/89005908166.html HTTP/1.1" 200 27083 "-" "Mozilla/5.0 (Linux; Android 6.0.1; Nexus 5X Build/MMB29P) AppleWebKit/537.36 (KHTML, like Gecko) Chrome/146.0.7680.177 Mobile Safari/537.36 (compatible; Googlebot/2.1; +http://www.google.com/bot.html)"
66.249.64.41 - - [14/Apr/2026:03:05:58 +0000] "GET /?shop/891011206651.html HTTP/1.1" 200 27703 "-" "Mozilla/5.0 (Linux; Android 6.0.1; Nexus 5X Build/MMB29P) AppleWebKit/537.36 (KHTML, like Gecko) Chrome/146.0.7680.177 Mobile Safari/537.36 (compatible; Googlebot/2.1; +http://www.google.com/bot.html)"
74.7.242.41 - - [14/Apr/2026:03:06:10 +0000] "GET /shop/pg/16211643061 HTTP/2.0" 500 1004 "https://elementalmill.com/?shopping/products/16211638782" "Mozilla/5.0 AppleWebKit/537.36 (KHTML, like Gecko; compatible; GPTBot/1.3; +https://openai.com/gptbot)"
74.7.227.185 - - [14/Apr/2026:03:06:29 +0000] "GET /shopping/products/16201233997 HTTP/2.0" 500 1004 "https://elementalmill.com.lab2454.com/shopping/products/16211618478" "Mozilla/5.0 AppleWebKit/537.36 (KHTML, like Gecko; compatible; GPTBot/1.3; +https://openai.com/gptbot)"
66.249.64.39 - - [14/Apr/2026:03:06:43 +0000] "GET /?shop/891010909952.html HTTP/1.1" 200 27610 "-" "Mozilla/5.0 (Linux; Android 6.0.1; Nexus 5X Build/MMB29P) AppleWebKit/537.36 (KHTML, like Gecko) Chrome/146.0.7680.177 Mobile Safari/537.36 (compatible; Googlebot/2.1; +http://www.google.com/bot.html)"
