66.249.64.41 - - [14/Apr/2026:05:45:05 +0000] "GET /shop/customer/bookmark.php?shopping/products/16201324941 HTTP/1.1" 200 28133 "-" "Mozilla/5.0 (Linux; Android 6.0.1; Nexus 5X Build/MMB29P) AppleWebKit/537.36 (KHTML, like Gecko) Chrome/146.0.7680.177 Mobile Safari/537.36 (compatible; Googlebot/2.1; +http://www.google.com/bot.html)"
74.7.227.48 - - [14/Apr/2026:05:45:18 +0000] "GET /shop/pg/1712658 HTTP/2.0" 500 1004 "https://www.elementalmill.com/?shopping/products/16211712658" "Mozilla/5.0 AppleWebKit/537.36 (KHTML, like Gecko; compatible; GPTBot/1.3; +https://openai.com/gptbot)"
74.7.227.185 - - [14/Apr/2026:05:45:30 +0000] "GET /shopping/products/16211785127 HTTP/2.0" 500 1004 "https://elementalmill.com.lab2454.com/shopping/products/16211881553" "Mozilla/5.0 AppleWebKit/537.36 (KHTML, like Gecko; compatible; GPTBot/1.3; +https://openai.com/gptbot)"
66.249.64.39 - - [14/Apr/2026:05:45:56 +0000] "GET /?shop/891312625510.html HTTP/1.1" 200 27666 "-" "Mozilla/5.0 (Linux; Android 6.0.1; Nexus 5X Build/MMB29P) AppleWebKit/537.36 (KHTML, like Gecko) Chrome/146.0.7680.177 Mobile Safari/537.36 (compatible; Googlebot/2.1; +http://www.google.com/bot.html)"
66.249.64.41 - - [14/Apr/2026:05:46:04 +0000] "GET /shop/customer/bookmark.php?shopping/products/16201457874 HTTP/1.1" 200 28025 "-" "Mozilla/5.0 (Linux; Android 6.0.1; Nexus 5X Build/MMB29P) AppleWebKit/537.36 (KHTML, like Gecko) Chrome/146.0.7680.177 Mobile Safari/537.36 (compatible; Googlebot/2.1; +http://www.google.com/bot.html)"
74.7.243.205 - - [14/Apr/2026:05:46:15 +0000] "GET /shop/pg/1640460 HTTP/2.0" 500 1004 "https://www.elementalmill.com.lab2454.com/shop/pg/1639302" "Mozilla/5.0 AppleWebKit/537.36 (KHTML, like Gecko; compatible; GPTBot/1.3; +https://openai.com/gptbot)"
74.7.227.48 - - [14/Apr/2026:05:46:24 +0000] "GET /shop/pg/2525517 HTTP/2.0" 500 1004 "https://www.elementalmill.com/shopping/products/16232525517" "Mozilla/5.0 AppleWebKit/537.36 (KHTML, like Gecko; compatible; GPTBot/1.3; +https://openai.com/gptbot)"
74.7.242.41 - - [14/Apr/2026:05:47:04 +0000] "GET /shop/pg/16211519921 HTTP/2.0" 500 1004 "https://elementalmill.com/?shopping/products/16211515652" "Mozilla/5.0 AppleWebKit/537.36 (KHTML, like Gecko; compatible; GPTBot/1.3; +https://openai.com/gptbot)"
66.249.64.40 - - [14/Apr/2026:05:47:03 +0000] "GET /shop/customer/bookmark.php?shopping/products/16211609182 HTTP/1.1" 200 27742 "-" "Mozilla/5.0 (Linux; Android 6.0.1; Nexus 5X Build/MMB29P) AppleWebKit/537.36 (KHTML, like Gecko) Chrome/146.0.7680.177 Mobile Safari/537.36 (compatible; Googlebot/2.1; +http://www.google.com/bot.html)"
74.7.243.205 - - [14/Apr/2026:05:47:17 +0000] "GET /shop/pg/1569861 HTTP/2.0" 500 1004 "https://www.elementalmill.com.lab2454.com/shop/pg/16201353406" "Mozilla/5.0 AppleWebKit/537.36 (KHTML, like Gecko; compatible; GPTBot/1.3; +https://openai.com/gptbot)"
74.7.227.48 - - [14/Apr/2026:05:47:23 +0000] "GET /shop/pg/1912868 HTTP/2.0" 500 1004 "https://www.elementalmill.com/?shopping/products/16211912868" "Mozilla/5.0 AppleWebKit/537.36 (KHTML, like Gecko; compatible; GPTBot/1.3; +https://openai.com/gptbot)"
5.255.231.202 - - [14/Apr/2026:05:47:24 +0000] "GET /shopping/products/16222453669 HTTP/1.1" 500 1004 "-" "Mozilla/5.0 (compatible; YandexBot/3.0; +http://yandex.com/bots)"
66.249.64.40 - - [14/Apr/2026:05:47:33 +0000] "GET /?shop/89058621969.html HTTP/1.1" 200 28936 "-" "Mozilla/5.0 (Linux; Android 6.0.1; Nexus 5X Build/MMB29P) AppleWebKit/537.36 (KHTML, like Gecko) Chrome/146.0.7680.177 Mobile Safari/537.36 (compatible; Googlebot/2.1; +http://www.google.com/bot.html)"
74.7.242.41 - - [14/Apr/2026:05:48:00 +0000] "GET /shop/pg/16211657673 HTTP/2.0" 500 1004 "https://elementalmill.com/?shopping/products/16211653396" "Mozilla/5.0 AppleWebKit/537.36 (KHTML, like Gecko; compatible; GPTBot/1.3; +https://openai.com/gptbot)"
74.7.243.205 - - [14/Apr/2026:05:48:18 +0000] "GET /shop/pg/1292415 HTTP/2.0" 500 1004 "https://www.elementalmill.com.lab2454.com/shop/pg/16211667497" "Mozilla/5.0 AppleWebKit/537.36 (KHTML, like Gecko; compatible; GPTBot/1.3; +https://openai.com/gptbot)"
74.7.227.48 - - [14/Apr/2026:05:48:27 +0000] "GET /shop/pg/2061691 HTTP/2.0" 500 1004 "https://www.elementalmill.com/?shopping/products/16222061691" "Mozilla/5.0 AppleWebKit/537.36 (KHTML, like Gecko; compatible; GPTBot/1.3; +https://openai.com/gptbot)"
66.249.64.40 - - [14/Apr/2026:05:48:32 +0000] "GET /shop/customer/bookmark.php?shopping/products/1619973964 HTTP/1.1" 200 28075 "-" "Mozilla/5.0 (Linux; Android 6.0.1; Nexus 5X Build/MMB29P) AppleWebKit/537.36 (KHTML, like Gecko) Chrome/146.0.7680.177 Mobile Safari/537.36 (compatible; Googlebot/2.1; +http://www.google.com/bot.html)"
74.7.227.185 - - [14/Apr/2026:05:48:36 +0000] "GET /shopping/products/16211925730 HTTP/2.0" 500 1004 "https://elementalmill.com.lab2454.com/shopping/products/16201228678" "Mozilla/5.0 AppleWebKit/537.36 (KHTML, like Gecko; compatible; GPTBot/1.3; +https://openai.com/gptbot)"
74.7.242.41 - - [14/Apr/2026:05:49:01 +0000] "GET /shop/pg/16211649623 HTTP/2.0" 500 1004 "https://www.elementalmill.com" "Mozilla/5.0 AppleWebKit/537.36 (KHTML, like Gecko; compatible; GPTBot/1.3; +https://openai.com/gptbot)"
66.249.64.39 - - [14/Apr/2026:05:49:02 +0000] "GET /?shop/89058431454.html HTTP/1.1" 200 28248 "-" "Mozilla/5.0 (Linux; Android 6.0.1; Nexus 5X Build/MMB29P) AppleWebKit/537.36 (KHTML, like Gecko) Chrome/146.0.7680.177 Mobile Safari/537.36 (compatible; Googlebot/2.1; +http://www.google.com/bot.html)"
74.7.243.205 - - [14/Apr/2026:05:49:22 +0000] "GET /shop/pg/2043971 HTTP/2.0" 500 1004 "https://www.elementalmill.com.lab2454.com/shop/pg/1619902827" "Mozilla/5.0 AppleWebKit/537.36 (KHTML, like Gecko; compatible; GPTBot/1.3; +https://openai.com/gptbot)"
66.249.64.40 - - [14/Apr/2026:05:49:24 +0000] "GET /shop/customer/bookmark.php?goods=2583049&crsirefo_hidden=0219d3605c2e10d51c688f939542ce4335d5a8dcccdeb9746951d1e0aede9bab HTTP/1.1" 200 28878 "-" "Mozilla/5.0 (Linux; Android 6.0.1; Nexus 5X Build/MMB29P) AppleWebKit/537.36 (KHTML, like Gecko) Chrome/146.0.7680.177 Mobile Safari/537.36 (compatible; Googlebot/2.1; +http://www.google.com/bot.html)"
87.250.224.223 - - [14/Apr/2026:05:49:29 +0000] "GET /shopping/products/16217088973 HTTP/1.1" 500 1004 "-" "Mozilla/5.0 (compatible; YandexBot/3.0; +http://yandex.com/bots)"
74.7.227.48 - - [14/Apr/2026:05:49:29 +0000] "GET /shop/pg/1318380 HTTP/2.0" 500 1004 "https://www.elementalmill.com/?shopping/products/16201318380" "Mozilla/5.0 AppleWebKit/537.36 (KHTML, like Gecko; compatible; GPTBot/1.3; +https://openai.com/gptbot)"
74.7.227.185 - - [14/Apr/2026:05:49:40 +0000] "GET /shopping/products/16211965043 HTTP/2.0" 500 1004 "https://elementalmill.com.lab2454.com/shopping/products/16211957042" "Mozilla/5.0 AppleWebKit/537.36 (KHTML, like Gecko; compatible; GPTBot/1.3; +https://openai.com/gptbot)"
66.249.64.39 - - [14/Apr/2026:05:49:44 +0000] "GET /?shop/88911796103.html HTTP/1.1" 200 27725 "-" "Mozilla/5.0 (Linux; Android 6.0.1; Nexus 5X Build/MMB29P) AppleWebKit/537.36 (KHTML, like Gecko) Chrome/146.0.7680.177 Mobile Safari/537.36 (compatible; Googlebot/2.1; +http://www.google.com/bot.html)"
74.7.242.41 - - [14/Apr/2026:05:50:02 +0000] "GET /shop/pg/16201336483 HTTP/2.0" 500 1004 "https://www.elementalmill.com" "Mozilla/5.0 AppleWebKit/537.36 (KHTML, like Gecko; compatible; GPTBot/1.3; +https://openai.com/gptbot)"
74.7.243.205 - - [14/Apr/2026:05:50:24 +0000] "GET /shop/pg/1600176 HTTP/2.0" 500 1004 "https://www.elementalmill.com.lab2454.com/shop/pg/16201383715" "Mozilla/5.0 AppleWebKit/537.36 (KHTML, like Gecko; compatible; GPTBot/1.3; +https://openai.com/gptbot)"
74.7.227.185 - - [14/Apr/2026:05:50:43 +0000] "GET /shopping/products/16211854491 HTTP/2.0" 500 1004 "https://elementalmill.com.lab2454.com/shopping/products/16201470768" "Mozilla/5.0 AppleWebKit/537.36 (KHTML, like Gecko; compatible; GPTBot/1.3; +https://openai.com/gptbot)"
66.249.64.41 - - [14/Apr/2026:05:50:46 +0000] "GET /?shop/89016657388.html HTTP/1.1" 200 28853 "-" "Mozilla/5.0 (Linux; Android 6.0.1; Nexus 5X Build/MMB29P) AppleWebKit/537.36 (KHTML, like Gecko) Chrome/146.0.7680.177 Mobile Safari/537.36 (compatible; Googlebot/2.1; +http://www.google.com/bot.html)"
66.249.64.39 - - [14/Apr/2026:05:50:49 +0000] "GET /shop/customer/bookmark.php?shopping/products/16222308611 HTTP/1.1" 200 28442 "-" "Mozilla/5.0 (Linux; Android 6.0.1; Nexus 5X Build/MMB29P) AppleWebKit/537.36 (KHTML, like Gecko) Chrome/146.0.7680.177 Mobile Safari/537.36 (compatible; Googlebot/2.1; +http://www.google.com/bot.html)"
66.249.64.39 - - [14/Apr/2026:05:51:01 +0000] "GET /shop/customer/bookmark.php?shopping/products/16222276859 HTTP/1.1" 200 27848 "-" "Mozilla/5.0 (Linux; Android 6.0.1; Nexus 5X Build/MMB29P) AppleWebKit/537.36 (KHTML, like Gecko) Chrome/146.0.7680.177 Mobile Safari/537.36 (compatible; Googlebot/2.1; +http://www.google.com/bot.html)"
74.7.242.41 - - [14/Apr/2026:05:51:04 +0000] "GET /shop/pg/16211663859 HTTP/2.0" 500 1004 "https://elementalmill.com/?shopping/products/16211659576" "Mozilla/5.0 AppleWebKit/537.36 (KHTML, like Gecko; compatible; GPTBot/1.3; +https://openai.com/gptbot)"
74.7.243.205 - - [14/Apr/2026:05:51:30 +0000] "GET /shop/pg/1621321 HTTP/2.0" 500 1004 "https://www.elementalmill.com.lab2454.com/shop/pg/1620170" "Mozilla/5.0 AppleWebKit/537.36 (KHTML, like Gecko; compatible; GPTBot/1.3; +https://openai.com/gptbot)"
74.7.227.48 - - [14/Apr/2026:05:51:34 +0000] "GET /shop/pg/1895539 HTTP/2.0" 500 1004 "https://www.elementalmill.com/shop/pg/1894367" "Mozilla/5.0 AppleWebKit/537.36 (KHTML, like Gecko; compatible; GPTBot/1.3; +https://openai.com/gptbot)"
5.255.231.244 - - [14/Apr/2026:05:51:42 +0000] "GET /shopping/products/1619573587 HTTP/1.1" 500 1004 "-" "Mozilla/5.0 (compatible; YandexBot/3.0; +http://yandex.com/bots)"
74.7.227.185 - - [14/Apr/2026:05:51:44 +0000] "GET /shopping/products/16201057611 HTTP/2.0" 500 1004 "https://elementalmill.com.lab2454.com/shopping/products/16201033608" "Mozilla/5.0 AppleWebKit/537.36 (KHTML, like Gecko; compatible; GPTBot/1.3; +https://openai.com/gptbot)"
66.249.64.39 - - [14/Apr/2026:05:51:59 +0000] "GET /?shop/89048094901.html HTTP/1.1" 200 28197 "-" "Mozilla/5.0 (Linux; Android 6.0.1; Nexus 5X Build/MMB29P) AppleWebKit/537.36 (KHTML, like Gecko) Chrome/146.0.7680.177 Mobile Safari/537.36 (compatible; Googlebot/2.1; +http://www.google.com/bot.html)"
74.7.242.41 - - [14/Apr/2026:05:52:05 +0000] "GET /shop/pg/16211651961 HTTP/2.0" 500 1004 "https://www.elementalmill.com" "Mozilla/5.0 AppleWebKit/537.36 (KHTML, like Gecko; compatible; GPTBot/1.3; +https://openai.com/gptbot)"
74.7.243.205 - - [14/Apr/2026:05:52:28 +0000] "GET /shop/pg/1522427 HTTP/2.0" 500 1004 "https://www.elementalmill.com.lab2454.com/shop/pg/16201305965" "Mozilla/5.0 AppleWebKit/537.36 (KHTML, like Gecko; compatible; GPTBot/1.3; +https://openai.com/gptbot)"
74.7.242.41 - - [14/Apr/2026:05:53:10 +0000] "GET /shop/pg/16201353505 HTTP/2.0" 500 1004 "https://elementalmill.com/?shopping/products/16201349235" "Mozilla/5.0 AppleWebKit/537.36 (KHTML, like Gecko; compatible; GPTBot/1.3; +https://openai.com/gptbot)"
66.249.64.40 - - [14/Apr/2026:05:53:18 +0000] "GET /shop/customer/bookmark.php?shopping/products/1618435182 HTTP/1.1" 200 27953 "-" "Mozilla/5.0 (Linux; Android 6.0.1; Nexus 5X Build/MMB29P) AppleWebKit/537.36 (KHTML, like Gecko) Chrome/146.0.7680.177 Mobile Safari/537.36 (compatible; Googlebot/2.1; +http://www.google.com/bot.html)"
74.7.243.205 - - [14/Apr/2026:05:53:34 +0000] "GET /shop/pg/1615395 HTTP/2.0" 500 1004 "https://www.elementalmill.com.lab2454.com/shop/pg/1614237" "Mozilla/5.0 AppleWebKit/537.36 (KHTML, like Gecko; compatible; GPTBot/1.3; +https://openai.com/gptbot)"
74.7.227.48 - - [14/Apr/2026:05:53:42 +0000] "GET /shop/pg/1841964 HTTP/2.0" 500 1004 "https://www.elementalmill.com/?shopping/products/16211841964" "Mozilla/5.0 AppleWebKit/537.36 (KHTML, like Gecko; compatible; GPTBot/1.3; +https://openai.com/gptbot)"
74.7.227.185 - - [14/Apr/2026:05:53:49 +0000] "GET /shopping/products/16232565952 HTTP/2.0" 500 1004 "https://elementalmill.com.lab2454.com/shopping/products/16211645534" "Mozilla/5.0 AppleWebKit/537.36 (KHTML, like Gecko; compatible; GPTBot/1.3; +https://openai.com/gptbot)"
66.249.64.40 - - [14/Apr/2026:05:53:58 +0000] "GET /?shop/88932984809.html HTTP/1.1" 200 27886 "-" "Mozilla/5.0 (Linux; Android 6.0.1; Nexus 5X Build/MMB29P) AppleWebKit/537.36 (KHTML, like Gecko) Chrome/146.0.7680.177 Mobile Safari/537.36 (compatible; Googlebot/2.1; +http://www.google.com/bot.html)"
74.7.242.41 - - [14/Apr/2026:05:54:16 +0000] "GET /shop/pg/16201074320 HTTP/2.0" 500 1004 "https://elementalmill.com/index.php?shopping/products/16201069143" "Mozilla/5.0 AppleWebKit/537.36 (KHTML, like Gecko; compatible; GPTBot/1.3; +https://openai.com/gptbot)"
74.7.243.205 - - [14/Apr/2026:05:54:34 +0000] "GET /shop/pg/1455103 HTTP/2.0" 500 1004 "https://www.elementalmill.com.lab2454.com/shop/pg/16201238643" "Mozilla/5.0 AppleWebKit/537.36 (KHTML, like Gecko; compatible; GPTBot/1.3; +https://openai.com/gptbot)"
66.249.64.39 - - [14/Apr/2026:05:54:35 +0000] "GET /shopping/products/16211535455 HTTP/1.1" 200 27670 "-" "Mozilla/5.0 (Linux; Android 6.0.1; Nexus 5X Build/MMB29P) AppleWebKit/537.36 (KHTML, like Gecko) Chrome/146.0.7680.177 Mobile Safari/537.36 (compatible; Googlebot/2.1; +http://www.google.com/bot.html)"
66.249.64.39 - - [14/Apr/2026:05:54:40 +0000] "GET /?shop/88953697940.html HTTP/1.1" 200 27187 "-" "Mozilla/5.0 (Linux; Android 6.0.1; Nexus 5X Build/MMB29P) AppleWebKit/537.36 (KHTML, like Gecko) Chrome/146.0.7680.177 Mobile Safari/537.36 (compatible; Googlebot/2.1; +http://www.google.com/bot.html)"
66.249.64.39 - - [14/Apr/2026:05:54:44 +0000] "GET /?shop/890810102076.html HTTP/1.1" 200 27928 "-" "Mozilla/5.0 (Linux; Android 6.0.1; Nexus 5X Build/MMB29P) AppleWebKit/537.36 (KHTML, like Gecko) Chrome/146.0.7680.177 Mobile Safari/537.36 (compatible; Googlebot/2.1; +http://www.google.com/bot.html)"
74.7.227.185 - - [14/Apr/2026:05:54:52 +0000] "GET /shopping/products/16201449531 HTTP/2.0" 500 1004 "https://elementalmill.com.lab2454.com/shopping/products/16211900396" "Mozilla/5.0 AppleWebKit/537.36 (KHTML, like Gecko; compatible; GPTBot/1.3; +https://openai.com/gptbot)"
66.249.64.39 - - [14/Apr/2026:05:55:26 +0000] "GET /?shop/88953641041.html HTTP/1.1" 200 27363 "-" "Mozilla/5.0 (Linux; Android 6.0.1; Nexus 5X Build/MMB29P) AppleWebKit/537.36 (KHTML, like Gecko) Chrome/146.0.7680.177 Mobile Safari/537.36 (compatible; Googlebot/2.1; +http://www.google.com/bot.html)"
74.7.243.205 - - [14/Apr/2026:05:55:38 +0000] "GET /shop/pg/2166962 HTTP/2.0" 500 1004 "https://www.elementalmill.com.lab2454.com/shop/customer/bookmark.php?shopping/products/16222166962" "Mozilla/5.0 AppleWebKit/537.36 (KHTML, like Gecko; compatible; GPTBot/1.3; +https://openai.com/gptbot)"
74.7.227.48 - - [14/Apr/2026:05:55:42 +0000] "GET /shop/pg/1301479 HTTP/2.0" 500 1004 "https://www.elementalmill.com/?shopping/products/16201301479" "Mozilla/5.0 AppleWebKit/537.36 (KHTML, like Gecko; compatible; GPTBot/1.3; +https://openai.com/gptbot)"
74.7.227.185 - - [14/Apr/2026:05:55:53 +0000] "GET /shopping/products/16211946178 HTTP/2.0" 500 1004 "https://elementalmill.com.lab2454.com/shopping/products/16211875738" "Mozilla/5.0 AppleWebKit/537.36 (KHTML, like Gecko; compatible; GPTBot/1.3; +https://openai.com/gptbot)"
66.249.64.39 - - [14/Apr/2026:05:55:58 +0000] "GET /?shop/89079514368.html HTTP/1.1" 200 27763 "-" "Mozilla/5.0 (Linux; Android 6.0.1; Nexus 5X Build/MMB29P) AppleWebKit/537.36 (KHTML, like Gecko) Chrome/146.0.7680.177 Mobile Safari/537.36 (compatible; Googlebot/2.1; +http://www.google.com/bot.html)"
66.249.64.39 - - [14/Apr/2026:05:56:04 +0000] "GET /?shop/89069306705.html HTTP/1.1" 200 27920 "-" "Mozilla/5.0 (Linux; Android 6.0.1; Nexus 5X Build/MMB29P) AppleWebKit/537.36 (KHTML, like Gecko) Chrome/146.0.7680.177 Mobile Safari/537.36 (compatible; Googlebot/2.1; +http://www.google.com/bot.html)"
74.7.242.41 - - [14/Apr/2026:05:56:22 +0000] "GET /shop/pg/16232580885 HTTP/2.0" 500 1004 "https://elementalmill.com/shopping/products/16232576665" "Mozilla/5.0 AppleWebKit/537.36 (KHTML, like Gecko; compatible; GPTBot/1.3; +https://openai.com/gptbot)"
66.249.64.39 - - [14/Apr/2026:05:56:26 +0000] "GET /?shop/88943029331.html HTTP/1.1" 200 27302 "-" "Mozilla/5.0 (Linux; Android 6.0.1; Nexus 5X Build/MMB29P) AppleWebKit/537.36 (KHTML, like Gecko) Chrome/146.0.7680.177 Mobile Safari/537.36 (compatible; Googlebot/2.1; +http://www.google.com/bot.html)"
74.7.242.41 - - [14/Apr/2026:05:56:39 +0000] "GET /shop/pg/2139412 HTTP/2.0" 500 1004 "https://mail.elementalmill.com/?shopping/products/16222139412" "Mozilla/5.0 AppleWebKit/537.36 (KHTML, like Gecko; compatible; GPTBot/1.3; +https://openai.com/gptbot)"
74.7.243.205 - - [14/Apr/2026:05:56:42 +0000] "GET /shop/pg/1649274 HTTP/2.0" 500 1004 "https://www.elementalmill.com.lab2454.com/shop/pg/16201432816" "Mozilla/5.0 AppleWebKit/537.36 (KHTML, like Gecko; compatible; GPTBot/1.3; +https://openai.com/gptbot)"
66.249.64.41 - - [14/Apr/2026:05:56:49 +0000] "GET /?shop/891413324537.html HTTP/1.1" 200 27846 "-" "Mozilla/5.0 (Linux; Android 6.0.1; Nexus 5X Build/MMB29P) AppleWebKit/537.36 (KHTML, like Gecko) Chrome/146.0.7680.177 Mobile Safari/537.36 (compatible; Googlebot/2.1; +http://www.google.com/bot.html)"
74.7.227.185 - - [14/Apr/2026:05:56:59 +0000] "GET /shopping/products/16232560565 HTTP/2.0" 500 1004 "https://elementalmill.com.lab2454.com/shopping/products/16201233290" "Mozilla/5.0 AppleWebKit/537.36 (KHTML, like Gecko; compatible; GPTBot/1.3; +https://openai.com/gptbot)"
66.249.64.39 - - [14/Apr/2026:05:57:25 +0000] "GET /?shop/89048056769.html HTTP/1.1" 200 27614 "-" "Mozilla/5.0 (Linux; Android 6.0.1; Nexus 5X Build/MMB29P) AppleWebKit/537.36 (KHTML, like Gecko) Chrome/146.0.7680.177 Mobile Safari/537.36 (compatible; Googlebot/2.1; +http://www.google.com/bot.html)"
74.7.242.41 - - [14/Apr/2026:05:57:27 +0000] "GET /shop/pg/16211608203 HTTP/2.0" 500 1004 "https://elementalmill.com/index.php?shopping/products/16211603033" "Mozilla/5.0 AppleWebKit/537.36 (KHTML, like Gecko; compatible; GPTBot/1.3; +https://openai.com/gptbot)"
74.7.243.205 - - [14/Apr/2026:05:57:43 +0000] "GET /shop/pg/1562817 HTTP/2.0" 500 1004 "https://www.elementalmill.com.lab2454.com/shop/pg/16201346356" "Mozilla/5.0 AppleWebKit/537.36 (KHTML, like Gecko; compatible; GPTBot/1.3; +https://openai.com/gptbot)"
74.7.227.48 - - [14/Apr/2026:05:57:54 +0000] "GET /shop/pg/2550506 HTTP/2.0" 500 1004 "https://www.elementalmill.com/shopping/products/16232550506" "Mozilla/5.0 AppleWebKit/537.36 (KHTML, like Gecko; compatible; GPTBot/1.3; +https://openai.com/gptbot)"
74.7.227.185 - - [14/Apr/2026:05:58:06 +0000] "GET /shopping/products/16201234193 HTTP/2.0" 500 1004 "https://elementalmill.com.lab2454.com/shopping/products/16211942300" "Mozilla/5.0 AppleWebKit/537.36 (KHTML, like Gecko; compatible; GPTBot/1.3; +https://openai.com/gptbot)"
66.249.64.39 - - [14/Apr/2026:05:58:25 +0000] "GET /?shop/89069057998.html HTTP/1.1" 200 28353 "-" "Mozilla/5.0 (Linux; Android 6.0.1; Nexus 5X Build/MMB29P) AppleWebKit/537.36 (KHTML, like Gecko) Chrome/146.0.7680.177 Mobile Safari/537.36 (compatible; Googlebot/2.1; +http://www.google.com/bot.html)"
74.7.243.205 - - [14/Apr/2026:05:58:46 +0000] "GET /shop/pg/1596956 HTTP/2.0" 500 1004 "https://www.elementalmill.com.lab2454.com/shop/pg/16201380494" "Mozilla/5.0 AppleWebKit/537.36 (KHTML, like Gecko; compatible; GPTBot/1.3; +https://openai.com/gptbot)"
74.7.227.48 - - [14/Apr/2026:05:58:52 +0000] "GET /shop/pg/1752640 HTTP/2.0" 500 1004 "https://www.elementalmill.com/shopping/products/16211752640" "Mozilla/5.0 AppleWebKit/537.36 (KHTML, like Gecko; compatible; GPTBot/1.3; +https://openai.com/gptbot)"
66.249.64.39 - - [14/Apr/2026:05:58:54 +0000] "GET /?shop/89048306943.html HTTP/1.1" 200 27842 "-" "Mozilla/5.0 (Linux; Android 6.0.1; Nexus 5X Build/MMB29P) AppleWebKit/537.36 (KHTML, like Gecko) Chrome/146.0.7680.177 Mobile Safari/537.36 (compatible; Googlebot/2.1; +http://www.google.com/bot.html)"
74.7.227.185 - - [14/Apr/2026:05:59:07 +0000] "GET /shopping/products/16232519622 HTTP/2.0" 500 1004 "https://elementalmill.com.lab2454.com/shopping/products/16201391570" "Mozilla/5.0 AppleWebKit/537.36 (KHTML, like Gecko; compatible; GPTBot/1.3; +https://openai.com/gptbot)"
66.249.64.40 - - [14/Apr/2026:05:59:21 +0000] "GET /?shop/891111873080.html HTTP/1.1" 200 28668 "-" "Mozilla/5.0 (Linux; Android 6.0.1; Nexus 5X Build/MMB29P) AppleWebKit/537.36 (KHTML, like Gecko) Chrome/146.0.7680.177 Mobile Safari/537.36 (compatible; Googlebot/2.1; +http://www.google.com/bot.html)"
74.7.242.41 - - [14/Apr/2026:05:59:33 +0000] "GET /shop/pg/16232576297 HTTP/2.0" 500 1004 "https://elementalmill.com/?shopping/products/16232572031" "Mozilla/5.0 AppleWebKit/537.36 (KHTML, like Gecko; compatible; GPTBot/1.3; +https://openai.com/gptbot)"
144.76.32.114 - - [14/Apr/2026:05:59:43 +0000] "GET /robots.txt HTTP/1.1" 200 354 "-" "Mozilla/5.0 (compatible; SERankingBacklinksBot/1.0; +https://seranking.com/backlinks-crawler)"
144.76.32.114 - - [14/Apr/2026:05:59:44 +0000] "GET /shop/pg/2506757 HTTP/1.1" 500 1004 "-" "Mozilla/5.0 (compatible; SERankingBacklinksBot/1.0; +https://seranking.com/backlinks-crawler)"
87.250.224.81 - - [14/Apr/2026:05:59:44 +0000] "GET /shopping/products/16201436395 HTTP/1.1" 500 1004 "-" "Mozilla/5.0 (compatible; YandexBot/3.0; +http://yandex.com/bots)"
74.7.243.205 - - [14/Apr/2026:05:59:45 +0000] "GET /shop/pg/1680771 HTTP/2.0" 500 1004 "https://www.elementalmill.com.lab2454.com/?shopping/products/16211680771" "Mozilla/5.0 AppleWebKit/537.36 (KHTML, like Gecko; compatible; GPTBot/1.3; +https://openai.com/gptbot)"
74.7.227.48 - - [14/Apr/2026:05:59:51 +0000] "GET /shop/pg/1853754 HTTP/2.0" 500 1004 "https://www.elementalmill.com/?shopping/products/16211853754" "Mozilla/5.0 AppleWebKit/537.36 (KHTML, like Gecko; compatible; GPTBot/1.3; +https://openai.com/gptbot)"
66.249.64.39 - - [14/Apr/2026:05:59:53 +0000] "GET /?shop/888821353.html HTTP/1.1" 200 27566 "-" "Mozilla/5.0 (Linux; Android 6.0.1; Nexus 5X Build/MMB29P) AppleWebKit/537.36 (KHTML, like Gecko) Chrome/146.0.7680.177 Mobile Safari/537.36 (compatible; Googlebot/2.1; +http://www.google.com/bot.html)"
66.249.64.41 - - [14/Apr/2026:06:00:00 +0000] "GET /?shop/89037543820.html HTTP/1.1" 200 27004 "-" "Mozilla/5.0 (Linux; Android 6.0.1; Nexus 5X Build/MMB29P) AppleWebKit/537.36 (KHTML, like Gecko) Chrome/146.0.7680.177 Mobile Safari/537.36 (compatible; Googlebot/2.1; +http://www.google.com/bot.html)"
74.7.242.41 - - [14/Apr/2026:06:00:38 +0000] "GET /shop/pg/16211656436 HTTP/2.0" 500 1004 "https://elementalmill.com/shop/customer/bookmark.php?shopping/products/16211649515" "Mozilla/5.0 AppleWebKit/537.36 (KHTML, like Gecko; compatible; GPTBot/1.3; +https://openai.com/gptbot)"
95.108.213.104 - - [14/Apr/2026:06:00:46 +0000] "GET /shopping/products/16222082954 HTTP/1.1" 500 1004 "-" "Mozilla/5.0 (compatible; YandexBot/3.0; +http://yandex.com/bots)"
74.7.243.205 - - [14/Apr/2026:06:00:50 +0000] "GET /shop/pg/1661695 HTTP/2.0" 500 1004 "https://www.elementalmill.com.lab2454.com/shop/pg/16201445241" "Mozilla/5.0 AppleWebKit/537.36 (KHTML, like Gecko; compatible; GPTBot/1.3; +https://openai.com/gptbot)"
66.249.64.39 - - [14/Apr/2026:06:00:52 +0000] "GET /?shop/89016612378.html HTTP/1.1" 200 28629 "-" "Mozilla/5.0 (Linux; Android 6.0.1; Nexus 5X Build/MMB29P) AppleWebKit/537.36 (KHTML, like Gecko) Chrome/146.0.7680.177 Mobile Safari/537.36 (compatible; Googlebot/2.1; +http://www.google.com/bot.html)"
74.7.227.185 - - [14/Apr/2026:06:01:15 +0000] "GET /shopping/products/16209153190 HTTP/2.0" 500 1004 "https://elementalmill.com.lab2454.com/sitemap744.xml" "Mozilla/5.0 AppleWebKit/537.36 (KHTML, like Gecko; compatible; GPTBot/1.3; +https://openai.com/gptbot)"
213.180.203.212 - - [14/Apr/2026:06:01:19 +0000] "GET /shopping/products/162210251551 HTTP/1.1" 500 1004 "-" "Mozilla/5.0 (compatible; YandexBot/3.0; +http://yandex.com/bots)"
66.249.64.40 - - [14/Apr/2026:06:01:22 +0000] "GET /?shop/88911700508.html HTTP/1.1" 200 27981 "-" "Mozilla/5.0 (Linux; Android 6.0.1; Nexus 5X Build/MMB29P) AppleWebKit/537.36 (KHTML, like Gecko) Chrome/146.0.7680.177 Mobile Safari/537.36 (compatible; Googlebot/2.1; +http://www.google.com/bot.html)"
87.250.224.202 - - [14/Apr/2026:06:01:31 +0000] "GET /shopping/products/1619591885 HTTP/1.1" 500 1004 "-" "Mozilla/5.0 (compatible; YandexBot/3.0; +http://yandex.com/bots)"
74.7.242.41 - - [14/Apr/2026:06:01:39 +0000] "GET /shop/pg/16211698656 HTTP/2.0" 500 1004 "https://www.elementalmill.com" "Mozilla/5.0 AppleWebKit/537.36 (KHTML, like Gecko; compatible; GPTBot/1.3; +https://openai.com/gptbot)"
74.7.243.205 - - [14/Apr/2026:06:01:54 +0000] "GET /shop/pg/1029658 HTTP/2.0" 500 1004 "https://www.elementalmill.com.lab2454.com/shop/pg/1028495" "Mozilla/5.0 AppleWebKit/537.36 (KHTML, like Gecko; compatible; GPTBot/1.3; +https://openai.com/gptbot)"
74.7.227.48 - - [14/Apr/2026:06:01:57 +0000] "GET /shop/pg/2564319 HTTP/2.0" 500 1004 "https://www.elementalmill.com/?shopping/products/16232564319" "Mozilla/5.0 AppleWebKit/537.36 (KHTML, like Gecko; compatible; GPTBot/1.3; +https://openai.com/gptbot)"
66.249.64.40 - - [14/Apr/2026:06:02:00 +0000] "GET /shopping/products/16201098482 HTTP/1.1" 200 28182 "-" "Mozilla/5.0 (Linux; Android 6.0.1; Nexus 5X Build/MMB29P) AppleWebKit/537.36 (KHTML, like Gecko) Chrome/146.0.7680.177 Mobile Safari/537.36 (compatible; Googlebot/2.1; +http://www.google.com/bot.html)"
74.7.227.185 - - [14/Apr/2026:06:02:14 +0000] "GET /shopping/products/16211543430 HTTP/2.0" 500 1004 "https://elementalmill.com.lab2454.com/shopping/products/16211683169" "Mozilla/5.0 AppleWebKit/537.36 (KHTML, like Gecko; compatible; GPTBot/1.3; +https://openai.com/gptbot)"
66.249.64.39 - - [14/Apr/2026:06:02:21 +0000] "GET /?shop/891111495211.html HTTP/1.1" 200 27592 "-" "Mozilla/5.0 (Linux; Android 6.0.1; Nexus 5X Build/MMB29P) AppleWebKit/537.36 (KHTML, like Gecko) Chrome/146.0.7680.177 Mobile Safari/537.36 (compatible; Googlebot/2.1; +http://www.google.com/bot.html)"
74.7.242.41 - - [14/Apr/2026:06:02:40 +0000] "GET /shop/pg/16201326729 HTTP/2.0" 500 1004 "https://elementalmill.com/?shopping/products/16201322464" "Mozilla/5.0 AppleWebKit/537.36 (KHTML, like Gecko; compatible; GPTBot/1.3; +https://openai.com/gptbot)"
66.249.64.39 - - [14/Apr/2026:06:02:51 +0000] "GET /?shop/890810177809.html HTTP/1.1" 200 27127 "-" "Mozilla/5.0 (Linux; Android 6.0.1; Nexus 5X Build/MMB29P) AppleWebKit/537.36 (KHTML, like Gecko) Chrome/146.0.7680.177 Mobile Safari/537.36 (compatible; Googlebot/2.1; +http://www.google.com/bot.html)"
74.7.243.205 - - [14/Apr/2026:06:02:56 +0000] "GET /shop/pg/1154195 HTTP/2.0" 500 1004 "https://www.elementalmill.com.lab2454.com/shop/pg/16211529285" "Mozilla/5.0 AppleWebKit/537.36 (KHTML, like Gecko; compatible; GPTBot/1.3; +https://openai.com/gptbot)"
74.7.227.48 - - [14/Apr/2026:06:03:03 +0000] "GET /shop/pg/1499813 HTTP/2.0" 500 1004 "https://www.elementalmill.com/?shopping/products/16201499813" "Mozilla/5.0 AppleWebKit/537.36 (KHTML, like Gecko; compatible; GPTBot/1.3; +https://openai.com/gptbot)"
74.7.227.185 - - [14/Apr/2026:06:03:14 +0000] "GET /shopping/products/16211833045 HTTP/2.0" 500 1004 "https://elementalmill.com.lab2454.com/shopping/products/16211806375" "Mozilla/5.0 AppleWebKit/537.36 (KHTML, like Gecko; compatible; GPTBot/1.3; +https://openai.com/gptbot)"
66.249.64.40 - - [14/Apr/2026:06:03:28 +0000] "GET /shopping/products/1619615621 HTTP/1.1" 200 27902 "-" "Mozilla/5.0 (Linux; Android 6.0.1; Nexus 5X Build/MMB29P) AppleWebKit/537.36 (KHTML, like Gecko) Chrome/146.0.7680.177 Mobile Safari/537.36 (compatible; Googlebot/2.1; +http://www.google.com/bot.html)"
74.7.242.41 - - [14/Apr/2026:06:03:46 +0000] "GET /shop/pg/16201440458 HTTP/2.0" 500 1004 "https://www.elementalmill.com" "Mozilla/5.0 AppleWebKit/537.36 (KHTML, like Gecko; compatible; GPTBot/1.3; +https://openai.com/gptbot)"
66.249.64.39 - - [14/Apr/2026:06:03:50 +0000] "GET /?shop/89069310677.html HTTP/1.1" 200 27805 "-" "Mozilla/5.0 (Linux; Android 6.0.1; Nexus 5X Build/MMB29P) AppleWebKit/537.36 (KHTML, like Gecko) Chrome/146.0.7680.177 Mobile Safari/537.36 (compatible; Googlebot/2.1; +http://www.google.com/bot.html)"
74.7.243.205 - - [14/Apr/2026:06:04:00 +0000] "GET /shop/pg/1784973 HTTP/2.0" 500 1004 "https://www.elementalmill.com.lab2454.com/shop/pg/1619643827" "Mozilla/5.0 AppleWebKit/537.36 (KHTML, like Gecko; compatible; GPTBot/1.3; +https://openai.com/gptbot)"
66.249.64.40 - - [14/Apr/2026:06:04:00 +0000] "GET /?shop/888828163.html HTTP/1.1" 200 27676 "-" "Mozilla/5.0 (Linux; Android 6.0.1; Nexus 5X Build/MMB29P) AppleWebKit/537.36 (KHTML, like Gecko) Chrome/146.0.7680.177 Mobile Safari/537.36 (compatible; Googlebot/2.1; +http://www.google.com/bot.html)"
74.7.227.48 - - [14/Apr/2026:06:04:09 +0000] "GET /shop/pg/1398354 HTTP/2.0" 500 1004 "https://www.elementalmill.com/shop/customer/bookmark.php?shopping/products/16201398354" "Mozilla/5.0 AppleWebKit/537.36 (KHTML, like Gecko; compatible; GPTBot/1.3; +https://openai.com/gptbot)"
74.7.227.185 - - [14/Apr/2026:06:04:17 +0000] "GET /shopping/products/16201347372 HTTP/2.0" 500 1004 "https://elementalmill.com.lab2454.com/shopping/products/16232600374" "Mozilla/5.0 AppleWebKit/537.36 (KHTML, like Gecko; compatible; GPTBot/1.3; +https://openai.com/gptbot)"
74.7.242.41 - - [14/Apr/2026:06:04:46 +0000] "GET /shop/pg/16201348200 HTTP/2.0" 500 1004 "https://www.elementalmill.com" "Mozilla/5.0 AppleWebKit/537.36 (KHTML, like Gecko; compatible; GPTBot/1.3; +https://openai.com/gptbot)"
66.249.64.39 - - [14/Apr/2026:06:04:49 +0000] "GET /?shop/891613970301.html HTTP/1.1" 200 28052 "-" "Mozilla/5.0 (Linux; Android 6.0.1; Nexus 5X Build/MMB29P) AppleWebKit/537.36 (KHTML, like Gecko) Chrome/146.0.7680.177 Mobile Safari/537.36 (compatible; Googlebot/2.1; +http://www.google.com/bot.html)"
74.7.243.205 - - [14/Apr/2026:06:05:00 +0000] "GET /shop/pg/1708107 HTTP/2.0" 500 1004 "https://www.elementalmill.com.lab2454.com/shop/pg/1706943" "Mozilla/5.0 AppleWebKit/537.36 (KHTML, like Gecko; compatible; GPTBot/1.3; +https://openai.com/gptbot)"
74.7.242.41 - - [14/Apr/2026:06:05:11 +0000] "GET /shop/pg/1389818 HTTP/2.0" 500 1004 "https://mail.elementalmill.com/?shopping/products/16201389818" "Mozilla/5.0 AppleWebKit/537.36 (KHTML, like Gecko; compatible; GPTBot/1.3; +https://openai.com/gptbot)"
74.7.227.48 - - [14/Apr/2026:06:05:12 +0000] "GET /shop/pg/1750090 HTTP/2.0" 500 1004 "https://www.elementalmill.com/?shopping/products/16211750090" "Mozilla/5.0 AppleWebKit/537.36 (KHTML, like Gecko; compatible; GPTBot/1.3; +https://openai.com/gptbot)"
66.249.64.41 - - [14/Apr/2026:06:05:19 +0000] "GET /?shop/8888102055.html HTTP/1.1" 200 27362 "-" "Mozilla/5.0 (Linux; Android 6.0.1; Nexus 5X Build/MMB29P) AppleWebKit/537.36 (KHTML, like Gecko) Chrome/146.0.7680.177 Mobile Safari/537.36 (compatible; Googlebot/2.1; +http://www.google.com/bot.html)"
74.7.242.41 - - [14/Apr/2026:06:05:51 +0000] "GET /shop/pg/16211910599 HTTP/2.0" 500 1004 "https://www.elementalmill.com" "Mozilla/5.0 AppleWebKit/537.36 (KHTML, like Gecko; compatible; GPTBot/1.3; +https://openai.com/gptbot)"
74.7.243.205 - - [14/Apr/2026:06:06:01 +0000] "GET /shop/pg/1601450 HTTP/2.0" 500 1004 "https://www.elementalmill.com.lab2454.com/shop/pg/16201384982" "Mozilla/5.0 AppleWebKit/537.36 (KHTML, like Gecko; compatible; GPTBot/1.3; +https://openai.com/gptbot)"
66.249.64.39 - - [14/Apr/2026:06:06:18 +0000] "GET /?shop/888864652.html HTTP/1.1" 200 26700 "-" "Mozilla/5.0 (Linux; Android 6.0.1; Nexus 5X Build/MMB29P) AppleWebKit/537.36 (KHTML, like Gecko) Chrome/146.0.7680.177 Mobile Safari/537.36 (compatible; Googlebot/2.1; +http://www.google.com/bot.html)"
74.7.227.185 - - [14/Apr/2026:06:06:24 +0000] "GET /shopping/products/16211527002 HTTP/2.0" 500 1004 "https://elementalmill.com.lab2454.com/shopping/products/16211941885" "Mozilla/5.0 AppleWebKit/537.36 (KHTML, like Gecko; compatible; GPTBot/1.3; +https://openai.com/gptbot)"
5.255.231.128 - - [14/Apr/2026:06:06:26 +0000] "GET /robots.txt HTTP/1.1" 500 2431 "-" "Mozilla/5.0 (compatible; YandexBot/3.0; +http://yandex.com/bots)"
74.7.243.205 - - [14/Apr/2026:06:07:06 +0000] "GET /shop/pg/1429480 HTTP/2.0" 500 1004 "https://www.elementalmill.com.lab2454.com/shop/pg/16201213029" "Mozilla/5.0 AppleWebKit/537.36 (KHTML, like Gecko; compatible; GPTBot/1.3; +https://openai.com/gptbot)"
66.249.64.40 - - [14/Apr/2026:06:07:17 +0000] "GET /?shop/891212353310.html HTTP/1.1" 200 27605 "-" "Mozilla/5.0 (Linux; Android 6.0.1; Nexus 5X Build/MMB29P) AppleWebKit/537.36 (KHTML, like Gecko) Chrome/146.0.7680.177 Mobile Safari/537.36 (compatible; Googlebot/2.1; +http://www.google.com/bot.html)"
74.7.227.185 - - [14/Apr/2026:06:07:24 +0000] "GET /shopping/products/16201189053 HTTP/2.0" 500 1004 "https://elementalmill.com.lab2454.com/shopping/products/16232598519" "Mozilla/5.0 AppleWebKit/537.36 (KHTML, like Gecko; compatible; GPTBot/1.3; +https://openai.com/gptbot)"
66.249.64.39 - - [14/Apr/2026:06:07:47 +0000] "GET /?shop/88932868549.html HTTP/1.1" 200 27262 "-" "Mozilla/5.0 (Linux; Android 6.0.1; Nexus 5X Build/MMB29P) AppleWebKit/537.36 (KHTML, like Gecko) Chrome/146.0.7680.177 Mobile Safari/537.36 (compatible; Googlebot/2.1; +http://www.google.com/bot.html)"
74.7.243.205 - - [14/Apr/2026:06:08:08 +0000] "GET /shop/pg/1527317 HTTP/2.0" 500 1004 "https://www.elementalmill.com.lab2454.com/shop/pg/1526161" "Mozilla/5.0 AppleWebKit/537.36 (KHTML, like Gecko; compatible; GPTBot/1.3; +https://openai.com/gptbot)"
87.250.224.242 - - [14/Apr/2026:06:08:26 +0000] "GET /robots.txt HTTP/1.1" 500 2431 "-" "Mozilla/5.0 (compatible; YandexBot/3.0; +http://yandex.com/bots)"
74.7.227.185 - - [14/Apr/2026:06:08:28 +0000] "GET /shopping/products/16201383792 HTTP/2.0" 500 1004 "https://elementalmill.com.lab2454.com/shopping/products/16211575760" "Mozilla/5.0 AppleWebKit/537.36 (KHTML, like Gecko; compatible; GPTBot/1.3; +https://openai.com/gptbot)"
66.249.64.39 - - [14/Apr/2026:06:08:29 +0000] "GET /?shop/88911798271.html HTTP/1.1" 200 26482 "-" "Mozilla/5.0 (Linux; Android 6.0.1; Nexus 5X Build/MMB29P) AppleWebKit/537.36 (KHTML, like Gecko) Chrome/146.0.7680.177 Mobile Safari/537.36 (compatible; Googlebot/2.1; +http://www.google.com/bot.html)"
95.108.213.209 - - [14/Apr/2026:06:08:31 +0000] "GET /shopping/products/16211590018 HTTP/1.1" 500 1004 "-" "Mozilla/5.0 (compatible; YandexBot/3.0; +http://yandex.com/bots)"
74.7.242.41 - - [14/Apr/2026:06:09:03 +0000] "GET /shop/pg/16191001018 HTTP/2.0" 500 1004 "https://www.elementalmill.com" "Mozilla/5.0 AppleWebKit/537.36 (KHTML, like Gecko; compatible; GPTBot/1.3; +https://openai.com/gptbot)"
74.7.243.205 - - [14/Apr/2026:06:09:09 +0000] "GET /shop/pg/1189202 HTTP/2.0" 500 1004 "https://www.elementalmill.com.lab2454.com/shop/pg/16211564289" "Mozilla/5.0 AppleWebKit/537.36 (KHTML, like Gecko; compatible; GPTBot/1.3; +https://openai.com/gptbot)"
74.7.227.48 - - [14/Apr/2026:06:09:25 +0000] "GET /shop/pg/2607160 HTTP/2.0" 500 1004 "https://www.elementalmill.com/shopping/products/16232607160" "Mozilla/5.0 AppleWebKit/537.36 (KHTML, like Gecko; compatible; GPTBot/1.3; +https://openai.com/gptbot)"
74.7.227.185 - - [14/Apr/2026:06:09:32 +0000] "GET /shopping/products/16211757910 HTTP/2.0" 500 1004 "https://elementalmill.com.lab2454.com/shopping/products/16201168025" "Mozilla/5.0 AppleWebKit/537.36 (KHTML, like Gecko; compatible; GPTBot/1.3; +https://openai.com/gptbot)"
5.255.231.106 - - [14/Apr/2026:06:09:38 +0000] "GET /shopping/products/16196178951 HTTP/1.1" 500 1004 "-" "Mozilla/5.0 (compatible; YandexBot/3.0; +http://yandex.com/bots)"
66.249.64.40 - - [14/Apr/2026:06:10:01 +0000] "GET /?shop/88974585012.html HTTP/1.1" 200 28119 "-" "Mozilla/5.0 (Linux; Android 6.0.1; Nexus 5X Build/MMB29P) AppleWebKit/537.36 (KHTML, like Gecko) Chrome/146.0.7680.177 Mobile Safari/537.36 (compatible; GoogleOther)"
66.249.64.40 - - [14/Apr/2026:06:10:07 +0000] "GET /?shop/89006279090.html HTTP/1.1" 200 27801 "-" "Mozilla/5.0 (Linux; Android 6.0.1; Nexus 5X Build/MMB29P) AppleWebKit/537.36 (KHTML, like Gecko) Chrome/146.0.7680.177 Mobile Safari/537.36 (compatible; GoogleOther)"
66.249.64.39 - - [14/Apr/2026:06:10:17 +0000] "GET /?shop/888858330.html HTTP/1.1" 200 27248 "-" "Mozilla/5.0 (Linux; Android 6.0.1; Nexus 5X Build/MMB29P) AppleWebKit/537.36 (KHTML, like Gecko) Chrome/146.0.7680.177 Mobile Safari/537.36 (compatible; GoogleOther)"
74.7.227.48 - - [14/Apr/2026:06:10:25 +0000] "GET /shop/pg/1431586 HTTP/2.0" 500 1004 "https://www.elementalmill.com/?shopping/products/16201431586" "Mozilla/5.0 AppleWebKit/537.36 (KHTML, like Gecko; compatible; GPTBot/1.3; +https://openai.com/gptbot)"
5.255.231.57 - - [14/Apr/2026:06:10:26 +0000] "GET /robots.txt HTTP/1.1" 500 2431 "-" "Mozilla/5.0 (compatible; YandexBot/3.0; +http://yandex.com/bots)"
66.249.64.39 - - [14/Apr/2026:06:10:25 +0000] "GET /?shop/8888152699.html HTTP/1.1" 200 26749 "-" "Mozilla/5.0 (Linux; Android 6.0.1; Nexus 5X Build/MMB29P) AppleWebKit/537.36 (KHTML, like Gecko) Chrome/146.0.7680.177 Mobile Safari/537.36 (compatible; GoogleOther)"
74.7.227.185 - - [14/Apr/2026:06:10:34 +0000] "GET /shopping/products/16201236984 HTTP/2.0" 500 1004 "https://elementalmill.com.lab2454.com/shopping/products/16201142088" "Mozilla/5.0 AppleWebKit/537.36 (KHTML, like Gecko; compatible; GPTBot/1.3; +https://openai.com/gptbot)"
66.249.64.39 - - [14/Apr/2026:06:10:57 +0000] "GET /?shop/89006279090.html HTTP/1.1" 200 27801 "-" "Mozilla/5.0 (Linux; Android 6.0.1; Nexus 5X Build/MMB29P) AppleWebKit/537.36 (KHTML, like Gecko) Chrome/146.0.7680.177 Mobile Safari/537.36 (compatible; Googlebot/2.1; +http://www.google.com/bot.html)"
74.7.243.205 - - [14/Apr/2026:06:11:16 +0000] "GET /shop/pg/2575893 HTTP/2.0" 500 1004 "https://www.elementalmill.com.lab2454.com/shopping/products/16232575893" "Mozilla/5.0 AppleWebKit/537.36 (KHTML, like Gecko; compatible; GPTBot/1.3; +https://openai.com/gptbot)"
74.7.227.48 - - [14/Apr/2026:06:11:27 +0000] "GET /shop/pg/2198742 HTTP/2.0" 500 1004 "https://www.elementalmill.com/shopping/products/16222198742" "Mozilla/5.0 AppleWebKit/537.36 (KHTML, like Gecko; compatible; GPTBot/1.3; +https://openai.com/gptbot)"
74.7.227.185 - - [14/Apr/2026:06:11:35 +0000] "GET /shopping/products/16211894450 HTTP/2.0" 500 1004 "https://elementalmill.com.lab2454.com/shopping/products/16232587165" "Mozilla/5.0 AppleWebKit/537.36 (KHTML, like Gecko; compatible; GPTBot/1.3; +https://openai.com/gptbot)"
74.7.242.41 - - [14/Apr/2026:06:12:17 +0000] "GET /shop/pg/21975957698 HTTP/2.0" 500 1004 "https://www.elementalmill.com" "Mozilla/5.0 AppleWebKit/537.36 (KHTML, like Gecko; compatible; GPTBot/1.3; +https://openai.com/gptbot)"
74.7.243.205 - - [14/Apr/2026:06:12:17 +0000] "GET /shop/pg/1585764 HTTP/2.0" 500 1004 "https://www.elementalmill.com.lab2454.com/shopping/products/16211585764" "Mozilla/5.0 AppleWebKit/537.36 (KHTML, like Gecko; compatible; GPTBot/1.3; +https://openai.com/gptbot)"
5.255.231.207 - - [14/Apr/2026:06:12:26 +0000] "GET /robots.txt HTTP/1.1" 500 2431 "-" "Mozilla/5.0 (compatible; YandexBot/3.0; +http://yandex.com/bots)"
74.7.227.185 - - [14/Apr/2026:06:12:36 +0000] "GET /shopping/products/16201482143 HTTP/2.0" 500 1004 "https://elementalmill.com.lab2454.com/shopping/products/16211890674" "Mozilla/5.0 AppleWebKit/537.36 (KHTML, like Gecko; compatible; GPTBot/1.3; +https://openai.com/gptbot)"
74.7.243.205 - - [14/Apr/2026:06:13:22 +0000] "GET /shop/pg/1261422 HTTP/2.0" 500 1004 "https://www.elementalmill.com.lab2454.com/shop/pg/16211636516" "Mozilla/5.0 AppleWebKit/537.36 (KHTML, like Gecko; compatible; GPTBot/1.3; +https://openai.com/gptbot)"
74.7.227.48 - - [14/Apr/2026:06:13:36 +0000] "GET /shop/pg/1024606 HTTP/2.0" 500 1004 "https://www.elementalmill.com/shop/customer/bookmark.php?shopping/products/16201024606" "Mozilla/5.0 AppleWebKit/537.36 (KHTML, like Gecko; compatible; GPTBot/1.3; +https://openai.com/gptbot)"
74.7.227.185 - - [14/Apr/2026:06:13:38 +0000] "GET /shopping/products/16211677885 HTTP/2.0" 500 1004 "https://elementalmill.com.lab2454.com/shopping/products/16232586811" "Mozilla/5.0 AppleWebKit/537.36 (KHTML, like Gecko; compatible; GPTBot/1.3; +https://openai.com/gptbot)"
66.249.64.39 - - [14/Apr/2026:06:13:39 +0000] "GET /shop/customer/bookmark.php?shopping/products/16201037585 HTTP/1.1" 200 27421 "-" "Mozilla/5.0 (Linux; Android 6.0.1; Nexus 5X Build/MMB29P) AppleWebKit/537.36 (KHTML, like Gecko) Chrome/146.0.7680.177 Mobile Safari/537.36 (compatible; Googlebot/2.1; +http://www.google.com/bot.html)"
74.7.242.41 - - [14/Apr/2026:06:13:41 +0000] "GET /shop/pg/2074141 HTTP/2.0" 500 1004 "https://mail.elementalmill.com/shopping/products/16222074141" "Mozilla/5.0 AppleWebKit/537.36 (KHTML, like Gecko; compatible; GPTBot/1.3; +https://openai.com/gptbot)"
66.249.64.41 - - [14/Apr/2026:06:13:42 +0000] "GET /shopping/products/16211936288 HTTP/1.1" 200 27142 "-" "Mozilla/5.0 (Linux; Android 6.0.1; Nexus 5X Build/MMB29P) AppleWebKit/537.36 (KHTML, like Gecko) Chrome/146.0.7680.177 Mobile Safari/537.36 (compatible; Googlebot/2.1; +http://www.google.com/bot.html)"
66.249.64.41 - - [14/Apr/2026:06:13:43 +0000] "GET /?shop/891010903288.html HTTP/1.1" 200 27755 "-" "Mozilla/5.0 (Linux; Android 6.0.1; Nexus 5X Build/MMB29P) AppleWebKit/537.36 (KHTML, like Gecko) Chrome/146.0.7680.177 Mobile Safari/537.36 (compatible; Googlebot/2.1; +http://www.google.com/bot.html)"
66.249.89.103 - - [14/Apr/2026:06:13:53 +0000] "GET /.well-known/apple-app-site-association HTTP/1.1" 200 26940 "-" "Mozilla/5.0 (Linux; Android 6.0.1; Nexus 5X Build/MMB29P) AppleWebKit/537.36 (KHTML, like Gecko) Chrome/146.0.7680.177 Mobile Safari/537.36 (compatible; AdsBot-Google-Mobile; +http://www.google.com/mobile/adsbot.html)"
66.249.89.105 - - [14/Apr/2026:06:14:03 +0000] "GET /ctg/apiAllLCate/ HTTP/1.1" 200 26856 "https://elementalmill.com/.well-known/apple-app-site-association" "AdsBot-Google (+http://www.google.com/adsbot.html)"
66.249.89.103 - - [14/Apr/2026:06:14:04 +0000] "GET /odr/order/apiGetCartItems/ HTTP/1.1" 200 27568 "https://elementalmill.com/.well-known/apple-app-site-association" "AdsBot-Google (+http://www.google.com/adsbot.html)"
66.249.89.104 - - [14/Apr/2026:06:14:06 +0000] "GET /resource/js/json/megadrop_2015new.json HTTP/1.1" 200 26902 "https://elementalmill.com/.well-known/apple-app-site-association" "AdsBot-Google (+http://www.google.com/adsbot.html)"
74.7.242.41 - - [14/Apr/2026:06:14:23 +0000] "GET /shop/pg/16201084019 HTTP/2.0" 500 1004 "https://www.elementalmill.com" "Mozilla/5.0 AppleWebKit/537.36 (KHTML, like Gecko; compatible; GPTBot/1.3; +https://openai.com/gptbot)"
74.7.243.205 - - [14/Apr/2026:06:14:25 +0000] "GET /shop/pg/1691172 HTTP/2.0" 500 1004 "https://www.elementalmill.com.lab2454.com/shop/pg/16201474699" "Mozilla/5.0 AppleWebKit/537.36 (KHTML, like Gecko; compatible; GPTBot/1.3; +https://openai.com/gptbot)"
5.255.231.141 - - [14/Apr/2026:06:14:26 +0000] "GET /robots.txt HTTP/1.1" 500 2431 "-" "Mozilla/5.0 (compatible; YandexBot/3.0; +http://yandex.com/bots)"
74.7.227.48 - - [14/Apr/2026:06:14:36 +0000] "GET /shop/pg/2063469 HTTP/2.0" 500 1004 "https://www.elementalmill.com/?shopping/products/16222063469" "Mozilla/5.0 AppleWebKit/537.36 (KHTML, like Gecko; compatible; GPTBot/1.3; +https://openai.com/gptbot)"
95.108.213.245 - - [14/Apr/2026:06:14:50 +0000] "GET /shopping/products/1618296795 HTTP/1.1" 500 1004 "-" "Mozilla/5.0 (compatible; YandexBot/3.0; +http://yandex.com/bots)"
74.7.242.41 - - [14/Apr/2026:06:15:24 +0000] "GET /shop/pg/16201033023 HTTP/2.0" 500 1004 "https://elementalmill.com/shop/customer/bookmark.php?shopping/products/16201026121" "Mozilla/5.0 AppleWebKit/537.36 (KHTML, like Gecko; compatible; GPTBot/1.3; +https://openai.com/gptbot)"
66.249.64.41 - - [14/Apr/2026:06:15:26 +0000] "GET /?shop/89069359355.html HTTP/1.1" 200 27494 "-" "Mozilla/5.0 (Linux; Android 6.0.1; Nexus 5X Build/MMB29P) AppleWebKit/537.36 (KHTML, like Gecko) Chrome/146.0.7680.177 Mobile Safari/537.36 (compatible; Googlebot/2.1; +http://www.google.com/bot.html)"
66.249.64.40 - - [14/Apr/2026:06:15:27 +0000] "GET /?shop/891011292828.html HTTP/1.1" 200 28671 "-" "Mozilla/5.0 (Linux; Android 6.0.1; Nexus 5X Build/MMB29P) AppleWebKit/537.36 (KHTML, like Gecko) Chrome/146.0.7680.177 Mobile Safari/537.36 (compatible; Googlebot/2.1; +http://www.google.com/bot.html)"
66.249.64.39 - - [14/Apr/2026:06:15:29 +0000] "GET /?shop/890910402629.html HTTP/1.1" 200 28045 "-" "Mozilla/5.0 (Linux; Android 6.0.1; Nexus 5X Build/MMB29P) AppleWebKit/537.36 (KHTML, like Gecko) Chrome/146.0.7680.177 Mobile Safari/537.36 (compatible; Googlebot/2.1; +http://www.google.com/bot.html)"
74.7.243.205 - - [14/Apr/2026:06:15:31 +0000] "GET /shop/pg/1432477 HTTP/2.0" 500 1004 "https://www.elementalmill.com.lab2454.com/shop/pg/16201216026" "Mozilla/5.0 AppleWebKit/537.36 (KHTML, like Gecko; compatible; GPTBot/1.3; +https://openai.com/gptbot)"
66.249.64.39 - - [14/Apr/2026:06:15:32 +0000] "GET /?shop/88922417051.html HTTP/1.1" 200 27482 "-" "Mozilla/5.0 (Linux; Android 6.0.1; Nexus 5X Build/MMB29P) AppleWebKit/537.36 (KHTML, like Gecko) Chrome/146.0.7680.177 Mobile Safari/537.36 (compatible; Googlebot/2.1; +http://www.google.com/bot.html)"
66.249.64.40 - - [14/Apr/2026:06:15:34 +0000] "GET /?shop/89037645658.html HTTP/1.1" 200 27361 "-" "Mozilla/5.0 (Linux; Android 6.0.1; Nexus 5X Build/MMB29P) AppleWebKit/537.36 (KHTML, like Gecko) Chrome/146.0.7680.177 Mobile Safari/537.36 (compatible; Googlebot/2.1; +http://www.google.com/bot.html)"
74.7.227.48 - - [14/Apr/2026:06:15:37 +0000] "GET /shop/pg/1356345 HTTP/2.0" 500 1004 "https://www.elementalmill.com/shopping/products/16201356345" "Mozilla/5.0 AppleWebKit/537.36 (KHTML, like Gecko; compatible; GPTBot/1.3; +https://openai.com/gptbot)"
74.7.227.185 - - [14/Apr/2026:06:15:41 +0000] "GET /shopping/products/16201337819 HTTP/2.0" 500 1004 "https://elementalmill.com.lab2454.com/shopping/products/16211651827" "Mozilla/5.0 AppleWebKit/537.36 (KHTML, like Gecko; compatible; GPTBot/1.3; +https://openai.com/gptbot)"
74.7.242.41 - - [14/Apr/2026:06:15:47 +0000] "GET /shop/pg/1916116 HTTP/2.0" 500 1004 "https://mail.elementalmill.com/shop/customer/bookmark.php?shopping/products/16211916116" "Mozilla/5.0 AppleWebKit/537.36 (KHTML, like Gecko; compatible; GPTBot/1.3; +https://openai.com/gptbot)"
95.108.213.127 - - [14/Apr/2026:06:16:17 +0000] "GET /shopping/products/1618105384 HTTP/1.1" 500 1004 "-" "Mozilla/5.0 (compatible; YandexBot/3.0; +http://yandex.com/bots)"
5.255.231.22 - - [14/Apr/2026:06:16:26 +0000] "GET /robots.txt HTTP/1.1" 500 2431 "-" "Mozilla/5.0 (compatible; YandexBot/3.0; +http://yandex.com/bots)"
5.255.231.196 - - [14/Apr/2026:06:16:27 +0000] "GET /shopping/products/16222201177 HTTP/1.1" 500 1004 "-" "Mozilla/5.0 (compatible; YandexBot/3.0; +http://yandex.com/bots)"
66.249.64.41 - - [14/Apr/2026:06:16:26 +0000] "GET /?shop/891011102023.html HTTP/1.1" 200 28381 "-" "Mozilla/5.0 (Linux; Android 6.0.1; Nexus 5X Build/MMB29P) AppleWebKit/537.36 (KHTML, like Gecko) Chrome/146.0.7680.177 Mobile Safari/537.36 (compatible; Googlebot/2.1; +http://www.google.com/bot.html)"
74.7.242.41 - - [14/Apr/2026:06:16:29 +0000] "GET /shop/pg/16211690711 HTTP/2.0" 500 1004 "https://www.elementalmill.com" "Mozilla/5.0 AppleWebKit/537.36 (KHTML, like Gecko; compatible; GPTBot/1.3; +https://openai.com/gptbot)"
74.7.243.205 - - [14/Apr/2026:06:16:32 +0000] "GET /shop/pg/1233599 HTTP/2.0" 500 1004 "https://www.elementalmill.com.lab2454.com/shop/pg/16211608686" "Mozilla/5.0 AppleWebKit/537.36 (KHTML, like Gecko; compatible; GPTBot/1.3; +https://openai.com/gptbot)"
74.7.227.48 - - [14/Apr/2026:06:16:40 +0000] "GET /shop/pg/1598347 HTTP/2.0" 500 1004 "https://www.elementalmill.com/shop/customer/bookmark.php?shopping/products/16211598347" "Mozilla/5.0 AppleWebKit/537.36 (KHTML, like Gecko; compatible; GPTBot/1.3; +https://openai.com/gptbot)"
74.7.227.185 - - [14/Apr/2026:06:16:43 +0000] "GET /shopping/products/16211535441 HTTP/2.0" 500 1004 "https://elementalmill.com.lab2454.com/shopping/products/16201352104" "Mozilla/5.0 AppleWebKit/537.36 (KHTML, like Gecko; compatible; GPTBot/1.3; +https://openai.com/gptbot)"
74.7.243.205 - - [14/Apr/2026:06:17:33 +0000] "GET /shop/pg/1573724 HTTP/2.0" 500 1004 "https://www.elementalmill.com.lab2454.com/shop/pg/16201357259" "Mozilla/5.0 AppleWebKit/537.36 (KHTML, like Gecko; compatible; GPTBot/1.3; +https://openai.com/gptbot)"
74.7.242.41 - - [14/Apr/2026:06:17:35 +0000] "GET /shop/pg/16201491326 HTTP/2.0" 500 1004 "https://elementalmill.com/?shopping/products/16201487054" "Mozilla/5.0 AppleWebKit/537.36 (KHTML, like Gecko; compatible; GPTBot/1.3; +https://openai.com/gptbot)"
87.250.224.6 - - [14/Apr/2026:06:17:42 +0000] "GET /shopping/products/16185784811 HTTP/1.1" 500 1004 "-" "Mozilla/5.0 (compatible; YandexBot/3.0; +http://yandex.com/bots)"
74.7.227.185 - - [14/Apr/2026:06:17:46 +0000] "GET /shopping/products/16211912058 HTTP/2.0" 500 1004 "https://elementalmill.com.lab2454.com/shopping/products/16201037959" "Mozilla/5.0 AppleWebKit/537.36 (KHTML, like Gecko; compatible; GPTBot/1.3; +https://openai.com/gptbot)"
87.250.224.245 - - [14/Apr/2026:06:18:27 +0000] "GET /robots.txt HTTP/1.1" 500 2431 "-" "Mozilla/5.0 (compatible; YandexBot/3.0; +http://yandex.com/bots)"
74.7.243.205 - - [14/Apr/2026:06:18:37 +0000] "GET /shop/pg/1595051 HTTP/2.0" 500 1004 "https://www.elementalmill.com.lab2454.com/shop/pg/16201378583" "Mozilla/5.0 AppleWebKit/537.36 (KHTML, like Gecko; compatible; GPTBot/1.3; +https://openai.com/gptbot)"
74.7.242.41 - - [14/Apr/2026:06:18:39 +0000] "GET /shop/pg/16201332963 HTTP/2.0" 500 1004 "https://elementalmill.com/?shopping/products/16201328686" "Mozilla/5.0 AppleWebKit/537.36 (KHTML, like Gecko; compatible; GPTBot/1.3; +https://openai.com/gptbot)"
