74.7.227.185 - - [14/Apr/2026:01:00:45 +0000] "GET /shopping/products/16201019552 HTTP/2.0" 500 1004 "https://elementalmill.com.lab2454.com/shopping/products/16232532370" "Mozilla/5.0 AppleWebKit/537.36 (KHTML, like Gecko; compatible; GPTBot/1.3; +https://openai.com/gptbot)"
66.249.64.40 - - [14/Apr/2026:01:00:54 +0000] "GET /?shop/88901104616.html HTTP/1.1" 200 26985 "-" "Mozilla/5.0 (Linux; Android 6.0.1; Nexus 5X Build/MMB29P) AppleWebKit/537.36 (KHTML, like Gecko) Chrome/146.0.7680.177 Mobile Safari/537.36 (compatible; Googlebot/2.1; +http://www.google.com/bot.html)"
74.7.242.41 - - [14/Apr/2026:01:01:16 +0000] "GET /shop/pg/16211684974 HTTP/2.0" 500 1004 "https://www.elementalmill.com" "Mozilla/5.0 AppleWebKit/537.36 (KHTML, like Gecko; compatible; GPTBot/1.3; +https://openai.com/gptbot)"
74.7.243.205 - - [14/Apr/2026:01:01:25 +0000] "GET /shop/pg/2147719 HTTP/2.0" 500 1004 "https://www.elementalmill.com.lab2454.com/shop/customer/bookmark.php?shopping/products/16222147719" "Mozilla/5.0 AppleWebKit/537.36 (KHTML, like Gecko; compatible; GPTBot/1.3; +https://openai.com/gptbot)"
66.249.64.41 - - [14/Apr/2026:01:01:31 +0000] "GET /?shop/891412894537.html HTTP/1.1" 200 27898 "-" "Mozilla/5.0 (Linux; Android 6.0.1; Nexus 5X Build/MMB29P) AppleWebKit/537.36 (KHTML, like Gecko) Chrome/146.0.7680.177 Mobile Safari/537.36 (compatible; Googlebot/2.1; +http://www.google.com/bot.html)"
74.7.227.185 - - [14/Apr/2026:01:01:46 +0000] "GET /shopping/products/16211552776 HTTP/2.0" 500 1004 "https://elementalmill.com.lab2454.com/shopping/products/16211539441" "Mozilla/5.0 AppleWebKit/537.36 (KHTML, like Gecko; compatible; GPTBot/1.3; +https://openai.com/gptbot)"
66.249.64.41 - - [14/Apr/2026:01:02:09 +0000] "GET /?shop/88932902040.html HTTP/1.1" 200 27174 "-" "Mozilla/5.0 (Linux; Android 6.0.1; Nexus 5X Build/MMB29P) AppleWebKit/537.36 (KHTML, like Gecko) Chrome/146.0.7680.177 Mobile Safari/537.36 (compatible; Googlebot/2.1; +http://www.google.com/bot.html)"
74.7.243.205 - - [14/Apr/2026:01:02:27 +0000] "GET /shop/pg/1382993 HTTP/2.0" 500 1004 "https://www.elementalmill.com.lab2454.com/shop/pg/16211758083" "Mozilla/5.0 AppleWebKit/537.36 (KHTML, like Gecko; compatible; GPTBot/1.3; +https://openai.com/gptbot)"
5.255.231.65 - - [14/Apr/2026:01:02:37 +0000] "GET /shopping/products/16222121414 HTTP/1.1" 500 1004 "-" "Mozilla/5.0 (compatible; YandexBot/3.0; +http://yandex.com/bots)"
74.7.227.48 - - [14/Apr/2026:01:02:44 +0000] "GET /shop/pg/1633135 HTTP/2.0" 500 1004 "https://www.elementalmill.com/shopping/products/16211633135" "Mozilla/5.0 AppleWebKit/537.36 (KHTML, like Gecko; compatible; GPTBot/1.3; +https://openai.com/gptbot)"
66.249.64.40 - - [14/Apr/2026:01:02:46 +0000] "GET /?shop/888818499.html HTTP/1.1" 200 27781 "-" "Mozilla/5.0 (Linux; Android 6.0.1; Nexus 5X Build/MMB29P) AppleWebKit/537.36 (KHTML, like Gecko) Chrome/146.0.7680.177 Mobile Safari/537.36 (compatible; Googlebot/2.1; +http://www.google.com/bot.html)"
74.7.227.185 - - [14/Apr/2026:01:02:50 +0000] "GET /shopping/products/16211894668 HTTP/2.0" 500 1004 "https://elementalmill.com.lab2454.com/shopping/products/16211773078" "Mozilla/5.0 AppleWebKit/537.36 (KHTML, like Gecko; compatible; GPTBot/1.3; +https://openai.com/gptbot)"
66.249.64.41 - - [14/Apr/2026:01:03:24 +0000] "GET /?shop/89079722459.html HTTP/1.1" 200 27274 "-" "Mozilla/5.0 (Linux; Android 6.0.1; Nexus 5X Build/MMB29P) AppleWebKit/537.36 (KHTML, like Gecko) Chrome/146.0.7680.177 Mobile Safari/537.36 (compatible; Googlebot/2.1; +http://www.google.com/bot.html)"
74.7.242.41 - - [14/Apr/2026:01:03:25 +0000] "GET /shop/pg/16211703533 HTTP/2.0" 500 1004 "https://www.elementalmill.com" "Mozilla/5.0 AppleWebKit/537.36 (KHTML, like Gecko; compatible; GPTBot/1.3; +https://openai.com/gptbot)"
74.7.243.205 - - [14/Apr/2026:01:03:29 +0000] "GET /shop/pg/2288933 HTTP/2.0" 500 1004 "https://www.elementalmill.com.lab2454.com/?shopping/products/16222288933" "Mozilla/5.0 AppleWebKit/537.36 (KHTML, like Gecko; compatible; GPTBot/1.3; +https://openai.com/gptbot)"
66.249.64.39 - - [14/Apr/2026:01:03:34 +0000] "GET /?shop/88901351097.html HTTP/1.1" 200 27279 "-" "Mozilla/5.0 (Linux; Android 6.0.1; Nexus 5X Build/MMB29P) AppleWebKit/537.36 (KHTML, like Gecko) Chrome/146.0.7680.177 Mobile Safari/537.36 (compatible; GoogleOther)"
74.7.227.48 - - [14/Apr/2026:01:03:43 +0000] "GET /shop/pg/2071162 HTTP/2.0" 500 1004 "https://www.elementalmill.com/shop/customer/bookmark.php?shopping/products/16222071162" "Mozilla/5.0 AppleWebKit/537.36 (KHTML, like Gecko; compatible; GPTBot/1.3; +https://openai.com/gptbot)"
74.7.227.185 - - [14/Apr/2026:01:03:48 +0000] "GET /shopping/products/16201142651 HTTP/2.0" 500 1004 "https://elementalmill.com.lab2454.com/shopping/products/16232552912" "Mozilla/5.0 AppleWebKit/537.36 (KHTML, like Gecko; compatible; GPTBot/1.3; +https://openai.com/gptbot)"
74.7.242.41 - - [14/Apr/2026:01:04:00 +0000] "GET /shop/pg/1174659 HTTP/2.0" 500 1004 "https://mail.elementalmill.com/?shopping/products/16201174659" "Mozilla/5.0 AppleWebKit/537.36 (KHTML, like Gecko; compatible; GPTBot/1.3; +https://openai.com/gptbot)"
66.249.64.41 - - [14/Apr/2026:01:04:01 +0000] "GET /?shop/88953784033.html HTTP/1.1" 200 26970 "-" "Mozilla/5.0 (Linux; Android 6.0.1; Nexus 5X Build/MMB29P) AppleWebKit/537.36 (KHTML, like Gecko) Chrome/146.0.7680.177 Mobile Safari/537.36 (compatible; Googlebot/2.1; +http://www.google.com/bot.html)"
158.158.43.6 - - [14/Apr/2026:01:04:09 +0000] "GET /wp-content/plugins/hellopress/wp_filemanager.php HTTP/1.1" 200 37423 "-" "-"
158.158.43.6 - - [14/Apr/2026:01:04:13 +0000] "GET /flower.php HTTP/1.1" 200 37385 "-" "-"
66.249.64.40 - - [14/Apr/2026:01:04:12 +0000] "GET /?shop/88911570465.html HTTP/1.1" 200 27843 "-" "Mozilla/5.0 (Linux; Android 6.0.1; Nexus 5X Build/MMB29P) AppleWebKit/537.36 (KHTML, like Gecko) Chrome/146.0.7680.177 Mobile Safari/537.36 (compatible; GoogleOther)"
158.158.43.6 - - [14/Apr/2026:01:04:15 +0000] "GET /a7.php HTTP/1.1" 200 37381 "-" "-"
158.158.43.6 - - [14/Apr/2026:01:04:17 +0000] "GET /doc.php HTTP/1.1" 200 37382 "-" "-"
158.158.43.6 - - [14/Apr/2026:01:04:25 +0000] "GET /mifta.php HTTP/1.1" 200 37384 "-" "-"
74.7.242.41 - - [14/Apr/2026:01:04:31 +0000] "GET /shop/pg/16211886273 HTTP/2.0" 500 1004 "https://www.elementalmill.com" "Mozilla/5.0 AppleWebKit/537.36 (KHTML, like Gecko; compatible; GPTBot/1.3; +https://openai.com/gptbot)"
158.158.43.6 - - [14/Apr/2026:01:04:34 +0000] "GET /Geforce.php HTTP/1.1" 200 37386 "-" "-"
158.158.43.6 - - [14/Apr/2026:01:04:36 +0000] "GET /packsin1.php HTTP/1.1" 200 37387 "-" "-"
74.7.243.205 - - [14/Apr/2026:01:04:35 +0000] "GET /shop/pg/1281863 HTTP/2.0" 500 1004 "https://www.elementalmill.com.lab2454.com/shop/pg/16201065398" "Mozilla/5.0 AppleWebKit/537.36 (KHTML, like Gecko; compatible; GPTBot/1.3; +https://openai.com/gptbot)"
158.158.43.6 - - [14/Apr/2026:01:04:37 +0000] "GET /xs.php HTTP/1.1" 200 37381 "-" "-"
158.158.43.6 - - [14/Apr/2026:01:04:38 +0000] "GET /son1.php HTTP/1.1" 200 37383 "-" "-"
158.158.43.6 - - [14/Apr/2026:01:04:40 +0000] "GET /wp-includes/theme-compat/wp-login.php HTTP/1.1" 200 37412 "-" "-"
66.249.73.8 - - [14/Apr/2026:01:04:39 +0000] "GET /?shop/891111805388.html HTTP/1.1" 200 28040 "-" "Mozilla/5.0 (Linux; Android 6.0.1; Nexus 5X Build/MMB29P) AppleWebKit/537.36 (KHTML, like Gecko) Chrome/146.0.7680.177 Mobile Safari/537.36 (compatible; Googlebot/2.1; +http://www.google.com/bot.html)"
158.158.43.6 - - [14/Apr/2026:01:04:42 +0000] "GET /aboute.php HTTP/1.1" 200 37385 "-" "-"
158.158.43.6 - - [14/Apr/2026:01:04:49 +0000] "GET /pp.php HTTP/1.1" 200 37381 "-" "-"
74.7.227.185 - - [14/Apr/2026:01:04:50 +0000] "GET /shopping/products/16201098438 HTTP/2.0" 500 1004 "https://elementalmill.com.lab2454.com/shopping/products/16232637394" "Mozilla/5.0 AppleWebKit/537.36 (KHTML, like Gecko; compatible; GPTBot/1.3; +https://openai.com/gptbot)"
158.158.43.6 - - [14/Apr/2026:01:04:53 +0000] "GET /ng.php HTTP/1.1" 200 37381 "-" "-"
158.158.43.6 - - [14/Apr/2026:01:04:55 +0000] "GET /tiny2.php HTTP/1.1" 200 37384 "-" "-"
158.158.43.6 - - [14/Apr/2026:01:04:57 +0000] "GET /state.php HTTP/1.1" 200 37384 "-" "-"
158.158.43.6 - - [14/Apr/2026:01:05:01 +0000] "GET /2.php HTTP/1.1" 200 37380 "-" "-"
158.158.43.6 - - [14/Apr/2026:01:05:05 +0000] "GET /wps.php HTTP/1.1" 200 37382 "-" "-"
74.7.242.41 - - [14/Apr/2026:01:05:06 +0000] "GET /shop/pg/2309380 HTTP/2.0" 500 1004 "https://mail.elementalmill.com/?shopping/products/16222309380" "Mozilla/5.0 AppleWebKit/537.36 (KHTML, like Gecko; compatible; GPTBot/1.3; +https://openai.com/gptbot)"
158.158.43.6 - - [14/Apr/2026:01:05:07 +0000] "GET /ayk.php HTTP/1.1" 200 37382 "-" "-"
158.158.43.6 - - [14/Apr/2026:01:05:09 +0000] "GET /wgift1.php HTTP/1.1" 200 37385 "-" "-"
158.158.43.6 - - [14/Apr/2026:01:05:10 +0000] "GET /ss.php HTTP/1.1" 200 37381 "-" "-"
158.158.43.6 - - [14/Apr/2026:01:05:11 +0000] "GET /tx79.php HTTP/1.1" 200 37383 "-" "-"
158.158.43.6 - - [14/Apr/2026:01:05:12 +0000] "GET /7.php HTTP/1.1" 200 37380 "-" "-"
158.158.43.6 - - [14/Apr/2026:01:05:14 +0000] "GET /wp-admin/images/admin.php HTTP/1.1" 200 37400 "-" "-"
158.158.43.6 - - [14/Apr/2026:01:05:15 +0000] "GET /config.php HTTP/1.1" 200 37385 "-" "-"
158.158.43.6 - - [14/Apr/2026:01:05:17 +0000] "GET /gecko.php HTTP/1.1" 200 37384 "-" "-"
66.249.64.40 - - [14/Apr/2026:01:05:16 +0000] "GET /?shop/89079684544.html HTTP/1.1" 200 28429 "-" "Mozilla/5.0 (Linux; Android 6.0.1; Nexus 5X Build/MMB29P) AppleWebKit/537.36 (KHTML, like Gecko) Chrome/146.0.7680.177 Mobile Safari/537.36 (compatible; Googlebot/2.1; +http://www.google.com/bot.html)"
158.158.43.6 - - [14/Apr/2026:01:05:19 +0000] "GET /tiny HTTP/1.1" 200 37379 "-" "-"
158.158.43.6 - - [14/Apr/2026:01:05:21 +0000] "GET /tiny.php HTTP/1.1" 200 37383 "-" "-"
158.158.43.6 - - [14/Apr/2026:01:05:22 +0000] "GET /eFpU3yHnriNNLtvdefault.php HTTP/1.1" 200 37401 "-" "-"
158.158.43.6 - - [14/Apr/2026:01:05:24 +0000] "GET /class-wp-image.php HTTP/1.1" 200 37393 "-" "-"
158.158.43.6 - - [14/Apr/2026:01:05:28 +0000] "GET /8.php HTTP/1.1" 200 37380 "-" "-"
158.158.43.6 - - [14/Apr/2026:01:05:32 +0000] "GET /sadcut1.php HTTP/1.1" 200 37386 "-" "-"
74.7.242.41 - - [14/Apr/2026:01:05:32 +0000] "GET /shop/pg/16211815613 HTTP/2.0" 500 1004 "https://www.elementalmill.com" "Mozilla/5.0 AppleWebKit/537.36 (KHTML, like Gecko; compatible; GPTBot/1.3; +https://openai.com/gptbot)"
74.7.243.205 - - [14/Apr/2026:01:05:38 +0000] "GET /shop/pg/1688475 HTTP/2.0" 500 1004 "https://www.elementalmill.com.lab2454.com/shop/pg/1619547329" "Mozilla/5.0 AppleWebKit/537.36 (KHTML, like Gecko; compatible; GPTBot/1.3; +https://openai.com/gptbot)"
158.158.43.6 - - [14/Apr/2026:01:05:40 +0000] "GET /footer.php HTTP/1.1" 200 37385 "-" "-"
158.158.43.6 - - [14/Apr/2026:01:05:45 +0000] "GET /img.php HTTP/1.1" 200 37382 "-" "-"
158.158.43.6 - - [14/Apr/2026:01:05:51 +0000] "GET /12.php HTTP/1.1" 200 37381 "-" "-"
158.158.43.6 - - [14/Apr/2026:01:05:53 +0000] "GET /xwx1.php HTTP/1.1" 200 37383 "-" "-"
74.7.227.185 - - [14/Apr/2026:01:05:54 +0000] "GET /shopping/products/16211987182 HTTP/2.0" 500 1004 "https://elementalmill.com.lab2454.com/shopping/products/16211530194" "Mozilla/5.0 AppleWebKit/537.36 (KHTML, like Gecko; compatible; GPTBot/1.3; +https://openai.com/gptbot)"
158.158.43.6 - - [14/Apr/2026:01:05:54 +0000] "GET /xff.php HTTP/1.1" 200 37382 "-" "-"
66.249.64.39 - - [14/Apr/2026:01:05:54 +0000] "GET /?shop/88943124512.html HTTP/1.1" 200 28703 "-" "Mozilla/5.0 (Linux; Android 6.0.1; Nexus 5X Build/MMB29P) AppleWebKit/537.36 (KHTML, like Gecko) Chrome/146.0.7680.177 Mobile Safari/537.36 (compatible; Googlebot/2.1; +http://www.google.com/bot.html)"
158.158.43.6 - - [14/Apr/2026:01:05:55 +0000] "GET /lib.php HTTP/1.1" 200 37382 "-" "-"
158.158.43.6 - - [14/Apr/2026:01:05:58 +0000] "GET /roksad1.php HTTP/1.1" 200 37386 "-" "-"
158.158.43.6 - - [14/Apr/2026:01:06:00 +0000] "GET /wmore1.php HTTP/1.1" 200 37385 "-" "-"
158.158.43.6 - - [14/Apr/2026:01:06:04 +0000] "GET /adminfuns.php HTTP/1.1" 200 37388 "-" "-"
5.255.231.49 - - [14/Apr/2026:01:06:05 +0000] "GET /shopping/products/1619857743 HTTP/1.1" 500 1004 "-" "Mozilla/5.0 (compatible; YandexBot/3.0; +http://yandex.com/bots)"
158.158.43.6 - - [14/Apr/2026:01:06:08 +0000] "GET /chosen.php HTTP/1.1" 200 37385 "-" "-"
158.158.43.6 - - [14/Apr/2026:01:06:10 +0000] "GET /dass.php HTTP/1.1" 200 37383 "-" "-"
74.7.242.41 - - [14/Apr/2026:01:06:10 +0000] "GET /shop/pg/1190718 HTTP/2.0" 500 1004 "https://mail.elementalmill.com/?shopping/products/16201190718" "Mozilla/5.0 AppleWebKit/537.36 (KHTML, like Gecko; compatible; GPTBot/1.3; +https://openai.com/gptbot)"
158.158.43.6 - - [14/Apr/2026:01:06:16 +0000] "GET /db.php HTTP/1.1" 200 37381 "-" "-"
158.158.43.6 - - [14/Apr/2026:01:06:20 +0000] "GET /less.php HTTP/1.1" 200 37383 "-" "-"
158.158.43.6 - - [14/Apr/2026:01:06:30 +0000] "GET /ws86.php HTTP/1.1" 200 37383 "-" "-"
95.108.213.81 - - [14/Apr/2026:01:06:33 +0000] "GET /shopping/products/16211607126 HTTP/1.1" 500 1004 "-" "Mozilla/5.0 (compatible; YandexBot/3.0; +http://yandex.com/bots)"
66.249.64.41 - - [14/Apr/2026:01:06:34 +0000] "GET /?shop/89089992031.html HTTP/1.1" 200 27816 "-" "Mozilla/5.0 (Linux; Android 6.0.1; Nexus 5X Build/MMB29P) AppleWebKit/537.36 (KHTML, like Gecko) Chrome/146.0.7680.177 Mobile Safari/537.36 (compatible; Googlebot/2.1; +http://www.google.com/bot.html)"
66.249.64.40 - - [14/Apr/2026:01:06:35 +0000] "GET /?shop/891312743277.html HTTP/1.1" 200 27695 "-" "Mozilla/5.0 (Linux; Android 6.0.1; Nexus 5X Build/MMB29P) AppleWebKit/537.36 (KHTML, like Gecko) Chrome/146.0.7680.177 Mobile Safari/537.36 (compatible; Googlebot/2.1; +http://www.google.com/bot.html)"
74.7.243.205 - - [14/Apr/2026:01:06:40 +0000] "GET /shop/pg/1130174 HTTP/2.0" 500 1004 "https://www.elementalmill.com.lab2454.com/shop/pg/16211505273" "Mozilla/5.0 AppleWebKit/537.36 (KHTML, like Gecko; compatible; GPTBot/1.3; +https://openai.com/gptbot)"
74.7.227.48 - - [14/Apr/2026:01:06:48 +0000] "GET /shop/pg/2491007 HTTP/2.0" 500 1004 "https://www.elementalmill.com/?shopping/products/16222491007" "Mozilla/5.0 AppleWebKit/537.36 (KHTML, like Gecko; compatible; GPTBot/1.3; +https://openai.com/gptbot)"
74.7.227.185 - - [14/Apr/2026:01:06:56 +0000] "GET /shopping/products/16211870482 HTTP/2.0" 500 1004 "https://elementalmill.com.lab2454.com/shopping/products/16201413753" "Mozilla/5.0 AppleWebKit/537.36 (KHTML, like Gecko; compatible; GPTBot/1.3; +https://openai.com/gptbot)"
66.249.64.41 - - [14/Apr/2026:01:07:09 +0000] "GET /?shop/891111455241.html HTTP/1.1" 200 27813 "-" "Mozilla/5.0 (Linux; Android 6.0.1; Nexus 5X Build/MMB29P) AppleWebKit/537.36 (KHTML, like Gecko) Chrome/146.0.7680.177 Mobile Safari/537.36 (compatible; Googlebot/2.1; +http://www.google.com/bot.html)"
158.158.43.6 - - [14/Apr/2026:01:07:13 +0000] "GET /1s7y8wt9dz.php HTTP/1.1" 200 37389 "-" "-"
158.158.43.6 - - [14/Apr/2026:01:07:19 +0000] "GET /bdktk.php HTTP/1.1" 200 37384 "-" "-"
158.158.43.6 - - [14/Apr/2026:01:07:29 +0000] "GET /v5.php HTTP/1.1" 200 37381 "-" "-"
158.158.43.6 - - [14/Apr/2026:01:07:31 +0000] "GET /ws85.php HTTP/1.1" 200 37383 "-" "-"
158.158.43.6 - - [14/Apr/2026:01:07:34 +0000] "GET /ws87.php HTTP/1.1" 200 37383 "-" "-"
158.158.43.6 - - [14/Apr/2026:01:07:37 +0000] "GET /layout.php HTTP/1.1" 200 37385 "-" "-"
158.158.43.6 - - [14/Apr/2026:01:07:43 +0000] "GET /r2.php HTTP/1.1" 200 37381 "-" "-"
74.7.243.205 - - [14/Apr/2026:01:07:46 +0000] "GET /shop/pg/1588391 HTTP/2.0" 500 1004 "https://www.elementalmill.com.lab2454.com/shop/pg/1587226" "Mozilla/5.0 AppleWebKit/537.36 (KHTML, like Gecko; compatible; GPTBot/1.3; +https://openai.com/gptbot)"
66.249.64.39 - - [14/Apr/2026:01:07:46 +0000] "GET /?shop/888891867.html HTTP/1.1" 200 28678 "-" "Mozilla/5.0 (Linux; Android 6.0.1; Nexus 5X Build/MMB29P) AppleWebKit/537.36 (KHTML, like Gecko) Chrome/146.0.7680.177 Mobile Safari/537.36 (compatible; Googlebot/2.1; +http://www.google.com/bot.html)"
158.158.43.6 - - [14/Apr/2026:01:07:49 +0000] "GET /ah25.php HTTP/1.1" 200 37383 "-" "-"
74.7.227.48 - - [14/Apr/2026:01:07:52 +0000] "GET /shop/pg/2507234 HTTP/2.0" 500 1004 "https://www.elementalmill.com/shopping/products/16232507234" "Mozilla/5.0 AppleWebKit/537.36 (KHTML, like Gecko; compatible; GPTBot/1.3; +https://openai.com/gptbot)"
158.158.43.6 - - [14/Apr/2026:01:07:53 +0000] "GET /006.php HTTP/1.1" 200 37382 "-" "-"
158.158.43.6 - - [14/Apr/2026:01:07:56 +0000] "GET /samll.php HTTP/1.1" 200 37384 "-" "-"
158.158.43.6 - - [14/Apr/2026:01:07:57 +0000] "GET /zogy1.php HTTP/1.1" 200 37384 "-" "-"
158.158.43.6 - - [14/Apr/2026:01:08:00 +0000] "GET /aios-bootstrap.php HTTP/1.1" 200 37393 "-" "-"
74.7.227.185 - - [14/Apr/2026:01:08:01 +0000] "GET /shopping/products/16211816770 HTTP/2.0" 500 1004 "https://elementalmill.com.lab2454.com/shopping/products/16211669374" "Mozilla/5.0 AppleWebKit/537.36 (KHTML, like Gecko; compatible; GPTBot/1.3; +https://openai.com/gptbot)"
158.158.43.6 - - [14/Apr/2026:01:08:05 +0000] "GET /rh.php HTTP/1.1" 200 37381 "-" "-"
158.158.43.6 - - [14/Apr/2026:01:08:13 +0000] "GET /gz.php HTTP/1.1" 200 37381 "-" "-"
158.158.43.6 - - [14/Apr/2026:01:08:24 +0000] "GET /gelio1.php HTTP/1.1" 200 37385 "-" "-"
66.249.64.41 - - [14/Apr/2026:01:08:24 +0000] "GET /?shop/89006339999.html HTTP/1.1" 200 27552 "-" "Mozilla/5.0 (Linux; Android 6.0.1; Nexus 5X Build/MMB29P) AppleWebKit/537.36 (KHTML, like Gecko) Chrome/146.0.7680.177 Mobile Safari/537.36 (compatible; Googlebot/2.1; +http://www.google.com/bot.html)"
158.158.43.6 - - [14/Apr/2026:01:08:27 +0000] "GET /areak1.php HTTP/1.1" 200 37385 "-" "-"
158.158.43.6 - - [14/Apr/2026:01:08:28 +0000] "GET /qqa.php HTTP/1.1" 200 37382 "-" "-"
158.158.43.6 - - [14/Apr/2026:01:08:30 +0000] "GET /dx.php HTTP/1.1" 200 37381 "-" "-"
158.158.43.6 - - [14/Apr/2026:01:08:31 +0000] "GET /ga.php HTTP/1.1" 200 37381 "-" "-"
158.158.43.6 - - [14/Apr/2026:01:08:33 +0000] "GET /xozx.php HTTP/1.1" 200 37383 "-" "-"
158.158.43.6 - - [14/Apr/2026:01:08:34 +0000] "GET /1100.php HTTP/1.1" 200 37383 "-" "-"
158.158.43.6 - - [14/Apr/2026:01:08:39 +0000] "GET /press.php HTTP/1.1" 200 37384 "-" "-"
158.158.43.6 - - [14/Apr/2026:01:08:43 +0000] "GET /f35.php HTTP/1.1" 200 37382 "-" "-"
74.7.242.41 - - [14/Apr/2026:01:08:45 +0000] "GET /shop/pg/16211534219 HTTP/2.0" 500 1004 "https://www.elementalmill.com" "Mozilla/5.0 AppleWebKit/537.36 (KHTML, like Gecko; compatible; GPTBot/1.3; +https://openai.com/gptbot)"
158.158.43.6 - - [14/Apr/2026:01:08:46 +0000] "GET /wp-kz.php HTTP/1.1" 200 37384 "-" "-"
158.158.43.6 - - [14/Apr/2026:01:08:47 +0000] "GET /wp-lo.php HTTP/1.1" 200 37384 "-" "-"
158.158.43.6 - - [14/Apr/2026:01:08:49 +0000] "GET /fone1.php HTTP/1.1" 200 37384 "-" "-"
74.7.243.205 - - [14/Apr/2026:01:08:48 +0000] "GET /shop/pg/1381836 HTTP/2.0" 500 1004 "https://www.elementalmill.com.lab2454.com/?shopping/products/16201381836" "Mozilla/5.0 AppleWebKit/537.36 (KHTML, like Gecko; compatible; GPTBot/1.3; +https://openai.com/gptbot)"
158.158.43.6 - - [14/Apr/2026:01:08:50 +0000] "GET /Ipv6.php HTTP/1.1" 200 37383 "-" "-"
66.249.64.40 - - [14/Apr/2026:01:09:01 +0000] "GET /?shop/88922248997.html HTTP/1.1" 200 27163 "-" "Mozilla/5.0 (Linux; Android 6.0.1; Nexus 5X Build/MMB29P) AppleWebKit/537.36 (KHTML, like Gecko) Chrome/146.0.7680.177 Mobile Safari/537.36 (compatible; Googlebot/2.1; +http://www.google.com/bot.html)"
74.7.227.185 - - [14/Apr/2026:01:09:04 +0000] "GET /shopping/products/16211805201 HTTP/2.0" 500 1004 "https://elementalmill.com.lab2454.com/shopping/products/16211778531" "Mozilla/5.0 AppleWebKit/537.36 (KHTML, like Gecko; compatible; GPTBot/1.3; +https://openai.com/gptbot)"
66.249.64.39 - - [14/Apr/2026:01:09:39 +0000] "GET /?shop/88995570140.html HTTP/1.1" 200 27425 "-" "Mozilla/5.0 (Linux; Android 6.0.1; Nexus 5X Build/MMB29P) AppleWebKit/537.36 (KHTML, like Gecko) Chrome/146.0.7680.177 Mobile Safari/537.36 (compatible; Googlebot/2.1; +http://www.google.com/bot.html)"
74.7.242.41 - - [14/Apr/2026:01:09:45 +0000] "GET /shop/pg/16201042802 HTTP/2.0" 500 1004 "https://elementalmill.com/index.php?shopping/products/16201037625" "Mozilla/5.0 AppleWebKit/537.36 (KHTML, like Gecko; compatible; GPTBot/1.3; +https://openai.com/gptbot)"
74.7.243.205 - - [14/Apr/2026:01:09:52 +0000] "GET /shop/pg/1148794 HTTP/2.0" 500 1004 "https://www.elementalmill.com.lab2454.com/shop/pg/1147634" "Mozilla/5.0 AppleWebKit/537.36 (KHTML, like Gecko; compatible; GPTBot/1.3; +https://openai.com/gptbot)"
66.249.64.39 - - [14/Apr/2026:01:10:01 +0000] "GET /?shop/88911983223.html HTTP/1.1" 200 27311 "-" "Mozilla/5.0 (Linux; Android 6.0.1; Nexus 5X Build/MMB29P) AppleWebKit/537.36 (KHTML, like Gecko) Chrome/146.0.7680.177 Mobile Safari/537.36 (compatible; GoogleOther)"
74.7.227.185 - - [14/Apr/2026:01:10:09 +0000] "GET /shopping/products/16201105185 HTTP/2.0" 500 1004 "https://elementalmill.com.lab2454.com/shopping/products/16201334370" "Mozilla/5.0 AppleWebKit/537.36 (KHTML, like Gecko; compatible; GPTBot/1.3; +https://openai.com/gptbot)"
66.249.64.40 - - [14/Apr/2026:01:10:26 +0000] "GET /?shop/8888196490.html HTTP/1.1" 200 28540 "-" "Mozilla/5.0 (Linux; Android 6.0.1; Nexus 5X Build/MMB29P) AppleWebKit/537.36 (KHTML, like Gecko) Chrome/146.0.7680.177 Mobile Safari/537.36 (compatible; GoogleOther)"
66.249.64.39 - - [14/Apr/2026:01:10:27 +0000] "GET /?shop/89058416846.html HTTP/1.1" 200 28125 "-" "Mozilla/5.0 (Linux; Android 6.0.1; Nexus 5X Build/MMB29P) AppleWebKit/537.36 (KHTML, like Gecko) Chrome/146.0.7680.177 Mobile Safari/537.36 (compatible; Googlebot/2.1; +http://www.google.com/bot.html)"
66.249.64.39 - - [14/Apr/2026:01:10:34 +0000] "GET /shop/8888189976.html HTTP/1.1" 200 27684 "-" "Mozilla/5.0 (Linux; Android 6.0.1; Nexus 5X Build/MMB29P) AppleWebKit/537.36 (KHTML, like Gecko) Chrome/146.0.7680.177 Mobile Safari/537.36 (compatible; GoogleOther)"
66.249.64.39 - - [14/Apr/2026:01:10:42 +0000] "GET /?shop/88974686234.html HTTP/1.1" 200 27758 "-" "Mozilla/5.0 (Linux; Android 6.0.1; Nexus 5X Build/MMB29P) AppleWebKit/537.36 (KHTML, like Gecko) Chrome/146.0.7680.177 Mobile Safari/537.36 (compatible; GoogleOther)"
74.7.242.41 - - [14/Apr/2026:01:10:50 +0000] "GET /shop/pg/16201199248 HTTP/2.0" 500 1004 "https://elementalmill.com/index.php?shopping/products/16201194067" "Mozilla/5.0 AppleWebKit/537.36 (KHTML, like Gecko; compatible; GPTBot/1.3; +https://openai.com/gptbot)"
74.7.243.205 - - [14/Apr/2026:01:10:54 +0000] "GET /shop/pg/1199810 HTTP/2.0" 500 1004 "https://www.elementalmill.com.lab2454.com/shop/pg/16211574894" "Mozilla/5.0 AppleWebKit/537.36 (KHTML, like Gecko; compatible; GPTBot/1.3; +https://openai.com/gptbot)"
66.249.64.39 - - [14/Apr/2026:01:11:01 +0000] "GET /?shop/88932973242.html HTTP/1.1" 200 28109 "-" "Mozilla/5.0 (Linux; Android 6.0.1; Nexus 5X Build/MMB29P) AppleWebKit/537.36 (KHTML, like Gecko) Chrome/146.0.7680.177 Mobile Safari/537.36 (compatible; Googlebot/2.1; +http://www.google.com/bot.html)"
74.7.227.48 - - [14/Apr/2026:01:11:03 +0000] "GET /shop/pg/1106112 HTTP/2.0" 500 1004 "https://www.elementalmill.com/?shopping/products/16201106112" "Mozilla/5.0 AppleWebKit/537.36 (KHTML, like Gecko; compatible; GPTBot/1.3; +https://openai.com/gptbot)"
74.7.227.185 - - [14/Apr/2026:01:11:12 +0000] "GET /shopping/products/16232596357 HTTP/2.0" 500 1004 "https://elementalmill.com.lab2454.com/shopping/products/16211595082" "Mozilla/5.0 AppleWebKit/537.36 (KHTML, like Gecko; compatible; GPTBot/1.3; +https://openai.com/gptbot)"
66.249.64.40 - - [14/Apr/2026:01:11:31 +0000] "GET /?shop/89037809036.html HTTP/1.1" 200 28354 "-" "Mozilla/5.0 (Linux; Android 6.0.1; Nexus 5X Build/MMB29P) AppleWebKit/537.36 (KHTML, like Gecko) Chrome/146.0.7680.177 Mobile Safari/537.36 (compatible; Googlebot/2.1; +http://www.google.com/bot.html)"
74.7.242.41 - - [14/Apr/2026:01:11:52 +0000] "GET /shop/pg/16211539815 HTTP/2.0" 500 1004 "https://www.elementalmill.com" "Mozilla/5.0 AppleWebKit/537.36 (KHTML, like Gecko; compatible; GPTBot/1.3; +https://openai.com/gptbot)"
74.7.243.205 - - [14/Apr/2026:01:11:58 +0000] "GET /shop/pg/1545564 HTTP/2.0" 500 1004 "https://www.elementalmill.com.lab2454.com/shop/pg/16211920661" "Mozilla/5.0 AppleWebKit/537.36 (KHTML, like Gecko; compatible; GPTBot/1.3; +https://openai.com/gptbot)"
74.7.227.48 - - [14/Apr/2026:01:12:08 +0000] "GET /shop/pg/1982978 HTTP/2.0" 500 1004 "https://www.elementalmill.com/?shopping/products/16211982978" "Mozilla/5.0 AppleWebKit/537.36 (KHTML, like Gecko; compatible; GPTBot/1.3; +https://openai.com/gptbot)"
66.249.64.40 - - [14/Apr/2026:01:12:09 +0000] "GET /?shop/89058433892.html HTTP/1.1" 200 27715 "-" "Mozilla/5.0 (Linux; Android 6.0.1; Nexus 5X Build/MMB29P) AppleWebKit/537.36 (KHTML, like Gecko) Chrome/146.0.7680.177 Mobile Safari/537.36 (compatible; Googlebot/2.1; +http://www.google.com/bot.html)"
66.249.64.40 - - [14/Apr/2026:01:12:24 +0000] "GET /?shop/8888386781.html HTTP/1.1" 200 26761 "-" "Mozilla/5.0 (Linux; Android 6.0.1; Nexus 5X Build/MMB29P) AppleWebKit/537.36 (KHTML, like Gecko) Chrome/146.0.7680.177 Mobile Safari/537.36 (compatible; GoogleOther)"
74.7.242.41 - - [14/Apr/2026:01:12:26 +0000] "GET /shop/pg/2096245 HTTP/2.0" 500 1004 "https://mail.elementalmill.com/shopping/products/16222096245" "Mozilla/5.0 AppleWebKit/537.36 (KHTML, like Gecko; compatible; GPTBot/1.3; +https://openai.com/gptbot)"
66.249.64.39 - - [14/Apr/2026:01:12:46 +0000] "GET /?shop/89089959523.html HTTP/1.1" 200 27276 "-" "Mozilla/5.0 (Linux; Android 6.0.1; Nexus 5X Build/MMB29P) AppleWebKit/537.36 (KHTML, like Gecko) Chrome/146.0.7680.177 Mobile Safari/537.36 (compatible; Googlebot/2.1; +http://www.google.com/bot.html)"
74.7.242.41 - - [14/Apr/2026:01:12:54 +0000] "GET /shop/pg/16211767874 HTTP/2.0" 500 1004 "https://www.elementalmill.com" "Mozilla/5.0 AppleWebKit/537.36 (KHTML, like Gecko; compatible; GPTBot/1.3; +https://openai.com/gptbot)"
74.7.243.205 - - [14/Apr/2026:01:13:04 +0000] "GET /shop/pg/1393633 HTTP/2.0" 500 1004 "https://www.elementalmill.com.lab2454.com/shop/pg/16201177173" "Mozilla/5.0 AppleWebKit/537.36 (KHTML, like Gecko; compatible; GPTBot/1.3; +https://openai.com/gptbot)"
74.7.227.48 - - [14/Apr/2026:01:13:14 +0000] "GET /shop/pg/2593350 HTTP/2.0" 500 1004 "https://www.elementalmill.com/shopping/products/16232593350" "Mozilla/5.0 AppleWebKit/537.36 (KHTML, like Gecko; compatible; GPTBot/1.3; +https://openai.com/gptbot)"
5.255.231.65 - - [14/Apr/2026:01:13:25 +0000] "GET /shopping/products/16211716250 HTTP/1.1" 500 1004 "-" "Mozilla/5.0 (compatible; YandexBot/3.0; +http://yandex.com/bots)"
66.249.64.41 - - [14/Apr/2026:01:13:27 +0000] "GET /?shop/891111583142.html HTTP/1.1" 200 27377 "-" "Mozilla/5.0 (Linux; Android 6.0.1; Nexus 5X Build/MMB29P) AppleWebKit/537.36 (KHTML, like Gecko) Chrome/146.0.7680.177 Mobile Safari/537.36 (compatible; Googlebot/2.1; +http://www.google.com/bot.html)"
74.7.242.41 - - [14/Apr/2026:01:13:57 +0000] "GET /shop/pg/16201282094 HTTP/2.0" 500 1004 "https://www.elementalmill.com" "Mozilla/5.0 AppleWebKit/537.36 (KHTML, like Gecko; compatible; GPTBot/1.3; +https://openai.com/gptbot)"
66.249.64.41 - - [14/Apr/2026:01:14:07 +0000] "GET /?shop/891513879793.html HTTP/1.1" 200 27545 "-" "Mozilla/5.0 (Linux; Android 6.0.1; Nexus 5X Build/MMB29P) AppleWebKit/537.36 (KHTML, like Gecko) Chrome/146.0.7680.177 Mobile Safari/537.36 (compatible; Googlebot/2.1; +http://www.google.com/bot.html)"
74.7.243.205 - - [14/Apr/2026:01:14:08 +0000] "GET /shop/pg/1205790 HTTP/2.0" 500 1004 "https://www.elementalmill.com.lab2454.com/shop/pg/16211580881" "Mozilla/5.0 AppleWebKit/537.36 (KHTML, like Gecko; compatible; GPTBot/1.3; +https://openai.com/gptbot)"
74.7.227.185 - - [14/Apr/2026:01:14:25 +0000] "GET /shopping/products/16211977213 HTTP/2.0" 500 1004 "https://elementalmill.com.lab2454.com/shopping/products/16201451520" "Mozilla/5.0 AppleWebKit/537.36 (KHTML, like Gecko; compatible; GPTBot/1.3; +https://openai.com/gptbot)"
66.249.64.39 - - [14/Apr/2026:01:14:26 +0000] "GET /?shop/8888333677.html HTTP/1.1" 200 26732 "-" "Mozilla/5.0 (Linux; Android 6.0.1; Nexus 5X Build/MMB29P) AppleWebKit/537.36 (KHTML, like Gecko) Chrome/146.0.7680.177 Mobile Safari/537.36 (compatible; Googlebot/2.1; +http://www.google.com/bot.html)"
66.249.64.39 - - [14/Apr/2026:01:14:39 +0000] "GET /?shop/891413330140.html HTTP/1.1" 200 27368 "-" "Mozilla/5.0 (Linux; Android 6.0.1; Nexus 5X Build/MMB29P) AppleWebKit/537.36 (KHTML, like Gecko) Chrome/146.0.7680.177 Mobile Safari/537.36 (compatible; Googlebot/2.1; +http://www.google.com/bot.html)"
66.249.64.39 - - [14/Apr/2026:01:14:55 +0000] "GET /?shop/8888273146.html HTTP/1.1" 200 28019 "-" "Mozilla/5.0 (Linux; Android 6.0.1; Nexus 5X Build/MMB29P) AppleWebKit/537.36 (KHTML, like Gecko) Chrome/146.0.7680.177 Mobile Safari/537.36 (compatible; GoogleOther)"
74.7.242.41 - - [14/Apr/2026:01:15:01 +0000] "GET /shop/pg/16201068762 HTTP/2.0" 500 1004 "https://www.elementalmill.com" "Mozilla/5.0 AppleWebKit/537.36 (KHTML, like Gecko; compatible; GPTBot/1.3; +https://openai.com/gptbot)"
74.7.243.205 - - [14/Apr/2026:01:15:14 +0000] "GET /shop/pg/1550357 HTTP/2.0" 500 1004 "https://www.elementalmill.com.lab2454.com/shop/pg/1549192" "Mozilla/5.0 AppleWebKit/537.36 (KHTML, like Gecko; compatible; GPTBot/1.3; +https://openai.com/gptbot)"
66.249.64.39 - - [14/Apr/2026:01:15:16 +0000] "GET /?shop/890810273456.html HTTP/1.1" 200 27185 "-" "Mozilla/5.0 (Linux; Android 6.0.1; Nexus 5X Build/MMB29P) AppleWebKit/537.36 (KHTML, like Gecko) Chrome/146.0.7680.177 Mobile Safari/537.36 (compatible; Googlebot/2.1; +http://www.google.com/bot.html)"
74.7.227.48 - - [14/Apr/2026:01:15:24 +0000] "GET /shop/pg/2639601 HTTP/2.0" 500 1004 "https://www.elementalmill.com/?shopping/products/16232639601" "Mozilla/5.0 AppleWebKit/537.36 (KHTML, like Gecko; compatible; GPTBot/1.3; +https://openai.com/gptbot)"
74.7.227.185 - - [14/Apr/2026:01:15:25 +0000] "GET /shopping/products/16201483501 HTTP/2.0" 500 1004 "https://elementalmill.com.lab2454.com/shopping/products/16211832745" "Mozilla/5.0 AppleWebKit/537.36 (KHTML, like Gecko; compatible; GPTBot/1.3; +https://openai.com/gptbot)"
74.7.242.41 - - [14/Apr/2026:01:15:31 +0000] "GET /shop/pg/2411842 HTTP/2.0" 500 1004 "https://mail.elementalmill.com/shop/customer/bookmark.php?shopping/products/16222411842" "Mozilla/5.0 AppleWebKit/537.36 (KHTML, like Gecko; compatible; GPTBot/1.3; +https://openai.com/gptbot)"
66.249.64.40 - - [14/Apr/2026:01:15:54 +0000] "GET /?shop/891412923297.html HTTP/1.1" 200 28092 "-" "Mozilla/5.0 (Linux; Android 6.0.1; Nexus 5X Build/MMB29P) AppleWebKit/537.36 (KHTML, like Gecko) Chrome/146.0.7680.177 Mobile Safari/537.36 (compatible; Googlebot/2.1; +http://www.google.com/bot.html)"
74.7.242.41 - - [14/Apr/2026:01:16:01 +0000] "GET /shop/pg/16211746678 HTTP/2.0" 500 1004 "https://www.elementalmill.com" "Mozilla/5.0 AppleWebKit/537.36 (KHTML, like Gecko; compatible; GPTBot/1.3; +https://openai.com/gptbot)"
74.7.243.205 - - [14/Apr/2026:01:16:14 +0000] "GET /shop/pg/1905886 HTTP/2.0" 500 1004 "https://www.elementalmill.com.lab2454.com/?shopping/products/16211905886" "Mozilla/5.0 AppleWebKit/537.36 (KHTML, like Gecko; compatible; GPTBot/1.3; +https://openai.com/gptbot)"
74.7.227.185 - - [14/Apr/2026:01:16:26 +0000] "GET /shopping/products/16201311659 HTTP/2.0" 500 1004 "https://elementalmill.com.lab2454.com/shopping/products/16211846038" "Mozilla/5.0 AppleWebKit/537.36 (KHTML, like Gecko; compatible; GPTBot/1.3; +https://openai.com/gptbot)"
74.7.227.48 - - [14/Apr/2026:01:16:30 +0000] "GET /shop/pg/1803687 HTTP/2.0" 500 1004 "https://www.elementalmill.com/?shopping/products/16211803687" "Mozilla/5.0 AppleWebKit/537.36 (KHTML, like Gecko; compatible; GPTBot/1.3; +https://openai.com/gptbot)"
66.249.64.39 - - [14/Apr/2026:01:16:31 +0000] "GET /?shop/8888490521.html HTTP/1.1" 200 28158 "-" "Mozilla/5.0 (Linux; Android 6.0.1; Nexus 5X Build/MMB29P) AppleWebKit/537.36 (KHTML, like Gecko) Chrome/146.0.7680.177 Mobile Safari/537.36 (compatible; Googlebot/2.1; +http://www.google.com/bot.html)"
74.7.242.41 - - [14/Apr/2026:01:17:03 +0000] "GET /shop/pg/16232629245 HTTP/2.0" 500 1004 "https://www.elementalmill.com" "Mozilla/5.0 AppleWebKit/537.36 (KHTML, like Gecko; compatible; GPTBot/1.3; +https://openai.com/gptbot)"
66.249.64.39 - - [14/Apr/2026:01:17:09 +0000] "GET /?shop/88964379297.html HTTP/1.1" 200 27413 "-" "Mozilla/5.0 (Linux; Android 6.0.1; Nexus 5X Build/MMB29P) AppleWebKit/537.36 (KHTML, like Gecko) Chrome/146.0.7680.177 Mobile Safari/537.36 (compatible; Googlebot/2.1; +http://www.google.com/bot.html)"
74.7.243.205 - - [14/Apr/2026:01:17:17 +0000] "GET /shop/pg/1373703 HTTP/2.0" 500 1004 "https://www.elementalmill.com.lab2454.com/shop/pg/1372539" "Mozilla/5.0 AppleWebKit/537.36 (KHTML, like Gecko; compatible; GPTBot/1.3; +https://openai.com/gptbot)"
95.108.213.239 - - [14/Apr/2026:01:17:22 +0000] "GET /shopping/products/161821661100 HTTP/1.1" 500 1004 "-" "Mozilla/5.0 (compatible; YandexBot/3.0; +http://yandex.com/bots)"
74.7.227.185 - - [14/Apr/2026:01:17:28 +0000] "GET /shopping/products/16211860921 HTTP/2.0" 500 1004 "https://elementalmill.com.lab2454.com/shopping/products/16201417080" "Mozilla/5.0 AppleWebKit/537.36 (KHTML, like Gecko; compatible; GPTBot/1.3; +https://openai.com/gptbot)"
66.249.64.39 - - [14/Apr/2026:01:17:46 +0000] "GET /?shop/88995753012.html HTTP/1.1" 200 28071 "-" "Mozilla/5.0 (Linux; Android 6.0.1; Nexus 5X Build/MMB29P) AppleWebKit/537.36 (KHTML, like Gecko) Chrome/146.0.7680.177 Mobile Safari/537.36 (compatible; Googlebot/2.1; +http://www.google.com/bot.html)"
66.249.64.41 - - [14/Apr/2026:01:18:05 +0000] "GET /?shop/89037830345.html HTTP/1.1" 200 27553 "-" "Mozilla/5.0 (Linux; Android 6.0.1; Nexus 5X Build/MMB29P) AppleWebKit/537.36 (KHTML, like Gecko) Chrome/146.0.7680.177 Mobile Safari/537.36 (compatible; Googlebot/2.1; +http://www.google.com/bot.html)"
74.7.242.41 - - [14/Apr/2026:01:18:07 +0000] "GET /shop/pg/16211656557 HTTP/2.0" 500 1004 "https://www.elementalmill.com" "Mozilla/5.0 AppleWebKit/537.36 (KHTML, like Gecko; compatible; GPTBot/1.3; +https://openai.com/gptbot)"
74.7.243.205 - - [14/Apr/2026:01:18:17 +0000] "GET /shop/pg/1146939 HTTP/2.0" 500 1004 "https://www.elementalmill.com.lab2454.com/shop/pg/16211522039" "Mozilla/5.0 AppleWebKit/537.36 (KHTML, like Gecko; compatible; GPTBot/1.3; +https://openai.com/gptbot)"
66.249.64.39 - - [14/Apr/2026:01:18:24 +0000] "GET /?shop/88922080299.html HTTP/1.1" 200 27180 "-" "Mozilla/5.0 (Linux; Android 6.0.1; Nexus 5X Build/MMB29P) AppleWebKit/537.36 (KHTML, like Gecko) Chrome/146.0.7680.177 Mobile Safari/537.36 (compatible; Googlebot/2.1; +http://www.google.com/bot.html)"
74.7.227.48 - - [14/Apr/2026:01:18:36 +0000] "GET /shop/pg/1545549 HTTP/2.0" 500 1004 "https://www.elementalmill.com/shopping/products/16211545549" "Mozilla/5.0 AppleWebKit/537.36 (KHTML, like Gecko; compatible; GPTBot/1.3; +https://openai.com/gptbot)"
74.7.242.41 - - [14/Apr/2026:01:18:41 +0000] "GET /shop/pg/2607370 HTTP/2.0" 500 1004 "https://mail.elementalmill.com/?shopping/products/16232607370" "Mozilla/5.0 AppleWebKit/537.36 (KHTML, like Gecko; compatible; GPTBot/1.3; +https://openai.com/gptbot)"
66.249.64.39 - - [14/Apr/2026:01:18:42 +0000] "GET /?shop/88922373971.html HTTP/1.1" 200 27431 "-" "Mozilla/5.0 (Linux; Android 6.0.1; Nexus 5X Build/MMB29P) AppleWebKit/537.36 (KHTML, like Gecko) Chrome/146.0.7680.177 Mobile Safari/537.36 (compatible; Googlebot/2.1; +http://www.google.com/bot.html)"
95.108.213.152 - - [14/Apr/2026:01:19:14 +0000] "GET /shopping/products/162083554093 HTTP/1.1" 500 1004 "-" "Mozilla/5.0 (compatible; YandexBot/3.0; +http://yandex.com/bots)"
213.180.203.33 - - [14/Apr/2026:01:19:16 +0000] "GET /shopping/products/16211967863 HTTP/1.1" 500 1004 "-" "Mozilla/5.0 (compatible; YandexBot/3.0; +http://yandex.com/bots)"
66.249.64.40 - - [14/Apr/2026:01:19:20 +0000] "GET /?shop/88932814066.html HTTP/1.1" 200 28074 "-" "Mozilla/5.0 (Linux; Android 6.0.1; Nexus 5X Build/MMB29P) AppleWebKit/537.36 (KHTML, like Gecko) Chrome/146.0.7680.177 Mobile Safari/537.36 (compatible; Googlebot/2.1; +http://www.google.com/bot.html)"
74.7.243.205 - - [14/Apr/2026:01:19:22 +0000] "GET /shop/pg/1537384 HTTP/2.0" 500 1004 "https://www.elementalmill.com.lab2454.com/shop/pg/16201320927" "Mozilla/5.0 AppleWebKit/537.36 (KHTML, like Gecko; compatible; GPTBot/1.3; +https://openai.com/gptbot)"
74.7.227.185 - - [14/Apr/2026:01:19:31 +0000] "GET /shopping/products/16232625174 HTTP/2.0" 500 1004 "https://elementalmill.com.lab2454.com/shopping/products/16211952620" "Mozilla/5.0 AppleWebKit/537.36 (KHTML, like Gecko; compatible; GPTBot/1.3; +https://openai.com/gptbot)"
74.7.227.48 - - [14/Apr/2026:01:19:38 +0000] "GET /shop/pg/2251048 HTTP/2.0" 500 1004 "https://www.elementalmill.com/?shopping/products/16222251048" "Mozilla/5.0 AppleWebKit/537.36 (KHTML, like Gecko; compatible; GPTBot/1.3; +https://openai.com/gptbot)"
66.249.64.39 - - [14/Apr/2026:01:19:39 +0000] "GET /?shop/891111414547.html HTTP/1.1" 200 28241 "-" "Mozilla/5.0 (Linux; Android 6.0.1; Nexus 5X Build/MMB29P) AppleWebKit/537.36 (KHTML, like Gecko) Chrome/146.0.7680.177 Mobile Safari/537.36 (compatible; Googlebot/2.1; +http://www.google.com/bot.html)"
66.249.64.39 - - [14/Apr/2026:01:19:57 +0000] "GET /?shop/88901056004.html HTTP/1.1" 200 28239 "-" "Mozilla/5.0 (Linux; Android 6.0.1; Nexus 5X Build/MMB29P) AppleWebKit/537.36 (KHTML, like Gecko) Chrome/146.0.7680.177 Mobile Safari/537.36 (compatible; Googlebot/2.1; +http://www.google.com/bot.html)"
74.7.242.41 - - [14/Apr/2026:01:20:13 +0000] "GET /shop/pg/16201501357 HTTP/2.0" 500 1004 "https://elementalmill.com/?shopping/products/16201497078" "Mozilla/5.0 AppleWebKit/537.36 (KHTML, like Gecko; compatible; GPTBot/1.3; +https://openai.com/gptbot)"
66.249.64.40 - - [14/Apr/2026:01:20:16 +0000] "GET /?shop/88943018046.html HTTP/1.1" 200 27242 "-" "Mozilla/5.0 (Linux; Android 6.0.1; Nexus 5X Build/MMB29P) AppleWebKit/537.36 (KHTML, like Gecko) Chrome/146.0.7680.177 Mobile Safari/537.36 (compatible; Googlebot/2.1; +http://www.google.com/bot.html)"
213.180.203.108 - - [14/Apr/2026:01:20:23 +0000] "GET /robots.txt HTTP/1.1" 500 2431 "-" "Mozilla/5.0 (compatible; YandexBot/3.0; +http://yandex.com/bots)"
74.7.227.185 - - [14/Apr/2026:01:20:32 +0000] "GET /shopping/products/16232510453 HTTP/2.0" 500 1004 "https://elementalmill.com.lab2454.com/shopping/products/16201037488" "Mozilla/5.0 AppleWebKit/537.36 (KHTML, like Gecko; compatible; GPTBot/1.3; +https://openai.com/gptbot)"
66.249.64.39 - - [14/Apr/2026:01:20:35 +0000] "GET /?shop/89037463059.html HTTP/1.1" 200 27411 "-" "Mozilla/5.0 (Linux; Android 6.0.1; Nexus 5X Build/MMB29P) AppleWebKit/537.36 (KHTML, like Gecko) Chrome/146.0.7680.177 Mobile Safari/537.36 (compatible; Googlebot/2.1; +http://www.google.com/bot.html)"
74.7.227.48 - - [14/Apr/2026:01:20:41 +0000] "GET /shop/pg/2307529 HTTP/2.0" 500 1004 "https://www.elementalmill.com/shopping/products/16222307529" "Mozilla/5.0 AppleWebKit/537.36 (KHTML, like Gecko; compatible; GPTBot/1.3; +https://openai.com/gptbot)"
5.255.231.3 - - [14/Apr/2026:01:20:56 +0000] "GET /shopping/products/16211694773 HTTP/1.1" 500 1004 "-" "Mozilla/5.0 (compatible; YandexBot/3.0; +http://yandex.com/bots)"
66.249.64.41 - - [14/Apr/2026:01:21:12 +0000] "GET /?shop/89016443426.html HTTP/1.1" 200 27344 "-" "Mozilla/5.0 (Linux; Android 6.0.1; Nexus 5X Build/MMB29P) AppleWebKit/537.36 (KHTML, like Gecko) Chrome/146.0.7680.177 Mobile Safari/537.36 (compatible; Googlebot/2.1; +http://www.google.com/bot.html)"
66.249.64.39 - - [14/Apr/2026:01:21:14 +0000] "GET /shop/88974723796.html HTTP/1.1" 200 28151 "-" "Mozilla/5.0 (Linux; Android 6.0.1; Nexus 5X Build/MMB29P) AppleWebKit/537.36 (KHTML, like Gecko) Chrome/146.0.7680.177 Mobile Safari/537.36 (compatible; GoogleOther)"
74.7.242.41 - - [14/Apr/2026:01:21:17 +0000] "GET /shop/pg/16201393766 HTTP/2.0" 500 1004 "https://elementalmill.com/?shopping/products/16201389485" "Mozilla/5.0 AppleWebKit/537.36 (KHTML, like Gecko; compatible; GPTBot/1.3; +https://openai.com/gptbot)"
66.249.64.39 - - [14/Apr/2026:01:21:34 +0000] "GET /?shop/89037501951.html HTTP/1.1" 200 27777 "-" "Mozilla/5.0 (Linux; Android 6.0.1; Nexus 5X Build/MMB29P) AppleWebKit/537.36 (KHTML, like Gecko) Chrome/146.0.7680.177 Mobile Safari/537.36 (compatible; Googlebot/2.1; +http://www.google.com/bot.html)"
74.7.227.185 - - [14/Apr/2026:01:21:38 +0000] "GET /shopping/products/16211927990 HTTP/2.0" 500 1004 "https://elementalmill.com.lab2454.com/shopping/products/16201421908" "Mozilla/5.0 AppleWebKit/537.36 (KHTML, like Gecko; compatible; GPTBot/1.3; +https://openai.com/gptbot)"
74.7.227.48 - - [14/Apr/2026:01:21:44 +0000] "GET /shop/pg/1607001 HTTP/2.0" 500 1004 "https://www.elementalmill.com/shop/customer/bookmark.php?shopping/products/16211607001" "Mozilla/5.0 AppleWebKit/537.36 (KHTML, like Gecko; compatible; GPTBot/1.3; +https://openai.com/gptbot)"
66.249.64.39 - - [14/Apr/2026:01:21:52 +0000] "GET /?shop/88911676298.html HTTP/1.1" 200 27461 "-" "Mozilla/5.0 (Linux; Android 6.0.1; Nexus 5X Build/MMB29P) AppleWebKit/537.36 (KHTML, like Gecko) Chrome/146.0.7680.177 Mobile Safari/537.36 (compatible; Googlebot/2.1; +http://www.google.com/bot.html)"
66.249.64.39 - - [14/Apr/2026:01:21:54 +0000] "GET /?shop/891111678661.html HTTP/1.1" 200 27344 "-" "Mozilla/5.0 (Linux; Android 6.0.1; Nexus 5X Build/MMB29P) AppleWebKit/537.36 (KHTML, like Gecko) Chrome/146.0.7680.177 Mobile Safari/537.36 (compatible; Googlebot/2.1; +http://www.google.com/bot.html)"
66.249.64.39 - - [14/Apr/2026:01:22:12 +0000] "GET /?shop/891211918088.html HTTP/1.1" 200 27709 "-" "Mozilla/5.0 (Linux; Android 6.0.1; Nexus 5X Build/MMB29P) AppleWebKit/537.36 (KHTML, like Gecko) Chrome/146.0.7680.177 Mobile Safari/537.36 (compatible; Googlebot/2.1; +http://www.google.com/bot.html)"
74.7.242.41 - - [14/Apr/2026:01:22:19 +0000] "GET /shop/pg/16232609110 HTTP/2.0" 500 1004 "https://www.elementalmill.com" "Mozilla/5.0 AppleWebKit/537.36 (KHTML, like Gecko; compatible; GPTBot/1.3; +https://openai.com/gptbot)"
66.249.64.40 - - [14/Apr/2026:01:22:28 +0000] "GET /shop/88922156689.html HTTP/1.1" 200 27292 "-" "Mozilla/5.0 (Linux; Android 6.0.1; Nexus 5X Build/MMB29P) AppleWebKit/537.36 (KHTML, like Gecko) Chrome/146.0.7680.177 Mobile Safari/537.36 (compatible; Googlebot/2.1; +http://www.google.com/bot.html)"
74.7.243.205 - - [14/Apr/2026:01:22:29 +0000] "GET /shop/pg/2519637 HTTP/2.0" 500 1004 "https://www.elementalmill.com.lab2454.com/shopping/products/16232519637" "Mozilla/5.0 AppleWebKit/537.36 (KHTML, like Gecko; compatible; GPTBot/1.3; +https://openai.com/gptbot)"
66.249.64.39 - - [14/Apr/2026:01:22:30 +0000] "GET /?shop/88911566217.html HTTP/1.1" 200 27346 "-" "Mozilla/5.0 (Linux; Android 6.0.1; Nexus 5X Build/MMB29P) AppleWebKit/537.36 (KHTML, like Gecko) Chrome/146.0.7680.177 Mobile Safari/537.36 (compatible; Googlebot/2.1; +http://www.google.com/bot.html)"
74.7.227.185 - - [14/Apr/2026:01:22:42 +0000] "GET /shopping/products/16211978426 HTTP/2.0" 500 1004 "https://elementalmill.com.lab2454.com/shopping/products/16211945133" "Mozilla/5.0 AppleWebKit/537.36 (KHTML, like Gecko; compatible; GPTBot/1.3; +https://openai.com/gptbot)"
66.249.64.39 - - [14/Apr/2026:01:22:47 +0000] "GET /?shop/89089943898.html HTTP/1.1" 200 28028 "-" "Mozilla/5.0 (Linux; Android 6.0.1; Nexus 5X Build/MMB29P) AppleWebKit/537.36 (KHTML, like Gecko) Chrome/146.0.7680.177 Mobile Safari/537.36 (compatible; Googlebot/2.1; +http://www.google.com/bot.html)"
74.7.227.48 - - [14/Apr/2026:01:22:48 +0000] "GET /shop/pg/1863230 HTTP/2.0" 500 1004 "https://www.elementalmill.com/shopping/products/16211863230" "Mozilla/5.0 AppleWebKit/537.36 (KHTML, like Gecko; compatible; GPTBot/1.3; +https://openai.com/gptbot)"
66.249.64.39 - - [14/Apr/2026:01:22:49 +0000] "GET /?shop/88943214817.html HTTP/1.1" 200 27344 "-" "Mozilla/5.0 (Linux; Android 6.0.1; Nexus 5X Build/MMB29P) AppleWebKit/537.36 (KHTML, like Gecko) Chrome/146.0.7680.177 Mobile Safari/537.36 (compatible; Googlebot/2.1; +http://www.google.com/bot.html)"
66.249.64.39 - - [14/Apr/2026:01:23:07 +0000] "GET /?shop/890910680004.html HTTP/1.1" 200 27901 "-" "Mozilla/5.0 (Linux; Android 6.0.1; Nexus 5X Build/MMB29P) AppleWebKit/537.36 (KHTML, like Gecko) Chrome/146.0.7680.177 Mobile Safari/537.36 (compatible; Googlebot/2.1; +http://www.google.com/bot.html)"
66.249.64.41 - - [14/Apr/2026:01:23:08 +0000] "GET /?shop/89089977864.html HTTP/1.1" 200 27416 "-" "Mozilla/5.0 (Linux; Android 6.0.1; Nexus 5X Build/MMB29P) AppleWebKit/537.36 (KHTML, like Gecko) Chrome/146.0.7680.177 Mobile Safari/537.36 (compatible; Googlebot/2.1; +http://www.google.com/bot.html)"
74.7.242.41 - - [14/Apr/2026:01:23:21 +0000] "GET /shop/pg/16201303929 HTTP/2.0" 500 1004 "https://elementalmill.com/?shopping/products/16201299652" "Mozilla/5.0 AppleWebKit/537.36 (KHTML, like Gecko; compatible; GPTBot/1.3; +https://openai.com/gptbot)"
66.249.64.39 - - [14/Apr/2026:01:23:24 +0000] "GET /?shop/891111766535.html HTTP/1.1" 200 28013 "-" "Mozilla/5.0 (Linux; Android 6.0.1; Nexus 5X Build/MMB29P) AppleWebKit/537.36 (KHTML, like Gecko) Chrome/146.0.7680.177 Mobile Safari/537.36 (compatible; Googlebot/2.1; +http://www.google.com/bot.html)"
74.7.243.205 - - [14/Apr/2026:01:23:35 +0000] "GET /shop/pg/1665610 HTTP/2.0" 500 1004 "https://www.elementalmill.com.lab2454.com/shop/pg/1664450" "Mozilla/5.0 AppleWebKit/537.36 (KHTML, like Gecko; compatible; GPTBot/1.3; +https://openai.com/gptbot)"
74.7.227.185 - - [14/Apr/2026:01:23:45 +0000] "GET /shopping/products/16211954107 HTTP/2.0" 500 1004 "https://elementalmill.com.lab2454.com/shopping/products/16201476934" "Mozilla/5.0 AppleWebKit/537.36 (KHTML, like Gecko; compatible; GPTBot/1.3; +https://openai.com/gptbot)"
95.108.213.81 - - [14/Apr/2026:01:24:01 +0000] "GET /shopping/products/1618485628 HTTP/1.1" 500 1004 "-" "Mozilla/5.0 (compatible; YandexBot/3.0; +http://yandex.com/bots)"
66.249.64.41 - - [14/Apr/2026:01:24:01 +0000] "GET /?shop/88984970230.html HTTP/1.1" 200 27482 "-" "Mozilla/5.0 (Linux; Android 6.0.1; Nexus 5X Build/MMB29P) AppleWebKit/537.36 (KHTML, like Gecko) Chrome/146.0.7680.177 Mobile Safari/537.36 (compatible; Googlebot/2.1; +http://www.google.com/bot.html)"
66.249.64.40 - - [14/Apr/2026:01:24:20 +0000] "GET /?shop/891614214507.html HTTP/1.1" 200 27480 "-" "Mozilla/5.0 (Linux; Android 6.0.1; Nexus 5X Build/MMB29P) AppleWebKit/537.36 (KHTML, like Gecko) Chrome/146.0.7680.177 Mobile Safari/537.36 (compatible; Googlebot/2.1; +http://www.google.com/bot.html)"
74.7.242.41 - - [14/Apr/2026:01:24:24 +0000] "GET /shop/pg/16232636194 HTTP/2.0" 500 1004 "https://www.elementalmill.com" "Mozilla/5.0 AppleWebKit/537.36 (KHTML, like Gecko; compatible; GPTBot/1.3; +https://openai.com/gptbot)"
66.249.64.39 - - [14/Apr/2026:01:24:39 +0000] "GET /?shop/89037420134.html HTTP/1.1" 200 27083 "-" "Mozilla/5.0 (Linux; Android 6.0.1; Nexus 5X Build/MMB29P) AppleWebKit/537.36 (KHTML, like Gecko) Chrome/146.0.7680.177 Mobile Safari/537.36 (compatible; Googlebot/2.1; +http://www.google.com/bot.html)"
74.7.227.185 - - [14/Apr/2026:01:24:47 +0000] "GET /shopping/products/16211848086 HTTP/2.0" 500 1004 "https://elementalmill.com.lab2454.com/shopping/products/16201393188" "Mozilla/5.0 AppleWebKit/537.36 (KHTML, like Gecko; compatible; GPTBot/1.3; +https://openai.com/gptbot)"
66.249.64.39 - - [14/Apr/2026:01:24:58 +0000] "GET /?shop/89069160681.html HTTP/1.1" 200 27501 "-" "Mozilla/5.0 (Linux; Android 6.0.1; Nexus 5X Build/MMB29P) AppleWebKit/537.36 (KHTML, like Gecko) Chrome/146.0.7680.177 Mobile Safari/537.36 (compatible; Googlebot/2.1; +http://www.google.com/bot.html)"
66.249.64.39 - - [14/Apr/2026:01:25:16 +0000] "GET /?shop/89037779393.html HTTP/1.1" 200 27856 "-" "Mozilla/5.0 (Linux; Android 6.0.1; Nexus 5X Build/MMB29P) AppleWebKit/537.36 (KHTML, like Gecko) Chrome/146.0.7680.177 Mobile Safari/537.36 (compatible; Googlebot/2.1; +http://www.google.com/bot.html)"
74.7.242.41 - - [14/Apr/2026:01:25:27 +0000] "GET /shop/pg/16211547341 HTTP/2.0" 500 1004 "https://www.elementalmill.com" "Mozilla/5.0 AppleWebKit/537.36 (KHTML, like Gecko; compatible; GPTBot/1.3; +https://openai.com/gptbot)"
74.7.243.205 - - [14/Apr/2026:01:25:38 +0000] "GET /shop/pg/1858563 HTTP/2.0" 500 1004 "https://www.elementalmill.com.lab2454.com/?shopping/products/16211858563" "Mozilla/5.0 AppleWebKit/537.36 (KHTML, like Gecko; compatible; GPTBot/1.3; +https://openai.com/gptbot)"
66.249.64.41 - - [14/Apr/2026:01:25:38 +0000] "GET /?shop/8888245416.html HTTP/1.1" 200 27146 "-" "Mozilla/5.0 (Linux; Android 6.0.1; Nexus 5X Build/MMB29P) AppleWebKit/537.36 (KHTML, like Gecko) Chrome/146.0.7680.177 Mobile Safari/537.36 (compatible; GoogleOther)"
66.249.64.39 - - [14/Apr/2026:01:25:54 +0000] "GET /?shop/89058509145.html HTTP/1.1" 200 27863 "-" "Mozilla/5.0 (Linux; Android 6.0.1; Nexus 5X Build/MMB29P) AppleWebKit/537.36 (KHTML, like Gecko) Chrome/146.0.7680.177 Mobile Safari/537.36 (compatible; Googlebot/2.1; +http://www.google.com/bot.html)"
74.7.227.48 - - [14/Apr/2026:01:25:57 +0000] "GET /shop/pg/2403472 HTTP/2.0" 500 1004 "https://www.elementalmill.com/?shopping/products/16222403472" "Mozilla/5.0 AppleWebKit/537.36 (KHTML, like Gecko; compatible; GPTBot/1.3; +https://openai.com/gptbot)"
66.249.64.41 - - [14/Apr/2026:01:26:17 +0000] "GET /?shop/88943396028.html HTTP/1.1" 200 27467 "-" "Mozilla/5.0 (Linux; Android 6.0.1; Nexus 5X Build/MMB29P) AppleWebKit/537.36 (KHTML, like Gecko) Chrome/146.0.7680.177 Mobile Safari/537.36 (compatible; Googlebot/2.1; +http://www.google.com/bot.html)"
66.249.64.39 - - [14/Apr/2026:01:26:18 +0000] "GET /?shop/890810327988.html HTTP/1.1" 200 27553 "-" "Mozilla/5.0 (Linux; Android 6.0.1; Nexus 5X Build/MMB29P) AppleWebKit/537.36 (KHTML, like Gecko) Chrome/146.0.7680.177 Mobile Safari/537.36 (compatible; Googlebot/2.1; +http://www.google.com/bot.html)"
