74.7.243.205 - - [13/Apr/2026:16:56:49 +0000] "GET /shop/pg/1151603 HTTP/2.0" 500 1004 "https://www.elementalmill.com.lab2454.com/shop/pg/16211526693" "Mozilla/5.0 AppleWebKit/537.36 (KHTML, like Gecko; compatible; GPTBot/1.3; +https://openai.com/gptbot)"
66.249.64.40 - - [13/Apr/2026:16:56:58 +0000] "GET /?shop/888844969.html HTTP/1.1" 200 26974 "-" "Mozilla/5.0 (Linux; Android 6.0.1; Nexus 5X Build/MMB29P) AppleWebKit/537.36 (KHTML, like Gecko) Chrome/146.0.7680.177 Mobile Safari/537.36 (compatible; Googlebot/2.1; +http://www.google.com/bot.html)"
66.249.64.39 - - [13/Apr/2026:16:57:11 +0000] "GET /shop/pg/1011449 HTTP/1.1" 200 27360 "-" "Mozilla/5.0 (Linux; Android 6.0.1; Nexus 5X Build/MMB29P) AppleWebKit/537.36 (KHTML, like Gecko) Chrome/146.0.7680.177 Mobile Safari/537.36 (compatible; Googlebot/2.1; +http://www.google.com/bot.html)"
74.7.242.41 - - [13/Apr/2026:16:57:13 +0000] "GET /shop/pg/16232633860 HTTP/2.0" 500 1004 "https://www.elementalmill.com" "Mozilla/5.0 AppleWebKit/537.36 (KHTML, like Gecko; compatible; GPTBot/1.3; +https://openai.com/gptbot)"
5.255.231.83 - - [13/Apr/2026:16:57:19 +0000] "GET /robots.txt HTTP/1.1" 500 2431 "-" "Mozilla/5.0 (compatible; YandexBot/3.0; +http://yandex.com/bots)"
66.249.64.39 - - [13/Apr/2026:16:57:33 +0000] "GET /shopping/products/16201326073 HTTP/1.1" 200 27886 "-" "Mozilla/5.0 (Linux; Android 6.0.1; Nexus 5X Build/MMB29P) AppleWebKit/537.36 (KHTML, like Gecko) Chrome/146.0.7680.177 Mobile Safari/537.36 (compatible; Googlebot/2.1; +http://www.google.com/bot.html)"
74.7.227.48 - - [13/Apr/2026:16:57:37 +0000] "GET /shop/pg/2014427 HTTP/2.0" 500 1004 "https://www.elementalmill.com/shopping/products/16222014427" "Mozilla/5.0 AppleWebKit/537.36 (KHTML, like Gecko; compatible; GPTBot/1.3; +https://openai.com/gptbot)"
74.7.243.205 - - [13/Apr/2026:16:57:55 +0000] "GET /shop/pg/1216798 HTTP/2.0" 500 1004 "https://www.elementalmill.com.lab2454.com/shop/pg/1215638" "Mozilla/5.0 AppleWebKit/537.36 (KHTML, like Gecko; compatible; GPTBot/1.3; +https://openai.com/gptbot)"
66.249.64.39 - - [13/Apr/2026:16:57:54 +0000] "GET /?shop/888843565.html HTTP/1.1" 200 29225 "-" "Mozilla/5.0 (Linux; Android 6.0.1; Nexus 5X Build/MMB29P) AppleWebKit/537.36 (KHTML, like Gecko) Chrome/146.0.7680.177 Mobile Safari/537.36 (compatible; Googlebot/2.1; +http://www.google.com/bot.html)"
74.7.242.41 - - [13/Apr/2026:16:58:16 +0000] "GET /shop/pg/16201322977 HTTP/2.0" 500 1004 "https://www.elementalmill.com" "Mozilla/5.0 AppleWebKit/537.36 (KHTML, like Gecko; compatible; GPTBot/1.3; +https://openai.com/gptbot)"
66.249.64.39 - - [13/Apr/2026:16:58:23 +0000] "GET /shop/customer/bookmark.php?shopping/products/16211955104 HTTP/1.1" 200 27402 "-" "Mozilla/5.0 (Linux; Android 6.0.1; Nexus 5X Build/MMB29P) AppleWebKit/537.36 (KHTML, like Gecko) Chrome/146.0.7680.177 Mobile Safari/537.36 (compatible; Googlebot/2.1; +http://www.google.com/bot.html)"
66.249.64.39 - - [13/Apr/2026:16:58:50 +0000] "GET /?shop/888847479.html HTTP/1.1" 200 26896 "-" "Mozilla/5.0 (Linux; Android 6.0.1; Nexus 5X Build/MMB29P) AppleWebKit/537.36 (KHTML, like Gecko) Chrome/146.0.7680.177 Mobile Safari/537.36 (compatible; Googlebot/2.1; +http://www.google.com/bot.html)"
74.7.243.205 - - [13/Apr/2026:16:59:03 +0000] "GET /shop/pg/1266219 HTTP/2.0" 500 1004 "https://www.elementalmill.com.lab2454.com/shopping/products/16201266219" "Mozilla/5.0 AppleWebKit/537.36 (KHTML, like Gecko; compatible; GPTBot/1.3; +https://openai.com/gptbot)"
95.108.213.115 - - [13/Apr/2026:16:59:19 +0000] "GET /robots.txt HTTP/1.1" 500 2431 "-" "Mozilla/5.0 (compatible; YandexBot/3.0; +http://yandex.com/bots)"
74.7.242.41 - - [13/Apr/2026:16:59:21 +0000] "GET /shop/pg/16211885917 HTTP/2.0" 500 1004 "https://elementalmill.com/index.php?shopping/products/16211880733" "Mozilla/5.0 AppleWebKit/537.36 (KHTML, like Gecko; compatible; GPTBot/1.3; +https://openai.com/gptbot)"
66.249.64.40 - - [13/Apr/2026:16:59:26 +0000] "GET /shopping/products/16211548473 HTTP/1.1" 200 27416 "-" "Mozilla/5.0 (Linux; Android 6.0.1; Nexus 5X Build/MMB29P) AppleWebKit/537.36 (KHTML, like Gecko) Chrome/146.0.7680.177 Mobile Safari/537.36 (compatible; Googlebot/2.1; +http://www.google.com/bot.html)"
74.7.227.48 - - [13/Apr/2026:16:59:42 +0000] "GET /shop/pg/1460598 HTTP/2.0" 500 1004 "https://www.elementalmill.com/shopping/products/16201460598" "Mozilla/5.0 AppleWebKit/537.36 (KHTML, like Gecko; compatible; GPTBot/1.3; +https://openai.com/gptbot)"
66.249.64.39 - - [13/Apr/2026:16:59:46 +0000] "GET /?shop/891614297719.html HTTP/1.1" 200 27399 "-" "Mozilla/5.0 (Linux; Android 6.0.1; Nexus 5X Build/MMB29P) AppleWebKit/537.36 (KHTML, like Gecko) Chrome/146.0.7680.177 Mobile Safari/537.36 (compatible; Googlebot/2.1; +http://www.google.com/bot.html)"
74.7.243.205 - - [13/Apr/2026:17:00:05 +0000] "GET /shop/pg/1070119 HTTP/2.0" 500 1004 "https://www.elementalmill.com.lab2454.com/shop/customer/bookmark.php?shopping/products/16201070119" "Mozilla/5.0 AppleWebKit/537.36 (KHTML, like Gecko; compatible; GPTBot/1.3; +https://openai.com/gptbot)"
66.249.64.39 - - [13/Apr/2026:17:00:15 +0000] "GET /?shop/88911961846.html HTTP/1.1" 200 28800 "-" "Mozilla/5.0 (Linux; Android 6.0.1; Nexus 5X Build/MMB29P) AppleWebKit/537.36 (KHTML, like Gecko) Chrome/146.0.7680.177 Mobile Safari/537.36 (compatible; GoogleOther)"
74.7.242.41 - - [13/Apr/2026:17:00:24 +0000] "GET /shop/pg/16232563423 HTTP/2.0" 500 1004 "https://elementalmill.com/?shopping/products/16232559150" "Mozilla/5.0 AppleWebKit/537.36 (KHTML, like Gecko; compatible; GPTBot/1.3; +https://openai.com/gptbot)"
66.249.64.40 - - [13/Apr/2026:17:00:42 +0000] "GET /?shop/891614325399.html HTTP/1.1" 200 27498 "-" "Mozilla/5.0 (Linux; Android 6.0.1; Nexus 5X Build/MMB29P) AppleWebKit/537.36 (KHTML, like Gecko) Chrome/146.0.7680.177 Mobile Safari/537.36 (compatible; Googlebot/2.1; +http://www.google.com/bot.html)"
66.249.64.39 - - [13/Apr/2026:17:00:45 +0000] "GET /shop/customer/bookmark.php?shopping/products/16201262974 HTTP/1.1" 200 27086 "-" "Mozilla/5.0 (Linux; Android 6.0.1; Nexus 5X Build/MMB29P) AppleWebKit/537.36 (KHTML, like Gecko) Chrome/146.0.7680.177 Mobile Safari/537.36 (compatible; Googlebot/2.1; +http://www.google.com/bot.html)"
66.249.64.39 - - [13/Apr/2026:17:00:47 +0000] "GET /shopping/products/16222095482 HTTP/1.1" 200 27224 "-" "Mozilla/5.0 (Linux; Android 6.0.1; Nexus 5X Build/MMB29P) AppleWebKit/537.36 (KHTML, like Gecko) Chrome/146.0.7680.177 Mobile Safari/537.36 (compatible; Googlebot/2.1; +http://www.google.com/bot.html)"
66.249.64.41 - - [13/Apr/2026:17:01:07 +0000] "GET /shop/customer/bookmark.php?shopping/products/1618352947 HTTP/1.1" 200 28376 "-" "Mozilla/5.0 (Linux; Android 6.0.1; Nexus 5X Build/MMB29P) AppleWebKit/537.36 (KHTML, like Gecko) Chrome/146.0.7680.177 Mobile Safari/537.36 (compatible; Googlebot/2.1; +http://www.google.com/bot.html)"
74.7.243.205 - - [13/Apr/2026:17:01:12 +0000] "GET /shop/pg/1294428 HTTP/2.0" 500 1004 "https://www.elementalmill.com.lab2454.com/shop/pg/16201077958" "Mozilla/5.0 AppleWebKit/537.36 (KHTML, like Gecko; compatible; GPTBot/1.3; +https://openai.com/gptbot)"
74.7.242.41 - - [13/Apr/2026:17:01:27 +0000] "GET /shop/pg/16201428452 HTTP/2.0" 500 1004 "https://www.elementalmill.com" "Mozilla/5.0 AppleWebKit/537.36 (KHTML, like Gecko; compatible; GPTBot/1.3; +https://openai.com/gptbot)"
66.249.64.40 - - [13/Apr/2026:17:01:38 +0000] "GET /?shop/891614339239.html HTTP/1.1" 200 27123 "-" "Mozilla/5.0 (Linux; Android 6.0.1; Nexus 5X Build/MMB29P) AppleWebKit/537.36 (KHTML, like Gecko) Chrome/146.0.7680.177 Mobile Safari/537.36 (compatible; Googlebot/2.1; +http://www.google.com/bot.html)"
74.7.242.41 - - [13/Apr/2026:17:02:02 +0000] "GET /shop/pg/1216752 HTTP/2.0" 500 1004 "https://mail.elementalmill.com/?shopping/products/16201216752" "Mozilla/5.0 AppleWebKit/537.36 (KHTML, like Gecko; compatible; GPTBot/1.3; +https://openai.com/gptbot)"
74.7.243.205 - - [13/Apr/2026:17:02:16 +0000] "GET /shop/pg/1246709 HTTP/2.0" 500 1004 "https://www.elementalmill.com.lab2454.com/shop/pg/1245547" "Mozilla/5.0 AppleWebKit/537.36 (KHTML, like Gecko; compatible; GPTBot/1.3; +https://openai.com/gptbot)"
5.255.231.95 - - [13/Apr/2026:17:02:19 +0000] "GET /robots.txt HTTP/1.1" 500 2431 "-" "Mozilla/5.0 (compatible; YandexBot/3.0; +http://yandex.com/bots)"
66.249.64.40 - - [13/Apr/2026:17:02:34 +0000] "GET /?shop/888843265.html HTTP/1.1" 200 28755 "-" "Mozilla/5.0 (Linux; Android 6.0.1; Nexus 5X Build/MMB29P) AppleWebKit/537.36 (KHTML, like Gecko) Chrome/146.0.7680.177 Mobile Safari/537.36 (compatible; Googlebot/2.1; +http://www.google.com/bot.html)"
95.108.213.147 - - [13/Apr/2026:17:02:42 +0000] "GET /robots.txt HTTP/1.1" 500 2431 "-" "Mozilla/5.0 (compatible; YandexBot/3.0; +http://yandex.com/bots)"
74.7.227.48 - - [13/Apr/2026:17:02:55 +0000] "GET /shop/pg/1884008 HTTP/2.0" 500 1004 "https://www.elementalmill.com/shopping/products/16211884008" "Mozilla/5.0 AppleWebKit/537.36 (KHTML, like Gecko; compatible; GPTBot/1.3; +https://openai.com/gptbot)"
74.7.242.41 - - [13/Apr/2026:17:03:05 +0000] "GET /shop/pg/2021208 HTTP/2.0" 500 1004 "https://mail.elementalmill.com/shop/customer/bookmark.php?shopping/products/16222021208" "Mozilla/5.0 AppleWebKit/537.36 (KHTML, like Gecko; compatible; GPTBot/1.3; +https://openai.com/gptbot)"
74.7.243.205 - - [13/Apr/2026:17:03:19 +0000] "GET /shop/pg/1496056 HTTP/2.0" 500 1004 "https://www.elementalmill.com.lab2454.com/shop/pg/16201279590" "Mozilla/5.0 AppleWebKit/537.36 (KHTML, like Gecko; compatible; GPTBot/1.3; +https://openai.com/gptbot)"
66.249.64.40 - - [13/Apr/2026:17:03:22 +0000] "GET /shop/customer/bookmark.php?shopping/products/16222032234 HTTP/1.1" 200 27266 "-" "Mozilla/5.0 (Linux; Android 6.0.1; Nexus 5X Build/MMB29P) AppleWebKit/537.36 (KHTML, like Gecko) Chrome/146.0.7680.177 Mobile Safari/537.36 (compatible; Googlebot/2.1; +http://www.google.com/bot.html)"
66.249.64.40 - - [13/Apr/2026:17:03:30 +0000] "GET /?shop/891614301179.html HTTP/1.1" 200 27694 "-" "Mozilla/5.0 (Linux; Android 6.0.1; Nexus 5X Build/MMB29P) AppleWebKit/537.36 (KHTML, like Gecko) Chrome/146.0.7680.177 Mobile Safari/537.36 (compatible; Googlebot/2.1; +http://www.google.com/bot.html)"
74.7.227.48 - - [13/Apr/2026:17:04:06 +0000] "GET /shop/pg/1911012 HTTP/2.0" 500 1004 "https://www.elementalmill.com/shopping/products/16211911012" "Mozilla/5.0 AppleWebKit/537.36 (KHTML, like Gecko; compatible; GPTBot/1.3; +https://openai.com/gptbot)"
74.7.242.41 - - [13/Apr/2026:17:04:11 +0000] "GET /shop/pg/2360890 HTTP/2.0" 500 1004 "https://mail.elementalmill.com/shopping/products/16222360890" "Mozilla/5.0 AppleWebKit/537.36 (KHTML, like Gecko; compatible; GPTBot/1.3; +https://openai.com/gptbot)"
213.180.203.8 - - [13/Apr/2026:17:04:19 +0000] "GET /robots.txt HTTP/1.1" 500 2431 "-" "Mozilla/5.0 (compatible; YandexBot/3.0; +http://yandex.com/bots)"
74.7.243.205 - - [13/Apr/2026:17:04:24 +0000] "GET /shop/pg/1636551 HTTP/2.0" 500 1004 "https://www.elementalmill.com.lab2454.com/shop/pg/16201420096" "Mozilla/5.0 AppleWebKit/537.36 (KHTML, like Gecko; compatible; GPTBot/1.3; +https://openai.com/gptbot)"
66.249.64.41 - - [13/Apr/2026:17:04:25 +0000] "GET /?shop/891614283879.html HTTP/1.1" 200 27169 "-" "Mozilla/5.0 (Linux; Android 6.0.1; Nexus 5X Build/MMB29P) AppleWebKit/537.36 (KHTML, like Gecko) Chrome/146.0.7680.177 Mobile Safari/537.36 (compatible; Googlebot/2.1; +http://www.google.com/bot.html)"
74.7.242.41 - - [13/Apr/2026:17:04:42 +0000] "GET /shop/pg/16211601343 HTTP/2.0" 500 1004 "https://elementalmill.com/?shopping/products/16211597070" "Mozilla/5.0 AppleWebKit/537.36 (KHTML, like Gecko; compatible; GPTBot/1.3; +https://openai.com/gptbot)"
87.250.224.75 - - [13/Apr/2026:17:04:42 +0000] "GET /robots.txt HTTP/1.1" 500 2431 "-" "Mozilla/5.0 (compatible; YandexBot/3.0; +http://yandex.com/bots)"
74.7.227.48 - - [13/Apr/2026:17:05:07 +0000] "GET /shop/pg/2509873 HTTP/2.0" 500 1004 "https://www.elementalmill.com/shopping/products/16232509873" "Mozilla/5.0 AppleWebKit/537.36 (KHTML, like Gecko; compatible; GPTBot/1.3; +https://openai.com/gptbot)"
74.7.243.205 - - [13/Apr/2026:17:05:21 +0000] "GET /shop/pg/2036969 HTTP/2.0" 500 1004 "https://www.elementalmill.com.lab2454.com/shop/customer/bookmark.php?shopping/products/16222036969" "Mozilla/5.0 AppleWebKit/537.36 (KHTML, like Gecko; compatible; GPTBot/1.3; +https://openai.com/gptbot)"
66.249.64.41 - - [13/Apr/2026:17:05:21 +0000] "GET /?shop/891614315019.html HTTP/1.1" 200 27949 "-" "Mozilla/5.0 (Linux; Android 6.0.1; Nexus 5X Build/MMB29P) AppleWebKit/537.36 (KHTML, like Gecko) Chrome/146.0.7680.177 Mobile Safari/537.36 (compatible; Googlebot/2.1; +http://www.google.com/bot.html)"
74.7.242.41 - - [13/Apr/2026:17:06:13 +0000] "GET /shop/pg/2189946 HTTP/2.0" 500 1004 "https://mail.elementalmill.com/?shopping/products/16222189946" "Mozilla/5.0 AppleWebKit/537.36 (KHTML, like Gecko; compatible; GPTBot/1.3; +https://openai.com/gptbot)"
66.249.64.39 - - [13/Apr/2026:17:06:17 +0000] "GET /?shop/888846340.html HTTP/1.1" 200 26880 "-" "Mozilla/5.0 (Linux; Android 6.0.1; Nexus 5X Build/MMB29P) AppleWebKit/537.36 (KHTML, like Gecko) Chrome/146.0.7680.177 Mobile Safari/537.36 (compatible; Googlebot/2.1; +http://www.google.com/bot.html)"
213.180.203.63 - - [13/Apr/2026:17:06:19 +0000] "GET /robots.txt HTTP/1.1" 500 2431 "-" "Mozilla/5.0 (compatible; YandexBot/3.0; +http://yandex.com/bots)"
87.250.224.74 - - [13/Apr/2026:17:06:21 +0000] "GET /shopping/products/1618216841 HTTP/1.1" 500 1004 "-" "Mozilla/5.0 (compatible; YandexBot/3.0; +http://yandex.com/bots)"
74.7.243.205 - - [13/Apr/2026:17:06:27 +0000] "GET /shop/pg/1243608 HTTP/2.0" 500 1004 "https://www.elementalmill.com.lab2454.com/shop/pg/1242453" "Mozilla/5.0 AppleWebKit/537.36 (KHTML, like Gecko; compatible; GPTBot/1.3; +https://openai.com/gptbot)"
95.108.213.117 - - [13/Apr/2026:17:06:42 +0000] "GET /robots.txt HTTP/1.1" 500 2431 "-" "Mozilla/5.0 (compatible; YandexBot/3.0; +http://yandex.com/bots)"
66.249.64.39 - - [13/Apr/2026:17:06:44 +0000] "GET /shopping/products/16211826562 HTTP/1.1" 200 28211 "-" "Mozilla/5.0 (Linux; Android 6.0.1; Nexus 5X Build/MMB29P) AppleWebKit/537.36 (KHTML, like Gecko) Chrome/146.0.7680.177 Mobile Safari/537.36 (compatible; Googlebot/2.1; +http://www.google.com/bot.html)"
66.249.64.39 - - [13/Apr/2026:17:06:50 +0000] "GET /category/16211000127 HTTP/1.1" 200 27717 "-" "Mozilla/5.0 (Linux; Android 6.0.1; Nexus 5X Build/MMB29P) AppleWebKit/537.36 (KHTML, like Gecko) Chrome/146.0.7680.177 Mobile Safari/537.36 (compatible; Googlebot/2.1; +http://www.google.com/bot.html)"
66.249.64.39 - - [13/Apr/2026:17:07:13 +0000] "GET /?shop/891614294259.html HTTP/1.1" 200 27757 "-" "Mozilla/5.0 (Linux; Android 6.0.1; Nexus 5X Build/MMB29P) AppleWebKit/537.36 (KHTML, like Gecko) Chrome/146.0.7680.177 Mobile Safari/537.36 (compatible; Googlebot/2.1; +http://www.google.com/bot.html)"
74.7.227.48 - - [13/Apr/2026:17:07:15 +0000] "GET /shop/pg/2154803 HTTP/2.0" 500 1004 "https://www.elementalmill.com/?shopping/products/16222154803" "Mozilla/5.0 AppleWebKit/537.36 (KHTML, like Gecko; compatible; GPTBot/1.3; +https://openai.com/gptbot)"
74.7.242.41 - - [13/Apr/2026:17:07:44 +0000] "GET /shop/pg/16211647179 HTTP/2.0" 500 1004 "https://www.elementalmill.com" "Mozilla/5.0 AppleWebKit/537.36 (KHTML, like Gecko; compatible; GPTBot/1.3; +https://openai.com/gptbot)"
66.249.64.41 - - [13/Apr/2026:17:08:09 +0000] "GET /?shop/891614280419.html HTTP/1.1" 200 27585 "-" "Mozilla/5.0 (Linux; Android 6.0.1; Nexus 5X Build/MMB29P) AppleWebKit/537.36 (KHTML, like Gecko) Chrome/146.0.7680.177 Mobile Safari/537.36 (compatible; Googlebot/2.1; +http://www.google.com/bot.html)"
95.108.213.108 - - [13/Apr/2026:17:08:20 +0000] "GET /robots.txt HTTP/1.1" 500 2431 "-" "Mozilla/5.0 (compatible; YandexBot/3.0; +http://yandex.com/bots)"
66.249.64.39 - - [13/Apr/2026:17:08:31 +0000] "GET /shopping/products/16201140992 HTTP/1.1" 200 28096 "-" "Mozilla/5.0 (Linux; Android 6.0.1; Nexus 5X Build/MMB29P) AppleWebKit/537.36 (KHTML, like Gecko) Chrome/146.0.7680.177 Mobile Safari/537.36 (compatible; Googlebot/2.1; +http://www.google.com/bot.html)"
74.7.243.205 - - [13/Apr/2026:17:08:34 +0000] "GET /shop/pg/1149897 HTTP/2.0" 500 1004 "https://www.elementalmill.com.lab2454.com/shop/pg/16211524985" "Mozilla/5.0 AppleWebKit/537.36 (KHTML, like Gecko; compatible; GPTBot/1.3; +https://openai.com/gptbot)"
95.108.213.245 - - [13/Apr/2026:17:08:42 +0000] "GET /robots.txt HTTP/1.1" 500 2431 "-" "Mozilla/5.0 (compatible; YandexBot/3.0; +http://yandex.com/bots)"
74.7.242.41 - - [13/Apr/2026:17:08:48 +0000] "GET /shop/pg/16201359016 HTTP/2.0" 500 1004 "https://www.elementalmill.com" "Mozilla/5.0 AppleWebKit/537.36 (KHTML, like Gecko; compatible; GPTBot/1.3; +https://openai.com/gptbot)"
66.249.64.41 - - [13/Apr/2026:17:08:59 +0000] "GET /shopping/products/16211772671 HTTP/1.1" 200 27672 "-" "Mozilla/5.0 (Linux; Android 6.0.1; Nexus 5X Build/MMB29P) AppleWebKit/537.36 (KHTML, like Gecko) Chrome/146.0.7680.177 Mobile Safari/537.36 (compatible; Googlebot/2.1; +http://www.google.com/bot.html)"
66.249.64.39 - - [13/Apr/2026:17:09:05 +0000] "GET /?shop/891614335779.html HTTP/1.1" 200 27689 "-" "Mozilla/5.0 (Linux; Android 6.0.1; Nexus 5X Build/MMB29P) AppleWebKit/537.36 (KHTML, like Gecko) Chrome/146.0.7680.177 Mobile Safari/537.36 (compatible; Googlebot/2.1; +http://www.google.com/bot.html)"
74.7.243.205 - - [13/Apr/2026:17:09:47 +0000] "GET /shop/pg/1284077 HTTP/2.0" 500 1004 "https://www.elementalmill.com.lab2454.com/shop/pg/16211659170" "Mozilla/5.0 AppleWebKit/537.36 (KHTML, like Gecko; compatible; GPTBot/1.3; +https://openai.com/gptbot)"
74.7.242.41 - - [13/Apr/2026:17:09:54 +0000] "GET /shop/pg/16211943279 HTTP/2.0" 500 1004 "https://elementalmill.com/?shopping/products/16211939011" "Mozilla/5.0 AppleWebKit/537.36 (KHTML, like Gecko; compatible; GPTBot/1.3; +https://openai.com/gptbot)"
66.249.64.40 - - [13/Apr/2026:17:10:01 +0000] "GET /?shop/891614276959.html HTTP/1.1" 200 27643 "-" "Mozilla/5.0 (Linux; Android 6.0.1; Nexus 5X Build/MMB29P) AppleWebKit/537.36 (KHTML, like Gecko) Chrome/146.0.7680.177 Mobile Safari/537.36 (compatible; Googlebot/2.1; +http://www.google.com/bot.html)"
66.249.64.39 - - [13/Apr/2026:17:10:29 +0000] "GET /shop/customer/bookmark.php?shopping/products/1619718162 HTTP/1.1" 200 28393 "-" "Mozilla/5.0 (Linux; Android 6.0.1; Nexus 5X Build/MMB29P) AppleWebKit/537.36 (KHTML, like Gecko) Chrome/146.0.7680.177 Mobile Safari/537.36 (compatible; Googlebot/2.1; +http://www.google.com/bot.html)"
95.108.213.185 - - [13/Apr/2026:17:10:42 +0000] "GET /robots.txt HTTP/1.1" 500 2431 "-" "Mozilla/5.0 (compatible; YandexBot/3.0; +http://yandex.com/bots)"
66.249.64.39 - - [13/Apr/2026:17:10:58 +0000] "GET /?shop/891614308099.html HTTP/1.1" 200 27316 "-" "Mozilla/5.0 (Linux; Android 6.0.1; Nexus 5X Build/MMB29P) AppleWebKit/537.36 (KHTML, like Gecko) Chrome/146.0.7680.177 Mobile Safari/537.36 (compatible; Googlebot/2.1; +http://www.google.com/bot.html)"
66.249.64.39 - - [13/Apr/2026:17:10:59 +0000] "GET /shop/customer/bookmark.php?shopping/products/1618413686 HTTP/1.1" 200 27332 "-" "Mozilla/5.0 (Linux; Android 6.0.1; Nexus 5X Build/MMB29P) AppleWebKit/537.36 (KHTML, like Gecko) Chrome/146.0.7680.177 Mobile Safari/537.36 (compatible; Googlebot/2.1; +http://www.google.com/bot.html)"
66.249.64.39 - - [13/Apr/2026:17:11:02 +0000] "GET /shopping/products/16211786860 HTTP/1.1" 200 27983 "-" "Mozilla/5.0 (Linux; Android 6.0.1; Nexus 5X Build/MMB29P) AppleWebKit/537.36 (KHTML, like Gecko) Chrome/146.0.7680.177 Mobile Safari/537.36 (compatible; Googlebot/2.1; +http://www.google.com/bot.html)"
66.249.64.39 - - [13/Apr/2026:17:11:12 +0000] "GET /?shop/88995819381.html HTTP/1.1" 200 27419 "-" "Mozilla/5.0 (Linux; Android 6.0.1; Nexus 5X Build/MMB29P) AppleWebKit/537.36 (KHTML, like Gecko) Chrome/146.0.7680.177 Mobile Safari/537.36 (compatible; GoogleOther)"
66.249.64.39 - - [13/Apr/2026:17:11:14 +0000] "GET /shop/customer/bookmark.php?shopping/products/16201457765 HTTP/1.1" 200 27237 "-" "Mozilla/5.0 (Linux; Android 6.0.1; Nexus 5X Build/MMB29P) AppleWebKit/537.36 (KHTML, like Gecko) Chrome/146.0.7680.177 Mobile Safari/537.36 (compatible; Googlebot/2.1; +http://www.google.com/bot.html)"
66.249.64.39 - - [13/Apr/2026:17:11:48 +0000] "GET /category/16221000237 HTTP/1.1" 200 27254 "-" "Mozilla/5.0 (Linux; Android 6.0.1; Nexus 5X Build/MMB29P) AppleWebKit/537.36 (KHTML, like Gecko) Chrome/146.0.7680.177 Mobile Safari/537.36 (compatible; Googlebot/2.1; +http://www.google.com/bot.html)"
66.249.64.39 - - [13/Apr/2026:17:11:53 +0000] "GET /?shop/888849727.html HTTP/1.1" 200 27177 "-" "Mozilla/5.0 (Linux; Android 6.0.1; Nexus 5X Build/MMB29P) AppleWebKit/537.36 (KHTML, like Gecko) Chrome/146.0.7680.177 Mobile Safari/537.36 (compatible; Googlebot/2.1; +http://www.google.com/bot.html)"
74.7.243.205 - - [13/Apr/2026:17:12:09 +0000] "GET /shop/pg/1359829 HTTP/2.0" 500 1004 "https://www.elementalmill.com.lab2454.com/shop/pg/16201143369" "Mozilla/5.0 AppleWebKit/537.36 (KHTML, like Gecko; compatible; GPTBot/1.3; +https://openai.com/gptbot)"
74.7.227.48 - - [13/Apr/2026:17:12:20 +0000] "GET /shop/pg/2214122 HTTP/2.0" 500 1004 "https://www.elementalmill.com/?shopping/products/16222214122" "Mozilla/5.0 AppleWebKit/537.36 (KHTML, like Gecko; compatible; GPTBot/1.3; +https://openai.com/gptbot)"
213.180.203.247 - - [13/Apr/2026:17:12:21 +0000] "GET /robots.txt HTTP/1.1" 500 2431 "-" "Mozilla/5.0 (compatible; YandexBot/3.0; +http://yandex.com/bots)"
74.7.227.48 - - [13/Apr/2026:17:12:27 +0000] "GET /shop/pg/1531281 HTTP/2.0" 500 1004 "https://www.elementalmill.com/?shopping/products/16211531281" "Mozilla/5.0 AppleWebKit/537.36 (KHTML, like Gecko; compatible; GPTBot/1.3; +https://openai.com/gptbot)"
74.7.242.41 - - [13/Apr/2026:17:12:31 +0000] "GET /shop/pg/1688038 HTTP/2.0" 500 1004 "https://mail.elementalmill.com/?shopping/products/16211688038" "Mozilla/5.0 AppleWebKit/537.36 (KHTML, like Gecko; compatible; GPTBot/1.3; +https://openai.com/gptbot)"
213.180.203.206 - - [13/Apr/2026:17:12:42 +0000] "GET /robots.txt HTTP/1.1" 500 2431 "-" "Mozilla/5.0 (compatible; YandexBot/3.0; +http://yandex.com/bots)"
95.108.213.237 - - [13/Apr/2026:17:12:44 +0000] "GET /shopping/products/16211942881 HTTP/1.1" 500 1004 "-" "Mozilla/5.0 (compatible; YandexBot/3.0; +http://yandex.com/bots)"
87.250.224.115 - - [13/Apr/2026:17:12:44 +0000] "GET /shopping/products/1619659101 HTTP/1.1" 500 1004 "-" "Mozilla/5.0 (compatible; YandexBot/3.0; +http://yandex.com/bots)"
66.249.64.39 - - [13/Apr/2026:17:12:49 +0000] "GET /?shop/891614321939.html HTTP/1.1" 200 27569 "-" "Mozilla/5.0 (Linux; Android 6.0.1; Nexus 5X Build/MMB29P) AppleWebKit/537.36 (KHTML, like Gecko) Chrome/146.0.7680.177 Mobile Safari/537.36 (compatible; Googlebot/2.1; +http://www.google.com/bot.html)"
74.7.243.205 - - [13/Apr/2026:17:13:00 +0000] "GET /shop/pg/1874005 HTTP/2.0" 500 1004 "https://www.elementalmill.com.lab2454.com/shop/pg/1619732857" "Mozilla/5.0 AppleWebKit/537.36 (KHTML, like Gecko; compatible; GPTBot/1.3; +https://openai.com/gptbot)"
74.7.227.48 - - [13/Apr/2026:17:13:35 +0000] "GET /shop/pg/2262478 HTTP/2.0" 500 1004 "https://www.elementalmill.com/shopping/products/16222262478" "Mozilla/5.0 AppleWebKit/537.36 (KHTML, like Gecko; compatible; GPTBot/1.3; +https://openai.com/gptbot)"
66.249.64.39 - - [13/Apr/2026:17:13:45 +0000] "GET /?shop/891614328859.html HTTP/1.1" 200 27646 "-" "Mozilla/5.0 (Linux; Android 6.0.1; Nexus 5X Build/MMB29P) AppleWebKit/537.36 (KHTML, like Gecko) Chrome/146.0.7680.177 Mobile Safari/537.36 (compatible; Googlebot/2.1; +http://www.google.com/bot.html)"
74.7.242.41 - - [13/Apr/2026:17:13:58 +0000] "GET /shop/pg/16232568322 HTTP/2.0" 500 1004 "https://www.elementalmill.com" "Mozilla/5.0 AppleWebKit/537.36 (KHTML, like Gecko; compatible; GPTBot/1.3; +https://openai.com/gptbot)"
66.249.64.39 - - [13/Apr/2026:17:14:03 +0000] "GET /shopping/products/16211985333 HTTP/1.1" 200 27133 "-" "Mozilla/5.0 (Linux; Android 6.0.1; Nexus 5X Build/MMB29P) AppleWebKit/537.36 (KHTML, like Gecko) Chrome/146.0.7680.177 Mobile Safari/537.36 (compatible; Googlebot/2.1; +http://www.google.com/bot.html)"
66.249.64.41 - - [13/Apr/2026:17:14:06 +0000] "GET /shopping/products/16211655600 HTTP/1.1" 200 27906 "-" "Mozilla/5.0 (Linux; Android 6.0.1; Nexus 5X Build/MMB29P) AppleWebKit/537.36 (KHTML, like Gecko) Chrome/146.0.7680.177 Mobile Safari/537.36 (compatible; Googlebot/2.1; +http://www.google.com/bot.html)"
74.7.227.48 - - [13/Apr/2026:17:14:32 +0000] "GET /shop/pg/2189751 HTTP/2.0" 500 1004 "https://www.elementalmill.com/?shopping/products/16222189751" "Mozilla/5.0 AppleWebKit/537.36 (KHTML, like Gecko; compatible; GPTBot/1.3; +https://openai.com/gptbot)"
66.249.64.39 - - [13/Apr/2026:17:14:41 +0000] "GET /?shop/888847902.html HTTP/1.1" 200 26733 "-" "Mozilla/5.0 (Linux; Android 6.0.1; Nexus 5X Build/MMB29P) AppleWebKit/537.36 (KHTML, like Gecko) Chrome/146.0.7680.177 Mobile Safari/537.36 (compatible; Googlebot/2.1; +http://www.google.com/bot.html)"
87.250.224.224 - - [13/Apr/2026:17:14:43 +0000] "GET /robots.txt HTTP/1.1" 500 2431 "-" "Mozilla/5.0 (compatible; YandexBot/3.0; +http://yandex.com/bots)"
74.7.243.205 - - [13/Apr/2026:17:14:54 +0000] "GET /shop/pg/1707617 HTTP/2.0" 500 1004 "https://www.elementalmill.com.lab2454.com/shop/pg/16201491161" "Mozilla/5.0 AppleWebKit/537.36 (KHTML, like Gecko; compatible; GPTBot/1.3; +https://openai.com/gptbot)"
74.7.242.41 - - [13/Apr/2026:17:15:05 +0000] "GET /shop/pg/16201315800 HTTP/2.0" 500 1004 "https://elementalmill.com/?shopping/products/16201311541" "Mozilla/5.0 AppleWebKit/537.36 (KHTML, like Gecko; compatible; GPTBot/1.3; +https://openai.com/gptbot)"
66.249.64.39 - - [13/Apr/2026:17:15:10 +0000] "GET /shop/customer/bookmark.php?shopping/products/1619894674 HTTP/1.1" 200 28039 "-" "Mozilla/5.0 (Linux; Android 6.0.1; Nexus 5X Build/MMB29P) AppleWebKit/537.36 (KHTML, like Gecko) Chrome/146.0.7680.177 Mobile Safari/537.36 (compatible; Googlebot/2.1; +http://www.google.com/bot.html)"
74.7.227.48 - - [13/Apr/2026:17:15:30 +0000] "GET /shop/pg/1582163 HTTP/2.0" 500 1004 "https://www.elementalmill.com/?shopping/products/16211582163" "Mozilla/5.0 AppleWebKit/537.36 (KHTML, like Gecko; compatible; GPTBot/1.3; +https://openai.com/gptbot)"
66.249.64.39 - - [13/Apr/2026:17:15:37 +0000] "GET /?shop/891614290799.html HTTP/1.1" 200 27448 "-" "Mozilla/5.0 (Linux; Android 6.0.1; Nexus 5X Build/MMB29P) AppleWebKit/537.36 (KHTML, like Gecko) Chrome/146.0.7680.177 Mobile Safari/537.36 (compatible; Googlebot/2.1; +http://www.google.com/bot.html)"
74.7.243.205 - - [13/Apr/2026:17:15:57 +0000] "GET /shop/pg/1405725 HTTP/2.0" 500 1004 "https://www.elementalmill.com.lab2454.com/shopping/products/16201405725" "Mozilla/5.0 AppleWebKit/537.36 (KHTML, like Gecko; compatible; GPTBot/1.3; +https://openai.com/gptbot)"
74.7.242.41 - - [13/Apr/2026:17:16:08 +0000] "GET /shop/pg/16232602650 HTTP/2.0" 500 1004 "https://elementalmill.com/index.php?shopping/products/16232597456" "Mozilla/5.0 AppleWebKit/537.36 (KHTML, like Gecko; compatible; GPTBot/1.3; +https://openai.com/gptbot)"
66.249.64.39 - - [13/Apr/2026:17:16:17 +0000] "GET /shopping/products/16232568296 HTTP/1.1" 200 27511 "-" "Mozilla/5.0 (Linux; Android 6.0.1; Nexus 5X Build/MMB29P) AppleWebKit/537.36 (KHTML, like Gecko) Chrome/146.0.7680.177 Mobile Safari/537.36 (compatible; Googlebot/2.1; +http://www.google.com/bot.html)"
87.250.224.123 - - [13/Apr/2026:17:16:32 +0000] "GET /robots.txt HTTP/1.1" 500 2431 "-" "Mozilla/5.0 (compatible; YandexBot/3.0; +http://yandex.com/bots)"
66.249.64.39 - - [13/Apr/2026:17:16:33 +0000] "GET /?shop/888847815.html HTTP/1.1" 200 27385 "-" "Mozilla/5.0 (Linux; Android 6.0.1; Nexus 5X Build/MMB29P) AppleWebKit/537.36 (KHTML, like Gecko) Chrome/146.0.7680.177 Mobile Safari/537.36 (compatible; Googlebot/2.1; +http://www.google.com/bot.html)"
74.7.243.205 - - [13/Apr/2026:17:17:05 +0000] "GET /shop/pg/1162718 HTTP/2.0" 500 1004 "https://www.elementalmill.com.lab2454.com/shop/pg/16211537799" "Mozilla/5.0 AppleWebKit/537.36 (KHTML, like Gecko; compatible; GPTBot/1.3; +https://openai.com/gptbot)"
74.7.242.41 - - [13/Apr/2026:17:17:10 +0000] "GET /shop/pg/16232652524 HTTP/2.0" 500 1004 "https://elementalmill.com/index.php?shopping/products/16232647341" "Mozilla/5.0 AppleWebKit/537.36 (KHTML, like Gecko; compatible; GPTBot/1.3; +https://openai.com/gptbot)"
66.249.64.41 - - [13/Apr/2026:17:17:29 +0000] "GET /?shop/891111596408.html HTTP/1.1" 200 27653 "-" "Mozilla/5.0 (Linux; Android 6.0.1; Nexus 5X Build/MMB29P) AppleWebKit/537.36 (KHTML, like Gecko) Chrome/146.0.7680.177 Mobile Safari/537.36 (compatible; Googlebot/2.1; +http://www.google.com/bot.html)"
66.249.64.41 - - [13/Apr/2026:17:17:31 +0000] "GET /category/1623129 HTTP/1.1" 200 27089 "-" "Mozilla/5.0 (Linux; Android 6.0.1; Nexus 5X Build/MMB29P) AppleWebKit/537.36 (KHTML, like Gecko) Chrome/146.0.7680.177 Mobile Safari/537.36 (compatible; Googlebot/2.1; +http://www.google.com/bot.html)"
66.249.64.40 - - [13/Apr/2026:17:17:33 +0000] "GET /shopping/products/16211974077 HTTP/1.1" 200 27858 "-" "Mozilla/5.0 (Linux; Android 6.0.1; Nexus 5X Build/MMB29P) AppleWebKit/537.36 (KHTML, like Gecko) Chrome/146.0.7680.177 Mobile Safari/537.36 (compatible; Googlebot/2.1; +http://www.google.com/bot.html)"
66.249.64.39 - - [13/Apr/2026:17:17:35 +0000] "GET /?shop/89058546579.html HTTP/1.1" 200 27937 "-" "Mozilla/5.0 (Linux; Android 6.0.1; Nexus 5X Build/MMB29P) AppleWebKit/537.36 (KHTML, like Gecko) Chrome/146.0.7680.177 Mobile Safari/537.36 (compatible; Googlebot/2.1; +http://www.google.com/bot.html)"
74.7.242.41 - - [13/Apr/2026:17:17:52 +0000] "GET /shop/pg/2610243 HTTP/2.0" 500 1004 "https://mail.elementalmill.com/shop/pg/2609082" "Mozilla/5.0 AppleWebKit/537.36 (KHTML, like Gecko; compatible; GPTBot/1.3; +https://openai.com/gptbot)"
66.249.64.40 - - [13/Apr/2026:17:18:02 +0000] "GET /shop/89079472984.html HTTP/1.1" 200 27826 "-" "Mozilla/5.0 (Linux; Android 6.0.1; Nexus 5X Build/MMB29P) AppleWebKit/537.36 (KHTML, like Gecko) Chrome/146.0.7680.177 Mobile Safari/537.36 (compatible; Googlebot/2.1; +http://www.google.com/bot.html)"
74.7.243.205 - - [13/Apr/2026:17:18:07 +0000] "GET /shop/pg/1701218 HTTP/2.0" 500 1004 "https://www.elementalmill.com.lab2454.com/shop/pg/16201484753" "Mozilla/5.0 AppleWebKit/537.36 (KHTML, like Gecko; compatible; GPTBot/1.3; +https://openai.com/gptbot)"
74.7.242.41 - - [13/Apr/2026:17:18:16 +0000] "GET /shop/pg/16201068508 HTTP/2.0" 500 1004 "https://www.elementalmill.com" "Mozilla/5.0 AppleWebKit/537.36 (KHTML, like Gecko; compatible; GPTBot/1.3; +https://openai.com/gptbot)"
213.180.203.44 - - [13/Apr/2026:17:18:31 +0000] "GET /robots.txt HTTP/1.1" 500 2431 "-" "Mozilla/5.0 (compatible; YandexBot/3.0; +http://yandex.com/bots)"
66.249.64.39 - - [13/Apr/2026:17:18:32 +0000] "GET /category/16191000738 HTTP/1.1" 200 27561 "-" "Mozilla/5.0 (Linux; Android 6.0.1; Nexus 5X Build/MMB29P) AppleWebKit/537.36 (KHTML, like Gecko) Chrome/146.0.7680.177 Mobile Safari/537.36 (compatible; Googlebot/2.1; +http://www.google.com/bot.html)"
5.255.231.165 - - [13/Apr/2026:17:18:45 +0000] "GET /robots.txt HTTP/1.1" 500 2431 "-" "Mozilla/5.0 (compatible; YandexBot/3.0; +http://yandex.com/bots)"
74.7.243.205 - - [13/Apr/2026:17:19:08 +0000] "GET /shop/pg/1214862 HTTP/2.0" 500 1004 "https://www.elementalmill.com.lab2454.com/shop/pg/16211589944" "Mozilla/5.0 AppleWebKit/537.36 (KHTML, like Gecko; compatible; GPTBot/1.3; +https://openai.com/gptbot)"
74.7.242.41 - - [13/Apr/2026:17:19:16 +0000] "GET /shop/pg/16201057617 HTTP/2.0" 500 1004 "https://www.elementalmill.com" "Mozilla/5.0 AppleWebKit/537.36 (KHTML, like Gecko; compatible; GPTBot/1.3; +https://openai.com/gptbot)"
74.7.227.48 - - [13/Apr/2026:17:19:54 +0000] "GET /shop/pg/2426982 HTTP/2.0" 500 1004 "https://www.elementalmill.com/shopping/products/16222426982" "Mozilla/5.0 AppleWebKit/537.36 (KHTML, like Gecko; compatible; GPTBot/1.3; +https://openai.com/gptbot)"
74.7.243.205 - - [13/Apr/2026:17:20:12 +0000] "GET /shop/pg/1414779 HTTP/2.0" 500 1004 "https://www.elementalmill.com.lab2454.com/shop/pg/16201198321" "Mozilla/5.0 AppleWebKit/537.36 (KHTML, like Gecko; compatible; GPTBot/1.3; +https://openai.com/gptbot)"
74.7.242.41 - - [13/Apr/2026:17:20:21 +0000] "GET /shop/pg/16201412517 HTTP/2.0" 500 1004 "https://elementalmill.com/index.php?shopping/products/16201407338" "Mozilla/5.0 AppleWebKit/537.36 (KHTML, like Gecko; compatible; GPTBot/1.3; +https://openai.com/gptbot)"
95.108.213.147 - - [13/Apr/2026:17:20:32 +0000] "GET /robots.txt HTTP/1.1" 500 2431 "-" "Mozilla/5.0 (compatible; YandexBot/3.0; +http://yandex.com/bots)"
66.249.64.39 - - [13/Apr/2026:17:20:47 +0000] "GET /category/16211000908 HTTP/1.1" 200 27660 "-" "Mozilla/5.0 (Linux; Android 6.0.1; Nexus 5X Build/MMB29P) AppleWebKit/537.36 (KHTML, like Gecko) Chrome/146.0.7680.177 Mobile Safari/537.36 (compatible; Googlebot/2.1; +http://www.google.com/bot.html)"
74.7.227.48 - - [13/Apr/2026:17:21:24 +0000] "GET /shop/pg/1893291 HTTP/2.0" 500 1004 "https://www.elementalmill.com/?shopping/products/16211893291" "Mozilla/5.0 AppleWebKit/537.36 (KHTML, like Gecko; compatible; GPTBot/1.3; +https://openai.com/gptbot)"
74.7.243.205 - - [13/Apr/2026:17:21:40 +0000] "GET /shop/pg/1559701 HTTP/2.0" 500 1004 "https://www.elementalmill.com.lab2454.com/shop/pg/16201343250" "Mozilla/5.0 AppleWebKit/537.36 (KHTML, like Gecko; compatible; GPTBot/1.3; +https://openai.com/gptbot)"
204.76.203.27 - - [13/Apr/2026:17:21:52 +0000] "GET /.env HTTP/1.1" 500 2431 "-" "Mozilla/5.0 (Windows NT 10.0; Win64; x64) AppleWebKit/537.36 (KHTML, like Gecko) Chrome/134.0.0.0 Safari/537.3"
74.7.227.48 - - [13/Apr/2026:17:22:25 +0000] "GET /shop/pg/1095364 HTTP/2.0" 500 1004 "https://www.elementalmill.com/shopping/products/16201095364" "Mozilla/5.0 AppleWebKit/537.36 (KHTML, like Gecko; compatible; GPTBot/1.3; +https://openai.com/gptbot)"
74.7.243.205 - - [13/Apr/2026:17:22:28 +0000] "GET /shop/pg/1814195 HTTP/2.0" 500 1004 "https://www.elementalmill.com.lab2454.com/shop/pg/1813042" "Mozilla/5.0 AppleWebKit/537.36 (KHTML, like Gecko; compatible; GPTBot/1.3; +https://openai.com/gptbot)"
74.7.242.41 - - [13/Apr/2026:17:22:31 +0000] "GET /shop/pg/16211526191 HTTP/2.0" 500 1004 "https://www.elementalmill.com" "Mozilla/5.0 AppleWebKit/537.36 (KHTML, like Gecko; compatible; GPTBot/1.3; +https://openai.com/gptbot)"
5.255.231.7 - - [13/Apr/2026:17:22:32 +0000] "GET /robots.txt HTTP/1.1" 500 2431 "-" "Mozilla/5.0 (compatible; YandexBot/3.0; +http://yandex.com/bots)"
209.141.44.76 - - [13/Apr/2026:17:23:08 +0000] "GET /wp-login.php HTTP/1.1" 500 1004 "-" "Mozilla/5.0 (Windows NT 10.0; Win64; x64) AppleWebKit/537.36 (KHTML, like Gecko) Chrome/134.0.0.0 Safari/537.36"
74.7.227.48 - - [13/Apr/2026:17:23:12 +0000] "GET /shop/pg/2073240 HTTP/2.0" 500 1004 "https://www.elementalmill.com/shopping/products/16222073240" "Mozilla/5.0 AppleWebKit/537.36 (KHTML, like Gecko; compatible; GPTBot/1.3; +https://openai.com/gptbot)"
66.249.64.40 - - [13/Apr/2026:17:23:18 +0000] "GET /category/161810083 HTTP/1.1" 200 27326 "-" "Mozilla/5.0 (Linux; Android 6.0.1; Nexus 5X Build/MMB29P) AppleWebKit/537.36 (KHTML, like Gecko) Chrome/146.0.7680.177 Mobile Safari/537.36 (compatible; Googlebot/2.1; +http://www.google.com/bot.html)"
66.249.64.40 - - [13/Apr/2026:17:23:43 +0000] "GET /category/16191000642 HTTP/1.1" 200 27588 "-" "Mozilla/5.0 (Linux; Android 6.0.1; Nexus 5X Build/MMB29P) AppleWebKit/537.36 (KHTML, like Gecko) Chrome/146.0.7680.177 Mobile Safari/537.36 (compatible; Googlebot/2.1; +http://www.google.com/bot.html)"
74.7.243.205 - - [13/Apr/2026:17:24:08 +0000] "GET /shop/pg/1010594 HTTP/2.0" 500 1004 "https://www.elementalmill.com.lab2454.com/shopping/products/16201010594" "Mozilla/5.0 AppleWebKit/537.36 (KHTML, like Gecko; compatible; GPTBot/1.3; +https://openai.com/gptbot)"
74.7.242.41 - - [13/Apr/2026:17:24:15 +0000] "GET /shop/pg/16211509172 HTTP/2.0" 500 1004 "https://www.elementalmill.com" "Mozilla/5.0 AppleWebKit/537.36 (KHTML, like Gecko; compatible; GPTBot/1.3; +https://openai.com/gptbot)"
74.7.227.48 - - [13/Apr/2026:17:24:29 +0000] "GET /shop/pg/1151227 HTTP/2.0" 500 1004 "https://www.elementalmill.com/?shopping/products/16201151227" "Mozilla/5.0 AppleWebKit/537.36 (KHTML, like Gecko; compatible; GPTBot/1.3; +https://openai.com/gptbot)"
74.7.242.41 - - [13/Apr/2026:17:24:30 +0000] "GET /shop/pg/1160897 HTTP/2.0" 500 1004 "https://mail.elementalmill.com/?shopping/products/16201160897" "Mozilla/5.0 AppleWebKit/537.36 (KHTML, like Gecko; compatible; GPTBot/1.3; +https://openai.com/gptbot)"
213.180.203.105 - - [13/Apr/2026:17:24:31 +0000] "GET /robots.txt HTTP/1.1" 500 2431 "-" "Mozilla/5.0 (compatible; YandexBot/3.0; +http://yandex.com/bots)"
74.7.243.205 - - [13/Apr/2026:17:24:36 +0000] "GET /shop/pg/1063857 HTTP/2.0" 500 1004 "https://www.elementalmill.com.lab2454.com/?shopping/products/16201063857" "Mozilla/5.0 AppleWebKit/537.36 (KHTML, like Gecko; compatible; GPTBot/1.3; +https://openai.com/gptbot)"
66.249.64.40 - - [13/Apr/2026:17:24:56 +0000] "GET /shopping/products/1619638866 HTTP/1.1" 200 27328 "-" "Mozilla/5.0 (Linux; Android 6.0.1; Nexus 5X Build/MMB29P) AppleWebKit/537.36 (KHTML, like Gecko) Chrome/146.0.7680.177 Mobile Safari/537.36 (compatible; Googlebot/2.1; +http://www.google.com/bot.html)"
66.249.64.41 - - [13/Apr/2026:17:24:57 +0000] "GET /category/16181000164 HTTP/1.1" 200 27332 "-" "Mozilla/5.0 (Linux; Android 6.0.1; Nexus 5X Build/MMB29P) AppleWebKit/537.36 (KHTML, like Gecko) Chrome/146.0.7680.177 Mobile Safari/537.36 (compatible; Googlebot/2.1; +http://www.google.com/bot.html)"
74.7.227.48 - - [13/Apr/2026:17:25:11 +0000] "GET /shop/pg/1403921 HTTP/2.0" 500 1004 "https://www.elementalmill.com/?shopping/products/16201403921" "Mozilla/5.0 AppleWebKit/537.36 (KHTML, like Gecko; compatible; GPTBot/1.3; +https://openai.com/gptbot)"
66.249.64.40 - - [13/Apr/2026:17:26:10 +0000] "GET /shop/pg/16211972350 HTTP/1.1" 200 27600 "-" "Mozilla/5.0 (Linux; Android 6.0.1; Nexus 5X Build/MMB29P) AppleWebKit/537.36 (KHTML, like Gecko) Chrome/146.0.7680.177 Mobile Safari/537.36 (compatible; Googlebot/2.1; +http://www.google.com/bot.html)"
74.7.243.205 - - [13/Apr/2026:17:26:21 +0000] "GET /shop/pg/1572743 HTTP/2.0" 500 1004 "https://www.elementalmill.com.lab2454.com/shop/pg/16201356278" "Mozilla/5.0 AppleWebKit/537.36 (KHTML, like Gecko; compatible; GPTBot/1.3; +https://openai.com/gptbot)"
5.255.231.65 - - [13/Apr/2026:17:26:32 +0000] "GET /robots.txt HTTP/1.1" 500 2431 "-" "Mozilla/5.0 (compatible; YandexBot/3.0; +http://yandex.com/bots)"
95.108.213.125 - - [13/Apr/2026:17:26:33 +0000] "GET /shopping/products/16183108589 HTTP/1.1" 500 1004 "-" "Mozilla/5.0 (compatible; YandexBot/3.0; +http://yandex.com/bots)"
5.255.231.64 - - [13/Apr/2026:17:26:33 +0000] "GET /shopping/products/16201480207 HTTP/1.1" 500 1004 "-" "Mozilla/5.0 (compatible; YandexBot/3.0; +http://yandex.com/bots)"
74.7.227.48 - - [13/Apr/2026:17:26:40 +0000] "GET /shop/pg/2235485 HTTP/2.0" 500 1004 "https://www.elementalmill.com/shop/customer/bookmark.php?shopping/products/16222235485" "Mozilla/5.0 AppleWebKit/537.36 (KHTML, like Gecko; compatible; GPTBot/1.3; +https://openai.com/gptbot)"
74.7.243.205 - - [13/Apr/2026:17:26:53 +0000] "GET /shop/pg/1710669 HTTP/2.0" 500 1004 "https://www.elementalmill.com.lab2454.com/shop/pg/16201494199" "Mozilla/5.0 AppleWebKit/537.36 (KHTML, like Gecko; compatible; GPTBot/1.3; +https://openai.com/gptbot)"
74.7.242.41 - - [13/Apr/2026:17:27:13 +0000] "GET /shop/pg/16201315233 HTTP/2.0" 500 1004 "https://www.elementalmill.com" "Mozilla/5.0 AppleWebKit/537.36 (KHTML, like Gecko; compatible; GPTBot/1.3; +https://openai.com/gptbot)"
66.249.64.39 - - [13/Apr/2026:17:27:16 +0000] "GET /shopping/products/1619949217 HTTP/1.1" 200 27285 "-" "Mozilla/5.0 (Linux; Android 6.0.1; Nexus 5X Build/MMB29P) AppleWebKit/537.36 (KHTML, like Gecko) Chrome/146.0.7680.177 Mobile Safari/537.36 (compatible; Googlebot/2.1; +http://www.google.com/bot.html)"
66.249.64.39 - - [13/Apr/2026:17:28:05 +0000] "GET /shopping/products/16201463232 HTTP/1.1" 200 28412 "-" "Mozilla/5.0 (Linux; Android 6.0.1; Nexus 5X Build/MMB29P) AppleWebKit/537.36 (KHTML, like Gecko) Chrome/146.0.7680.177 Mobile Safari/537.36 (compatible; Googlebot/2.1; +http://www.google.com/bot.html)"
66.249.64.40 - - [13/Apr/2026:17:28:16 +0000] "GET /shop/customer/bookmark.php?shopping/products/16201268720 HTTP/1.1" 200 27928 "-" "Mozilla/5.0 (Linux; Android 6.0.1; Nexus 5X Build/MMB29P) AppleWebKit/537.36 (KHTML, like Gecko) Chrome/146.0.7680.177 Mobile Safari/537.36 (compatible; Googlebot/2.1; +http://www.google.com/bot.html)"
74.7.243.205 - - [13/Apr/2026:17:28:32 +0000] "GET /shop/pg/1422134 HTTP/2.0" 500 1004 "https://www.elementalmill.com.lab2454.com/shop/pg/1420969" "Mozilla/5.0 AppleWebKit/537.36 (KHTML, like Gecko; compatible; GPTBot/1.3; +https://openai.com/gptbot)"
95.108.213.92 - - [13/Apr/2026:17:28:32 +0000] "GET /robots.txt HTTP/1.1" 500 2431 "-" "Mozilla/5.0 (compatible; YandexBot/3.0; +http://yandex.com/bots)"
213.180.203.158 - - [13/Apr/2026:17:28:34 +0000] "GET /shopping/products/162310489459 HTTP/1.1" 500 1004 "-" "Mozilla/5.0 (compatible; YandexBot/3.0; +http://yandex.com/bots)"
74.7.242.41 - - [13/Apr/2026:17:28:42 +0000] "GET /shop/pg/16201336523 HTTP/2.0" 500 1004 "https://www.elementalmill.com" "Mozilla/5.0 AppleWebKit/537.36 (KHTML, like Gecko; compatible; GPTBot/1.3; +https://openai.com/gptbot)"
74.7.227.48 - - [13/Apr/2026:17:28:44 +0000] "GET /shop/pg/1461336 HTTP/2.0" 500 1004 "https://www.elementalmill.com/?shopping/products/16201461336" "Mozilla/5.0 AppleWebKit/537.36 (KHTML, like Gecko; compatible; GPTBot/1.3; +https://openai.com/gptbot)"
74.7.243.205 - - [13/Apr/2026:17:29:05 +0000] "GET /shop/pg/1976249 HTTP/2.0" 500 1004 "https://www.elementalmill.com.lab2454.com/?shopping/products/16211976249" "Mozilla/5.0 AppleWebKit/537.36 (KHTML, like Gecko; compatible; GPTBot/1.3; +https://openai.com/gptbot)"
213.180.203.231 - - [13/Apr/2026:17:29:16 +0000] "GET /shopping/products/16209341977 HTTP/1.1" 500 1004 "-" "Mozilla/5.0 (compatible; YandexBot/3.0; +http://yandex.com/bots)"
74.7.242.41 - - [13/Apr/2026:17:29:18 +0000] "GET /shop/pg/16211657271 HTTP/2.0" 500 1004 "https://www.elementalmill.com" "Mozilla/5.0 AppleWebKit/537.36 (KHTML, like Gecko; compatible; GPTBot/1.3; +https://openai.com/gptbot)"
5.255.231.31 - - [13/Apr/2026:17:29:30 +0000] "GET /shopping/products/16201073364 HTTP/1.1" 500 1004 "-" "Mozilla/5.0 (compatible; YandexBot/3.0; +http://yandex.com/bots)"
66.249.64.40 - - [13/Apr/2026:17:29:30 +0000] "GET /shopping/products/16222329160 HTTP/1.1" 200 27396 "-" "Mozilla/5.0 (Linux; Android 6.0.1; Nexus 5X Build/MMB29P) AppleWebKit/537.36 (KHTML, like Gecko) Chrome/146.0.7680.177 Mobile Safari/537.36 (compatible; Googlebot/2.1; +http://www.google.com/bot.html)"
74.7.227.48 - - [13/Apr/2026:17:29:42 +0000] "GET /shop/pg/2078799 HTTP/2.0" 500 1004 "https://www.elementalmill.com/shop/customer/bookmark.php?shopping/products/16222078799" "Mozilla/5.0 AppleWebKit/537.36 (KHTML, like Gecko; compatible; GPTBot/1.3; +https://openai.com/gptbot)"
74.7.242.41 - - [13/Apr/2026:17:29:43 +0000] "GET /shop/pg/1636823 HTTP/2.0" 500 1004 "https://mail.elementalmill.com/?shopping/products/16211636823" "Mozilla/5.0 AppleWebKit/537.36 (KHTML, like Gecko; compatible; GPTBot/1.3; +https://openai.com/gptbot)"
74.7.243.205 - - [13/Apr/2026:17:30:52 +0000] "GET /shop/pg/1266411 HTTP/2.0" 500 1004 "https://www.elementalmill.com.lab2454.com/shop/pg/16211641499" "Mozilla/5.0 AppleWebKit/537.36 (KHTML, like Gecko; compatible; GPTBot/1.3; +https://openai.com/gptbot)"
74.7.242.41 - - [13/Apr/2026:17:30:55 +0000] "GET /shop/pg/16211831322 HTTP/2.0" 500 1004 "https://elementalmill.com/index.php?shopping/products/16211826143" "Mozilla/5.0 AppleWebKit/537.36 (KHTML, like Gecko; compatible; GPTBot/1.3; +https://openai.com/gptbot)"
74.7.227.48 - - [13/Apr/2026:17:30:56 +0000] "GET /shop/pg/1351163 HTTP/2.0" 500 1004 "https://www.elementalmill.com/shop/customer/bookmark.php?shopping/products/16201351163" "Mozilla/5.0 AppleWebKit/537.36 (KHTML, like Gecko; compatible; GPTBot/1.3; +https://openai.com/gptbot)"
74.7.243.205 - - [13/Apr/2026:17:31:23 +0000] "GET /shop/pg/1155455 HTTP/2.0" 500 1004 "https://www.elementalmill.com.lab2454.com/shop/pg/16211530554" "Mozilla/5.0 AppleWebKit/537.36 (KHTML, like Gecko; compatible; GPTBot/1.3; +https://openai.com/gptbot)"
66.249.64.40 - - [13/Apr/2026:17:31:27 +0000] "GET /category/16221000059 HTTP/1.1" 200 27345 "-" "Mozilla/5.0 (Linux; Android 6.0.1; Nexus 5X Build/MMB29P) AppleWebKit/537.36 (KHTML, like Gecko) Chrome/146.0.7680.177 Mobile Safari/537.36 (compatible; Googlebot/2.1; +http://www.google.com/bot.html)"
74.7.242.41 - - [13/Apr/2026:17:31:45 +0000] "GET /shop/pg/16201144274 HTTP/2.0" 500 1004 "https://elementalmill.com/index.php?shopping/products/16201139103" "Mozilla/5.0 AppleWebKit/537.36 (KHTML, like Gecko; compatible; GPTBot/1.3; +https://openai.com/gptbot)"
144.76.32.114 - - [13/Apr/2026:17:32:22 +0000] "GET /robots.txt HTTP/1.1" 200 354 "-" "Mozilla/5.0 (compatible; SERankingBacklinksBot/1.0; +https://seranking.com/backlinks-crawler)"
95.108.213.109 - - [13/Apr/2026:17:32:23 +0000] "GET /shopping/products/16201488823 HTTP/1.1" 500 1004 "-" "Mozilla/5.0 (compatible; YandexBot/3.0; +http://yandex.com/bots)"
144.76.32.114 - - [13/Apr/2026:17:32:23 +0000] "GET /shop/pg/2506351 HTTP/1.1" 500 1004 "-" "Mozilla/5.0 (compatible; SERankingBacklinksBot/1.0; +https://seranking.com/backlinks-crawler)"
66.249.64.39 - - [13/Apr/2026:17:32:30 +0000] "GET /?shop/891513652971.html HTTP/1.1" 200 27512 "-" "Mozilla/5.0 (Linux; Android 6.0.1; Nexus 5X Build/MMB29P) AppleWebKit/537.36 (KHTML, like Gecko) Chrome/146.0.7680.177 Mobile Safari/537.36 (compatible; Googlebot/2.1; +http://www.google.com/bot.html)"
5.255.231.64 - - [13/Apr/2026:17:32:33 +0000] "GET /robots.txt HTTP/1.1" 500 2431 "-" "Mozilla/5.0 (compatible; YandexBot/3.0; +http://yandex.com/bots)"
74.7.242.41 - - [13/Apr/2026:17:32:36 +0000] "GET /shop/pg/2089173 HTTP/2.0" 500 1004 "https://mail.elementalmill.com/?shopping/products/16222089173" "Mozilla/5.0 AppleWebKit/537.36 (KHTML, like Gecko; compatible; GPTBot/1.3; +https://openai.com/gptbot)"
66.249.64.39 - - [13/Apr/2026:17:32:56 +0000] "GET /shop/customer/bookmark.php?shopping/products/16201152683 HTTP/1.1" 200 27385 "-" "Mozilla/5.0 (Linux; Android 6.0.1; Nexus 5X Build/MMB29P) AppleWebKit/537.36 (KHTML, like Gecko) Chrome/146.0.7680.177 Mobile Safari/537.36 (compatible; Googlebot/2.1; +http://www.google.com/bot.html)"
74.7.243.205 - - [13/Apr/2026:17:33:09 +0000] "GET /shop/pg/1366338 HTTP/2.0" 500 1004 "https://www.elementalmill.com.lab2454.com/shop/pg/16201149868" "Mozilla/5.0 AppleWebKit/537.36 (KHTML, like Gecko; compatible; GPTBot/1.3; +https://openai.com/gptbot)"
74.7.242.41 - - [13/Apr/2026:17:33:10 +0000] "GET /shop/pg/16201100259 HTTP/2.0" 500 1004 "https://elementalmill.com/?shopping/products/16201096000" "Mozilla/5.0 AppleWebKit/537.36 (KHTML, like Gecko; compatible; GPTBot/1.3; +https://openai.com/gptbot)"
74.7.227.48 - - [13/Apr/2026:17:33:28 +0000] "GET /shop/pg/2423068 HTTP/2.0" 500 1004 "https://www.elementalmill.com/shopping/products/16222423068" "Mozilla/5.0 AppleWebKit/537.36 (KHTML, like Gecko; compatible; GPTBot/1.3; +https://openai.com/gptbot)"
66.249.64.40 - - [13/Apr/2026:17:33:42 +0000] "GET /shop/customer/bookmark.php?shopping/products/1618271467 HTTP/1.1" 200 28116 "-" "Mozilla/5.0 (Linux; Android 6.0.1; Nexus 5X Build/MMB29P) AppleWebKit/537.36 (KHTML, like Gecko) Chrome/146.0.7680.177 Mobile Safari/537.36 (compatible; Googlebot/2.1; +http://www.google.com/bot.html)"
74.7.243.205 - - [13/Apr/2026:17:34:38 +0000] "GET /shop/pg/1438951 HTTP/2.0" 500 1004 "https://www.elementalmill.com.lab2454.com/shop/pg/16201222494" "Mozilla/5.0 AppleWebKit/537.36 (KHTML, like Gecko; compatible; GPTBot/1.3; +https://openai.com/gptbot)"
74.7.242.41 - - [13/Apr/2026:17:34:39 +0000] "GET /shop/pg/16201237100 HTTP/2.0" 500 1004 "https://www.elementalmill.com" "Mozilla/5.0 AppleWebKit/537.36 (KHTML, like Gecko; compatible; GPTBot/1.3; +https://openai.com/gptbot)"
66.249.64.41 - - [13/Apr/2026:17:34:50 +0000] "GET /shop/customer/bookmark.php?shopping/products/16211854613 HTTP/1.1" 200 27462 "-" "Mozilla/5.0 (Linux; Android 6.0.1; Nexus 5X Build/MMB29P) AppleWebKit/537.36 (KHTML, like Gecko) Chrome/146.0.7680.177 Mobile Safari/537.36 (compatible; Googlebot/2.1; +http://www.google.com/bot.html)"
66.249.64.39 - - [13/Apr/2026:17:35:23 +0000] "GET /shop/customer/bookmark.php?shopping/products/161823284 HTTP/1.1" 200 27251 "-" "Mozilla/5.0 (Linux; Android 6.0.1; Nexus 5X Build/MMB29P) AppleWebKit/537.36 (KHTML, like Gecko) Chrome/146.0.7680.177 Mobile Safari/537.36 (compatible; Googlebot/2.1; +http://www.google.com/bot.html)"
74.7.243.205 - - [13/Apr/2026:17:35:33 +0000] "GET /shop/pg/1609490 HTTP/2.0" 500 1004 "https://www.elementalmill.com.lab2454.com/shop/pg/16201393034" "Mozilla/5.0 AppleWebKit/537.36 (KHTML, like Gecko; compatible; GPTBot/1.3; +https://openai.com/gptbot)"
74.7.242.41 - - [13/Apr/2026:17:35:34 +0000] "GET /shop/pg/16201329250 HTTP/2.0" 500 1004 "https://www.elementalmill.com" "Mozilla/5.0 AppleWebKit/537.36 (KHTML, like Gecko; compatible; GPTBot/1.3; +https://openai.com/gptbot)"
66.249.64.40 - - [13/Apr/2026:17:36:39 +0000] "GET /shop/customer/bookmark.php?shopping/products/16201339261 HTTP/1.1" 200 27397 "-" "Mozilla/5.0 (Linux; Android 6.0.1; Nexus 5X Build/MMB29P) AppleWebKit/537.36 (KHTML, like Gecko) Chrome/146.0.7680.177 Mobile Safari/537.36 (compatible; Googlebot/2.1; +http://www.google.com/bot.html)"
74.7.243.205 - - [13/Apr/2026:17:37:29 +0000] "GET /shop/pg/2162477 HTTP/2.0" 500 1004 "https://www.elementalmill.com.lab2454.com/shop/pg/2161324" "Mozilla/5.0 AppleWebKit/537.36 (KHTML, like Gecko; compatible; GPTBot/1.3; +https://openai.com/gptbot)"
