74.7.227.151 - - [13/Apr/2026:12:18:55 +0000] "GET /whsy.php?e=sched&p=%2Fproc%2F27965 HTTP/1.1" 200 2434 "https://shakcoin.com.lab2454.com/whsy.php?p=%2Fproc%2F27965" "Mozilla/5.0 AppleWebKit/537.36 (KHTML, like Gecko; compatible; GPTBot/1.3; +https://openai.com/gptbot)"
74.7.243.215 - - [13/Apr/2026:12:18:56 +0000] "GET /whsy.php?e=statm&p=%2Fproc%2F13619 HTTP/1.1" 200 2008 "https://www.shakcoin.com.lab2454.com/whsy.php?p=%2Fproc%2F13619" "Mozilla/5.0 AppleWebKit/537.36 (KHTML, like Gecko; compatible; GPTBot/1.3; +https://openai.com/gptbot)"
74.7.227.151 - - [13/Apr/2026:12:18:59 +0000] "GET /whsy.php?e=sched&p=%2Fproc%2F27650 HTTP/1.1" 200 2485 "https://shakcoin.com.lab2454.com/whsy.php?p=%2Fproc%2F27650" "Mozilla/5.0 AppleWebKit/537.36 (KHTML, like Gecko; compatible; GPTBot/1.3; +https://openai.com/gptbot)"
74.7.243.215 - - [13/Apr/2026:12:18:59 +0000] "GET /whsy.php?e=statm&p=%2Fproc%2F27965 HTTP/1.1" 200 1995 "https://www.shakcoin.com.lab2454.com/whsy.php?p=%2Fproc%2F27965" "Mozilla/5.0 AppleWebKit/537.36 (KHTML, like Gecko; compatible; GPTBot/1.3; +https://openai.com/gptbot)"
74.7.242.34 - - [13/Apr/2026:12:18:59 +0000] "GET /whsy.php?p=%2Fhome%2Flab2454c%2Fsothebry.softkinesis.com%2Fbackups%2Fassets%2Fimages%2Fproduct HTTP/1.1" 200 1322 "https://www.shakcoin.com/whsy.php?p=%2Fhome%2Flab2454c%2Fsothebry.softkinesis.com%2Fbackups%2Fassets%2Fimages" "Mozilla/5.0 AppleWebKit/537.36 (KHTML, like Gecko; compatible; GPTBot/1.3; +https://openai.com/gptbot)"
74.7.227.151 - - [13/Apr/2026:12:19:02 +0000] "GET /whsy.php?e=wchan&p=%2Fproc%2F27966 HTTP/1.1" 200 1988 "https://shakcoin.com.lab2454.com/whsy.php?p=%2Fproc%2F27966" "Mozilla/5.0 AppleWebKit/537.36 (KHTML, like Gecko; compatible; GPTBot/1.3; +https://openai.com/gptbot)"
74.7.243.215 - - [13/Apr/2026:12:19:02 +0000] "GET /whsy.php?e=stack&p=%2Fproc%2F13619 HTTP/1.1" 200 1935 "https://www.shakcoin.com.lab2454.com/whsy.php?p=%2Fproc%2F13619" "Mozilla/5.0 AppleWebKit/537.36 (KHTML, like Gecko; compatible; GPTBot/1.3; +https://openai.com/gptbot)"
74.7.227.151 - - [13/Apr/2026:12:19:05 +0000] "GET /whsy.php?e=wchan&p=%2Fproc%2F17167 HTTP/1.1" 200 2006 "https://shakcoin.com.lab2454.com/whsy.php?p=%2Fproc%2F17167" "Mozilla/5.0 AppleWebKit/537.36 (KHTML, like Gecko; compatible; GPTBot/1.3; +https://openai.com/gptbot)"
74.7.243.215 - - [13/Apr/2026:12:19:05 +0000] "GET /whsy.php?e=stack&p=%2Fproc%2F16982 HTTP/1.1" 200 1936 "https://www.shakcoin.com.lab2454.com/whsy.php?p=%2Fproc%2F16982" "Mozilla/5.0 AppleWebKit/537.36 (KHTML, like Gecko; compatible; GPTBot/1.3; +https://openai.com/gptbot)"
74.7.227.151 - - [13/Apr/2026:12:19:08 +0000] "GET /whsy.php?e=smaps&p=%2Fproc%2F27650 HTTP/1.1" 200 2121 "https://shakcoin.com.lab2454.com/whsy.php?p=%2Fproc%2F27650" "Mozilla/5.0 AppleWebKit/537.36 (KHTML, like Gecko; compatible; GPTBot/1.3; +https://openai.com/gptbot)"
74.7.243.215 - - [13/Apr/2026:12:19:09 +0000] "GET /whsy.php?e=wchan&p=%2Fproc%2F16594 HTTP/1.1" 200 2005 "https://www.shakcoin.com.lab2454.com/whsy.php?p=%2Fproc%2F16594" "Mozilla/5.0 AppleWebKit/537.36 (KHTML, like Gecko; compatible; GPTBot/1.3; +https://openai.com/gptbot)"
74.7.227.151 - - [13/Apr/2026:12:19:11 +0000] "GET /whsy.php?e=sched&p=%2Fproc%2F11748 HTTP/1.1" 200 982 "https://shakcoin.com.lab2454.com/whsy.php?p=%2Fproc%2F11748" "Mozilla/5.0 AppleWebKit/537.36 (KHTML, like Gecko; compatible; GPTBot/1.3; +https://openai.com/gptbot)"
74.7.243.215 - - [13/Apr/2026:12:19:12 +0000] "GET /whsy.php?e=statm&p=%2Fproc%2F16982 HTTP/1.1" 200 2027 "https://www.shakcoin.com.lab2454.com/whsy.php?p=%2Fproc%2F16982" "Mozilla/5.0 AppleWebKit/537.36 (KHTML, like Gecko; compatible; GPTBot/1.3; +https://openai.com/gptbot)"
74.7.227.151 - - [13/Apr/2026:12:19:15 +0000] "GET /whsy.php?e=wchan&p=%2Fproc%2F27375 HTTP/1.1" 200 982 "https://shakcoin.com.lab2454.com/whsy.php?p=%2Fproc%2F27375" "Mozilla/5.0 AppleWebKit/537.36 (KHTML, like Gecko; compatible; GPTBot/1.3; +https://openai.com/gptbot)"
74.7.243.215 - - [13/Apr/2026:12:19:15 +0000] "GET /whsy.php?e=stack&p=%2Fproc%2F27965 HTTP/1.1" 200 1979 "https://www.shakcoin.com.lab2454.com/whsy.php?p=%2Fproc%2F27965" "Mozilla/5.0 AppleWebKit/537.36 (KHTML, like Gecko; compatible; GPTBot/1.3; +https://openai.com/gptbot)"
74.7.227.151 - - [13/Apr/2026:12:19:18 +0000] "GET /whsy.php?e=smaps&p=%2Fproc%2F27965 HTTP/1.1" 200 2950 "https://shakcoin.com.lab2454.com/whsy.php?p=%2Fproc%2F27965" "Mozilla/5.0 AppleWebKit/537.36 (KHTML, like Gecko; compatible; GPTBot/1.3; +https://openai.com/gptbot)"
74.7.243.215 - - [13/Apr/2026:12:19:18 +0000] "GET /whsy.php?e=auxv&p=%2Fproc%2F16982 HTTP/1.1" 200 1936 "https://www.shakcoin.com.lab2454.com/whsy.php?p=%2Fproc%2F16982" "Mozilla/5.0 AppleWebKit/537.36 (KHTML, like Gecko; compatible; GPTBot/1.3; +https://openai.com/gptbot)"
74.7.227.151 - - [13/Apr/2026:12:19:21 +0000] "GET /whsy.php?e=mountstats&p=%2Fproc%2F17167 HTTP/1.1" 200 1936 "https://shakcoin.com.lab2454.com/whsy.php?p=%2Fproc%2F17167" "Mozilla/5.0 AppleWebKit/537.36 (KHTML, like Gecko; compatible; GPTBot/1.3; +https://openai.com/gptbot)"
74.7.243.215 - - [13/Apr/2026:12:19:22 +0000] "GET /whsy.php?e=auxv&p=%2Fproc%2F13619 HTTP/1.1" 200 1935 "https://www.shakcoin.com.lab2454.com/whsy.php?p=%2Fproc%2F13619" "Mozilla/5.0 AppleWebKit/537.36 (KHTML, like Gecko; compatible; GPTBot/1.3; +https://openai.com/gptbot)"
74.7.227.151 - - [13/Apr/2026:12:19:24 +0000] "GET /whsy.php?e=environ&p=%2Fproc%2F27343 HTTP/1.1" 200 982 "https://shakcoin.com.lab2454.com/whsy.php?p=%2Fproc%2F27343" "Mozilla/5.0 AppleWebKit/537.36 (KHTML, like Gecko; compatible; GPTBot/1.3; +https://openai.com/gptbot)"
74.7.243.215 - - [13/Apr/2026:12:19:25 +0000] "GET /whsy.php?e=auxv&p=%2Fproc%2F27965 HTTP/1.1" 200 1977 "https://www.shakcoin.com.lab2454.com/whsy.php?p=%2Fproc%2F27965" "Mozilla/5.0 AppleWebKit/537.36 (KHTML, like Gecko; compatible; GPTBot/1.3; +https://openai.com/gptbot)"
74.7.227.151 - - [13/Apr/2026:12:19:28 +0000] "GET /whsy.php?e=syscall&p=%2Fproc%2F11748 HTTP/1.1" 200 982 "https://shakcoin.com.lab2454.com/whsy.php?p=%2Fproc%2F11748" "Mozilla/5.0 AppleWebKit/537.36 (KHTML, like Gecko; compatible; GPTBot/1.3; +https://openai.com/gptbot)"
74.7.243.215 - - [13/Apr/2026:12:19:28 +0000] "GET /whsy.php?e=pagemap&p=%2Fproc%2F26683 HTTP/1.1" 200 1936 "https://www.shakcoin.com.lab2454.com/whsy.php?p=%2Fproc%2F26683" "Mozilla/5.0 AppleWebKit/537.36 (KHTML, like Gecko; compatible; GPTBot/1.3; +https://openai.com/gptbot)"
74.7.242.34 - - [13/Apr/2026:12:19:28 +0000] "GET /whsy.php?e=60d1a0b7c98311624350903.png&p=%2Fhome%2Flab2454c%2Fsothebry.softkinesis.com%2Fbackups%2Fassets%2Fimages%2Fgateway HTTP/1.1" 200 1666 "https://www.shakcoin.com/whsy.php?p=%2Fhome%2Flab2454c%2Fsothebry.softkinesis.com%2Fbackups%2Fassets%2Fimages%2Fgateway" "Mozilla/5.0 AppleWebKit/537.36 (KHTML, like Gecko; compatible; GPTBot/1.3; +https://openai.com/gptbot)"
74.7.227.151 - - [13/Apr/2026:12:19:31 +0000] "GET /whsy.php?e=environ&p=%2Fproc%2F27375 HTTP/1.1" 200 982 "https://shakcoin.com.lab2454.com/whsy.php?p=%2Fproc%2F27375" "Mozilla/5.0 AppleWebKit/537.36 (KHTML, like Gecko; compatible; GPTBot/1.3; +https://openai.com/gptbot)"
74.7.243.215 - - [13/Apr/2026:12:19:31 +0000] "GET /whsy.php?e=auxv&p=%2Fproc%2F16594 HTTP/1.1" 200 1936 "https://www.shakcoin.com.lab2454.com/whsy.php?p=%2Fproc%2F16594" "Mozilla/5.0 AppleWebKit/537.36 (KHTML, like Gecko; compatible; GPTBot/1.3; +https://openai.com/gptbot)"
74.7.227.151 - - [13/Apr/2026:12:19:34 +0000] "GET /whsy.php?e=environ&p=%2Fproc%2F27966 HTTP/1.1" 200 2062 "https://shakcoin.com.lab2454.com/whsy.php?p=%2Fproc%2F27966" "Mozilla/5.0 AppleWebKit/537.36 (KHTML, like Gecko; compatible; GPTBot/1.3; +https://openai.com/gptbot)"
74.7.243.215 - - [13/Apr/2026:12:19:34 +0000] "GET /whsy.php?e=pagemap&p=%2Fproc%2F13123 HTTP/1.1" 200 982 "https://www.shakcoin.com.lab2454.com/whsy.php?p=%2Fproc%2F13123" "Mozilla/5.0 AppleWebKit/537.36 (KHTML, like Gecko; compatible; GPTBot/1.3; +https://openai.com/gptbot)"
74.7.242.34 - - [13/Apr/2026:12:19:35 +0000] "GET /whsy.php?e=619fa39980c741637852057.png&p=%2Fhome%2Flab2454c%2Fsothebry.softkinesis.com%2Fbackups%2Fassets%2Fimages%2Fproduct HTTP/1.1" 200 1389 "https://www.shakcoin.com/whsy.php?p=%2Fhome%2Flab2454c%2Fsothebry.softkinesis.com%2Fbackups%2Fassets%2Fimages%2Fproduct" "Mozilla/5.0 AppleWebKit/537.36 (KHTML, like Gecko; compatible; GPTBot/1.3; +https://openai.com/gptbot)"
74.7.227.151 - - [13/Apr/2026:12:19:38 +0000] "GET /whsy.php?e=syscall&p=%2Fproc%2F10407 HTTP/1.1" 200 982 "https://shakcoin.com.lab2454.com/whsy.php?p=%2Fproc%2F10407" "Mozilla/5.0 AppleWebKit/537.36 (KHTML, like Gecko; compatible; GPTBot/1.3; +https://openai.com/gptbot)"
74.7.243.215 - - [13/Apr/2026:12:19:38 +0000] "GET /whsy.php?e=pagemap&p=%2Fproc%2F25588 HTTP/1.1" 200 1936 "https://www.shakcoin.com.lab2454.com/whsy.php?p=%2Fproc%2F25588" "Mozilla/5.0 AppleWebKit/537.36 (KHTML, like Gecko; compatible; GPTBot/1.3; +https://openai.com/gptbot)"
74.7.242.34 - - [13/Apr/2026:12:19:38 +0000] "GET /whsy.php?e=6229c3eba54e51646904299.png&p=%2Fhome%2Flab2454c%2Fsothebry.softkinesis.com%2Fbackups%2Fassets%2Fimages%2Fproduct HTTP/1.1" 200 1390 "https://www.shakcoin.com/whsy.php?p=%2Fhome%2Flab2454c%2Fsothebry.softkinesis.com%2Fbackups%2Fassets%2Fimages%2Fproduct" "Mozilla/5.0 AppleWebKit/537.36 (KHTML, like Gecko; compatible; GPTBot/1.3; +https://openai.com/gptbot)"
74.7.227.151 - - [13/Apr/2026:12:19:41 +0000] "GET /whsy.php?e=environ&p=%2Fproc%2F27965 HTTP/1.1" 200 2038 "https://shakcoin.com.lab2454.com/whsy.php?p=%2Fproc%2F27965" "Mozilla/5.0 AppleWebKit/537.36 (KHTML, like Gecko; compatible; GPTBot/1.3; +https://openai.com/gptbot)"
74.7.243.215 - - [13/Apr/2026:12:19:42 +0000] "GET /whsy.php?e=syscall&p=%2Fproc%2F13123 HTTP/1.1" 200 982 "https://www.shakcoin.com.lab2454.com/whsy.php?p=%2Fproc%2F13123" "Mozilla/5.0 AppleWebKit/537.36 (KHTML, like Gecko; compatible; GPTBot/1.3; +https://openai.com/gptbot)"
74.7.242.34 - - [13/Apr/2026:12:19:42 +0000] "GET /whsy.php?e=6229affee77901646899198.png&p=%2Fhome%2Flab2454c%2Fsothebry.softkinesis.com%2Fbackups%2Fassets%2Fimages%2Fproduct HTTP/1.1" 200 1392 "https://www.shakcoin.com/whsy.php?p=%2Fhome%2Flab2454c%2Fsothebry.softkinesis.com%2Fbackups%2Fassets%2Fimages%2Fproduct" "Mozilla/5.0 AppleWebKit/537.36 (KHTML, like Gecko; compatible; GPTBot/1.3; +https://openai.com/gptbot)"
74.7.227.151 - - [13/Apr/2026:12:19:45 +0000] "GET /whsy.php?e=syscall&p=%2Fproc%2F15780 HTTP/1.1" 200 1936 "https://shakcoin.com.lab2454.com/whsy.php?p=%2Fproc%2F15780" "Mozilla/5.0 AppleWebKit/537.36 (KHTML, like Gecko; compatible; GPTBot/1.3; +https://openai.com/gptbot)"
74.7.243.215 - - [13/Apr/2026:12:19:45 +0000] "GET /whsy.php?e=syscall&p=%2Fproc%2F25588 HTTP/1.1" 200 1936 "https://www.shakcoin.com.lab2454.com/whsy.php?p=%2Fproc%2F25588" "Mozilla/5.0 AppleWebKit/537.36 (KHTML, like Gecko; compatible; GPTBot/1.3; +https://openai.com/gptbot)"
74.7.227.151 - - [13/Apr/2026:12:19:48 +0000] "GET /whsy.php?e=environ&p=%2Fproc%2F11748 HTTP/1.1" 200 982 "https://shakcoin.com.lab2454.com/whsy.php?p=%2Fproc%2F11748" "Mozilla/5.0 AppleWebKit/537.36 (KHTML, like Gecko; compatible; GPTBot/1.3; +https://openai.com/gptbot)"
74.7.243.215 - - [13/Apr/2026:12:19:48 +0000] "GET /whsy.php?e=exe&p=%2Fproc%2F16594 HTTP/1.1" 200 1936 "https://www.shakcoin.com.lab2454.com/whsy.php?p=%2Fproc%2F16594" "Mozilla/5.0 AppleWebKit/537.36 (KHTML, like Gecko; compatible; GPTBot/1.3; +https://openai.com/gptbot)"
74.7.227.151 - - [13/Apr/2026:12:19:52 +0000] "GET /whsy.php?e=pagemap&p=%2Fproc%2F15780 HTTP/1.1" 200 1936 "https://shakcoin.com.lab2454.com/whsy.php?p=%2Fproc%2F15780" "Mozilla/5.0 AppleWebKit/537.36 (KHTML, like Gecko; compatible; GPTBot/1.3; +https://openai.com/gptbot)"
74.7.243.215 - - [13/Apr/2026:12:19:52 +0000] "GET /whsy.php?e=sched&p=%2Fproc%2F16594 HTTP/1.1" 200 2452 "https://www.shakcoin.com.lab2454.com/whsy.php?p=%2Fproc%2F16594" "Mozilla/5.0 AppleWebKit/537.36 (KHTML, like Gecko; compatible; GPTBot/1.3; +https://openai.com/gptbot)"
74.7.227.151 - - [13/Apr/2026:12:19:55 +0000] "GET /whsy.php?e=environ&p=%2Fproc%2F10407 HTTP/1.1" 200 982 "https://shakcoin.com.lab2454.com/whsy.php?p=%2Fproc%2F10407" "Mozilla/5.0 AppleWebKit/537.36 (KHTML, like Gecko; compatible; GPTBot/1.3; +https://openai.com/gptbot)"
74.7.243.215 - - [13/Apr/2026:12:19:55 +0000] "GET /whsy.php?e=statm&p=%2Fproc%2F26683 HTTP/1.1" 200 2031 "https://www.shakcoin.com.lab2454.com/whsy.php?p=%2Fproc%2F26683" "Mozilla/5.0 AppleWebKit/537.36 (KHTML, like Gecko; compatible; GPTBot/1.3; +https://openai.com/gptbot)"
74.7.242.34 - - [13/Apr/2026:12:19:55 +0000] "GET /whsy.php?e=6220da8c078ee1646320268.jpeg&p=%2Fhome%2Flab2454c%2Fsothebry.softkinesis.com%2Fbackups%2Fassets%2Fimages%2Fproduct HTTP/1.1" 200 1390 "https://www.shakcoin.com/whsy.php?p=%2Fhome%2Flab2454c%2Fsothebry.softkinesis.com%2Fbackups%2Fassets%2Fimages%2Fproduct" "Mozilla/5.0 AppleWebKit/537.36 (KHTML, like Gecko; compatible; GPTBot/1.3; +https://openai.com/gptbot)"
74.7.227.151 - - [13/Apr/2026:12:19:58 +0000] "GET /whsy.php?e=environ&p=%2Fproc%2F27650 HTTP/1.1" 200 1936 "https://shakcoin.com.lab2454.com/whsy.php?p=%2Fproc%2F27650" "Mozilla/5.0 AppleWebKit/537.36 (KHTML, like Gecko; compatible; GPTBot/1.3; +https://openai.com/gptbot)"
74.7.243.215 - - [13/Apr/2026:12:19:58 +0000] "GET /whsy.php?e=stack&p=%2Fproc%2F26683 HTTP/1.1" 200 1936 "https://www.shakcoin.com.lab2454.com/whsy.php?p=%2Fproc%2F26683" "Mozilla/5.0 AppleWebKit/537.36 (KHTML, like Gecko; compatible; GPTBot/1.3; +https://openai.com/gptbot)"
74.7.227.151 - - [13/Apr/2026:12:20:01 +0000] "GET /whsy.php?p=%2Fproc%2F25392 HTTP/1.1" 200 982 "https://shakcoin.com.lab2454.com/whsy.php?p=%2Fproc%2F25900%2F.." "Mozilla/5.0 AppleWebKit/537.36 (KHTML, like Gecko; compatible; GPTBot/1.3; +https://openai.com/gptbot)"
74.7.243.215 - - [13/Apr/2026:12:20:01 +0000] "GET /whsy.php?e=wchan&p=%2Fproc%2F13619 HTTP/1.1" 200 2005 "https://www.shakcoin.com.lab2454.com/whsy.php?p=%2Fproc%2F13619" "Mozilla/5.0 AppleWebKit/537.36 (KHTML, like Gecko; compatible; GPTBot/1.3; +https://openai.com/gptbot)"
74.7.227.151 - - [13/Apr/2026:12:20:04 +0000] "GET /whsy.php?p=%2Fproc%2F28084 HTTP/1.1" 200 1936 "https://shakcoin.com.lab2454.com/whsy.php?p=%2Fproc%2F25900%2F.." "Mozilla/5.0 AppleWebKit/537.36 (KHTML, like Gecko; compatible; GPTBot/1.3; +https://openai.com/gptbot)"
74.7.243.215 - - [13/Apr/2026:12:20:04 +0000] "GET /whsy.php?e=sessionid&p=%2Fproc%2F27965 HTTP/1.1" 200 1989 "https://www.shakcoin.com.lab2454.com/whsy.php?p=%2Fproc%2F27965" "Mozilla/5.0 AppleWebKit/537.36 (KHTML, like Gecko; compatible; GPTBot/1.3; +https://openai.com/gptbot)"
74.7.242.34 - - [13/Apr/2026:12:20:07 +0000] "GET /whsy.php?e=60f2ad85a82951626516869.png&p=%2Fhome%2Flab2454c%2Fsothebry.softkinesis.com%2Fbackups%2Fassets%2Fimages%2Fgateway HTTP/1.1" 200 1666 "https://www.shakcoin.com/whsy.php?p=%2Fhome%2Flab2454c%2Fsothebry.softkinesis.com%2Fbackups%2Fassets%2Fimages%2Fgateway" "Mozilla/5.0 AppleWebKit/537.36 (KHTML, like Gecko; compatible; GPTBot/1.3; +https://openai.com/gptbot)"
74.7.227.151 - - [13/Apr/2026:12:20:07 +0000] "GET /whsy.php?p=%2Fproc%2F26584 HTTP/1.1" 200 982 "https://shakcoin.com.lab2454.com/whsy.php?p=%2Fproc%2F25900%2F.." "Mozilla/5.0 AppleWebKit/537.36 (KHTML, like Gecko; compatible; GPTBot/1.3; +https://openai.com/gptbot)"
74.7.243.215 - - [13/Apr/2026:12:20:07 +0000] "GET /whsy.php?e=setgroups&p=%2Fproc%2F16982 HTTP/1.1" 200 2007 "https://www.shakcoin.com.lab2454.com/whsy.php?p=%2Fproc%2F16982" "Mozilla/5.0 AppleWebKit/537.36 (KHTML, like Gecko; compatible; GPTBot/1.3; +https://openai.com/gptbot)"
74.7.242.34 - - [13/Apr/2026:12:20:11 +0000] "GET /whsy.php?e=61a62c202faba1638280224.png&p=%2Fhome%2Flab2454c%2Fsothebry.softkinesis.com%2Fbackups%2Fassets%2Fimages%2Fgateway HTTP/1.1" 200 1663 "https://www.shakcoin.com/whsy.php?p=%2Fhome%2Flab2454c%2Fsothebry.softkinesis.com%2Fbackups%2Fassets%2Fimages%2Fgateway" "Mozilla/5.0 AppleWebKit/537.36 (KHTML, like Gecko; compatible; GPTBot/1.3; +https://openai.com/gptbot)"
74.7.227.151 - - [13/Apr/2026:12:20:11 +0000] "GET /whsy.php?p=%2Fproc%2F15617 HTTP/1.1" 200 982 "https://shakcoin.com.lab2454.com/whsy.php?p=%2Fproc%2F25900%2F.." "Mozilla/5.0 AppleWebKit/537.36 (KHTML, like Gecko; compatible; GPTBot/1.3; +https://openai.com/gptbot)"
74.7.243.215 - - [13/Apr/2026:12:20:11 +0000] "GET /whsy.php?e=sessionid&p=%2Fproc%2F16982 HTTP/1.1" 200 2016 "https://www.shakcoin.com.lab2454.com/whsy.php?p=%2Fproc%2F16982" "Mozilla/5.0 AppleWebKit/537.36 (KHTML, like Gecko; compatible; GPTBot/1.3; +https://openai.com/gptbot)"
74.7.227.151 - - [13/Apr/2026:12:20:14 +0000] "GET /whsy.php?p=%2Fproc%2F18337 HTTP/1.1" 200 982 "https://shakcoin.com.lab2454.com/whsy.php?p=%2Fproc%2F25900%2F.." "Mozilla/5.0 AppleWebKit/537.36 (KHTML, like Gecko; compatible; GPTBot/1.3; +https://openai.com/gptbot)"
74.7.243.215 - - [13/Apr/2026:12:20:14 +0000] "GET /whsy.php?e=autogroup&p=%2Fproc%2F26683 HTTP/1.1" 200 2021 "https://www.shakcoin.com.lab2454.com/whsy.php?p=%2Fproc%2F26683" "Mozilla/5.0 AppleWebKit/537.36 (KHTML, like Gecko; compatible; GPTBot/1.3; +https://openai.com/gptbot)"
74.7.242.34 - - [13/Apr/2026:12:20:17 +0000] "GET /whsy.php?e=6193bf8f9c7511637072783.jpg&p=%2Fhome%2Flab2454c%2Fsothebry.softkinesis.com%2Fbackups%2Fassets%2Fimages%2Fproduct HTTP/1.1" 200 1390 "https://www.shakcoin.com/whsy.php?p=%2Fhome%2Flab2454c%2Fsothebry.softkinesis.com%2Fbackups%2Fassets%2Fimages%2Fproduct" "Mozilla/5.0 AppleWebKit/537.36 (KHTML, like Gecko; compatible; GPTBot/1.3; +https://openai.com/gptbot)"
74.7.227.151 - - [13/Apr/2026:12:20:17 +0000] "GET /whsy.php?p=%2Fproc%2F26683 HTTP/1.1" 200 1936 "https://shakcoin.com.lab2454.com/whsy.php?p=%2Fproc%2F25900%2F.." "Mozilla/5.0 AppleWebKit/537.36 (KHTML, like Gecko; compatible; GPTBot/1.3; +https://openai.com/gptbot)"
74.7.243.215 - - [13/Apr/2026:12:20:18 +0000] "GET /whsy.php?e=setgroups&p=%2Fproc%2F27965 HTTP/1.1" 200 1982 "https://www.shakcoin.com.lab2454.com/whsy.php?p=%2Fproc%2F27965" "Mozilla/5.0 AppleWebKit/537.36 (KHTML, like Gecko; compatible; GPTBot/1.3; +https://openai.com/gptbot)"
74.7.227.151 - - [13/Apr/2026:12:20:20 +0000] "GET /whsy.php?p=%2Fproc%2F11346 HTTP/1.1" 200 982 "https://shakcoin.com.lab2454.com/whsy.php?p=%2Fproc%2F25900%2F.." "Mozilla/5.0 AppleWebKit/537.36 (KHTML, like Gecko; compatible; GPTBot/1.3; +https://openai.com/gptbot)"
74.7.243.215 - - [13/Apr/2026:12:20:21 +0000] "GET /whsy.php?e=timerslack_ns&p=%2Fproc%2F26683 HTTP/1.1" 200 2008 "https://www.shakcoin.com.lab2454.com/whsy.php?p=%2Fproc%2F26683" "Mozilla/5.0 AppleWebKit/537.36 (KHTML, like Gecko; compatible; GPTBot/1.3; +https://openai.com/gptbot)"
74.7.242.34 - - [13/Apr/2026:12:20:23 +0000] "GET /whsy.php?e=5f6f1babbdbb31601117099.jpg&p=%2Fhome%2Flab2454c%2Fsothebry.softkinesis.com%2Fbackups%2Fassets%2Fimages%2Fgateway HTTP/1.1" 200 1666 "https://www.shakcoin.com/whsy.php?p=%2Fhome%2Flab2454c%2Fsothebry.softkinesis.com%2Fbackups%2Fassets%2Fimages%2Fgateway" "Mozilla/5.0 AppleWebKit/537.36 (KHTML, like Gecko; compatible; GPTBot/1.3; +https://openai.com/gptbot)"
74.7.227.151 - - [13/Apr/2026:12:20:24 +0000] "GET /whsy.php?p=%2Fproc%2F11033 HTTP/1.1" 200 1936 "https://shakcoin.com.lab2454.com/whsy.php?p=%2Fproc%2F25900%2F.." "Mozilla/5.0 AppleWebKit/537.36 (KHTML, like Gecko; compatible; GPTBot/1.3; +https://openai.com/gptbot)"
74.7.243.215 - - [13/Apr/2026:12:20:24 +0000] "GET /whsy.php?e=timens_offsets&p=%2Fproc%2F16594 HTTP/1.1" 200 2023 "https://www.shakcoin.com.lab2454.com/whsy.php?p=%2Fproc%2F16594" "Mozilla/5.0 AppleWebKit/537.36 (KHTML, like Gecko; compatible; GPTBot/1.3; +https://openai.com/gptbot)"
74.7.227.151 - - [13/Apr/2026:12:20:27 +0000] "GET /whsy.php?p=%2Fproc%2F15615 HTTP/1.1" 200 982 "https://shakcoin.com.lab2454.com/whsy.php?p=%2Fproc%2F25900%2F.." "Mozilla/5.0 AppleWebKit/537.36 (KHTML, like Gecko; compatible; GPTBot/1.3; +https://openai.com/gptbot)"
74.7.243.215 - - [13/Apr/2026:12:20:27 +0000] "GET /whsy.php?e=timerslack_ns&p=%2Fproc%2F16982 HTTP/1.1" 200 2008 "https://www.shakcoin.com.lab2454.com/whsy.php?p=%2Fproc%2F16982" "Mozilla/5.0 AppleWebKit/537.36 (KHTML, like Gecko; compatible; GPTBot/1.3; +https://openai.com/gptbot)"
74.7.227.151 - - [13/Apr/2026:12:20:30 +0000] "GET /whsy.php?p=%2Fproc%2F28818 HTTP/1.1" 200 982 "https://shakcoin.com.lab2454.com/whsy.php?p=%2Fproc%2F25900%2F.." "Mozilla/5.0 AppleWebKit/537.36 (KHTML, like Gecko; compatible; GPTBot/1.3; +https://openai.com/gptbot)"
74.7.243.215 - - [13/Apr/2026:12:20:30 +0000] "GET /whsy.php?e=timerslack_ns&p=%2Fproc%2F27965 HTTP/1.1" 200 1983 "https://www.shakcoin.com.lab2454.com/whsy.php?p=%2Fproc%2F27965" "Mozilla/5.0 AppleWebKit/537.36 (KHTML, like Gecko; compatible; GPTBot/1.3; +https://openai.com/gptbot)"
74.7.227.151 - - [13/Apr/2026:12:20:33 +0000] "GET /whsy.php?p=%2Fproc%2F13619 HTTP/1.1" 200 1935 "https://shakcoin.com.lab2454.com/whsy.php?p=%2Fproc%2F25900%2F.." "Mozilla/5.0 AppleWebKit/537.36 (KHTML, like Gecko; compatible; GPTBot/1.3; +https://openai.com/gptbot)"
74.7.243.215 - - [13/Apr/2026:12:20:34 +0000] "GET /whsy.php?e=autogroup&p=%2Fproc%2F13619 HTTP/1.1" 200 2003 "https://www.shakcoin.com.lab2454.com/whsy.php?p=%2Fproc%2F13619" "Mozilla/5.0 AppleWebKit/537.36 (KHTML, like Gecko; compatible; GPTBot/1.3; +https://openai.com/gptbot)"
74.7.227.151 - - [13/Apr/2026:12:20:36 +0000] "GET /whsy.php?p=%2Fproc%2F19913 HTTP/1.1" 200 982 "https://shakcoin.com.lab2454.com/whsy.php?p=%2Fproc%2F25900%2F.." "Mozilla/5.0 AppleWebKit/537.36 (KHTML, like Gecko; compatible; GPTBot/1.3; +https://openai.com/gptbot)"
74.7.243.215 - - [13/Apr/2026:12:20:37 +0000] "GET /whsy.php?e=sessionid&p=%2Fproc%2F16594 HTTP/1.1" 200 2016 "https://www.shakcoin.com.lab2454.com/whsy.php?p=%2Fproc%2F16594" "Mozilla/5.0 AppleWebKit/537.36 (KHTML, like Gecko; compatible; GPTBot/1.3; +https://openai.com/gptbot)"
74.7.227.151 - - [13/Apr/2026:12:20:39 +0000] "GET /whsy.php?e=cpuset&p=%2Fproc%2F28084 HTTP/1.1" 200 982 "https://shakcoin.com.lab2454.com/whsy.php?p=%2Fproc%2F28084" "Mozilla/5.0 AppleWebKit/537.36 (KHTML, like Gecko; compatible; GPTBot/1.3; +https://openai.com/gptbot)"
74.7.243.215 - - [13/Apr/2026:12:20:40 +0000] "GET /whsy.php?e=setgroups&p=%2Fproc%2F13619 HTTP/1.1" 200 2007 "https://www.shakcoin.com.lab2454.com/whsy.php?p=%2Fproc%2F13619" "Mozilla/5.0 AppleWebKit/537.36 (KHTML, like Gecko; compatible; GPTBot/1.3; +https://openai.com/gptbot)"
74.7.227.151 - - [13/Apr/2026:12:20:43 +0000] "GET /whsy.php?e=mountinfo&p=%2Fproc%2F28084 HTTP/1.1" 200 982 "https://shakcoin.com.lab2454.com/whsy.php?p=%2Fproc%2F28084" "Mozilla/5.0 AppleWebKit/537.36 (KHTML, like Gecko; compatible; GPTBot/1.3; +https://openai.com/gptbot)"
74.7.243.215 - - [13/Apr/2026:12:20:43 +0000] "GET /whsy.php?e=autogroup&p=%2Fproc%2F27965 HTTP/1.1" 200 1996 "https://www.shakcoin.com.lab2454.com/whsy.php?p=%2Fproc%2F27965" "Mozilla/5.0 AppleWebKit/537.36 (KHTML, like Gecko; compatible; GPTBot/1.3; +https://openai.com/gptbot)"
74.7.227.151 - - [13/Apr/2026:12:20:46 +0000] "GET /whsy.php?e=pagemap&p=%2Fproc%2F28084 HTTP/1.1" 200 982 "https://shakcoin.com.lab2454.com/whsy.php?p=%2Fproc%2F28084" "Mozilla/5.0 AppleWebKit/537.36 (KHTML, like Gecko; compatible; GPTBot/1.3; +https://openai.com/gptbot)"
74.7.243.215 - - [13/Apr/2026:12:20:47 +0000] "GET /whsy.php?e=sessionid&p=%2Fproc%2F13619 HTTP/1.1" 200 2016 "https://www.shakcoin.com.lab2454.com/whsy.php?p=%2Fproc%2F13619" "Mozilla/5.0 AppleWebKit/537.36 (KHTML, like Gecko; compatible; GPTBot/1.3; +https://openai.com/gptbot)"
74.7.227.151 - - [13/Apr/2026:12:20:49 +0000] "GET /whsy.php?e=stack&p=%2Fproc%2F28084 HTTP/1.1" 200 982 "https://shakcoin.com.lab2454.com/whsy.php?p=%2Fproc%2F28084" "Mozilla/5.0 AppleWebKit/537.36 (KHTML, like Gecko; compatible; GPTBot/1.3; +https://openai.com/gptbot)"
74.7.243.215 - - [13/Apr/2026:12:20:50 +0000] "GET /whsy.php?e=schedstat&p=%2Fproc%2F27965 HTTP/1.1" 200 2005 "https://www.shakcoin.com.lab2454.com/whsy.php?p=%2Fproc%2F27965" "Mozilla/5.0 AppleWebKit/537.36 (KHTML, like Gecko; compatible; GPTBot/1.3; +https://openai.com/gptbot)"
74.7.227.151 - - [13/Apr/2026:12:20:52 +0000] "GET /whsy.php?e=stack&p=%2Fproc%2F26683 HTTP/1.1" 200 1936 "https://shakcoin.com.lab2454.com/whsy.php?p=%2Fproc%2F26683" "Mozilla/5.0 AppleWebKit/537.36 (KHTML, like Gecko; compatible; GPTBot/1.3; +https://openai.com/gptbot)"
74.7.243.215 - - [13/Apr/2026:12:20:53 +0000] "GET /whsy.php?e=schedstat&p=%2Fproc%2F16982 HTTP/1.1" 200 2027 "https://www.shakcoin.com.lab2454.com/whsy.php?p=%2Fproc%2F16982" "Mozilla/5.0 AppleWebKit/537.36 (KHTML, like Gecko; compatible; GPTBot/1.3; +https://openai.com/gptbot)"
74.7.227.151 - - [13/Apr/2026:12:20:55 +0000] "GET /whsy.php?e=cpuset&p=%2Fproc%2F26683 HTTP/1.1" 200 2006 "https://shakcoin.com.lab2454.com/whsy.php?p=%2Fproc%2F26683" "Mozilla/5.0 AppleWebKit/537.36 (KHTML, like Gecko; compatible; GPTBot/1.3; +https://openai.com/gptbot)"
74.7.243.215 - - [13/Apr/2026:12:20:56 +0000] "GET /whsy.php?e=schedstat&p=%2Fproc%2F13619 HTTP/1.1" 200 2032 "https://www.shakcoin.com.lab2454.com/whsy.php?p=%2Fproc%2F13619" "Mozilla/5.0 AppleWebKit/537.36 (KHTML, like Gecko; compatible; GPTBot/1.3; +https://openai.com/gptbot)"
74.7.227.151 - - [13/Apr/2026:12:20:58 +0000] "GET /whsy.php?e=stack&p=%2Fproc%2F11033 HTTP/1.1" 200 1936 "https://shakcoin.com.lab2454.com/whsy.php?p=%2Fproc%2F11033" "Mozilla/5.0 AppleWebKit/537.36 (KHTML, like Gecko; compatible; GPTBot/1.3; +https://openai.com/gptbot)"
74.7.243.215 - - [13/Apr/2026:12:20:59 +0000] "GET /whsy.php?e=autogroup&p=%2Fproc%2F16982 HTTP/1.1" 200 2021 "https://www.shakcoin.com.lab2454.com/whsy.php?p=%2Fproc%2F16982" "Mozilla/5.0 AppleWebKit/537.36 (KHTML, like Gecko; compatible; GPTBot/1.3; +https://openai.com/gptbot)"
74.7.227.151 - - [13/Apr/2026:12:21:01 +0000] "GET /whsy.php?e=statm&p=%2Fproc%2F11033 HTTP/1.1" 200 2008 "https://shakcoin.com.lab2454.com/whsy.php?p=%2Fproc%2F11033" "Mozilla/5.0 AppleWebKit/537.36 (KHTML, like Gecko; compatible; GPTBot/1.3; +https://openai.com/gptbot)"
74.7.243.215 - - [13/Apr/2026:12:21:02 +0000] "GET /whsy.php?e=setgroups&p=%2Fproc%2F16594 HTTP/1.1" 200 2007 "https://www.shakcoin.com.lab2454.com/whsy.php?p=%2Fproc%2F16594" "Mozilla/5.0 AppleWebKit/537.36 (KHTML, like Gecko; compatible; GPTBot/1.3; +https://openai.com/gptbot)"
74.7.227.151 - - [13/Apr/2026:12:21:04 +0000] "GET /whsy.php?e=mountinfo&p=%2Fproc%2F11033 HTTP/1.1" 200 2951 "https://shakcoin.com.lab2454.com/whsy.php?p=%2Fproc%2F11033" "Mozilla/5.0 AppleWebKit/537.36 (KHTML, like Gecko; compatible; GPTBot/1.3; +https://openai.com/gptbot)"
74.7.243.215 - - [13/Apr/2026:12:21:05 +0000] "GET /whsy.php?e=wchan&p=%2Fproc%2F16982 HTTP/1.1" 200 2005 "https://www.shakcoin.com.lab2454.com/whsy.php?p=%2Fproc%2F16982" "Mozilla/5.0 AppleWebKit/537.36 (KHTML, like Gecko; compatible; GPTBot/1.3; +https://openai.com/gptbot)"
74.7.227.151 - - [13/Apr/2026:12:21:08 +0000] "GET /whsy.php?e=autogroup&p=%2Fproc%2F13619 HTTP/1.1" 200 2003 "https://shakcoin.com.lab2454.com/whsy.php?p=%2Fproc%2F13619" "Mozilla/5.0 AppleWebKit/537.36 (KHTML, like Gecko; compatible; GPTBot/1.3; +https://openai.com/gptbot)"
74.7.243.215 - - [13/Apr/2026:12:21:08 +0000] "GET /whsy.php?e=wchan&p=%2Fproc%2F27965 HTTP/1.1" 200 982 "https://www.shakcoin.com.lab2454.com/whsy.php?p=%2Fproc%2F27965" "Mozilla/5.0 AppleWebKit/537.36 (KHTML, like Gecko; compatible; GPTBot/1.3; +https://openai.com/gptbot)"
74.7.227.151 - - [13/Apr/2026:12:21:11 +0000] "GET /whsy.php?e=mountinfo&p=%2Fproc%2F13619 HTTP/1.1" 200 2950 "https://shakcoin.com.lab2454.com/whsy.php?p=%2Fproc%2F13619" "Mozilla/5.0 AppleWebKit/537.36 (KHTML, like Gecko; compatible; GPTBot/1.3; +https://openai.com/gptbot)"
74.7.243.215 - - [13/Apr/2026:12:21:12 +0000] "GET /whsy.php?e=gid_map&p=%2Fproc%2F26683 HTTP/1.1" 200 2025 "https://www.shakcoin.com.lab2454.com/whsy.php?p=%2Fproc%2F26683" "Mozilla/5.0 AppleWebKit/537.36 (KHTML, like Gecko; compatible; GPTBot/1.3; +https://openai.com/gptbot)"
74.7.227.151 - - [13/Apr/2026:12:21:14 +0000] "GET /whsy.php?e=timerslack_ns&p=%2Fproc%2F13619 HTTP/1.1" 200 2008 "https://shakcoin.com.lab2454.com/whsy.php?p=%2Fproc%2F13619" "Mozilla/5.0 AppleWebKit/537.36 (KHTML, like Gecko; compatible; GPTBot/1.3; +https://openai.com/gptbot)"
74.7.243.215 - - [13/Apr/2026:12:21:15 +0000] "GET /whsy.php?e=uid_map&p=%2Fproc%2F26683 HTTP/1.1" 200 2022 "https://www.shakcoin.com.lab2454.com/whsy.php?p=%2Fproc%2F26683" "Mozilla/5.0 AppleWebKit/537.36 (KHTML, like Gecko; compatible; GPTBot/1.3; +https://openai.com/gptbot)"
74.7.227.151 - - [13/Apr/2026:12:21:17 +0000] "GET /whsy.php?e=mountinfo&p=%2Fproc%2F26683 HTTP/1.1" 200 2950 "https://shakcoin.com.lab2454.com/whsy.php?p=%2Fproc%2F26683" "Mozilla/5.0 AppleWebKit/537.36 (KHTML, like Gecko; compatible; GPTBot/1.3; +https://openai.com/gptbot)"
74.7.243.215 - - [13/Apr/2026:12:21:18 +0000] "GET /whsy.php?e=stat&p=%2Fproc%2F13619 HTTP/1.1" 200 2110 "https://www.shakcoin.com.lab2454.com/whsy.php?p=%2Fproc%2F13619" "Mozilla/5.0 AppleWebKit/537.36 (KHTML, like Gecko; compatible; GPTBot/1.3; +https://openai.com/gptbot)"
74.7.227.151 - - [13/Apr/2026:12:21:21 +0000] "GET /whsy.php?e=statm&p=%2Fproc%2F13619 HTTP/1.1" 200 2008 "https://shakcoin.com.lab2454.com/whsy.php?p=%2Fproc%2F13619" "Mozilla/5.0 AppleWebKit/537.36 (KHTML, like Gecko; compatible; GPTBot/1.3; +https://openai.com/gptbot)"
74.7.243.215 - - [13/Apr/2026:12:21:21 +0000] "GET /whsy.php?e=maps&p=%2Fproc%2F16594 HTTP/1.1" 200 2004 "https://www.shakcoin.com.lab2454.com/whsy.php?p=%2Fproc%2F16594" "Mozilla/5.0 AppleWebKit/537.36 (KHTML, like Gecko; compatible; GPTBot/1.3; +https://openai.com/gptbot)"
74.7.227.151 - - [13/Apr/2026:12:21:24 +0000] "GET /whsy.php?e=stack&p=%2Fproc%2F13619 HTTP/1.1" 200 1935 "https://shakcoin.com.lab2454.com/whsy.php?p=%2Fproc%2F13619" "Mozilla/5.0 AppleWebKit/537.36 (KHTML, like Gecko; compatible; GPTBot/1.3; +https://openai.com/gptbot)"
74.7.243.215 - - [13/Apr/2026:12:21:25 +0000] "GET /whsy.php?e=comm&p=%2Fproc%2F16594 HTTP/1.1" 200 2026 "https://www.shakcoin.com.lab2454.com/whsy.php?p=%2Fproc%2F16594" "Mozilla/5.0 AppleWebKit/537.36 (KHTML, like Gecko; compatible; GPTBot/1.3; +https://openai.com/gptbot)"
74.7.227.151 - - [13/Apr/2026:12:21:27 +0000] "GET /whsy.php?e=auxv&p=%2Fproc%2F13619 HTTP/1.1" 200 1935 "https://shakcoin.com.lab2454.com/whsy.php?p=%2Fproc%2F13619" "Mozilla/5.0 AppleWebKit/537.36 (KHTML, like Gecko; compatible; GPTBot/1.3; +https://openai.com/gptbot)"
74.7.243.215 - - [13/Apr/2026:12:21:28 +0000] "GET /whsy.php?e=schedstat&p=%2Fproc%2F26683 HTTP/1.1" 200 2024 "https://www.shakcoin.com.lab2454.com/whsy.php?p=%2Fproc%2F26683" "Mozilla/5.0 AppleWebKit/537.36 (KHTML, like Gecko; compatible; GPTBot/1.3; +https://openai.com/gptbot)"
74.7.227.151 - - [13/Apr/2026:12:21:30 +0000] "GET /whsy.php?e=pagemap&p=%2Fproc%2F26683 HTTP/1.1" 200 1936 "https://shakcoin.com.lab2454.com/whsy.php?p=%2Fproc%2F26683" "Mozilla/5.0 AppleWebKit/537.36 (KHTML, like Gecko; compatible; GPTBot/1.3; +https://openai.com/gptbot)"
74.7.243.215 - - [13/Apr/2026:12:21:31 +0000] "GET /whsy.php?e=gid_map&p=%2Fproc%2F16594 HTTP/1.1" 200 2025 "https://www.shakcoin.com.lab2454.com/whsy.php?p=%2Fproc%2F16594" "Mozilla/5.0 AppleWebKit/537.36 (KHTML, like Gecko; compatible; GPTBot/1.3; +https://openai.com/gptbot)"
74.7.227.151 - - [13/Apr/2026:12:21:34 +0000] "GET /whsy.php?e=statm&p=%2Fproc%2F26683 HTTP/1.1" 200 2030 "https://shakcoin.com.lab2454.com/whsy.php?p=%2Fproc%2F26683" "Mozilla/5.0 AppleWebKit/537.36 (KHTML, like Gecko; compatible; GPTBot/1.3; +https://openai.com/gptbot)"
74.7.243.215 - - [13/Apr/2026:12:21:34 +0000] "GET /whsy.php?e=uid_map&p=%2Fproc%2F13619 HTTP/1.1" 200 2022 "https://www.shakcoin.com.lab2454.com/whsy.php?p=%2Fproc%2F13619" "Mozilla/5.0 AppleWebKit/537.36 (KHTML, like Gecko; compatible; GPTBot/1.3; +https://openai.com/gptbot)"
74.7.227.151 - - [13/Apr/2026:12:21:37 +0000] "GET /whsy.php?e=wchan&p=%2Fproc%2F13619 HTTP/1.1" 200 2005 "https://shakcoin.com.lab2454.com/whsy.php?p=%2Fproc%2F13619" "Mozilla/5.0 AppleWebKit/537.36 (KHTML, like Gecko; compatible; GPTBot/1.3; +https://openai.com/gptbot)"
74.7.243.215 - - [13/Apr/2026:12:21:38 +0000] "GET /whsy.php?e=uid_map&p=%2Fproc%2F16594 HTTP/1.1" 200 2022 "https://www.shakcoin.com.lab2454.com/whsy.php?p=%2Fproc%2F16594" "Mozilla/5.0 AppleWebKit/537.36 (KHTML, like Gecko; compatible; GPTBot/1.3; +https://openai.com/gptbot)"
74.7.227.151 - - [13/Apr/2026:12:21:40 +0000] "GET /whsy.php?e=statm&p=%2Fproc%2F28084 HTTP/1.1" 200 982 "https://shakcoin.com.lab2454.com/whsy.php?p=%2Fproc%2F28084" "Mozilla/5.0 AppleWebKit/537.36 (KHTML, like Gecko; compatible; GPTBot/1.3; +https://openai.com/gptbot)"
74.7.243.215 - - [13/Apr/2026:12:21:41 +0000] "GET /whsy.php?e=oom_adj&p=%2Fproc%2F16594 HTTP/1.1" 200 2006 "https://www.shakcoin.com.lab2454.com/whsy.php?p=%2Fproc%2F16594" "Mozilla/5.0 AppleWebKit/537.36 (KHTML, like Gecko; compatible; GPTBot/1.3; +https://openai.com/gptbot)"
74.7.227.151 - - [13/Apr/2026:12:21:44 +0000] "GET /whsy.php?e=autogroup&p=%2Fproc%2F26683 HTTP/1.1" 200 2021 "https://shakcoin.com.lab2454.com/whsy.php?p=%2Fproc%2F26683" "Mozilla/5.0 AppleWebKit/537.36 (KHTML, like Gecko; compatible; GPTBot/1.3; +https://openai.com/gptbot)"
74.7.243.215 - - [13/Apr/2026:12:21:45 +0000] "GET /whsy.php?e=gid_map&p=%2Fproc%2F13619 HTTP/1.1" 200 2025 "https://www.shakcoin.com.lab2454.com/whsy.php?p=%2Fproc%2F13619" "Mozilla/5.0 AppleWebKit/537.36 (KHTML, like Gecko; compatible; GPTBot/1.3; +https://openai.com/gptbot)"
74.7.227.151 - - [13/Apr/2026:12:21:47 +0000] "GET /whsy.php?e=autogroup&p=%2Fproc%2F28084 HTTP/1.1" 200 982 "https://shakcoin.com.lab2454.com/whsy.php?p=%2Fproc%2F28084" "Mozilla/5.0 AppleWebKit/537.36 (KHTML, like Gecko; compatible; GPTBot/1.3; +https://openai.com/gptbot)"
74.7.243.215 - - [13/Apr/2026:12:21:48 +0000] "GET /whsy.php?e=wchan&p=%2Fproc%2F25588 HTTP/1.1" 200 2005 "https://www.shakcoin.com.lab2454.com/whsy.php?p=%2Fproc%2F25588" "Mozilla/5.0 AppleWebKit/537.36 (KHTML, like Gecko; compatible; GPTBot/1.3; +https://openai.com/gptbot)"
74.7.227.151 - - [13/Apr/2026:12:21:51 +0000] "GET /whsy.php?e=timerslack_ns&p=%2Fproc%2F11033 HTTP/1.1" 200 2008 "https://shakcoin.com.lab2454.com/whsy.php?p=%2Fproc%2F11033" "Mozilla/5.0 AppleWebKit/537.36 (KHTML, like Gecko; compatible; GPTBot/1.3; +https://openai.com/gptbot)"
74.7.243.215 - - [13/Apr/2026:12:21:53 +0000] "GET /whsy.php?e=sched&p=%2Fproc%2F13123 HTTP/1.1" 200 982 "https://www.shakcoin.com.lab2454.com/whsy.php?p=%2Fproc%2F13123" "Mozilla/5.0 AppleWebKit/537.36 (KHTML, like Gecko; compatible; GPTBot/1.3; +https://openai.com/gptbot)"
74.7.227.151 - - [13/Apr/2026:12:21:57 +0000] "GET /whsy.php?e=timerslack_ns&p=%2Fproc%2F26683 HTTP/1.1" 200 2008 "https://shakcoin.com.lab2454.com/whsy.php?p=%2Fproc%2F26683" "Mozilla/5.0 AppleWebKit/537.36 (KHTML, like Gecko; compatible; GPTBot/1.3; +https://openai.com/gptbot)"
74.7.243.215 - - [13/Apr/2026:12:22:00 +0000] "GET /whsy.php?e=sched&p=%2Fproc%2F26683 HTTP/1.1" 200 2478 "https://www.shakcoin.com.lab2454.com/whsy.php?p=%2Fproc%2F26683" "Mozilla/5.0 AppleWebKit/537.36 (KHTML, like Gecko; compatible; GPTBot/1.3; +https://openai.com/gptbot)"
74.7.227.151 - - [13/Apr/2026:12:22:05 +0000] "GET /whsy.php?e=timerslack_ns&p=%2Fproc%2F28084 HTTP/1.1" 200 982 "https://shakcoin.com.lab2454.com/whsy.php?p=%2Fproc%2F28084" "Mozilla/5.0 AppleWebKit/537.36 (KHTML, like Gecko; compatible; GPTBot/1.3; +https://openai.com/gptbot)"
74.7.243.215 - - [13/Apr/2026:12:22:07 +0000] "GET /whsy.php?e=smaps&p=%2Fproc%2F13123 HTTP/1.1" 200 982 "https://www.shakcoin.com.lab2454.com/whsy.php?p=%2Fproc%2F13123" "Mozilla/5.0 AppleWebKit/537.36 (KHTML, like Gecko; compatible; GPTBot/1.3; +https://openai.com/gptbot)"
74.7.227.151 - - [13/Apr/2026:12:22:10 +0000] "GET /whsy.php?e=sessionid&p=%2Fproc%2F13619 HTTP/1.1" 200 2016 "https://shakcoin.com.lab2454.com/whsy.php?p=%2Fproc%2F13619" "Mozilla/5.0 AppleWebKit/537.36 (KHTML, like Gecko; compatible; GPTBot/1.3; +https://openai.com/gptbot)"
74.7.243.215 - - [13/Apr/2026:12:22:11 +0000] "GET /whsy.php?e=smaps&p=%2Fproc%2F26683 HTTP/1.1" 200 2121 "https://www.shakcoin.com.lab2454.com/whsy.php?p=%2Fproc%2F26683" "Mozilla/5.0 AppleWebKit/537.36 (KHTML, like Gecko; compatible; GPTBot/1.3; +https://openai.com/gptbot)"
74.7.227.151 - - [13/Apr/2026:12:22:13 +0000] "GET /whsy.php?e=autogroup&p=%2Fproc%2F11033 HTTP/1.1" 200 2003 "https://shakcoin.com.lab2454.com/whsy.php?p=%2Fproc%2F11033" "Mozilla/5.0 AppleWebKit/537.36 (KHTML, like Gecko; compatible; GPTBot/1.3; +https://openai.com/gptbot)"
74.7.243.215 - - [13/Apr/2026:12:22:15 +0000] "GET /whsy.php?e=smaps&p=%2Fproc%2F25588 HTTP/1.1" 200 2120 "https://www.shakcoin.com.lab2454.com/whsy.php?p=%2Fproc%2F25588" "Mozilla/5.0 AppleWebKit/537.36 (KHTML, like Gecko; compatible; GPTBot/1.3; +https://openai.com/gptbot)"
74.7.227.151 - - [13/Apr/2026:12:22:18 +0000] "GET /whsy.php?e=setgroups&p=%2Fproc%2F13619 HTTP/1.1" 200 2007 "https://shakcoin.com.lab2454.com/whsy.php?p=%2Fproc%2F13619" "Mozilla/5.0 AppleWebKit/537.36 (KHTML, like Gecko; compatible; GPTBot/1.3; +https://openai.com/gptbot)"
74.7.243.215 - - [13/Apr/2026:12:22:20 +0000] "GET /whsy.php?e=sched&p=%2Fproc%2F25588 HTTP/1.1" 200 2467 "https://www.shakcoin.com.lab2454.com/whsy.php?p=%2Fproc%2F25588" "Mozilla/5.0 AppleWebKit/537.36 (KHTML, like Gecko; compatible; GPTBot/1.3; +https://openai.com/gptbot)"
74.7.227.151 - - [13/Apr/2026:12:22:22 +0000] "GET /whsy.php?e=schedstat&p=%2Fproc%2F13619 HTTP/1.1" 200 2034 "https://shakcoin.com.lab2454.com/whsy.php?p=%2Fproc%2F13619" "Mozilla/5.0 AppleWebKit/537.36 (KHTML, like Gecko; compatible; GPTBot/1.3; +https://openai.com/gptbot)"
74.7.243.215 - - [13/Apr/2026:12:22:24 +0000] "GET /whsy.php?e=wchan&p=%2Fproc%2F13123 HTTP/1.1" 200 982 "https://www.shakcoin.com.lab2454.com/whsy.php?p=%2Fproc%2F13123" "Mozilla/5.0 AppleWebKit/537.36 (KHTML, like Gecko; compatible; GPTBot/1.3; +https://openai.com/gptbot)"
74.7.227.151 - - [13/Apr/2026:12:22:27 +0000] "GET /whsy.php?e=gid_map&p=%2Fproc%2F28084 HTTP/1.1" 200 982 "https://shakcoin.com.lab2454.com/whsy.php?p=%2Fproc%2F28084" "Mozilla/5.0 AppleWebKit/537.36 (KHTML, like Gecko; compatible; GPTBot/1.3; +https://openai.com/gptbot)"
74.7.243.215 - - [13/Apr/2026:12:22:28 +0000] "GET /whsy.php?e=smaps&p=%2Fproc%2F13619 HTTP/1.1" 200 2007 "https://www.shakcoin.com.lab2454.com/whsy.php?p=%2Fproc%2F13619" "Mozilla/5.0 AppleWebKit/537.36 (KHTML, like Gecko; compatible; GPTBot/1.3; +https://openai.com/gptbot)"
74.7.227.151 - - [13/Apr/2026:12:22:32 +0000] "GET /whsy.php?e=uid_map&p=%2Fproc%2F28084 HTTP/1.1" 200 982 "https://shakcoin.com.lab2454.com/whsy.php?p=%2Fproc%2F28084" "Mozilla/5.0 AppleWebKit/537.36 (KHTML, like Gecko; compatible; GPTBot/1.3; +https://openai.com/gptbot)"
74.7.243.215 - - [13/Apr/2026:12:22:33 +0000] "GET /whsy.php?e=oom_adj&p=%2Fproc%2F13619 HTTP/1.1" 200 2006 "https://www.shakcoin.com.lab2454.com/whsy.php?p=%2Fproc%2F13619" "Mozilla/5.0 AppleWebKit/537.36 (KHTML, like Gecko; compatible; GPTBot/1.3; +https://openai.com/gptbot)"
74.7.227.151 - - [13/Apr/2026:12:22:37 +0000] "GET /whsy.php?e=gid_map&p=%2Fproc%2F26683 HTTP/1.1" 200 2025 "https://shakcoin.com.lab2454.com/whsy.php?p=%2Fproc%2F26683" "Mozilla/5.0 AppleWebKit/537.36 (KHTML, like Gecko; compatible; GPTBot/1.3; +https://openai.com/gptbot)"
74.7.243.215 - - [13/Apr/2026:12:22:38 +0000] "GET /whsy.php?e=uid_map&p=%2Fproc%2F16982 HTTP/1.1" 200 2022 "https://www.shakcoin.com.lab2454.com/whsy.php?p=%2Fproc%2F16982" "Mozilla/5.0 AppleWebKit/537.36 (KHTML, like Gecko; compatible; GPTBot/1.3; +https://openai.com/gptbot)"
74.7.227.151 - - [13/Apr/2026:12:22:42 +0000] "GET /whsy.php?e=oom_adj&p=%2Fproc%2F11033 HTTP/1.1" 200 2006 "https://shakcoin.com.lab2454.com/whsy.php?p=%2Fproc%2F11033" "Mozilla/5.0 AppleWebKit/537.36 (KHTML, like Gecko; compatible; GPTBot/1.3; +https://openai.com/gptbot)"
74.7.243.215 - - [13/Apr/2026:12:22:45 +0000] "GET /whsy.php?e=gid_map&p=%2Fproc%2F16982 HTTP/1.1" 200 2025 "https://www.shakcoin.com.lab2454.com/whsy.php?p=%2Fproc%2F16982" "Mozilla/5.0 AppleWebKit/537.36 (KHTML, like Gecko; compatible; GPTBot/1.3; +https://openai.com/gptbot)"
74.7.227.151 - - [13/Apr/2026:12:22:49 +0000] "GET /whsy.php?e=uid_map&p=%2Fproc%2F26683 HTTP/1.1" 200 2022 "https://shakcoin.com.lab2454.com/whsy.php?p=%2Fproc%2F26683" "Mozilla/5.0 AppleWebKit/537.36 (KHTML, like Gecko; compatible; GPTBot/1.3; +https://openai.com/gptbot)"
74.7.243.215 - - [13/Apr/2026:12:22:51 +0000] "GET /whsy.php?e=gid_map&p=%2Fproc%2F27965 HTTP/1.1" 200 982 "https://www.shakcoin.com.lab2454.com/whsy.php?p=%2Fproc%2F27965" "Mozilla/5.0 AppleWebKit/537.36 (KHTML, like Gecko; compatible; GPTBot/1.3; +https://openai.com/gptbot)"
74.7.227.151 - - [13/Apr/2026:12:22:54 +0000] "GET /whsy.php?e=stat&p=%2Fproc%2F13619 HTTP/1.1" 200 2110 "https://shakcoin.com.lab2454.com/whsy.php?p=%2Fproc%2F13619" "Mozilla/5.0 AppleWebKit/537.36 (KHTML, like Gecko; compatible; GPTBot/1.3; +https://openai.com/gptbot)"
74.7.243.215 - - [13/Apr/2026:12:22:56 +0000] "GET /whsy.php?e=oom_adj&p=%2Fproc%2F16982 HTTP/1.1" 200 2006 "https://www.shakcoin.com.lab2454.com/whsy.php?p=%2Fproc%2F16982" "Mozilla/5.0 AppleWebKit/537.36 (KHTML, like Gecko; compatible; GPTBot/1.3; +https://openai.com/gptbot)"
74.7.227.151 - - [13/Apr/2026:12:22:59 +0000] "GET /whsy.php?e=schedstat&p=%2Fproc%2F26683 HTTP/1.1" 200 2024 "https://shakcoin.com.lab2454.com/whsy.php?p=%2Fproc%2F26683" "Mozilla/5.0 AppleWebKit/537.36 (KHTML, like Gecko; compatible; GPTBot/1.3; +https://openai.com/gptbot)"
74.7.243.215 - - [13/Apr/2026:12:23:01 +0000] "GET /whsy.php?e=uid_map&p=%2Fproc%2F27965 HTTP/1.1" 200 982 "https://www.shakcoin.com.lab2454.com/whsy.php?p=%2Fproc%2F27965" "Mozilla/5.0 AppleWebKit/537.36 (KHTML, like Gecko; compatible; GPTBot/1.3; +https://openai.com/gptbot)"
74.7.227.151 - - [13/Apr/2026:12:23:04 +0000] "GET /whsy.php?e=sessionid&p=%2Fproc%2F11033 HTTP/1.1" 200 2016 "https://shakcoin.com.lab2454.com/whsy.php?p=%2Fproc%2F11033" "Mozilla/5.0 AppleWebKit/537.36 (KHTML, like Gecko; compatible; GPTBot/1.3; +https://openai.com/gptbot)"
74.7.243.215 - - [13/Apr/2026:12:23:07 +0000] "GET /whsy.php?e=oom_adj&p=%2Fproc%2F27965 HTTP/1.1" 200 982 "https://www.shakcoin.com.lab2454.com/whsy.php?p=%2Fproc%2F27965" "Mozilla/5.0 AppleWebKit/537.36 (KHTML, like Gecko; compatible; GPTBot/1.3; +https://openai.com/gptbot)"
74.7.227.151 - - [13/Apr/2026:12:23:12 +0000] "GET /whsy.php?e=schedstat&p=%2Fproc%2F28084 HTTP/1.1" 200 982 "https://shakcoin.com.lab2454.com/whsy.php?p=%2Fproc%2F28084" "Mozilla/5.0 AppleWebKit/537.36 (KHTML, like Gecko; compatible; GPTBot/1.3; +https://openai.com/gptbot)"
74.7.243.215 - - [13/Apr/2026:12:23:15 +0000] "GET /whsy.php?e=stat&p=%2Fproc%2F16594 HTTP/1.1" 200 2107 "https://www.shakcoin.com.lab2454.com/whsy.php?p=%2Fproc%2F16594" "Mozilla/5.0 AppleWebKit/537.36 (KHTML, like Gecko; compatible; GPTBot/1.3; +https://openai.com/gptbot)"
74.7.227.151 - - [13/Apr/2026:12:23:19 +0000] "GET /whsy.php?e=schedstat&p=%2Fproc%2F11033 HTTP/1.1" 200 2035 "https://shakcoin.com.lab2454.com/whsy.php?p=%2Fproc%2F11033" "Mozilla/5.0 AppleWebKit/537.36 (KHTML, like Gecko; compatible; GPTBot/1.3; +https://openai.com/gptbot)"
74.7.243.215 - - [13/Apr/2026:12:23:22 +0000] "GET /whsy.php?e=auxv&p=%2Fproc%2F26683 HTTP/1.1" 200 1936 "https://www.shakcoin.com.lab2454.com/whsy.php?p=%2Fproc%2F26683" "Mozilla/5.0 AppleWebKit/537.36 (KHTML, like Gecko; compatible; GPTBot/1.3; +https://openai.com/gptbot)"
74.7.227.151 - - [13/Apr/2026:12:23:27 +0000] "GET /whsy.php?e=setgroups&p=%2Fproc%2F11033 HTTP/1.1" 200 2007 "https://shakcoin.com.lab2454.com/whsy.php?p=%2Fproc%2F11033" "Mozilla/5.0 AppleWebKit/537.36 (KHTML, like Gecko; compatible; GPTBot/1.3; +https://openai.com/gptbot)"
74.7.243.215 - - [13/Apr/2026:12:23:29 +0000] "GET /whsy.php?e=io&p=%2Fproc%2F16594 HTTP/1.1" 200 1936 "https://www.shakcoin.com.lab2454.com/whsy.php?p=%2Fproc%2F16594" "Mozilla/5.0 AppleWebKit/537.36 (KHTML, like Gecko; compatible; GPTBot/1.3; +https://openai.com/gptbot)"
74.7.227.151 - - [13/Apr/2026:12:23:33 +0000] "GET /whsy.php?e=gid_map&p=%2Fproc%2F13619 HTTP/1.1" 200 2025 "https://shakcoin.com.lab2454.com/whsy.php?p=%2Fproc%2F13619" "Mozilla/5.0 AppleWebKit/537.36 (KHTML, like Gecko; compatible; GPTBot/1.3; +https://openai.com/gptbot)"
74.7.243.215 - - [13/Apr/2026:12:23:34 +0000] "GET /whsy.php?e=autogroup&p=%2Fproc%2F13123 HTTP/1.1" 200 982 "https://www.shakcoin.com.lab2454.com/whsy.php?p=%2Fproc%2F13123" "Mozilla/5.0 AppleWebKit/537.36 (KHTML, like Gecko; compatible; GPTBot/1.3; +https://openai.com/gptbot)"
74.7.227.151 - - [13/Apr/2026:12:23:36 +0000] "GET /whsy.php?e=uid_map&p=%2Fproc%2F13619 HTTP/1.1" 200 2022 "https://shakcoin.com.lab2454.com/whsy.php?p=%2Fproc%2F13619" "Mozilla/5.0 AppleWebKit/537.36 (KHTML, like Gecko; compatible; GPTBot/1.3; +https://openai.com/gptbot)"
74.7.243.215 - - [13/Apr/2026:12:23:39 +0000] "GET /whsy.php?e=autogroup&p=%2Fproc%2F25588 HTTP/1.1" 200 2021 "https://www.shakcoin.com.lab2454.com/whsy.php?p=%2Fproc%2F25588" "Mozilla/5.0 AppleWebKit/537.36 (KHTML, like Gecko; compatible; GPTBot/1.3; +https://openai.com/gptbot)"
74.7.227.151 - - [13/Apr/2026:12:23:43 +0000] "GET /whsy.php?e=smaps&p=%2Fproc%2F11033 HTTP/1.1" 200 2006 "https://shakcoin.com.lab2454.com/whsy.php?p=%2Fproc%2F11033" "Mozilla/5.0 AppleWebKit/537.36 (KHTML, like Gecko; compatible; GPTBot/1.3; +https://openai.com/gptbot)"
74.7.243.215 - - [13/Apr/2026:12:23:46 +0000] "GET /whsy.php?e=setgroups&p=%2Fproc%2F26683 HTTP/1.1" 200 2007 "https://www.shakcoin.com.lab2454.com/whsy.php?p=%2Fproc%2F26683" "Mozilla/5.0 AppleWebKit/537.36 (KHTML, like Gecko; compatible; GPTBot/1.3; +https://openai.com/gptbot)"
74.7.227.151 - - [13/Apr/2026:12:23:50 +0000] "GET /whsy.php?e=sched&p=%2Fproc%2F28084 HTTP/1.1" 200 982 "https://shakcoin.com.lab2454.com/whsy.php?p=%2Fproc%2F28084" "Mozilla/5.0 AppleWebKit/537.36 (KHTML, like Gecko; compatible; GPTBot/1.3; +https://openai.com/gptbot)"
74.7.243.215 - - [13/Apr/2026:12:23:54 +0000] "GET /whsy.php?e=sessionid&p=%2Fproc%2F26683 HTTP/1.1" 200 2016 "https://www.shakcoin.com.lab2454.com/whsy.php?p=%2Fproc%2F26683" "Mozilla/5.0 AppleWebKit/537.36 (KHTML, like Gecko; compatible; GPTBot/1.3; +https://openai.com/gptbot)"
74.7.227.151 - - [13/Apr/2026:12:23:58 +0000] "GET /whsy.php?e=sched&p=%2Fproc%2F26683 HTTP/1.1" 200 2476 "https://shakcoin.com.lab2454.com/whsy.php?p=%2Fproc%2F26683" "Mozilla/5.0 AppleWebKit/537.36 (KHTML, like Gecko; compatible; GPTBot/1.3; +https://openai.com/gptbot)"
74.7.243.215 - - [13/Apr/2026:12:24:00 +0000] "GET /whsy.php?e=cwd&p=%2Fproc%2F26683 HTTP/1.1" 200 1936 "https://www.shakcoin.com.lab2454.com/whsy.php?p=%2Fproc%2F26683" "Mozilla/5.0 AppleWebKit/537.36 (KHTML, like Gecko; compatible; GPTBot/1.3; +https://openai.com/gptbot)"
74.7.227.151 - - [13/Apr/2026:12:24:03 +0000] "GET /whsy.php?e=smaps&p=%2Fproc%2F26683 HTTP/1.1" 200 2121 "https://shakcoin.com.lab2454.com/whsy.php?p=%2Fproc%2F26683" "Mozilla/5.0 AppleWebKit/537.36 (KHTML, like Gecko; compatible; GPTBot/1.3; +https://openai.com/gptbot)"
74.7.243.215 - - [13/Apr/2026:12:24:04 +0000] "GET /whsy.php?e=cwd&p=%2Fproc%2F13123 HTTP/1.1" 200 982 "https://www.shakcoin.com.lab2454.com/whsy.php?p=%2Fproc%2F13123" "Mozilla/5.0 AppleWebKit/537.36 (KHTML, like Gecko; compatible; GPTBot/1.3; +https://openai.com/gptbot)"
74.7.227.151 - - [13/Apr/2026:12:24:06 +0000] "GET /whsy.php?e=sched&p=%2Fproc%2F11033 HTTP/1.1" 200 2458 "https://shakcoin.com.lab2454.com/whsy.php?p=%2Fproc%2F11033" "Mozilla/5.0 AppleWebKit/537.36 (KHTML, like Gecko; compatible; GPTBot/1.3; +https://openai.com/gptbot)"
74.7.243.215 - - [13/Apr/2026:12:24:08 +0000] "GET /whsy.php?e=cwd&p=%2Fproc%2F25588 HTTP/1.1" 200 1936 "https://www.shakcoin.com.lab2454.com/whsy.php?p=%2Fproc%2F25588" "Mozilla/5.0 AppleWebKit/537.36 (KHTML, like Gecko; compatible; GPTBot/1.3; +https://openai.com/gptbot)"
74.7.227.151 - - [13/Apr/2026:12:24:09 +0000] "GET /whsy.php?e=smaps&p=%2Fproc%2F28084 HTTP/1.1" 200 982 "https://shakcoin.com.lab2454.com/whsy.php?p=%2Fproc%2F28084" "Mozilla/5.0 AppleWebKit/537.36 (KHTML, like Gecko; compatible; GPTBot/1.3; +https://openai.com/gptbot)"
74.7.243.215 - - [13/Apr/2026:12:24:11 +0000] "GET /whsy.php?e=exe&p=%2Fproc%2F25588 HTTP/1.1" 200 1936 "https://www.shakcoin.com.lab2454.com/whsy.php?p=%2Fproc%2F25588" "Mozilla/5.0 AppleWebKit/537.36 (KHTML, like Gecko; compatible; GPTBot/1.3; +https://openai.com/gptbot)"
74.7.227.151 - - [13/Apr/2026:12:24:13 +0000] "GET /whsy.php?e=smaps&p=%2Fproc%2F13619 HTTP/1.1" 200 2007 "https://shakcoin.com.lab2454.com/whsy.php?p=%2Fproc%2F13619" "Mozilla/5.0 AppleWebKit/537.36 (KHTML, like Gecko; compatible; GPTBot/1.3; +https://openai.com/gptbot)"
74.7.243.215 - - [13/Apr/2026:12:24:15 +0000] "GET /whsy.php?e=mem&p=%2Fproc%2F13123 HTTP/1.1" 200 982 "https://www.shakcoin.com.lab2454.com/whsy.php?p=%2Fproc%2F13123" "Mozilla/5.0 AppleWebKit/537.36 (KHTML, like Gecko; compatible; GPTBot/1.3; +https://openai.com/gptbot)"
74.7.227.151 - - [13/Apr/2026:12:24:17 +0000] "GET /whsy.php?e=gid_map&p=%2Fproc%2F11033 HTTP/1.1" 200 2025 "https://shakcoin.com.lab2454.com/whsy.php?p=%2Fproc%2F11033" "Mozilla/5.0 AppleWebKit/537.36 (KHTML, like Gecko; compatible; GPTBot/1.3; +https://openai.com/gptbot)"
74.7.243.215 - - [13/Apr/2026:12:24:19 +0000] "GET /whsy.php?e=exe&p=%2Fproc%2F13123 HTTP/1.1" 200 982 "https://www.shakcoin.com.lab2454.com/whsy.php?p=%2Fproc%2F13123" "Mozilla/5.0 AppleWebKit/537.36 (KHTML, like Gecko; compatible; GPTBot/1.3; +https://openai.com/gptbot)"
74.7.227.151 - - [13/Apr/2026:12:24:21 +0000] "GET /whsy.php?e=uid_map&p=%2Fproc%2F11033 HTTP/1.1" 200 2022 "https://shakcoin.com.lab2454.com/whsy.php?p=%2Fproc%2F11033" "Mozilla/5.0 AppleWebKit/537.36 (KHTML, like Gecko; compatible; GPTBot/1.3; +https://openai.com/gptbot)"
