74.7.243.215 - - [13/Apr/2026:14:15:50 +0000] "GET /whsy.php?e=dev_mcast&p=%2Fproc%2F13619%2Fnet HTTP/1.1" 200 982 "https://www.shakcoin.com.lab2454.com/whsy.php?p=%2Fproc%2F13619%2Fnet" "Mozilla/5.0 AppleWebKit/537.36 (KHTML, like Gecko; compatible; GPTBot/1.3; +https://openai.com/gptbot)"
74.7.227.151 - - [13/Apr/2026:14:15:51 +0000] "GET /whsy.php?e=ksm_merging_pages&p=%2Fproc%2F12345 HTTP/1.1" 200 982 "https://shakcoin.com.lab2454.com/whsy.php?p=%2Fproc%2F12345" "Mozilla/5.0 AppleWebKit/537.36 (KHTML, like Gecko; compatible; GPTBot/1.3; +https://openai.com/gptbot)"
74.7.242.34 - - [13/Apr/2026:14:15:52 +0000] "GET /whsy.php?p=%2Fhome%2Flab2454c%2Fnfsin.com%2Fwp-content%2Fplugins%2Facenazaxo%2Fassets%2Fimages HTTP/1.1" 200 995 "https://www.shakcoin.com/whsy.php?p=%2Fhome%2Flab2454c%2Fnfsin.com%2Fwp-content%2Fplugins%2Facenazaxo%2Fassets" "Mozilla/5.0 AppleWebKit/537.36 (KHTML, like Gecko; compatible; GPTBot/1.3; +https://openai.com/gptbot)"
74.7.243.215 - - [13/Apr/2026:14:15:54 +0000] "GET /whsy.php?e=ip6_flowlabel&p=%2Fproc%2F13619%2Fnet HTTP/1.1" 200 982 "https://www.shakcoin.com.lab2454.com/whsy.php?p=%2Fproc%2F13619%2Fnet" "Mozilla/5.0 AppleWebKit/537.36 (KHTML, like Gecko; compatible; GPTBot/1.3; +https://openai.com/gptbot)"
74.7.227.151 - - [13/Apr/2026:14:15:54 +0000] "GET /whsy.php?e=ksm_merging_pages&p=%2Fproc%2F28639 HTTP/1.1" 200 982 "https://shakcoin.com.lab2454.com/whsy.php?p=%2Fproc%2F28639" "Mozilla/5.0 AppleWebKit/537.36 (KHTML, like Gecko; compatible; GPTBot/1.3; +https://openai.com/gptbot)"
74.7.242.34 - - [13/Apr/2026:14:15:55 +0000] "GET /whsy.php?p=%2Fhome%2Flab2454c%2Fnfsin.com%2Fwp-content%2Fplugins%2Fdfxczhz%2Fadmin HTTP/1.1" 200 786 "https://www.shakcoin.com/whsy.php?p=%2Fhome%2Flab2454c%2Fnfsin.com%2Fwp-content%2Fplugins%2Fdfxczhz" "Mozilla/5.0 AppleWebKit/537.36 (KHTML, like Gecko; compatible; GPTBot/1.3; +https://openai.com/gptbot)"
74.7.243.215 - - [13/Apr/2026:14:15:57 +0000] "GET /whsy.php?e=ip6_flowlabel&p=%2Fproc%2F19725%2Fnet HTTP/1.1" 200 982 "https://www.shakcoin.com.lab2454.com/whsy.php?p=%2Fproc%2F19725%2Fnet" "Mozilla/5.0 AppleWebKit/537.36 (KHTML, like Gecko; compatible; GPTBot/1.3; +https://openai.com/gptbot)"
74.7.227.151 - - [13/Apr/2026:14:15:58 +0000] "GET /whsy.php?e=ksm_merging_pages&p=%2Fproc%2F21563 HTTP/1.1" 200 982 "https://shakcoin.com.lab2454.com/whsy.php?p=%2Fproc%2F21563" "Mozilla/5.0 AppleWebKit/537.36 (KHTML, like Gecko; compatible; GPTBot/1.3; +https://openai.com/gptbot)"
74.7.242.34 - - [13/Apr/2026:14:15:59 +0000] "GET /whsy.php?e=uninstall.php&p=%2Fhome%2Flab2454c%2Fnfsin.com%2Fwp-content%2Fplugins%2Fdfxczhz HTTP/1.1" 200 1642 "https://www.shakcoin.com/whsy.php?p=%2Fhome%2Flab2454c%2Fnfsin.com%2Fwp-content%2Fplugins%2Fdfxczhz" "Mozilla/5.0 AppleWebKit/537.36 (KHTML, like Gecko; compatible; GPTBot/1.3; +https://openai.com/gptbot)"
74.7.243.215 - - [13/Apr/2026:14:16:01 +0000] "GET /whsy.php?e=ip_vs_stats&p=%2Fproc%2F19725%2Fnet HTTP/1.1" 200 982 "https://www.shakcoin.com.lab2454.com/whsy.php?p=%2Fproc%2F19725%2Fnet" "Mozilla/5.0 AppleWebKit/537.36 (KHTML, like Gecko; compatible; GPTBot/1.3; +https://openai.com/gptbot)"
74.7.227.151 - - [13/Apr/2026:14:16:01 +0000] "GET /whsy.php?e=ksm_merging_pages&p=%2Fproc%2F27650 HTTP/1.1" 200 982 "https://shakcoin.com.lab2454.com/whsy.php?p=%2Fproc%2F27650" "Mozilla/5.0 AppleWebKit/537.36 (KHTML, like Gecko; compatible; GPTBot/1.3; +https://openai.com/gptbot)"
74.7.242.34 - - [13/Apr/2026:14:16:02 +0000] "GET /whsy.php?e=uninstall.php&p=%2Fhome%2Flab2454c%2Fnfsin.com%2Fwp-content%2Fplugins%2Fzfejiyb HTTP/1.1" 200 1660 "https://www.shakcoin.com/whsy.php?p=%2Fhome%2Flab2454c%2Fnfsin.com%2Fwp-content%2Fplugins%2Fzfejiyb" "Mozilla/5.0 AppleWebKit/537.36 (KHTML, like Gecko; compatible; GPTBot/1.3; +https://openai.com/gptbot)"
74.7.243.215 - - [13/Apr/2026:14:16:04 +0000] "GET /whsy.php?e=coredump_filter&p=%2Fproc%2F28247 HTTP/1.1" 200 982 "https://www.shakcoin.com.lab2454.com/whsy.php?p=%2Fproc%2F28247" "Mozilla/5.0 AppleWebKit/537.36 (KHTML, like Gecko; compatible; GPTBot/1.3; +https://openai.com/gptbot)"
74.7.227.151 - - [13/Apr/2026:14:16:05 +0000] "GET /whsy.php?e=ksm_merging_pages&p=%2Fproc%2F10407 HTTP/1.1" 200 982 "https://shakcoin.com.lab2454.com/whsy.php?p=%2Fproc%2F10407" "Mozilla/5.0 AppleWebKit/537.36 (KHTML, like Gecko; compatible; GPTBot/1.3; +https://openai.com/gptbot)"
74.7.242.34 - - [13/Apr/2026:14:16:06 +0000] "GET /whsy.php?e=uninstall.php&p=%2Fhome%2Flab2454c%2Fnfsin.com%2Fwp-content%2Fplugins%2Fzlcbhvk HTTP/1.1" 200 1641 "https://www.shakcoin.com/whsy.php?p=%2Fhome%2Flab2454c%2Fnfsin.com%2Fwp-content%2Fplugins%2Fzlcbhvk" "Mozilla/5.0 AppleWebKit/537.36 (KHTML, like Gecko; compatible; GPTBot/1.3; +https://openai.com/gptbot)"
74.7.243.215 - - [13/Apr/2026:14:16:08 +0000] "GET /whsy.php?e=coredump_filter&p=%2Fproc%2F22180 HTTP/1.1" 200 982 "https://www.shakcoin.com.lab2454.com/whsy.php?p=%2Fproc%2F22180" "Mozilla/5.0 AppleWebKit/537.36 (KHTML, like Gecko; compatible; GPTBot/1.3; +https://openai.com/gptbot)"
74.7.227.151 - - [13/Apr/2026:14:16:08 +0000] "GET /whsy.php?e=ksm_merging_pages&p=%2Fproc%2F29837 HTTP/1.1" 200 982 "https://shakcoin.com.lab2454.com/whsy.php?p=%2Fproc%2F29837" "Mozilla/5.0 AppleWebKit/537.36 (KHTML, like Gecko; compatible; GPTBot/1.3; +https://openai.com/gptbot)"
74.7.242.34 - - [13/Apr/2026:14:16:10 +0000] "GET /whsy.php?e=uninstall.php&p=%2Fhome%2Flab2454c%2Fnfsin.com%2Fwp-content%2Fplugins%2Fdordwfx HTTP/1.1" 200 1640 "https://www.shakcoin.com/whsy.php?p=%2Fhome%2Flab2454c%2Fnfsin.com%2Fwp-content%2Fplugins%2Fdordwfx" "Mozilla/5.0 AppleWebKit/537.36 (KHTML, like Gecko; compatible; GPTBot/1.3; +https://openai.com/gptbot)"
74.7.243.215 - - [13/Apr/2026:14:16:12 +0000] "GET /whsy.php?e=coredump_filter&p=%2Fproc%2F13123 HTTP/1.1" 200 982 "https://www.shakcoin.com.lab2454.com/whsy.php?p=%2Fproc%2F13123" "Mozilla/5.0 AppleWebKit/537.36 (KHTML, like Gecko; compatible; GPTBot/1.3; +https://openai.com/gptbot)"
74.7.227.151 - - [13/Apr/2026:14:16:12 +0000] "GET /whsy.php?e=ksm_merging_pages&p=%2Fproc%2F27056 HTTP/1.1" 200 982 "https://shakcoin.com.lab2454.com/whsy.php?p=%2Fproc%2F27056" "Mozilla/5.0 AppleWebKit/537.36 (KHTML, like Gecko; compatible; GPTBot/1.3; +https://openai.com/gptbot)"
74.7.242.34 - - [13/Apr/2026:14:16:13 +0000] "GET /whsy.php?e=obozybi.php&p=%2Fhome%2Flab2454c%2Fnfsin.com%2Fwp-content%2Fplugins%2Fabefarojo HTTP/1.1" 200 1430 "https://www.shakcoin.com/whsy.php?p=%2Fhome%2Flab2454c%2Fnfsin.com%2Fwp-content%2Fplugins%2Fabefarojo" "Mozilla/5.0 AppleWebKit/537.36 (KHTML, like Gecko; compatible; GPTBot/1.3; +https://openai.com/gptbot)"
74.7.243.215 - - [13/Apr/2026:14:16:16 +0000] "GET /whsy.php?e=coredump_filter&p=%2Fproc%2F25588 HTTP/1.1" 200 982 "https://www.shakcoin.com.lab2454.com/whsy.php?p=%2Fproc%2F25588" "Mozilla/5.0 AppleWebKit/537.36 (KHTML, like Gecko; compatible; GPTBot/1.3; +https://openai.com/gptbot)"
74.7.227.151 - - [13/Apr/2026:14:16:16 +0000] "GET /whsy.php?e=ksm_merging_pages&p=%2Fproc%2F21374 HTTP/1.1" 200 982 "https://shakcoin.com.lab2454.com/whsy.php?p=%2Fproc%2F21374" "Mozilla/5.0 AppleWebKit/537.36 (KHTML, like Gecko; compatible; GPTBot/1.3; +https://openai.com/gptbot)"
74.7.242.34 - - [13/Apr/2026:14:16:17 +0000] "GET /whsy.php?p=%2Fhome%2Flab2454c%2Fnfsin.com%2Fwp-content%2Fplugins%2Fzlcbhvk%2Fadmin%2Fviews HTTP/1.1" 200 764 "https://www.shakcoin.com/whsy.php?p=%2Fhome%2Flab2454c%2Fnfsin.com%2Fwp-content%2Fplugins%2Fzlcbhvk%2Fadmin" "Mozilla/5.0 AppleWebKit/537.36 (KHTML, like Gecko; compatible; GPTBot/1.3; +https://openai.com/gptbot)"
74.7.243.215 - - [13/Apr/2026:14:16:19 +0000] "GET /whsy.php?e=coredump_filter&p=%2Fproc%2F22221 HTTP/1.1" 200 982 "https://www.shakcoin.com.lab2454.com/whsy.php?p=%2Fproc%2F22221" "Mozilla/5.0 AppleWebKit/537.36 (KHTML, like Gecko; compatible; GPTBot/1.3; +https://openai.com/gptbot)"
74.7.227.151 - - [13/Apr/2026:14:16:19 +0000] "GET /whsy.php?e=ksm_merging_pages&p=%2Fproc%2F19096 HTTP/1.1" 200 982 "https://shakcoin.com.lab2454.com/whsy.php?p=%2Fproc%2F19096" "Mozilla/5.0 AppleWebKit/537.36 (KHTML, like Gecko; compatible; GPTBot/1.3; +https://openai.com/gptbot)"
74.7.242.34 - - [13/Apr/2026:14:16:21 +0000] "GET /whsy.php?p=%2Fhome%2Flab2454c%2Fnfsin.com%2Fwp-content%2Fplugins%2Fachitym HTTP/1.1" 200 789 "https://www.shakcoin.com/whsy.php?p=%2Fhome%2Flab2454c%2Fnfsin.com%2Fwp-content%2Fplugins" "Mozilla/5.0 AppleWebKit/537.36 (KHTML, like Gecko; compatible; GPTBot/1.3; +https://openai.com/gptbot)"
74.7.243.215 - - [13/Apr/2026:14:16:22 +0000] "GET /whsy.php?p=%2Fproc%2F19725%2Fnet%2Fvlan HTTP/1.1" 200 982 "https://www.shakcoin.com.lab2454.com/whsy.php?p=%2Fproc%2F19725%2Fnet" "Mozilla/5.0 AppleWebKit/537.36 (KHTML, like Gecko; compatible; GPTBot/1.3; +https://openai.com/gptbot)"
74.7.227.151 - - [13/Apr/2026:14:16:23 +0000] "GET /whsy.php?e=ksm_merging_pages&p=%2Fproc%2F21095 HTTP/1.1" 200 982 "https://shakcoin.com.lab2454.com/whsy.php?p=%2Fproc%2F21095" "Mozilla/5.0 AppleWebKit/537.36 (KHTML, like Gecko; compatible; GPTBot/1.3; +https://openai.com/gptbot)"
74.7.242.34 - - [13/Apr/2026:14:16:24 +0000] "GET /whsy.php?p=%2Fhome%2Flab2454c%2Fnfsin.com%2Fwp-content%2Fplugins%2Fakismet HTTP/1.1" 200 1037 "https://www.shakcoin.com/whsy.php?p=%2Fhome%2Flab2454c%2Fnfsin.com%2Fwp-content%2Fplugins" "Mozilla/5.0 AppleWebKit/537.36 (KHTML, like Gecko; compatible; GPTBot/1.3; +https://openai.com/gptbot)"
74.7.243.215 - - [13/Apr/2026:14:16:26 +0000] "GET /whsy.php?e=protocols&p=%2Fproc%2F13619%2Fnet HTTP/1.1" 200 982 "https://www.shakcoin.com.lab2454.com/whsy.php?p=%2Fproc%2F13619%2Fnet" "Mozilla/5.0 AppleWebKit/537.36 (KHTML, like Gecko; compatible; GPTBot/1.3; +https://openai.com/gptbot)"
74.7.227.151 - - [13/Apr/2026:14:16:26 +0000] "GET /whsy.php?e=ksm_merging_pages&p=%2Fproc%2F18446 HTTP/1.1" 200 982 "https://shakcoin.com.lab2454.com/whsy.php?p=%2Fproc%2F18446" "Mozilla/5.0 AppleWebKit/537.36 (KHTML, like Gecko; compatible; GPTBot/1.3; +https://openai.com/gptbot)"
74.7.242.34 - - [13/Apr/2026:14:16:28 +0000] "GET /whsy.php?p=%2Fhome%2Flab2454c%2Fnfsin.com%2Fwp-content%2Fplugins%2Fdordwfx%2Fadmin%2Fviews HTTP/1.1" 200 763 "https://www.shakcoin.com/whsy.php?p=%2Fhome%2Flab2454c%2Fnfsin.com%2Fwp-content%2Fplugins%2Fdordwfx%2Fadmin" "Mozilla/5.0 AppleWebKit/537.36 (KHTML, like Gecko; compatible; GPTBot/1.3; +https://openai.com/gptbot)"
74.7.243.215 - - [13/Apr/2026:14:16:29 +0000] "GET /whsy.php?e=fscreate&p=%2Fproc%2F19725%2Fattr HTTP/1.1" 200 982 "https://www.shakcoin.com.lab2454.com/whsy.php?p=%2Fproc%2F19725%2Fattr" "Mozilla/5.0 AppleWebKit/537.36 (KHTML, like Gecko; compatible; GPTBot/1.3; +https://openai.com/gptbot)"
74.7.227.151 - - [13/Apr/2026:14:16:30 +0000] "GET /whsy.php?e=ksm_merging_pages&p=%2Fproc%2F12934 HTTP/1.1" 200 982 "https://shakcoin.com.lab2454.com/whsy.php?p=%2Fproc%2F12934" "Mozilla/5.0 AppleWebKit/537.36 (KHTML, like Gecko; compatible; GPTBot/1.3; +https://openai.com/gptbot)"
74.7.242.34 - - [13/Apr/2026:14:16:31 +0000] "GET /whsy.php?p=%2Fhome%2Flab2454c%2Figpma.com%2Fwp-content%2Fplugins%2Fakismet HTTP/1.1" 200 1068 "https://www.shakcoin.com/whsy.php?p=%2Fhome%2Flab2454c%2Figpma.com%2Fwp-content%2Fplugins" "Mozilla/5.0 AppleWebKit/537.36 (KHTML, like Gecko; compatible; GPTBot/1.3; +https://openai.com/gptbot)"
74.7.243.215 - - [13/Apr/2026:14:16:33 +0000] "GET /whsy.php?e=coredump_filter&p=%2Fproc%2F12210 HTTP/1.1" 200 982 "https://www.shakcoin.com.lab2454.com/whsy.php?p=%2Fproc%2F12210" "Mozilla/5.0 AppleWebKit/537.36 (KHTML, like Gecko; compatible; GPTBot/1.3; +https://openai.com/gptbot)"
74.7.227.151 - - [13/Apr/2026:14:16:33 +0000] "GET /whsy.php?e=ksm_merging_pages&p=%2Fproc%2F11036 HTTP/1.1" 200 982 "https://shakcoin.com.lab2454.com/whsy.php?p=%2Fproc%2F11036" "Mozilla/5.0 AppleWebKit/537.36 (KHTML, like Gecko; compatible; GPTBot/1.3; +https://openai.com/gptbot)"
74.7.242.34 - - [13/Apr/2026:14:16:35 +0000] "GET /whsy.php?p=%2Fhome%2Flab2454c%2Fnfsin.com%2Fwp-content%2Fplugins%2Fdfxczhz%2Fadmin%2Fviews HTTP/1.1" 200 764 "https://www.shakcoin.com/whsy.php?p=%2Fhome%2Flab2454c%2Fnfsin.com%2Fwp-content%2Fplugins%2Fdfxczhz%2Fadmin" "Mozilla/5.0 AppleWebKit/537.36 (KHTML, like Gecko; compatible; GPTBot/1.3; +https://openai.com/gptbot)"
74.7.243.215 - - [13/Apr/2026:14:16:36 +0000] "GET /whsy.php?p=%2Fproc%2F28247%2Ftask%2F28247 HTTP/1.1" 200 982 "https://www.shakcoin.com.lab2454.com/whsy.php?p=%2Fproc%2F28247%2Ftask" "Mozilla/5.0 AppleWebKit/537.36 (KHTML, like Gecko; compatible; GPTBot/1.3; +https://openai.com/gptbot)"
74.7.227.151 - - [13/Apr/2026:14:16:37 +0000] "GET /whsy.php?e=ksm_merging_pages&p=%2Fproc%2F13619 HTTP/1.1" 200 982 "https://shakcoin.com.lab2454.com/whsy.php?p=%2Fproc%2F13619" "Mozilla/5.0 AppleWebKit/537.36 (KHTML, like Gecko; compatible; GPTBot/1.3; +https://openai.com/gptbot)"
74.7.242.34 - - [13/Apr/2026:14:16:38 +0000] "GET /whsy.php?p=%2Fhome%2Flab2454c%2Fnfsin.com%2Fwp-content%2Fplugins%2Ftiolanq HTTP/1.1" 200 882 "https://www.shakcoin.com/whsy.php?p=%2Fhome%2Flab2454c%2Fnfsin.com%2Fwp-content%2Fplugins" "Mozilla/5.0 AppleWebKit/537.36 (KHTML, like Gecko; compatible; GPTBot/1.3; +https://openai.com/gptbot)"
74.7.243.215 - - [13/Apr/2026:14:16:40 +0000] "GET /whsy.php?p=%2Fproc%2F12210%2Ftask%2F12210 HTTP/1.1" 200 982 "https://www.shakcoin.com.lab2454.com/whsy.php?p=%2Fproc%2F12210%2Ftask" "Mozilla/5.0 AppleWebKit/537.36 (KHTML, like Gecko; compatible; GPTBot/1.3; +https://openai.com/gptbot)"
74.7.227.151 - - [13/Apr/2026:14:16:40 +0000] "GET /whsy.php?e=ksm_merging_pages&p=%2Fproc%2F17042 HTTP/1.1" 200 982 "https://shakcoin.com.lab2454.com/whsy.php?p=%2Fproc%2F17042" "Mozilla/5.0 AppleWebKit/537.36 (KHTML, like Gecko; compatible; GPTBot/1.3; +https://openai.com/gptbot)"
74.7.242.34 - - [13/Apr/2026:14:16:42 +0000] "GET /whsy.php?p=%2Fhome%2Flab2454c%2Fnfsin.com%2Fwp-content%2Fplugins%2Ffijfcet HTTP/1.1" 200 883 "https://www.shakcoin.com/whsy.php?p=%2Fhome%2Flab2454c%2Fnfsin.com%2Fwp-content%2Fplugins" "Mozilla/5.0 AppleWebKit/537.36 (KHTML, like Gecko; compatible; GPTBot/1.3; +https://openai.com/gptbot)"
74.7.243.215 - - [13/Apr/2026:14:16:44 +0000] "GET /whsy.php?e=xfrm_stat&p=%2Fproc%2F19725%2Fnet HTTP/1.1" 200 982 "https://www.shakcoin.com.lab2454.com/whsy.php?p=%2Fproc%2F19725%2Fnet" "Mozilla/5.0 AppleWebKit/537.36 (KHTML, like Gecko; compatible; GPTBot/1.3; +https://openai.com/gptbot)"
74.7.227.151 - - [13/Apr/2026:14:16:44 +0000] "GET /whsy.php?e=ksm_merging_pages&p=%2Fproc%2F11748 HTTP/1.1" 200 982 "https://shakcoin.com.lab2454.com/whsy.php?p=%2Fproc%2F11748" "Mozilla/5.0 AppleWebKit/537.36 (KHTML, like Gecko; compatible; GPTBot/1.3; +https://openai.com/gptbot)"
74.7.242.34 - - [13/Apr/2026:14:16:46 +0000] "GET /whsy.php?e=default_config.php&p=%2Fhome%2Flab2454c%2Figpma.com%2Fwp-content%2Fplugins%2Fwp-phpmyadmin-extension HTTP/1.1" 200 2324 "https://www.shakcoin.com/whsy.php?p=%2Fhome%2Flab2454c%2Figpma.com%2Fwp-content%2Fplugins%2Fwp-phpmyadmin-extension" "Mozilla/5.0 AppleWebKit/537.36 (KHTML, like Gecko; compatible; GPTBot/1.3; +https://openai.com/gptbot)"
74.7.243.215 - - [13/Apr/2026:14:16:47 +0000] "GET /whsy.php?e=dev_mcast&p=%2Fproc%2F19725%2Fnet HTTP/1.1" 200 982 "https://www.shakcoin.com.lab2454.com/whsy.php?p=%2Fproc%2F19725%2Fnet" "Mozilla/5.0 AppleWebKit/537.36 (KHTML, like Gecko; compatible; GPTBot/1.3; +https://openai.com/gptbot)"
74.7.227.151 - - [13/Apr/2026:14:16:48 +0000] "GET /whsy.php?e=ksm_merging_pages&p=%2Fproc%2F23164 HTTP/1.1" 200 982 "https://shakcoin.com.lab2454.com/whsy.php?p=%2Fproc%2F23164" "Mozilla/5.0 AppleWebKit/537.36 (KHTML, like Gecko; compatible; GPTBot/1.3; +https://openai.com/gptbot)"
74.7.242.34 - - [13/Apr/2026:14:16:49 +0000] "GET /whsy.php?e=library.php&p=%2Fhome%2Flab2454c%2Figpma.com%2Fwp-content%2Fplugins%2Fwp-phpmyadmin-extension HTTP/1.1" 200 69631 "https://www.shakcoin.com/whsy.php?p=%2Fhome%2Flab2454c%2Figpma.com%2Fwp-content%2Fplugins%2Fwp-phpmyadmin-extension" "Mozilla/5.0 AppleWebKit/537.36 (KHTML, like Gecko; compatible; GPTBot/1.3; +https://openai.com/gptbot)"
74.7.243.215 - - [13/Apr/2026:14:16:51 +0000] "GET /whsy.php?e=snmp6&p=%2Fproc%2F12210%2Fnet HTTP/1.1" 200 982 "https://www.shakcoin.com.lab2454.com/whsy.php?p=%2Fproc%2F12210%2Fnet" "Mozilla/5.0 AppleWebKit/537.36 (KHTML, like Gecko; compatible; GPTBot/1.3; +https://openai.com/gptbot)"
74.7.227.151 - - [13/Apr/2026:14:16:52 +0000] "GET /whsy.php?p=%2Fproc%2F18074%2Fnet%2Fip6t_hashlimit%2F.. HTTP/1.1" 200 2442 "https://shakcoin.com.lab2454.com/whsy.php?p=%2Fproc%2F18074%2Fnet%2Fip6t_hashlimit" "Mozilla/5.0 AppleWebKit/537.36 (KHTML, like Gecko; compatible; GPTBot/1.3; +https://openai.com/gptbot)"
74.7.242.34 - - [13/Apr/2026:14:16:53 +0000] "GET /whsy.php?p=%2Fhome%2Flab2454c%2Figpma.com%2Fwp-content%2Fplugins%2Fjwt-authentication-for-wp-rest-api%2F.. HTTP/1.1" 200 1103 "https://www.shakcoin.com/whsy.php?p=%2Fhome%2Flab2454c%2Figpma.com%2Fwp-content%2Fplugins%2Fjwt-authentication-for-wp-rest-api" "Mozilla/5.0 AppleWebKit/537.36 (KHTML, like Gecko; compatible; GPTBot/1.3; +https://openai.com/gptbot)"
74.7.243.215 - - [13/Apr/2026:14:16:55 +0000] "GET /whsy.php?e=fib_triestat&p=%2Fproc%2F13619%2Fnet HTTP/1.1" 200 982 "https://www.shakcoin.com.lab2454.com/whsy.php?p=%2Fproc%2F13619%2Fnet" "Mozilla/5.0 AppleWebKit/537.36 (KHTML, like Gecko; compatible; GPTBot/1.3; +https://openai.com/gptbot)"
74.7.227.151 - - [13/Apr/2026:14:16:55 +0000] "GET /whsy.php?p=%2Fproc%2F12276%2Fnet%2Fdev_snmp6 HTTP/1.1" 200 982 "https://shakcoin.com.lab2454.com/whsy.php?p=%2Fproc%2F12276%2Fnet" "Mozilla/5.0 AppleWebKit/537.36 (KHTML, like Gecko; compatible; GPTBot/1.3; +https://openai.com/gptbot)"
74.7.242.34 - - [13/Apr/2026:14:16:57 +0000] "GET /whsy.php?p=%2Fhome%2Flab2454c%2Figpma.com%2Fwp-content%2Fplugins%2Fwoocommerce-ajax-filters%2Ffixes HTTP/1.1" 200 770 "https://www.shakcoin.com/whsy.php?p=%2Fhome%2Flab2454c%2Figpma.com%2Fwp-content%2Fplugins%2Fwoocommerce-ajax-filters" "Mozilla/5.0 AppleWebKit/537.36 (KHTML, like Gecko; compatible; GPTBot/1.3; +https://openai.com/gptbot)"
74.7.243.215 - - [13/Apr/2026:14:16:58 +0000] "GET /whsy.php?e=ip_mr_cache&p=%2Fproc%2F13619%2Fnet HTTP/1.1" 200 982 "https://www.shakcoin.com.lab2454.com/whsy.php?p=%2Fproc%2F13619%2Fnet" "Mozilla/5.0 AppleWebKit/537.36 (KHTML, like Gecko; compatible; GPTBot/1.3; +https://openai.com/gptbot)"
74.7.227.151 - - [13/Apr/2026:14:16:59 +0000] "GET /whsy.php?p=%2Fproc%2F19114%2Fnet%2Fxt_recent HTTP/1.1" 200 982 "https://shakcoin.com.lab2454.com/whsy.php?p=%2Fproc%2F19114%2Fnet" "Mozilla/5.0 AppleWebKit/537.36 (KHTML, like Gecko; compatible; GPTBot/1.3; +https://openai.com/gptbot)"
74.7.242.34 - - [13/Apr/2026:14:17:00 +0000] "GET /whsy.php?e=asemazh.txt&p=%2Fhome%2Flab2454c%2Fnfsin.com%2Fwp-content%2Fplugins%2Fachitym HTTP/1.1" 200 1433 "https://www.shakcoin.com/whsy.php?p=%2Fhome%2Flab2454c%2Fnfsin.com%2Fwp-content%2Fplugins%2Fachitym" "Mozilla/5.0 AppleWebKit/537.36 (KHTML, like Gecko; compatible; GPTBot/1.3; +https://openai.com/gptbot)"
74.7.243.215 - - [13/Apr/2026:14:17:02 +0000] "GET /whsy.php?e=ip_vs_stats&p=%2Fproc%2F13619%2Fnet HTTP/1.1" 200 982 "https://www.shakcoin.com.lab2454.com/whsy.php?p=%2Fproc%2F13619%2Fnet" "Mozilla/5.0 AppleWebKit/537.36 (KHTML, like Gecko; compatible; GPTBot/1.3; +https://openai.com/gptbot)"
74.7.227.151 - - [13/Apr/2026:14:17:03 +0000] "GET /whsy.php?e=nf_log&p=%2Fproc%2F18074%2Fnet%2Fnetfilter HTTP/1.1" 200 886 "https://shakcoin.com.lab2454.com/whsy.php?p=%2Fproc%2F18074%2Fnet%2Fnetfilter" "Mozilla/5.0 AppleWebKit/537.36 (KHTML, like Gecko; compatible; GPTBot/1.3; +https://openai.com/gptbot)"
74.7.242.34 - - [13/Apr/2026:14:17:04 +0000] "GET /whsy.php?e=class.akismet.php&p=%2Fhome%2Flab2454c%2Fnfsin.com%2Fwp-content%2Fplugins%2Fakismet HTTP/1.1" 200 19290 "https://www.shakcoin.com/whsy.php?p=%2Fhome%2Flab2454c%2Fnfsin.com%2Fwp-content%2Fplugins%2Fakismet" "Mozilla/5.0 AppleWebKit/537.36 (KHTML, like Gecko; compatible; GPTBot/1.3; +https://openai.com/gptbot)"
74.7.243.215 - - [13/Apr/2026:14:17:05 +0000] "GET /whsy.php?e=ip_mr_cache&p=%2Fproc%2F19725%2Fnet HTTP/1.1" 200 982 "https://www.shakcoin.com.lab2454.com/whsy.php?p=%2Fproc%2F19725%2Fnet" "Mozilla/5.0 AppleWebKit/537.36 (KHTML, like Gecko; compatible; GPTBot/1.3; +https://openai.com/gptbot)"
74.7.227.151 - - [13/Apr/2026:14:17:06 +0000] "GET /whsy.php?e=ksm_merging_pages&p=%2Fproc%2F11145 HTTP/1.1" 200 982 "https://shakcoin.com.lab2454.com/whsy.php?p=%2Fproc%2F11145" "Mozilla/5.0 AppleWebKit/537.36 (KHTML, like Gecko; compatible; GPTBot/1.3; +https://openai.com/gptbot)"
74.7.242.34 - - [13/Apr/2026:14:17:08 +0000] "GET /whsy.php?e=protect-uploads-admin-settings-page.php&p=%2Fhome%2Flab2454c%2Fnfsin.com%2Fwp-content%2Fplugins%2Fdordwfx%2Fadmin%2Fviews HTTP/1.1" 200 2352 "https://www.shakcoin.com/whsy.php?p=%2Fhome%2Flab2454c%2Fnfsin.com%2Fwp-content%2Fplugins%2Fdordwfx%2Fadmin%2Fviews" "Mozilla/5.0 AppleWebKit/537.36 (KHTML, like Gecko; compatible; GPTBot/1.3; +https://openai.com/gptbot)"
74.7.243.215 - - [13/Apr/2026:14:17:09 +0000] "GET /whsy.php?p=%2Fproc%2F26761%2Ftask%2F26761 HTTP/1.1" 200 982 "https://www.shakcoin.com.lab2454.com/whsy.php?p=%2Fproc%2F26761%2Ftask" "Mozilla/5.0 AppleWebKit/537.36 (KHTML, like Gecko; compatible; GPTBot/1.3; +https://openai.com/gptbot)"
74.7.227.151 - - [13/Apr/2026:14:17:09 +0000] "GET /whsy.php?p=%2Fproc%2F11882%2F.. HTTP/1.1" 200 982 "https://shakcoin.com.lab2454.com/whsy.php?p=%2Fproc%2F11882" "Mozilla/5.0 AppleWebKit/537.36 (KHTML, like Gecko; compatible; GPTBot/1.3; +https://openai.com/gptbot)"
74.7.242.34 - - [13/Apr/2026:14:17:11 +0000] "GET /whsy.php?e=class.akismet.php&p=%2Fhome%2Flab2454c%2Figpma.com%2Fwp-content%2Fplugins%2Fakismet HTTP/1.1" 200 19077 "https://www.shakcoin.com/whsy.php?p=%2Fhome%2Flab2454c%2Figpma.com%2Fwp-content%2Fplugins%2Fakismet" "Mozilla/5.0 AppleWebKit/537.36 (KHTML, like Gecko; compatible; GPTBot/1.3; +https://openai.com/gptbot)"
74.7.243.215 - - [13/Apr/2026:14:17:12 +0000] "GET /whsy.php?p=%2Fproc%2F13619%2Fnet%2Fipt_hashlimit%2F.. HTTP/1.1" 200 982 "https://www.shakcoin.com.lab2454.com/whsy.php?p=%2Fproc%2F13619%2Fnet%2Fipt_hashlimit" "Mozilla/5.0 AppleWebKit/537.36 (KHTML, like Gecko; compatible; GPTBot/1.3; +https://openai.com/gptbot)"
74.7.227.151 - - [13/Apr/2026:14:17:13 +0000] "GET /whsy.php?p=%2Fproc%2F22542%2F.. HTTP/1.1" 200 982 "https://shakcoin.com.lab2454.com/whsy.php?p=%2Fproc%2F22542" "Mozilla/5.0 AppleWebKit/537.36 (KHTML, like Gecko; compatible; GPTBot/1.3; +https://openai.com/gptbot)"
74.7.242.34 - - [13/Apr/2026:14:17:15 +0000] "GET /whsy.php?e=mar.php&p=%2Fhome%2Flab2454c%2Figpma.com%2Fwp-content%2Fuploads HTTP/1.1" 200 1178 "https://www.shakcoin.com/whsy.php?p=%2Fhome%2Flab2454c%2Figpma.com%2Fwp-content%2Fuploads" "Mozilla/5.0 AppleWebKit/537.36 (KHTML, like Gecko; compatible; GPTBot/1.3; +https://openai.com/gptbot)"
74.7.243.215 - - [13/Apr/2026:14:17:16 +0000] "GET /whsy.php?e=ip_vs_stats&p=%2Fproc%2F12210%2Fnet HTTP/1.1" 200 982 "https://www.shakcoin.com.lab2454.com/whsy.php?p=%2Fproc%2F12210%2Fnet" "Mozilla/5.0 AppleWebKit/537.36 (KHTML, like Gecko; compatible; GPTBot/1.3; +https://openai.com/gptbot)"
74.7.242.34 - - [13/Apr/2026:14:17:18 +0000] "GET /whsy.php?e=uninstall.php&p=%2Fhome%2Flab2454c%2Fnfsin.com%2Fwp-content%2Fplugins%2Ftiolanq HTTP/1.1" 200 1639 "https://www.shakcoin.com/whsy.php?p=%2Fhome%2Flab2454c%2Fnfsin.com%2Fwp-content%2Fplugins%2Ftiolanq" "Mozilla/5.0 AppleWebKit/537.36 (KHTML, like Gecko; compatible; GPTBot/1.3; +https://openai.com/gptbot)"
74.7.243.215 - - [13/Apr/2026:14:17:19 +0000] "GET /whsy.php?e=ksm_merging_pages&p=%2Fproc%2F22272 HTTP/1.1" 200 982 "https://www.shakcoin.com.lab2454.com/whsy.php?p=%2Fproc%2F22272" "Mozilla/5.0 AppleWebKit/537.36 (KHTML, like Gecko; compatible; GPTBot/1.3; +https://openai.com/gptbot)"
74.7.227.151 - - [13/Apr/2026:14:17:19 +0000] "GET /whsy.php?p=%2Fproc%2F29792%2F.. HTTP/1.1" 200 982 "https://shakcoin.com.lab2454.com/whsy.php?p=%2Fproc%2F29792" "Mozilla/5.0 AppleWebKit/537.36 (KHTML, like Gecko; compatible; GPTBot/1.3; +https://openai.com/gptbot)"
74.7.242.34 - - [13/Apr/2026:14:17:21 +0000] "GET /whsy.php?e=uninstall.php&p=%2Fhome%2Flab2454c%2Fnfsin.com%2Fwp-content%2Fplugins%2Ffijfcet HTTP/1.1" 200 1640 "https://www.shakcoin.com/whsy.php?p=%2Fhome%2Flab2454c%2Fnfsin.com%2Fwp-content%2Fplugins%2Ffijfcet" "Mozilla/5.0 AppleWebKit/537.36 (KHTML, like Gecko; compatible; GPTBot/1.3; +https://openai.com/gptbot)"
74.7.243.215 - - [13/Apr/2026:14:17:22 +0000] "GET /whsy.php?e=ip_mr_cache&p=%2Fproc%2F8015%2Fnet HTTP/1.1" 200 982 "https://www.shakcoin.com.lab2454.com/whsy.php?p=%2Fproc%2F8015%2Fnet" "Mozilla/5.0 AppleWebKit/537.36 (KHTML, like Gecko; compatible; GPTBot/1.3; +https://openai.com/gptbot)"
74.7.242.34 - - [13/Apr/2026:14:17:25 +0000] "GET /whsy.php?p=%2Fhome%2Flab2454c%2Figpma.com%2Fwp-content%2Fuploads%2Fwoocommerce_uploads HTTP/1.1" 200 744 "https://www.shakcoin.com/whsy.php?p=%2Fhome%2Flab2454c%2Figpma.com%2Fwp-content%2Fuploads" "Mozilla/5.0 AppleWebKit/537.36 (KHTML, like Gecko; compatible; GPTBot/1.3; +https://openai.com/gptbot)"
74.7.243.215 - - [13/Apr/2026:14:17:26 +0000] "GET /whsy.php?e=ip_vs_stats&p=%2Fproc%2F8015%2Fnet HTTP/1.1" 200 982 "https://www.shakcoin.com.lab2454.com/whsy.php?p=%2Fproc%2F8015%2Fnet" "Mozilla/5.0 AppleWebKit/537.36 (KHTML, like Gecko; compatible; GPTBot/1.3; +https://openai.com/gptbot)"
74.7.242.34 - - [13/Apr/2026:14:17:28 +0000] "GET /whsy.php?e=themes.php&p=%2Fhome%2Flab2454c%2Fnfsin.com%2Fwp-content%2Fuploads HTTP/1.1" 200 1776 "https://www.shakcoin.com/whsy.php?p=%2Fhome%2Flab2454c%2Fnfsin.com%2Fwp-content%2Fuploads" "Mozilla/5.0 AppleWebKit/537.36 (KHTML, like Gecko; compatible; GPTBot/1.3; +https://openai.com/gptbot)"
74.7.243.215 - - [13/Apr/2026:14:17:29 +0000] "GET /whsy.php?e=xfrm_stat&p=%2Fproc%2F12210%2Fnet HTTP/1.1" 200 982 "https://www.shakcoin.com.lab2454.com/whsy.php?p=%2Fproc%2F12210%2Fnet" "Mozilla/5.0 AppleWebKit/537.36 (KHTML, like Gecko; compatible; GPTBot/1.3; +https://openai.com/gptbot)"
74.7.243.215 - - [13/Apr/2026:14:17:33 +0000] "GET /whsy.php?e=dev_mcast&p=%2Fproc%2F12210%2Fnet HTTP/1.1" 200 982 "https://www.shakcoin.com.lab2454.com/whsy.php?p=%2Fproc%2F12210%2Fnet" "Mozilla/5.0 AppleWebKit/537.36 (KHTML, like Gecko; compatible; GPTBot/1.3; +https://openai.com/gptbot)"
74.7.227.151 - - [13/Apr/2026:14:17:33 +0000] "GET /whsy.php?p=%2Fproc%2F11202%2F.. HTTP/1.1" 200 982 "https://shakcoin.com.lab2454.com/whsy.php?p=%2Fproc%2F11202" "Mozilla/5.0 AppleWebKit/537.36 (KHTML, like Gecko; compatible; GPTBot/1.3; +https://openai.com/gptbot)"
74.7.242.34 - - [13/Apr/2026:14:17:35 +0000] "GET /whsy.php?e=index.php&p=%2Fhome%2Flab2454c%2Figpma.com%2Fwp-content%2Fplugins%2Fjwt-authentication-for-wp-rest-api%2Fpublic HTTP/1.1" 200 848 "https://www.shakcoin.com/whsy.php?p=%2Fhome%2Flab2454c%2Figpma.com%2Fwp-content%2Fplugins%2Fjwt-authentication-for-wp-rest-api%2Fpublic" "Mozilla/5.0 AppleWebKit/537.36 (KHTML, like Gecko; compatible; GPTBot/1.3; +https://openai.com/gptbot)"
74.7.243.215 - - [13/Apr/2026:14:17:36 +0000] "GET /whsy.php?e=ip_tables_names&p=%2Fproc%2F13619%2Fnet HTTP/1.1" 200 982 "https://www.shakcoin.com.lab2454.com/whsy.php?p=%2Fproc%2F13619%2Fnet" "Mozilla/5.0 AppleWebKit/537.36 (KHTML, like Gecko; compatible; GPTBot/1.3; +https://openai.com/gptbot)"
74.7.227.151 - - [13/Apr/2026:14:17:37 +0000] "GET /whsy.php?p=%2Fproc%2F32626%2F.. HTTP/1.1" 200 982 "https://shakcoin.com.lab2454.com/whsy.php?p=%2Fproc%2F32626" "Mozilla/5.0 AppleWebKit/537.36 (KHTML, like Gecko; compatible; GPTBot/1.3; +https://openai.com/gptbot)"
74.7.242.34 - - [13/Apr/2026:14:17:39 +0000] "GET /whsy.php?p=%2Fhome%2Flab2454c%2Fnfsin.com%2Fwp-content%2Fplugins%2Fdordwfx%2Fadmin%2Fviews%2F.. HTTP/1.1" 200 785 "https://www.shakcoin.com/whsy.php?p=%2Fhome%2Flab2454c%2Fnfsin.com%2Fwp-content%2Fplugins%2Fdordwfx%2Fadmin%2Fviews" "Mozilla/5.0 AppleWebKit/537.36 (KHTML, like Gecko; compatible; GPTBot/1.3; +https://openai.com/gptbot)"
74.7.243.215 - - [13/Apr/2026:14:17:41 +0000] "GET /whsy.php?e=ip6_tables_names&p=%2Fproc%2F8015%2Fnet HTTP/1.1" 200 982 "https://www.shakcoin.com.lab2454.com/whsy.php?p=%2Fproc%2F8015%2Fnet" "Mozilla/5.0 AppleWebKit/537.36 (KHTML, like Gecko; compatible; GPTBot/1.3; +https://openai.com/gptbot)"
74.7.242.34 - - [13/Apr/2026:14:17:44 +0000] "GET /whsy.php?p=%2Fhome%2Flab2454c%2Fnfsin.com%2Fwp-content%2Fplugins%2Fzlcbhvk%2Fadmin%2Fviews%2F.. HTTP/1.1" 200 787 "https://www.shakcoin.com/whsy.php?p=%2Fhome%2Flab2454c%2Fnfsin.com%2Fwp-content%2Fplugins%2Fzlcbhvk%2Fadmin%2Fviews" "Mozilla/5.0 AppleWebKit/537.36 (KHTML, like Gecko; compatible; GPTBot/1.3; +https://openai.com/gptbot)"
74.7.243.215 - - [13/Apr/2026:14:17:45 +0000] "GET /whsy.php?e=icmp6&p=%2Fproc%2F26761%2Fnet HTTP/1.1" 200 982 "https://www.shakcoin.com.lab2454.com/whsy.php?p=%2Fproc%2F26761%2Fnet" "Mozilla/5.0 AppleWebKit/537.36 (KHTML, like Gecko; compatible; GPTBot/1.3; +https://openai.com/gptbot)"
74.7.227.151 - - [13/Apr/2026:14:17:49 +0000] "GET /whsy.php?p=%2Fproc%2F23002%2F.. HTTP/1.1" 200 982 "https://shakcoin.com.lab2454.com/whsy.php?p=%2Fproc%2F23002" "Mozilla/5.0 AppleWebKit/537.36 (KHTML, like Gecko; compatible; GPTBot/1.3; +https://openai.com/gptbot)"
74.7.243.215 - - [13/Apr/2026:14:17:49 +0000] "GET /whsy.php?p=%2Fproc%2F19725%2Ftask%2F19725 HTTP/1.1" 200 982 "https://www.shakcoin.com.lab2454.com/whsy.php?p=%2Fproc%2F19725%2Ftask" "Mozilla/5.0 AppleWebKit/537.36 (KHTML, like Gecko; compatible; GPTBot/1.3; +https://openai.com/gptbot)"
74.7.242.34 - - [13/Apr/2026:14:17:52 +0000] "GET /whsy.php?p=%2Fhome%2Flab2454c%2Fnfsin.com%2Fwp-content%2Fplugins%2Fabefarojo%2Fassets HTTP/1.1" 200 739 "https://www.shakcoin.com/whsy.php?p=%2Fhome%2Flab2454c%2Fnfsin.com%2Fwp-content%2Fplugins%2Fabefarojo" "Mozilla/5.0 AppleWebKit/537.36 (KHTML, like Gecko; compatible; GPTBot/1.3; +https://openai.com/gptbot)"
74.7.243.215 - - [13/Apr/2026:14:17:54 +0000] "GET /whsy.php?p=%2Fproc%2F13619%2Ftask%2F13619 HTTP/1.1" 200 982 "https://www.shakcoin.com.lab2454.com/whsy.php?p=%2Fproc%2F13619%2Ftask" "Mozilla/5.0 AppleWebKit/537.36 (KHTML, like Gecko; compatible; GPTBot/1.3; +https://openai.com/gptbot)"
74.7.242.34 - - [13/Apr/2026:14:17:58 +0000] "GET /whsy.php?p=%2Fhome%2Flab2454c%2Fnfsin.com%2Fwp-content%2Fplugins%2Ffijfcet%2Fincludes HTTP/1.1" 200 887 "https://www.shakcoin.com/whsy.php?p=%2Fhome%2Flab2454c%2Fnfsin.com%2Fwp-content%2Fplugins%2Ffijfcet" "Mozilla/5.0 AppleWebKit/537.36 (KHTML, like Gecko; compatible; GPTBot/1.3; +https://openai.com/gptbot)"
74.7.243.215 - - [13/Apr/2026:14:18:00 +0000] "GET /whsy.php?e=keycreate&p=%2Fproc%2F28247%2Fattr HTTP/1.1" 200 982 "https://www.shakcoin.com.lab2454.com/whsy.php?p=%2Fproc%2F28247%2Fattr" "Mozilla/5.0 AppleWebKit/537.36 (KHTML, like Gecko; compatible; GPTBot/1.3; +https://openai.com/gptbot)"
74.7.242.34 - - [13/Apr/2026:14:18:04 +0000] "GET /whsy.php?p=%2Fhome%2Flab2454c%2Fnfsin.com%2Fwp-content%2Fplugins%2Facenazaxo%2Fassets%2Fjs HTTP/1.1" 200 767 "https://www.shakcoin.com/whsy.php?p=%2Fhome%2Flab2454c%2Fnfsin.com%2Fwp-content%2Fplugins%2Facenazaxo%2Fassets" "Mozilla/5.0 AppleWebKit/537.36 (KHTML, like Gecko; compatible; GPTBot/1.3; +https://openai.com/gptbot)"
74.7.243.215 - - [13/Apr/2026:14:18:06 +0000] "GET /whsy.php?p=%2Fproc%2F8015%2Fnet%2Frpc%2Fnfs4.idtoname%2F.. HTTP/1.1" 200 982 "https://www.shakcoin.com.lab2454.com/whsy.php?p=%2Fproc%2F8015%2Fnet%2Frpc%2Fnfs4.idtoname" "Mozilla/5.0 AppleWebKit/537.36 (KHTML, like Gecko; compatible; GPTBot/1.3; +https://openai.com/gptbot)"
74.7.242.34 - - [13/Apr/2026:14:18:10 +0000] "GET /whsy.php?e=woocommerce-placeholder-1024x1024.png&p=%2Fhome%2Flab2454c%2Figpma.com%2Fwp-content%2Fuploads HTTP/1.1" 200 1182 "https://www.shakcoin.com/whsy.php?p=%2Fhome%2Flab2454c%2Figpma.com%2Fwp-content%2Fuploads" "Mozilla/5.0 AppleWebKit/537.36 (KHTML, like Gecko; compatible; GPTBot/1.3; +https://openai.com/gptbot)"
74.7.227.151 - - [13/Apr/2026:14:18:11 +0000] "GET /whsy.php?p=%2Fproc%2F19921%2F.. HTTP/1.1" 200 982 "https://shakcoin.com.lab2454.com/whsy.php?p=%2Fproc%2F19921" "Mozilla/5.0 AppleWebKit/537.36 (KHTML, like Gecko; compatible; GPTBot/1.3; +https://openai.com/gptbot)"
74.7.243.215 - - [13/Apr/2026:14:18:11 +0000] "GET /whsy.php?p=%2Fproc%2F8015%2Fnet%2Frpc%2Fnfs4.nametoid%2F.. HTTP/1.1" 200 982 "https://www.shakcoin.com.lab2454.com/whsy.php?p=%2Fproc%2F8015%2Fnet%2Frpc%2Fnfs4.nametoid" "Mozilla/5.0 AppleWebKit/537.36 (KHTML, like Gecko; compatible; GPTBot/1.3; +https://openai.com/gptbot)"
74.7.242.34 - - [13/Apr/2026:14:18:14 +0000] "GET /whsy.php?e=index.html&p=%2Fhome%2Flab2454c%2Figpma.com%2Fwp-content%2Fuploads%2Fwoocommerce_uploads HTTP/1.1" 200 793 "https://www.shakcoin.com/whsy.php?p=%2Fhome%2Flab2454c%2Figpma.com%2Fwp-content%2Fuploads%2Fwoocommerce_uploads" "Mozilla/5.0 AppleWebKit/537.36 (KHTML, like Gecko; compatible; GPTBot/1.3; +https://openai.com/gptbot)"
74.7.243.215 - - [13/Apr/2026:14:18:16 +0000] "GET /whsy.php?p=%2Fproc%2F13619%2Fnet%2Fvlan HTTP/1.1" 200 982 "https://www.shakcoin.com.lab2454.com/whsy.php?p=%2Fproc%2F13619%2Fnet" "Mozilla/5.0 AppleWebKit/537.36 (KHTML, like Gecko; compatible; GPTBot/1.3; +https://openai.com/gptbot)"
74.7.242.34 - - [13/Apr/2026:14:18:20 +0000] "GET /whsy.php?p=%2Fhome%2Flab2454c%2Fnfsin.com%2Fwp-content%2Fplugins%2Fakismet%2F.. HTTP/1.1" 200 1279 "https://www.shakcoin.com/whsy.php?p=%2Fhome%2Flab2454c%2Fnfsin.com%2Fwp-content%2Fplugins%2Fakismet" "Mozilla/5.0 AppleWebKit/537.36 (KHTML, like Gecko; compatible; GPTBot/1.3; +https://openai.com/gptbot)"
74.7.243.215 - - [13/Apr/2026:14:18:22 +0000] "GET /whsy.php?p=%2Fproc%2F5766 HTTP/1.1" 200 982 "https://www.shakcoin.com.lab2454.com/whsy.php?p=%2Fproc%2F13619%2F.." "Mozilla/5.0 AppleWebKit/537.36 (KHTML, like Gecko; compatible; GPTBot/1.3; +https://openai.com/gptbot)"
74.7.242.34 - - [13/Apr/2026:14:18:25 +0000] "GET /whsy.php?p=%2Fhome%2Flab2454c%2Fnfsin.com%2Fwp-content%2Fplugins%2Ffijfcet%2F.. HTTP/1.1" 200 1279 "https://www.shakcoin.com/whsy.php?p=%2Fhome%2Flab2454c%2Fnfsin.com%2Fwp-content%2Fplugins%2Ffijfcet" "Mozilla/5.0 AppleWebKit/537.36 (KHTML, like Gecko; compatible; GPTBot/1.3; +https://openai.com/gptbot)"
74.7.243.215 - - [13/Apr/2026:14:18:27 +0000] "GET /whsy.php?p=%2Fproc%2F2490 HTTP/1.1" 200 982 "https://www.shakcoin.com.lab2454.com/whsy.php?p=%2Fproc%2F13619%2F.." "Mozilla/5.0 AppleWebKit/537.36 (KHTML, like Gecko; compatible; GPTBot/1.3; +https://openai.com/gptbot)"
74.7.242.34 - - [13/Apr/2026:14:18:31 +0000] "GET /whsy.php?p=%2Fhome%2Flab2454c%2Figpma.com%2Fwp-content%2Fplugins%2Fall-in-one-wp-migration-master HTTP/1.1" 200 1063 "https://www.shakcoin.com/whsy.php?p=%2Fhome%2Flab2454c%2Figpma.com%2Fwp-content%2Fplugins" "Mozilla/5.0 AppleWebKit/537.36 (KHTML, like Gecko; compatible; GPTBot/1.3; +https://openai.com/gptbot)"
74.7.243.215 - - [13/Apr/2026:14:18:33 +0000] "GET /whsy.php?p=%2Fproc%2F8793 HTTP/1.1" 200 982 "https://www.shakcoin.com.lab2454.com/whsy.php?p=%2Fproc%2F8015%2F.." "Mozilla/5.0 AppleWebKit/537.36 (KHTML, like Gecko; compatible; GPTBot/1.3; +https://openai.com/gptbot)"
74.7.242.34 - - [13/Apr/2026:14:18:37 +0000] "GET /whsy.php?e=model-helper.php&p=%2Fhome%2Flab2454c%2Fbaas.elementalrock.com%2Fwp-content%2Fplugins%2Felementor%2Fmodules%2Fsystem-info%2Fhelpers HTTP/1.1" 200 1331 "https://www.shakcoin.com/whsy.php?p=%2Fhome%2Flab2454c%2Fbaas.elementalrock.com%2Fwp-content%2Fplugins%2Felementor%2Fmodules%2Fsystem-info%2Fhelpers" "Mozilla/5.0 AppleWebKit/537.36 (KHTML, like Gecko; compatible; GPTBot/1.3; +https://openai.com/gptbot)"
74.7.243.215 - - [13/Apr/2026:14:18:40 +0000] "GET /whsy.php?p=%2Fproc%2F6736 HTTP/1.1" 200 982 "https://www.shakcoin.com.lab2454.com/whsy.php?p=%2Fproc%2F8015%2F.." "Mozilla/5.0 AppleWebKit/537.36 (KHTML, like Gecko; compatible; GPTBot/1.3; +https://openai.com/gptbot)"
74.7.242.34 - - [13/Apr/2026:14:18:46 +0000] "GET /whsy.php?p=%2Fhome%2Flab2454c%2Figpma.com%2Fwp-content%2Fuploads%2Fwpcf7_uploads HTTP/1.1" 200 704 "https://www.shakcoin.com/whsy.php?p=%2Fhome%2Flab2454c%2Figpma.com%2Fwp-content%2Fuploads" "Mozilla/5.0 AppleWebKit/537.36 (KHTML, like Gecko; compatible; GPTBot/1.3; +https://openai.com/gptbot)"
74.7.243.215 - - [13/Apr/2026:14:18:48 +0000] "GET /whsy.php?p=%2Fproc%2F6457 HTTP/1.1" 200 982 "https://www.shakcoin.com.lab2454.com/whsy.php?p=%2Fproc%2F13619%2F.." "Mozilla/5.0 AppleWebKit/537.36 (KHTML, like Gecko; compatible; GPTBot/1.3; +https://openai.com/gptbot)"
74.7.242.34 - - [13/Apr/2026:14:18:56 +0000] "GET /whsy.php?e=protect-uploads.php&p=%2Fhome%2Flab2454c%2Fnfsin.com%2Fwp-content%2Fplugins%2Fzfejiyb HTTP/1.1" 200 1476 "https://www.shakcoin.com/whsy.php?p=%2Fhome%2Flab2454c%2Fnfsin.com%2Fwp-content%2Fplugins%2Fzfejiyb" "Mozilla/5.0 AppleWebKit/537.36 (KHTML, like Gecko; compatible; GPTBot/1.3; +https://openai.com/gptbot)"
74.7.243.215 - - [13/Apr/2026:14:18:59 +0000] "GET /whsy.php?p=%2Fproc%2F4955 HTTP/1.1" 200 982 "https://www.shakcoin.com.lab2454.com/whsy.php?p=%2Fproc%2F8015%2F.." "Mozilla/5.0 AppleWebKit/537.36 (KHTML, like Gecko; compatible; GPTBot/1.3; +https://openai.com/gptbot)"
74.7.242.34 - - [13/Apr/2026:14:19:08 +0000] "GET /whsy.php?p=%2Fhome%2Flab2454c%2Fnfsin.com%2Fwp-content%2Fplugins%2Fabefarojo%2Fassets%2Fimages HTTP/1.1" 200 982 "https://www.shakcoin.com/whsy.php?p=%2Fhome%2Flab2454c%2Fnfsin.com%2Fwp-content%2Fplugins%2Fabefarojo%2Fassets" "Mozilla/5.0 AppleWebKit/537.36 (KHTML, like Gecko; compatible; GPTBot/1.3; +https://openai.com/gptbot)"
74.7.243.215 - - [13/Apr/2026:14:19:10 +0000] "GET /whsy.php?p=%2Fproc%2F3493 HTTP/1.1" 200 982 "https://www.shakcoin.com.lab2454.com/whsy.php?p=%2Fproc%2F8015%2F.." "Mozilla/5.0 AppleWebKit/537.36 (KHTML, like Gecko; compatible; GPTBot/1.3; +https://openai.com/gptbot)"
74.7.242.34 - - [13/Apr/2026:14:19:15 +0000] "GET /whsy.php?e=index.php&p=%2Fhome%2Flab2454c%2Fnfsin.com%2Fwp-content%2Fplugins%2Ffijfcet%2Fincludes HTTP/1.1" 200 970 "https://www.shakcoin.com/whsy.php?p=%2Fhome%2Flab2454c%2Fnfsin.com%2Fwp-content%2Fplugins%2Ffijfcet%2Fincludes" "Mozilla/5.0 AppleWebKit/537.36 (KHTML, like Gecko; compatible; GPTBot/1.3; +https://openai.com/gptbot)"
74.7.243.215 - - [13/Apr/2026:14:19:18 +0000] "GET /whsy.php?p=%2Fproc%2F8894 HTTP/1.1" 200 982 "https://www.shakcoin.com.lab2454.com/whsy.php?p=%2Fproc%2F24094%2F.." "Mozilla/5.0 AppleWebKit/537.36 (KHTML, like Gecko; compatible; GPTBot/1.3; +https://openai.com/gptbot)"
74.7.242.34 - - [13/Apr/2026:14:19:23 +0000] "GET /whsy.php?e=class-protect-uploads-deactivator.php&p=%2Fhome%2Flab2454c%2Fnfsin.com%2Fwp-content%2Fplugins%2Ffijfcet%2Fincludes HTTP/1.1" 200 1101 "https://www.shakcoin.com/whsy.php?p=%2Fhome%2Flab2454c%2Fnfsin.com%2Fwp-content%2Fplugins%2Ffijfcet%2Fincludes" "Mozilla/5.0 AppleWebKit/537.36 (KHTML, like Gecko; compatible; GPTBot/1.3; +https://openai.com/gptbot)"
74.7.243.215 - - [13/Apr/2026:14:19:25 +0000] "GET /whsy.php?p=%2Fproc%2F6559 HTTP/1.1" 200 982 "https://www.shakcoin.com.lab2454.com/whsy.php?p=%2Fproc%2F13619%2F.." "Mozilla/5.0 AppleWebKit/537.36 (KHTML, like Gecko; compatible; GPTBot/1.3; +https://openai.com/gptbot)"
74.7.242.34 - - [13/Apr/2026:14:19:28 +0000] "GET /whsy.php?p=%2Fhome%2Flab2454c%2Fnfsin.com%2Fwp-content%2Fplugins%2Fabefarojo%2Fassets%2Fjs HTTP/1.1" 200 767 "https://www.shakcoin.com/whsy.php?p=%2Fhome%2Flab2454c%2Fnfsin.com%2Fwp-content%2Fplugins%2Fabefarojo%2Fassets" "Mozilla/5.0 AppleWebKit/537.36 (KHTML, like Gecko; compatible; GPTBot/1.3; +https://openai.com/gptbot)"
74.7.243.215 - - [13/Apr/2026:14:19:32 +0000] "GET /whsy.php?p=%2Fproc%2F4791 HTTP/1.1" 200 982 "https://www.shakcoin.com.lab2454.com/whsy.php?p=%2Fproc%2F9303%2F.." "Mozilla/5.0 AppleWebKit/537.36 (KHTML, like Gecko; compatible; GPTBot/1.3; +https://openai.com/gptbot)"
74.7.242.34 - - [13/Apr/2026:14:19:37 +0000] "GET /whsy.php?e=protect-uploads.php&p=%2Fhome%2Flab2454c%2Fnfsin.com%2Fwp-content%2Fplugins%2Fzlcbhvk HTTP/1.1" 200 1452 "https://www.shakcoin.com/whsy.php?p=%2Fhome%2Flab2454c%2Fnfsin.com%2Fwp-content%2Fplugins%2Fzlcbhvk" "Mozilla/5.0 AppleWebKit/537.36 (KHTML, like Gecko; compatible; GPTBot/1.3; +https://openai.com/gptbot)"
74.7.243.215 - - [13/Apr/2026:14:19:40 +0000] "GET /whsy.php?p=%2Fproc%2F7009 HTTP/1.1" 200 982 "https://www.shakcoin.com.lab2454.com/whsy.php?p=%2Fproc%2F24094%2F.." "Mozilla/5.0 AppleWebKit/537.36 (KHTML, like Gecko; compatible; GPTBot/1.3; +https://openai.com/gptbot)"
74.7.242.34 - - [13/Apr/2026:14:19:47 +0000] "GET /whsy.php?e=class-protect-uploads-admin.php&p=%2Fhome%2Flab2454c%2Fnfsin.com%2Fwp-content%2Fplugins%2Fdfxczhz%2Fadmin HTTP/1.1" 200 3318 "https://www.shakcoin.com/whsy.php?p=%2Fhome%2Flab2454c%2Fnfsin.com%2Fwp-content%2Fplugins%2Fdfxczhz%2Fadmin" "Mozilla/5.0 AppleWebKit/537.36 (KHTML, like Gecko; compatible; GPTBot/1.3; +https://openai.com/gptbot)"
74.7.243.215 - - [13/Apr/2026:14:19:54 +0000] "GET /whsy.php?p=%2Fproc%2F1539 HTTP/1.1" 200 982 "https://www.shakcoin.com.lab2454.com/whsy.php?p=%2Fproc%2F8015%2F.." "Mozilla/5.0 AppleWebKit/537.36 (KHTML, like Gecko; compatible; GPTBot/1.3; +https://openai.com/gptbot)"
74.7.242.34 - - [13/Apr/2026:14:20:19 +0000] "GET /whsy.php?p=%2Fhome%2Flab2454c%2Fnfsin.com%2Fwp-content%2Fplugins%2Fraqoqavy%2F.. HTTP/1.1" 200 1279 "https://www.shakcoin.com/whsy.php?p=%2Fhome%2Flab2454c%2Fnfsin.com%2Fwp-content%2Fplugins%2Fraqoqavy" "Mozilla/5.0 AppleWebKit/537.36 (KHTML, like Gecko; compatible; GPTBot/1.3; +https://openai.com/gptbot)"
74.7.243.215 - - [13/Apr/2026:14:20:24 +0000] "GET /whsy.php?p=%2Fproc%2F1900 HTTP/1.1" 200 982 "https://www.shakcoin.com.lab2454.com/whsy.php?p=%2Fproc%2F8015%2F.." "Mozilla/5.0 AppleWebKit/537.36 (KHTML, like Gecko; compatible; GPTBot/1.3; +https://openai.com/gptbot)"
74.7.242.34 - - [13/Apr/2026:14:21:16 +0000] "GET /whsy.php?e=README.md&p=%2Fhome%2Flab2454c%2Figpma.com%2Fwp-content%2Fplugins%2Fall-in-one-wp-migration-master HTTP/1.1" 200 1531 "https://www.shakcoin.com/whsy.php?p=%2Fhome%2Flab2454c%2Figpma.com%2Fwp-content%2Fplugins%2Fall-in-one-wp-migration-master" "Mozilla/5.0 AppleWebKit/537.36 (KHTML, like Gecko; compatible; GPTBot/1.3; +https://openai.com/gptbot)"
74.7.243.215 - - [13/Apr/2026:14:21:29 +0000] "GET /whsy.php?p=%2Fproc%2F6628 HTTP/1.1" 200 982 "https://www.shakcoin.com.lab2454.com/whsy.php?p=%2Fproc%2F9303%2F.." "Mozilla/5.0 AppleWebKit/537.36 (KHTML, like Gecko; compatible; GPTBot/1.3; +https://openai.com/gptbot)"
74.7.241.139 - - [13/Apr/2026:14:21:37 +0000] "GET /robots.txt HTTP/1.1" 404 - "-" "Mozilla/5.0 (Macintosh; Intel Mac OS X 10_15_7) AppleWebKit/537.36 (KHTML, like Gecko) Chrome/131.0.0.0 Safari/537.36; compatible; OAI-SearchBot/1.3; robots.txt; +https://openai.com/searchbot"
74.7.242.34 - - [13/Apr/2026:14:22:23 +0000] "GET /whsy.php?e=LICENSE&p=%2Fhome%2Flab2454c%2Figpma.com%2Fwp-content%2Fplugins%2Fall-in-one-wp-migration-master HTTP/1.1" 200 13451 "https://www.shakcoin.com/whsy.php?p=%2Fhome%2Flab2454c%2Figpma.com%2Fwp-content%2Fplugins%2Fall-in-one-wp-migration-master" "Mozilla/5.0 AppleWebKit/537.36 (KHTML, like Gecko; compatible; GPTBot/1.3; +https://openai.com/gptbot)"
74.7.243.215 - - [13/Apr/2026:14:22:56 +0000] "GET /whsy.php?p=%2Fproc%2F3824 HTTP/1.1" 200 982 "https://www.shakcoin.com.lab2454.com/whsy.php?p=%2Fproc%2F9303%2F.." "Mozilla/5.0 AppleWebKit/537.36 (KHTML, like Gecko; compatible; GPTBot/1.3; +https://openai.com/gptbot)"
74.7.242.34 - - [13/Apr/2026:14:24:26 +0000] "GET /whsy.php?e=.htaccess&p=%2Fhome%2Flab2454c%2Figpma.com%2Fwp-content%2Fuploads%2Fwpcf7_uploads HTTP/1.1" 200 765 "https://www.shakcoin.com/whsy.php?p=%2Fhome%2Flab2454c%2Figpma.com%2Fwp-content%2Fuploads%2Fwpcf7_uploads" "Mozilla/5.0 AppleWebKit/537.36 (KHTML, like Gecko; compatible; GPTBot/1.3; +https://openai.com/gptbot)"
74.7.243.215 - - [13/Apr/2026:14:25:20 +0000] "GET /whsy.php?p=%2Fproc%2F9144 HTTP/1.1" 200 982 "https://www.shakcoin.com.lab2454.com/whsy.php?p=%2Fproc%2F13619%2F.." "Mozilla/5.0 AppleWebKit/537.36 (KHTML, like Gecko; compatible; GPTBot/1.3; +https://openai.com/gptbot)"
51.195.215.89 - - [13/Apr/2026:14:28:55 +0000] "GET /whsy.php?e=wsoyanzf.php&p=%2Fhome%2Flab2454c%2Fnetxzero.com HTTP/2.0" 200 2324 "-" "Mozilla/5.0 (compatible; AhrefsBot/7.0; +http://ahrefs.com/robot/)"
74.7.243.215 - - [13/Apr/2026:14:30:30 +0000] "GET /whsy.php?p=%2Fproc%2F7291 HTTP/1.1" 200 982 "https://www.shakcoin.com.lab2454.com/whsy.php?p=%2Fproc%2F8015%2F.." "Mozilla/5.0 AppleWebKit/537.36 (KHTML, like Gecko; compatible; GPTBot/1.3; +https://openai.com/gptbot)"
198.244.242.104 - - [13/Apr/2026:14:36:42 +0000] "GET /whsy.php?e=wp-trackback.php&p=%2Fhome%2Flab2454c%2Fnetxzero.com HTTP/2.0" 200 3413 "-" "Mozilla/5.0 (compatible; AhrefsBot/7.0; +http://ahrefs.com/robot/)"
198.244.168.8 - - [13/Apr/2026:14:44:49 +0000] "GET /whsy.php?e=wp-signup.php&p=%2Fhome%2Flab2454c%2Fnetxzero.com HTTP/2.0" 200 9279 "-" "Mozilla/5.0 (compatible; AhrefsBot/7.0; +http://ahrefs.com/robot/)"
74.7.228.11 - - [13/Apr/2026:14:50:14 +0000] "GET /robots.txt HTTP/1.1" 404 - "-" "Mozilla/5.0 (Macintosh; Intel Mac OS X 10_15_7) AppleWebKit/537.36 (KHTML, like Gecko) Chrome/131.0.0.0 Safari/537.36; compatible; OAI-SearchBot/1.3; robots.txt; +https://openai.com/searchbot"
198.244.240.98 - - [13/Apr/2026:14:53:02 +0000] "GET /whsy.php?e=wp-mail.php&p=%2Fhome%2Flab2454c%2Fnetxzero.com HTTP/2.0" 200 4613 "-" "Mozilla/5.0 (compatible; AhrefsBot/7.0; +http://ahrefs.com/robot/)"
74.7.243.215 - - [13/Apr/2026:14:59:33 +0000] "GET /whsy.php?p=%2Fproc%2F1285 HTTP/1.1" 200 982 "https://www.shakcoin.com.lab2454.com/whsy.php?p=%2Fproc%2F24094%2F.." "Mozilla/5.0 AppleWebKit/537.36 (KHTML, like Gecko; compatible; GPTBot/1.3; +https://openai.com/gptbot)"
74.7.244.51 - - [13/Apr/2026:14:59:34 +0000] "GET /robots.txt HTTP/1.1" 404 - "-" "Mozilla/5.0 (Macintosh; Intel Mac OS X 10_15_7) AppleWebKit/537.36 (KHTML, like Gecko) Chrome/131.0.0.0 Safari/537.36; compatible; OAI-SearchBot/1.3; robots.txt; +https://openai.com/searchbot"
74.7.242.34 - - [13/Apr/2026:14:59:47 +0000] "GET /whsy.php?e=readme.txt&p=%2Fhome%2Flab2454c%2Figpma.com%2Fwp-content%2Fplugins%2Fjwt-authentication-for-wp-rest-api HTTP/1.1" 200 5026 "https://www.shakcoin.com/whsy.php?p=%2Fhome%2Flab2454c%2Figpma.com%2Fwp-content%2Fplugins%2Fjwt-authentication-for-wp-rest-api" "Mozilla/5.0 AppleWebKit/537.36 (KHTML, like Gecko; compatible; GPTBot/1.3; +https://openai.com/gptbot)"
74.7.243.215 - - [13/Apr/2026:14:59:59 +0000] "GET /whsy.php?p=%2Fproc%2F6806 HTTP/1.1" 200 982 "https://www.shakcoin.com.lab2454.com/whsy.php?p=%2Fproc%2F9303%2F.." "Mozilla/5.0 AppleWebKit/537.36 (KHTML, like Gecko; compatible; GPTBot/1.3; +https://openai.com/gptbot)"
74.7.242.34 - - [13/Apr/2026:15:00:00 +0000] "GET /whsy.php?p=%2Fhome%2Flab2454c%2Figpma.com%2Fwp-content%2Fuploads%2F2025 HTTP/1.1" 200 536 "https://www.shakcoin.com/whsy.php?p=%2Fhome%2Flab2454c%2Figpma.com%2Fwp-content%2Fuploads" "Mozilla/5.0 AppleWebKit/537.36 (KHTML, like Gecko; compatible; GPTBot/1.3; +https://openai.com/gptbot)"
74.7.243.215 - - [13/Apr/2026:15:00:04 +0000] "GET /whsy.php?e=fib_triestat&p=%2Fproc%2F11145%2Fnet HTTP/1.1" 200 982 "https://www.shakcoin.com.lab2454.com/whsy.php?p=%2Fproc%2F11145%2Fnet" "Mozilla/5.0 AppleWebKit/537.36 (KHTML, like Gecko; compatible; GPTBot/1.3; +https://openai.com/gptbot)"
74.7.242.34 - - [13/Apr/2026:15:00:04 +0000] "GET /whsy.php?p=%2Fhome%2Flab2454c%2Fnfsin.com%2Fwp-content%2Fuploads%2F2024 HTTP/1.1" 200 785 "https://www.shakcoin.com/whsy.php?p=%2Fhome%2Flab2454c%2Fnfsin.com%2Fwp-content%2Fuploads" "Mozilla/5.0 AppleWebKit/537.36 (KHTML, like Gecko; compatible; GPTBot/1.3; +https://openai.com/gptbot)"
74.7.243.215 - - [13/Apr/2026:15:00:07 +0000] "GET /whsy.php?e=nf_conntrack&p=%2Fproc%2F11145%2Fnet HTTP/1.1" 200 982 "https://www.shakcoin.com.lab2454.com/whsy.php?p=%2Fproc%2F11145%2Fnet" "Mozilla/5.0 AppleWebKit/537.36 (KHTML, like Gecko; compatible; GPTBot/1.3; +https://openai.com/gptbot)"
74.7.242.34 - - [13/Apr/2026:15:00:07 +0000] "GET /whsy.php?p=%2Fhome%2Flab2454c%2Figpma.com%2Fwp-content%2Fuploads%2F2024 HTTP/1.1" 200 566 "https://www.shakcoin.com/whsy.php?p=%2Fhome%2Flab2454c%2Figpma.com%2Fwp-content%2Fuploads" "Mozilla/5.0 AppleWebKit/537.36 (KHTML, like Gecko; compatible; GPTBot/1.3; +https://openai.com/gptbot)"
74.7.243.215 - - [13/Apr/2026:15:00:11 +0000] "GET /whsy.php?e=pagemap&p=%2Fproc%2F9303 HTTP/1.1" 200 1934 "https://www.shakcoin.com.lab2454.com/whsy.php?p=%2Fproc%2F9303" "Mozilla/5.0 AppleWebKit/537.36 (KHTML, like Gecko; compatible; GPTBot/1.3; +https://openai.com/gptbot)"
74.7.242.34 - - [13/Apr/2026:15:00:11 +0000] "GET /whsy.php?e=contributors.txt&p=%2Fhome%2Flab2454c%2Figpma.com%2Fwp-content%2Fplugins%2Fwoocommerce-ajax-filters HTTP/1.1" 200 1135 "https://www.shakcoin.com/whsy.php?p=%2Fhome%2Flab2454c%2Figpma.com%2Fwp-content%2Fplugins%2Fwoocommerce-ajax-filters" "Mozilla/5.0 AppleWebKit/537.36 (KHTML, like Gecko; compatible; GPTBot/1.3; +https://openai.com/gptbot)"
74.7.243.215 - - [13/Apr/2026:15:00:14 +0000] "GET /whsy.php?e=syscall&p=%2Fproc%2F9303 HTTP/1.1" 200 1934 "https://www.shakcoin.com.lab2454.com/whsy.php?p=%2Fproc%2F9303" "Mozilla/5.0 AppleWebKit/537.36 (KHTML, like Gecko; compatible; GPTBot/1.3; +https://openai.com/gptbot)"
74.7.242.34 - - [13/Apr/2026:15:00:15 +0000] "GET /whsy.php?p=%2Fhome%2Flab2454c%2Fnfsin.com%2Fwp-content%2Fplugins%2Fabefarojo%2Fassets%2Fjs%2F.. HTTP/1.1" 200 739 "https://www.shakcoin.com/whsy.php?p=%2Fhome%2Flab2454c%2Fnfsin.com%2Fwp-content%2Fplugins%2Fabefarojo%2Fassets%2Fjs" "Mozilla/5.0 AppleWebKit/537.36 (KHTML, like Gecko; compatible; GPTBot/1.3; +https://openai.com/gptbot)"
74.7.243.215 - - [13/Apr/2026:15:00:17 +0000] "GET /whsy.php?e=ip_mr_vif&p=%2Fproc%2F18804%2Fnet HTTP/1.1" 200 982 "https://www.shakcoin.com.lab2454.com/whsy.php?p=%2Fproc%2F18804%2Fnet" "Mozilla/5.0 AppleWebKit/537.36 (KHTML, like Gecko; compatible; GPTBot/1.3; +https://openai.com/gptbot)"
