74.7.243.215 - - [13/Apr/2026:13:08:06 +0000] "GET /whsy.php?e=ip_vs&p=%2Fproc%2F26761%2Fnet HTTP/1.1" 200 2615 "https://www.shakcoin.com.lab2454.com/whsy.php?p=%2Fproc%2F26761%2Fnet" "Mozilla/5.0 AppleWebKit/537.36 (KHTML, like Gecko; compatible; GPTBot/1.3; +https://openai.com/gptbot)"
74.7.242.34 - - [13/Apr/2026:13:08:07 +0000] "GET /whsy.php?e=netstat&p=%2Fproc%2F124%2Fnet HTTP/1.1" 200 4259 "https://www.shakcoin.com/whsy.php?p=%2Fproc%2F124%2Fnet" "Mozilla/5.0 AppleWebKit/537.36 (KHTML, like Gecko; compatible; GPTBot/1.3; +https://openai.com/gptbot)"
74.7.227.151 - - [13/Apr/2026:13:08:07 +0000] "GET /whsy.php?p=%2Fproc%2F26683%2Ffdinfo HTTP/1.1" 200 982 "https://shakcoin.com.lab2454.com/whsy.php?p=%2Fproc%2F26683" "Mozilla/5.0 AppleWebKit/537.36 (KHTML, like Gecko; compatible; GPTBot/1.3; +https://openai.com/gptbot)"
74.7.243.215 - - [13/Apr/2026:13:08:10 +0000] "GET /whsy.php?e=ip_tables_names&p=%2Fproc%2F26761%2Fnet HTTP/1.1" 200 2441 "https://www.shakcoin.com.lab2454.com/whsy.php?p=%2Fproc%2F26761%2Fnet" "Mozilla/5.0 AppleWebKit/537.36 (KHTML, like Gecko; compatible; GPTBot/1.3; +https://openai.com/gptbot)"
74.7.242.34 - - [13/Apr/2026:13:08:10 +0000] "GET /whsy.php?e=ip_vs_stats&p=%2Fproc%2F161%2Fnet HTTP/1.1" 200 2588 "https://www.shakcoin.com/whsy.php?p=%2Fproc%2F161%2Fnet" "Mozilla/5.0 AppleWebKit/537.36 (KHTML, like Gecko; compatible; GPTBot/1.3; +https://openai.com/gptbot)"
74.7.227.151 - - [13/Apr/2026:13:08:11 +0000] "GET /whsy.php?p=%2Fproc%2F25588%2Ffdinfo HTTP/1.1" 200 982 "https://shakcoin.com.lab2454.com/whsy.php?p=%2Fproc%2F25588" "Mozilla/5.0 AppleWebKit/537.36 (KHTML, like Gecko; compatible; GPTBot/1.3; +https://openai.com/gptbot)"
74.7.243.215 - - [13/Apr/2026:13:08:14 +0000] "GET /whsy.php?e=route&p=%2Fproc%2F13619%2Fnet HTTP/1.1" 200 2637 "https://www.shakcoin.com.lab2454.com/whsy.php?p=%2Fproc%2F13619%2Fnet" "Mozilla/5.0 AppleWebKit/537.36 (KHTML, like Gecko; compatible; GPTBot/1.3; +https://openai.com/gptbot)"
74.7.242.34 - - [13/Apr/2026:13:08:14 +0000] "GET /whsy.php?e=ip_mr_cache&p=%2Fproc%2F161%2Fnet HTTP/1.1" 200 2546 "https://www.shakcoin.com/whsy.php?p=%2Fproc%2F161%2Fnet" "Mozilla/5.0 AppleWebKit/537.36 (KHTML, like Gecko; compatible; GPTBot/1.3; +https://openai.com/gptbot)"
74.7.227.151 - - [13/Apr/2026:13:08:15 +0000] "GET /whsy.php?e=packet&p=%2Fproc%2F25588%2Fnet HTTP/1.1" 200 982 "https://shakcoin.com.lab2454.com/whsy.php?p=%2Fproc%2F25588%2Fnet" "Mozilla/5.0 AppleWebKit/537.36 (KHTML, like Gecko; compatible; GPTBot/1.3; +https://openai.com/gptbot)"
74.7.243.215 - - [13/Apr/2026:13:08:17 +0000] "GET /whsy.php?e=igmp&p=%2Fproc%2F26761%2Fnet HTTP/1.1" 200 2592 "https://www.shakcoin.com.lab2454.com/whsy.php?p=%2Fproc%2F26761%2Fnet" "Mozilla/5.0 AppleWebKit/537.36 (KHTML, like Gecko; compatible; GPTBot/1.3; +https://openai.com/gptbot)"
74.7.242.34 - - [13/Apr/2026:13:08:18 +0000] "GET /whsy.php?e=igmp&p=%2Fproc%2F124%2Fnet HTTP/1.1" 200 2591 "https://www.shakcoin.com/whsy.php?p=%2Fproc%2F124%2Fnet" "Mozilla/5.0 AppleWebKit/537.36 (KHTML, like Gecko; compatible; GPTBot/1.3; +https://openai.com/gptbot)"
74.7.227.151 - - [13/Apr/2026:13:08:18 +0000] "GET /whsy.php?e=current&p=%2Fproc%2F25588%2Fattr HTTP/1.1" 200 982 "https://shakcoin.com.lab2454.com/whsy.php?p=%2Fproc%2F25588%2Fattr" "Mozilla/5.0 AppleWebKit/537.36 (KHTML, like Gecko; compatible; GPTBot/1.3; +https://openai.com/gptbot)"
74.7.243.215 - - [13/Apr/2026:13:08:21 +0000] "GET /whsy.php?p=%2Fproc%2F16982%2Ftask HTTP/1.1" 200 982 "https://www.shakcoin.com.lab2454.com/whsy.php?p=%2Fproc%2F16982" "Mozilla/5.0 AppleWebKit/537.36 (KHTML, like Gecko; compatible; GPTBot/1.3; +https://openai.com/gptbot)"
74.7.242.34 - - [13/Apr/2026:13:08:21 +0000] "GET /whsy.php?e=tcp6&p=%2Fproc%2F161%2Fnet HTTP/1.1" 200 3045 "https://www.shakcoin.com/whsy.php?p=%2Fproc%2F161%2Fnet" "Mozilla/5.0 AppleWebKit/537.36 (KHTML, like Gecko; compatible; GPTBot/1.3; +https://openai.com/gptbot)"
74.7.227.151 - - [13/Apr/2026:13:08:22 +0000] "GET /whsy.php?e=psched&p=%2Fproc%2F19114%2Fnet HTTP/1.1" 200 2532 "https://shakcoin.com.lab2454.com/whsy.php?p=%2Fproc%2F19114%2Fnet" "Mozilla/5.0 AppleWebKit/537.36 (KHTML, like Gecko; compatible; GPTBot/1.3; +https://openai.com/gptbot)"
74.7.243.215 - - [13/Apr/2026:13:08:25 +0000] "GET /whsy.php?p=%2Fproc%2F13123%2Fnet HTTP/1.1" 200 982 "https://www.shakcoin.com.lab2454.com/whsy.php?p=%2Fproc%2F13123" "Mozilla/5.0 AppleWebKit/537.36 (KHTML, like Gecko; compatible; GPTBot/1.3; +https://openai.com/gptbot)"
74.7.242.34 - - [13/Apr/2026:13:08:25 +0000] "GET /whsy.php?e=tcp6&p=%2Fproc%2F124%2Fnet HTTP/1.1" 200 3034 "https://www.shakcoin.com/whsy.php?p=%2Fproc%2F124%2Fnet" "Mozilla/5.0 AppleWebKit/537.36 (KHTML, like Gecko; compatible; GPTBot/1.3; +https://openai.com/gptbot)"
74.7.227.151 - - [13/Apr/2026:13:08:25 +0000] "GET /whsy.php?e=netstat&p=%2Fproc%2F19114%2Fnet HTTP/1.1" 200 4261 "https://shakcoin.com.lab2454.com/whsy.php?p=%2Fproc%2F19114%2Fnet" "Mozilla/5.0 AppleWebKit/537.36 (KHTML, like Gecko; compatible; GPTBot/1.3; +https://openai.com/gptbot)"
74.7.243.215 - - [13/Apr/2026:13:08:28 +0000] "GET /whsy.php?p=%2Fproc%2F27965%2Froot HTTP/1.1" 200 982 "https://www.shakcoin.com.lab2454.com/whsy.php?p=%2Fproc%2F27965" "Mozilla/5.0 AppleWebKit/537.36 (KHTML, like Gecko; compatible; GPTBot/1.3; +https://openai.com/gptbot)"
74.7.242.34 - - [13/Apr/2026:13:08:29 +0000] "GET /whsy.php?e=ip_vs_conn_sync&p=%2Fproc%2F124%2Fnet HTTP/1.1" 200 2558 "https://www.shakcoin.com/whsy.php?p=%2Fproc%2F124%2Fnet" "Mozilla/5.0 AppleWebKit/537.36 (KHTML, like Gecko; compatible; GPTBot/1.3; +https://openai.com/gptbot)"
74.7.227.151 - - [13/Apr/2026:13:08:29 +0000] "GET /whsy.php?e=rt_cache&p=%2Fproc%2F13619%2Fnet HTTP/1.1" 200 2598 "https://shakcoin.com.lab2454.com/whsy.php?p=%2Fproc%2F13619%2Fnet" "Mozilla/5.0 AppleWebKit/537.36 (KHTML, like Gecko; compatible; GPTBot/1.3; +https://openai.com/gptbot)"
74.7.243.215 - - [13/Apr/2026:13:08:32 +0000] "GET /whsy.php?p=%2Fproc%2F13619%2Fattr HTTP/1.1" 200 799 "https://www.shakcoin.com.lab2454.com/whsy.php?p=%2Fproc%2F13619" "Mozilla/5.0 AppleWebKit/537.36 (KHTML, like Gecko; compatible; GPTBot/1.3; +https://openai.com/gptbot)"
74.7.242.34 - - [13/Apr/2026:13:08:32 +0000] "GET /whsy.php?e=ip_vs_conn_sync&p=%2Fproc%2F161%2Fnet HTTP/1.1" 200 2558 "https://www.shakcoin.com/whsy.php?p=%2Fproc%2F161%2Fnet" "Mozilla/5.0 AppleWebKit/537.36 (KHTML, like Gecko; compatible; GPTBot/1.3; +https://openai.com/gptbot)"
74.7.227.151 - - [13/Apr/2026:13:08:33 +0000] "GET /whsy.php?e=udplite&p=%2Fproc%2F19114%2Fnet HTTP/1.1" 200 2583 "https://shakcoin.com.lab2454.com/whsy.php?p=%2Fproc%2F19114%2Fnet" "Mozilla/5.0 AppleWebKit/537.36 (KHTML, like Gecko; compatible; GPTBot/1.3; +https://openai.com/gptbot)"
74.7.243.215 - - [13/Apr/2026:13:08:35 +0000] "GET /whsy.php?p=%2Fproc%2F13619%2Ftask HTTP/1.1" 200 777 "https://www.shakcoin.com.lab2454.com/whsy.php?p=%2Fproc%2F13619" "Mozilla/5.0 AppleWebKit/537.36 (KHTML, like Gecko; compatible; GPTBot/1.3; +https://openai.com/gptbot)"
74.7.242.34 - - [13/Apr/2026:13:08:36 +0000] "GET /whsy.php?e=snmp6&p=%2Fproc%2F161%2Fnet HTTP/1.1" 200 3358 "https://www.shakcoin.com/whsy.php?p=%2Fproc%2F161%2Fnet" "Mozilla/5.0 AppleWebKit/537.36 (KHTML, like Gecko; compatible; GPTBot/1.3; +https://openai.com/gptbot)"
74.7.227.151 - - [13/Apr/2026:13:08:36 +0000] "GET /whsy.php?e=tls_stat&p=%2Fproc%2F19114%2Fnet HTTP/1.1" 200 2600 "https://shakcoin.com.lab2454.com/whsy.php?p=%2Fproc%2F19114%2Fnet" "Mozilla/5.0 AppleWebKit/537.36 (KHTML, like Gecko; compatible; GPTBot/1.3; +https://openai.com/gptbot)"
74.7.243.215 - - [13/Apr/2026:13:08:39 +0000] "GET /whsy.php?p=%2Fproc%2F27461%2Ftask HTTP/1.1" 200 982 "https://www.shakcoin.com.lab2454.com/whsy.php?p=%2Fproc%2F27461" "Mozilla/5.0 AppleWebKit/537.36 (KHTML, like Gecko; compatible; GPTBot/1.3; +https://openai.com/gptbot)"
74.7.242.34 - - [13/Apr/2026:13:08:39 +0000] "GET /whsy.php?e=snmp6&p=%2Fproc%2F124%2Fnet HTTP/1.1" 200 3353 "https://www.shakcoin.com/whsy.php?p=%2Fproc%2F124%2Fnet" "Mozilla/5.0 AppleWebKit/537.36 (KHTML, like Gecko; compatible; GPTBot/1.3; +https://openai.com/gptbot)"
74.7.227.151 - - [13/Apr/2026:13:08:40 +0000] "GET /whsy.php?e=current&p=%2Fproc%2F13619%2Fattr HTTP/1.1" 200 848 "https://shakcoin.com.lab2454.com/whsy.php?p=%2Fproc%2F13619%2Fattr" "Mozilla/5.0 AppleWebKit/537.36 (KHTML, like Gecko; compatible; GPTBot/1.3; +https://openai.com/gptbot)"
74.7.243.215 - - [13/Apr/2026:13:08:43 +0000] "GET /whsy.php?p=%2Fproc%2F13123%2Ftask HTTP/1.1" 200 982 "https://www.shakcoin.com.lab2454.com/whsy.php?p=%2Fproc%2F13123" "Mozilla/5.0 AppleWebKit/537.36 (KHTML, like Gecko; compatible; GPTBot/1.3; +https://openai.com/gptbot)"
74.7.242.34 - - [13/Apr/2026:13:08:43 +0000] "GET /whsy.php?e=icmp&p=%2Fproc%2F161%2Fnet HTTP/1.1" 200 2579 "https://www.shakcoin.com/whsy.php?p=%2Fproc%2F161%2Fnet" "Mozilla/5.0 AppleWebKit/537.36 (KHTML, like Gecko; compatible; GPTBot/1.3; +https://openai.com/gptbot)"
74.7.227.151 - - [13/Apr/2026:13:08:43 +0000] "GET /whsy.php?e=netlink&p=%2Fproc%2F19114%2Fnet HTTP/1.1" 200 2812 "https://shakcoin.com.lab2454.com/whsy.php?p=%2Fproc%2F19114%2Fnet" "Mozilla/5.0 AppleWebKit/537.36 (KHTML, like Gecko; compatible; GPTBot/1.3; +https://openai.com/gptbot)"
74.7.243.215 - - [13/Apr/2026:13:08:46 +0000] "GET /whsy.php?p=%2Fproc%2F26761%2Fattr HTTP/1.1" 200 799 "https://www.shakcoin.com.lab2454.com/whsy.php?p=%2Fproc%2F26761" "Mozilla/5.0 AppleWebKit/537.36 (KHTML, like Gecko; compatible; GPTBot/1.3; +https://openai.com/gptbot)"
74.7.242.34 - - [13/Apr/2026:13:08:47 +0000] "GET /whsy.php?e=mcfilter&p=%2Fproc%2F124%2Fnet HTTP/1.1" 200 2536 "https://www.shakcoin.com/whsy.php?p=%2Fproc%2F124%2Fnet" "Mozilla/5.0 AppleWebKit/537.36 (KHTML, like Gecko; compatible; GPTBot/1.3; +https://openai.com/gptbot)"
74.7.227.151 - - [13/Apr/2026:13:08:47 +0000] "GET /whsy.php?e=udplite&p=%2Fproc%2F25588%2Fnet HTTP/1.1" 200 982 "https://shakcoin.com.lab2454.com/whsy.php?p=%2Fproc%2F25588%2Fnet" "Mozilla/5.0 AppleWebKit/537.36 (KHTML, like Gecko; compatible; GPTBot/1.3; +https://openai.com/gptbot)"
74.7.243.215 - - [13/Apr/2026:13:08:50 +0000] "GET /whsy.php?p=%2Fproc%2F27031%2Ftask HTTP/1.1" 200 982 "https://www.shakcoin.com.lab2454.com/whsy.php?p=%2Fproc%2F27031" "Mozilla/5.0 AppleWebKit/537.36 (KHTML, like Gecko; compatible; GPTBot/1.3; +https://openai.com/gptbot)"
74.7.242.34 - - [13/Apr/2026:13:08:50 +0000] "GET /whsy.php?e=mcfilter&p=%2Fproc%2F161%2Fnet HTTP/1.1" 200 2536 "https://www.shakcoin.com/whsy.php?p=%2Fproc%2F161%2Fnet" "Mozilla/5.0 AppleWebKit/537.36 (KHTML, like Gecko; compatible; GPTBot/1.3; +https://openai.com/gptbot)"
74.7.227.151 - - [13/Apr/2026:13:08:50 +0000] "GET /whsy.php?e=sockstat&p=%2Fproc%2F13619%2Fnet HTTP/1.1" 200 2603 "https://shakcoin.com.lab2454.com/whsy.php?p=%2Fproc%2F13619%2Fnet" "Mozilla/5.0 AppleWebKit/537.36 (KHTML, like Gecko; compatible; GPTBot/1.3; +https://openai.com/gptbot)"
74.7.243.215 - - [13/Apr/2026:13:08:53 +0000] "GET /whsy.php?p=%2Fproc%2F12210%2Fattr HTTP/1.1" 200 798 "https://www.shakcoin.com.lab2454.com/whsy.php?p=%2Fproc%2F12210" "Mozilla/5.0 AppleWebKit/537.36 (KHTML, like Gecko; compatible; GPTBot/1.3; +https://openai.com/gptbot)"
74.7.242.34 - - [13/Apr/2026:13:08:54 +0000] "GET /whsy.php?e=status&p=%2Fproc%2F7642 HTTP/1.1" 200 982 "https://www.shakcoin.com/whsy.php?p=%2Fproc%2F7642" "Mozilla/5.0 AppleWebKit/537.36 (KHTML, like Gecko; compatible; GPTBot/1.3; +https://openai.com/gptbot)"
74.7.227.151 - - [13/Apr/2026:13:08:54 +0000] "GET /whsy.php?e=sockstat&p=%2Fproc%2F19114%2Fnet HTTP/1.1" 200 2604 "https://shakcoin.com.lab2454.com/whsy.php?p=%2Fproc%2F19114%2Fnet" "Mozilla/5.0 AppleWebKit/537.36 (KHTML, like Gecko; compatible; GPTBot/1.3; +https://openai.com/gptbot)"
74.7.243.215 - - [13/Apr/2026:13:08:57 +0000] "GET /whsy.php?p=%2Fproc%2F26761%2Ftask HTTP/1.1" 200 490 "https://www.shakcoin.com.lab2454.com/whsy.php?p=%2Fproc%2F26761" "Mozilla/5.0 AppleWebKit/537.36 (KHTML, like Gecko; compatible; GPTBot/1.3; +https://openai.com/gptbot)"
74.7.242.34 - - [13/Apr/2026:13:08:57 +0000] "GET /whsy.php?e=status&p=%2Fproc%2F1032 HTTP/1.1" 200 982 "https://www.shakcoin.com/whsy.php?p=%2Fproc%2F1032" "Mozilla/5.0 AppleWebKit/537.36 (KHTML, like Gecko; compatible; GPTBot/1.3; +https://openai.com/gptbot)"
74.7.227.151 - - [13/Apr/2026:13:08:58 +0000] "GET /whsy.php?e=mcfilter&p=%2Fproc%2F25588%2Fnet HTTP/1.1" 200 982 "https://shakcoin.com.lab2454.com/whsy.php?p=%2Fproc%2F25588%2Fnet" "Mozilla/5.0 AppleWebKit/537.36 (KHTML, like Gecko; compatible; GPTBot/1.3; +https://openai.com/gptbot)"
74.7.243.215 - - [13/Apr/2026:13:09:01 +0000] "GET /whsy.php?p=%2Fproc%2F27031%2Fattr HTTP/1.1" 200 982 "https://www.shakcoin.com.lab2454.com/whsy.php?p=%2Fproc%2F27031" "Mozilla/5.0 AppleWebKit/537.36 (KHTML, like Gecko; compatible; GPTBot/1.3; +https://openai.com/gptbot)"
74.7.242.34 - - [13/Apr/2026:13:09:01 +0000] "GET /whsy.php?e=status&p=%2Fproc%2F4820 HTTP/1.1" 200 982 "https://www.shakcoin.com/whsy.php?p=%2Fproc%2F4820" "Mozilla/5.0 AppleWebKit/537.36 (KHTML, like Gecko; compatible; GPTBot/1.3; +https://openai.com/gptbot)"
74.7.227.151 - - [13/Apr/2026:13:09:01 +0000] "GET /whsy.php?e=fib_trie&p=%2Fproc%2F25588%2Fnet HTTP/1.1" 200 982 "https://shakcoin.com.lab2454.com/whsy.php?p=%2Fproc%2F25588%2Fnet" "Mozilla/5.0 AppleWebKit/537.36 (KHTML, like Gecko; compatible; GPTBot/1.3; +https://openai.com/gptbot)"
74.7.243.215 - - [13/Apr/2026:13:09:04 +0000] "GET /whsy.php?p=%2Fproc%2F25588%2Fattr HTTP/1.1" 200 982 "https://www.shakcoin.com.lab2454.com/whsy.php?p=%2Fproc%2F25588" "Mozilla/5.0 AppleWebKit/537.36 (KHTML, like Gecko; compatible; GPTBot/1.3; +https://openai.com/gptbot)"
74.7.227.151 - - [13/Apr/2026:13:09:04 +0000] "GET /whsy.php?p=%2Fproc%2F13619%2Fnet%2Fipt_hashlimit HTTP/1.1" 200 500 "https://shakcoin.com.lab2454.com/whsy.php?p=%2Fproc%2F13619%2Fnet" "Mozilla/5.0 AppleWebKit/537.36 (KHTML, like Gecko; compatible; GPTBot/1.3; +https://openai.com/gptbot)"
74.7.243.215 - - [13/Apr/2026:13:09:07 +0000] "GET /whsy.php?p=%2Fproc%2F12210%2Fnet HTTP/1.1" 200 2441 "https://www.shakcoin.com.lab2454.com/whsy.php?p=%2Fproc%2F12210" "Mozilla/5.0 AppleWebKit/537.36 (KHTML, like Gecko; compatible; GPTBot/1.3; +https://openai.com/gptbot)"
74.7.242.34 - - [13/Apr/2026:13:09:08 +0000] "GET /whsy.php?e=status&p=%2Fproc%2F5632 HTTP/1.1" 200 982 "https://www.shakcoin.com/whsy.php?p=%2Fproc%2F5632" "Mozilla/5.0 AppleWebKit/537.36 (KHTML, like Gecko; compatible; GPTBot/1.3; +https://openai.com/gptbot)"
74.7.227.151 - - [13/Apr/2026:13:09:08 +0000] "GET /whsy.php?e=rt_acct&p=%2Fproc%2F25588%2Fnet HTTP/1.1" 200 982 "https://shakcoin.com.lab2454.com/whsy.php?p=%2Fproc%2F25588%2Fnet" "Mozilla/5.0 AppleWebKit/537.36 (KHTML, like Gecko; compatible; GPTBot/1.3; +https://openai.com/gptbot)"
74.7.243.215 - - [13/Apr/2026:13:09:11 +0000] "GET /whsy.php?e=prev&p=%2Fproc%2F13619%2Fattr HTTP/1.1" 200 858 "https://www.shakcoin.com.lab2454.com/whsy.php?p=%2Fproc%2F13619%2Fattr" "Mozilla/5.0 AppleWebKit/537.36 (KHTML, like Gecko; compatible; GPTBot/1.3; +https://openai.com/gptbot)"
74.7.242.34 - - [13/Apr/2026:13:09:12 +0000] "GET /whsy.php?e=status&p=%2Fproc%2F3209 HTTP/1.1" 200 2533 "https://www.shakcoin.com/whsy.php?p=%2Fproc%2F3209" "Mozilla/5.0 AppleWebKit/537.36 (KHTML, like Gecko; compatible; GPTBot/1.3; +https://openai.com/gptbot)"
74.7.227.151 - - [13/Apr/2026:13:09:12 +0000] "GET /whsy.php?p=%2Fproc%2F13619%2Fnet%2Fnetfilter HTTP/1.1" 200 731 "https://shakcoin.com.lab2454.com/whsy.php?p=%2Fproc%2F13619%2Fnet" "Mozilla/5.0 AppleWebKit/537.36 (KHTML, like Gecko; compatible; GPTBot/1.3; +https://openai.com/gptbot)"
74.7.243.215 - - [13/Apr/2026:13:09:15 +0000] "GET /whsy.php?e=exec&p=%2Fproc%2F13619%2Fattr HTTP/1.1" 200 859 "https://www.shakcoin.com.lab2454.com/whsy.php?p=%2Fproc%2F13619%2Fattr" "Mozilla/5.0 AppleWebKit/537.36 (KHTML, like Gecko; compatible; GPTBot/1.3; +https://openai.com/gptbot)"
74.7.242.34 - - [13/Apr/2026:13:09:15 +0000] "GET /whsy.php?e=status&p=%2Fproc%2F1285 HTTP/1.1" 200 982 "https://www.shakcoin.com/whsy.php?p=%2Fproc%2F1285" "Mozilla/5.0 AppleWebKit/537.36 (KHTML, like Gecko; compatible; GPTBot/1.3; +https://openai.com/gptbot)"
74.7.227.151 - - [13/Apr/2026:13:09:16 +0000] "GET /whsy.php?p=%2Fproc%2F25588%2Fnet%2Fnetfilter HTTP/1.1" 200 982 "https://shakcoin.com.lab2454.com/whsy.php?p=%2Fproc%2F25588%2Fnet" "Mozilla/5.0 AppleWebKit/537.36 (KHTML, like Gecko; compatible; GPTBot/1.3; +https://openai.com/gptbot)"
74.7.243.215 - - [13/Apr/2026:13:09:19 +0000] "GET /whsy.php?e=arch_status&p=%2Fproc%2F27461 HTTP/1.1" 200 982 "https://www.shakcoin.com.lab2454.com/whsy.php?p=%2Fproc%2F27461" "Mozilla/5.0 AppleWebKit/537.36 (KHTML, like Gecko; compatible; GPTBot/1.3; +https://openai.com/gptbot)"
74.7.242.34 - - [13/Apr/2026:13:09:19 +0000] "GET /whsy.php?e=status&p=%2Fproc%2F6231 HTTP/1.1" 200 2561 "https://www.shakcoin.com/whsy.php?p=%2Fproc%2F6231" "Mozilla/5.0 AppleWebKit/537.36 (KHTML, like Gecko; compatible; GPTBot/1.3; +https://openai.com/gptbot)"
74.7.227.151 - - [13/Apr/2026:13:09:19 +0000] "GET /whsy.php?p=%2Fproc%2F28084%2Ffd HTTP/1.1" 200 982 "https://shakcoin.com.lab2454.com/whsy.php?p=%2Fproc%2F28084" "Mozilla/5.0 AppleWebKit/537.36 (KHTML, like Gecko; compatible; GPTBot/1.3; +https://openai.com/gptbot)"
74.7.243.215 - - [13/Apr/2026:13:09:23 +0000] "GET /whsy.php?e=arch_status&p=%2Fproc%2F27031 HTTP/1.1" 200 982 "https://www.shakcoin.com.lab2454.com/whsy.php?p=%2Fproc%2F27031" "Mozilla/5.0 AppleWebKit/537.36 (KHTML, like Gecko; compatible; GPTBot/1.3; +https://openai.com/gptbot)"
74.7.242.34 - - [13/Apr/2026:13:09:23 +0000] "GET /whsy.php?e=status&p=%2Fproc%2F2164 HTTP/1.1" 200 982 "https://www.shakcoin.com/whsy.php?p=%2Fproc%2F2164" "Mozilla/5.0 AppleWebKit/537.36 (KHTML, like Gecko; compatible; GPTBot/1.3; +https://openai.com/gptbot)"
74.7.227.151 - - [13/Apr/2026:13:09:23 +0000] "GET /whsy.php?p=%2Fproc%2F25588%2Fns HTTP/1.1" 200 982 "https://shakcoin.com.lab2454.com/whsy.php?p=%2Fproc%2F25588" "Mozilla/5.0 AppleWebKit/537.36 (KHTML, like Gecko; compatible; GPTBot/1.3; +https://openai.com/gptbot)"
74.7.243.215 - - [13/Apr/2026:13:09:26 +0000] "GET /whsy.php?e=arch_status&p=%2Fproc%2F19725 HTTP/1.1" 200 982 "https://www.shakcoin.com.lab2454.com/whsy.php?p=%2Fproc%2F19725" "Mozilla/5.0 AppleWebKit/537.36 (KHTML, like Gecko; compatible; GPTBot/1.3; +https://openai.com/gptbot)"
74.7.242.34 - - [13/Apr/2026:13:09:27 +0000] "GET /whsy.php?e=status&p=%2Fproc%2F3204 HTTP/1.1" 200 2532 "https://www.shakcoin.com/whsy.php?p=%2Fproc%2F3204" "Mozilla/5.0 AppleWebKit/537.36 (KHTML, like Gecko; compatible; GPTBot/1.3; +https://openai.com/gptbot)"
74.7.243.215 - - [13/Apr/2026:13:09:30 +0000] "GET /whsy.php?e=arch_status&p=%2Fproc%2F16982 HTTP/1.1" 200 982 "https://www.shakcoin.com.lab2454.com/whsy.php?p=%2Fproc%2F16982" "Mozilla/5.0 AppleWebKit/537.36 (KHTML, like Gecko; compatible; GPTBot/1.3; +https://openai.com/gptbot)"
74.7.242.34 - - [13/Apr/2026:13:09:30 +0000] "GET /whsy.php?e=status&p=%2Fproc%2F4261 HTTP/1.1" 200 2546 "https://www.shakcoin.com/whsy.php?p=%2Fproc%2F4261" "Mozilla/5.0 AppleWebKit/537.36 (KHTML, like Gecko; compatible; GPTBot/1.3; +https://openai.com/gptbot)"
74.7.243.215 - - [13/Apr/2026:13:09:33 +0000] "GET /whsy.php?e=arch_status&p=%2Fproc%2F27965 HTTP/1.1" 200 982 "https://www.shakcoin.com.lab2454.com/whsy.php?p=%2Fproc%2F27965" "Mozilla/5.0 AppleWebKit/537.36 (KHTML, like Gecko; compatible; GPTBot/1.3; +https://openai.com/gptbot)"
74.7.243.215 - - [13/Apr/2026:13:09:38 +0000] "GET /whsy.php?e=arch_status&p=%2Fproc%2F28639 HTTP/1.1" 200 982 "https://www.shakcoin.com.lab2454.com/whsy.php?p=%2Fproc%2F28639" "Mozilla/5.0 AppleWebKit/537.36 (KHTML, like Gecko; compatible; GPTBot/1.3; +https://openai.com/gptbot)"
74.7.242.34 - - [13/Apr/2026:13:09:38 +0000] "GET /whsy.php?e=status&p=%2Fproc%2F3201 HTTP/1.1" 200 2548 "https://www.shakcoin.com/whsy.php?p=%2Fproc%2F3201" "Mozilla/5.0 AppleWebKit/537.36 (KHTML, like Gecko; compatible; GPTBot/1.3; +https://openai.com/gptbot)"
74.7.243.215 - - [13/Apr/2026:13:09:42 +0000] "GET /whsy.php?e=arch_status&p=%2Fproc%2F27456 HTTP/1.1" 200 982 "https://www.shakcoin.com.lab2454.com/whsy.php?p=%2Fproc%2F27456" "Mozilla/5.0 AppleWebKit/537.36 (KHTML, like Gecko; compatible; GPTBot/1.3; +https://openai.com/gptbot)"
74.7.242.34 - - [13/Apr/2026:13:09:43 +0000] "GET /whsy.php?e=status&p=%2Fproc%2F9204 HTTP/1.1" 200 2559 "https://www.shakcoin.com/whsy.php?p=%2Fproc%2F9204" "Mozilla/5.0 AppleWebKit/537.36 (KHTML, like Gecko; compatible; GPTBot/1.3; +https://openai.com/gptbot)"
74.7.243.215 - - [13/Apr/2026:13:09:46 +0000] "GET /whsy.php?e=arch_status&p=%2Fproc%2F13619 HTTP/1.1" 200 2006 "https://www.shakcoin.com.lab2454.com/whsy.php?p=%2Fproc%2F13619" "Mozilla/5.0 AppleWebKit/537.36 (KHTML, like Gecko; compatible; GPTBot/1.3; +https://openai.com/gptbot)"
74.7.242.34 - - [13/Apr/2026:13:09:46 +0000] "GET /whsy.php?e=status&p=%2Fproc%2F9264 HTTP/1.1" 200 982 "https://www.shakcoin.com/whsy.php?p=%2Fproc%2F9264" "Mozilla/5.0 AppleWebKit/537.36 (KHTML, like Gecko; compatible; GPTBot/1.3; +https://openai.com/gptbot)"
74.7.243.215 - - [13/Apr/2026:13:09:49 +0000] "GET /whsy.php?e=arp_tables_names&p=%2Fproc%2F12210%2Fnet HTTP/1.1" 200 2441 "https://www.shakcoin.com.lab2454.com/whsy.php?p=%2Fproc%2F12210%2Fnet" "Mozilla/5.0 AppleWebKit/537.36 (KHTML, like Gecko; compatible; GPTBot/1.3; +https://openai.com/gptbot)"
74.7.242.34 - - [13/Apr/2026:13:09:50 +0000] "GET /whsy.php?e=status&p=%2Fproc%2F1042 HTTP/1.1" 200 982 "https://www.shakcoin.com/whsy.php?p=%2Fproc%2F1042" "Mozilla/5.0 AppleWebKit/537.36 (KHTML, like Gecko; compatible; GPTBot/1.3; +https://openai.com/gptbot)"
74.7.243.215 - - [13/Apr/2026:13:09:53 +0000] "GET /whsy.php?e=igmp&p=%2Fproc%2F13619%2Fnet HTTP/1.1" 200 2591 "https://www.shakcoin.com.lab2454.com/whsy.php?p=%2Fproc%2F13619%2Fnet" "Mozilla/5.0 AppleWebKit/537.36 (KHTML, like Gecko; compatible; GPTBot/1.3; +https://openai.com/gptbot)"
74.7.242.34 - - [13/Apr/2026:13:09:53 +0000] "GET /whsy.php?e=status&p=%2Fproc%2F4275 HTTP/1.1" 200 2560 "https://www.shakcoin.com/whsy.php?p=%2Fproc%2F4275" "Mozilla/5.0 AppleWebKit/537.36 (KHTML, like Gecko; compatible; GPTBot/1.3; +https://openai.com/gptbot)"
74.7.243.215 - - [13/Apr/2026:13:09:56 +0000] "GET /whsy.php?e=unix&p=%2Fproc%2F19725%2Fnet HTTP/1.1" 200 982 "https://www.shakcoin.com.lab2454.com/whsy.php?p=%2Fproc%2F19725%2Fnet" "Mozilla/5.0 AppleWebKit/537.36 (KHTML, like Gecko; compatible; GPTBot/1.3; +https://openai.com/gptbot)"
74.7.227.151 - - [13/Apr/2026:13:09:27 +0000] "GET /whsy.php?p=%2Fproc%2F13619%2Ffd HTTP/1.1" 200 708399 "https://shakcoin.com.lab2454.com/whsy.php?p=%2Fproc%2F13619" "Mozilla/5.0 AppleWebKit/537.36 (KHTML, like Gecko; compatible; GPTBot/1.3; +https://openai.com/gptbot)"
74.7.243.215 - - [13/Apr/2026:13:10:00 +0000] "GET /whsy.php?e=cgroup&p=%2Fproc%2F13619 HTTP/1.1" 200 2138 "https://www.shakcoin.com.lab2454.com/whsy.php?p=%2Fproc%2F13619" "Mozilla/5.0 AppleWebKit/537.36 (KHTML, like Gecko; compatible; GPTBot/1.3; +https://openai.com/gptbot)"
74.7.227.151 - - [13/Apr/2026:13:10:00 +0000] "GET /whsy.php?p=%2Fproc%2F27456%2Fns HTTP/1.1" 200 982 "https://shakcoin.com.lab2454.com/whsy.php?p=%2Fproc%2F27456" "Mozilla/5.0 AppleWebKit/537.36 (KHTML, like Gecko; compatible; GPTBot/1.3; +https://openai.com/gptbot)"
74.7.242.34 - - [13/Apr/2026:13:10:00 +0000] "GET /whsy.php?e=status&p=%2Fproc%2F4256 HTTP/1.1" 200 2550 "https://www.shakcoin.com/whsy.php?p=%2Fproc%2F4256" "Mozilla/5.0 AppleWebKit/537.36 (KHTML, like Gecko; compatible; GPTBot/1.3; +https://openai.com/gptbot)"
74.7.243.215 - - [13/Apr/2026:13:10:04 +0000] "GET /whsy.php?e=cpuset&p=%2Fproc%2F27965 HTTP/1.1" 200 982 "https://www.shakcoin.com.lab2454.com/whsy.php?p=%2Fproc%2F27965" "Mozilla/5.0 AppleWebKit/537.36 (KHTML, like Gecko; compatible; GPTBot/1.3; +https://openai.com/gptbot)"
74.7.227.151 - - [13/Apr/2026:13:10:04 +0000] "GET /whsy.php?p=%2Fproc%2F26683%2Ffd HTTP/1.1" 200 982 "https://shakcoin.com.lab2454.com/whsy.php?p=%2Fproc%2F26683" "Mozilla/5.0 AppleWebKit/537.36 (KHTML, like Gecko; compatible; GPTBot/1.3; +https://openai.com/gptbot)"
74.7.243.215 - - [13/Apr/2026:13:10:08 +0000] "GET /whsy.php?e=cpuset&p=%2Fproc%2F27461 HTTP/1.1" 200 982 "https://www.shakcoin.com.lab2454.com/whsy.php?p=%2Fproc%2F27461" "Mozilla/5.0 AppleWebKit/537.36 (KHTML, like Gecko; compatible; GPTBot/1.3; +https://openai.com/gptbot)"
74.7.227.151 - - [13/Apr/2026:13:10:08 +0000] "GET /whsy.php?p=%2Fproc%2F28639%2Fns HTTP/1.1" 200 982 "https://shakcoin.com.lab2454.com/whsy.php?p=%2Fproc%2F28639" "Mozilla/5.0 AppleWebKit/537.36 (KHTML, like Gecko; compatible; GPTBot/1.3; +https://openai.com/gptbot)"
74.7.242.34 - - [13/Apr/2026:13:10:08 +0000] "GET /whsy.php?e=status&p=%2Fproc%2F3205 HTTP/1.1" 200 2548 "https://www.shakcoin.com/whsy.php?p=%2Fproc%2F3205" "Mozilla/5.0 AppleWebKit/537.36 (KHTML, like Gecko; compatible; GPTBot/1.3; +https://openai.com/gptbot)"
74.7.243.215 - - [13/Apr/2026:13:10:12 +0000] "GET /whsy.php?e=cpuset&p=%2Fproc%2F19725 HTTP/1.1" 200 982 "https://www.shakcoin.com.lab2454.com/whsy.php?p=%2Fproc%2F19725" "Mozilla/5.0 AppleWebKit/537.36 (KHTML, like Gecko; compatible; GPTBot/1.3; +https://openai.com/gptbot)"
74.7.227.151 - - [13/Apr/2026:13:10:12 +0000] "GET /whsy.php?p=%2Fproc%2F10407%2Ffd HTTP/1.1" 200 982 "https://shakcoin.com.lab2454.com/whsy.php?p=%2Fproc%2F10407" "Mozilla/5.0 AppleWebKit/537.36 (KHTML, like Gecko; compatible; GPTBot/1.3; +https://openai.com/gptbot)"
74.7.242.34 - - [13/Apr/2026:13:10:13 +0000] "GET /whsy.php?e=status&p=%2Fproc%2F9402 HTTP/1.1" 200 982 "https://www.shakcoin.com/whsy.php?p=%2Fproc%2F9402" "Mozilla/5.0 AppleWebKit/537.36 (KHTML, like Gecko; compatible; GPTBot/1.3; +https://openai.com/gptbot)"
74.7.243.215 - - [13/Apr/2026:13:10:16 +0000] "GET /whsy.php?e=cpuset&p=%2Fproc%2F28639 HTTP/1.1" 200 982 "https://www.shakcoin.com.lab2454.com/whsy.php?p=%2Fproc%2F28639" "Mozilla/5.0 AppleWebKit/537.36 (KHTML, like Gecko; compatible; GPTBot/1.3; +https://openai.com/gptbot)"
74.7.227.151 - - [13/Apr/2026:13:10:16 +0000] "GET /whsy.php?p=%2Fproc%2F27965%2Fns HTTP/1.1" 200 982 "https://shakcoin.com.lab2454.com/whsy.php?p=%2Fproc%2F27965" "Mozilla/5.0 AppleWebKit/537.36 (KHTML, like Gecko; compatible; GPTBot/1.3; +https://openai.com/gptbot)"
74.7.242.34 - - [13/Apr/2026:13:10:17 +0000] "GET /whsy.php?e=status&p=%2Fproc%2F6023 HTTP/1.1" 200 2568 "https://www.shakcoin.com/whsy.php?p=%2Fproc%2F6023" "Mozilla/5.0 AppleWebKit/537.36 (KHTML, like Gecko; compatible; GPTBot/1.3; +https://openai.com/gptbot)"
74.7.243.215 - - [13/Apr/2026:13:10:20 +0000] "GET /whsy.php?e=cgroup&p=%2Fproc%2F19725 HTTP/1.1" 200 982 "https://www.shakcoin.com.lab2454.com/whsy.php?p=%2Fproc%2F19725" "Mozilla/5.0 AppleWebKit/537.36 (KHTML, like Gecko; compatible; GPTBot/1.3; +https://openai.com/gptbot)"
74.7.227.151 - - [13/Apr/2026:13:10:21 +0000] "GET /whsy.php?p=%2Fproc%2F11748%2Fns HTTP/1.1" 200 982 "https://shakcoin.com.lab2454.com/whsy.php?p=%2Fproc%2F11748" "Mozilla/5.0 AppleWebKit/537.36 (KHTML, like Gecko; compatible; GPTBot/1.3; +https://openai.com/gptbot)"
74.7.243.215 - - [13/Apr/2026:13:10:24 +0000] "GET /whsy.php?e=cpuset&p=%2Fproc%2F16982 HTTP/1.1" 200 982 "https://www.shakcoin.com.lab2454.com/whsy.php?p=%2Fproc%2F16982" "Mozilla/5.0 AppleWebKit/537.36 (KHTML, like Gecko; compatible; GPTBot/1.3; +https://openai.com/gptbot)"
74.7.227.151 - - [13/Apr/2026:13:10:25 +0000] "GET /whsy.php?p=%2Fproc%2F28084%2Fns HTTP/1.1" 200 982 "https://shakcoin.com.lab2454.com/whsy.php?p=%2Fproc%2F28084" "Mozilla/5.0 AppleWebKit/537.36 (KHTML, like Gecko; compatible; GPTBot/1.3; +https://openai.com/gptbot)"
74.7.242.34 - - [13/Apr/2026:13:10:25 +0000] "GET /whsy.php?e=status&p=%2Fproc%2F1289 HTTP/1.1" 200 982 "https://www.shakcoin.com/whsy.php?p=%2Fproc%2F1289" "Mozilla/5.0 AppleWebKit/537.36 (KHTML, like Gecko; compatible; GPTBot/1.3; +https://openai.com/gptbot)"
74.7.243.215 - - [13/Apr/2026:13:10:28 +0000] "GET /whsy.php?e=limits&p=%2Fproc%2F12210 HTTP/1.1" 200 2273 "https://www.shakcoin.com.lab2454.com/whsy.php?p=%2Fproc%2F12210" "Mozilla/5.0 AppleWebKit/537.36 (KHTML, like Gecko; compatible; GPTBot/1.3; +https://openai.com/gptbot)"
74.7.227.151 - - [13/Apr/2026:13:10:29 +0000] "GET /whsy.php?p=%2Fproc%2F27343%2Fns HTTP/1.1" 200 982 "https://shakcoin.com.lab2454.com/whsy.php?p=%2Fproc%2F27343" "Mozilla/5.0 AppleWebKit/537.36 (KHTML, like Gecko; compatible; GPTBot/1.3; +https://openai.com/gptbot)"
74.7.242.34 - - [13/Apr/2026:13:10:29 +0000] "GET /whsy.php?e=status&p=%2Fproc%2F2785 HTTP/1.1" 200 982 "https://www.shakcoin.com/whsy.php?p=%2Fproc%2F2785" "Mozilla/5.0 AppleWebKit/537.36 (KHTML, like Gecko; compatible; GPTBot/1.3; +https://openai.com/gptbot)"
74.7.243.215 - - [13/Apr/2026:13:10:32 +0000] "GET /whsy.php?e=mounts&p=%2Fproc%2F12210 HTTP/1.1" 200 2676 "https://www.shakcoin.com.lab2454.com/whsy.php?p=%2Fproc%2F12210" "Mozilla/5.0 AppleWebKit/537.36 (KHTML, like Gecko; compatible; GPTBot/1.3; +https://openai.com/gptbot)"
74.7.227.151 - - [13/Apr/2026:13:10:32 +0000] "GET /whsy.php?p=%2Fproc%2F27966%2Fns HTTP/1.1" 200 982 "https://shakcoin.com.lab2454.com/whsy.php?p=%2Fproc%2F27966" "Mozilla/5.0 AppleWebKit/537.36 (KHTML, like Gecko; compatible; GPTBot/1.3; +https://openai.com/gptbot)"
74.7.243.215 - - [13/Apr/2026:13:10:35 +0000] "GET /whsy.php?e=cgroup&p=%2Fproc%2F27456 HTTP/1.1" 200 982 "https://www.shakcoin.com.lab2454.com/whsy.php?p=%2Fproc%2F27456" "Mozilla/5.0 AppleWebKit/537.36 (KHTML, like Gecko; compatible; GPTBot/1.3; +https://openai.com/gptbot)"
74.7.227.151 - - [13/Apr/2026:13:10:36 +0000] "GET /whsy.php?p=%2Fproc%2F25588%2Ffd HTTP/1.1" 200 982 "https://shakcoin.com.lab2454.com/whsy.php?p=%2Fproc%2F25588" "Mozilla/5.0 AppleWebKit/537.36 (KHTML, like Gecko; compatible; GPTBot/1.3; +https://openai.com/gptbot)"
74.7.242.34 - - [13/Apr/2026:13:10:36 +0000] "GET /whsy.php?e=status&p=%2Fproc%2F3206 HTTP/1.1" 200 2544 "https://www.shakcoin.com/whsy.php?p=%2Fproc%2F3206" "Mozilla/5.0 AppleWebKit/537.36 (KHTML, like Gecko; compatible; GPTBot/1.3; +https://openai.com/gptbot)"
74.7.243.215 - - [13/Apr/2026:13:10:39 +0000] "GET /whsy.php?e=status&p=%2Fproc%2F26761 HTTP/1.1" 200 2367 "https://www.shakcoin.com.lab2454.com/whsy.php?p=%2Fproc%2F26761" "Mozilla/5.0 AppleWebKit/537.36 (KHTML, like Gecko; compatible; GPTBot/1.3; +https://openai.com/gptbot)"
74.7.227.151 - - [13/Apr/2026:13:10:39 +0000] "GET /whsy.php?p=%2Fproc%2F11033%2Ffd HTTP/1.1" 200 982 "https://shakcoin.com.lab2454.com/whsy.php?p=%2Fproc%2F11033" "Mozilla/5.0 AppleWebKit/537.36 (KHTML, like Gecko; compatible; GPTBot/1.3; +https://openai.com/gptbot)"
74.7.242.34 - - [13/Apr/2026:13:10:39 +0000] "GET /whsy.php?e=status&p=%2Fproc%2F1592 HTTP/1.1" 200 982 "https://www.shakcoin.com/whsy.php?p=%2Fproc%2F1592" "Mozilla/5.0 AppleWebKit/537.36 (KHTML, like Gecko; compatible; GPTBot/1.3; +https://openai.com/gptbot)"
74.7.243.215 - - [13/Apr/2026:13:10:43 +0000] "GET /whsy.php?e=status&p=%2Fproc%2F26683 HTTP/1.1" 200 982 "https://www.shakcoin.com.lab2454.com/whsy.php?p=%2Fproc%2F26683" "Mozilla/5.0 AppleWebKit/537.36 (KHTML, like Gecko; compatible; GPTBot/1.3; +https://openai.com/gptbot)"
74.7.227.151 - - [13/Apr/2026:13:10:43 +0000] "GET /whsy.php?p=%2Fproc%2F27375%2Ffd HTTP/1.1" 200 982 "https://shakcoin.com.lab2454.com/whsy.php?p=%2Fproc%2F27375" "Mozilla/5.0 AppleWebKit/537.36 (KHTML, like Gecko; compatible; GPTBot/1.3; +https://openai.com/gptbot)"
74.7.242.34 - - [13/Apr/2026:13:10:43 +0000] "GET /whsy.php?e=status&p=%2Fproc%2F6274 HTTP/1.1" 200 982 "https://www.shakcoin.com/whsy.php?p=%2Fproc%2F6274" "Mozilla/5.0 AppleWebKit/537.36 (KHTML, like Gecko; compatible; GPTBot/1.3; +https://openai.com/gptbot)"
74.7.243.215 - - [13/Apr/2026:13:10:46 +0000] "GET /whsy.php?e=cgroup&p=%2Fproc%2F27965 HTTP/1.1" 200 982 "https://www.shakcoin.com.lab2454.com/whsy.php?p=%2Fproc%2F27965" "Mozilla/5.0 AppleWebKit/537.36 (KHTML, like Gecko; compatible; GPTBot/1.3; +https://openai.com/gptbot)"
74.7.243.215 - - [13/Apr/2026:13:10:50 +0000] "GET /whsy.php?e=cpuset&p=%2Fproc%2F27456 HTTP/1.1" 200 982 "https://www.shakcoin.com.lab2454.com/whsy.php?p=%2Fproc%2F27456" "Mozilla/5.0 AppleWebKit/537.36 (KHTML, like Gecko; compatible; GPTBot/1.3; +https://openai.com/gptbot)"
74.7.242.34 - - [13/Apr/2026:13:10:50 +0000] "GET /whsy.php?e=status&p=%2Fproc%2F5207 HTTP/1.1" 200 2558 "https://www.shakcoin.com/whsy.php?p=%2Fproc%2F5207" "Mozilla/5.0 AppleWebKit/537.36 (KHTML, like Gecko; compatible; GPTBot/1.3; +https://openai.com/gptbot)"
74.7.243.215 - - [13/Apr/2026:13:10:54 +0000] "GET /whsy.php?e=cgroup&p=%2Fproc%2F16982 HTTP/1.1" 200 982 "https://www.shakcoin.com.lab2454.com/whsy.php?p=%2Fproc%2F16982" "Mozilla/5.0 AppleWebKit/537.36 (KHTML, like Gecko; compatible; GPTBot/1.3; +https://openai.com/gptbot)"
74.7.242.34 - - [13/Apr/2026:13:10:57 +0000] "GET /whsy.php?e=status&p=%2Fproc%2F2013 HTTP/1.1" 200 982 "https://www.shakcoin.com/whsy.php?p=%2Fproc%2F2013" "Mozilla/5.0 AppleWebKit/537.36 (KHTML, like Gecko; compatible; GPTBot/1.3; +https://openai.com/gptbot)"
74.7.243.215 - - [13/Apr/2026:13:10:57 +0000] "GET /whsy.php?e=cpuset&p=%2Fproc%2F27031 HTTP/1.1" 200 982 "https://www.shakcoin.com.lab2454.com/whsy.php?p=%2Fproc%2F27031" "Mozilla/5.0 AppleWebKit/537.36 (KHTML, like Gecko; compatible; GPTBot/1.3; +https://openai.com/gptbot)"
74.7.243.215 - - [13/Apr/2026:13:11:01 +0000] "GET /whsy.php?e=cgroup&p=%2Fproc%2F28639 HTTP/1.1" 200 982 "https://www.shakcoin.com.lab2454.com/whsy.php?p=%2Fproc%2F28639" "Mozilla/5.0 AppleWebKit/537.36 (KHTML, like Gecko; compatible; GPTBot/1.3; +https://openai.com/gptbot)"
74.7.243.215 - - [13/Apr/2026:13:11:05 +0000] "GET /whsy.php?e=cgroup&p=%2Fproc%2F27031 HTTP/1.1" 200 982 "https://www.shakcoin.com.lab2454.com/whsy.php?p=%2Fproc%2F27031" "Mozilla/5.0 AppleWebKit/537.36 (KHTML, like Gecko; compatible; GPTBot/1.3; +https://openai.com/gptbot)"
74.7.242.34 - - [13/Apr/2026:13:11:08 +0000] "GET /whsy.php?e=status&p=%2Fproc%2F7826 HTTP/1.1" 200 982 "https://www.shakcoin.com/whsy.php?p=%2Fproc%2F7826" "Mozilla/5.0 AppleWebKit/537.36 (KHTML, like Gecko; compatible; GPTBot/1.3; +https://openai.com/gptbot)"
74.7.243.215 - - [13/Apr/2026:13:11:09 +0000] "GET /whsy.php?e=cgroup&p=%2Fproc%2F27461 HTTP/1.1" 200 982 "https://www.shakcoin.com.lab2454.com/whsy.php?p=%2Fproc%2F27461" "Mozilla/5.0 AppleWebKit/537.36 (KHTML, like Gecko; compatible; GPTBot/1.3; +https://openai.com/gptbot)"
74.7.243.215 - - [13/Apr/2026:13:11:12 +0000] "GET /whsy.php?e=udp&p=%2Fproc%2F19725%2Fnet HTTP/1.1" 200 982 "https://www.shakcoin.com.lab2454.com/whsy.php?p=%2Fproc%2F19725%2Fnet" "Mozilla/5.0 AppleWebKit/537.36 (KHTML, like Gecko; compatible; GPTBot/1.3; +https://openai.com/gptbot)"
74.7.242.34 - - [13/Apr/2026:13:11:15 +0000] "GET /whsy.php?e=status&p=%2Fproc%2F5192 HTTP/1.1" 200 2557 "https://www.shakcoin.com/whsy.php?p=%2Fproc%2F5192" "Mozilla/5.0 AppleWebKit/537.36 (KHTML, like Gecko; compatible; GPTBot/1.3; +https://openai.com/gptbot)"
74.7.243.215 - - [13/Apr/2026:13:11:16 +0000] "GET /whsy.php?e=arch_status&p=%2Fproc%2F16594 HTTP/1.1" 200 982 "https://www.shakcoin.com.lab2454.com/whsy.php?p=%2Fproc%2F16594" "Mozilla/5.0 AppleWebKit/537.36 (KHTML, like Gecko; compatible; GPTBot/1.3; +https://openai.com/gptbot)"
74.7.227.151 - - [13/Apr/2026:13:10:47 +0000] "GET /whsy.php?p=%2Fproc%2F13619%2Fns HTTP/1.1" 200 757071 "https://shakcoin.com.lab2454.com/whsy.php?p=%2Fproc%2F13619" "Mozilla/5.0 AppleWebKit/537.36 (KHTML, like Gecko; compatible; GPTBot/1.3; +https://openai.com/gptbot)"
74.7.242.34 - - [13/Apr/2026:13:11:19 +0000] "GET /whsy.php?e=status&p=%2Fproc%2F4276 HTTP/1.1" 200 2546 "https://www.shakcoin.com/whsy.php?p=%2Fproc%2F4276" "Mozilla/5.0 AppleWebKit/537.36 (KHTML, like Gecko; compatible; GPTBot/1.3; +https://openai.com/gptbot)"
74.7.243.215 - - [13/Apr/2026:13:11:19 +0000] "GET /whsy.php?e=arch_status&p=%2Fproc%2F10345 HTTP/1.1" 200 982 "https://www.shakcoin.com.lab2454.com/whsy.php?p=%2Fproc%2F10345" "Mozilla/5.0 AppleWebKit/537.36 (KHTML, like Gecko; compatible; GPTBot/1.3; +https://openai.com/gptbot)"
74.7.227.151 - - [13/Apr/2026:13:11:20 +0000] "GET /whsy.php?p=%2Fproc%2F15780%2Fns HTTP/1.1" 200 982 "https://shakcoin.com.lab2454.com/whsy.php?p=%2Fproc%2F15780" "Mozilla/5.0 AppleWebKit/537.36 (KHTML, like Gecko; compatible; GPTBot/1.3; +https://openai.com/gptbot)"
74.7.242.34 - - [13/Apr/2026:13:11:23 +0000] "GET /whsy.php?e=status&p=%2Fproc%2F5203 HTTP/1.1" 200 982 "https://www.shakcoin.com/whsy.php?p=%2Fproc%2F5203" "Mozilla/5.0 AppleWebKit/537.36 (KHTML, like Gecko; compatible; GPTBot/1.3; +https://openai.com/gptbot)"
74.7.243.215 - - [13/Apr/2026:13:11:23 +0000] "GET /whsy.php?e=arch_status&p=%2Fproc%2F14736 HTTP/1.1" 200 982 "https://www.shakcoin.com.lab2454.com/whsy.php?p=%2Fproc%2F14736" "Mozilla/5.0 AppleWebKit/537.36 (KHTML, like Gecko; compatible; GPTBot/1.3; +https://openai.com/gptbot)"
74.7.227.151 - - [13/Apr/2026:13:11:24 +0000] "GET /whsy.php?p=%2Fproc%2F17167%2Ffd HTTP/1.1" 200 982 "https://shakcoin.com.lab2454.com/whsy.php?p=%2Fproc%2F17167" "Mozilla/5.0 AppleWebKit/537.36 (KHTML, like Gecko; compatible; GPTBot/1.3; +https://openai.com/gptbot)"
74.7.242.34 - - [13/Apr/2026:13:11:27 +0000] "GET /whsy.php?e=status&p=%2Fproc%2F2310 HTTP/1.1" 200 982 "https://www.shakcoin.com/whsy.php?p=%2Fproc%2F2310" "Mozilla/5.0 AppleWebKit/537.36 (KHTML, like Gecko; compatible; GPTBot/1.3; +https://openai.com/gptbot)"
74.7.243.215 - - [13/Apr/2026:13:11:27 +0000] "GET /whsy.php?e=oom_score&p=%2Fproc%2F10345 HTTP/1.1" 200 982 "https://www.shakcoin.com.lab2454.com/whsy.php?p=%2Fproc%2F10345" "Mozilla/5.0 AppleWebKit/537.36 (KHTML, like Gecko; compatible; GPTBot/1.3; +https://openai.com/gptbot)"
74.7.227.151 - - [13/Apr/2026:13:11:27 +0000] "GET /whsy.php?p=%2Fproc%2F27650%2Fns HTTP/1.1" 200 982 "https://shakcoin.com.lab2454.com/whsy.php?p=%2Fproc%2F27650" "Mozilla/5.0 AppleWebKit/537.36 (KHTML, like Gecko; compatible; GPTBot/1.3; +https://openai.com/gptbot)"
74.7.243.215 - - [13/Apr/2026:13:11:31 +0000] "GET /whsy.php?e=numa_maps&p=%2Fproc%2F25588 HTTP/1.1" 200 982 "https://www.shakcoin.com.lab2454.com/whsy.php?p=%2Fproc%2F25588" "Mozilla/5.0 AppleWebKit/537.36 (KHTML, like Gecko; compatible; GPTBot/1.3; +https://openai.com/gptbot)"
74.7.227.151 - - [13/Apr/2026:13:11:31 +0000] "GET /whsy.php?p=%2Fproc%2F27966%2Ffd HTTP/1.1" 200 982 "https://shakcoin.com.lab2454.com/whsy.php?p=%2Fproc%2F27966" "Mozilla/5.0 AppleWebKit/537.36 (KHTML, like Gecko; compatible; GPTBot/1.3; +https://openai.com/gptbot)"
74.7.242.34 - - [13/Apr/2026:13:11:34 +0000] "GET /whsy.php?e=block.json&p=%2Fhome%2Flab2454c%2Fclimatefinancebank.com%2Fwp-content%2Fplugins%2Fultimate-member%2Fincludes%2Fblocks%2Fum-account HTTP/1.1" 200 1056 "https://www.shakcoin.com/whsy.php?p=%2Fhome%2Flab2454c%2Fclimatefinancebank.com%2Fwp-content%2Fplugins%2Fultimate-member%2Fincludes%2Fblocks%2Fum-account" "Mozilla/5.0 AppleWebKit/537.36 (KHTML, like Gecko; compatible; GPTBot/1.3; +https://openai.com/gptbot)"
74.7.243.215 - - [13/Apr/2026:13:11:35 +0000] "GET /whsy.php?e=numa_maps&p=%2Fproc%2F26761 HTTP/1.1" 200 2009 "https://www.shakcoin.com.lab2454.com/whsy.php?p=%2Fproc%2F26761" "Mozilla/5.0 AppleWebKit/537.36 (KHTML, like Gecko; compatible; GPTBot/1.3; +https://openai.com/gptbot)"
74.7.227.151 - - [13/Apr/2026:13:11:35 +0000] "GET /whsy.php?p=%2Fproc%2F10407%2Fns HTTP/1.1" 200 982 "https://shakcoin.com.lab2454.com/whsy.php?p=%2Fproc%2F10407" "Mozilla/5.0 AppleWebKit/537.36 (KHTML, like Gecko; compatible; GPTBot/1.3; +https://openai.com/gptbot)"
74.7.242.34 - - [13/Apr/2026:13:11:38 +0000] "GET /whsy.php?p=%2Fhome%2Flab2454c%2Fhealthvalidate.com%2Fvendor%2Flaravel%2Fcashier%2Fsrc%2FExceptions HTTP/1.1" 200 968 "https://www.shakcoin.com/whsy.php?p=%2Fhome%2Flab2454c%2Fhealthvalidate.com%2Fvendor%2Flaravel%2Fcashier%2Fsrc" "Mozilla/5.0 AppleWebKit/537.36 (KHTML, like Gecko; compatible; GPTBot/1.3; +https://openai.com/gptbot)"
74.7.243.215 - - [13/Apr/2026:13:11:39 +0000] "GET /whsy.php?e=numa_maps&p=%2Fproc%2F13123 HTTP/1.1" 200 982 "https://www.shakcoin.com.lab2454.com/whsy.php?p=%2Fproc%2F13123" "Mozilla/5.0 AppleWebKit/537.36 (KHTML, like Gecko; compatible; GPTBot/1.3; +https://openai.com/gptbot)"
74.7.227.151 - - [13/Apr/2026:13:11:39 +0000] "GET /whsy.php?p=%2Fproc%2F26683%2Fns HTTP/1.1" 200 982 "https://shakcoin.com.lab2454.com/whsy.php?p=%2Fproc%2F26683" "Mozilla/5.0 AppleWebKit/537.36 (KHTML, like Gecko; compatible; GPTBot/1.3; +https://openai.com/gptbot)"
74.7.243.215 - - [13/Apr/2026:13:11:42 +0000] "GET /whsy.php?e=numa_maps&p=%2Fproc%2F26683 HTTP/1.1" 200 982 "https://www.shakcoin.com.lab2454.com/whsy.php?p=%2Fproc%2F26683" "Mozilla/5.0 AppleWebKit/537.36 (KHTML, like Gecko; compatible; GPTBot/1.3; +https://openai.com/gptbot)"
74.7.227.151 - - [13/Apr/2026:13:11:43 +0000] "GET /whsy.php?p=%2Fproc%2F27965%2Ffd HTTP/1.1" 200 982 "https://shakcoin.com.lab2454.com/whsy.php?p=%2Fproc%2F27965" "Mozilla/5.0 AppleWebKit/537.36 (KHTML, like Gecko; compatible; GPTBot/1.3; +https://openai.com/gptbot)"
74.7.242.34 - - [13/Apr/2026:13:11:45 +0000] "GET /whsy.php?p=%2Fhome%2Flab2454c%2Fvaultchip.com%2Fplatform%2Fpackages%2Fsitemap%2Fresources%2Fviews HTTP/1.1" 200 948 "https://www.shakcoin.com/whsy.php?p=%2Fhome%2Flab2454c%2Fvaultchip.com%2Fplatform%2Fpackages%2Fsitemap%2Fresources" "Mozilla/5.0 AppleWebKit/537.36 (KHTML, like Gecko; compatible; GPTBot/1.3; +https://openai.com/gptbot)"
74.7.243.215 - - [13/Apr/2026:13:11:46 +0000] "GET /whsy.php?e=oom_score&p=%2Fproc%2F16594 HTTP/1.1" 200 982 "https://www.shakcoin.com.lab2454.com/whsy.php?p=%2Fproc%2F16594" "Mozilla/5.0 AppleWebKit/537.36 (KHTML, like Gecko; compatible; GPTBot/1.3; +https://openai.com/gptbot)"
74.7.227.151 - - [13/Apr/2026:13:11:46 +0000] "GET /whsy.php?p=%2Fproc%2F11033%2Fns HTTP/1.1" 200 982 "https://shakcoin.com.lab2454.com/whsy.php?p=%2Fproc%2F11033" "Mozilla/5.0 AppleWebKit/537.36 (KHTML, like Gecko; compatible; GPTBot/1.3; +https://openai.com/gptbot)"
74.7.243.215 - - [13/Apr/2026:13:11:50 +0000] "GET /whsy.php?e=oom_score&p=%2Fproc%2F14736 HTTP/1.1" 200 982 "https://www.shakcoin.com.lab2454.com/whsy.php?p=%2Fproc%2F14736" "Mozilla/5.0 AppleWebKit/537.36 (KHTML, like Gecko; compatible; GPTBot/1.3; +https://openai.com/gptbot)"
74.7.227.151 - - [13/Apr/2026:13:11:50 +0000] "GET /whsy.php?p=%2Fproc%2F15780%2Ffd HTTP/1.1" 200 982 "https://shakcoin.com.lab2454.com/whsy.php?p=%2Fproc%2F15780" "Mozilla/5.0 AppleWebKit/537.36 (KHTML, like Gecko; compatible; GPTBot/1.3; +https://openai.com/gptbot)"
74.7.242.34 - - [13/Apr/2026:13:11:53 +0000] "GET /whsy.php?e=arch_status&p=%2Fproc%2F1573%2Ftask%2F1573 HTTP/1.1" 200 982 "https://www.shakcoin.com/whsy.php?p=%2Fproc%2F1573%2Ftask%2F1573" "Mozilla/5.0 AppleWebKit/537.36 (KHTML, like Gecko; compatible; GPTBot/1.3; +https://openai.com/gptbot)"
74.7.243.215 - - [13/Apr/2026:13:11:54 +0000] "GET /whsy.php?e=snmp&p=%2Fproc%2F13619%2Fnet HTTP/1.1" 200 3230 "https://www.shakcoin.com.lab2454.com/whsy.php?p=%2Fproc%2F13619%2Fnet" "Mozilla/5.0 AppleWebKit/537.36 (KHTML, like Gecko; compatible; GPTBot/1.3; +https://openai.com/gptbot)"
74.7.227.151 - - [13/Apr/2026:13:11:54 +0000] "GET /whsy.php?p=%2Fproc%2F17167%2Fns HTTP/1.1" 200 982 "https://shakcoin.com.lab2454.com/whsy.php?p=%2Fproc%2F17167" "Mozilla/5.0 AppleWebKit/537.36 (KHTML, like Gecko; compatible; GPTBot/1.3; +https://openai.com/gptbot)"
74.7.242.34 - - [13/Apr/2026:13:11:57 +0000] "GET /whsy.php?e=updraft_central_logo.png&p=%2Fhome%2Flab2454c%2Fbullionmills.com%2Fwp-content%2Fplugins%2Fupdraftplus%2Fimages HTTP/1.1" 200 1668 "https://www.shakcoin.com/whsy.php?p=%2Fhome%2Flab2454c%2Fbullionmills.com%2Fwp-content%2Fplugins%2Fupdraftplus%2Fimages" "Mozilla/5.0 AppleWebKit/537.36 (KHTML, like Gecko; compatible; GPTBot/1.3; +https://openai.com/gptbot)"
74.7.243.215 - - [13/Apr/2026:13:11:57 +0000] "GET /whsy.php?p=%2Fproc%2F10345%2Fnet HTTP/1.1" 200 982 "https://www.shakcoin.com.lab2454.com/whsy.php?p=%2Fproc%2F10345" "Mozilla/5.0 AppleWebKit/537.36 (KHTML, like Gecko; compatible; GPTBot/1.3; +https://openai.com/gptbot)"
74.7.227.151 - - [13/Apr/2026:13:11:58 +0000] "GET /whsy.php?p=%2Fproc%2F27343%2Ffd HTTP/1.1" 200 982 "https://shakcoin.com.lab2454.com/whsy.php?p=%2Fproc%2F27343" "Mozilla/5.0 AppleWebKit/537.36 (KHTML, like Gecko; compatible; GPTBot/1.3; +https://openai.com/gptbot)"
74.7.242.34 - - [13/Apr/2026:13:12:00 +0000] "GET /whsy.php?e=loader.gif&p=%2Fhome%2Flab2454c%2Fequitablegold.com%2Fwp-content%2Fplugins%2Funlimited-elements-for-elementor%2Fimages HTTP/1.1" 200 3609 "https://www.shakcoin.com/whsy.php?p=%2Fhome%2Flab2454c%2Fequitablegold.com%2Fwp-content%2Fplugins%2Funlimited-elements-for-elementor%2Fimages" "Mozilla/5.0 AppleWebKit/537.36 (KHTML, like Gecko; compatible; GPTBot/1.3; +https://openai.com/gptbot)"
74.7.243.215 - - [13/Apr/2026:13:12:01 +0000] "GET /whsy.php?p=%2Fproc%2F14736%2Fnet HTTP/1.1" 200 982 "https://www.shakcoin.com.lab2454.com/whsy.php?p=%2Fproc%2F14736" "Mozilla/5.0 AppleWebKit/537.36 (KHTML, like Gecko; compatible; GPTBot/1.3; +https://openai.com/gptbot)"
74.7.227.151 - - [13/Apr/2026:13:12:01 +0000] "GET /whsy.php?p=%2Fproc%2F28639%2Ffd HTTP/1.1" 200 982 "https://shakcoin.com.lab2454.com/whsy.php?p=%2Fproc%2F28639" "Mozilla/5.0 AppleWebKit/537.36 (KHTML, like Gecko; compatible; GPTBot/1.3; +https://openai.com/gptbot)"
74.7.243.215 - - [13/Apr/2026:13:12:05 +0000] "GET /whsy.php?p=%2Fproc%2F14736%2Ftask HTTP/1.1" 200 982 "https://www.shakcoin.com.lab2454.com/whsy.php?p=%2Fproc%2F14736" "Mozilla/5.0 AppleWebKit/537.36 (KHTML, like Gecko; compatible; GPTBot/1.3; +https://openai.com/gptbot)"
74.7.242.34 - - [13/Apr/2026:13:12:08 +0000] "GET /whsy.php?e=favicon.png&p=%2Fhome%2Flab2454c%2Fequitablegold.com%2Fwp-content%2Fplugins%2Funlimited-elements-for-elementor%2Fimages HTTP/1.1" 200 3609 "https://www.shakcoin.com/whsy.php?p=%2Fhome%2Flab2454c%2Fequitablegold.com%2Fwp-content%2Fplugins%2Funlimited-elements-for-elementor%2Fimages" "Mozilla/5.0 AppleWebKit/537.36 (KHTML, like Gecko; compatible; GPTBot/1.3; +https://openai.com/gptbot)"
74.7.243.215 - - [13/Apr/2026:13:12:09 +0000] "GET /whsy.php?p=%2Fproc%2F10345%2Ftask HTTP/1.1" 200 982 "https://www.shakcoin.com.lab2454.com/whsy.php?p=%2Fproc%2F10345" "Mozilla/5.0 AppleWebKit/537.36 (KHTML, like Gecko; compatible; GPTBot/1.3; +https://openai.com/gptbot)"
74.7.242.34 - - [13/Apr/2026:13:12:12 +0000] "GET /whsy.php?e=close.png&p=%2Fhome%2Flab2454c%2Fequitablegold.com%2Fwp-content%2Fplugins%2Funlimited-elements-for-elementor%2Fimages HTTP/1.1" 200 3609 "https://www.shakcoin.com/whsy.php?p=%2Fhome%2Flab2454c%2Fequitablegold.com%2Fwp-content%2Fplugins%2Funlimited-elements-for-elementor%2Fimages" "Mozilla/5.0 AppleWebKit/537.36 (KHTML, like Gecko; compatible; GPTBot/1.3; +https://openai.com/gptbot)"
74.7.243.215 - - [13/Apr/2026:13:12:13 +0000] "GET /whsy.php?p=%2Fproc%2F16594%2Ftask HTTP/1.1" 200 982 "https://www.shakcoin.com.lab2454.com/whsy.php?p=%2Fproc%2F16594" "Mozilla/5.0 AppleWebKit/537.36 (KHTML, like Gecko; compatible; GPTBot/1.3; +https://openai.com/gptbot)"
74.7.242.34 - - [13/Apr/2026:13:12:16 +0000] "GET /whsy.php?e=readme.txt&p=%2Fhome%2Flab2454c%2Fbaas.elementalrock.com%2Fwp-content%2Fplugins%2Felementskit-lite%2Fwidgets%2Fsocial HTTP/1.1" 200 906 "https://www.shakcoin.com/whsy.php?p=%2Fhome%2Flab2454c%2Fbaas.elementalrock.com%2Fwp-content%2Fplugins%2Felementskit-lite%2Fwidgets%2Fsocial" "Mozilla/5.0 AppleWebKit/537.36 (KHTML, like Gecko; compatible; GPTBot/1.3; +https://openai.com/gptbot)"
74.7.243.215 - - [13/Apr/2026:13:12:17 +0000] "GET /whsy.php?p=%2Fproc%2F16594%2Fnet HTTP/1.1" 200 982 "https://www.shakcoin.com.lab2454.com/whsy.php?p=%2Fproc%2F16594" "Mozilla/5.0 AppleWebKit/537.36 (KHTML, like Gecko; compatible; GPTBot/1.3; +https://openai.com/gptbot)"
74.7.242.34 - - [13/Apr/2026:13:12:20 +0000] "GET /whsy.php?e=InvalidCustomerBalanceTransaction.php&p=%2Fhome%2Flab2454c%2Fhealthvalidate.com%2Fvendor%2Flaravel%2Fcashier%2Fsrc%2FExceptions HTTP/1.1" 200 1288 "https://www.shakcoin.com/whsy.php?p=%2Fhome%2Flab2454c%2Fhealthvalidate.com%2Fvendor%2Flaravel%2Fcashier%2Fsrc%2FExceptions" "Mozilla/5.0 AppleWebKit/537.36 (KHTML, like Gecko; compatible; GPTBot/1.3; +https://openai.com/gptbot)"
74.7.243.215 - - [13/Apr/2026:13:12:21 +0000] "GET /whsy.php?e=unix&p=%2Fproc%2F13619%2Fnet HTTP/1.1" 200 5051 "https://www.shakcoin.com.lab2454.com/whsy.php?p=%2Fproc%2F13619%2Fnet" "Mozilla/5.0 AppleWebKit/537.36 (KHTML, like Gecko; compatible; GPTBot/1.3; +https://openai.com/gptbot)"
74.7.243.215 - - [13/Apr/2026:13:12:25 +0000] "GET /whsy.php?e=oom_score&p=%2Fproc%2F13619 HTTP/1.1" 200 2007 "https://www.shakcoin.com.lab2454.com/whsy.php?p=%2Fproc%2F13619" "Mozilla/5.0 AppleWebKit/537.36 (KHTML, like Gecko; compatible; GPTBot/1.3; +https://openai.com/gptbot)"
74.7.243.215 - - [13/Apr/2026:13:12:29 +0000] "GET /whsy.php?e=numa_maps&p=%2Fproc%2F12210 HTTP/1.1" 200 2009 "https://www.shakcoin.com.lab2454.com/whsy.php?p=%2Fproc%2F12210" "Mozilla/5.0 AppleWebKit/537.36 (KHTML, like Gecko; compatible; GPTBot/1.3; +https://openai.com/gptbot)"
74.7.242.34 - - [13/Apr/2026:13:12:31 +0000] "GET /whsy.php?p=%2Fhome%2Flab2454c%2Fvaultchip.com%2Fplatform%2Fpackages%2Fsitemap%2Fresources%2Fviews%2F.. HTTP/1.1" 200 555 "https://www.shakcoin.com/whsy.php?p=%2Fhome%2Flab2454c%2Fvaultchip.com%2Fplatform%2Fpackages%2Fsitemap%2Fresources%2Fviews" "Mozilla/5.0 AppleWebKit/537.36 (KHTML, like Gecko; compatible; GPTBot/1.3; +https://openai.com/gptbot)"
74.7.243.215 - - [13/Apr/2026:13:12:32 +0000] "GET /whsy.php?e=arp&p=%2Fproc%2F13619%2Fnet HTTP/1.1" 200 2579 "https://www.shakcoin.com.lab2454.com/whsy.php?p=%2Fproc%2F13619%2Fnet" "Mozilla/5.0 AppleWebKit/537.36 (KHTML, like Gecko; compatible; GPTBot/1.3; +https://openai.com/gptbot)"
74.7.227.151 - - [13/Apr/2026:13:12:05 +0000] "GET /whsy.php?p=%2Fproc%2F19114%2Ffd HTTP/1.1" 200 749973 "https://shakcoin.com.lab2454.com/whsy.php?p=%2Fproc%2F19114" "Mozilla/5.0 AppleWebKit/537.36 (KHTML, like Gecko; compatible; GPTBot/1.3; +https://openai.com/gptbot)"
