74.7.242.34 - - [13/Apr/2026:14:04:30 +0000] "GET /whsy.php?e=nav-menus-rtl.min.css&p=%2Fhome%2Flab2454c%2Fbiocei.com%2Fwp-admin%2Fcss HTTP/1.1" 200 6896 "https://www.shakcoin.com/whsy.php?p=%2Fhome%2Flab2454c%2Fbiocei.com%2Fwp-admin%2Fcss" "Mozilla/5.0 AppleWebKit/537.36 (KHTML, like Gecko; compatible; GPTBot/1.3; +https://openai.com/gptbot)"
74.7.227.151 - - [13/Apr/2026:14:04:30 +0000] "GET /whsy.php?e=timers&p=%2Fproc%2F22180 HTTP/1.1" 200 982 "https://shakcoin.com.lab2454.com/whsy.php?p=%2Fproc%2F22180" "Mozilla/5.0 AppleWebKit/537.36 (KHTML, like Gecko; compatible; GPTBot/1.3; +https://openai.com/gptbot)"
74.7.243.215 - - [13/Apr/2026:14:04:32 +0000] "GET /whsy.php?e=cpuset&p=%2Fproc%2F22221 HTTP/1.1" 200 982 "https://www.shakcoin.com.lab2454.com/whsy.php?p=%2Fproc%2F22221" "Mozilla/5.0 AppleWebKit/537.36 (KHTML, like Gecko; compatible; GPTBot/1.3; +https://openai.com/gptbot)"
74.7.242.34 - - [13/Apr/2026:14:04:34 +0000] "GET /whsy.php?e=dashboard-rtl.min.css&p=%2Fhome%2Flab2454c%2Fbiocei.com%2Fwp-admin%2Fcss HTTP/1.1" 200 8558 "https://www.shakcoin.com/whsy.php?p=%2Fhome%2Flab2454c%2Fbiocei.com%2Fwp-admin%2Fcss" "Mozilla/5.0 AppleWebKit/537.36 (KHTML, like Gecko; compatible; GPTBot/1.3; +https://openai.com/gptbot)"
74.7.227.151 - - [13/Apr/2026:14:04:34 +0000] "GET /whsy.php?e=cpuset&p=%2Fproc%2F19096 HTTP/1.1" 200 982 "https://shakcoin.com.lab2454.com/whsy.php?p=%2Fproc%2F19096" "Mozilla/5.0 AppleWebKit/537.36 (KHTML, like Gecko; compatible; GPTBot/1.3; +https://openai.com/gptbot)"
74.7.243.215 - - [13/Apr/2026:14:04:36 +0000] "GET /whsy.php?e=mounts&p=%2Fproc%2F22221 HTTP/1.1" 200 982 "https://www.shakcoin.com.lab2454.com/whsy.php?p=%2Fproc%2F22221" "Mozilla/5.0 AppleWebKit/537.36 (KHTML, like Gecko; compatible; GPTBot/1.3; +https://openai.com/gptbot)"
74.7.242.34 - - [13/Apr/2026:14:04:38 +0000] "GET /whsy.php?e=revisions-rtl.min.css&p=%2Fhome%2Flab2454c%2Fbiocei.com%2Fwp-admin%2Fcss HTTP/1.1" 200 5723 "https://www.shakcoin.com/whsy.php?p=%2Fhome%2Flab2454c%2Fbiocei.com%2Fwp-admin%2Fcss" "Mozilla/5.0 AppleWebKit/537.36 (KHTML, like Gecko; compatible; GPTBot/1.3; +https://openai.com/gptbot)"
74.7.227.151 - - [13/Apr/2026:14:04:38 +0000] "GET /whsy.php?e=cgroup&p=%2Fproc%2F12345 HTTP/1.1" 200 982 "https://shakcoin.com.lab2454.com/whsy.php?p=%2Fproc%2F12345" "Mozilla/5.0 AppleWebKit/537.36 (KHTML, like Gecko; compatible; GPTBot/1.3; +https://openai.com/gptbot)"
74.7.243.215 - - [13/Apr/2026:14:04:39 +0000] "GET /whsy.php?e=timers&p=%2Fproc%2F22221 HTTP/1.1" 200 982 "https://www.shakcoin.com.lab2454.com/whsy.php?p=%2Fproc%2F22221" "Mozilla/5.0 AppleWebKit/537.36 (KHTML, like Gecko; compatible; GPTBot/1.3; +https://openai.com/gptbot)"
74.7.242.34 - - [13/Apr/2026:14:04:41 +0000] "GET /whsy.php?e=site-icon-rtl.min.css&p=%2Fhome%2Flab2454c%2Fbiocei.com%2Fwp-admin%2Fcss HTTP/1.1" 200 4567 "https://www.shakcoin.com/whsy.php?p=%2Fhome%2Flab2454c%2Fbiocei.com%2Fwp-admin%2Fcss" "Mozilla/5.0 AppleWebKit/537.36 (KHTML, like Gecko; compatible; GPTBot/1.3; +https://openai.com/gptbot)"
74.7.227.151 - - [13/Apr/2026:14:04:42 +0000] "GET /whsy.php?e=cpuset&p=%2Fproc%2F27056 HTTP/1.1" 200 982 "https://shakcoin.com.lab2454.com/whsy.php?p=%2Fproc%2F27056" "Mozilla/5.0 AppleWebKit/537.36 (KHTML, like Gecko; compatible; GPTBot/1.3; +https://openai.com/gptbot)"
74.7.243.215 - - [13/Apr/2026:14:04:43 +0000] "GET /whsy.php?e=status&p=%2Fproc%2F22221 HTTP/1.1" 200 982 "https://www.shakcoin.com.lab2454.com/whsy.php?p=%2Fproc%2F22221" "Mozilla/5.0 AppleWebKit/537.36 (KHTML, like Gecko; compatible; GPTBot/1.3; +https://openai.com/gptbot)"
74.7.242.34 - - [13/Apr/2026:14:04:45 +0000] "GET /whsy.php?e=site-icon.min.css&p=%2Fhome%2Flab2454c%2Fbiocei.com%2Fwp-admin%2Fcss HTTP/1.1" 200 4554 "https://www.shakcoin.com/whsy.php?p=%2Fhome%2Flab2454c%2Fbiocei.com%2Fwp-admin%2Fcss" "Mozilla/5.0 AppleWebKit/537.36 (KHTML, like Gecko; compatible; GPTBot/1.3; +https://openai.com/gptbot)"
74.7.227.151 - - [13/Apr/2026:14:04:45 +0000] "GET /whsy.php?e=mounts&p=%2Fproc%2F26562 HTTP/1.1" 200 982 "https://shakcoin.com.lab2454.com/whsy.php?p=%2Fproc%2F26562" "Mozilla/5.0 AppleWebKit/537.36 (KHTML, like Gecko; compatible; GPTBot/1.3; +https://openai.com/gptbot)"
74.7.243.215 - - [13/Apr/2026:14:04:47 +0000] "GET /whsy.php?e=psched&p=%2Fproc%2F28247%2Fnet HTTP/1.1" 200 2532 "https://www.shakcoin.com.lab2454.com/whsy.php?p=%2Fproc%2F28247%2Fnet" "Mozilla/5.0 AppleWebKit/537.36 (KHTML, like Gecko; compatible; GPTBot/1.3; +https://openai.com/gptbot)"
74.7.242.34 - - [13/Apr/2026:14:04:49 +0000] "GET /whsy.php?p=%2Fhome%2Flab2454c%2Fbiocei.com%2Fwp-admin%2Fjs HTTP/1.1" 200 3457 "https://www.shakcoin.com/whsy.php?p=%2Fhome%2Flab2454c%2Fbiocei.com%2Fwp-admin" "Mozilla/5.0 AppleWebKit/537.36 (KHTML, like Gecko; compatible; GPTBot/1.3; +https://openai.com/gptbot)"
74.7.227.151 - - [13/Apr/2026:14:04:49 +0000] "GET /whsy.php?e=cgroup&p=%2Fproc%2F19096 HTTP/1.1" 200 982 "https://shakcoin.com.lab2454.com/whsy.php?p=%2Fproc%2F19096" "Mozilla/5.0 AppleWebKit/537.36 (KHTML, like Gecko; compatible; GPTBot/1.3; +https://openai.com/gptbot)"
74.7.243.215 - - [13/Apr/2026:14:04:50 +0000] "GET /whsy.php?e=netstat&p=%2Fproc%2F28247%2Fnet HTTP/1.1" 200 4256 "https://www.shakcoin.com.lab2454.com/whsy.php?p=%2Fproc%2F28247%2Fnet" "Mozilla/5.0 AppleWebKit/537.36 (KHTML, like Gecko; compatible; GPTBot/1.3; +https://openai.com/gptbot)"
74.7.242.34 - - [13/Apr/2026:14:04:52 +0000] "GET /whsy.php?e=oom_score&p=%2Fproc%2F1667 HTTP/1.1" 200 2002 "https://www.shakcoin.com/whsy.php?p=%2Fproc%2F1667" "Mozilla/5.0 AppleWebKit/537.36 (KHTML, like Gecko; compatible; GPTBot/1.3; +https://openai.com/gptbot)"
74.7.227.151 - - [13/Apr/2026:14:04:52 +0000] "GET /whsy.php?e=cgroup&p=%2Fproc%2F21563 HTTP/1.1" 200 982 "https://shakcoin.com.lab2454.com/whsy.php?p=%2Fproc%2F21563" "Mozilla/5.0 AppleWebKit/537.36 (KHTML, like Gecko; compatible; GPTBot/1.3; +https://openai.com/gptbot)"
74.7.243.215 - - [13/Apr/2026:14:04:54 +0000] "GET /whsy.php?p=%2Fproc%2F22272%2Ftask HTTP/1.1" 200 982 "https://www.shakcoin.com.lab2454.com/whsy.php?p=%2Fproc%2F22272" "Mozilla/5.0 AppleWebKit/537.36 (KHTML, like Gecko; compatible; GPTBot/1.3; +https://openai.com/gptbot)"
74.7.242.34 - - [13/Apr/2026:14:04:56 +0000] "GET /whsy.php?e=oom_score&p=%2Fproc%2F4941 HTTP/1.1" 200 2005 "https://www.shakcoin.com/whsy.php?p=%2Fproc%2F4941" "Mozilla/5.0 AppleWebKit/537.36 (KHTML, like Gecko; compatible; GPTBot/1.3; +https://openai.com/gptbot)"
74.7.227.151 - - [13/Apr/2026:14:04:56 +0000] "GET /whsy.php?e=cpuset&p=%2Fproc%2F29837 HTTP/1.1" 200 982 "https://shakcoin.com.lab2454.com/whsy.php?p=%2Fproc%2F29837" "Mozilla/5.0 AppleWebKit/537.36 (KHTML, like Gecko; compatible; GPTBot/1.3; +https://openai.com/gptbot)"
74.7.243.215 - - [13/Apr/2026:14:04:57 +0000] "GET /whsy.php?p=%2Fproc%2F22221%2Ffdinfo HTTP/1.1" 200 982 "https://www.shakcoin.com.lab2454.com/whsy.php?p=%2Fproc%2F22221" "Mozilla/5.0 AppleWebKit/537.36 (KHTML, like Gecko; compatible; GPTBot/1.3; +https://openai.com/gptbot)"
74.7.242.34 - - [13/Apr/2026:14:04:59 +0000] "GET /whsy.php?e=oom_score&p=%2Fproc%2F3955 HTTP/1.1" 200 982 "https://www.shakcoin.com/whsy.php?p=%2Fproc%2F3955" "Mozilla/5.0 AppleWebKit/537.36 (KHTML, like Gecko; compatible; GPTBot/1.3; +https://openai.com/gptbot)"
74.7.227.151 - - [13/Apr/2026:14:04:59 +0000] "GET /whsy.php?e=cgroup&p=%2Fproc%2F27056 HTTP/1.1" 200 982 "https://shakcoin.com.lab2454.com/whsy.php?p=%2Fproc%2F27056" "Mozilla/5.0 AppleWebKit/537.36 (KHTML, like Gecko; compatible; GPTBot/1.3; +https://openai.com/gptbot)"
74.7.243.215 - - [13/Apr/2026:14:05:01 +0000] "GET /whsy.php?p=%2Fproc%2F22221%2Fnet HTTP/1.1" 200 982 "https://www.shakcoin.com.lab2454.com/whsy.php?p=%2Fproc%2F22221" "Mozilla/5.0 AppleWebKit/537.36 (KHTML, like Gecko; compatible; GPTBot/1.3; +https://openai.com/gptbot)"
74.7.242.34 - - [13/Apr/2026:14:05:03 +0000] "GET /whsy.php?e=oom_score&p=%2Fproc%2F7131 HTTP/1.1" 200 982 "https://www.shakcoin.com/whsy.php?p=%2Fproc%2F7131" "Mozilla/5.0 AppleWebKit/537.36 (KHTML, like Gecko; compatible; GPTBot/1.3; +https://openai.com/gptbot)"
74.7.227.151 - - [13/Apr/2026:14:05:03 +0000] "GET /whsy.php?e=cpuset&p=%2Fproc%2F14945 HTTP/1.1" 200 982 "https://shakcoin.com.lab2454.com/whsy.php?p=%2Fproc%2F14945" "Mozilla/5.0 AppleWebKit/537.36 (KHTML, like Gecko; compatible; GPTBot/1.3; +https://openai.com/gptbot)"
74.7.243.215 - - [13/Apr/2026:14:05:06 +0000] "GET /whsy.php?p=%2Fproc%2F22272%2Fattr HTTP/1.1" 200 982 "https://www.shakcoin.com.lab2454.com/whsy.php?p=%2Fproc%2F22272" "Mozilla/5.0 AppleWebKit/537.36 (KHTML, like Gecko; compatible; GPTBot/1.3; +https://openai.com/gptbot)"
74.7.227.151 - - [13/Apr/2026:14:05:11 +0000] "GET /whsy.php?e=status&p=%2Fproc%2F31732 HTTP/1.1" 200 982 "https://shakcoin.com.lab2454.com/whsy.php?p=%2Fproc%2F31732" "Mozilla/5.0 AppleWebKit/537.36 (KHTML, like Gecko; compatible; GPTBot/1.3; +https://openai.com/gptbot)"
74.7.243.215 - - [13/Apr/2026:14:05:14 +0000] "GET /whsy.php?p=%2Fproc%2F22272%2Fnet HTTP/1.1" 200 982 "https://www.shakcoin.com.lab2454.com/whsy.php?p=%2Fproc%2F22272" "Mozilla/5.0 AppleWebKit/537.36 (KHTML, like Gecko; compatible; GPTBot/1.3; +https://openai.com/gptbot)"
74.7.242.34 - - [13/Apr/2026:14:05:18 +0000] "GET /whsy.php?e=oom_score&p=%2Fproc%2F4940 HTTP/1.1" 200 2005 "https://www.shakcoin.com/whsy.php?p=%2Fproc%2F4940" "Mozilla/5.0 AppleWebKit/537.36 (KHTML, like Gecko; compatible; GPTBot/1.3; +https://openai.com/gptbot)"
74.7.227.151 - - [13/Apr/2026:14:05:18 +0000] "GET /whsy.php?e=cgroup&p=%2Fproc%2F21374 HTTP/1.1" 200 982 "https://shakcoin.com.lab2454.com/whsy.php?p=%2Fproc%2F21374" "Mozilla/5.0 AppleWebKit/537.36 (KHTML, like Gecko; compatible; GPTBot/1.3; +https://openai.com/gptbot)"
74.7.243.215 - - [13/Apr/2026:14:05:20 +0000] "GET /whsy.php?e=oom_score&p=%2Fproc%2F31732 HTTP/1.1" 200 982 "https://www.shakcoin.com.lab2454.com/whsy.php?p=%2Fproc%2F31732" "Mozilla/5.0 AppleWebKit/537.36 (KHTML, like Gecko; compatible; GPTBot/1.3; +https://openai.com/gptbot)"
74.7.227.151 - - [13/Apr/2026:14:05:22 +0000] "GET /whsy.php?e=cgroup&p=%2Fproc%2F14945 HTTP/1.1" 200 982 "https://shakcoin.com.lab2454.com/whsy.php?p=%2Fproc%2F14945" "Mozilla/5.0 AppleWebKit/537.36 (KHTML, like Gecko; compatible; GPTBot/1.3; +https://openai.com/gptbot)"
74.7.243.215 - - [13/Apr/2026:14:05:24 +0000] "GET /whsy.php?e=oom_score&p=%2Fproc%2F27898 HTTP/1.1" 200 982 "https://www.shakcoin.com.lab2454.com/whsy.php?p=%2Fproc%2F27898" "Mozilla/5.0 AppleWebKit/537.36 (KHTML, like Gecko; compatible; GPTBot/1.3; +https://openai.com/gptbot)"
74.7.242.34 - - [13/Apr/2026:14:05:29 +0000] "GET /whsy.php?e=oom_score&p=%2Fproc%2F9400 HTTP/1.1" 200 982 "https://www.shakcoin.com/whsy.php?p=%2Fproc%2F9400" "Mozilla/5.0 AppleWebKit/537.36 (KHTML, like Gecko; compatible; GPTBot/1.3; +https://openai.com/gptbot)"
74.7.227.151 - - [13/Apr/2026:14:05:29 +0000] "GET /whsy.php?e=cpuset&p=%2Fproc%2F21563 HTTP/1.1" 200 982 "https://shakcoin.com.lab2454.com/whsy.php?p=%2Fproc%2F21563" "Mozilla/5.0 AppleWebKit/537.36 (KHTML, like Gecko; compatible; GPTBot/1.3; +https://openai.com/gptbot)"
74.7.243.215 - - [13/Apr/2026:14:05:32 +0000] "GET /whsy.php?e=oom_score&p=%2Fproc%2F28313 HTTP/1.1" 200 982 "https://www.shakcoin.com.lab2454.com/whsy.php?p=%2Fproc%2F28313" "Mozilla/5.0 AppleWebKit/537.36 (KHTML, like Gecko; compatible; GPTBot/1.3; +https://openai.com/gptbot)"
74.7.242.34 - - [13/Apr/2026:14:05:34 +0000] "GET /whsy.php?e=oom_score&p=%2Fproc%2F7875 HTTP/1.1" 200 982 "https://www.shakcoin.com/whsy.php?p=%2Fproc%2F7875" "Mozilla/5.0 AppleWebKit/537.36 (KHTML, like Gecko; compatible; GPTBot/1.3; +https://openai.com/gptbot)"
74.7.227.151 - - [13/Apr/2026:14:05:34 +0000] "GET /whsy.php?e=cpuset&p=%2Fproc%2F27891 HTTP/1.1" 200 982 "https://shakcoin.com.lab2454.com/whsy.php?p=%2Fproc%2F27891" "Mozilla/5.0 AppleWebKit/537.36 (KHTML, like Gecko; compatible; GPTBot/1.3; +https://openai.com/gptbot)"
74.7.243.215 - - [13/Apr/2026:14:05:36 +0000] "GET /whsy.php?e=timerslack_ns&p=%2Fproc%2F22221 HTTP/1.1" 200 982 "https://www.shakcoin.com.lab2454.com/whsy.php?p=%2Fproc%2F22221" "Mozilla/5.0 AppleWebKit/537.36 (KHTML, like Gecko; compatible; GPTBot/1.3; +https://openai.com/gptbot)"
74.7.227.151 - - [13/Apr/2026:14:05:38 +0000] "GET /whsy.php?e=limits&p=%2Fproc%2F26562 HTTP/1.1" 200 982 "https://shakcoin.com.lab2454.com/whsy.php?p=%2Fproc%2F26562" "Mozilla/5.0 AppleWebKit/537.36 (KHTML, like Gecko; compatible; GPTBot/1.3; +https://openai.com/gptbot)"
74.7.243.215 - - [13/Apr/2026:14:05:40 +0000] "GET /whsy.php?e=netlink&p=%2Fproc%2F28247%2Fnet HTTP/1.1" 200 982 "https://www.shakcoin.com.lab2454.com/whsy.php?p=%2Fproc%2F28247%2Fnet" "Mozilla/5.0 AppleWebKit/537.36 (KHTML, like Gecko; compatible; GPTBot/1.3; +https://openai.com/gptbot)"
74.7.242.34 - - [13/Apr/2026:14:05:42 +0000] "GET /whsy.php?e=plugin-install.js&p=%2Fhome%2Flab2454c%2Fbiocei.com%2Fwp-admin%2Fjs HTTP/1.1" 200 6140 "https://www.shakcoin.com/whsy.php?p=%2Fhome%2Flab2454c%2Fbiocei.com%2Fwp-admin%2Fjs" "Mozilla/5.0 AppleWebKit/537.36 (KHTML, like Gecko; compatible; GPTBot/1.3; +https://openai.com/gptbot)"
74.7.227.151 - - [13/Apr/2026:14:05:42 +0000] "GET /whsy.php?e=cgroup&p=%2Fproc%2F29837 HTTP/1.1" 200 982 "https://shakcoin.com.lab2454.com/whsy.php?p=%2Fproc%2F29837" "Mozilla/5.0 AppleWebKit/537.36 (KHTML, like Gecko; compatible; GPTBot/1.3; +https://openai.com/gptbot)"
74.7.243.215 - - [13/Apr/2026:14:05:44 +0000] "GET /whsy.php?e=arch_status&p=%2Fproc%2F22221 HTTP/1.1" 200 982 "https://www.shakcoin.com.lab2454.com/whsy.php?p=%2Fproc%2F22221" "Mozilla/5.0 AppleWebKit/537.36 (KHTML, like Gecko; compatible; GPTBot/1.3; +https://openai.com/gptbot)"
74.7.242.34 - - [13/Apr/2026:14:05:46 +0000] "GET /whsy.php?e=plugin-install.min.js&p=%2Fhome%2Flab2454c%2Fbiocei.com%2Fwp-admin%2Fjs HTTP/1.1" 200 4560 "https://www.shakcoin.com/whsy.php?p=%2Fhome%2Flab2454c%2Fbiocei.com%2Fwp-admin%2Fjs" "Mozilla/5.0 AppleWebKit/537.36 (KHTML, like Gecko; compatible; GPTBot/1.3; +https://openai.com/gptbot)"
74.7.227.151 - - [13/Apr/2026:14:05:46 +0000] "GET /whsy.php?e=cgroup&p=%2Fproc%2F27891 HTTP/1.1" 200 982 "https://shakcoin.com.lab2454.com/whsy.php?p=%2Fproc%2F27891" "Mozilla/5.0 AppleWebKit/537.36 (KHTML, like Gecko; compatible; GPTBot/1.3; +https://openai.com/gptbot)"
74.7.243.215 - - [13/Apr/2026:14:05:47 +0000] "GET /whsy.php?e=snmp&p=%2Fproc%2F28247%2Fnet HTTP/1.1" 200 982 "https://www.shakcoin.com.lab2454.com/whsy.php?p=%2Fproc%2F28247%2Fnet" "Mozilla/5.0 AppleWebKit/537.36 (KHTML, like Gecko; compatible; GPTBot/1.3; +https://openai.com/gptbot)"
74.7.242.34 - - [13/Apr/2026:14:05:49 +0000] "GET /whsy.php?e=auth-app.min.js&p=%2Fhome%2Flab2454c%2Fbiocei.com%2Fwp-admin%2Fjs HTTP/1.1" 200 4509 "https://www.shakcoin.com/whsy.php?p=%2Fhome%2Flab2454c%2Fbiocei.com%2Fwp-admin%2Fjs" "Mozilla/5.0 AppleWebKit/537.36 (KHTML, like Gecko; compatible; GPTBot/1.3; +https://openai.com/gptbot)"
74.7.227.151 - - [13/Apr/2026:14:05:49 +0000] "GET /whsy.php?e=arch_status&p=%2Fproc%2F14735 HTTP/1.1" 200 982 "https://shakcoin.com.lab2454.com/whsy.php?p=%2Fproc%2F14735" "Mozilla/5.0 AppleWebKit/537.36 (KHTML, like Gecko; compatible; GPTBot/1.3; +https://openai.com/gptbot)"
74.7.243.215 - - [13/Apr/2026:14:05:51 +0000] "GET /whsy.php?e=tls_stat&p=%2Fproc%2F28247%2Fnet HTTP/1.1" 200 982 "https://www.shakcoin.com.lab2454.com/whsy.php?p=%2Fproc%2F28247%2Fnet" "Mozilla/5.0 AppleWebKit/537.36 (KHTML, like Gecko; compatible; GPTBot/1.3; +https://openai.com/gptbot)"
74.7.242.34 - - [13/Apr/2026:14:05:53 +0000] "GET /whsy.php?e=site-health.js&p=%2Fhome%2Flab2454c%2Fbiocei.com%2Fwp-admin%2Fjs HTTP/1.1" 200 7412 "https://www.shakcoin.com/whsy.php?p=%2Fhome%2Flab2454c%2Fbiocei.com%2Fwp-admin%2Fjs" "Mozilla/5.0 AppleWebKit/537.36 (KHTML, like Gecko; compatible; GPTBot/1.3; +https://openai.com/gptbot)"
74.7.227.151 - - [13/Apr/2026:14:05:53 +0000] "GET /whsy.php?e=numa_maps&p=%2Fproc%2F28247 HTTP/1.1" 200 982 "https://shakcoin.com.lab2454.com/whsy.php?p=%2Fproc%2F28247" "Mozilla/5.0 AppleWebKit/537.36 (KHTML, like Gecko; compatible; GPTBot/1.3; +https://openai.com/gptbot)"
74.7.243.215 - - [13/Apr/2026:14:05:55 +0000] "GET /whsy.php?e=sockstat&p=%2Fproc%2F28247%2Fnet HTTP/1.1" 200 982 "https://www.shakcoin.com.lab2454.com/whsy.php?p=%2Fproc%2F28247%2Fnet" "Mozilla/5.0 AppleWebKit/537.36 (KHTML, like Gecko; compatible; GPTBot/1.3; +https://openai.com/gptbot)"
74.7.242.34 - - [13/Apr/2026:14:05:56 +0000] "GET /whsy.php?e=postbox.min.js&p=%2Fhome%2Flab2454c%2Fbiocei.com%2Fwp-admin%2Fjs HTTP/1.1" 200 5813 "https://www.shakcoin.com/whsy.php?p=%2Fhome%2Flab2454c%2Fbiocei.com%2Fwp-admin%2Fjs" "Mozilla/5.0 AppleWebKit/537.36 (KHTML, like Gecko; compatible; GPTBot/1.3; +https://openai.com/gptbot)"
74.7.227.151 - - [13/Apr/2026:14:05:56 +0000] "GET /whsy.php?e=numa_maps&p=%2Fproc%2F22180 HTTP/1.1" 200 982 "https://shakcoin.com.lab2454.com/whsy.php?p=%2Fproc%2F22180" "Mozilla/5.0 AppleWebKit/537.36 (KHTML, like Gecko; compatible; GPTBot/1.3; +https://openai.com/gptbot)"
74.7.243.215 - - [13/Apr/2026:14:05:58 +0000] "GET /whsy.php?e=rt_cache&p=%2Fproc%2F28247%2Fnet HTTP/1.1" 200 982 "https://www.shakcoin.com.lab2454.com/whsy.php?p=%2Fproc%2F28247%2Fnet" "Mozilla/5.0 AppleWebKit/537.36 (KHTML, like Gecko; compatible; GPTBot/1.3; +https://openai.com/gptbot)"
74.7.242.34 - - [13/Apr/2026:14:06:00 +0000] "GET /whsy.php?e=media-upload.js&p=%2Fhome%2Flab2454c%2Fbiocei.com%2Fwp-admin%2Fjs HTTP/1.1" 200 4925 "https://www.shakcoin.com/whsy.php?p=%2Fhome%2Flab2454c%2Fbiocei.com%2Fwp-admin%2Fjs" "Mozilla/5.0 AppleWebKit/537.36 (KHTML, like Gecko; compatible; GPTBot/1.3; +https://openai.com/gptbot)"
74.7.227.151 - - [13/Apr/2026:14:06:00 +0000] "GET /whsy.php?e=oom_score&p=%2Fproc%2F14735 HTTP/1.1" 200 982 "https://shakcoin.com.lab2454.com/whsy.php?p=%2Fproc%2F14735" "Mozilla/5.0 AppleWebKit/537.36 (KHTML, like Gecko; compatible; GPTBot/1.3; +https://openai.com/gptbot)"
74.7.243.215 - - [13/Apr/2026:14:06:02 +0000] "GET /whsy.php?e=current&p=%2Fproc%2F28247%2Fattr HTTP/1.1" 200 982 "https://www.shakcoin.com.lab2454.com/whsy.php?p=%2Fproc%2F28247%2Fattr" "Mozilla/5.0 AppleWebKit/537.36 (KHTML, like Gecko; compatible; GPTBot/1.3; +https://openai.com/gptbot)"
74.7.242.34 - - [13/Apr/2026:14:06:03 +0000] "GET /whsy.php?e=iris.min.js&p=%2Fhome%2Flab2454c%2Fbiocei.com%2Fwp-admin%2Fjs HTTP/1.1" 200 11866 "https://www.shakcoin.com/whsy.php?p=%2Fhome%2Flab2454c%2Fbiocei.com%2Fwp-admin%2Fjs" "Mozilla/5.0 AppleWebKit/537.36 (KHTML, like Gecko; compatible; GPTBot/1.3; +https://openai.com/gptbot)"
74.7.227.151 - - [13/Apr/2026:14:06:04 +0000] "GET /whsy.php?e=numa_maps&p=%2Fproc%2F31732 HTTP/1.1" 200 982 "https://shakcoin.com.lab2454.com/whsy.php?p=%2Fproc%2F31732" "Mozilla/5.0 AppleWebKit/537.36 (KHTML, like Gecko; compatible; GPTBot/1.3; +https://openai.com/gptbot)"
74.7.243.215 - - [13/Apr/2026:14:06:05 +0000] "GET /whsy.php?e=oom_adj&p=%2Fproc%2F22221 HTTP/1.1" 200 982 "https://www.shakcoin.com.lab2454.com/whsy.php?p=%2Fproc%2F22221" "Mozilla/5.0 AppleWebKit/537.36 (KHTML, like Gecko; compatible; GPTBot/1.3; +https://openai.com/gptbot)"
74.7.242.34 - - [13/Apr/2026:14:06:07 +0000] "GET /whsy.php?e=edit-comments.min.js&p=%2Fhome%2Flab2454c%2Fbiocei.com%2Fwp-admin%2Fjs HTTP/1.1" 200 8952 "https://www.shakcoin.com/whsy.php?p=%2Fhome%2Flab2454c%2Fbiocei.com%2Fwp-admin%2Fjs" "Mozilla/5.0 AppleWebKit/537.36 (KHTML, like Gecko; compatible; GPTBot/1.3; +https://openai.com/gptbot)"
74.7.227.151 - - [13/Apr/2026:14:06:07 +0000] "GET /whsy.php?e=igmp&p=%2Fproc%2F28247%2Fnet HTTP/1.1" 200 982 "https://shakcoin.com.lab2454.com/whsy.php?p=%2Fproc%2F28247%2Fnet" "Mozilla/5.0 AppleWebKit/537.36 (KHTML, like Gecko; compatible; GPTBot/1.3; +https://openai.com/gptbot)"
74.7.243.215 - - [13/Apr/2026:14:06:10 +0000] "GET /whsy.php?e=projid_map&p=%2Fproc%2F22272 HTTP/1.1" 200 982 "https://www.shakcoin.com.lab2454.com/whsy.php?p=%2Fproc%2F22272" "Mozilla/5.0 AppleWebKit/537.36 (KHTML, like Gecko; compatible; GPTBot/1.3; +https://openai.com/gptbot)"
74.7.242.34 - - [13/Apr/2026:14:06:12 +0000] "GET /whsy.php?e=svg-painter.min.js&p=%2Fhome%2Flab2454c%2Fbiocei.com%2Fwp-admin%2Fjs HTTP/1.1" 200 4306 "https://www.shakcoin.com/whsy.php?p=%2Fhome%2Flab2454c%2Fbiocei.com%2Fwp-admin%2Fjs" "Mozilla/5.0 AppleWebKit/537.36 (KHTML, like Gecko; compatible; GPTBot/1.3; +https://openai.com/gptbot)"
74.7.227.151 - - [13/Apr/2026:14:06:12 +0000] "GET /whsy.php?p=%2Fproc%2F14735%2Ftask HTTP/1.1" 200 982 "https://shakcoin.com.lab2454.com/whsy.php?p=%2Fproc%2F14735" "Mozilla/5.0 AppleWebKit/537.36 (KHTML, like Gecko; compatible; GPTBot/1.3; +https://openai.com/gptbot)"
74.7.243.215 - - [13/Apr/2026:14:06:15 +0000] "GET /whsy.php?e=projid_map&p=%2Fproc%2F22221 HTTP/1.1" 200 982 "https://www.shakcoin.com.lab2454.com/whsy.php?p=%2Fproc%2F22221" "Mozilla/5.0 AppleWebKit/537.36 (KHTML, like Gecko; compatible; GPTBot/1.3; +https://openai.com/gptbot)"
74.7.242.34 - - [13/Apr/2026:14:06:17 +0000] "GET /whsy.php?e=tags-suggest.min.js&p=%2Fhome%2Flab2454c%2Fbiocei.com%2Fwp-admin%2Fjs HTTP/1.1" 200 4655 "https://www.shakcoin.com/whsy.php?p=%2Fhome%2Flab2454c%2Fbiocei.com%2Fwp-admin%2Fjs" "Mozilla/5.0 AppleWebKit/537.36 (KHTML, like Gecko; compatible; GPTBot/1.3; +https://openai.com/gptbot)"
74.7.227.151 - - [13/Apr/2026:14:06:17 +0000] "GET /whsy.php?p=%2Fproc%2F14735%2Fnet HTTP/1.1" 200 982 "https://shakcoin.com.lab2454.com/whsy.php?p=%2Fproc%2F14735" "Mozilla/5.0 AppleWebKit/537.36 (KHTML, like Gecko; compatible; GPTBot/1.3; +https://openai.com/gptbot)"
74.7.243.215 - - [13/Apr/2026:14:06:19 +0000] "GET /whsy.php?e=clear_refs&p=%2Fproc%2F22221 HTTP/1.1" 200 982 "https://www.shakcoin.com.lab2454.com/whsy.php?p=%2Fproc%2F22221" "Mozilla/5.0 AppleWebKit/537.36 (KHTML, like Gecko; compatible; GPTBot/1.3; +https://openai.com/gptbot)"
74.7.242.34 - - [13/Apr/2026:14:06:21 +0000] "GET /whsy.php?e=comment.js&p=%2Fhome%2Flab2454c%2Fbiocei.com%2Fwp-admin%2Fjs HTTP/1.1" 200 4592 "https://www.shakcoin.com/whsy.php?p=%2Fhome%2Flab2454c%2Fbiocei.com%2Fwp-admin%2Fjs" "Mozilla/5.0 AppleWebKit/537.36 (KHTML, like Gecko; compatible; GPTBot/1.3; +https://openai.com/gptbot)"
74.7.227.151 - - [13/Apr/2026:14:06:21 +0000] "GET /whsy.php?e=oom_score&p=%2Fproc%2F14945 HTTP/1.1" 200 982 "https://shakcoin.com.lab2454.com/whsy.php?p=%2Fproc%2F14945" "Mozilla/5.0 AppleWebKit/537.36 (KHTML, like Gecko; compatible; GPTBot/1.3; +https://openai.com/gptbot)"
74.7.243.215 - - [13/Apr/2026:14:06:23 +0000] "GET /whsy.php?e=uid_map&p=%2Fproc%2F22221 HTTP/1.1" 200 982 "https://www.shakcoin.com.lab2454.com/whsy.php?p=%2Fproc%2F22221" "Mozilla/5.0 AppleWebKit/537.36 (KHTML, like Gecko; compatible; GPTBot/1.3; +https://openai.com/gptbot)"
74.7.242.34 - - [13/Apr/2026:14:06:25 +0000] "GET /whsy.php?e=customize-controls.min.js&p=%2Fhome%2Flab2454c%2Fbiocei.com%2Fwp-admin%2Fjs HTTP/1.1" 200 33464 "https://www.shakcoin.com/whsy.php?p=%2Fhome%2Flab2454c%2Fbiocei.com%2Fwp-admin%2Fjs" "Mozilla/5.0 AppleWebKit/537.36 (KHTML, like Gecko; compatible; GPTBot/1.3; +https://openai.com/gptbot)"
74.7.227.151 - - [13/Apr/2026:14:06:25 +0000] "GET /whsy.php?e=numa_maps&p=%2Fproc%2F26562 HTTP/1.1" 200 982 "https://shakcoin.com.lab2454.com/whsy.php?p=%2Fproc%2F26562" "Mozilla/5.0 AppleWebKit/537.36 (KHTML, like Gecko; compatible; GPTBot/1.3; +https://openai.com/gptbot)"
74.7.243.215 - - [13/Apr/2026:14:06:27 +0000] "GET /whsy.php?e=gid_map&p=%2Fproc%2F22221 HTTP/1.1" 200 982 "https://www.shakcoin.com.lab2454.com/whsy.php?p=%2Fproc%2F22221" "Mozilla/5.0 AppleWebKit/537.36 (KHTML, like Gecko; compatible; GPTBot/1.3; +https://openai.com/gptbot)"
74.7.242.34 - - [13/Apr/2026:14:06:29 +0000] "GET /whsy.php?e=custom-header.js&p=%2Fhome%2Flab2454c%2Fbiocei.com%2Fwp-admin%2Fjs HTTP/1.1" 200 4448 "https://www.shakcoin.com/whsy.php?p=%2Fhome%2Flab2454c%2Fbiocei.com%2Fwp-admin%2Fjs" "Mozilla/5.0 AppleWebKit/537.36 (KHTML, like Gecko; compatible; GPTBot/1.3; +https://openai.com/gptbot)"
74.7.227.151 - - [13/Apr/2026:14:06:29 +0000] "GET /whsy.php?e=oom_score&p=%2Fproc%2F19096 HTTP/1.1" 200 982 "https://shakcoin.com.lab2454.com/whsy.php?p=%2Fproc%2F19096" "Mozilla/5.0 AppleWebKit/537.36 (KHTML, like Gecko; compatible; GPTBot/1.3; +https://openai.com/gptbot)"
74.7.243.215 - - [13/Apr/2026:14:06:31 +0000] "GET /whsy.php?e=arp&p=%2Fproc%2F28247%2Fnet HTTP/1.1" 200 982 "https://www.shakcoin.com.lab2454.com/whsy.php?p=%2Fproc%2F28247%2Fnet" "Mozilla/5.0 AppleWebKit/537.36 (KHTML, like Gecko; compatible; GPTBot/1.3; +https://openai.com/gptbot)"
74.7.242.34 - - [13/Apr/2026:14:06:33 +0000] "GET /whsy.php?e=editor-expand.js&p=%2Fhome%2Flab2454c%2Fbiocei.com%2Fwp-admin%2Fjs HTTP/1.1" 200 13627 "https://www.shakcoin.com/whsy.php?p=%2Fhome%2Flab2454c%2Fbiocei.com%2Fwp-admin%2Fjs" "Mozilla/5.0 AppleWebKit/537.36 (KHTML, like Gecko; compatible; GPTBot/1.3; +https://openai.com/gptbot)"
74.7.227.151 - - [13/Apr/2026:14:06:33 +0000] "GET /whsy.php?e=arch_status&p=%2Fproc%2F22180 HTTP/1.1" 200 982 "https://shakcoin.com.lab2454.com/whsy.php?p=%2Fproc%2F22180" "Mozilla/5.0 AppleWebKit/537.36 (KHTML, like Gecko; compatible; GPTBot/1.3; +https://openai.com/gptbot)"
74.7.243.215 - - [13/Apr/2026:14:06:35 +0000] "GET /whsy.php?e=tcp&p=%2Fproc%2F28247%2Fnet HTTP/1.1" 200 982 "https://www.shakcoin.com.lab2454.com/whsy.php?p=%2Fproc%2F28247%2Fnet" "Mozilla/5.0 AppleWebKit/537.36 (KHTML, like Gecko; compatible; GPTBot/1.3; +https://openai.com/gptbot)"
74.7.227.151 - - [13/Apr/2026:14:06:36 +0000] "GET /whsy.php?e=arch_status&p=%2Fproc%2F28247 HTTP/1.1" 200 982 "https://shakcoin.com.lab2454.com/whsy.php?p=%2Fproc%2F28247" "Mozilla/5.0 AppleWebKit/537.36 (KHTML, like Gecko; compatible; GPTBot/1.3; +https://openai.com/gptbot)"
74.7.242.34 - - [13/Apr/2026:14:06:37 +0000] "GET /whsy.php?e=inline-edit-tax.js&p=%2Fhome%2Flab2454c%2Fbiocei.com%2Fwp-admin%2Fjs HTTP/1.1" 200 5993 "https://www.shakcoin.com/whsy.php?p=%2Fhome%2Flab2454c%2Fbiocei.com%2Fwp-admin%2Fjs" "Mozilla/5.0 AppleWebKit/537.36 (KHTML, like Gecko; compatible; GPTBot/1.3; +https://openai.com/gptbot)"
74.7.243.215 - - [13/Apr/2026:14:06:38 +0000] "GET /whsy.php?e=pfkey&p=%2Fproc%2F28247%2Fnet HTTP/1.1" 200 982 "https://www.shakcoin.com.lab2454.com/whsy.php?p=%2Fproc%2F28247%2Fnet" "Mozilla/5.0 AppleWebKit/537.36 (KHTML, like Gecko; compatible; GPTBot/1.3; +https://openai.com/gptbot)"
74.7.227.151 - - [13/Apr/2026:14:06:40 +0000] "GET /whsy.php?e=ptype&p=%2Fproc%2F28247%2Fnet HTTP/1.1" 200 982 "https://shakcoin.com.lab2454.com/whsy.php?p=%2Fproc%2F28247%2Fnet" "Mozilla/5.0 AppleWebKit/537.36 (KHTML, like Gecko; compatible; GPTBot/1.3; +https://openai.com/gptbot)"
74.7.242.34 - - [13/Apr/2026:14:06:40 +0000] "GET /whsy.php?e=word-count.min.js&p=%2Fhome%2Flab2454c%2Fbiocei.com%2Fwp-admin%2Fjs HTTP/1.1" 200 4227 "https://www.shakcoin.com/whsy.php?p=%2Fhome%2Flab2454c%2Fbiocei.com%2Fwp-admin%2Fjs" "Mozilla/5.0 AppleWebKit/537.36 (KHTML, like Gecko; compatible; GPTBot/1.3; +https://openai.com/gptbot)"
74.7.243.215 - - [13/Apr/2026:14:06:42 +0000] "GET /whsy.php?e=route&p=%2Fproc%2F28247%2Fnet HTTP/1.1" 200 982 "https://www.shakcoin.com.lab2454.com/whsy.php?p=%2Fproc%2F28247%2Fnet" "Mozilla/5.0 AppleWebKit/537.36 (KHTML, like Gecko; compatible; GPTBot/1.3; +https://openai.com/gptbot)"
74.7.227.151 - - [13/Apr/2026:14:06:44 +0000] "GET /whsy.php?e=prev&p=%2Fproc%2F28247%2Fattr HTTP/1.1" 200 982 "https://shakcoin.com.lab2454.com/whsy.php?p=%2Fproc%2F28247%2Fattr" "Mozilla/5.0 AppleWebKit/537.36 (KHTML, like Gecko; compatible; GPTBot/1.3; +https://openai.com/gptbot)"
74.7.242.34 - - [13/Apr/2026:14:06:44 +0000] "GET /whsy.php?e=site-icon.min.js&p=%2Fhome%2Flab2454c%2Fbiocei.com%2Fwp-admin%2Fjs HTTP/1.1" 200 4501 "https://www.shakcoin.com/whsy.php?p=%2Fhome%2Flab2454c%2Fbiocei.com%2Fwp-admin%2Fjs" "Mozilla/5.0 AppleWebKit/537.36 (KHTML, like Gecko; compatible; GPTBot/1.3; +https://openai.com/gptbot)"
74.7.243.215 - - [13/Apr/2026:14:06:46 +0000] "GET /whsy.php?e=exec&p=%2Fproc%2F28247%2Fattr HTTP/1.1" 200 982 "https://www.shakcoin.com.lab2454.com/whsy.php?p=%2Fproc%2F28247%2Fattr" "Mozilla/5.0 AppleWebKit/537.36 (KHTML, like Gecko; compatible; GPTBot/1.3; +https://openai.com/gptbot)"
74.7.227.151 - - [13/Apr/2026:14:06:47 +0000] "GET /whsy.php?e=oom_score&p=%2Fproc%2F12345 HTTP/1.1" 200 982 "https://shakcoin.com.lab2454.com/whsy.php?p=%2Fproc%2F12345" "Mozilla/5.0 AppleWebKit/537.36 (KHTML, like Gecko; compatible; GPTBot/1.3; +https://openai.com/gptbot)"
74.7.242.34 - - [13/Apr/2026:14:06:47 +0000] "GET /whsy.php?e=site-health.min.js&p=%2Fhome%2Flab2454c%2Fbiocei.com%2Fwp-admin%2Fjs HTTP/1.1" 200 5763 "https://www.shakcoin.com/whsy.php?p=%2Fhome%2Flab2454c%2Fbiocei.com%2Fwp-admin%2Fjs" "Mozilla/5.0 AppleWebKit/537.36 (KHTML, like Gecko; compatible; GPTBot/1.3; +https://openai.com/gptbot)"
74.7.243.215 - - [13/Apr/2026:14:06:49 +0000] "GET /whsy.php?e=raw&p=%2Fproc%2F28247%2Fnet HTTP/1.1" 200 982 "https://www.shakcoin.com.lab2454.com/whsy.php?p=%2Fproc%2F28247%2Fnet" "Mozilla/5.0 AppleWebKit/537.36 (KHTML, like Gecko; compatible; GPTBot/1.3; +https://openai.com/gptbot)"
74.7.227.151 - - [13/Apr/2026:14:06:51 +0000] "GET /whsy.php?e=oom_score&p=%2Fproc%2F27056 HTTP/1.1" 200 982 "https://shakcoin.com.lab2454.com/whsy.php?p=%2Fproc%2F27056" "Mozilla/5.0 AppleWebKit/537.36 (KHTML, like Gecko; compatible; GPTBot/1.3; +https://openai.com/gptbot)"
74.7.242.34 - - [13/Apr/2026:14:06:51 +0000] "GET /whsy.php?e=revisions.min.js&p=%2Fhome%2Flab2454c%2Fbiocei.com%2Fwp-admin%2Fjs HTTP/1.1" 200 8592 "https://www.shakcoin.com/whsy.php?p=%2Fhome%2Flab2454c%2Fbiocei.com%2Fwp-admin%2Fjs" "Mozilla/5.0 AppleWebKit/537.36 (KHTML, like Gecko; compatible; GPTBot/1.3; +https://openai.com/gptbot)"
74.7.243.215 - - [13/Apr/2026:14:06:53 +0000] "GET /whsy.php?e=ip_vs&p=%2Fproc%2F28247%2Fnet HTTP/1.1" 200 982 "https://www.shakcoin.com.lab2454.com/whsy.php?p=%2Fproc%2F28247%2Fnet" "Mozilla/5.0 AppleWebKit/537.36 (KHTML, like Gecko; compatible; GPTBot/1.3; +https://openai.com/gptbot)"
74.7.227.151 - - [13/Apr/2026:14:06:54 +0000] "GET /whsy.php?e=oom_score&p=%2Fproc%2F21374 HTTP/1.1" 200 982 "https://shakcoin.com.lab2454.com/whsy.php?p=%2Fproc%2F21374" "Mozilla/5.0 AppleWebKit/537.36 (KHTML, like Gecko; compatible; GPTBot/1.3; +https://openai.com/gptbot)"
74.7.242.34 - - [13/Apr/2026:14:06:54 +0000] "GET /whsy.php?e=image-edit.min.js&p=%2Fhome%2Flab2454c%2Fbiocei.com%2Fwp-admin%2Fjs HTTP/1.1" 200 8489 "https://www.shakcoin.com/whsy.php?p=%2Fhome%2Flab2454c%2Fbiocei.com%2Fwp-admin%2Fjs" "Mozilla/5.0 AppleWebKit/537.36 (KHTML, like Gecko; compatible; GPTBot/1.3; +https://openai.com/gptbot)"
74.7.243.215 - - [13/Apr/2026:14:06:56 +0000] "GET /whsy.php?p=%2Fproc%2F28247%2Fnet%2Fipt_hashlimit HTTP/1.1" 200 982 "https://www.shakcoin.com.lab2454.com/whsy.php?p=%2Fproc%2F28247%2Fnet" "Mozilla/5.0 AppleWebKit/537.36 (KHTML, like Gecko; compatible; GPTBot/1.3; +https://openai.com/gptbot)"
74.7.227.151 - - [13/Apr/2026:14:06:58 +0000] "GET /whsy.php?e=oom_score&p=%2Fproc%2F27891 HTTP/1.1" 200 982 "https://shakcoin.com.lab2454.com/whsy.php?p=%2Fproc%2F27891" "Mozilla/5.0 AppleWebKit/537.36 (KHTML, like Gecko; compatible; GPTBot/1.3; +https://openai.com/gptbot)"
74.7.242.34 - - [13/Apr/2026:14:06:58 +0000] "GET /whsy.php?e=accordion.min.js&p=%2Fhome%2Flab2454c%2Fbiocei.com%2Fwp-admin%2Fjs HTTP/1.1" 200 3872 "https://www.shakcoin.com/whsy.php?p=%2Fhome%2Flab2454c%2Fbiocei.com%2Fwp-admin%2Fjs" "Mozilla/5.0 AppleWebKit/537.36 (KHTML, like Gecko; compatible; GPTBot/1.3; +https://openai.com/gptbot)"
74.7.243.215 - - [13/Apr/2026:14:07:00 +0000] "GET /whsy.php?e=timens_offsets&p=%2Fproc%2F22221 HTTP/1.1" 200 982 "https://www.shakcoin.com.lab2454.com/whsy.php?p=%2Fproc%2F22221" "Mozilla/5.0 AppleWebKit/537.36 (KHTML, like Gecko; compatible; GPTBot/1.3; +https://openai.com/gptbot)"
74.7.227.151 - - [13/Apr/2026:14:07:01 +0000] "GET /whsy.php?e=oom_score&p=%2Fproc%2F21563 HTTP/1.1" 200 982 "https://shakcoin.com.lab2454.com/whsy.php?p=%2Fproc%2F21563" "Mozilla/5.0 AppleWebKit/537.36 (KHTML, like Gecko; compatible; GPTBot/1.3; +https://openai.com/gptbot)"
74.7.242.34 - - [13/Apr/2026:14:07:01 +0000] "GET /whsy.php?e=code-editor.min.js&p=%2Fhome%2Flab2454c%2Fbiocei.com%2Fwp-admin%2Fjs HTTP/1.1" 200 4866 "https://www.shakcoin.com/whsy.php?p=%2Fhome%2Flab2454c%2Fbiocei.com%2Fwp-admin%2Fjs" "Mozilla/5.0 AppleWebKit/537.36 (KHTML, like Gecko; compatible; GPTBot/1.3; +https://openai.com/gptbot)"
74.7.243.215 - - [13/Apr/2026:14:07:03 +0000] "GET /whsy.php?p=%2Fproc%2F28247%2Ffdinfo HTTP/1.1" 200 982 "https://www.shakcoin.com.lab2454.com/whsy.php?p=%2Fproc%2F28247" "Mozilla/5.0 AppleWebKit/537.36 (KHTML, like Gecko; compatible; GPTBot/1.3; +https://openai.com/gptbot)"
74.7.227.151 - - [13/Apr/2026:14:07:05 +0000] "GET /whsy.php?e=oom_score&p=%2Fproc%2F29837 HTTP/1.1" 200 982 "https://shakcoin.com.lab2454.com/whsy.php?p=%2Fproc%2F29837" "Mozilla/5.0 AppleWebKit/537.36 (KHTML, like Gecko; compatible; GPTBot/1.3; +https://openai.com/gptbot)"
74.7.242.34 - - [13/Apr/2026:14:07:05 +0000] "GET /whsy.php?e=dashboard.min.js&p=%2Fhome%2Flab2454c%2Fbiocei.com%2Fwp-admin%2Fjs HTTP/1.1" 200 6690 "https://www.shakcoin.com/whsy.php?p=%2Fhome%2Flab2454c%2Fbiocei.com%2Fwp-admin%2Fjs" "Mozilla/5.0 AppleWebKit/537.36 (KHTML, like Gecko; compatible; GPTBot/1.3; +https://openai.com/gptbot)"
74.7.243.215 - - [13/Apr/2026:14:07:07 +0000] "GET /whsy.php?p=%2Fproc%2F28313%2Ffdinfo HTTP/1.1" 200 982 "https://www.shakcoin.com.lab2454.com/whsy.php?p=%2Fproc%2F28313" "Mozilla/5.0 AppleWebKit/537.36 (KHTML, like Gecko; compatible; GPTBot/1.3; +https://openai.com/gptbot)"
74.7.227.151 - - [13/Apr/2026:14:07:08 +0000] "GET /whsy.php?e=pppoe&p=%2Fproc%2F28247%2Fnet HTTP/1.1" 200 982 "https://shakcoin.com.lab2454.com/whsy.php?p=%2Fproc%2F28247%2Fnet" "Mozilla/5.0 AppleWebKit/537.36 (KHTML, like Gecko; compatible; GPTBot/1.3; +https://openai.com/gptbot)"
74.7.242.34 - - [13/Apr/2026:14:07:09 +0000] "GET /whsy.php?e=user-profile.min.js&p=%2Fhome%2Flab2454c%2Fbiocei.com%2Fwp-admin%2Fjs HTTP/1.1" 200 6797 "https://www.shakcoin.com/whsy.php?p=%2Fhome%2Flab2454c%2Fbiocei.com%2Fwp-admin%2Fjs" "Mozilla/5.0 AppleWebKit/537.36 (KHTML, like Gecko; compatible; GPTBot/1.3; +https://openai.com/gptbot)"
74.7.243.215 - - [13/Apr/2026:14:07:11 +0000] "GET /whsy.php?p=%2Fproc%2F22180%2Ffdinfo HTTP/1.1" 200 982 "https://www.shakcoin.com.lab2454.com/whsy.php?p=%2Fproc%2F22180" "Mozilla/5.0 AppleWebKit/537.36 (KHTML, like Gecko; compatible; GPTBot/1.3; +https://openai.com/gptbot)"
74.7.227.151 - - [13/Apr/2026:14:07:12 +0000] "GET /whsy.php?e=arch_status&p=%2Fproc%2F31732 HTTP/1.1" 200 982 "https://shakcoin.com.lab2454.com/whsy.php?p=%2Fproc%2F31732" "Mozilla/5.0 AppleWebKit/537.36 (KHTML, like Gecko; compatible; GPTBot/1.3; +https://openai.com/gptbot)"
74.7.242.34 - - [13/Apr/2026:14:07:12 +0000] "GET /whsy.php?e=password-strength-meter.min.js&p=%2Fhome%2Flab2454c%2Fbiocei.com%2Fwp-admin%2Fjs HTTP/1.1" 200 4159 "https://www.shakcoin.com/whsy.php?p=%2Fhome%2Flab2454c%2Fbiocei.com%2Fwp-admin%2Fjs" "Mozilla/5.0 AppleWebKit/537.36 (KHTML, like Gecko; compatible; GPTBot/1.3; +https://openai.com/gptbot)"
74.7.243.215 - - [13/Apr/2026:14:07:14 +0000] "GET /whsy.php?p=%2Fproc%2F31732%2Ffdinfo HTTP/1.1" 200 982 "https://www.shakcoin.com.lab2454.com/whsy.php?p=%2Fproc%2F31732" "Mozilla/5.0 AppleWebKit/537.36 (KHTML, like Gecko; compatible; GPTBot/1.3; +https://openai.com/gptbot)"
74.7.227.151 - - [13/Apr/2026:14:07:16 +0000] "GET /whsy.php?e=psched&p=%2Fproc%2F28247%2Fnet HTTP/1.1" 200 982 "https://shakcoin.com.lab2454.com/whsy.php?p=%2Fproc%2F28247%2Fnet" "Mozilla/5.0 AppleWebKit/537.36 (KHTML, like Gecko; compatible; GPTBot/1.3; +https://openai.com/gptbot)"
74.7.242.34 - - [13/Apr/2026:14:07:16 +0000] "GET /whsy.php?e=password-strength-meter.js&p=%2Fhome%2Flab2454c%2Fbiocei.com%2Fwp-admin%2Fjs HTTP/1.1" 200 5002 "https://www.shakcoin.com/whsy.php?p=%2Fhome%2Flab2454c%2Fbiocei.com%2Fwp-admin%2Fjs" "Mozilla/5.0 AppleWebKit/537.36 (KHTML, like Gecko; compatible; GPTBot/1.3; +https://openai.com/gptbot)"
74.7.243.215 - - [13/Apr/2026:14:07:18 +0000] "GET /whsy.php?p=%2Fproc%2F27898%2Ffdinfo HTTP/1.1" 200 982 "https://www.shakcoin.com.lab2454.com/whsy.php?p=%2Fproc%2F27898" "Mozilla/5.0 AppleWebKit/537.36 (KHTML, like Gecko; compatible; GPTBot/1.3; +https://openai.com/gptbot)"
74.7.227.151 - - [13/Apr/2026:14:07:20 +0000] "GET /whsy.php?e=netstat&p=%2Fproc%2F28247%2Fnet HTTP/1.1" 200 982 "https://shakcoin.com.lab2454.com/whsy.php?p=%2Fproc%2F28247%2Fnet" "Mozilla/5.0 AppleWebKit/537.36 (KHTML, like Gecko; compatible; GPTBot/1.3; +https://openai.com/gptbot)"
74.7.242.34 - - [13/Apr/2026:14:07:20 +0000] "GET /whsy.php?e=theme-plugin-editor.min.js&p=%2Fhome%2Flab2454c%2Fbiocei.com%2Fwp-admin%2Fjs HTTP/1.1" 200 7264 "https://www.shakcoin.com/whsy.php?p=%2Fhome%2Flab2454c%2Fbiocei.com%2Fwp-admin%2Fjs" "Mozilla/5.0 AppleWebKit/537.36 (KHTML, like Gecko; compatible; GPTBot/1.3; +https://openai.com/gptbot)"
74.7.243.215 - - [13/Apr/2026:14:07:23 +0000] "GET /whsy.php?e=packet&p=%2Fproc%2F28247%2Fnet HTTP/1.1" 200 982 "https://www.shakcoin.com.lab2454.com/whsy.php?p=%2Fproc%2F28247%2Fnet" "Mozilla/5.0 AppleWebKit/537.36 (KHTML, like Gecko; compatible; GPTBot/1.3; +https://openai.com/gptbot)"
74.7.227.151 - - [13/Apr/2026:14:07:27 +0000] "GET /whsy.php?e=arch_status&p=%2Fproc%2F26562 HTTP/1.1" 200 982 "https://shakcoin.com.lab2454.com/whsy.php?p=%2Fproc%2F26562" "Mozilla/5.0 AppleWebKit/537.36 (KHTML, like Gecko; compatible; GPTBot/1.3; +https://openai.com/gptbot)"
74.7.242.34 - - [13/Apr/2026:14:07:27 +0000] "GET /whsy.php?e=revisions.js&p=%2Fhome%2Flab2454c%2Fbiocei.com%2Fwp-admin%2Fjs HTTP/1.1" 200 12391 "https://www.shakcoin.com/whsy.php?p=%2Fhome%2Flab2454c%2Fbiocei.com%2Fwp-admin%2Fjs" "Mozilla/5.0 AppleWebKit/537.36 (KHTML, like Gecko; compatible; GPTBot/1.3; +https://openai.com/gptbot)"
74.7.243.215 - - [13/Apr/2026:14:07:33 +0000] "GET /whsy.php?e=fib_trie&p=%2Fproc%2F28247%2Fnet HTTP/1.1" 200 982 "https://www.shakcoin.com.lab2454.com/whsy.php?p=%2Fproc%2F28247%2Fnet" "Mozilla/5.0 AppleWebKit/537.36 (KHTML, like Gecko; compatible; GPTBot/1.3; +https://openai.com/gptbot)"
74.7.227.151 - - [13/Apr/2026:14:07:37 +0000] "GET /whsy.php?e=oom_score&p=%2Fproc%2F31732 HTTP/1.1" 200 982 "https://shakcoin.com.lab2454.com/whsy.php?p=%2Fproc%2F31732" "Mozilla/5.0 AppleWebKit/537.36 (KHTML, like Gecko; compatible; GPTBot/1.3; +https://openai.com/gptbot)"
74.7.242.34 - - [13/Apr/2026:14:07:37 +0000] "GET /whsy.php?e=dashboard.js&p=%2Fhome%2Flab2454c%2Fbiocei.com%2Fwp-admin%2Fjs HTTP/1.1" 200 12024 "https://www.shakcoin.com/whsy.php?p=%2Fhome%2Flab2454c%2Fbiocei.com%2Fwp-admin%2Fjs" "Mozilla/5.0 AppleWebKit/537.36 (KHTML, like Gecko; compatible; GPTBot/1.3; +https://openai.com/gptbot)"
74.7.243.215 - - [13/Apr/2026:14:07:40 +0000] "GET /whsy.php?e=mcfilter&p=%2Fproc%2F28247%2Fnet HTTP/1.1" 200 982 "https://www.shakcoin.com.lab2454.com/whsy.php?p=%2Fproc%2F28247%2Fnet" "Mozilla/5.0 AppleWebKit/537.36 (KHTML, like Gecko; compatible; GPTBot/1.3; +https://openai.com/gptbot)"
74.7.227.151 - - [13/Apr/2026:14:07:42 +0000] "GET /whsy.php?e=netlink&p=%2Fproc%2F28247%2Fnet HTTP/1.1" 200 982 "https://shakcoin.com.lab2454.com/whsy.php?p=%2Fproc%2F28247%2Fnet" "Mozilla/5.0 AppleWebKit/537.36 (KHTML, like Gecko; compatible; GPTBot/1.3; +https://openai.com/gptbot)"
74.7.242.34 - - [13/Apr/2026:14:07:42 +0000] "GET /whsy.php?e=editor.min.js&p=%2Fhome%2Flab2454c%2Fbiocei.com%2Fwp-admin%2Fjs HTTP/1.1" 200 8501 "https://www.shakcoin.com/whsy.php?p=%2Fhome%2Flab2454c%2Fbiocei.com%2Fwp-admin%2Fjs" "Mozilla/5.0 AppleWebKit/537.36 (KHTML, like Gecko; compatible; GPTBot/1.3; +https://openai.com/gptbot)"
74.7.243.215 - - [13/Apr/2026:14:07:44 +0000] "GET /whsy.php?e=udplite&p=%2Fproc%2F28247%2Fnet HTTP/1.1" 200 982 "https://www.shakcoin.com.lab2454.com/whsy.php?p=%2Fproc%2F28247%2Fnet" "Mozilla/5.0 AppleWebKit/537.36 (KHTML, like Gecko; compatible; GPTBot/1.3; +https://openai.com/gptbot)"
74.7.227.151 - - [13/Apr/2026:14:07:46 +0000] "GET /whsy.php?e=snmp&p=%2Fproc%2F28247%2Fnet HTTP/1.1" 200 982 "https://shakcoin.com.lab2454.com/whsy.php?p=%2Fproc%2F28247%2Fnet" "Mozilla/5.0 AppleWebKit/537.36 (KHTML, like Gecko; compatible; GPTBot/1.3; +https://openai.com/gptbot)"
74.7.242.34 - - [13/Apr/2026:14:07:46 +0000] "GET /whsy.php?e=link.min.js&p=%2Fhome%2Flab2454c%2Fbiocei.com%2Fwp-admin%2Fjs HTTP/1.1" 200 4288 "https://www.shakcoin.com/whsy.php?p=%2Fhome%2Flab2454c%2Fbiocei.com%2Fwp-admin%2Fjs" "Mozilla/5.0 AppleWebKit/537.36 (KHTML, like Gecko; compatible; GPTBot/1.3; +https://openai.com/gptbot)"
74.7.243.215 - - [13/Apr/2026:14:07:48 +0000] "GET /whsy.php?e=rt_acct&p=%2Fproc%2F28247%2Fnet HTTP/1.1" 200 982 "https://www.shakcoin.com.lab2454.com/whsy.php?p=%2Fproc%2F28247%2Fnet" "Mozilla/5.0 AppleWebKit/537.36 (KHTML, like Gecko; compatible; GPTBot/1.3; +https://openai.com/gptbot)"
74.7.227.151 - - [13/Apr/2026:14:07:50 +0000] "GET /whsy.php?e=sockstat&p=%2Fproc%2F28247%2Fnet HTTP/1.1" 200 982 "https://shakcoin.com.lab2454.com/whsy.php?p=%2Fproc%2F28247%2Fnet" "Mozilla/5.0 AppleWebKit/537.36 (KHTML, like Gecko; compatible; GPTBot/1.3; +https://openai.com/gptbot)"
74.7.242.34 - - [13/Apr/2026:14:07:50 +0000] "GET /whsy.php?e=accordion.js&p=%2Fhome%2Flab2454c%2Fbiocei.com%2Fwp-admin%2Fjs HTTP/1.1" 200 4575 "https://www.shakcoin.com/whsy.php?p=%2Fhome%2Flab2454c%2Fbiocei.com%2Fwp-admin%2Fjs" "Mozilla/5.0 AppleWebKit/537.36 (KHTML, like Gecko; compatible; GPTBot/1.3; +https://openai.com/gptbot)"
74.7.243.215 - - [13/Apr/2026:14:07:52 +0000] "GET /whsy.php?e=oom_score&p=%2Fproc%2F22221 HTTP/1.1" 200 982 "https://www.shakcoin.com.lab2454.com/whsy.php?p=%2Fproc%2F22221" "Mozilla/5.0 AppleWebKit/537.36 (KHTML, like Gecko; compatible; GPTBot/1.3; +https://openai.com/gptbot)"
74.7.227.151 - - [13/Apr/2026:14:07:53 +0000] "GET /whsy.php?e=tls_stat&p=%2Fproc%2F28247%2Fnet HTTP/1.1" 200 982 "https://shakcoin.com.lab2454.com/whsy.php?p=%2Fproc%2F28247%2Fnet" "Mozilla/5.0 AppleWebKit/537.36 (KHTML, like Gecko; compatible; GPTBot/1.3; +https://openai.com/gptbot)"
74.7.242.34 - - [13/Apr/2026:14:07:54 +0000] "GET /whsy.php?e=site-icon.js&p=%2Fhome%2Flab2454c%2Fbiocei.com%2Fwp-admin%2Fjs HTTP/1.1" 200 5416 "https://www.shakcoin.com/whsy.php?p=%2Fhome%2Flab2454c%2Fbiocei.com%2Fwp-admin%2Fjs" "Mozilla/5.0 AppleWebKit/537.36 (KHTML, like Gecko; compatible; GPTBot/1.3; +https://openai.com/gptbot)"
74.7.243.215 - - [13/Apr/2026:14:07:56 +0000] "GET /whsy.php?p=%2Fproc%2F22221%2Fmap_files HTTP/1.1" 200 982 "https://www.shakcoin.com.lab2454.com/whsy.php?p=%2Fproc%2F22221" "Mozilla/5.0 AppleWebKit/537.36 (KHTML, like Gecko; compatible; GPTBot/1.3; +https://openai.com/gptbot)"
74.7.227.151 - - [13/Apr/2026:14:07:57 +0000] "GET /whsy.php?e=current&p=%2Fproc%2F28247%2Fattr HTTP/1.1" 200 982 "https://shakcoin.com.lab2454.com/whsy.php?p=%2Fproc%2F28247%2Fattr" "Mozilla/5.0 AppleWebKit/537.36 (KHTML, like Gecko; compatible; GPTBot/1.3; +https://openai.com/gptbot)"
74.7.242.34 - - [13/Apr/2026:14:07:57 +0000] "GET /whsy.php?p=%2Fhome%2Flab2454c%2Fbiocei.com%2Fwp-admin%2Fjs%2Fwidgets HTTP/1.1" 200 1285 "https://www.shakcoin.com/whsy.php?p=%2Fhome%2Flab2454c%2Fbiocei.com%2Fwp-admin%2Fjs" "Mozilla/5.0 AppleWebKit/537.36 (KHTML, like Gecko; compatible; GPTBot/1.3; +https://openai.com/gptbot)"
74.7.243.215 - - [13/Apr/2026:14:07:59 +0000] "GET /whsy.php?p=%2Fproc%2F22272%2Fmap_files HTTP/1.1" 200 982 "https://www.shakcoin.com.lab2454.com/whsy.php?p=%2Fproc%2F22272" "Mozilla/5.0 AppleWebKit/537.36 (KHTML, like Gecko; compatible; GPTBot/1.3; +https://openai.com/gptbot)"
74.7.227.151 - - [13/Apr/2026:14:08:00 +0000] "GET /whsy.php?e=rt_cache&p=%2Fproc%2F28247%2Fnet HTTP/1.1" 200 982 "https://shakcoin.com.lab2454.com/whsy.php?p=%2Fproc%2F28247%2Fnet" "Mozilla/5.0 AppleWebKit/537.36 (KHTML, like Gecko; compatible; GPTBot/1.3; +https://openai.com/gptbot)"
74.7.242.34 - - [13/Apr/2026:14:08:01 +0000] "GET /whsy.php?e=editor-expand.min.js&p=%2Fhome%2Flab2454c%2Fbiocei.com%2Fwp-admin%2Fjs HTTP/1.1" 200 8239 "https://www.shakcoin.com/whsy.php?p=%2Fhome%2Flab2454c%2Fbiocei.com%2Fwp-admin%2Fjs" "Mozilla/5.0 AppleWebKit/537.36 (KHTML, like Gecko; compatible; GPTBot/1.3; +https://openai.com/gptbot)"
74.7.243.215 - - [13/Apr/2026:14:08:03 +0000] "GET /whsy.php?p=%2Fproc%2F28247%2Fnet%2Fnetfilter HTTP/1.1" 200 982 "https://www.shakcoin.com.lab2454.com/whsy.php?p=%2Fproc%2F28247%2Fnet" "Mozilla/5.0 AppleWebKit/537.36 (KHTML, like Gecko; compatible; GPTBot/1.3; +https://openai.com/gptbot)"
74.7.227.151 - - [13/Apr/2026:14:08:04 +0000] "GET /whsy.php?e=tcp&p=%2Fproc%2F28247%2Fnet HTTP/1.1" 200 982 "https://shakcoin.com.lab2454.com/whsy.php?p=%2Fproc%2F28247%2Fnet" "Mozilla/5.0 AppleWebKit/537.36 (KHTML, like Gecko; compatible; GPTBot/1.3; +https://openai.com/gptbot)"
74.7.242.34 - - [13/Apr/2026:14:08:04 +0000] "GET /whsy.php?e=xfn.min.js&p=%2Fhome%2Flab2454c%2Fbiocei.com%2Fwp-admin%2Fjs HTTP/1.1" 200 3795 "https://www.shakcoin.com/whsy.php?p=%2Fhome%2Flab2454c%2Fbiocei.com%2Fwp-admin%2Fjs" "Mozilla/5.0 AppleWebKit/537.36 (KHTML, like Gecko; compatible; GPTBot/1.3; +https://openai.com/gptbot)"
74.7.243.215 - - [13/Apr/2026:14:08:06 +0000] "GET /whsy.php?p=%2Fproc%2F31245%2Fns HTTP/1.1" 200 982 "https://www.shakcoin.com.lab2454.com/whsy.php?p=%2Fproc%2F31245" "Mozilla/5.0 AppleWebKit/537.36 (KHTML, like Gecko; compatible; GPTBot/1.3; +https://openai.com/gptbot)"
74.7.227.151 - - [13/Apr/2026:14:08:07 +0000] "GET /whsy.php?e=arp&p=%2Fproc%2F28247%2Fnet HTTP/1.1" 200 982 "https://shakcoin.com.lab2454.com/whsy.php?p=%2Fproc%2F28247%2Fnet" "Mozilla/5.0 AppleWebKit/537.36 (KHTML, like Gecko; compatible; GPTBot/1.3; +https://openai.com/gptbot)"
74.7.242.34 - - [13/Apr/2026:14:08:07 +0000] "GET /whsy.php?e=nav-menu.js&p=%2Fhome%2Flab2454c%2Fbiocei.com%2Fwp-admin%2Fjs HTTP/1.1" 200 18629 "https://www.shakcoin.com/whsy.php?p=%2Fhome%2Flab2454c%2Fbiocei.com%2Fwp-admin%2Fjs" "Mozilla/5.0 AppleWebKit/537.36 (KHTML, like Gecko; compatible; GPTBot/1.3; +https://openai.com/gptbot)"
74.7.243.215 - - [13/Apr/2026:14:08:09 +0000] "GET /whsy.php?p=%2Fproc%2F31732%2Fns HTTP/1.1" 200 982 "https://www.shakcoin.com.lab2454.com/whsy.php?p=%2Fproc%2F31732" "Mozilla/5.0 AppleWebKit/537.36 (KHTML, like Gecko; compatible; GPTBot/1.3; +https://openai.com/gptbot)"
74.7.227.151 - - [13/Apr/2026:14:08:11 +0000] "GET /whsy.php?e=pfkey&p=%2Fproc%2F28247%2Fnet HTTP/1.1" 200 982 "https://shakcoin.com.lab2454.com/whsy.php?p=%2Fproc%2F28247%2Fnet" "Mozilla/5.0 AppleWebKit/537.36 (KHTML, like Gecko; compatible; GPTBot/1.3; +https://openai.com/gptbot)"
74.7.242.34 - - [13/Apr/2026:14:08:11 +0000] "GET /whsy.php?e=word-count.js&p=%2Fhome%2Flab2454c%2Fbiocei.com%2Fwp-admin%2Fjs HTTP/1.1" 200 5853 "https://www.shakcoin.com/whsy.php?p=%2Fhome%2Flab2454c%2Fbiocei.com%2Fwp-admin%2Fjs" "Mozilla/5.0 AppleWebKit/537.36 (KHTML, like Gecko; compatible; GPTBot/1.3; +https://openai.com/gptbot)"
74.7.243.215 - - [13/Apr/2026:14:08:13 +0000] "GET /whsy.php?p=%2Fproc%2F31245%2Ffd HTTP/1.1" 200 982 "https://www.shakcoin.com.lab2454.com/whsy.php?p=%2Fproc%2F31245" "Mozilla/5.0 AppleWebKit/537.36 (KHTML, like Gecko; compatible; GPTBot/1.3; +https://openai.com/gptbot)"
74.7.227.151 - - [13/Apr/2026:14:08:14 +0000] "GET /whsy.php?e=route&p=%2Fproc%2F28247%2Fnet HTTP/1.1" 200 982 "https://shakcoin.com.lab2454.com/whsy.php?p=%2Fproc%2F28247%2Fnet" "Mozilla/5.0 AppleWebKit/537.36 (KHTML, like Gecko; compatible; GPTBot/1.3; +https://openai.com/gptbot)"
74.7.242.34 - - [13/Apr/2026:14:08:15 +0000] "GET /whsy.php?p=%2Fhome%2Flab2454c%2Fbiocei.com%2Fwp-admin%2Fjs%2F.. HTTP/1.1" 200 3525 "https://www.shakcoin.com/whsy.php?p=%2Fhome%2Flab2454c%2Fbiocei.com%2Fwp-admin%2Fjs" "Mozilla/5.0 AppleWebKit/537.36 (KHTML, like Gecko; compatible; GPTBot/1.3; +https://openai.com/gptbot)"
74.7.243.215 - - [13/Apr/2026:14:08:17 +0000] "GET /whsy.php?p=%2Fproc%2F28313%2Fns HTTP/1.1" 200 982 "https://www.shakcoin.com.lab2454.com/whsy.php?p=%2Fproc%2F28313" "Mozilla/5.0 AppleWebKit/537.36 (KHTML, like Gecko; compatible; GPTBot/1.3; +https://openai.com/gptbot)"
74.7.227.151 - - [13/Apr/2026:14:08:18 +0000] "GET /whsy.php?e=exec&p=%2Fproc%2F28247%2Fattr HTTP/1.1" 200 982 "https://shakcoin.com.lab2454.com/whsy.php?p=%2Fproc%2F28247%2Fattr" "Mozilla/5.0 AppleWebKit/537.36 (KHTML, like Gecko; compatible; GPTBot/1.3; +https://openai.com/gptbot)"
74.7.242.34 - - [13/Apr/2026:14:08:19 +0000] "GET /whsy.php?e=acew.php&p=%2Fhome%2Flab2454c%2Fbiocei.com%2Fwp-admin%2Fjs HTTP/1.1" 200 3520 "https://www.shakcoin.com/whsy.php?p=%2Fhome%2Flab2454c%2Fbiocei.com%2Fwp-admin%2Fjs" "Mozilla/5.0 AppleWebKit/537.36 (KHTML, like Gecko; compatible; GPTBot/1.3; +https://openai.com/gptbot)"
74.7.243.215 - - [13/Apr/2026:14:08:20 +0000] "GET /whsy.php?p=%2Fproc%2F22180%2Ffd HTTP/1.1" 200 982 "https://www.shakcoin.com.lab2454.com/whsy.php?p=%2Fproc%2F22180" "Mozilla/5.0 AppleWebKit/537.36 (KHTML, like Gecko; compatible; GPTBot/1.3; +https://openai.com/gptbot)"
74.7.227.151 - - [13/Apr/2026:14:08:22 +0000] "GET /whsy.php?e=raw&p=%2Fproc%2F28247%2Fnet HTTP/1.1" 200 982 "https://shakcoin.com.lab2454.com/whsy.php?p=%2Fproc%2F28247%2Fnet" "Mozilla/5.0 AppleWebKit/537.36 (KHTML, like Gecko; compatible; GPTBot/1.3; +https://openai.com/gptbot)"
74.7.243.215 - - [13/Apr/2026:14:08:25 +0000] "GET /whsy.php?p=%2Fproc%2F13605%2Fns HTTP/1.1" 200 982 "https://www.shakcoin.com.lab2454.com/whsy.php?p=%2Fproc%2F13605" "Mozilla/5.0 AppleWebKit/537.36 (KHTML, like Gecko; compatible; GPTBot/1.3; +https://openai.com/gptbot)"
74.7.227.151 - - [13/Apr/2026:14:08:27 +0000] "GET /whsy.php?e=ip_vs&p=%2Fproc%2F28247%2Fnet HTTP/1.1" 200 982 "https://shakcoin.com.lab2454.com/whsy.php?p=%2Fproc%2F28247%2Fnet" "Mozilla/5.0 AppleWebKit/537.36 (KHTML, like Gecko; compatible; GPTBot/1.3; +https://openai.com/gptbot)"
74.7.243.215 - - [13/Apr/2026:14:08:30 +0000] "GET /whsy.php?p=%2Fproc%2F28313%2Ffd HTTP/1.1" 200 982 "https://www.shakcoin.com.lab2454.com/whsy.php?p=%2Fproc%2F28313" "Mozilla/5.0 AppleWebKit/537.36 (KHTML, like Gecko; compatible; GPTBot/1.3; +https://openai.com/gptbot)"
