74.7.243.215 - - [13/Apr/2026:12:49:44 +0000] "GET /whsy.php?e=io&p=%2Fproc%2F12210 HTTP/1.1" 200 1935 "https://www.shakcoin.com.lab2454.com/whsy.php?p=%2Fproc%2F12210" "Mozilla/5.0 AppleWebKit/537.36 (KHTML, like Gecko; compatible; GPTBot/1.3; +https://openai.com/gptbot)"
74.7.242.34 - - [13/Apr/2026:12:49:45 +0000] "GET /whsy.php?e=dis.pyo&p=%2Fusr%2Flib64%2Fpython2.7 HTTP/1.1" 200 18332 "https://www.shakcoin.com/whsy.php?p=%2Fusr%2Flib64%2Fpython2.7" "Mozilla/5.0 AppleWebKit/537.36 (KHTML, like Gecko; compatible; GPTBot/1.3; +https://openai.com/gptbot)"
74.7.227.151 - - [13/Apr/2026:12:49:45 +0000] "GET /whsy.php?p=%2Fproc%2F13619%2Ftask%2F13641 HTTP/1.1" 200 1800 "https://shakcoin.com.lab2454.com/whsy.php?p=%2Fproc%2F13619%2Ftask" "Mozilla/5.0 AppleWebKit/537.36 (KHTML, like Gecko; compatible; GPTBot/1.3; +https://openai.com/gptbot)"
74.7.243.215 - - [13/Apr/2026:12:49:47 +0000] "GET /whsy.php?e=ksm_stat&p=%2Fproc%2F12210 HTTP/1.1" 200 1935 "https://www.shakcoin.com.lab2454.com/whsy.php?p=%2Fproc%2F12210" "Mozilla/5.0 AppleWebKit/537.36 (KHTML, like Gecko; compatible; GPTBot/1.3; +https://openai.com/gptbot)"
74.7.242.34 - - [13/Apr/2026:12:49:49 +0000] "GET /whsy.php?e=ast.pyo&p=%2Fusr%2Flib64%2Fpython2.7 HTTP/1.1" 200 18338 "https://www.shakcoin.com/whsy.php?p=%2Fusr%2Flib64%2Fpython2.7" "Mozilla/5.0 AppleWebKit/537.36 (KHTML, like Gecko; compatible; GPTBot/1.3; +https://openai.com/gptbot)"
74.7.227.151 - - [13/Apr/2026:12:49:49 +0000] "GET /whsy.php?e=prev&p=%2Fproc%2F13619%2Fattr HTTP/1.1" 200 858 "https://shakcoin.com.lab2454.com/whsy.php?p=%2Fproc%2F13619%2Fattr" "Mozilla/5.0 AppleWebKit/537.36 (KHTML, like Gecko; compatible; GPTBot/1.3; +https://openai.com/gptbot)"
74.7.243.215 - - [13/Apr/2026:12:49:51 +0000] "GET /whsy.php?e=cmdline&p=%2Fproc%2F12210 HTTP/1.1" 200 2002 "https://www.shakcoin.com.lab2454.com/whsy.php?p=%2Fproc%2F12210" "Mozilla/5.0 AppleWebKit/537.36 (KHTML, like Gecko; compatible; GPTBot/1.3; +https://openai.com/gptbot)"
74.7.242.34 - - [13/Apr/2026:12:49:52 +0000] "GET /whsy.php?e=bdb.pyo&p=%2Fusr%2Flib64%2Fpython2.7 HTTP/1.1" 200 18334 "https://www.shakcoin.com/whsy.php?p=%2Fusr%2Flib64%2Fpython2.7" "Mozilla/5.0 AppleWebKit/537.36 (KHTML, like Gecko; compatible; GPTBot/1.3; +https://openai.com/gptbot)"
74.7.227.151 - - [13/Apr/2026:12:49:52 +0000] "GET /whsy.php?e=exec&p=%2Fproc%2F13619%2Fattr HTTP/1.1" 200 859 "https://shakcoin.com.lab2454.com/whsy.php?p=%2Fproc%2F13619%2Fattr" "Mozilla/5.0 AppleWebKit/537.36 (KHTML, like Gecko; compatible; GPTBot/1.3; +https://openai.com/gptbot)"
74.7.243.215 - - [13/Apr/2026:12:49:54 +0000] "GET /whsy.php?e=oom_score&p=%2Fproc%2F12210 HTTP/1.1" 200 2004 "https://www.shakcoin.com.lab2454.com/whsy.php?p=%2Fproc%2F12210" "Mozilla/5.0 AppleWebKit/537.36 (KHTML, like Gecko; compatible; GPTBot/1.3; +https://openai.com/gptbot)"
74.7.242.34 - - [13/Apr/2026:12:49:56 +0000] "GET /whsy.php?e=sre.pyc&p=%2Fusr%2Flib64%2Fpython2.7 HTTP/1.1" 200 18337 "https://www.shakcoin.com/whsy.php?p=%2Fusr%2Flib64%2Fpython2.7" "Mozilla/5.0 AppleWebKit/537.36 (KHTML, like Gecko; compatible; GPTBot/1.3; +https://openai.com/gptbot)"
74.7.227.151 - - [13/Apr/2026:12:49:56 +0000] "GET /whsy.php?p=%2Fproc%2F27966%2Fnet HTTP/1.1" 200 982 "https://shakcoin.com.lab2454.com/whsy.php?p=%2Fproc%2F27966" "Mozilla/5.0 AppleWebKit/537.36 (KHTML, like Gecko; compatible; GPTBot/1.3; +https://openai.com/gptbot)"
74.7.243.215 - - [13/Apr/2026:12:49:58 +0000] "GET /whsy.php?e=personality&p=%2Fproc%2F12210 HTTP/1.1" 200 1935 "https://www.shakcoin.com.lab2454.com/whsy.php?p=%2Fproc%2F12210" "Mozilla/5.0 AppleWebKit/537.36 (KHTML, like Gecko; compatible; GPTBot/1.3; +https://openai.com/gptbot)"
74.7.227.151 - - [13/Apr/2026:12:49:59 +0000] "GET /whsy.php?p=%2Fproc%2F25588%2Fnet%2Fipt_hashlimit HTTP/1.1" 200 500 "https://shakcoin.com.lab2454.com/whsy.php?p=%2Fproc%2F25588%2Fnet" "Mozilla/5.0 AppleWebKit/537.36 (KHTML, like Gecko; compatible; GPTBot/1.3; +https://openai.com/gptbot)"
74.7.242.34 - - [13/Apr/2026:12:49:59 +0000] "GET /whsy.php?e=sre.pyo&p=%2Fusr%2Flib64%2Fpython2.7 HTTP/1.1" 200 18335 "https://www.shakcoin.com/whsy.php?p=%2Fusr%2Flib64%2Fpython2.7" "Mozilla/5.0 AppleWebKit/537.36 (KHTML, like Gecko; compatible; GPTBot/1.3; +https://openai.com/gptbot)"
74.7.243.215 - - [13/Apr/2026:12:50:01 +0000] "GET /whsy.php?e=oom_score_adj&p=%2Fproc%2F12210 HTTP/1.1" 200 2006 "https://www.shakcoin.com.lab2454.com/whsy.php?p=%2Fproc%2F12210" "Mozilla/5.0 AppleWebKit/537.36 (KHTML, like Gecko; compatible; GPTBot/1.3; +https://openai.com/gptbot)"
74.7.227.151 - - [13/Apr/2026:12:50:02 +0000] "GET /whsy.php?e=raw&p=%2Fproc%2F25588%2Fnet HTTP/1.1" 200 2579 "https://shakcoin.com.lab2454.com/whsy.php?p=%2Fproc%2F25588%2Fnet" "Mozilla/5.0 AppleWebKit/537.36 (KHTML, like Gecko; compatible; GPTBot/1.3; +https://openai.com/gptbot)"
74.7.242.34 - - [13/Apr/2026:12:50:02 +0000] "GET /whsy.php?e=pty.pyc&p=%2Fusr%2Flib64%2Fpython2.7 HTTP/1.1" 200 18336 "https://www.shakcoin.com/whsy.php?p=%2Fusr%2Flib64%2Fpython2.7" "Mozilla/5.0 AppleWebKit/537.36 (KHTML, like Gecko; compatible; GPTBot/1.3; +https://openai.com/gptbot)"
74.7.243.215 - - [13/Apr/2026:12:50:04 +0000] "GET /whsy.php?e=clear_refs&p=%2Fproc%2F27031 HTTP/1.1" 200 982 "https://www.shakcoin.com.lab2454.com/whsy.php?p=%2Fproc%2F27031" "Mozilla/5.0 AppleWebKit/537.36 (KHTML, like Gecko; compatible; GPTBot/1.3; +https://openai.com/gptbot)"
74.7.227.151 - - [13/Apr/2026:12:50:05 +0000] "GET /whsy.php?e=unix&p=%2Fproc%2F25588%2Fnet HTTP/1.1" 200 5090 "https://shakcoin.com.lab2454.com/whsy.php?p=%2Fproc%2F25588%2Fnet" "Mozilla/5.0 AppleWebKit/537.36 (KHTML, like Gecko; compatible; GPTBot/1.3; +https://openai.com/gptbot)"
74.7.242.34 - - [13/Apr/2026:12:50:06 +0000] "GET /whsy.php?e=tty.pyc&p=%2Fusr%2Flib64%2Fpython2.7 HTTP/1.1" 200 18336 "https://www.shakcoin.com/whsy.php?p=%2Fusr%2Flib64%2Fpython2.7" "Mozilla/5.0 AppleWebKit/537.36 (KHTML, like Gecko; compatible; GPTBot/1.3; +https://openai.com/gptbot)"
74.7.243.215 - - [13/Apr/2026:12:50:07 +0000] "GET /whsy.php?e=loginuid&p=%2Fproc%2F26761 HTTP/1.1" 200 2013 "https://www.shakcoin.com.lab2454.com/whsy.php?p=%2Fproc%2F26761" "Mozilla/5.0 AppleWebKit/537.36 (KHTML, like Gecko; compatible; GPTBot/1.3; +https://openai.com/gptbot)"
74.7.227.151 - - [13/Apr/2026:12:50:09 +0000] "GET /whsy.php?p=%2Fproc%2F19114%2Fnet HTTP/1.1" 200 2441 "https://shakcoin.com.lab2454.com/whsy.php?p=%2Fproc%2F19114" "Mozilla/5.0 AppleWebKit/537.36 (KHTML, like Gecko; compatible; GPTBot/1.3; +https://openai.com/gptbot)"
74.7.242.34 - - [13/Apr/2026:12:50:09 +0000] "GET /whsy.php?e=uuid.py&p=%2Fusr%2Flib64%2Fpython2.7 HTTP/1.1" 200 24705 "https://www.shakcoin.com/whsy.php?p=%2Fusr%2Flib64%2Fpython2.7" "Mozilla/5.0 AppleWebKit/537.36 (KHTML, like Gecko; compatible; GPTBot/1.3; +https://openai.com/gptbot)"
74.7.243.215 - - [13/Apr/2026:12:50:10 +0000] "GET /whsy.php?e=loginuid&p=%2Fproc%2F26683 HTTP/1.1" 200 982 "https://www.shakcoin.com.lab2454.com/whsy.php?p=%2Fproc%2F26683" "Mozilla/5.0 AppleWebKit/537.36 (KHTML, like Gecko; compatible; GPTBot/1.3; +https://openai.com/gptbot)"
74.7.227.151 - - [13/Apr/2026:12:50:12 +0000] "GET /whsy.php?p=%2Fproc%2F11748%2Ftask HTTP/1.1" 200 982 "https://shakcoin.com.lab2454.com/whsy.php?p=%2Fproc%2F11748" "Mozilla/5.0 AppleWebKit/537.36 (KHTML, like Gecko; compatible; GPTBot/1.3; +https://openai.com/gptbot)"
74.7.242.34 - - [13/Apr/2026:12:50:12 +0000] "GET /whsy.php?e=copy.py&p=%2Fusr%2Flib64%2Fpython2.7 HTTP/1.1" 200 21635 "https://www.shakcoin.com/whsy.php?p=%2Fusr%2Flib64%2Fpython2.7" "Mozilla/5.0 AppleWebKit/537.36 (KHTML, like Gecko; compatible; GPTBot/1.3; +https://openai.com/gptbot)"
74.7.243.215 - - [13/Apr/2026:12:50:14 +0000] "GET /whsy.php?e=limits&p=%2Fproc%2F27461 HTTP/1.1" 200 982 "https://www.shakcoin.com.lab2454.com/whsy.php?p=%2Fproc%2F27461" "Mozilla/5.0 AppleWebKit/537.36 (KHTML, like Gecko; compatible; GPTBot/1.3; +https://openai.com/gptbot)"
74.7.227.151 - - [13/Apr/2026:12:50:15 +0000] "GET /whsy.php?p=%2Fproc%2F19114%2Fattr HTTP/1.1" 200 798 "https://shakcoin.com.lab2454.com/whsy.php?p=%2Fproc%2F19114" "Mozilla/5.0 AppleWebKit/537.36 (KHTML, like Gecko; compatible; GPTBot/1.3; +https://openai.com/gptbot)"
74.7.242.34 - - [13/Apr/2026:12:50:16 +0000] "GET /whsy.php?e=this.py&p=%2Fusr%2Flib64%2Fpython3.6 HTTP/1.1" 200 6395 "https://www.shakcoin.com/whsy.php?p=%2Fusr%2Flib64%2Fpython3.6" "Mozilla/5.0 AppleWebKit/537.36 (KHTML, like Gecko; compatible; GPTBot/1.3; +https://openai.com/gptbot)"
74.7.243.215 - - [13/Apr/2026:12:50:17 +0000] "GET /whsy.php?e=mounts&p=%2Fproc%2F19725 HTTP/1.1" 200 2678 "https://www.shakcoin.com.lab2454.com/whsy.php?p=%2Fproc%2F19725" "Mozilla/5.0 AppleWebKit/537.36 (KHTML, like Gecko; compatible; GPTBot/1.3; +https://openai.com/gptbot)"
74.7.227.151 - - [13/Apr/2026:12:50:18 +0000] "GET /whsy.php?p=%2Fproc%2F26683%2Ftask HTTP/1.1" 200 982 "https://shakcoin.com.lab2454.com/whsy.php?p=%2Fproc%2F26683" "Mozilla/5.0 AppleWebKit/537.36 (KHTML, like Gecko; compatible; GPTBot/1.3; +https://openai.com/gptbot)"
74.7.242.34 - - [13/Apr/2026:12:50:19 +0000] "GET /whsy.php?e=pdb.pyo&p=%2Fusr%2Flib64%2Fpython2.7 HTTP/1.1" 200 18334 "https://www.shakcoin.com/whsy.php?p=%2Fusr%2Flib64%2Fpython2.7" "Mozilla/5.0 AppleWebKit/537.36 (KHTML, like Gecko; compatible; GPTBot/1.3; +https://openai.com/gptbot)"
74.7.243.215 - - [13/Apr/2026:12:50:20 +0000] "GET /whsy.php?e=limits&p=%2Fproc%2F27031 HTTP/1.1" 200 982 "https://www.shakcoin.com.lab2454.com/whsy.php?p=%2Fproc%2F27031" "Mozilla/5.0 AppleWebKit/537.36 (KHTML, like Gecko; compatible; GPTBot/1.3; +https://openai.com/gptbot)"
74.7.227.151 - - [13/Apr/2026:12:50:22 +0000] "GET /whsy.php?p=%2Fproc%2F28084%2Fattr HTTP/1.1" 200 982 "https://shakcoin.com.lab2454.com/whsy.php?p=%2Fproc%2F28084" "Mozilla/5.0 AppleWebKit/537.36 (KHTML, like Gecko; compatible; GPTBot/1.3; +https://openai.com/gptbot)"
74.7.242.34 - - [13/Apr/2026:12:50:23 +0000] "GET /whsy.php?e=ssl.pyc&p=%2Fusr%2Flib64%2Fpython2.7 HTTP/1.1" 200 18337 "https://www.shakcoin.com/whsy.php?p=%2Fusr%2Flib64%2Fpython2.7" "Mozilla/5.0 AppleWebKit/537.36 (KHTML, like Gecko; compatible; GPTBot/1.3; +https://openai.com/gptbot)"
74.7.243.215 - - [13/Apr/2026:12:50:24 +0000] "GET /whsy.php?e=timers&p=%2Fproc%2F10345 HTTP/1.1" 200 982 "https://www.shakcoin.com.lab2454.com/whsy.php?p=%2Fproc%2F10345" "Mozilla/5.0 AppleWebKit/537.36 (KHTML, like Gecko; compatible; GPTBot/1.3; +https://openai.com/gptbot)"
74.7.227.151 - - [13/Apr/2026:12:50:25 +0000] "GET /whsy.php?p=%2Fproc%2F28639%2Ftask HTTP/1.1" 200 982 "https://shakcoin.com.lab2454.com/whsy.php?p=%2Fproc%2F28639" "Mozilla/5.0 AppleWebKit/537.36 (KHTML, like Gecko; compatible; GPTBot/1.3; +https://openai.com/gptbot)"
74.7.242.34 - - [13/Apr/2026:12:50:26 +0000] "GET /whsy.php?e=sha.pyo&p=%2Fusr%2Flib64%2Fpython2.7 HTTP/1.1" 200 18334 "https://www.shakcoin.com/whsy.php?p=%2Fusr%2Flib64%2Fpython2.7" "Mozilla/5.0 AppleWebKit/537.36 (KHTML, like Gecko; compatible; GPTBot/1.3; +https://openai.com/gptbot)"
74.7.243.215 - - [13/Apr/2026:12:50:27 +0000] "GET /whsy.php?e=limits&p=%2Fproc%2F28639 HTTP/1.1" 200 982 "https://www.shakcoin.com.lab2454.com/whsy.php?p=%2Fproc%2F28639" "Mozilla/5.0 AppleWebKit/537.36 (KHTML, like Gecko; compatible; GPTBot/1.3; +https://openai.com/gptbot)"
74.7.227.151 - - [13/Apr/2026:12:50:28 +0000] "GET /whsy.php?p=%2Fproc%2F27456%2Fnet HTTP/1.1" 200 982 "https://shakcoin.com.lab2454.com/whsy.php?p=%2Fproc%2F27456" "Mozilla/5.0 AppleWebKit/537.36 (KHTML, like Gecko; compatible; GPTBot/1.3; +https://openai.com/gptbot)"
74.7.242.34 - - [13/Apr/2026:12:50:29 +0000] "GET /whsy.php?e=stat.py&p=%2Fusr%2Flib64%2Fpython3.6 HTTP/1.1" 200 7688 "https://www.shakcoin.com/whsy.php?p=%2Fusr%2Flib64%2Fpython3.6" "Mozilla/5.0 AppleWebKit/537.36 (KHTML, like Gecko; compatible; GPTBot/1.3; +https://openai.com/gptbot)"
74.7.243.215 - - [13/Apr/2026:12:50:31 +0000] "GET /whsy.php?e=limits&p=%2Fproc%2F27965 HTTP/1.1" 200 982 "https://www.shakcoin.com.lab2454.com/whsy.php?p=%2Fproc%2F27965" "Mozilla/5.0 AppleWebKit/537.36 (KHTML, like Gecko; compatible; GPTBot/1.3; +https://openai.com/gptbot)"
74.7.227.151 - - [13/Apr/2026:12:50:32 +0000] "GET /whsy.php?p=%2Fproc%2F26683%2Fattr HTTP/1.1" 200 982 "https://shakcoin.com.lab2454.com/whsy.php?p=%2Fproc%2F26683" "Mozilla/5.0 AppleWebKit/537.36 (KHTML, like Gecko; compatible; GPTBot/1.3; +https://openai.com/gptbot)"
74.7.242.34 - - [13/Apr/2026:12:50:33 +0000] "GET /whsy.php?e=copy.py&p=%2Fusr%2Flib64%2Fpython3.6 HTTP/1.1" 200 8586 "https://www.shakcoin.com/whsy.php?p=%2Fusr%2Flib64%2Fpython3.6" "Mozilla/5.0 AppleWebKit/537.36 (KHTML, like Gecko; compatible; GPTBot/1.3; +https://openai.com/gptbot)"
74.7.243.215 - - [13/Apr/2026:12:50:34 +0000] "GET /whsy.php?e=mounts&p=%2Fproc%2F28639 HTTP/1.1" 200 982 "https://www.shakcoin.com.lab2454.com/whsy.php?p=%2Fproc%2F28639" "Mozilla/5.0 AppleWebKit/537.36 (KHTML, like Gecko; compatible; GPTBot/1.3; +https://openai.com/gptbot)"
74.7.227.151 - - [13/Apr/2026:12:50:36 +0000] "GET /whsy.php?p=%2Fproc%2F25588%2Ftask HTTP/1.1" 200 779 "https://shakcoin.com.lab2454.com/whsy.php?p=%2Fproc%2F25588" "Mozilla/5.0 AppleWebKit/537.36 (KHTML, like Gecko; compatible; GPTBot/1.3; +https://openai.com/gptbot)"
74.7.242.34 - - [13/Apr/2026:12:50:37 +0000] "GET /whsy.php?e=stat.py&p=%2Fusr%2Flib64%2Fpython2.7 HTTP/1.1" 200 19099 "https://www.shakcoin.com/whsy.php?p=%2Fusr%2Flib64%2Fpython2.7" "Mozilla/5.0 AppleWebKit/537.36 (KHTML, like Gecko; compatible; GPTBot/1.3; +https://openai.com/gptbot)"
74.7.243.215 - - [13/Apr/2026:12:50:38 +0000] "GET /whsy.php?e=status&p=%2Fproc%2F14736 HTTP/1.1" 200 2363 "https://www.shakcoin.com.lab2454.com/whsy.php?p=%2Fproc%2F14736" "Mozilla/5.0 AppleWebKit/537.36 (KHTML, like Gecko; compatible; GPTBot/1.3; +https://openai.com/gptbot)"
74.7.227.151 - - [13/Apr/2026:12:50:39 +0000] "GET /whsy.php?p=%2Fproc%2F17167%2Fnet HTTP/1.1" 200 982 "https://shakcoin.com.lab2454.com/whsy.php?p=%2Fproc%2F17167" "Mozilla/5.0 AppleWebKit/537.36 (KHTML, like Gecko; compatible; GPTBot/1.3; +https://openai.com/gptbot)"
74.7.242.34 - - [13/Apr/2026:12:50:40 +0000] "GET /whsy.php?e=site.py&p=%2Fusr%2Flib64%2Fpython2.7 HTTP/1.1" 200 24727 "https://www.shakcoin.com/whsy.php?p=%2Fusr%2Flib64%2Fpython2.7" "Mozilla/5.0 AppleWebKit/537.36 (KHTML, like Gecko; compatible; GPTBot/1.3; +https://openai.com/gptbot)"
74.7.243.215 - - [13/Apr/2026:12:50:41 +0000] "GET /whsy.php?e=mounts&p=%2Fproc%2F27965 HTTP/1.1" 200 982 "https://www.shakcoin.com.lab2454.com/whsy.php?p=%2Fproc%2F27965" "Mozilla/5.0 AppleWebKit/537.36 (KHTML, like Gecko; compatible; GPTBot/1.3; +https://openai.com/gptbot)"
74.7.227.151 - - [13/Apr/2026:12:50:43 +0000] "GET /whsy.php?p=%2Fproc%2F26683%2Fnet HTTP/1.1" 200 982 "https://shakcoin.com.lab2454.com/whsy.php?p=%2Fproc%2F26683" "Mozilla/5.0 AppleWebKit/537.36 (KHTML, like Gecko; compatible; GPTBot/1.3; +https://openai.com/gptbot)"
74.7.242.34 - - [13/Apr/2026:12:50:44 +0000] "GET /whsy.php?e=help.txt&p=%2Fusr%2Fshare%2Fgnupg HTTP/1.1" 200 6117 "https://www.shakcoin.com/whsy.php?p=%2Fusr%2Fshare%2Fgnupg" "Mozilla/5.0 AppleWebKit/537.36 (KHTML, like Gecko; compatible; GPTBot/1.3; +https://openai.com/gptbot)"
74.7.243.215 - - [13/Apr/2026:12:50:45 +0000] "GET /whsy.php?e=timers&p=%2Fproc%2F14736 HTTP/1.1" 200 2005 "https://www.shakcoin.com.lab2454.com/whsy.php?p=%2Fproc%2F14736" "Mozilla/5.0 AppleWebKit/537.36 (KHTML, like Gecko; compatible; GPTBot/1.3; +https://openai.com/gptbot)"
74.7.227.151 - - [13/Apr/2026:12:50:46 +0000] "GET /whsy.php?e=rt_acct&p=%2Fproc%2F19114%2Fnet HTTP/1.1" 200 2530 "https://shakcoin.com.lab2454.com/whsy.php?p=%2Fproc%2F19114%2Fnet" "Mozilla/5.0 AppleWebKit/537.36 (KHTML, like Gecko; compatible; GPTBot/1.3; +https://openai.com/gptbot)"
74.7.242.34 - - [13/Apr/2026:12:50:47 +0000] "GET /whsy.php?p=%2Fhome%2Flab2454c%2Figpma.com%2Fwp-includes HTTP/1.1" 200 8482 "https://www.shakcoin.com/whsy.php?p=%2Fhome%2Flab2454c%2Figpma.com" "Mozilla/5.0 AppleWebKit/537.36 (KHTML, like Gecko; compatible; GPTBot/1.3; +https://openai.com/gptbot)"
74.7.243.215 - - [13/Apr/2026:12:50:49 +0000] "GET /whsy.php?e=mounts&p=%2Fproc%2F27456 HTTP/1.1" 200 982 "https://www.shakcoin.com.lab2454.com/whsy.php?p=%2Fproc%2F27456" "Mozilla/5.0 AppleWebKit/537.36 (KHTML, like Gecko; compatible; GPTBot/1.3; +https://openai.com/gptbot)"
74.7.227.151 - - [13/Apr/2026:12:50:50 +0000] "GET /whsy.php?e=nf_conntrack_expect&p=%2Fproc%2F19114%2Fnet HTTP/1.1" 200 2441 "https://shakcoin.com.lab2454.com/whsy.php?p=%2Fproc%2F19114%2Fnet" "Mozilla/5.0 AppleWebKit/537.36 (KHTML, like Gecko; compatible; GPTBot/1.3; +https://openai.com/gptbot)"
74.7.242.34 - - [13/Apr/2026:12:50:51 +0000] "GET /whsy.php?p=%2Fhome%2Flab2454c%2Figpma.com%2F.quarantine HTTP/1.1" 200 504 "https://www.shakcoin.com/whsy.php?p=%2Fhome%2Flab2454c%2Figpma.com" "Mozilla/5.0 AppleWebKit/537.36 (KHTML, like Gecko; compatible; GPTBot/1.3; +https://openai.com/gptbot)"
74.7.243.215 - - [13/Apr/2026:12:50:52 +0000] "GET /whsy.php?e=mounts&p=%2Fproc%2F27461 HTTP/1.1" 200 982 "https://www.shakcoin.com.lab2454.com/whsy.php?p=%2Fproc%2F27461" "Mozilla/5.0 AppleWebKit/537.36 (KHTML, like Gecko; compatible; GPTBot/1.3; +https://openai.com/gptbot)"
74.7.227.151 - - [13/Apr/2026:12:50:54 +0000] "GET /whsy.php?p=%2Fproc%2F27966%2Fcwd HTTP/1.1" 200 982 "https://shakcoin.com.lab2454.com/whsy.php?p=%2Fproc%2F27966" "Mozilla/5.0 AppleWebKit/537.36 (KHTML, like Gecko; compatible; GPTBot/1.3; +https://openai.com/gptbot)"
74.7.243.215 - - [13/Apr/2026:12:50:57 +0000] "GET /whsy.php?e=limits&p=%2Fproc%2F19725 HTTP/1.1" 200 2274 "https://www.shakcoin.com.lab2454.com/whsy.php?p=%2Fproc%2F19725" "Mozilla/5.0 AppleWebKit/537.36 (KHTML, like Gecko; compatible; GPTBot/1.3; +https://openai.com/gptbot)"
74.7.227.151 - - [13/Apr/2026:12:50:58 +0000] "GET /whsy.php?p=%2Fproc%2F27456%2Fattr HTTP/1.1" 200 982 "https://shakcoin.com.lab2454.com/whsy.php?p=%2Fproc%2F27456" "Mozilla/5.0 AppleWebKit/537.36 (KHTML, like Gecko; compatible; GPTBot/1.3; +https://openai.com/gptbot)"
74.7.243.215 - - [13/Apr/2026:12:51:00 +0000] "GET /whsy.php?e=mounts&p=%2Fproc%2F16982 HTTP/1.1" 200 982 "https://www.shakcoin.com.lab2454.com/whsy.php?p=%2Fproc%2F16982" "Mozilla/5.0 AppleWebKit/537.36 (KHTML, like Gecko; compatible; GPTBot/1.3; +https://openai.com/gptbot)"
74.7.227.151 - - [13/Apr/2026:12:51:01 +0000] "GET /whsy.php?p=%2Fproc%2F27965%2Fattr HTTP/1.1" 200 982 "https://shakcoin.com.lab2454.com/whsy.php?p=%2Fproc%2F27965" "Mozilla/5.0 AppleWebKit/537.36 (KHTML, like Gecko; compatible; GPTBot/1.3; +https://openai.com/gptbot)"
74.7.242.34 - - [13/Apr/2026:12:51:02 +0000] "GET /whsy.php?e=profile.php&p=%2Fhome%2Flab2454c%2Fbullionmills.com%2Fwp-admin HTTP/1.1" 200 3724 "https://www.shakcoin.com/whsy.php?p=%2Fhome%2Flab2454c%2Fbullionmills.com%2Fwp-admin" "Mozilla/5.0 AppleWebKit/537.36 (KHTML, like Gecko; compatible; GPTBot/1.3; +https://openai.com/gptbot)"
74.7.243.215 - - [13/Apr/2026:12:51:03 +0000] "GET /whsy.php?e=status&p=%2Fproc%2F10345 HTTP/1.1" 200 982 "https://www.shakcoin.com.lab2454.com/whsy.php?p=%2Fproc%2F10345" "Mozilla/5.0 AppleWebKit/537.36 (KHTML, like Gecko; compatible; GPTBot/1.3; +https://openai.com/gptbot)"
74.7.227.151 - - [13/Apr/2026:12:51:04 +0000] "GET /whsy.php?p=%2Fproc%2F25588%2Fattr HTTP/1.1" 200 799 "https://shakcoin.com.lab2454.com/whsy.php?p=%2Fproc%2F25588" "Mozilla/5.0 AppleWebKit/537.36 (KHTML, like Gecko; compatible; GPTBot/1.3; +https://openai.com/gptbot)"
74.7.242.34 - - [13/Apr/2026:12:51:05 +0000] "GET /whsy.php?e=lT559r.php&p=%2Fhome%2Flab2454c%2Fgemition.com%2Fwp-includes%2FRequests HTTP/1.1" 200 811 "https://www.shakcoin.com/whsy.php?p=%2Fhome%2Flab2454c%2Fgemition.com%2Fwp-includes%2FRequests" "Mozilla/5.0 AppleWebKit/537.36 (KHTML, like Gecko; compatible; GPTBot/1.3; +https://openai.com/gptbot)"
74.7.243.215 - - [13/Apr/2026:12:51:07 +0000] "GET /whsy.php?e=mounts&p=%2Fproc%2F13619 HTTP/1.1" 200 2649 "https://www.shakcoin.com.lab2454.com/whsy.php?p=%2Fproc%2F13619" "Mozilla/5.0 AppleWebKit/537.36 (KHTML, like Gecko; compatible; GPTBot/1.3; +https://openai.com/gptbot)"
74.7.227.151 - - [13/Apr/2026:12:51:08 +0000] "GET /whsy.php?e=arch_status&p=%2Fproc%2F27650 HTTP/1.1" 200 982 "https://shakcoin.com.lab2454.com/whsy.php?p=%2Fproc%2F27650" "Mozilla/5.0 AppleWebKit/537.36 (KHTML, like Gecko; compatible; GPTBot/1.3; +https://openai.com/gptbot)"
74.7.243.215 - - [13/Apr/2026:12:51:10 +0000] "GET /whsy.php?e=limits&p=%2Fproc%2F16982 HTTP/1.1" 200 982 "https://www.shakcoin.com.lab2454.com/whsy.php?p=%2Fproc%2F16982" "Mozilla/5.0 AppleWebKit/537.36 (KHTML, like Gecko; compatible; GPTBot/1.3; +https://openai.com/gptbot)"
74.7.227.151 - - [13/Apr/2026:12:51:11 +0000] "GET /whsy.php?e=arch_status&p=%2Fproc%2F27456 HTTP/1.1" 200 982 "https://shakcoin.com.lab2454.com/whsy.php?p=%2Fproc%2F27456" "Mozilla/5.0 AppleWebKit/537.36 (KHTML, like Gecko; compatible; GPTBot/1.3; +https://openai.com/gptbot)"
74.7.243.215 - - [13/Apr/2026:12:51:13 +0000] "GET /whsy.php?e=timers&p=%2Fproc%2F16594 HTTP/1.1" 200 982 "https://www.shakcoin.com.lab2454.com/whsy.php?p=%2Fproc%2F16594" "Mozilla/5.0 AppleWebKit/537.36 (KHTML, like Gecko; compatible; GPTBot/1.3; +https://openai.com/gptbot)"
74.7.227.151 - - [13/Apr/2026:12:51:14 +0000] "GET /whsy.php?p=%2Fproc%2F25588%2Ftask%2F25611 HTTP/1.1" 200 1802 "https://shakcoin.com.lab2454.com/whsy.php?p=%2Fproc%2F25588%2Ftask" "Mozilla/5.0 AppleWebKit/537.36 (KHTML, like Gecko; compatible; GPTBot/1.3; +https://openai.com/gptbot)"
74.7.243.215 - - [13/Apr/2026:12:51:16 +0000] "GET /whsy.php?e=status&p=%2Fproc%2F16594 HTTP/1.1" 200 982 "https://www.shakcoin.com.lab2454.com/whsy.php?p=%2Fproc%2F16594" "Mozilla/5.0 AppleWebKit/537.36 (KHTML, like Gecko; compatible; GPTBot/1.3; +https://openai.com/gptbot)"
74.7.227.151 - - [13/Apr/2026:12:51:17 +0000] "GET /whsy.php?e=arch_status&p=%2Fproc%2F10407 HTTP/1.1" 200 982 "https://shakcoin.com.lab2454.com/whsy.php?p=%2Fproc%2F10407" "Mozilla/5.0 AppleWebKit/537.36 (KHTML, like Gecko; compatible; GPTBot/1.3; +https://openai.com/gptbot)"
74.7.243.215 - - [13/Apr/2026:12:51:20 +0000] "GET /whsy.php?e=mounts&p=%2Fproc%2F27031 HTTP/1.1" 200 982 "https://www.shakcoin.com.lab2454.com/whsy.php?p=%2Fproc%2F27031" "Mozilla/5.0 AppleWebKit/537.36 (KHTML, like Gecko; compatible; GPTBot/1.3; +https://openai.com/gptbot)"
74.7.227.151 - - [13/Apr/2026:12:51:21 +0000] "GET /whsy.php?e=arch_status&p=%2Fproc%2F11748 HTTP/1.1" 200 982 "https://shakcoin.com.lab2454.com/whsy.php?p=%2Fproc%2F11748" "Mozilla/5.0 AppleWebKit/537.36 (KHTML, like Gecko; compatible; GPTBot/1.3; +https://openai.com/gptbot)"
74.7.243.215 - - [13/Apr/2026:12:51:23 +0000] "GET /whsy.php?e=limits&p=%2Fproc%2F13619 HTTP/1.1" 200 2232 "https://www.shakcoin.com.lab2454.com/whsy.php?p=%2Fproc%2F13619" "Mozilla/5.0 AppleWebKit/537.36 (KHTML, like Gecko; compatible; GPTBot/1.3; +https://openai.com/gptbot)"
74.7.227.151 - - [13/Apr/2026:12:51:24 +0000] "GET /whsy.php?e=arch_status&p=%2Fproc%2F27965 HTTP/1.1" 200 982 "https://shakcoin.com.lab2454.com/whsy.php?p=%2Fproc%2F27965" "Mozilla/5.0 AppleWebKit/537.36 (KHTML, like Gecko; compatible; GPTBot/1.3; +https://openai.com/gptbot)"
74.7.242.34 - - [13/Apr/2026:12:51:24 +0000] "GET /whsy.php?e=class-wp-navigation-fallback.php&p=%2Fhome%2Flab2454c%2Figpma.com%2Fwp-includes HTTP/1.1" 200 10807 "https://www.shakcoin.com/whsy.php?p=%2Fhome%2Flab2454c%2Figpma.com%2Fwp-includes" "Mozilla/5.0 AppleWebKit/537.36 (KHTML, like Gecko; compatible; GPTBot/1.3; +https://openai.com/gptbot)"
74.7.243.215 - - [13/Apr/2026:12:51:26 +0000] "GET /whsy.php?e=limits&p=%2Fproc%2F27456 HTTP/1.1" 200 982 "https://www.shakcoin.com.lab2454.com/whsy.php?p=%2Fproc%2F27456" "Mozilla/5.0 AppleWebKit/537.36 (KHTML, like Gecko; compatible; GPTBot/1.3; +https://openai.com/gptbot)"
74.7.227.151 - - [13/Apr/2026:12:51:27 +0000] "GET /whsy.php?e=arch_status&p=%2Fproc%2F13619 HTTP/1.1" 200 2006 "https://shakcoin.com.lab2454.com/whsy.php?p=%2Fproc%2F13619" "Mozilla/5.0 AppleWebKit/537.36 (KHTML, like Gecko; compatible; GPTBot/1.3; +https://openai.com/gptbot)"
74.7.242.34 - - [13/Apr/2026:12:51:28 +0000] "GET /whsy.php?e=class-wp-block-editor-context.php&p=%2Fhome%2Flab2454c%2Figpma.com%2Fwp-includes HTTP/1.1" 200 9069 "https://www.shakcoin.com/whsy.php?p=%2Fhome%2Flab2454c%2Figpma.com%2Fwp-includes" "Mozilla/5.0 AppleWebKit/537.36 (KHTML, like Gecko; compatible; GPTBot/1.3; +https://openai.com/gptbot)"
74.7.243.215 - - [13/Apr/2026:12:51:29 +0000] "GET /whsy.php?e=syscall&p=%2Fproc%2F27461 HTTP/1.1" 200 982 "https://www.shakcoin.com.lab2454.com/whsy.php?p=%2Fproc%2F27461" "Mozilla/5.0 AppleWebKit/537.36 (KHTML, like Gecko; compatible; GPTBot/1.3; +https://openai.com/gptbot)"
74.7.227.151 - - [13/Apr/2026:12:51:30 +0000] "GET /whsy.php?e=arch_status&p=%2Fproc%2F28639 HTTP/1.1" 200 982 "https://shakcoin.com.lab2454.com/whsy.php?p=%2Fproc%2F28639" "Mozilla/5.0 AppleWebKit/537.36 (KHTML, like Gecko; compatible; GPTBot/1.3; +https://openai.com/gptbot)"
74.7.242.34 - - [13/Apr/2026:12:51:31 +0000] "GET /whsy.php?e=post-thumbnail-template.php&p=%2Fhome%2Flab2454c%2Figpma.com%2Fwp-includes HTTP/1.1" 200 10725 "https://www.shakcoin.com/whsy.php?p=%2Fhome%2Flab2454c%2Figpma.com%2Fwp-includes" "Mozilla/5.0 AppleWebKit/537.36 (KHTML, like Gecko; compatible; GPTBot/1.3; +https://openai.com/gptbot)"
74.7.243.215 - - [13/Apr/2026:12:51:33 +0000] "GET /whsy.php?e=syscall&p=%2Fproc%2F27965 HTTP/1.1" 200 982 "https://www.shakcoin.com.lab2454.com/whsy.php?p=%2Fproc%2F27965" "Mozilla/5.0 AppleWebKit/537.36 (KHTML, like Gecko; compatible; GPTBot/1.3; +https://openai.com/gptbot)"
74.7.227.151 - - [13/Apr/2026:12:51:34 +0000] "GET /whsy.php?e=igmp&p=%2Fproc%2F13619%2Fnet HTTP/1.1" 200 2591 "https://shakcoin.com.lab2454.com/whsy.php?p=%2Fproc%2F13619%2Fnet" "Mozilla/5.0 AppleWebKit/537.36 (KHTML, like Gecko; compatible; GPTBot/1.3; +https://openai.com/gptbot)"
74.7.242.34 - - [13/Apr/2026:12:51:34 +0000] "GET /whsy.php?e=checkbox.php&p=%2Fhome%2Flab2454c%2Figpma.com%2Fwp-includes HTTP/1.1" 200 9418 "https://www.shakcoin.com/whsy.php?p=%2Fhome%2Flab2454c%2Figpma.com%2Fwp-includes" "Mozilla/5.0 AppleWebKit/537.36 (KHTML, like Gecko; compatible; GPTBot/1.3; +https://openai.com/gptbot)"
74.7.243.215 - - [13/Apr/2026:12:51:36 +0000] "GET /whsy.php?e=syscall&p=%2Fproc%2F27456 HTTP/1.1" 200 982 "https://www.shakcoin.com.lab2454.com/whsy.php?p=%2Fproc%2F27456" "Mozilla/5.0 AppleWebKit/537.36 (KHTML, like Gecko; compatible; GPTBot/1.3; +https://openai.com/gptbot)"
74.7.227.151 - - [13/Apr/2026:12:51:37 +0000] "GET /whsy.php?e=status&p=%2Fproc%2F27343 HTTP/1.1" 200 982 "https://shakcoin.com.lab2454.com/whsy.php?p=%2Fproc%2F27343" "Mozilla/5.0 AppleWebKit/537.36 (KHTML, like Gecko; compatible; GPTBot/1.3; +https://openai.com/gptbot)"
74.7.242.34 - - [13/Apr/2026:12:51:38 +0000] "GET /whsy.php?e=atomlib.php&p=%2Fhome%2Flab2454c%2Figpma.com%2Fwp-includes HTTP/1.1" 200 11806 "https://www.shakcoin.com/whsy.php?p=%2Fhome%2Flab2454c%2Figpma.com%2Fwp-includes" "Mozilla/5.0 AppleWebKit/537.36 (KHTML, like Gecko; compatible; GPTBot/1.3; +https://openai.com/gptbot)"
74.7.243.215 - - [13/Apr/2026:12:51:40 +0000] "GET /whsy.php?e=syscall&p=%2Fproc%2F28639 HTTP/1.1" 200 982 "https://www.shakcoin.com.lab2454.com/whsy.php?p=%2Fproc%2F28639" "Mozilla/5.0 AppleWebKit/537.36 (KHTML, like Gecko; compatible; GPTBot/1.3; +https://openai.com/gptbot)"
74.7.227.151 - - [13/Apr/2026:12:51:41 +0000] "GET /whsy.php?e=status&p=%2Fproc%2F28084 HTTP/1.1" 200 982 "https://shakcoin.com.lab2454.com/whsy.php?p=%2Fproc%2F28084" "Mozilla/5.0 AppleWebKit/537.36 (KHTML, like Gecko; compatible; GPTBot/1.3; +https://openai.com/gptbot)"
74.7.242.34 - - [13/Apr/2026:12:51:42 +0000] "GET /whsy.php?e=template.php&p=%2Fhome%2Flab2454c%2Figpma.com%2Fwp-includes HTTP/1.1" 200 12968 "https://www.shakcoin.com/whsy.php?p=%2Fhome%2Flab2454c%2Figpma.com%2Fwp-includes" "Mozilla/5.0 AppleWebKit/537.36 (KHTML, like Gecko; compatible; GPTBot/1.3; +https://openai.com/gptbot)"
74.7.243.215 - - [13/Apr/2026:12:51:45 +0000] "GET /whsy.php?e=pagemap&p=%2Fproc%2F13619 HTTP/1.1" 200 1935 "https://www.shakcoin.com.lab2454.com/whsy.php?p=%2Fproc%2F13619" "Mozilla/5.0 AppleWebKit/537.36 (KHTML, like Gecko; compatible; GPTBot/1.3; +https://openai.com/gptbot)"
74.7.227.151 - - [13/Apr/2026:12:51:46 +0000] "GET /whsy.php?e=cpuset&p=%2Fproc%2F10407 HTTP/1.1" 200 982 "https://shakcoin.com.lab2454.com/whsy.php?p=%2Fproc%2F10407" "Mozilla/5.0 AppleWebKit/537.36 (KHTML, like Gecko; compatible; GPTBot/1.3; +https://openai.com/gptbot)"
74.7.242.34 - - [13/Apr/2026:12:51:46 +0000] "GET /whsy.php?e=widgets.php&p=%2Fhome%2Flab2454c%2Figpma.com%2Fwp-includes HTTP/1.1" 200 24395 "https://www.shakcoin.com/whsy.php?p=%2Fhome%2Flab2454c%2Figpma.com%2Fwp-includes" "Mozilla/5.0 AppleWebKit/537.36 (KHTML, like Gecko; compatible; GPTBot/1.3; +https://openai.com/gptbot)"
74.7.243.215 - - [13/Apr/2026:12:51:48 +0000] "GET /whsy.php?e=syscall&p=%2Fproc%2F16982 HTTP/1.1" 200 982 "https://www.shakcoin.com.lab2454.com/whsy.php?p=%2Fproc%2F16982" "Mozilla/5.0 AppleWebKit/537.36 (KHTML, like Gecko; compatible; GPTBot/1.3; +https://openai.com/gptbot)"
74.7.227.151 - - [13/Apr/2026:12:51:50 +0000] "GET /whsy.php?e=status&p=%2Fproc%2F19114 HTTP/1.1" 200 2590 "https://shakcoin.com.lab2454.com/whsy.php?p=%2Fproc%2F19114" "Mozilla/5.0 AppleWebKit/537.36 (KHTML, like Gecko; compatible; GPTBot/1.3; +https://openai.com/gptbot)"
74.7.242.34 - - [13/Apr/2026:12:51:50 +0000] "GET /whsy.php?p=%2Fhome%2Flab2454c%2Figpma.com%2Fwp-includes%2Fphp-compat HTTP/1.1" 200 861 "https://www.shakcoin.com/whsy.php?p=%2Fhome%2Flab2454c%2Figpma.com%2Fwp-includes" "Mozilla/5.0 AppleWebKit/537.36 (KHTML, like Gecko; compatible; GPTBot/1.3; +https://openai.com/gptbot)"
74.7.243.215 - - [13/Apr/2026:12:51:52 +0000] "GET /whsy.php?e=syscall&p=%2Fproc%2F19725 HTTP/1.1" 200 1936 "https://www.shakcoin.com.lab2454.com/whsy.php?p=%2Fproc%2F19725" "Mozilla/5.0 AppleWebKit/537.36 (KHTML, like Gecko; compatible; GPTBot/1.3; +https://openai.com/gptbot)"
74.7.227.151 - - [13/Apr/2026:12:51:53 +0000] "GET /whsy.php?e=smaps_rollup&p=%2Fproc%2F25588%2Ftask%2F25611 HTTP/1.1" 200 1991 "https://shakcoin.com.lab2454.com/whsy.php?p=%2Fproc%2F25588%2Ftask%2F25611" "Mozilla/5.0 AppleWebKit/537.36 (KHTML, like Gecko; compatible; GPTBot/1.3; +https://openai.com/gptbot)"
74.7.242.34 - - [13/Apr/2026:12:51:54 +0000] "GET /whsy.php?e=class-wp-recovery-mode-cookie-service.php&p=%2Fhome%2Flab2454c%2Figpma.com%2Fwp-includes HTTP/1.1" 200 10653 "https://www.shakcoin.com/whsy.php?p=%2Fhome%2Flab2454c%2Figpma.com%2Fwp-includes" "Mozilla/5.0 AppleWebKit/537.36 (KHTML, like Gecko; compatible; GPTBot/1.3; +https://openai.com/gptbot)"
74.7.243.215 - - [13/Apr/2026:12:51:56 +0000] "GET /whsy.php?e=syscall&p=%2Fproc%2F27031 HTTP/1.1" 200 982 "https://www.shakcoin.com.lab2454.com/whsy.php?p=%2Fproc%2F27031" "Mozilla/5.0 AppleWebKit/537.36 (KHTML, like Gecko; compatible; GPTBot/1.3; +https://openai.com/gptbot)"
74.7.227.151 - - [13/Apr/2026:12:51:58 +0000] "GET /whsy.php?e=cpuset&p=%2Fproc%2F11748 HTTP/1.1" 200 982 "https://shakcoin.com.lab2454.com/whsy.php?p=%2Fproc%2F11748" "Mozilla/5.0 AppleWebKit/537.36 (KHTML, like Gecko; compatible; GPTBot/1.3; +https://openai.com/gptbot)"
74.7.242.34 - - [13/Apr/2026:12:51:58 +0000] "GET /whsy.php?e=class-wp-recovery-mode-email-service.php&p=%2Fhome%2Flab2454c%2Figpma.com%2Fwp-includes HTTP/1.1" 200 12023 "https://www.shakcoin.com/whsy.php?p=%2Fhome%2Flab2454c%2Figpma.com%2Fwp-includes" "Mozilla/5.0 AppleWebKit/537.36 (KHTML, like Gecko; compatible; GPTBot/1.3; +https://openai.com/gptbot)"
74.7.243.215 - - [13/Apr/2026:12:52:01 +0000] "GET /whsy.php?e=smaps_rollup&p=%2Fproc%2F28639 HTTP/1.1" 200 982 "https://www.shakcoin.com.lab2454.com/whsy.php?p=%2Fproc%2F28639" "Mozilla/5.0 AppleWebKit/537.36 (KHTML, like Gecko; compatible; GPTBot/1.3; +https://openai.com/gptbot)"
74.7.227.151 - - [13/Apr/2026:12:52:02 +0000] "GET /whsy.php?e=cgroup&p=%2Fproc%2F27650 HTTP/1.1" 200 982 "https://shakcoin.com.lab2454.com/whsy.php?p=%2Fproc%2F27650" "Mozilla/5.0 AppleWebKit/537.36 (KHTML, like Gecko; compatible; GPTBot/1.3; +https://openai.com/gptbot)"
74.7.242.34 - - [13/Apr/2026:12:52:02 +0000] "GET /whsy.php?e=cache.php&p=%2Fhome%2Flab2454c%2Figpma.com%2Fwp-includes HTTP/1.1" 200 11070 "https://www.shakcoin.com/whsy.php?p=%2Fhome%2Flab2454c%2Figpma.com%2Fwp-includes" "Mozilla/5.0 AppleWebKit/537.36 (KHTML, like Gecko; compatible; GPTBot/1.3; +https://openai.com/gptbot)"
74.7.243.215 - - [13/Apr/2026:12:52:04 +0000] "GET /whsy.php?e=smaps_rollup&p=%2Fproc%2F27031 HTTP/1.1" 200 982 "https://www.shakcoin.com.lab2454.com/whsy.php?p=%2Fproc%2F27031" "Mozilla/5.0 AppleWebKit/537.36 (KHTML, like Gecko; compatible; GPTBot/1.3; +https://openai.com/gptbot)"
74.7.227.151 - - [13/Apr/2026:12:52:06 +0000] "GET /whsy.php?e=cpuset&p=%2Fproc%2F27650 HTTP/1.1" 200 982 "https://shakcoin.com.lab2454.com/whsy.php?p=%2Fproc%2F27650" "Mozilla/5.0 AppleWebKit/537.36 (KHTML, like Gecko; compatible; GPTBot/1.3; +https://openai.com/gptbot)"
74.7.242.34 - - [13/Apr/2026:12:52:06 +0000] "GET /whsy.php?e=class-wp-embed.php&p=%2Fhome%2Flab2454c%2Figpma.com%2Fwp-includes HTTP/1.1" 200 13313 "https://www.shakcoin.com/whsy.php?p=%2Fhome%2Flab2454c%2Figpma.com%2Fwp-includes" "Mozilla/5.0 AppleWebKit/537.36 (KHTML, like Gecko; compatible; GPTBot/1.3; +https://openai.com/gptbot)"
74.7.243.215 - - [13/Apr/2026:12:52:08 +0000] "GET /whsy.php?e=smaps_rollup&p=%2Fproc%2F16982 HTTP/1.1" 200 982 "https://www.shakcoin.com.lab2454.com/whsy.php?p=%2Fproc%2F16982" "Mozilla/5.0 AppleWebKit/537.36 (KHTML, like Gecko; compatible; GPTBot/1.3; +https://openai.com/gptbot)"
74.7.227.151 - - [13/Apr/2026:12:52:09 +0000] "GET /whsy.php?e=cpuset&p=%2Fproc%2F13619 HTTP/1.1" 200 2005 "https://shakcoin.com.lab2454.com/whsy.php?p=%2Fproc%2F13619" "Mozilla/5.0 AppleWebKit/537.36 (KHTML, like Gecko; compatible; GPTBot/1.3; +https://openai.com/gptbot)"
74.7.242.34 - - [13/Apr/2026:12:52:10 +0000] "GET /whsy.php?e=class-wp-http-cookie.php&p=%2Fhome%2Flab2454c%2Figpma.com%2Fwp-includes HTTP/1.1" 200 11046 "https://www.shakcoin.com/whsy.php?p=%2Fhome%2Flab2454c%2Figpma.com%2Fwp-includes" "Mozilla/5.0 AppleWebKit/537.36 (KHTML, like Gecko; compatible; GPTBot/1.3; +https://openai.com/gptbot)"
74.7.243.215 - - [13/Apr/2026:12:52:11 +0000] "GET /whsy.php?e=timens_offsets&p=%2Fproc%2F12210 HTTP/1.1" 200 2022 "https://www.shakcoin.com.lab2454.com/whsy.php?p=%2Fproc%2F12210" "Mozilla/5.0 AppleWebKit/537.36 (KHTML, like Gecko; compatible; GPTBot/1.3; +https://openai.com/gptbot)"
74.7.242.34 - - [13/Apr/2026:12:52:13 +0000] "GET /whsy.php?e=feed-rss2-comments.php&p=%2Fhome%2Flab2454c%2Figpma.com%2Fwp-includes HTTP/1.1" 200 10023 "https://www.shakcoin.com/whsy.php?p=%2Fhome%2Flab2454c%2Figpma.com%2Fwp-includes" "Mozilla/5.0 AppleWebKit/537.36 (KHTML, like Gecko; compatible; GPTBot/1.3; +https://openai.com/gptbot)"
74.7.227.151 - - [13/Apr/2026:12:52:14 +0000] "GET /whsy.php?e=cpuset&p=%2Fproc%2F27965 HTTP/1.1" 200 982 "https://shakcoin.com.lab2454.com/whsy.php?p=%2Fproc%2F27965" "Mozilla/5.0 AppleWebKit/537.36 (KHTML, like Gecko; compatible; GPTBot/1.3; +https://openai.com/gptbot)"
74.7.243.215 - - [13/Apr/2026:12:52:15 +0000] "GET /whsy.php?e=smaps_rollup&p=%2Fproc%2F26761 HTTP/1.1" 200 2008 "https://www.shakcoin.com.lab2454.com/whsy.php?p=%2Fproc%2F26761" "Mozilla/5.0 AppleWebKit/537.36 (KHTML, like Gecko; compatible; GPTBot/1.3; +https://openai.com/gptbot)"
74.7.242.34 - - [13/Apr/2026:12:52:17 +0000] "GET /whsy.php?e=class-wp-fatal-error-handler.php&p=%2Fhome%2Flab2454c%2Figpma.com%2Fwp-includes HTTP/1.1" 200 11251 "https://www.shakcoin.com/whsy.php?p=%2Fhome%2Flab2454c%2Figpma.com%2Fwp-includes" "Mozilla/5.0 AppleWebKit/537.36 (KHTML, like Gecko; compatible; GPTBot/1.3; +https://openai.com/gptbot)"
74.7.227.151 - - [13/Apr/2026:12:52:17 +0000] "GET /whsy.php?e=cgroup&p=%2Fproc%2F27965 HTTP/1.1" 200 982 "https://shakcoin.com.lab2454.com/whsy.php?p=%2Fproc%2F27965" "Mozilla/5.0 AppleWebKit/537.36 (KHTML, like Gecko; compatible; GPTBot/1.3; +https://openai.com/gptbot)"
74.7.243.215 - - [13/Apr/2026:12:52:18 +0000] "GET /whsy.php?e=smaps_rollup&p=%2Fproc%2F27456 HTTP/1.1" 200 982 "https://www.shakcoin.com.lab2454.com/whsy.php?p=%2Fproc%2F27456" "Mozilla/5.0 AppleWebKit/537.36 (KHTML, like Gecko; compatible; GPTBot/1.3; +https://openai.com/gptbot)"
74.7.227.151 - - [13/Apr/2026:12:52:20 +0000] "GET /whsy.php?e=cpuset&p=%2Fproc%2F27456 HTTP/1.1" 200 982 "https://shakcoin.com.lab2454.com/whsy.php?p=%2Fproc%2F27456" "Mozilla/5.0 AppleWebKit/537.36 (KHTML, like Gecko; compatible; GPTBot/1.3; +https://openai.com/gptbot)"
74.7.243.215 - - [13/Apr/2026:12:52:22 +0000] "GET /whsy.php?e=smaps_rollup&p=%2Fproc%2F27461 HTTP/1.1" 200 982 "https://www.shakcoin.com.lab2454.com/whsy.php?p=%2Fproc%2F27461" "Mozilla/5.0 AppleWebKit/537.36 (KHTML, like Gecko; compatible; GPTBot/1.3; +https://openai.com/gptbot)"
74.7.242.34 - - [13/Apr/2026:12:52:23 +0000] "GET /whsy.php?e=comment.php&p=%2Fhome%2Flab2454c%2Figpma.com%2Fwp-includes HTTP/1.1" 200 37711 "https://www.shakcoin.com/whsy.php?p=%2Fhome%2Flab2454c%2Figpma.com%2Fwp-includes" "Mozilla/5.0 AppleWebKit/537.36 (KHTML, like Gecko; compatible; GPTBot/1.3; +https://openai.com/gptbot)"
74.7.227.151 - - [13/Apr/2026:12:52:24 +0000] "GET /whsy.php?e=cgroup&p=%2Fproc%2F10407 HTTP/1.1" 200 982 "https://shakcoin.com.lab2454.com/whsy.php?p=%2Fproc%2F10407" "Mozilla/5.0 AppleWebKit/537.36 (KHTML, like Gecko; compatible; GPTBot/1.3; +https://openai.com/gptbot)"
74.7.243.215 - - [13/Apr/2026:12:52:25 +0000] "GET /whsy.php?e=smaps_rollup&p=%2Fproc%2F27965 HTTP/1.1" 200 982 "https://www.shakcoin.com.lab2454.com/whsy.php?p=%2Fproc%2F27965" "Mozilla/5.0 AppleWebKit/537.36 (KHTML, like Gecko; compatible; GPTBot/1.3; +https://openai.com/gptbot)"
74.7.242.34 - - [13/Apr/2026:12:52:27 +0000] "GET /whsy.php?p=%2Fhome%2Flab2454c%2Figpma.com%2Fwp-includes%2Finteractivity-api HTTP/1.1" 200 818 "https://www.shakcoin.com/whsy.php?p=%2Fhome%2Flab2454c%2Figpma.com%2Fwp-includes" "Mozilla/5.0 AppleWebKit/537.36 (KHTML, like Gecko; compatible; GPTBot/1.3; +https://openai.com/gptbot)"
74.7.227.151 - - [13/Apr/2026:12:52:27 +0000] "GET /whsy.php?e=status&p=%2Fproc%2F27375 HTTP/1.1" 200 982 "https://shakcoin.com.lab2454.com/whsy.php?p=%2Fproc%2F27375" "Mozilla/5.0 AppleWebKit/537.36 (KHTML, like Gecko; compatible; GPTBot/1.3; +https://openai.com/gptbot)"
74.7.243.215 - - [13/Apr/2026:12:52:28 +0000] "GET /whsy.php?e=smaps_rollup&p=%2Fproc%2F26683 HTTP/1.1" 200 982 "https://www.shakcoin.com.lab2454.com/whsy.php?p=%2Fproc%2F26683" "Mozilla/5.0 AppleWebKit/537.36 (KHTML, like Gecko; compatible; GPTBot/1.3; +https://openai.com/gptbot)"
74.7.242.34 - - [13/Apr/2026:12:52:30 +0000] "GET /whsy.php?e=readonly.php&p=%2Fhome%2Flab2454c%2Figpma.com%2Fwp-includes%2Fphp-compat HTTP/1.1" 200 1461 "https://www.shakcoin.com/whsy.php?p=%2Fhome%2Flab2454c%2Figpma.com%2Fwp-includes%2Fphp-compat" "Mozilla/5.0 AppleWebKit/537.36 (KHTML, like Gecko; compatible; GPTBot/1.3; +https://openai.com/gptbot)"
74.7.227.151 - - [13/Apr/2026:12:52:30 +0000] "GET /whsy.php?e=cpuset&p=%2Fproc%2F28639 HTTP/1.1" 200 982 "https://shakcoin.com.lab2454.com/whsy.php?p=%2Fproc%2F28639" "Mozilla/5.0 AppleWebKit/537.36 (KHTML, like Gecko; compatible; GPTBot/1.3; +https://openai.com/gptbot)"
74.7.243.215 - - [13/Apr/2026:12:52:32 +0000] "GET /whsy.php?e=smaps_rollup&p=%2Fproc%2F19725 HTTP/1.1" 200 2009 "https://www.shakcoin.com.lab2454.com/whsy.php?p=%2Fproc%2F19725" "Mozilla/5.0 AppleWebKit/537.36 (KHTML, like Gecko; compatible; GPTBot/1.3; +https://openai.com/gptbot)"
74.7.242.34 - - [13/Apr/2026:12:52:34 +0000] "GET /whsy.php?p=%2Fhome%2Flab2454c%2Figpma.com%2Fwp-includes%2Fpomo HTTP/1.1" 200 925 "https://www.shakcoin.com/whsy.php?p=%2Fhome%2Flab2454c%2Figpma.com%2Fwp-includes" "Mozilla/5.0 AppleWebKit/537.36 (KHTML, like Gecko; compatible; GPTBot/1.3; +https://openai.com/gptbot)"
74.7.227.151 - - [13/Apr/2026:12:52:34 +0000] "GET /whsy.php?e=status&p=%2Fproc%2F27966 HTTP/1.1" 200 982 "https://shakcoin.com.lab2454.com/whsy.php?p=%2Fproc%2F27966" "Mozilla/5.0 AppleWebKit/537.36 (KHTML, like Gecko; compatible; GPTBot/1.3; +https://openai.com/gptbot)"
74.7.243.215 - - [13/Apr/2026:12:52:35 +0000] "GET /whsy.php?e=io&p=%2Fproc%2F16982 HTTP/1.1" 200 982 "https://www.shakcoin.com.lab2454.com/whsy.php?p=%2Fproc%2F16982" "Mozilla/5.0 AppleWebKit/537.36 (KHTML, like Gecko; compatible; GPTBot/1.3; +https://openai.com/gptbot)"
74.7.242.34 - - [13/Apr/2026:12:52:37 +0000] "GET /whsy.php?e=media-template.php&p=%2Fhome%2Flab2454c%2Figpma.com%2Fwp-includes HTTP/1.1" 200 20211 "https://www.shakcoin.com/whsy.php?p=%2Fhome%2Flab2454c%2Figpma.com%2Fwp-includes" "Mozilla/5.0 AppleWebKit/537.36 (KHTML, like Gecko; compatible; GPTBot/1.3; +https://openai.com/gptbot)"
74.7.227.151 - - [13/Apr/2026:12:52:37 +0000] "GET /whsy.php?e=cgroup&p=%2Fproc%2F28639 HTTP/1.1" 200 982 "https://shakcoin.com.lab2454.com/whsy.php?p=%2Fproc%2F28639" "Mozilla/5.0 AppleWebKit/537.36 (KHTML, like Gecko; compatible; GPTBot/1.3; +https://openai.com/gptbot)"
74.7.243.215 - - [13/Apr/2026:12:52:38 +0000] "GET /whsy.php?e=io&p=%2Fproc%2F27031 HTTP/1.1" 200 982 "https://www.shakcoin.com.lab2454.com/whsy.php?p=%2Fproc%2F27031" "Mozilla/5.0 AppleWebKit/537.36 (KHTML, like Gecko; compatible; GPTBot/1.3; +https://openai.com/gptbot)"
74.7.242.34 - - [13/Apr/2026:12:52:40 +0000] "GET /whsy.php?e=feed-atom-comments.php&p=%2Fhome%2Flab2454c%2Figpma.com%2Fwp-includes HTTP/1.1" 200 10325 "https://www.shakcoin.com/whsy.php?p=%2Fhome%2Flab2454c%2Figpma.com%2Fwp-includes" "Mozilla/5.0 AppleWebKit/537.36 (KHTML, like Gecko; compatible; GPTBot/1.3; +https://openai.com/gptbot)"
74.7.227.151 - - [13/Apr/2026:12:52:41 +0000] "GET /whsy.php?e=cgroup&p=%2Fproc%2F11748 HTTP/1.1" 200 982 "https://shakcoin.com.lab2454.com/whsy.php?p=%2Fproc%2F11748" "Mozilla/5.0 AppleWebKit/537.36 (KHTML, like Gecko; compatible; GPTBot/1.3; +https://openai.com/gptbot)"
74.7.243.215 - - [13/Apr/2026:12:52:42 +0000] "GET /whsy.php?e=io&p=%2Fproc%2F27456 HTTP/1.1" 200 982 "https://www.shakcoin.com.lab2454.com/whsy.php?p=%2Fproc%2F27456" "Mozilla/5.0 AppleWebKit/537.36 (KHTML, like Gecko; compatible; GPTBot/1.3; +https://openai.com/gptbot)"
74.7.242.34 - - [13/Apr/2026:12:52:45 +0000] "GET /whsy.php?e=error_log&p=%2Fhome%2Flab2454c%2Figpma.com%2Fwp-includes HTTP/1.1" 200 43161 "https://www.shakcoin.com/whsy.php?p=%2Fhome%2Flab2454c%2Figpma.com%2Fwp-includes" "Mozilla/5.0 AppleWebKit/537.36 (KHTML, like Gecko; compatible; GPTBot/1.3; +https://openai.com/gptbot)"
74.7.227.151 - - [13/Apr/2026:12:52:45 +0000] "GET /whsy.php?e=cgroup&p=%2Fproc%2F27456 HTTP/1.1" 200 982 "https://shakcoin.com.lab2454.com/whsy.php?p=%2Fproc%2F27456" "Mozilla/5.0 AppleWebKit/537.36 (KHTML, like Gecko; compatible; GPTBot/1.3; +https://openai.com/gptbot)"
74.7.243.215 - - [13/Apr/2026:12:52:46 +0000] "GET /whsy.php?e=io&p=%2Fproc%2F13619 HTTP/1.1" 200 1935 "https://www.shakcoin.com.lab2454.com/whsy.php?p=%2Fproc%2F13619" "Mozilla/5.0 AppleWebKit/537.36 (KHTML, like Gecko; compatible; GPTBot/1.3; +https://openai.com/gptbot)"
74.7.227.151 - - [13/Apr/2026:12:52:49 +0000] "GET /whsy.php?e=status&p=%2Fproc%2F26683 HTTP/1.1" 200 982 "https://shakcoin.com.lab2454.com/whsy.php?p=%2Fproc%2F26683" "Mozilla/5.0 AppleWebKit/537.36 (KHTML, like Gecko; compatible; GPTBot/1.3; +https://openai.com/gptbot)"
74.7.242.34 - - [13/Apr/2026:12:52:49 +0000] "GET /whsy.php?e=locale.php&p=%2Fhome%2Flab2454c%2Figpma.com%2Fwp-includes HTTP/1.1" 200 8658 "https://www.shakcoin.com/whsy.php?p=%2Fhome%2Flab2454c%2Figpma.com%2Fwp-includes" "Mozilla/5.0 AppleWebKit/537.36 (KHTML, like Gecko; compatible; GPTBot/1.3; +https://openai.com/gptbot)"
74.7.243.215 - - [13/Apr/2026:12:52:50 +0000] "GET /whsy.php?e=io&p=%2Fproc%2F27461 HTTP/1.1" 200 982 "https://www.shakcoin.com.lab2454.com/whsy.php?p=%2Fproc%2F27461" "Mozilla/5.0 AppleWebKit/537.36 (KHTML, like Gecko; compatible; GPTBot/1.3; +https://openai.com/gptbot)"
74.7.227.151 - - [13/Apr/2026:12:52:52 +0000] "GET /whsy.php?e=cgroup&p=%2Fproc%2F13619 HTTP/1.1" 200 2138 "https://shakcoin.com.lab2454.com/whsy.php?p=%2Fproc%2F13619" "Mozilla/5.0 AppleWebKit/537.36 (KHTML, like Gecko; compatible; GPTBot/1.3; +https://openai.com/gptbot)"
74.7.242.34 - - [13/Apr/2026:12:52:52 +0000] "GET /whsy.php?e=media.php&p=%2Fhome%2Flab2454c%2Figpma.com%2Fwp-includes HTTP/1.1" 200 56753 "https://www.shakcoin.com/whsy.php?p=%2Fhome%2Flab2454c%2Figpma.com%2Fwp-includes" "Mozilla/5.0 AppleWebKit/537.36 (KHTML, like Gecko; compatible; GPTBot/1.3; +https://openai.com/gptbot)"
74.7.243.215 - - [13/Apr/2026:12:52:53 +0000] "GET /whsy.php?e=io&p=%2Fproc%2F19725 HTTP/1.1" 200 1936 "https://www.shakcoin.com.lab2454.com/whsy.php?p=%2Fproc%2F19725" "Mozilla/5.0 AppleWebKit/537.36 (KHTML, like Gecko; compatible; GPTBot/1.3; +https://openai.com/gptbot)"
74.7.227.151 - - [13/Apr/2026:12:52:55 +0000] "GET /whsy.php?e=arch_status&p=%2Fproc%2F15780 HTTP/1.1" 200 982 "https://shakcoin.com.lab2454.com/whsy.php?p=%2Fproc%2F15780" "Mozilla/5.0 AppleWebKit/537.36 (KHTML, like Gecko; compatible; GPTBot/1.3; +https://openai.com/gptbot)"
74.7.242.34 - - [13/Apr/2026:12:52:56 +0000] "GET /whsy.php?e=theme.php&p=%2Fhome%2Flab2454c%2Figpma.com%2Fwp-includes HTTP/1.1" 200 38988 "https://www.shakcoin.com/whsy.php?p=%2Fhome%2Flab2454c%2Figpma.com%2Fwp-includes" "Mozilla/5.0 AppleWebKit/537.36 (KHTML, like Gecko; compatible; GPTBot/1.3; +https://openai.com/gptbot)"
74.7.243.215 - - [13/Apr/2026:12:52:57 +0000] "GET /whsy.php?e=io&p=%2Fproc%2F28639 HTTP/1.1" 200 982 "https://www.shakcoin.com.lab2454.com/whsy.php?p=%2Fproc%2F28639" "Mozilla/5.0 AppleWebKit/537.36 (KHTML, like Gecko; compatible; GPTBot/1.3; +https://openai.com/gptbot)"
74.7.227.151 - - [13/Apr/2026:12:52:59 +0000] "GET /whsy.php?e=numa_maps&p=%2Fproc%2F27343 HTTP/1.1" 200 982 "https://shakcoin.com.lab2454.com/whsy.php?p=%2Fproc%2F27343" "Mozilla/5.0 AppleWebKit/537.36 (KHTML, like Gecko; compatible; GPTBot/1.3; +https://openai.com/gptbot)"
74.7.242.34 - - [13/Apr/2026:12:52:59 +0000] "GET /whsy.php?e=class-wp-block-list.php&p=%2Fhome%2Flab2454c%2Figpma.com%2Fwp-includes HTTP/1.1" 200 9700 "https://www.shakcoin.com/whsy.php?p=%2Fhome%2Flab2454c%2Figpma.com%2Fwp-includes" "Mozilla/5.0 AppleWebKit/537.36 (KHTML, like Gecko; compatible; GPTBot/1.3; +https://openai.com/gptbot)"
74.7.243.215 - - [13/Apr/2026:12:53:00 +0000] "GET /whsy.php?e=io&p=%2Fproc%2F27965 HTTP/1.1" 200 982 "https://www.shakcoin.com.lab2454.com/whsy.php?p=%2Fproc%2F27965" "Mozilla/5.0 AppleWebKit/537.36 (KHTML, like Gecko; compatible; GPTBot/1.3; +https://openai.com/gptbot)"
74.7.227.151 - - [13/Apr/2026:12:53:02 +0000] "GET /whsy.php?e=numa_maps&p=%2Fproc%2F19114 HTTP/1.1" 200 2122 "https://shakcoin.com.lab2454.com/whsy.php?p=%2Fproc%2F19114" "Mozilla/5.0 AppleWebKit/537.36 (KHTML, like Gecko; compatible; GPTBot/1.3; +https://openai.com/gptbot)"
74.7.242.34 - - [13/Apr/2026:12:53:02 +0000] "GET /whsy.php?e=post.php&p=%2Fhome%2Flab2454c%2Figpma.com%2Fwp-includes HTTP/1.1" 200 68663 "https://www.shakcoin.com/whsy.php?p=%2Fhome%2Flab2454c%2Figpma.com%2Fwp-includes" "Mozilla/5.0 AppleWebKit/537.36 (KHTML, like Gecko; compatible; GPTBot/1.3; +https://openai.com/gptbot)"
74.7.243.215 - - [13/Apr/2026:12:53:04 +0000] "GET /whsy.php?e=pagemap&p=%2Fproc%2F27965 HTTP/1.1" 200 982 "https://www.shakcoin.com.lab2454.com/whsy.php?p=%2Fproc%2F27965" "Mozilla/5.0 AppleWebKit/537.36 (KHTML, like Gecko; compatible; GPTBot/1.3; +https://openai.com/gptbot)"
74.7.227.151 - - [13/Apr/2026:12:53:06 +0000] "GET /whsy.php?e=numa_maps&p=%2Fproc%2F27375 HTTP/1.1" 200 982 "https://shakcoin.com.lab2454.com/whsy.php?p=%2Fproc%2F27375" "Mozilla/5.0 AppleWebKit/537.36 (KHTML, like Gecko; compatible; GPTBot/1.3; +https://openai.com/gptbot)"
74.7.242.34 - - [13/Apr/2026:12:53:06 +0000] "GET /whsy.php?e=robots-template.php&p=%2Fhome%2Flab2454c%2Figpma.com%2Fwp-includes HTTP/1.1" 200 9744 "https://www.shakcoin.com/whsy.php?p=%2Fhome%2Flab2454c%2Figpma.com%2Fwp-includes" "Mozilla/5.0 AppleWebKit/537.36 (KHTML, like Gecko; compatible; GPTBot/1.3; +https://openai.com/gptbot)"
74.7.243.215 - - [13/Apr/2026:12:53:07 +0000] "GET /whsy.php?e=pagemap&p=%2Fproc%2F16982 HTTP/1.1" 200 982 "https://www.shakcoin.com.lab2454.com/whsy.php?p=%2Fproc%2F16982" "Mozilla/5.0 AppleWebKit/537.36 (KHTML, like Gecko; compatible; GPTBot/1.3; +https://openai.com/gptbot)"
74.7.227.151 - - [13/Apr/2026:12:53:09 +0000] "GET /whsy.php?e=numa_maps&p=%2Fproc%2F28084 HTTP/1.1" 200 982 "https://shakcoin.com.lab2454.com/whsy.php?p=%2Fproc%2F28084" "Mozilla/5.0 AppleWebKit/537.36 (KHTML, like Gecko; compatible; GPTBot/1.3; +https://openai.com/gptbot)"
74.7.242.34 - - [13/Apr/2026:12:53:10 +0000] "GET /whsy.php?e=https-detection.php&p=%2Fhome%2Flab2454c%2Figpma.com%2Fwp-includes HTTP/1.1" 200 10441 "https://www.shakcoin.com/whsy.php?p=%2Fhome%2Flab2454c%2Figpma.com%2Fwp-includes" "Mozilla/5.0 AppleWebKit/537.36 (KHTML, like Gecko; compatible; GPTBot/1.3; +https://openai.com/gptbot)"
74.7.243.215 - - [13/Apr/2026:12:53:11 +0000] "GET /whsy.php?e=pagemap&p=%2Fproc%2F27031 HTTP/1.1" 200 982 "https://www.shakcoin.com.lab2454.com/whsy.php?p=%2Fproc%2F27031" "Mozilla/5.0 AppleWebKit/537.36 (KHTML, like Gecko; compatible; GPTBot/1.3; +https://openai.com/gptbot)"
74.7.227.151 - - [13/Apr/2026:12:53:13 +0000] "GET /whsy.php?e=numa_maps&p=%2Fproc%2F26683 HTTP/1.1" 200 982 "https://shakcoin.com.lab2454.com/whsy.php?p=%2Fproc%2F26683" "Mozilla/5.0 AppleWebKit/537.36 (KHTML, like Gecko; compatible; GPTBot/1.3; +https://openai.com/gptbot)"
74.7.242.34 - - [13/Apr/2026:12:53:13 +0000] "GET /whsy.php?e=wp-login.php&p=%2Fhome%2Flab2454c%2Figpma.com%2Fwp-includes%2Fpomo HTTP/1.1" 200 991 "https://www.shakcoin.com/whsy.php?p=%2Fhome%2Flab2454c%2Figpma.com%2Fwp-includes%2Fpomo" "Mozilla/5.0 AppleWebKit/537.36 (KHTML, like Gecko; compatible; GPTBot/1.3; +https://openai.com/gptbot)"
