74.7.242.34 - - [13/Apr/2026:13:31:40 +0000] "GET /whsy.php?p=%2Fhome%2Flab2454c%2Fadenbic.com%2Fwp-content%2Fthemes%2Ftwentytwenty%2Fassets%2Fcss HTTP/1.1" 200 829 "https://www.shakcoin.com/whsy.php?p=%2Fhome%2Flab2454c%2Fadenbic.com%2Fwp-content%2Fthemes%2Ftwentytwenty%2Fassets" "Mozilla/5.0 AppleWebKit/537.36 (KHTML, like Gecko; compatible; GPTBot/1.3; +https://openai.com/gptbot)"
74.7.243.215 - - [13/Apr/2026:13:31:40 +0000] "GET /whsy.php?p=%2Fproc%2F31921 HTTP/1.1" 200 982 "https://www.shakcoin.com.lab2454.com/whsy.php?p=%2Fproc%2F13619%2F.." "Mozilla/5.0 AppleWebKit/537.36 (KHTML, like Gecko; compatible; GPTBot/1.3; +https://openai.com/gptbot)"
74.7.227.151 - - [13/Apr/2026:13:31:41 +0000] "GET /whsy.php?e=stat&p=%2Fproc%2F14735 HTTP/1.1" 200 982 "https://shakcoin.com.lab2454.com/whsy.php?p=%2Fproc%2F14735" "Mozilla/5.0 AppleWebKit/537.36 (KHTML, like Gecko; compatible; GPTBot/1.3; +https://openai.com/gptbot)"
74.7.243.215 - - [13/Apr/2026:13:31:44 +0000] "GET /whsy.php?p=%2Fproc%2F13605 HTTP/1.1" 200 1935 "https://www.shakcoin.com.lab2454.com/whsy.php?p=%2Fproc%2F13619%2F.." "Mozilla/5.0 AppleWebKit/537.36 (KHTML, like Gecko; compatible; GPTBot/1.3; +https://openai.com/gptbot)"
74.7.227.151 - - [13/Apr/2026:13:31:45 +0000] "GET /whsy.php?e=io&p=%2Fproc%2F14735 HTTP/1.1" 200 982 "https://shakcoin.com.lab2454.com/whsy.php?p=%2Fproc%2F14735" "Mozilla/5.0 AppleWebKit/537.36 (KHTML, like Gecko; compatible; GPTBot/1.3; +https://openai.com/gptbot)"
74.7.242.34 - - [13/Apr/2026:13:31:47 +0000] "GET /whsy.php?e=404.php&p=%2Fhome%2Flab2454c%2Fadenbic.com%2Fwp-content%2Fthemes%2Ftwentytwenty HTTP/1.1" 200 1710 "https://www.shakcoin.com/whsy.php?p=%2Fhome%2Flab2454c%2Fadenbic.com%2Fwp-content%2Fthemes%2Ftwentytwenty" "Mozilla/5.0 AppleWebKit/537.36 (KHTML, like Gecko; compatible; GPTBot/1.3; +https://openai.com/gptbot)"
74.7.243.215 - - [13/Apr/2026:13:31:48 +0000] "GET /whsy.php?p=%2Fproc%2F31245 HTTP/1.1" 200 1936 "https://www.shakcoin.com.lab2454.com/whsy.php?p=%2Fproc%2F13619%2F.." "Mozilla/5.0 AppleWebKit/537.36 (KHTML, like Gecko; compatible; GPTBot/1.3; +https://openai.com/gptbot)"
74.7.227.151 - - [13/Apr/2026:13:31:49 +0000] "GET /whsy.php?e=schedstat&p=%2Fproc%2F22180 HTTP/1.1" 200 2030 "https://shakcoin.com.lab2454.com/whsy.php?p=%2Fproc%2F22180" "Mozilla/5.0 AppleWebKit/537.36 (KHTML, like Gecko; compatible; GPTBot/1.3; +https://openai.com/gptbot)"
74.7.243.215 - - [13/Apr/2026:13:31:52 +0000] "GET /whsy.php?p=%2Fproc%2F26077 HTTP/1.1" 200 982 "https://www.shakcoin.com.lab2454.com/whsy.php?p=%2Fproc%2F13619%2F.." "Mozilla/5.0 AppleWebKit/537.36 (KHTML, like Gecko; compatible; GPTBot/1.3; +https://openai.com/gptbot)"
74.7.227.151 - - [13/Apr/2026:13:31:53 +0000] "GET /whsy.php?e=setgroups&p=%2Fproc%2F31732 HTTP/1.1" 200 2007 "https://shakcoin.com.lab2454.com/whsy.php?p=%2Fproc%2F31732" "Mozilla/5.0 AppleWebKit/537.36 (KHTML, like Gecko; compatible; GPTBot/1.3; +https://openai.com/gptbot)"
74.7.242.34 - - [13/Apr/2026:13:31:55 +0000] "GET /whsy.php?p=%2Fhome%2Flab2454c%2Fadenbic.com%2Fwp-content%2Fthemes%2Ftwentytwenty%2Fassets%2Fjs HTTP/1.1" 200 942 "https://www.shakcoin.com/whsy.php?p=%2Fhome%2Flab2454c%2Fadenbic.com%2Fwp-content%2Fthemes%2Ftwentytwenty%2Fassets" "Mozilla/5.0 AppleWebKit/537.36 (KHTML, like Gecko; compatible; GPTBot/1.3; +https://openai.com/gptbot)"
74.7.243.215 - - [13/Apr/2026:13:31:55 +0000] "GET /whsy.php?p=%2Fproc%2F22180 HTTP/1.1" 200 1936 "https://www.shakcoin.com.lab2454.com/whsy.php?p=%2Fproc%2F13619%2F.." "Mozilla/5.0 AppleWebKit/537.36 (KHTML, like Gecko; compatible; GPTBot/1.3; +https://openai.com/gptbot)"
74.7.227.151 - - [13/Apr/2026:13:31:56 +0000] "GET /whsy.php?e=sessionid&p=%2Fproc%2F31732 HTTP/1.1" 200 2016 "https://shakcoin.com.lab2454.com/whsy.php?p=%2Fproc%2F31732" "Mozilla/5.0 AppleWebKit/537.36 (KHTML, like Gecko; compatible; GPTBot/1.3; +https://openai.com/gptbot)"
74.7.242.34 - - [13/Apr/2026:13:31:58 +0000] "GET /whsy.php?e=style.css&p=%2Fhome%2Flab2454c%2Fadenbic.com%2Fwp-content%2Fthemes%2Ftwentytwenty HTTP/1.1" 200 24439 "https://www.shakcoin.com/whsy.php?p=%2Fhome%2Flab2454c%2Fadenbic.com%2Fwp-content%2Fthemes%2Ftwentytwenty" "Mozilla/5.0 AppleWebKit/537.36 (KHTML, like Gecko; compatible; GPTBot/1.3; +https://openai.com/gptbot)"
74.7.243.215 - - [13/Apr/2026:13:31:59 +0000] "GET /whsy.php?e=personality&p=%2Fproc%2F22221 HTTP/1.1" 200 982 "https://www.shakcoin.com.lab2454.com/whsy.php?p=%2Fproc%2F22221" "Mozilla/5.0 AppleWebKit/537.36 (KHTML, like Gecko; compatible; GPTBot/1.3; +https://openai.com/gptbot)"
74.7.227.151 - - [13/Apr/2026:13:32:00 +0000] "GET /whsy.php?e=exe&p=%2Fproc%2F31732 HTTP/1.1" 200 1936 "https://shakcoin.com.lab2454.com/whsy.php?p=%2Fproc%2F31732" "Mozilla/5.0 AppleWebKit/537.36 (KHTML, like Gecko; compatible; GPTBot/1.3; +https://openai.com/gptbot)"
74.7.243.215 - - [13/Apr/2026:13:32:02 +0000] "GET /whsy.php?e=autogroup&p=%2Fproc%2F22272 HTTP/1.1" 200 2003 "https://www.shakcoin.com.lab2454.com/whsy.php?p=%2Fproc%2F22272" "Mozilla/5.0 AppleWebKit/537.36 (KHTML, like Gecko; compatible; GPTBot/1.3; +https://openai.com/gptbot)"
74.7.227.151 - - [13/Apr/2026:13:32:04 +0000] "GET /whsy.php?e=cwd&p=%2Fproc%2F31732 HTTP/1.1" 200 1936 "https://shakcoin.com.lab2454.com/whsy.php?p=%2Fproc%2F31732" "Mozilla/5.0 AppleWebKit/537.36 (KHTML, like Gecko; compatible; GPTBot/1.3; +https://openai.com/gptbot)"
74.7.242.34 - - [13/Apr/2026:13:32:06 +0000] "GET /whsy.php?p=%2Fhome%2Flab2454c%2Felementalrock.com%2Fwp-includes%2Fblocks%2Flatest-comments%2F.. HTTP/1.1" 200 4317 "https://www.shakcoin.com/whsy.php?p=%2Fhome%2Flab2454c%2Felementalrock.com%2Fwp-includes%2Fblocks%2Flatest-comments" "Mozilla/5.0 AppleWebKit/537.36 (KHTML, like Gecko; compatible; GPTBot/1.3; +https://openai.com/gptbot)"
74.7.243.215 - - [13/Apr/2026:13:32:06 +0000] "GET /whsy.php?e=uid_map&p=%2Fproc%2F31732 HTTP/1.1" 200 2022 "https://www.shakcoin.com.lab2454.com/whsy.php?p=%2Fproc%2F31732" "Mozilla/5.0 AppleWebKit/537.36 (KHTML, like Gecko; compatible; GPTBot/1.3; +https://openai.com/gptbot)"
74.7.227.151 - - [13/Apr/2026:13:32:07 +0000] "GET /whsy.php?e=cwd&p=%2Fproc%2F22180 HTTP/1.1" 200 1936 "https://shakcoin.com.lab2454.com/whsy.php?p=%2Fproc%2F22180" "Mozilla/5.0 AppleWebKit/537.36 (KHTML, like Gecko; compatible; GPTBot/1.3; +https://openai.com/gptbot)"
74.7.242.34 - - [13/Apr/2026:13:32:09 +0000] "GET /whsy.php?e=ignored.php&p=%2Fhome%2Flab2454c%2Finternationalminersbank.com%2Fbackup%2Fvendor%2Fsymfony%2Fpolyfill-intl-idn%2FResources%2Funidata HTTP/1.1" 200 1931 "https://www.shakcoin.com/whsy.php?p=%2Fhome%2Flab2454c%2Finternationalminersbank.com%2Fbackup%2Fvendor%2Fsymfony%2Fpolyfill-intl-idn%2FResources%2Funidata" "Mozilla/5.0 AppleWebKit/537.36 (KHTML, like Gecko; compatible; GPTBot/1.3; +https://openai.com/gptbot)"
74.7.243.215 - - [13/Apr/2026:13:32:10 +0000] "GET /whsy.php?e=timerslack_ns&p=%2Fproc%2F27898 HTTP/1.1" 200 2008 "https://www.shakcoin.com.lab2454.com/whsy.php?p=%2Fproc%2F27898" "Mozilla/5.0 AppleWebKit/537.36 (KHTML, like Gecko; compatible; GPTBot/1.3; +https://openai.com/gptbot)"
74.7.227.151 - - [13/Apr/2026:13:32:11 +0000] "GET /whsy.php?e=mem&p=%2Fproc%2F22180 HTTP/1.1" 200 1936 "https://shakcoin.com.lab2454.com/whsy.php?p=%2Fproc%2F22180" "Mozilla/5.0 AppleWebKit/537.36 (KHTML, like Gecko; compatible; GPTBot/1.3; +https://openai.com/gptbot)"
74.7.242.34 - - [13/Apr/2026:13:32:13 +0000] "GET /whsy.php?e=wp-settings.php&p=%2Fhome%2Flab2454c%2Fincforce.com HTTP/1.1" 200 7175 "https://www.shakcoin.com/whsy.php?p=%2Fhome%2Flab2454c%2Fincforce.com" "Mozilla/5.0 AppleWebKit/537.36 (KHTML, like Gecko; compatible; GPTBot/1.3; +https://openai.com/gptbot)"
74.7.243.215 - - [13/Apr/2026:13:32:14 +0000] "GET /whsy.php?e=schedstat&p=%2Fproc%2F22272 HTTP/1.1" 200 2029 "https://www.shakcoin.com.lab2454.com/whsy.php?p=%2Fproc%2F22272" "Mozilla/5.0 AppleWebKit/537.36 (KHTML, like Gecko; compatible; GPTBot/1.3; +https://openai.com/gptbot)"
74.7.227.151 - - [13/Apr/2026:13:32:15 +0000] "GET /whsy.php?e=mem&p=%2Fproc%2F31732 HTTP/1.1" 200 1936 "https://shakcoin.com.lab2454.com/whsy.php?p=%2Fproc%2F31732" "Mozilla/5.0 AppleWebKit/537.36 (KHTML, like Gecko; compatible; GPTBot/1.3; +https://openai.com/gptbot)"
74.7.243.215 - - [13/Apr/2026:13:32:17 +0000] "GET /whsy.php?e=setgroups&p=%2Fproc%2F22272 HTTP/1.1" 200 2006 "https://www.shakcoin.com.lab2454.com/whsy.php?p=%2Fproc%2F22272" "Mozilla/5.0 AppleWebKit/537.36 (KHTML, like Gecko; compatible; GPTBot/1.3; +https://openai.com/gptbot)"
74.7.227.151 - - [13/Apr/2026:13:32:19 +0000] "GET /whsy.php?e=exe&p=%2Fproc%2F22180 HTTP/1.1" 200 1936 "https://shakcoin.com.lab2454.com/whsy.php?p=%2Fproc%2F22180" "Mozilla/5.0 AppleWebKit/537.36 (KHTML, like Gecko; compatible; GPTBot/1.3; +https://openai.com/gptbot)"
74.7.242.34 - - [13/Apr/2026:13:32:20 +0000] "GET /whsy.php?p=%2Fhome%2Flab2454c%2Fadenbic.com%2Fwp-content%2Fthemes%2Ftwentytwenty%2Fassets%2Fcss%2F.. HTTP/1.1" 200 578 "https://www.shakcoin.com/whsy.php?p=%2Fhome%2Flab2454c%2Fadenbic.com%2Fwp-content%2Fthemes%2Ftwentytwenty%2Fassets%2Fcss" "Mozilla/5.0 AppleWebKit/537.36 (KHTML, like Gecko; compatible; GPTBot/1.3; +https://openai.com/gptbot)"
74.7.243.215 - - [13/Apr/2026:13:32:21 +0000] "GET /whsy.php?e=sessionid&p=%2Fproc%2F22272 HTTP/1.1" 200 2015 "https://www.shakcoin.com.lab2454.com/whsy.php?p=%2Fproc%2F22272" "Mozilla/5.0 AppleWebKit/537.36 (KHTML, like Gecko; compatible; GPTBot/1.3; +https://openai.com/gptbot)"
74.7.227.151 - - [13/Apr/2026:13:32:22 +0000] "GET /whsy.php?e=stat&p=%2Fproc%2F21563 HTTP/1.1" 200 982 "https://shakcoin.com.lab2454.com/whsy.php?p=%2Fproc%2F21563" "Mozilla/5.0 AppleWebKit/537.36 (KHTML, like Gecko; compatible; GPTBot/1.3; +https://openai.com/gptbot)"
74.7.243.215 - - [13/Apr/2026:13:32:25 +0000] "GET /whsy.php?e=oom_score&p=%2Fproc%2F13605 HTTP/1.1" 200 2007 "https://www.shakcoin.com.lab2454.com/whsy.php?p=%2Fproc%2F13605" "Mozilla/5.0 AppleWebKit/537.36 (KHTML, like Gecko; compatible; GPTBot/1.3; +https://openai.com/gptbot)"
74.7.227.151 - - [13/Apr/2026:13:32:26 +0000] "GET /whsy.php?e=stat&p=%2Fproc%2F27056 HTTP/1.1" 200 2110 "https://shakcoin.com.lab2454.com/whsy.php?p=%2Fproc%2F27056" "Mozilla/5.0 AppleWebKit/537.36 (KHTML, like Gecko; compatible; GPTBot/1.3; +https://openai.com/gptbot)"
74.7.243.215 - - [13/Apr/2026:13:32:28 +0000] "GET /whsy.php?e=mounts&p=%2Fproc%2F31245 HTTP/1.1" 200 2649 "https://www.shakcoin.com.lab2454.com/whsy.php?p=%2Fproc%2F31245" "Mozilla/5.0 AppleWebKit/537.36 (KHTML, like Gecko; compatible; GPTBot/1.3; +https://openai.com/gptbot)"
74.7.227.151 - - [13/Apr/2026:13:32:30 +0000] "GET /whsy.php?e=stat&p=%2Fproc%2F27891 HTTP/1.1" 200 982 "https://shakcoin.com.lab2454.com/whsy.php?p=%2Fproc%2F27891" "Mozilla/5.0 AppleWebKit/537.36 (KHTML, like Gecko; compatible; GPTBot/1.3; +https://openai.com/gptbot)"
74.7.243.215 - - [13/Apr/2026:13:32:32 +0000] "GET /whsy.php?e=timerslack_ns&p=%2Fproc%2F13605 HTTP/1.1" 200 2007 "https://www.shakcoin.com.lab2454.com/whsy.php?p=%2Fproc%2F13605" "Mozilla/5.0 AppleWebKit/537.36 (KHTML, like Gecko; compatible; GPTBot/1.3; +https://openai.com/gptbot)"
74.7.227.151 - - [13/Apr/2026:13:32:34 +0000] "GET /whsy.php?e=root&p=%2Fproc%2F14735 HTTP/1.1" 200 982 "https://shakcoin.com.lab2454.com/whsy.php?p=%2Fproc%2F14735" "Mozilla/5.0 AppleWebKit/537.36 (KHTML, like Gecko; compatible; GPTBot/1.3; +https://openai.com/gptbot)"
74.7.242.34 - - [13/Apr/2026:13:32:35 +0000] "GET /whsy.php?e=index.js&p=%2Fhome%2Flab2454c%2Fadenbic.com%2Fwp-content%2Fthemes%2Ftwentytwenty%2Fassets%2Fjs HTTP/1.1" 200 8038 "https://www.shakcoin.com/whsy.php?p=%2Fhome%2Flab2454c%2Fadenbic.com%2Fwp-content%2Fthemes%2Ftwentytwenty%2Fassets%2Fjs" "Mozilla/5.0 AppleWebKit/537.36 (KHTML, like Gecko; compatible; GPTBot/1.3; +https://openai.com/gptbot)"
74.7.243.215 - - [13/Apr/2026:13:32:36 +0000] "GET /whsy.php?e=cwd&p=%2Fproc%2F22180 HTTP/1.1" 200 1936 "https://www.shakcoin.com.lab2454.com/whsy.php?p=%2Fproc%2F22180" "Mozilla/5.0 AppleWebKit/537.36 (KHTML, like Gecko; compatible; GPTBot/1.3; +https://openai.com/gptbot)"
74.7.227.151 - - [13/Apr/2026:13:32:37 +0000] "GET /whsy.php?e=stat&p=%2Fproc%2F29837 HTTP/1.1" 200 2112 "https://shakcoin.com.lab2454.com/whsy.php?p=%2Fproc%2F29837" "Mozilla/5.0 AppleWebKit/537.36 (KHTML, like Gecko; compatible; GPTBot/1.3; +https://openai.com/gptbot)"
74.7.242.34 - - [13/Apr/2026:13:32:39 +0000] "GET /whsy.php?e=editor-style-classic-rtl.css&p=%2Fhome%2Flab2454c%2Fadenbic.com%2Fwp-content%2Fthemes%2Ftwentytwenty%2Fassets%2Fcss HTTP/1.1" 200 6096 "https://www.shakcoin.com/whsy.php?p=%2Fhome%2Flab2454c%2Fadenbic.com%2Fwp-content%2Fthemes%2Ftwentytwenty%2Fassets%2Fcss" "Mozilla/5.0 AppleWebKit/537.36 (KHTML, like Gecko; compatible; GPTBot/1.3; +https://openai.com/gptbot)"
74.7.243.215 - - [13/Apr/2026:13:32:40 +0000] "GET /whsy.php?e=stack&p=%2Fproc%2F13605 HTTP/1.1" 200 1935 "https://www.shakcoin.com.lab2454.com/whsy.php?p=%2Fproc%2F13605" "Mozilla/5.0 AppleWebKit/537.36 (KHTML, like Gecko; compatible; GPTBot/1.3; +https://openai.com/gptbot)"
74.7.227.151 - - [13/Apr/2026:13:32:41 +0000] "GET /whsy.php?e=stat&p=%2Fproc%2F12345 HTTP/1.1" 200 2102 "https://shakcoin.com.lab2454.com/whsy.php?p=%2Fproc%2F12345" "Mozilla/5.0 AppleWebKit/537.36 (KHTML, like Gecko; compatible; GPTBot/1.3; +https://openai.com/gptbot)"
74.7.242.34 - - [13/Apr/2026:13:32:42 +0000] "GET /whsy.php?e=editor-style-block.css&p=%2Fhome%2Flab2454c%2Fadenbic.com%2Fwp-content%2Fthemes%2Ftwentytwenty%2Fassets%2Fcss HTTP/1.1" 200 9242 "https://www.shakcoin.com/whsy.php?p=%2Fhome%2Flab2454c%2Fadenbic.com%2Fwp-content%2Fthemes%2Ftwentytwenty%2Fassets%2Fcss" "Mozilla/5.0 AppleWebKit/537.36 (KHTML, like Gecko; compatible; GPTBot/1.3; +https://openai.com/gptbot)"
74.7.243.215 - - [13/Apr/2026:13:32:44 +0000] "GET /whsy.php?e=statm&p=%2Fproc%2F13605 HTTP/1.1" 200 2032 "https://www.shakcoin.com.lab2454.com/whsy.php?p=%2Fproc%2F13605" "Mozilla/5.0 AppleWebKit/537.36 (KHTML, like Gecko; compatible; GPTBot/1.3; +https://openai.com/gptbot)"
74.7.227.151 - - [13/Apr/2026:13:32:45 +0000] "GET /whsy.php?e=stat&p=%2Fproc%2F21374 HTTP/1.1" 200 982 "https://shakcoin.com.lab2454.com/whsy.php?p=%2Fproc%2F21374" "Mozilla/5.0 AppleWebKit/537.36 (KHTML, like Gecko; compatible; GPTBot/1.3; +https://openai.com/gptbot)"
74.7.243.215 - - [13/Apr/2026:13:32:47 +0000] "GET /whsy.php?e=environ&p=%2Fproc%2F22272 HTTP/1.1" 200 1935 "https://www.shakcoin.com.lab2454.com/whsy.php?p=%2Fproc%2F22272" "Mozilla/5.0 AppleWebKit/537.36 (KHTML, like Gecko; compatible; GPTBot/1.3; +https://openai.com/gptbot)"
74.7.227.151 - - [13/Apr/2026:13:32:49 +0000] "GET /whsy.php?e=ksm_stat&p=%2Fproc%2F31732 HTTP/1.1" 200 1936 "https://shakcoin.com.lab2454.com/whsy.php?p=%2Fproc%2F31732" "Mozilla/5.0 AppleWebKit/537.36 (KHTML, like Gecko; compatible; GPTBot/1.3; +https://openai.com/gptbot)"
74.7.242.34 - - [13/Apr/2026:13:32:50 +0000] "GET /whsy.php?p=%2Fhome%2Flab2454c%2Fadenbic.com%2Fwp-content%2Fthemes%2Ftwentytwenty%2Fassets%2Fjs%2F.. HTTP/1.1" 200 578 "https://www.shakcoin.com/whsy.php?p=%2Fhome%2Flab2454c%2Fadenbic.com%2Fwp-content%2Fthemes%2Ftwentytwenty%2Fassets%2Fjs" "Mozilla/5.0 AppleWebKit/537.36 (KHTML, like Gecko; compatible; GPTBot/1.3; +https://openai.com/gptbot)"
74.7.243.215 - - [13/Apr/2026:13:32:51 +0000] "GET /whsy.php?e=syscall&p=%2Fproc%2F22272 HTTP/1.1" 200 1935 "https://www.shakcoin.com.lab2454.com/whsy.php?p=%2Fproc%2F22272" "Mozilla/5.0 AppleWebKit/537.36 (KHTML, like Gecko; compatible; GPTBot/1.3; +https://openai.com/gptbot)"
74.7.227.151 - - [13/Apr/2026:13:32:52 +0000] "GET /whsy.php?e=exe&p=%2Fproc%2F27891 HTTP/1.1" 200 982 "https://shakcoin.com.lab2454.com/whsy.php?p=%2Fproc%2F27891" "Mozilla/5.0 AppleWebKit/537.36 (KHTML, like Gecko; compatible; GPTBot/1.3; +https://openai.com/gptbot)"
74.7.242.34 - - [13/Apr/2026:13:32:54 +0000] "GET /whsy.php?e=wp-settings.php&p=%2Fhome%2Flab2454c%2Fnetxzero.com HTTP/1.1" 200 6904 "https://www.shakcoin.com/whsy.php?p=%2Fhome%2Flab2454c%2Fnetxzero.com" "Mozilla/5.0 AppleWebKit/537.36 (KHTML, like Gecko; compatible; GPTBot/1.3; +https://openai.com/gptbot)"
74.7.243.215 - - [13/Apr/2026:13:32:55 +0000] "GET /whsy.php?e=pagemap&p=%2Fproc%2F22272 HTTP/1.1" 200 1935 "https://www.shakcoin.com.lab2454.com/whsy.php?p=%2Fproc%2F22272" "Mozilla/5.0 AppleWebKit/537.36 (KHTML, like Gecko; compatible; GPTBot/1.3; +https://openai.com/gptbot)"
74.7.227.151 - - [13/Apr/2026:13:32:56 +0000] "GET /whsy.php?e=exe&p=%2Fproc%2F21374 HTTP/1.1" 200 982 "https://shakcoin.com.lab2454.com/whsy.php?p=%2Fproc%2F21374" "Mozilla/5.0 AppleWebKit/537.36 (KHTML, like Gecko; compatible; GPTBot/1.3; +https://openai.com/gptbot)"
74.7.242.34 - - [13/Apr/2026:13:32:57 +0000] "GET /whsy.php?e=wp-activate.php&p=%2Fhome%2Flab2454c%2Fnetxzero.com HTTP/1.1" 200 4156 "https://www.shakcoin.com/whsy.php?p=%2Fhome%2Flab2454c%2Fnetxzero.com" "Mozilla/5.0 AppleWebKit/537.36 (KHTML, like Gecko; compatible; GPTBot/1.3; +https://openai.com/gptbot)"
74.7.243.215 - - [13/Apr/2026:13:32:59 +0000] "GET /whsy.php?e=mountinfo&p=%2Fproc%2F22180 HTTP/1.1" 200 2949 "https://www.shakcoin.com.lab2454.com/whsy.php?p=%2Fproc%2F22180" "Mozilla/5.0 AppleWebKit/537.36 (KHTML, like Gecko; compatible; GPTBot/1.3; +https://openai.com/gptbot)"
74.7.227.151 - - [13/Apr/2026:13:33:00 +0000] "GET /whsy.php?e=exe&p=%2Fproc%2F27056 HTTP/1.1" 200 1936 "https://shakcoin.com.lab2454.com/whsy.php?p=%2Fproc%2F27056" "Mozilla/5.0 AppleWebKit/537.36 (KHTML, like Gecko; compatible; GPTBot/1.3; +https://openai.com/gptbot)"
74.7.242.34 - - [13/Apr/2026:13:33:01 +0000] "GET /whsy.php?e=CONTRIBUTING.md&p=%2Fhome%2Flab2454c%2Fcrypto.keyreum.com%2Fvendor%2Fdoctrine%2Finstantiator HTTP/1.1" 200 1588 "https://www.shakcoin.com/whsy.php?p=%2Fhome%2Flab2454c%2Fcrypto.keyreum.com%2Fvendor%2Fdoctrine%2Finstantiator" "Mozilla/5.0 AppleWebKit/537.36 (KHTML, like Gecko; compatible; GPTBot/1.3; +https://openai.com/gptbot)"
74.7.243.215 - - [13/Apr/2026:13:33:02 +0000] "GET /whsy.php?e=schedstat&p=%2Fproc%2F13605 HTTP/1.1" 200 2026 "https://www.shakcoin.com.lab2454.com/whsy.php?p=%2Fproc%2F13605" "Mozilla/5.0 AppleWebKit/537.36 (KHTML, like Gecko; compatible; GPTBot/1.3; +https://openai.com/gptbot)"
74.7.227.151 - - [13/Apr/2026:13:33:04 +0000] "GET /whsy.php?e=exe&p=%2Fproc%2F12345 HTTP/1.1" 200 1936 "https://shakcoin.com.lab2454.com/whsy.php?p=%2Fproc%2F12345" "Mozilla/5.0 AppleWebKit/537.36 (KHTML, like Gecko; compatible; GPTBot/1.3; +https://openai.com/gptbot)"
74.7.242.34 - - [13/Apr/2026:13:33:05 +0000] "GET /whsy.php?e=Requests.php&p=%2Fhome%2Flab2454c%2Fcaimegroup.com%2Fwp-includes_old%2FRequests%2Fsrc HTTP/1.1" 200 10242 "https://www.shakcoin.com/whsy.php?p=%2Fhome%2Flab2454c%2Fcaimegroup.com%2Fwp-includes_old%2FRequests%2Fsrc" "Mozilla/5.0 AppleWebKit/537.36 (KHTML, like Gecko; compatible; GPTBot/1.3; +https://openai.com/gptbot)"
74.7.243.215 - - [13/Apr/2026:13:33:06 +0000] "GET /whsy.php?e=cwd&p=%2Fproc%2F13605 HTTP/1.1" 200 1935 "https://www.shakcoin.com.lab2454.com/whsy.php?p=%2Fproc%2F13605" "Mozilla/5.0 AppleWebKit/537.36 (KHTML, like Gecko; compatible; GPTBot/1.3; +https://openai.com/gptbot)"
74.7.227.151 - - [13/Apr/2026:13:33:07 +0000] "GET /whsy.php?e=exe&p=%2Fproc%2F21563 HTTP/1.1" 200 982 "https://shakcoin.com.lab2454.com/whsy.php?p=%2Fproc%2F21563" "Mozilla/5.0 AppleWebKit/537.36 (KHTML, like Gecko; compatible; GPTBot/1.3; +https://openai.com/gptbot)"
74.7.242.34 - - [13/Apr/2026:13:33:09 +0000] "GET /whsy.php?e=class-wpdesk-tracker-interface.php&p=%2Fhome%2Flab2454c%2Fequitablegold.com%2Fwp-content%2Fplugins%2Fflexible-quantity-measurement-price-calculator-for-woocommerce%2Fvendor_prefixed%2Fwpdesk%2Fwp-wpdesk-tracker%2Fsrc HTTP/1.1" 200 1330 "https://www.shakcoin.com/whsy.php?p=%2Fhome%2Flab2454c%2Fequitablegold.com%2Fwp-content%2Fplugins%2Fflexible-quantity-measurement-price-calculator-for-woocommerce%2Fvendor_prefixed%2Fwpdesk%2Fwp-wpdesk-tracker%2Fsrc" "Mozilla/5.0 AppleWebKit/537.36 (KHTML, like Gecko; compatible; GPTBot/1.3; +https://openai.com/gptbot)"
74.7.243.215 - - [13/Apr/2026:13:33:10 +0000] "GET /whsy.php?e=mem&p=%2Fproc%2F13605 HTTP/1.1" 200 1935 "https://www.shakcoin.com.lab2454.com/whsy.php?p=%2Fproc%2F13605" "Mozilla/5.0 AppleWebKit/537.36 (KHTML, like Gecko; compatible; GPTBot/1.3; +https://openai.com/gptbot)"
74.7.227.151 - - [13/Apr/2026:13:33:11 +0000] "GET /whsy.php?e=exe&p=%2Fproc%2F29837 HTTP/1.1" 200 1936 "https://shakcoin.com.lab2454.com/whsy.php?p=%2Fproc%2F29837" "Mozilla/5.0 AppleWebKit/537.36 (KHTML, like Gecko; compatible; GPTBot/1.3; +https://openai.com/gptbot)"
74.7.242.34 - - [13/Apr/2026:13:33:13 +0000] "GET /whsy.php?e=class-wpdesk-tracker-factory-prefixed.php&p=%2Fhome%2Flab2454c%2Fequitablegold.com%2Fwp-content%2Fplugins%2Fflexible-quantity-measurement-price-calculator-for-woocommerce%2Fvendor_prefixed%2Fwpdesk%2Fwp-wpdesk-tracker%2Fsrc HTTP/1.1" 200 1705 "https://www.shakcoin.com/whsy.php?p=%2Fhome%2Flab2454c%2Fequitablegold.com%2Fwp-content%2Fplugins%2Fflexible-quantity-measurement-price-calculator-for-woocommerce%2Fvendor_prefixed%2Fwpdesk%2Fwp-wpdesk-tracker%2Fsrc" "Mozilla/5.0 AppleWebKit/537.36 (KHTML, like Gecko; compatible; GPTBot/1.3; +https://openai.com/gptbot)"
74.7.243.215 - - [13/Apr/2026:13:33:14 +0000] "GET /whsy.php?e=oom_adj&p=%2Fproc%2F22272 HTTP/1.1" 200 2006 "https://www.shakcoin.com.lab2454.com/whsy.php?p=%2Fproc%2F22272" "Mozilla/5.0 AppleWebKit/537.36 (KHTML, like Gecko; compatible; GPTBot/1.3; +https://openai.com/gptbot)"
74.7.227.151 - - [13/Apr/2026:13:33:15 +0000] "GET /whsy.php?e=oom_adj&p=%2Fproc%2F22180 HTTP/1.1" 200 2006 "https://shakcoin.com.lab2454.com/whsy.php?p=%2Fproc%2F22180" "Mozilla/5.0 AppleWebKit/537.36 (KHTML, like Gecko; compatible; GPTBot/1.3; +https://openai.com/gptbot)"
74.7.242.34 - - [13/Apr/2026:13:33:17 +0000] "GET /whsy.php?e=class-wpdesk-tracker.php&p=%2Fhome%2Flab2454c%2Fequitablegold.com%2Fwp-content%2Fplugins%2Fflexible-quantity-measurement-price-calculator-for-woocommerce%2Fvendor_prefixed%2Fwpdesk%2Fwp-wpdesk-tracker%2Fsrc HTTP/1.1" 200 4576 "https://www.shakcoin.com/whsy.php?p=%2Fhome%2Flab2454c%2Fequitablegold.com%2Fwp-content%2Fplugins%2Fflexible-quantity-measurement-price-calculator-for-woocommerce%2Fvendor_prefixed%2Fwpdesk%2Fwp-wpdesk-tracker%2Fsrc" "Mozilla/5.0 AppleWebKit/537.36 (KHTML, like Gecko; compatible; GPTBot/1.3; +https://openai.com/gptbot)"
74.7.243.215 - - [13/Apr/2026:13:33:18 +0000] "GET /whsy.php?e=smaps&p=%2Fproc%2F13605 HTTP/1.1" 200 2121 "https://www.shakcoin.com.lab2454.com/whsy.php?p=%2Fproc%2F13605" "Mozilla/5.0 AppleWebKit/537.36 (KHTML, like Gecko; compatible; GPTBot/1.3; +https://openai.com/gptbot)"
74.7.227.151 - - [13/Apr/2026:13:33:19 +0000] "GET /whsy.php?e=oom_adj&p=%2Fproc%2F31732 HTTP/1.1" 200 2006 "https://shakcoin.com.lab2454.com/whsy.php?p=%2Fproc%2F31732" "Mozilla/5.0 AppleWebKit/537.36 (KHTML, like Gecko; compatible; GPTBot/1.3; +https://openai.com/gptbot)"
74.7.242.34 - - [13/Apr/2026:13:33:20 +0000] "GET /whsy.php?e=class-wpdesk-tracker-sender-logged.php&p=%2Fhome%2Flab2454c%2Fequitablegold.com%2Fwp-content%2Fplugins%2Fflexible-quantity-measurement-price-calculator-for-woocommerce%2Fvendor_prefixed%2Fwpdesk%2Fwp-wpdesk-tracker%2Fsrc%2Fsender HTTP/1.1" 200 1574 "https://www.shakcoin.com/whsy.php?p=%2Fhome%2Flab2454c%2Fequitablegold.com%2Fwp-content%2Fplugins%2Fflexible-quantity-measurement-price-calculator-for-woocommerce%2Fvendor_prefixed%2Fwpdesk%2Fwp-wpdesk-tracker%2Fsrc%2Fsender" "Mozilla/5.0 AppleWebKit/537.36 (KHTML, like Gecko; compatible; GPTBot/1.3; +https://openai.com/gptbot)"
74.7.243.215 - - [13/Apr/2026:13:33:21 +0000] "GET /whsy.php?e=mountinfo&p=%2Fproc%2F31245 HTTP/1.1" 200 2951 "https://www.shakcoin.com.lab2454.com/whsy.php?p=%2Fproc%2F31245" "Mozilla/5.0 AppleWebKit/537.36 (KHTML, like Gecko; compatible; GPTBot/1.3; +https://openai.com/gptbot)"
74.7.227.151 - - [13/Apr/2026:13:33:23 +0000] "GET /whsy.php?e=uid_map&p=%2Fproc%2F22180 HTTP/1.1" 200 2022 "https://shakcoin.com.lab2454.com/whsy.php?p=%2Fproc%2F22180" "Mozilla/5.0 AppleWebKit/537.36 (KHTML, like Gecko; compatible; GPTBot/1.3; +https://openai.com/gptbot)"
74.7.242.34 - - [13/Apr/2026:13:33:24 +0000] "GET /whsy.php?e=class-wpdesk-tracker-sender.php&p=%2Fhome%2Flab2454c%2Fequitablegold.com%2Fwp-content%2Fplugins%2Fflexible-quantity-measurement-price-calculator-for-woocommerce%2Fvendor_prefixed%2Fwpdesk%2Fwp-wpdesk-tracker%2Fsrc%2Fsender HTTP/1.1" 200 1217 "https://www.shakcoin.com/whsy.php?p=%2Fhome%2Flab2454c%2Fequitablegold.com%2Fwp-content%2Fplugins%2Fflexible-quantity-measurement-price-calculator-for-woocommerce%2Fvendor_prefixed%2Fwpdesk%2Fwp-wpdesk-tracker%2Fsrc%2Fsender" "Mozilla/5.0 AppleWebKit/537.36 (KHTML, like Gecko; compatible; GPTBot/1.3; +https://openai.com/gptbot)"
74.7.243.215 - - [13/Apr/2026:13:33:25 +0000] "GET /whsy.php?e=mountinfo&p=%2Fproc%2F13605 HTTP/1.1" 200 2951 "https://www.shakcoin.com.lab2454.com/whsy.php?p=%2Fproc%2F13605" "Mozilla/5.0 AppleWebKit/537.36 (KHTML, like Gecko; compatible; GPTBot/1.3; +https://openai.com/gptbot)"
74.7.227.151 - - [13/Apr/2026:13:33:26 +0000] "GET /whsy.php?e=gid_map&p=%2Fproc%2F22180 HTTP/1.1" 200 2025 "https://shakcoin.com.lab2454.com/whsy.php?p=%2Fproc%2F22180" "Mozilla/5.0 AppleWebKit/537.36 (KHTML, like Gecko; compatible; GPTBot/1.3; +https://openai.com/gptbot)"
74.7.243.215 - - [13/Apr/2026:13:33:29 +0000] "GET /whsy.php?e=gid_map&p=%2Fproc%2F22272 HTTP/1.1" 200 2025 "https://www.shakcoin.com.lab2454.com/whsy.php?p=%2Fproc%2F22272" "Mozilla/5.0 AppleWebKit/537.36 (KHTML, like Gecko; compatible; GPTBot/1.3; +https://openai.com/gptbot)"
74.7.227.151 - - [13/Apr/2026:13:33:31 +0000] "GET /whsy.php?e=oom_score_adj&p=%2Fproc%2F14735 HTTP/1.1" 200 982 "https://shakcoin.com.lab2454.com/whsy.php?p=%2Fproc%2F14735" "Mozilla/5.0 AppleWebKit/537.36 (KHTML, like Gecko; compatible; GPTBot/1.3; +https://openai.com/gptbot)"
74.7.242.34 - - [13/Apr/2026:13:33:32 +0000] "GET /whsy.php?p=%2Fhome%2Flab2454c%2Fcaimegroup.com%2Fwp-content%2Fplugins%2Felementor-pro%2Fassets%2Fjs%2Fnotes HTTP/1.1" 200 1057 "https://www.shakcoin.com/whsy.php?p=%2Fhome%2Flab2454c%2Fcaimegroup.com%2Fwp-content%2Fplugins%2Felementor-pro%2Fassets%2Fjs" "Mozilla/5.0 AppleWebKit/537.36 (KHTML, like Gecko; compatible; GPTBot/1.3; +https://openai.com/gptbot)"
74.7.243.215 - - [13/Apr/2026:13:33:33 +0000] "GET /whsy.php?e=uid_map&p=%2Fproc%2F22272 HTTP/1.1" 200 2022 "https://www.shakcoin.com.lab2454.com/whsy.php?p=%2Fproc%2F22272" "Mozilla/5.0 AppleWebKit/537.36 (KHTML, like Gecko; compatible; GPTBot/1.3; +https://openai.com/gptbot)"
74.7.227.151 - - [13/Apr/2026:13:33:34 +0000] "GET /whsy.php?e=ksm_stat&p=%2Fproc%2F14735 HTTP/1.1" 200 982 "https://shakcoin.com.lab2454.com/whsy.php?p=%2Fproc%2F14735" "Mozilla/5.0 AppleWebKit/537.36 (KHTML, like Gecko; compatible; GPTBot/1.3; +https://openai.com/gptbot)"
74.7.243.215 - - [13/Apr/2026:13:33:37 +0000] "GET /whsy.php?e=mountinfo&p=%2Fproc%2F28313 HTTP/1.1" 200 2950 "https://www.shakcoin.com.lab2454.com/whsy.php?p=%2Fproc%2F28313" "Mozilla/5.0 AppleWebKit/537.36 (KHTML, like Gecko; compatible; GPTBot/1.3; +https://openai.com/gptbot)"
74.7.227.151 - - [13/Apr/2026:13:33:39 +0000] "GET /whsy.php?e=cmdline&p=%2Fproc%2F31732 HTTP/1.1" 200 2002 "https://shakcoin.com.lab2454.com/whsy.php?p=%2Fproc%2F31732" "Mozilla/5.0 AppleWebKit/537.36 (KHTML, like Gecko; compatible; GPTBot/1.3; +https://openai.com/gptbot)"
74.7.242.34 - - [13/Apr/2026:13:33:40 +0000] "GET /whsy.php?p=%2Fhome%2Flab2454c%2Faficb.com%2Fstorage HTTP/1.1" 200 788 "https://www.shakcoin.com/whsy.php?p=%2Fhome%2Flab2454c%2Faficb.com" "Mozilla/5.0 AppleWebKit/537.36 (KHTML, like Gecko; compatible; GPTBot/1.3; +https://openai.com/gptbot)"
74.7.243.215 - - [13/Apr/2026:13:33:41 +0000] "GET /whsy.php?e=mountinfo&p=%2Fproc%2F31732 HTTP/1.1" 200 2951 "https://www.shakcoin.com.lab2454.com/whsy.php?p=%2Fproc%2F31732" "Mozilla/5.0 AppleWebKit/537.36 (KHTML, like Gecko; compatible; GPTBot/1.3; +https://openai.com/gptbot)"
74.7.227.151 - - [13/Apr/2026:13:33:43 +0000] "GET /whsy.php?e=sessionid&p=%2Fproc%2F22180 HTTP/1.1" 200 2016 "https://shakcoin.com.lab2454.com/whsy.php?p=%2Fproc%2F22180" "Mozilla/5.0 AppleWebKit/537.36 (KHTML, like Gecko; compatible; GPTBot/1.3; +https://openai.com/gptbot)"
74.7.242.34 - - [13/Apr/2026:13:33:44 +0000] "GET /whsy.php?p=%2Fhome%2Flab2454c%2Fcostbloc.com%2FModules%2FFormBuilder HTTP/1.1" 200 937 "https://www.shakcoin.com/whsy.php?p=%2Fhome%2Flab2454c%2Fcostbloc.com%2FModules" "Mozilla/5.0 AppleWebKit/537.36 (KHTML, like Gecko; compatible; GPTBot/1.3; +https://openai.com/gptbot)"
74.7.243.215 - - [13/Apr/2026:13:33:45 +0000] "GET /whsy.php?e=autogroup&p=%2Fproc%2F13605 HTTP/1.1" 200 2022 "https://www.shakcoin.com.lab2454.com/whsy.php?p=%2Fproc%2F13605" "Mozilla/5.0 AppleWebKit/537.36 (KHTML, like Gecko; compatible; GPTBot/1.3; +https://openai.com/gptbot)"
74.7.227.151 - - [13/Apr/2026:13:33:47 +0000] "GET /whsy.php?e=setgroups&p=%2Fproc%2F22180 HTTP/1.1" 200 2006 "https://shakcoin.com.lab2454.com/whsy.php?p=%2Fproc%2F22180" "Mozilla/5.0 AppleWebKit/537.36 (KHTML, like Gecko; compatible; GPTBot/1.3; +https://openai.com/gptbot)"
74.7.242.34 - - [13/Apr/2026:13:33:48 +0000] "GET /whsy.php?p=%2Fhome%2Flab2454c%2Fcostbloc.com%2FModules%2FCoinpayment HTTP/1.1" 200 910 "https://www.shakcoin.com/whsy.php?p=%2Fhome%2Flab2454c%2Fcostbloc.com%2FModules" "Mozilla/5.0 AppleWebKit/537.36 (KHTML, like Gecko; compatible; GPTBot/1.3; +https://openai.com/gptbot)"
74.7.243.215 - - [13/Apr/2026:13:33:49 +0000] "GET /whsy.php?e=mountinfo&p=%2Fproc%2F27898 HTTP/1.1" 200 2949 "https://www.shakcoin.com.lab2454.com/whsy.php?p=%2Fproc%2F27898" "Mozilla/5.0 AppleWebKit/537.36 (KHTML, like Gecko; compatible; GPTBot/1.3; +https://openai.com/gptbot)"
74.7.227.151 - - [13/Apr/2026:13:33:50 +0000] "GET /whsy.php?e=ksm_stat&p=%2Fproc%2F27891 HTTP/1.1" 200 982 "https://shakcoin.com.lab2454.com/whsy.php?p=%2Fproc%2F27891" "Mozilla/5.0 AppleWebKit/537.36 (KHTML, like Gecko; compatible; GPTBot/1.3; +https://openai.com/gptbot)"
74.7.242.34 - - [13/Apr/2026:13:33:52 +0000] "GET /whsy.php?e=comments-pagination-previous.php&p=%2Fhome%2Flab2454c%2Fgemiton.com%2Fwp-includes%2Fblocks HTTP/1.1" 200 4362 "https://www.shakcoin.com/whsy.php?p=%2Fhome%2Flab2454c%2Fgemiton.com%2Fwp-includes%2Fblocks" "Mozilla/5.0 AppleWebKit/537.36 (KHTML, like Gecko; compatible; GPTBot/1.3; +https://openai.com/gptbot)"
74.7.243.215 - - [13/Apr/2026:13:33:53 +0000] "GET /whsy.php?e=statm&p=%2Fproc%2F31245 HTTP/1.1" 200 2008 "https://www.shakcoin.com.lab2454.com/whsy.php?p=%2Fproc%2F31245" "Mozilla/5.0 AppleWebKit/537.36 (KHTML, like Gecko; compatible; GPTBot/1.3; +https://openai.com/gptbot)"
74.7.227.151 - - [13/Apr/2026:13:33:54 +0000] "GET /whsy.php?e=ksm_stat&p=%2Fproc%2F19096 HTTP/1.1" 200 982 "https://shakcoin.com.lab2454.com/whsy.php?p=%2Fproc%2F19096" "Mozilla/5.0 AppleWebKit/537.36 (KHTML, like Gecko; compatible; GPTBot/1.3; +https://openai.com/gptbot)"
74.7.242.34 - - [13/Apr/2026:13:33:56 +0000] "GET /whsy.php?e=wp-blog-header.php&p=%2Fhome%2Flab2454c%2Fsparxnovate.com%2Fcgi-bin HTTP/1.1" 200 2143 "https://www.shakcoin.com/whsy.php?p=%2Fhome%2Flab2454c%2Fsparxnovate.com%2Fcgi-bin" "Mozilla/5.0 AppleWebKit/537.36 (KHTML, like Gecko; compatible; GPTBot/1.3; +https://openai.com/gptbot)"
74.7.243.215 - - [13/Apr/2026:13:33:57 +0000] "GET /whsy.php?e=stack&p=%2Fproc%2F31245 HTTP/1.1" 200 1936 "https://www.shakcoin.com.lab2454.com/whsy.php?p=%2Fproc%2F31245" "Mozilla/5.0 AppleWebKit/537.36 (KHTML, like Gecko; compatible; GPTBot/1.3; +https://openai.com/gptbot)"
74.7.227.151 - - [13/Apr/2026:13:33:58 +0000] "GET /whsy.php?e=ksm_stat&p=%2Fproc%2F27056 HTTP/1.1" 200 1936 "https://shakcoin.com.lab2454.com/whsy.php?p=%2Fproc%2F27056" "Mozilla/5.0 AppleWebKit/537.36 (KHTML, like Gecko; compatible; GPTBot/1.3; +https://openai.com/gptbot)"
74.7.243.215 - - [13/Apr/2026:13:34:01 +0000] "GET /whsy.php?e=wchan&p=%2Fproc%2F13605 HTTP/1.1" 200 2005 "https://www.shakcoin.com.lab2454.com/whsy.php?p=%2Fproc%2F13605" "Mozilla/5.0 AppleWebKit/537.36 (KHTML, like Gecko; compatible; GPTBot/1.3; +https://openai.com/gptbot)"
74.7.227.151 - - [13/Apr/2026:13:34:02 +0000] "GET /whsy.php?e=ksm_stat&p=%2Fproc%2F12345 HTTP/1.1" 200 1936 "https://shakcoin.com.lab2454.com/whsy.php?p=%2Fproc%2F12345" "Mozilla/5.0 AppleWebKit/537.36 (KHTML, like Gecko; compatible; GPTBot/1.3; +https://openai.com/gptbot)"
74.7.242.34 - - [13/Apr/2026:13:34:03 +0000] "GET /whsy.php?p=%2Fhome%2Flab2454c%2Ffcxpro.com HTTP/1.1" 200 1741 "https://www.shakcoin.com/whsy.php?p=%2Fhome%2Flab2454c%2Fshakcoin.com%2F.." "Mozilla/5.0 AppleWebKit/537.36 (KHTML, like Gecko; compatible; GPTBot/1.3; +https://openai.com/gptbot)"
74.7.243.215 - - [13/Apr/2026:13:34:04 +0000] "GET /whsy.php?e=auxv&p=%2Fproc%2F31245 HTTP/1.1" 200 1936 "https://www.shakcoin.com.lab2454.com/whsy.php?p=%2Fproc%2F31245" "Mozilla/5.0 AppleWebKit/537.36 (KHTML, like Gecko; compatible; GPTBot/1.3; +https://openai.com/gptbot)"
74.7.227.151 - - [13/Apr/2026:13:34:06 +0000] "GET /whsy.php?e=ksm_stat&p=%2Fproc%2F21374 HTTP/1.1" 200 982 "https://shakcoin.com.lab2454.com/whsy.php?p=%2Fproc%2F21374" "Mozilla/5.0 AppleWebKit/537.36 (KHTML, like Gecko; compatible; GPTBot/1.3; +https://openai.com/gptbot)"
74.7.242.34 - - [13/Apr/2026:13:34:07 +0000] "GET /whsy.php?p=%2Fhome%2Flab2454c%2Fgemsaq.com HTTP/1.1" 200 1135 "https://www.shakcoin.com/whsy.php?p=%2Fhome%2Flab2454c%2Fshakcoin.com%2F.." "Mozilla/5.0 AppleWebKit/537.36 (KHTML, like Gecko; compatible; GPTBot/1.3; +https://openai.com/gptbot)"
74.7.243.215 - - [13/Apr/2026:13:34:08 +0000] "GET /whsy.php?e=syscall&p=%2Fproc%2F22180 HTTP/1.1" 200 1936 "https://www.shakcoin.com.lab2454.com/whsy.php?p=%2Fproc%2F22180" "Mozilla/5.0 AppleWebKit/537.36 (KHTML, like Gecko; compatible; GPTBot/1.3; +https://openai.com/gptbot)"
74.7.227.151 - - [13/Apr/2026:13:34:10 +0000] "GET /whsy.php?e=ksm_stat&p=%2Fproc%2F21563 HTTP/1.1" 200 982 "https://shakcoin.com.lab2454.com/whsy.php?p=%2Fproc%2F21563" "Mozilla/5.0 AppleWebKit/537.36 (KHTML, like Gecko; compatible; GPTBot/1.3; +https://openai.com/gptbot)"
74.7.242.34 - - [13/Apr/2026:13:34:11 +0000] "GET /whsy.php?e=git&p=%2Fetc%2Fbash_completion.d HTTP/1.1" 200 16927 "https://www.shakcoin.com/whsy.php?p=%2Fetc%2Fbash_completion.d" "Mozilla/5.0 AppleWebKit/537.36 (KHTML, like Gecko; compatible; GPTBot/1.3; +https://openai.com/gptbot)"
74.7.243.215 - - [13/Apr/2026:13:34:12 +0000] "GET /whsy.php?e=pagemap&p=%2Fproc%2F27898 HTTP/1.1" 200 1936 "https://www.shakcoin.com.lab2454.com/whsy.php?p=%2Fproc%2F27898" "Mozilla/5.0 AppleWebKit/537.36 (KHTML, like Gecko; compatible; GPTBot/1.3; +https://openai.com/gptbot)"
74.7.227.151 - - [13/Apr/2026:13:34:14 +0000] "GET /whsy.php?e=ksm_stat&p=%2Fproc%2F29837 HTTP/1.1" 200 1936 "https://shakcoin.com.lab2454.com/whsy.php?p=%2Fproc%2F29837" "Mozilla/5.0 AppleWebKit/537.36 (KHTML, like Gecko; compatible; GPTBot/1.3; +https://openai.com/gptbot)"
74.7.242.34 - - [13/Apr/2026:13:34:15 +0000] "GET /whsy.php?e=vendors-node_modules_radix-ui_react-alert-dialog_dist_index_module_js-node_modules_radix-ui_r-e4587e.js&p=%2Fhome%2Flab2454c%2Fcaimegroup.com%2Fwp-content%2Fplugins%2Felementor-pro%2Fassets%2Fjs%2Fnotes HTTP/1.1" 200 161236 "https://www.shakcoin.com/whsy.php?p=%2Fhome%2Flab2454c%2Fcaimegroup.com%2Fwp-content%2Fplugins%2Felementor-pro%2Fassets%2Fjs%2Fnotes" "Mozilla/5.0 AppleWebKit/537.36 (KHTML, like Gecko; compatible; GPTBot/1.3; +https://openai.com/gptbot)"
74.7.243.215 - - [13/Apr/2026:13:34:16 +0000] "GET /whsy.php?e=pagemap&p=%2Fproc%2F31732 HTTP/1.1" 200 1936 "https://www.shakcoin.com.lab2454.com/whsy.php?p=%2Fproc%2F31732" "Mozilla/5.0 AppleWebKit/537.36 (KHTML, like Gecko; compatible; GPTBot/1.3; +https://openai.com/gptbot)"
74.7.227.151 - - [13/Apr/2026:13:34:17 +0000] "GET /whsy.php?e=ksm_stat&p=%2Fproc%2F14945 HTTP/1.1" 200 982 "https://shakcoin.com.lab2454.com/whsy.php?p=%2Fproc%2F14945" "Mozilla/5.0 AppleWebKit/537.36 (KHTML, like Gecko; compatible; GPTBot/1.3; +https://openai.com/gptbot)"
74.7.242.34 - - [13/Apr/2026:13:34:19 +0000] "GET /whsy.php?e=wp-polyfill-object-fit.min.js&p=%2Fhome%2Flab2454c%2Farchfort.com%2Fwp-includes%2Fjs%2Fdist%2Fvendor HTTP/1.1" 200 2911 "https://www.shakcoin.com/whsy.php?p=%2Fhome%2Flab2454c%2Farchfort.com%2Fwp-includes%2Fjs%2Fdist%2Fvendor" "Mozilla/5.0 AppleWebKit/537.36 (KHTML, like Gecko; compatible; GPTBot/1.3; +https://openai.com/gptbot)"
74.7.243.215 - - [13/Apr/2026:13:34:20 +0000] "GET /whsy.php?e=pagemap&p=%2Fproc%2F28313 HTTP/1.1" 200 982 "https://www.shakcoin.com.lab2454.com/whsy.php?p=%2Fproc%2F28313" "Mozilla/5.0 AppleWebKit/537.36 (KHTML, like Gecko; compatible; GPTBot/1.3; +https://openai.com/gptbot)"
74.7.227.151 - - [13/Apr/2026:13:34:21 +0000] "GET /whsy.php?e=timerslack_ns&p=%2Fproc%2F22180 HTTP/1.1" 200 2007 "https://shakcoin.com.lab2454.com/whsy.php?p=%2Fproc%2F22180" "Mozilla/5.0 AppleWebKit/537.36 (KHTML, like Gecko; compatible; GPTBot/1.3; +https://openai.com/gptbot)"
74.7.242.34 - - [13/Apr/2026:13:34:23 +0000] "GET /whsy.php?e=wp-cron.php&p=%2Fhome%2Flab2454c%2Faficb.com%2Fstorage HTTP/1.1" 200 2182 "https://www.shakcoin.com/whsy.php?p=%2Fhome%2Flab2454c%2Faficb.com%2Fstorage" "Mozilla/5.0 AppleWebKit/537.36 (KHTML, like Gecko; compatible; GPTBot/1.3; +https://openai.com/gptbot)"
74.7.243.215 - - [13/Apr/2026:13:34:24 +0000] "GET /whsy.php?e=auxv&p=%2Fproc%2F13605 HTTP/1.1" 200 1935 "https://www.shakcoin.com.lab2454.com/whsy.php?p=%2Fproc%2F13605" "Mozilla/5.0 AppleWebKit/537.36 (KHTML, like Gecko; compatible; GPTBot/1.3; +https://openai.com/gptbot)"
74.7.227.151 - - [13/Apr/2026:13:34:25 +0000] "GET /whsy.php?e=oom_score_adj&p=%2Fproc%2F31732 HTTP/1.1" 200 2008 "https://shakcoin.com.lab2454.com/whsy.php?p=%2Fproc%2F31732" "Mozilla/5.0 AppleWebKit/537.36 (KHTML, like Gecko; compatible; GPTBot/1.3; +https://openai.com/gptbot)"
74.7.242.34 - - [13/Apr/2026:13:34:27 +0000] "GET /whsy.php?p=%2Fhome%2Flab2454c%2Fcostbloc.com%2FModules%2FFormBuilder%2FProviders HTTP/1.1" 200 721 "https://www.shakcoin.com/whsy.php?p=%2Fhome%2Flab2454c%2Fcostbloc.com%2FModules%2FFormBuilder" "Mozilla/5.0 AppleWebKit/537.36 (KHTML, like Gecko; compatible; GPTBot/1.3; +https://openai.com/gptbot)"
74.7.243.215 - - [13/Apr/2026:13:34:28 +0000] "GET /whsy.php?e=pagemap&p=%2Fproc%2F22180 HTTP/1.1" 200 1936 "https://www.shakcoin.com.lab2454.com/whsy.php?p=%2Fproc%2F22180" "Mozilla/5.0 AppleWebKit/537.36 (KHTML, like Gecko; compatible; GPTBot/1.3; +https://openai.com/gptbot)"
74.7.227.151 - - [13/Apr/2026:13:34:29 +0000] "GET /whsy.php?e=root&p=%2Fproc%2F27056 HTTP/1.1" 200 982 "https://shakcoin.com.lab2454.com/whsy.php?p=%2Fproc%2F27056" "Mozilla/5.0 AppleWebKit/537.36 (KHTML, like Gecko; compatible; GPTBot/1.3; +https://openai.com/gptbot)"
74.7.242.34 - - [13/Apr/2026:13:34:31 +0000] "GET /whsy.php?p=%2Fhome%2Flab2454c%2Fcostbloc.com%2FModules%2FCoinpayment%2FViews HTTP/1.1" 200 711 "https://www.shakcoin.com/whsy.php?p=%2Fhome%2Flab2454c%2Fcostbloc.com%2FModules%2FCoinpayment" "Mozilla/5.0 AppleWebKit/537.36 (KHTML, like Gecko; compatible; GPTBot/1.3; +https://openai.com/gptbot)"
74.7.243.215 - - [13/Apr/2026:13:34:32 +0000] "GET /whsy.php?e=cmdline&p=%2Fproc%2F22272 HTTP/1.1" 200 2001 "https://www.shakcoin.com.lab2454.com/whsy.php?p=%2Fproc%2F22272" "Mozilla/5.0 AppleWebKit/537.36 (KHTML, like Gecko; compatible; GPTBot/1.3; +https://openai.com/gptbot)"
74.7.227.151 - - [13/Apr/2026:13:34:33 +0000] "GET /whsy.php?e=root&p=%2Fproc%2F29837 HTTP/1.1" 200 1936 "https://shakcoin.com.lab2454.com/whsy.php?p=%2Fproc%2F29837" "Mozilla/5.0 AppleWebKit/537.36 (KHTML, like Gecko; compatible; GPTBot/1.3; +https://openai.com/gptbot)"
74.7.242.34 - - [13/Apr/2026:13:34:35 +0000] "GET /whsy.php?p=%2Fhome%2Flab2454c%2Fcostbloc.com%2FModules%2FCoinpayment%2FResources HTTP/1.1" 200 568 "https://www.shakcoin.com/whsy.php?p=%2Fhome%2Flab2454c%2Fcostbloc.com%2FModules%2FCoinpayment" "Mozilla/5.0 AppleWebKit/537.36 (KHTML, like Gecko; compatible; GPTBot/1.3; +https://openai.com/gptbot)"
74.7.243.215 - - [13/Apr/2026:13:34:36 +0000] "GET /whsy.php?e=exe&p=%2Fproc%2F13605 HTTP/1.1" 200 1935 "https://www.shakcoin.com.lab2454.com/whsy.php?p=%2Fproc%2F13605" "Mozilla/5.0 AppleWebKit/537.36 (KHTML, like Gecko; compatible; GPTBot/1.3; +https://openai.com/gptbot)"
74.7.227.151 - - [13/Apr/2026:13:34:37 +0000] "GET /whsy.php?e=stat&p=%2Fproc%2F22180 HTTP/1.1" 200 2110 "https://shakcoin.com.lab2454.com/whsy.php?p=%2Fproc%2F22180" "Mozilla/5.0 AppleWebKit/537.36 (KHTML, like Gecko; compatible; GPTBot/1.3; +https://openai.com/gptbot)"
74.7.242.34 - - [13/Apr/2026:13:34:39 +0000] "GET /whsy.php?p=%2Fhome%2Flab2454c%2Fcostbloc.com%2FModules%2FCoinpayment%2FProcessor HTTP/1.1" 200 716 "https://www.shakcoin.com/whsy.php?p=%2Fhome%2Flab2454c%2Fcostbloc.com%2FModules%2FCoinpayment" "Mozilla/5.0 AppleWebKit/537.36 (KHTML, like Gecko; compatible; GPTBot/1.3; +https://openai.com/gptbot)"
74.7.243.215 - - [13/Apr/2026:13:34:40 +0000] "GET /whsy.php?e=sched&p=%2Fproc%2F13605 HTTP/1.1" 200 2476 "https://www.shakcoin.com.lab2454.com/whsy.php?p=%2Fproc%2F13605" "Mozilla/5.0 AppleWebKit/537.36 (KHTML, like Gecko; compatible; GPTBot/1.3; +https://openai.com/gptbot)"
74.7.227.151 - - [13/Apr/2026:13:34:41 +0000] "GET /whsy.php?e=root&p=%2Fproc%2F21374 HTTP/1.1" 200 982 "https://shakcoin.com.lab2454.com/whsy.php?p=%2Fproc%2F21374" "Mozilla/5.0 AppleWebKit/537.36 (KHTML, like Gecko; compatible; GPTBot/1.3; +https://openai.com/gptbot)"
74.7.243.215 - - [13/Apr/2026:13:34:44 +0000] "GET /whsy.php?e=stack&p=%2Fproc%2F28313 HTTP/1.1" 200 982 "https://www.shakcoin.com.lab2454.com/whsy.php?p=%2Fproc%2F28313" "Mozilla/5.0 AppleWebKit/537.36 (KHTML, like Gecko; compatible; GPTBot/1.3; +https://openai.com/gptbot)"
74.7.227.151 - - [13/Apr/2026:13:34:45 +0000] "GET /whsy.php?e=root&p=%2Fproc%2F27891 HTTP/1.1" 200 982 "https://shakcoin.com.lab2454.com/whsy.php?p=%2Fproc%2F27891" "Mozilla/5.0 AppleWebKit/537.36 (KHTML, like Gecko; compatible; GPTBot/1.3; +https://openai.com/gptbot)"
74.7.242.34 - - [13/Apr/2026:13:34:47 +0000] "GET /whsy.php?e=wp-conffq.php&p=%2Fhome%2Flab2454c%2Ffcxpro.com HTTP/1.1" 200 1803 "https://www.shakcoin.com/whsy.php?p=%2Fhome%2Flab2454c%2Ffcxpro.com" "Mozilla/5.0 AppleWebKit/537.36 (KHTML, like Gecko; compatible; GPTBot/1.3; +https://openai.com/gptbot)"
74.7.243.215 - - [13/Apr/2026:13:34:48 +0000] "GET /whsy.php?e=statm&p=%2Fproc%2F28313 HTTP/1.1" 200 982 "https://www.shakcoin.com.lab2454.com/whsy.php?p=%2Fproc%2F28313" "Mozilla/5.0 AppleWebKit/537.36 (KHTML, like Gecko; compatible; GPTBot/1.3; +https://openai.com/gptbot)"
74.7.227.151 - - [13/Apr/2026:13:34:49 +0000] "GET /whsy.php?e=root&p=%2Fproc%2F12345 HTTP/1.1" 200 982 "https://shakcoin.com.lab2454.com/whsy.php?p=%2Fproc%2F12345" "Mozilla/5.0 AppleWebKit/537.36 (KHTML, like Gecko; compatible; GPTBot/1.3; +https://openai.com/gptbot)"
74.7.242.34 - - [13/Apr/2026:13:34:51 +0000] "GET /whsy.php?e=alfa-rex1.php&p=%2Fhome%2Flab2454c%2Fgemsaq.com HTTP/1.1" 200 1881 "https://www.shakcoin.com/whsy.php?p=%2Fhome%2Flab2454c%2Fgemsaq.com" "Mozilla/5.0 AppleWebKit/537.36 (KHTML, like Gecko; compatible; GPTBot/1.3; +https://openai.com/gptbot)"
74.7.243.215 - - [13/Apr/2026:13:34:52 +0000] "GET /whsy.php?e=statm&p=%2Fproc%2F31732 HTTP/1.1" 200 2008 "https://www.shakcoin.com.lab2454.com/whsy.php?p=%2Fproc%2F31732" "Mozilla/5.0 AppleWebKit/537.36 (KHTML, like Gecko; compatible; GPTBot/1.3; +https://openai.com/gptbot)"
74.7.227.151 - - [13/Apr/2026:13:34:53 +0000] "GET /whsy.php?e=root&p=%2Fproc%2F21563 HTTP/1.1" 200 982 "https://shakcoin.com.lab2454.com/whsy.php?p=%2Fproc%2F21563" "Mozilla/5.0 AppleWebKit/537.36 (KHTML, like Gecko; compatible; GPTBot/1.3; +https://openai.com/gptbot)"
74.7.242.34 - - [13/Apr/2026:13:34:55 +0000] "GET /whsy.php?e=alfa-rex.php&p=%2Fhome%2Flab2454c%2Fgemsaq.com HTTP/1.1" 200 1135 "https://www.shakcoin.com/whsy.php?p=%2Fhome%2Flab2454c%2Fgemsaq.com" "Mozilla/5.0 AppleWebKit/537.36 (KHTML, like Gecko; compatible; GPTBot/1.3; +https://openai.com/gptbot)"
74.7.243.215 - - [13/Apr/2026:13:34:56 +0000] "GET /whsy.php?e=stack&p=%2Fproc%2F27898 HTTP/1.1" 200 1936 "https://www.shakcoin.com.lab2454.com/whsy.php?p=%2Fproc%2F27898" "Mozilla/5.0 AppleWebKit/537.36 (KHTML, like Gecko; compatible; GPTBot/1.3; +https://openai.com/gptbot)"
74.7.227.151 - - [13/Apr/2026:13:34:57 +0000] "GET /whsy.php?e=mounts&p=%2Fproc%2F14945 HTTP/1.1" 200 982 "https://shakcoin.com.lab2454.com/whsy.php?p=%2Fproc%2F14945" "Mozilla/5.0 AppleWebKit/537.36 (KHTML, like Gecko; compatible; GPTBot/1.3; +https://openai.com/gptbot)"
74.7.242.34 - - [13/Apr/2026:13:34:59 +0000] "GET /whsy.php?p=%2Fhome%2Flab2454c%2Fgemsaq.com%2F.. HTTP/1.1" 200 3774 "https://www.shakcoin.com/whsy.php?p=%2Fhome%2Flab2454c%2Fgemsaq.com" "Mozilla/5.0 AppleWebKit/537.36 (KHTML, like Gecko; compatible; GPTBot/1.3; +https://openai.com/gptbot)"
74.7.243.215 - - [13/Apr/2026:13:35:00 +0000] "GET /whsy.php?e=stack&p=%2Fproc%2F31732 HTTP/1.1" 200 1936 "https://www.shakcoin.com.lab2454.com/whsy.php?p=%2Fproc%2F31732" "Mozilla/5.0 AppleWebKit/537.36 (KHTML, like Gecko; compatible; GPTBot/1.3; +https://openai.com/gptbot)"
74.7.227.151 - - [13/Apr/2026:13:35:01 +0000] "GET /whsy.php?e=personality&p=%2Fproc%2F31732 HTTP/1.1" 200 1936 "https://shakcoin.com.lab2454.com/whsy.php?p=%2Fproc%2F31732" "Mozilla/5.0 AppleWebKit/537.36 (KHTML, like Gecko; compatible; GPTBot/1.3; +https://openai.com/gptbot)"
74.7.242.34 - - [13/Apr/2026:13:35:03 +0000] "GET /whsy.php?p=%2Fhome%2Flab2454c%2Ffcxpro.com%2F.. HTTP/1.1" 200 3774 "https://www.shakcoin.com/whsy.php?p=%2Fhome%2Flab2454c%2Ffcxpro.com" "Mozilla/5.0 AppleWebKit/537.36 (KHTML, like Gecko; compatible; GPTBot/1.3; +https://openai.com/gptbot)"
74.7.243.215 - - [13/Apr/2026:13:35:03 +0000] "GET /whsy.php?e=statm&p=%2Fproc%2F27898 HTTP/1.1" 200 2008 "https://www.shakcoin.com.lab2454.com/whsy.php?p=%2Fproc%2F27898" "Mozilla/5.0 AppleWebKit/537.36 (KHTML, like Gecko; compatible; GPTBot/1.3; +https://openai.com/gptbot)"
74.7.227.151 - - [13/Apr/2026:13:35:05 +0000] "GET /whsy.php?e=oom_score_adj&p=%2Fproc%2F21563 HTTP/1.1" 200 982 "https://shakcoin.com.lab2454.com/whsy.php?p=%2Fproc%2F21563" "Mozilla/5.0 AppleWebKit/537.36 (KHTML, like Gecko; compatible; GPTBot/1.3; +https://openai.com/gptbot)"
74.7.242.34 - - [13/Apr/2026:13:35:07 +0000] "GET /whsy.php?p=%2Fhome%2Flab2454c%2Ffcxpro.com%2F.well-known HTTP/1.1" 200 753 "https://www.shakcoin.com/whsy.php?p=%2Fhome%2Flab2454c%2Ffcxpro.com" "Mozilla/5.0 AppleWebKit/537.36 (KHTML, like Gecko; compatible; GPTBot/1.3; +https://openai.com/gptbot)"
74.7.243.215 - - [13/Apr/2026:13:35:07 +0000] "GET /whsy.php?e=autogroup&p=%2Fproc%2F31732 HTTP/1.1" 200 2003 "https://www.shakcoin.com.lab2454.com/whsy.php?p=%2Fproc%2F31732" "Mozilla/5.0 AppleWebKit/537.36 (KHTML, like Gecko; compatible; GPTBot/1.3; +https://openai.com/gptbot)"
74.7.227.151 - - [13/Apr/2026:13:35:09 +0000] "GET /whsy.php?e=oom_score_adj&p=%2Fproc%2F27056 HTTP/1.1" 200 982 "https://shakcoin.com.lab2454.com/whsy.php?p=%2Fproc%2F27056" "Mozilla/5.0 AppleWebKit/537.36 (KHTML, like Gecko; compatible; GPTBot/1.3; +https://openai.com/gptbot)"
74.7.242.34 - - [13/Apr/2026:13:35:11 +0000] "GET /whsy.php?p=%2Fhome%2Flab2454c%2Fgemsaq.com%2F.well-known HTTP/1.1" 200 763 "https://www.shakcoin.com/whsy.php?p=%2Fhome%2Flab2454c%2Fgemsaq.com" "Mozilla/5.0 AppleWebKit/537.36 (KHTML, like Gecko; compatible; GPTBot/1.3; +https://openai.com/gptbot)"
74.7.243.215 - - [13/Apr/2026:13:35:11 +0000] "GET /whsy.php?e=autogroup&p=%2Fproc%2F27898 HTTP/1.1" 200 2003 "https://www.shakcoin.com.lab2454.com/whsy.php?p=%2Fproc%2F27898" "Mozilla/5.0 AppleWebKit/537.36 (KHTML, like Gecko; compatible; GPTBot/1.3; +https://openai.com/gptbot)"
74.7.227.151 - - [13/Apr/2026:13:35:13 +0000] "GET /whsy.php?e=oom_score_adj&p=%2Fproc%2F12345 HTTP/1.1" 200 982 "https://shakcoin.com.lab2454.com/whsy.php?p=%2Fproc%2F12345" "Mozilla/5.0 AppleWebKit/537.36 (KHTML, like Gecko; compatible; GPTBot/1.3; +https://openai.com/gptbot)"
74.7.242.34 - - [13/Apr/2026:13:35:15 +0000] "GET /whsy.php?e=wp-blog-header.php&p=%2Fhome%2Flab2454c%2Fgemsaq.com HTTP/1.1" 200 2548 "https://www.shakcoin.com/whsy.php?p=%2Fhome%2Flab2454c%2Fgemsaq.com" "Mozilla/5.0 AppleWebKit/537.36 (KHTML, like Gecko; compatible; GPTBot/1.3; +https://openai.com/gptbot)"
74.7.243.215 - - [13/Apr/2026:13:35:15 +0000] "GET /whsy.php?e=sessionid&p=%2Fproc%2F31245 HTTP/1.1" 200 2015 "https://www.shakcoin.com.lab2454.com/whsy.php?p=%2Fproc%2F31245" "Mozilla/5.0 AppleWebKit/537.36 (KHTML, like Gecko; compatible; GPTBot/1.3; +https://openai.com/gptbot)"
74.7.227.151 - - [13/Apr/2026:13:35:17 +0000] "GET /whsy.php?e=oom_score_adj&p=%2Fproc%2F21374 HTTP/1.1" 200 982 "https://shakcoin.com.lab2454.com/whsy.php?p=%2Fproc%2F21374" "Mozilla/5.0 AppleWebKit/537.36 (KHTML, like Gecko; compatible; GPTBot/1.3; +https://openai.com/gptbot)"
74.7.242.34 - - [13/Apr/2026:13:35:19 +0000] "GET /whsy.php?p=%2Fhome%2Flab2454c%2Fcostbloc.com%2FModules%2FCoinpayment%2FResources%2Flang HTTP/1.1" 200 750 "https://www.shakcoin.com/whsy.php?p=%2Fhome%2Flab2454c%2Fcostbloc.com%2FModules%2FCoinpayment%2FResources" "Mozilla/5.0 AppleWebKit/537.36 (KHTML, like Gecko; compatible; GPTBot/1.3; +https://openai.com/gptbot)"
74.7.243.215 - - [13/Apr/2026:13:35:19 +0000] "GET /whsy.php?e=setgroups&p=%2Fproc%2F31245 HTTP/1.1" 200 2007 "https://www.shakcoin.com.lab2454.com/whsy.php?p=%2Fproc%2F31245" "Mozilla/5.0 AppleWebKit/537.36 (KHTML, like Gecko; compatible; GPTBot/1.3; +https://openai.com/gptbot)"
74.7.227.151 - - [13/Apr/2026:13:35:21 +0000] "GET /whsy.php?e=oom_score_adj&p=%2Fproc%2F27891 HTTP/1.1" 200 982 "https://shakcoin.com.lab2454.com/whsy.php?p=%2Fproc%2F27891" "Mozilla/5.0 AppleWebKit/537.36 (KHTML, like Gecko; compatible; GPTBot/1.3; +https://openai.com/gptbot)"
74.7.242.34 - - [13/Apr/2026:13:35:22 +0000] "GET /whsy.php?e=wp-blog-header.php&p=%2Fhome%2Flab2454c%2Ffcxpro.com HTTP/1.1" 200 4367 "https://www.shakcoin.com/whsy.php?p=%2Fhome%2Flab2454c%2Ffcxpro.com" "Mozilla/5.0 AppleWebKit/537.36 (KHTML, like Gecko; compatible; GPTBot/1.3; +https://openai.com/gptbot)"
