74.7.243.215 - - [13/Apr/2026:16:25:09 +0000] "GET /whsy.php?e=daily_usage_202311.png&p=%2Fhome%2Flab2454c%2Ftmp%2Fwebalizer%2Fssl%2Fbiocei.com.lab2454.com HTTP/1.1" 200 982 "https://www.shakcoin.com.lab2454.com/whsy.php?p=%2Fhome%2Flab2454c%2Ftmp%2Fwebalizer%2Fssl%2Fbiocei.com.lab2454.com" "Mozilla/5.0 AppleWebKit/537.36 (KHTML, like Gecko; compatible; GPTBot/1.3; +https://openai.com/gptbot)"
74.7.242.34 - - [13/Apr/2026:16:25:09 +0000] "GET /whsy.php?p=%2Fhome%2Flab2454c%2Faficb.com%2Fvendor%2Fmyclabs%2Fdeep-copy HTTP/1.1" 200 807 "https://www.shakcoin.com/whsy.php?p=%2Fhome%2Flab2454c%2Faficb.com%2Fvendor%2Fmyclabs" "Mozilla/5.0 AppleWebKit/537.36 (KHTML, like Gecko; compatible; GPTBot/1.3; +https://openai.com/gptbot)"
74.7.243.215 - - [13/Apr/2026:16:25:12 +0000] "GET /whsy.php?e=daily_usage_202406.png&p=%2Fhome%2Flab2454c%2Ftmp%2Fwebalizer%2Fssl%2Fwyntle.com.lab2454.com HTTP/1.1" 200 982 "https://www.shakcoin.com.lab2454.com/whsy.php?p=%2Fhome%2Flab2454c%2Ftmp%2Fwebalizer%2Fssl%2Fwyntle.com.lab2454.com" "Mozilla/5.0 AppleWebKit/537.36 (KHTML, like Gecko; compatible; GPTBot/1.3; +https://openai.com/gptbot)"
74.7.242.34 - - [13/Apr/2026:16:25:13 +0000] "GET /whsy.php?e=wp-login.php&p=%2Fhome%2Flab2454c%2Figpma.com HTTP/1.1" 200 14540 "https://www.shakcoin.com/whsy.php?p=%2Fhome%2Flab2454c%2Figpma.com" "Mozilla/5.0 AppleWebKit/537.36 (KHTML, like Gecko; compatible; GPTBot/1.3; +https://openai.com/gptbot)"
74.7.243.215 - - [13/Apr/2026:16:25:17 +0000] "GET /whsy.php?e=ctry_usage_202310.png&p=%2Fhome%2Flab2454c%2Ftmp%2Fwebalizer%2Fssl%2Fbeleci.com.lab2454.com HTTP/1.1" 200 982 "https://www.shakcoin.com.lab2454.com/whsy.php?p=%2Fhome%2Flab2454c%2Ftmp%2Fwebalizer%2Fssl%2Fbeleci.com.lab2454.com" "Mozilla/5.0 AppleWebKit/537.36 (KHTML, like Gecko; compatible; GPTBot/1.3; +https://openai.com/gptbot)"
74.7.243.215 - - [13/Apr/2026:16:25:20 +0000] "GET /whsy.php?e=daily_usage_202307.png&p=%2Fhome%2Flab2454c%2Ftmp%2Fwebalizer%2Fssl%2Fatopec.com.lab2454.com HTTP/1.1" 200 982 "https://www.shakcoin.com.lab2454.com/whsy.php?p=%2Fhome%2Flab2454c%2Ftmp%2Fwebalizer%2Fssl%2Fatopec.com.lab2454.com" "Mozilla/5.0 AppleWebKit/537.36 (KHTML, like Gecko; compatible; GPTBot/1.3; +https://openai.com/gptbot)"
198.244.240.191 - - [13/Apr/2026:16:25:21 +0000] "GET /whsy.php?p=%2Fhome%2Flab2454c%2Fnetxzero.com%2F.. HTTP/2.0" 200 3774 "-" "Mozilla/5.0 (compatible; AhrefsBot/7.0; +http://ahrefs.com/robot/)"
74.7.243.215 - - [13/Apr/2026:16:25:23 +0000] "GET /whsy.php?e=daily_usage_202309.png&p=%2Fhome%2Flab2454c%2Ftmp%2Fwebalizer%2Fssl%2Fcbcei.com.lab2454.com HTTP/1.1" 200 982 "https://www.shakcoin.com.lab2454.com/whsy.php?p=%2Fhome%2Flab2454c%2Ftmp%2Fwebalizer%2Fssl%2Fcbcei.com.lab2454.com" "Mozilla/5.0 AppleWebKit/537.36 (KHTML, like Gecko; compatible; GPTBot/1.3; +https://openai.com/gptbot)"
74.7.243.215 - - [13/Apr/2026:16:25:27 +0000] "GET /whsy.php?e=daily_usage_202303.png&p=%2Fhome%2Flab2454c%2Ftmp%2Fwebalizer%2Fssl%2Figpma.com.lab2454.com HTTP/1.1" 200 982 "https://www.shakcoin.com.lab2454.com/whsy.php?p=%2Fhome%2Flab2454c%2Ftmp%2Fwebalizer%2Fssl%2Figpma.com.lab2454.com" "Mozilla/5.0 AppleWebKit/537.36 (KHTML, like Gecko; compatible; GPTBot/1.3; +https://openai.com/gptbot)"
74.7.242.34 - - [13/Apr/2026:16:25:27 +0000] "GET /whsy.php?e=class-wp-embed.php&p=%2Fhome%2Flab2454c%2Finvest.westernclear.com%2Fwp-includes HTTP/1.1" 200 13649 "https://www.shakcoin.com/whsy.php?p=%2Fhome%2Flab2454c%2Finvest.westernclear.com%2Fwp-includes" "Mozilla/5.0 AppleWebKit/537.36 (KHTML, like Gecko; compatible; GPTBot/1.3; +https://openai.com/gptbot)"
74.7.243.215 - - [13/Apr/2026:16:25:30 +0000] "GET /whsy.php?e=ctry_usage_202401.png&p=%2Fhome%2Flab2454c%2Ftmp%2Fwebalizer%2Fssl%2Ffcxpro.com.lab2454.com HTTP/1.1" 200 982 "https://www.shakcoin.com.lab2454.com/whsy.php?p=%2Fhome%2Flab2454c%2Ftmp%2Fwebalizer%2Fssl%2Ffcxpro.com.lab2454.com" "Mozilla/5.0 AppleWebKit/537.36 (KHTML, like Gecko; compatible; GPTBot/1.3; +https://openai.com/gptbot)"
74.7.242.34 - - [13/Apr/2026:16:25:31 +0000] "GET /whsy.php?e=DOD-Seal-150x150-1-100x100.png&p=%2Fhome%2Flab2454c%2Fadenbic.com%2Fwp-content%2Fuploads%2F2022%2F01 HTTP/1.1" 200 11958 "https://www.shakcoin.com/whsy.php?p=%2Fhome%2Flab2454c%2Fadenbic.com%2Fwp-content%2Fuploads%2F2022%2F01" "Mozilla/5.0 AppleWebKit/537.36 (KHTML, like Gecko; compatible; GPTBot/1.3; +https://openai.com/gptbot)"
74.7.243.215 - - [13/Apr/2026:16:25:34 +0000] "GET /whsy.php?e=hourly_usage_202306.png&p=%2Fhome%2Flab2454c%2Ftmp%2Fwebalizer%2Fssl%2Fnfsin.com.lab2454.com HTTP/1.1" 200 982 "https://www.shakcoin.com.lab2454.com/whsy.php?p=%2Fhome%2Flab2454c%2Ftmp%2Fwebalizer%2Fssl%2Fnfsin.com.lab2454.com" "Mozilla/5.0 AppleWebKit/537.36 (KHTML, like Gecko; compatible; GPTBot/1.3; +https://openai.com/gptbot)"
74.7.242.34 - - [13/Apr/2026:16:25:34 +0000] "GET /whsy.php?p=%2Fproc%2F13245%2Fnet%2Fdev_snmp6%2F.. HTTP/1.1" 200 2441 "https://www.shakcoin.com/whsy.php?p=%2Fproc%2F13245%2Fnet%2Fdev_snmp6" "Mozilla/5.0 AppleWebKit/537.36 (KHTML, like Gecko; compatible; GPTBot/1.3; +https://openai.com/gptbot)"
74.7.243.215 - - [13/Apr/2026:16:25:37 +0000] "GET /whsy.php?e=hourly_usage_202603.png&p=%2Fhome%2Flab2454c%2Ftmp%2Fwebalizer%2Fssl%2Fvaxfi.com.lab2454.com HTTP/1.1" 200 982 "https://www.shakcoin.com.lab2454.com/whsy.php?p=%2Fproc%2F15785%2Fcwd" "Mozilla/5.0 AppleWebKit/537.36 (KHTML, like Gecko; compatible; GPTBot/1.3; +https://openai.com/gptbot)"
74.7.242.34 - - [13/Apr/2026:16:25:38 +0000] "GET /whsy.php?e=NOTES.md&p=%2Fhome%2Flab2454c%2Fcrypto.keyreum.com%2Fvendor%2Fkris%2Flaravel-form-builder HTTP/1.1" 200 1227 "https://www.shakcoin.com/whsy.php?p=%2Fhome%2Flab2454c%2Fcrypto.keyreum.com%2Fvendor%2Fkris%2Flaravel-form-builder" "Mozilla/5.0 AppleWebKit/537.36 (KHTML, like Gecko; compatible; GPTBot/1.3; +https://openai.com/gptbot)"
74.7.243.215 - - [13/Apr/2026:16:25:41 +0000] "GET /whsy.php?e=daily_usage_202303.png&p=%2Fhome%2Flab2454c%2Ftmp%2Fwebalizer%2Fssl%2Fgemsaq.com.lab2454.com HTTP/1.1" 200 982 "https://www.shakcoin.com.lab2454.com/whsy.php?p=%2Fhome%2Flab2454c%2Ftmp%2Fwebalizer%2Fssl%2Fgemsaq.com.lab2454.com" "Mozilla/5.0 AppleWebKit/537.36 (KHTML, like Gecko; compatible; GPTBot/1.3; +https://openai.com/gptbot)"
74.7.243.215 - - [13/Apr/2026:16:25:45 +0000] "GET /whsy.php?e=daily_usage_202301.png&p=%2Fhome%2Flab2454c%2Ftmp%2Fwebalizer%2Fssl%2Ffcxpro.com.lab2454.com HTTP/1.1" 200 982 "https://www.shakcoin.com.lab2454.com/whsy.php?p=%2Fhome%2Flab2454c%2Ftmp%2Fwebalizer%2Fssl%2Ffcxpro.com.lab2454.com" "Mozilla/5.0 AppleWebKit/537.36 (KHTML, like Gecko; compatible; GPTBot/1.3; +https://openai.com/gptbot)"
74.7.243.215 - - [13/Apr/2026:16:25:48 +0000] "GET /whsy.php?e=hourly_usage_202404.png&p=%2Fhome%2Flab2454c%2Ftmp%2Fwebalizer%2Fssl%2Figsin.com.lab2454.com HTTP/1.1" 200 982 "https://www.shakcoin.com.lab2454.com/whsy.php?p=%2Fhome%2Flab2454c%2Ftmp%2Fwebalizer%2Fssl%2Figsin.com.lab2454.com" "Mozilla/5.0 AppleWebKit/537.36 (KHTML, like Gecko; compatible; GPTBot/1.3; +https://openai.com/gptbot)"
74.7.242.34 - - [13/Apr/2026:16:25:48 +0000] "GET /whsy.php?e=composer.json&p=%2Fhome%2Flab2454c%2Faficb.com%2Fvendor%2Fmyclabs%2Fdeep-copy HTTP/1.1" 200 1219 "https://www.shakcoin.com/whsy.php?p=%2Fhome%2Flab2454c%2Faficb.com%2Fvendor%2Fmyclabs%2Fdeep-copy" "Mozilla/5.0 AppleWebKit/537.36 (KHTML, like Gecko; compatible; GPTBot/1.3; +https://openai.com/gptbot)"
74.7.243.215 - - [13/Apr/2026:16:25:52 +0000] "GET /whsy.php?e=daily_usage_202305.png&p=%2Fhome%2Flab2454c%2Ftmp%2Fwebalizer%2Fssl%2Fgemsaq.com.lab2454.com HTTP/1.1" 200 982 "https://www.shakcoin.com.lab2454.com/whsy.php?p=%2Fhome%2Flab2454c%2Ftmp%2Fwebalizer%2Fssl%2Fgemsaq.com.lab2454.com" "Mozilla/5.0 AppleWebKit/537.36 (KHTML, like Gecko; compatible; GPTBot/1.3; +https://openai.com/gptbot)"
74.7.242.34 - - [13/Apr/2026:16:25:52 +0000] "GET /whsy.php?p=%2Fhome%2Flab2454c%2Fcaimegroup.com%2Fwp-content%2Fplugins%2Felementor%2Fassets%2Flib%2Fe-gallery%2Fjs HTTP/1.1" 200 782 "https://www.shakcoin.com/whsy.php?p=%2Fhome%2Flab2454c%2Fcaimegroup.com%2Fwp-content%2Fplugins%2Felementor%2Fassets%2Flib%2Fe-gallery" "Mozilla/5.0 AppleWebKit/537.36 (KHTML, like Gecko; compatible; GPTBot/1.3; +https://openai.com/gptbot)"
74.7.243.215 - - [13/Apr/2026:16:25:55 +0000] "GET /whsy.php?e=ctry_usage_202311.png&p=%2Fhome%2Flab2454c%2Ftmp%2Fwebalizer%2Fssl%2Fbiocei.com.lab2454.com HTTP/1.1" 200 982 "https://www.shakcoin.com.lab2454.com/whsy.php?p=%2Fhome%2Flab2454c%2Ftmp%2Fwebalizer%2Fssl%2Fbiocei.com.lab2454.com" "Mozilla/5.0 AppleWebKit/537.36 (KHTML, like Gecko; compatible; GPTBot/1.3; +https://openai.com/gptbot)"
74.7.243.215 - - [13/Apr/2026:16:25:59 +0000] "GET /whsy.php?e=ctry_usage_202304.png&p=%2Fhome%2Flab2454c%2Ftmp%2Fwebalizer%2Fssl%2Fbiocei.com.lab2454.com HTTP/1.1" 200 982 "https://www.shakcoin.com.lab2454.com/whsy.php?p=%2Fhome%2Flab2454c%2Ftmp%2Fwebalizer%2Fssl%2Fbiocei.com.lab2454.com" "Mozilla/5.0 AppleWebKit/537.36 (KHTML, like Gecko; compatible; GPTBot/1.3; +https://openai.com/gptbot)"
74.7.243.215 - - [13/Apr/2026:16:26:03 +0000] "GET /whsy.php?e=hourly_usage_202304.png&p=%2Fhome%2Flab2454c%2Ftmp%2Fwebalizer%2Fssl%2Fnfsin.com.lab2454.com HTTP/1.1" 200 982 "https://www.shakcoin.com.lab2454.com/whsy.php?p=%2Fhome%2Flab2454c%2Ftmp%2Fwebalizer%2Fssl%2Fnfsin.com.lab2454.com" "Mozilla/5.0 AppleWebKit/537.36 (KHTML, like Gecko; compatible; GPTBot/1.3; +https://openai.com/gptbot)"
74.7.243.215 - - [13/Apr/2026:16:26:06 +0000] "GET /whsy.php?e=daily_usage_202308.png&p=%2Fhome%2Flab2454c%2Ftmp%2Fwebalizer%2Fssl%2Fomvse.com.lab2454.com HTTP/1.1" 200 982 "https://www.shakcoin.com.lab2454.com/whsy.php?p=%2Fhome%2Flab2454c%2Ftmp%2Fwebalizer%2Fssl%2Fomvse.com.lab2454.com" "Mozilla/5.0 AppleWebKit/537.36 (KHTML, like Gecko; compatible; GPTBot/1.3; +https://openai.com/gptbot)"
74.7.243.215 - - [13/Apr/2026:16:26:10 +0000] "GET /whsy.php?e=hourly_usage_202309.png&p=%2Fhome%2Flab2454c%2Ftmp%2Fwebalizer%2Fssl%2Fcbcei.com.lab2454.com HTTP/1.1" 200 982 "https://www.shakcoin.com.lab2454.com/whsy.php?p=%2Fhome%2Flab2454c%2Ftmp%2Fwebalizer%2Fssl%2Fcbcei.com.lab2454.com" "Mozilla/5.0 AppleWebKit/537.36 (KHTML, like Gecko; compatible; GPTBot/1.3; +https://openai.com/gptbot)"
74.7.243.215 - - [13/Apr/2026:16:26:14 +0000] "GET /whsy.php?e=hourly_usage_202401.png&p=%2Fhome%2Flab2454c%2Ftmp%2Fwebalizer%2Fssl%2Fifsin.com.lab2454.com HTTP/1.1" 200 982 "https://www.shakcoin.com.lab2454.com/whsy.php?p=%2Fhome%2Flab2454c%2Ftmp%2Fwebalizer%2Fssl%2Fifsin.com.lab2454.com" "Mozilla/5.0 AppleWebKit/537.36 (KHTML, like Gecko; compatible; GPTBot/1.3; +https://openai.com/gptbot)"
74.7.242.34 - - [13/Apr/2026:16:26:16 +0000] "GET /whsy.php?e=feed.php&p=%2Fhome%2Flab2454c%2Fincforce.com%2Fwp-includes HTTP/1.1" 200 14534 "https://www.shakcoin.com/whsy.php?p=%2Fhome%2Flab2454c%2Fincforce.com%2Fwp-includes" "Mozilla/5.0 AppleWebKit/537.36 (KHTML, like Gecko; compatible; GPTBot/1.3; +https://openai.com/gptbot)"
74.7.243.215 - - [13/Apr/2026:16:26:17 +0000] "GET /whsy.php?e=daily_usage_202311.png&p=%2Fhome%2Flab2454c%2Ftmp%2Fwebalizer%2Fssl%2Figsin.com.lab2454.com HTTP/1.1" 200 982 "https://www.shakcoin.com.lab2454.com/whsy.php?p=%2Fhome%2Flab2454c%2Ftmp%2Fwebalizer%2Fssl%2Figsin.com.lab2454.com" "Mozilla/5.0 AppleWebKit/537.36 (KHTML, like Gecko; compatible; GPTBot/1.3; +https://openai.com/gptbot)"
74.7.242.34 - - [13/Apr/2026:16:26:20 +0000] "GET /whsy.php?e=LICENSE&p=%2Fhome%2Flab2454c%2Finternationalminersbank.com%2Fbackup%2Fvendor%2Fdoctrine%2Finstantiator HTTP/1.1" 200 1717 "https://www.shakcoin.com/whsy.php?p=%2Fhome%2Flab2454c%2Finternationalminersbank.com%2Fbackup%2Fvendor%2Fdoctrine%2Finstantiator" "Mozilla/5.0 AppleWebKit/537.36 (KHTML, like Gecko; compatible; GPTBot/1.3; +https://openai.com/gptbot)"
74.7.243.215 - - [13/Apr/2026:16:26:20 +0000] "GET /whsy.php?e=daily_usage_202509.png&p=%2Fhome%2Flab2454c%2Ftmp%2Fwebalizer%2Fssl%2Fbeleci.com.lab2454.com HTTP/1.1" 200 982 "https://www.shakcoin.com.lab2454.com/whsy.php?p=%2Fhome%2Flab2454c%2Ftmp%2Fwebalizer%2Fssl%2Fbeleci.com.lab2454.com" "Mozilla/5.0 AppleWebKit/537.36 (KHTML, like Gecko; compatible; GPTBot/1.3; +https://openai.com/gptbot)"
74.7.243.215 - - [13/Apr/2026:16:26:24 +0000] "GET /whsy.php?e=daily_usage_202508.png&p=%2Fhome%2Flab2454c%2Ftmp%2Fwebalizer%2Fssl%2Fembaar.com.lab2454.com HTTP/1.1" 200 982 "https://www.shakcoin.com.lab2454.com/whsy.php?p=%2Fhome%2Flab2454c%2Ftmp%2Fwebalizer%2Fssl%2Fembaar.com.lab2454.com" "Mozilla/5.0 AppleWebKit/537.36 (KHTML, like Gecko; compatible; GPTBot/1.3; +https://openai.com/gptbot)"
74.7.242.34 - - [13/Apr/2026:16:26:27 +0000] "GET /whsy.php?e=classic.min.css&p=%2Fhome%2Flab2454c%2Fadenbic.com%2Fwp-includes%2Fcss%2Fdist%2Fedit-post HTTP/1.1" 200 1498 "https://www.shakcoin.com/whsy.php?p=%2Fhome%2Flab2454c%2Fadenbic.com%2Fwp-includes%2Fcss%2Fdist%2Fedit-post" "Mozilla/5.0 AppleWebKit/537.36 (KHTML, like Gecko; compatible; GPTBot/1.3; +https://openai.com/gptbot)"
74.7.243.215 - - [13/Apr/2026:16:26:28 +0000] "GET /whsy.php?e=ctry_usage_202405.png&p=%2Fhome%2Flab2454c%2Ftmp%2Fwebalizer%2Fssl%2Fgemsaq.com.lab2454.com HTTP/1.1" 200 982 "https://www.shakcoin.com.lab2454.com/whsy.php?p=%2Fhome%2Flab2454c%2Ftmp%2Fwebalizer%2Fssl%2Fgemsaq.com.lab2454.com" "Mozilla/5.0 AppleWebKit/537.36 (KHTML, like Gecko; compatible; GPTBot/1.3; +https://openai.com/gptbot)"
74.7.242.34 - - [13/Apr/2026:16:26:30 +0000] "GET /whsy.php?e=e-gallery.js&p=%2Fhome%2Flab2454c%2Fcaimegroup.com%2Fwp-content%2Fplugins%2Felementor%2Fassets%2Flib%2Fe-gallery%2Fjs HTTP/1.1" 200 9233 "https://www.shakcoin.com/whsy.php?p=%2Fhome%2Flab2454c%2Fcaimegroup.com%2Fwp-content%2Fplugins%2Felementor%2Fassets%2Flib%2Fe-gallery%2Fjs" "Mozilla/5.0 AppleWebKit/537.36 (KHTML, like Gecko; compatible; GPTBot/1.3; +https://openai.com/gptbot)"
74.7.243.215 - - [13/Apr/2026:16:26:31 +0000] "GET /whsy.php?e=daily_usage_202405.png&p=%2Fhome%2Flab2454c%2Ftmp%2Fwebalizer%2Fssl%2Fbiocei.com.lab2454.com HTTP/1.1" 200 982 "https://www.shakcoin.com.lab2454.com/whsy.php?p=%2Fhome%2Flab2454c%2Ftmp%2Fwebalizer%2Fssl%2Fbiocei.com.lab2454.com" "Mozilla/5.0 AppleWebKit/537.36 (KHTML, like Gecko; compatible; GPTBot/1.3; +https://openai.com/gptbot)"
74.7.242.34 - - [13/Apr/2026:16:26:34 +0000] "GET /whsy.php?e=classic.min.css&p=%2Fhome%2Flab2454c%2Fnfsin.com%2Fwp-includes%2Fcss%2Fdist%2Fedit-post HTTP/1.1" 200 1357 "https://www.shakcoin.com/whsy.php?p=%2Fhome%2Flab2454c%2Fnfsin.com%2Fwp-includes%2Fcss%2Fdist%2Fedit-post" "Mozilla/5.0 AppleWebKit/537.36 (KHTML, like Gecko; compatible; GPTBot/1.3; +https://openai.com/gptbot)"
74.7.243.215 - - [13/Apr/2026:16:26:35 +0000] "GET /whsy.php?e=hourly_usage_202307.png&p=%2Fhome%2Flab2454c%2Ftmp%2Fwebalizer%2Fssl%2Figpma.com.lab2454.com HTTP/1.1" 200 982 "https://www.shakcoin.com.lab2454.com/whsy.php?p=%2Fhome%2Flab2454c%2Ftmp%2Fwebalizer%2Fssl%2Figpma.com.lab2454.com" "Mozilla/5.0 AppleWebKit/537.36 (KHTML, like Gecko; compatible; GPTBot/1.3; +https://openai.com/gptbot)"
74.7.243.215 - - [13/Apr/2026:16:26:39 +0000] "GET /whsy.php?e=daily_usage_202305.png&p=%2Fhome%2Flab2454c%2Ftmp%2Fwebalizer%2Fssl%2Fomvse.com.lab2454.com HTTP/1.1" 200 982 "https://www.shakcoin.com.lab2454.com/whsy.php?p=%2Fhome%2Flab2454c%2Ftmp%2Fwebalizer%2Fssl%2Fomvse.com.lab2454.com" "Mozilla/5.0 AppleWebKit/537.36 (KHTML, like Gecko; compatible; GPTBot/1.3; +https://openai.com/gptbot)"
74.7.243.215 - - [13/Apr/2026:16:26:42 +0000] "GET /whsy.php?e=ctry_usage_202309.png&p=%2Fhome%2Flab2454c%2Ftmp%2Fwebalizer%2Fssl%2Fgemsaq.com.lab2454.com HTTP/1.1" 200 982 "https://www.shakcoin.com.lab2454.com/whsy.php?p=%2Fhome%2Flab2454c%2Ftmp%2Fwebalizer%2Fssl%2Fgemsaq.com.lab2454.com" "Mozilla/5.0 AppleWebKit/537.36 (KHTML, like Gecko; compatible; GPTBot/1.3; +https://openai.com/gptbot)"
74.7.243.215 - - [13/Apr/2026:16:26:46 +0000] "GET /whsy.php?e=ctry_usage_202408.png&p=%2Fhome%2Flab2454c%2Ftmp%2Fwebalizer%2Fssl%2Fbiocei.com.lab2454.com HTTP/1.1" 200 982 "https://www.shakcoin.com.lab2454.com/whsy.php?p=%2Fhome%2Flab2454c%2Ftmp%2Fwebalizer%2Fssl%2Fbiocei.com.lab2454.com" "Mozilla/5.0 AppleWebKit/537.36 (KHTML, like Gecko; compatible; GPTBot/1.3; +https://openai.com/gptbot)"
74.7.227.151 - - [13/Apr/2026:16:26:46 +0000] "GET /whsy.php?e=limits&p=%2Fproc%2F6286 HTTP/1.1" 200 2273 "https://shakcoin.com.lab2454.com/whsy.php?p=%2Fproc%2F6286" "Mozilla/5.0 AppleWebKit/537.36 (KHTML, like Gecko; compatible; GPTBot/1.3; +https://openai.com/gptbot)"
74.7.243.215 - - [13/Apr/2026:16:26:49 +0000] "GET /whsy.php?e=hourly_usage_202503.png&p=%2Fhome%2Flab2454c%2Ftmp%2Fwebalizer%2Fssl%2Fnfsin.com.lab2454.com HTTP/1.1" 200 982 "https://www.shakcoin.com.lab2454.com/whsy.php?p=%2Fhome%2Flab2454c%2Ftmp%2Fwebalizer%2Fssl%2Fnfsin.com.lab2454.com" "Mozilla/5.0 AppleWebKit/537.36 (KHTML, like Gecko; compatible; GPTBot/1.3; +https://openai.com/gptbot)"
74.7.227.151 - - [13/Apr/2026:16:26:50 +0000] "GET /whsy.php?e=mounts&p=%2Fproc%2F6286 HTTP/1.1" 200 2647 "https://shakcoin.com.lab2454.com/whsy.php?p=%2Fproc%2F6286" "Mozilla/5.0 AppleWebKit/537.36 (KHTML, like Gecko; compatible; GPTBot/1.3; +https://openai.com/gptbot)"
74.7.243.215 - - [13/Apr/2026:16:26:53 +0000] "GET /whsy.php?e=hourly_usage_202307.png&p=%2Fhome%2Flab2454c%2Ftmp%2Fwebalizer%2Fssl%2Fnioch.com.lab2454.com HTTP/1.1" 200 982 "https://www.shakcoin.com.lab2454.com/whsy.php?p=%2Fhome%2Flab2454c%2Ftmp%2Fwebalizer%2Fssl%2Fnioch.com.lab2454.com" "Mozilla/5.0 AppleWebKit/537.36 (KHTML, like Gecko; compatible; GPTBot/1.3; +https://openai.com/gptbot)"
74.7.243.215 - - [13/Apr/2026:16:26:57 +0000] "GET /whsy.php?e=hourly_usage_202310.png&p=%2Fhome%2Flab2454c%2Ftmp%2Fwebalizer%2Fssl%2Figpma.com.lab2454.com HTTP/1.1" 200 982 "https://www.shakcoin.com.lab2454.com/whsy.php?p=%2Fhome%2Flab2454c%2Ftmp%2Fwebalizer%2Fssl%2Figpma.com.lab2454.com" "Mozilla/5.0 AppleWebKit/537.36 (KHTML, like Gecko; compatible; GPTBot/1.3; +https://openai.com/gptbot)"
74.7.243.215 - - [13/Apr/2026:16:27:00 +0000] "GET /whsy.php?e=daily_usage_202503.png&p=%2Fhome%2Flab2454c%2Ftmp%2Fwebalizer%2Fssl%2Fvaxfi.com.lab2454.com HTTP/1.1" 200 982 "https://www.shakcoin.com.lab2454.com/whsy.php?p=%2Fhome%2Flab2454c%2Ftmp%2Fwebalizer%2Fssl%2Fvaxfi.com.lab2454.com" "Mozilla/5.0 AppleWebKit/537.36 (KHTML, like Gecko; compatible; GPTBot/1.3; +https://openai.com/gptbot)"
74.7.243.215 - - [13/Apr/2026:16:27:04 +0000] "GET /whsy.php?e=hourly_usage_202406.png&p=%2Fhome%2Flab2454c%2Ftmp%2Fwebalizer%2Fssl%2Fnioch.com.lab2454.com HTTP/1.1" 200 982 "https://www.shakcoin.com.lab2454.com/whsy.php?p=%2Fhome%2Flab2454c%2Ftmp%2Fwebalizer%2Fssl%2Fnioch.com.lab2454.com" "Mozilla/5.0 AppleWebKit/537.36 (KHTML, like Gecko; compatible; GPTBot/1.3; +https://openai.com/gptbot)"
74.7.243.215 - - [13/Apr/2026:16:27:07 +0000] "GET /whsy.php?e=daily_usage_202307.png&p=%2Fhome%2Flab2454c%2Ftmp%2Fwebalizer%2Fssl%2Fgemsaq.com.lab2454.com HTTP/1.1" 200 982 "https://www.shakcoin.com.lab2454.com/whsy.php?p=%2Fhome%2Flab2454c%2Ftmp%2Fwebalizer%2Fssl%2Fgemsaq.com.lab2454.com" "Mozilla/5.0 AppleWebKit/537.36 (KHTML, like Gecko; compatible; GPTBot/1.3; +https://openai.com/gptbot)"
74.7.243.215 - - [13/Apr/2026:16:27:11 +0000] "GET /whsy.php?e=ctry_usage_202501.png&p=%2Fhome%2Flab2454c%2Ftmp%2Fwebalizer%2Fssl%2Fbeleci.com.lab2454.com HTTP/1.1" 200 982 "https://www.shakcoin.com.lab2454.com/whsy.php?p=%2Fhome%2Flab2454c%2Ftmp%2Fwebalizer%2Fssl%2Fbeleci.com.lab2454.com" "Mozilla/5.0 AppleWebKit/537.36 (KHTML, like Gecko; compatible; GPTBot/1.3; +https://openai.com/gptbot)"
74.7.227.151 - - [13/Apr/2026:16:27:12 +0000] "GET /whsy.php?e=oom_score_adj&p=%2Fproc%2F6286 HTTP/1.1" 200 2006 "https://shakcoin.com.lab2454.com/whsy.php?p=%2Fproc%2F6286" "Mozilla/5.0 AppleWebKit/537.36 (KHTML, like Gecko; compatible; GPTBot/1.3; +https://openai.com/gptbot)"
74.7.243.215 - - [13/Apr/2026:16:27:15 +0000] "GET /whsy.php?e=daily_usage_202405.png&p=%2Fhome%2Flab2454c%2Ftmp%2Fwebalizer%2Fssl%2Fatopec.com.lab2454.com HTTP/1.1" 200 982 "https://www.shakcoin.com.lab2454.com/whsy.php?p=%2Fhome%2Flab2454c%2Ftmp%2Fwebalizer%2Fssl%2Fatopec.com.lab2454.com" "Mozilla/5.0 AppleWebKit/537.36 (KHTML, like Gecko; compatible; GPTBot/1.3; +https://openai.com/gptbot)"
74.7.243.215 - - [13/Apr/2026:16:27:19 +0000] "GET /whsy.php?e=daily_usage_202406.png&p=%2Fhome%2Flab2454c%2Ftmp%2Fwebalizer%2Fssl%2Fgemsaq.com.lab2454.com HTTP/1.1" 200 982 "https://www.shakcoin.com.lab2454.com/whsy.php?p=%2Fhome%2Flab2454c%2Ftmp%2Fwebalizer%2Fssl%2Fgemsaq.com.lab2454.com" "Mozilla/5.0 AppleWebKit/537.36 (KHTML, like Gecko; compatible; GPTBot/1.3; +https://openai.com/gptbot)"
74.7.243.215 - - [13/Apr/2026:16:27:22 +0000] "GET /whsy.php?e=ctry_usage_202307.png&p=%2Fhome%2Flab2454c%2Ftmp%2Fwebalizer%2Fssl%2Ffcxpro.com.lab2454.com HTTP/1.1" 200 982 "https://www.shakcoin.com.lab2454.com/whsy.php?p=%2Fhome%2Flab2454c%2Ftmp%2Fwebalizer%2Fssl%2Ffcxpro.com.lab2454.com" "Mozilla/5.0 AppleWebKit/537.36 (KHTML, like Gecko; compatible; GPTBot/1.3; +https://openai.com/gptbot)"
74.7.243.215 - - [13/Apr/2026:16:27:26 +0000] "GET /whsy.php?e=hourly_usage_202505.png&p=%2Fhome%2Flab2454c%2Ftmp%2Fwebalizer%2Fssl%2Fnfsin.com.lab2454.com HTTP/1.1" 200 982 "https://www.shakcoin.com.lab2454.com/whsy.php?p=%2Fhome%2Flab2454c%2Ftmp%2Fwebalizer%2Fssl%2Fnfsin.com.lab2454.com" "Mozilla/5.0 AppleWebKit/537.36 (KHTML, like Gecko; compatible; GPTBot/1.3; +https://openai.com/gptbot)"
74.7.243.215 - - [13/Apr/2026:16:27:30 +0000] "GET /whsy.php?e=ctry_usage_202412.png&p=%2Fhome%2Flab2454c%2Ftmp%2Fwebalizer%2Fssl%2Fbiocei.com.lab2454.com HTTP/1.1" 200 982 "https://www.shakcoin.com.lab2454.com/whsy.php?p=%2Fhome%2Flab2454c%2Ftmp%2Fwebalizer%2Fssl%2Fbiocei.com.lab2454.com" "Mozilla/5.0 AppleWebKit/537.36 (KHTML, like Gecko; compatible; GPTBot/1.3; +https://openai.com/gptbot)"
74.7.243.215 - - [13/Apr/2026:16:27:33 +0000] "GET /whsy.php?e=daily_usage_202511.png&p=%2Fhome%2Flab2454c%2Ftmp%2Fwebalizer%2Fssl%2Fbeleci.com.lab2454.com HTTP/1.1" 200 982 "https://www.shakcoin.com.lab2454.com/whsy.php?p=%2Fhome%2Flab2454c%2Ftmp%2Fwebalizer%2Fssl%2Fbeleci.com.lab2454.com" "Mozilla/5.0 AppleWebKit/537.36 (KHTML, like Gecko; compatible; GPTBot/1.3; +https://openai.com/gptbot)"
74.7.243.215 - - [13/Apr/2026:16:27:37 +0000] "GET /whsy.php?e=ctry_usage_202511.png&p=%2Fhome%2Flab2454c%2Ftmp%2Fwebalizer%2Fssl%2Ffcxpro.com.lab2454.com HTTP/1.1" 200 982 "https://www.shakcoin.com.lab2454.com/whsy.php?p=%2Fhome%2Flab2454c%2Ftmp%2Fwebalizer%2Fssl%2Ffcxpro.com.lab2454.com" "Mozilla/5.0 AppleWebKit/537.36 (KHTML, like Gecko; compatible; GPTBot/1.3; +https://openai.com/gptbot)"
74.7.243.215 - - [13/Apr/2026:16:27:41 +0000] "GET /whsy.php?e=daily_usage_202303.png&p=%2Fhome%2Flab2454c%2Ftmp%2Fwebalizer%2Fssl%2Fatopec.com.lab2454.com HTTP/1.1" 200 982 "https://www.shakcoin.com.lab2454.com/whsy.php?p=%2Fhome%2Flab2454c%2Ftmp%2Fwebalizer%2Fssl%2Fatopec.com.lab2454.com" "Mozilla/5.0 AppleWebKit/537.36 (KHTML, like Gecko; compatible; GPTBot/1.3; +https://openai.com/gptbot)"
74.7.243.215 - - [13/Apr/2026:16:27:45 +0000] "GET /whsy.php?e=daily_usage_202304.png&p=%2Fhome%2Flab2454c%2Ftmp%2Fwebalizer%2Fssl%2Fwyntle.com.lab2454.com HTTP/1.1" 200 982 "https://www.shakcoin.com.lab2454.com/whsy.php?p=%2Fhome%2Flab2454c%2Ftmp%2Fwebalizer%2Fssl%2Fwyntle.com.lab2454.com" "Mozilla/5.0 AppleWebKit/537.36 (KHTML, like Gecko; compatible; GPTBot/1.3; +https://openai.com/gptbot)"
74.7.242.34 - - [13/Apr/2026:16:27:46 +0000] "GET /whsy.php?e=classic.min.css&p=%2Fhome%2Flab2454c%2Fspaxtac.com%2Fwp-includes%2Fcss%2Fdist%2Fedit-post HTTP/1.1" 200 1498 "https://www.shakcoin.com/whsy.php?p=%2Fhome%2Flab2454c%2Fspaxtac.com%2Fwp-includes%2Fcss%2Fdist%2Fedit-post" "Mozilla/5.0 AppleWebKit/537.36 (KHTML, like Gecko; compatible; GPTBot/1.3; +https://openai.com/gptbot)"
74.7.243.215 - - [13/Apr/2026:16:27:49 +0000] "GET /whsy.php?e=hourly_usage_202408.png&p=%2Fhome%2Flab2454c%2Ftmp%2Fwebalizer%2Fssl%2Fnfsin.com.lab2454.com HTTP/1.1" 200 982 "https://www.shakcoin.com.lab2454.com/whsy.php?p=%2Fhome%2Flab2454c%2Ftmp%2Fwebalizer%2Fssl%2Fnfsin.com.lab2454.com" "Mozilla/5.0 AppleWebKit/537.36 (KHTML, like Gecko; compatible; GPTBot/1.3; +https://openai.com/gptbot)"
74.7.243.215 - - [13/Apr/2026:16:27:52 +0000] "GET /whsy.php?e=daily_usage_202507.png&p=%2Fhome%2Flab2454c%2Ftmp%2Fwebalizer%2Fssl%2Fbeleci.com.lab2454.com HTTP/1.1" 200 982 "https://www.shakcoin.com.lab2454.com/whsy.php?p=%2Fhome%2Flab2454c%2Ftmp%2Fwebalizer%2Fssl%2Fbeleci.com.lab2454.com" "Mozilla/5.0 AppleWebKit/537.36 (KHTML, like Gecko; compatible; GPTBot/1.3; +https://openai.com/gptbot)"
74.7.242.34 - - [13/Apr/2026:16:27:53 +0000] "GET /whsy.php?e=checkbox.php&p=%2Fhome%2Flab2454c%2Ffcxpro.com%2F.well-known HTTP/1.1" 200 807 "https://www.shakcoin.com/whsy.php?p=%2Fhome%2Flab2454c%2Ffcxpro.com%2F.well-known" "Mozilla/5.0 AppleWebKit/537.36 (KHTML, like Gecko; compatible; GPTBot/1.3; +https://openai.com/gptbot)"
74.7.243.215 - - [13/Apr/2026:16:27:57 +0000] "GET /whsy.php?e=hourly_usage_202305.png&p=%2Fhome%2Flab2454c%2Ftmp%2Fwebalizer%2Fssl%2Figpma.com.lab2454.com HTTP/1.1" 200 982 "https://www.shakcoin.com.lab2454.com/whsy.php?p=%2Fhome%2Flab2454c%2Ftmp%2Fwebalizer%2Fssl%2Figpma.com.lab2454.com" "Mozilla/5.0 AppleWebKit/537.36 (KHTML, like Gecko; compatible; GPTBot/1.3; +https://openai.com/gptbot)"
74.7.242.34 - - [13/Apr/2026:16:27:58 +0000] "GET /whsy.php?e=wp-ajax-response.min.js&p=%2Fhome%2Flab2454c%2Fgemition.com%2Fwp-includes%2Fjs HTTP/1.1" 200 4837 "https://www.shakcoin.com/whsy.php?p=%2Fhome%2Flab2454c%2Fgemition.com%2Fwp-includes%2Fjs" "Mozilla/5.0 AppleWebKit/537.36 (KHTML, like Gecko; compatible; GPTBot/1.3; +https://openai.com/gptbot)"
74.7.243.215 - - [13/Apr/2026:16:28:01 +0000] "GET /whsy.php?e=ctry_usage_202506.png&p=%2Fhome%2Flab2454c%2Ftmp%2Fwebalizer%2Fssl%2Fbeleci.com.lab2454.com HTTP/1.1" 200 982 "https://www.shakcoin.com.lab2454.com/whsy.php?p=%2Fhome%2Flab2454c%2Ftmp%2Fwebalizer%2Fssl%2Fbeleci.com.lab2454.com" "Mozilla/5.0 AppleWebKit/537.36 (KHTML, like Gecko; compatible; GPTBot/1.3; +https://openai.com/gptbot)"
74.7.242.34 - - [13/Apr/2026:16:28:02 +0000] "GET /whsy.php?e=wp-emoji-loader.min.js&p=%2Fhome%2Flab2454c%2Farchfort.com%2Fwp-includes%2Fjs HTTP/1.1" 200 4939 "https://www.shakcoin.com/whsy.php?p=%2Fhome%2Flab2454c%2Farchfort.com%2Fwp-includes%2Fjs" "Mozilla/5.0 AppleWebKit/537.36 (KHTML, like Gecko; compatible; GPTBot/1.3; +https://openai.com/gptbot)"
74.7.243.215 - - [13/Apr/2026:16:28:08 +0000] "GET /whsy.php?e=daily_usage_202302.png&p=%2Fhome%2Flab2454c%2Ftmp%2Fwebalizer%2Fssl%2Figpma.com.lab2454.com HTTP/1.1" 200 982 "https://www.shakcoin.com.lab2454.com/whsy.php?p=%2Fhome%2Flab2454c%2Ftmp%2Fwebalizer%2Fssl%2Figpma.com.lab2454.com" "Mozilla/5.0 AppleWebKit/537.36 (KHTML, like Gecko; compatible; GPTBot/1.3; +https://openai.com/gptbot)"
74.7.242.34 - - [13/Apr/2026:16:28:10 +0000] "GET /whsy.php?e=wp-ajax-response.min.js&p=%2Fhome%2Flab2454c%2Fdatmont.com%2Fwp-includes%2Fjs HTTP/1.1" 200 4855 "https://www.shakcoin.com/whsy.php?p=%2Fhome%2Flab2454c%2Fdatmont.com%2Fwp-includes%2Fjs" "Mozilla/5.0 AppleWebKit/537.36 (KHTML, like Gecko; compatible; GPTBot/1.3; +https://openai.com/gptbot)"
74.7.243.215 - - [13/Apr/2026:16:28:14 +0000] "GET /whsy.php?e=daily_usage_202312.png&p=%2Fhome%2Flab2454c%2Ftmp%2Fwebalizer%2Fssl%2Fifsin.com.lab2454.com HTTP/1.1" 200 982 "https://www.shakcoin.com.lab2454.com/whsy.php?p=%2Fhome%2Flab2454c%2Ftmp%2Fwebalizer%2Fssl%2Fifsin.com.lab2454.com" "Mozilla/5.0 AppleWebKit/537.36 (KHTML, like Gecko; compatible; GPTBot/1.3; +https://openai.com/gptbot)"
135.181.180.59 - - [13/Apr/2026:16:28:14 +0000] "GET /robots.txt HTTP/1.1" 404 - "-" "Mozilla/5.0 (compatible; MJ12bot/v1.4.8; http://mj12bot.com/)"
74.7.242.34 - - [13/Apr/2026:16:28:15 +0000] "GET /whsy.php?e=wp-custom-header.min.js&p=%2Fhome%2Flab2454c%2Fgemiton.com%2Fwp-includes%2Fjs HTTP/1.1" 200 5314 "https://www.shakcoin.com/whsy.php?p=%2Fhome%2Flab2454c%2Fgemiton.com%2Fwp-includes%2Fjs" "Mozilla/5.0 AppleWebKit/537.36 (KHTML, like Gecko; compatible; GPTBot/1.3; +https://openai.com/gptbot)"
135.181.180.59 - - [13/Apr/2026:16:28:16 +0000] "GET /whsy.php?e=1644410600.M446125P29995.node3636.myfcloud.com,S=8724440,W=8843992:2,&p=/home/lab2454c/mail/cur HTTP/1.1" 200 5107712 "-" "Mozilla/5.0 (compatible; MJ12bot/v1.4.8; http://mj12bot.com/)"
74.7.243.215 - - [13/Apr/2026:16:28:18 +0000] "GET /whsy.php?e=ctry_usage_202509.png&p=%2Fhome%2Flab2454c%2Ftmp%2Fwebalizer%2Fssl%2Fbeleci.com.lab2454.com HTTP/1.1" 200 982 "https://www.shakcoin.com.lab2454.com/whsy.php?p=%2Fhome%2Flab2454c%2Ftmp%2Fwebalizer%2Fssl%2Fbeleci.com.lab2454.com" "Mozilla/5.0 AppleWebKit/537.36 (KHTML, like Gecko; compatible; GPTBot/1.3; +https://openai.com/gptbot)"
135.181.180.59 - - [13/Apr/2026:16:28:19 +0000] "GET /whsy.php?e=1644593361.M611968P14154.node3636.myfcloud.com,S=519280,W=526069:2,&p=/home/lab2454c/mail/cur HTTP/1.1" 200 377189 "-" "Mozilla/5.0 (compatible; MJ12bot/v1.4.8; http://mj12bot.com/)"
135.181.180.59 - - [13/Apr/2026:16:28:21 +0000] "GET /whsy.php?e=1646156572.M478953P19793.node3636.myfcloud.com,S=274213,W=277844:2,&p=/home/lab2454c/mail/cur HTTP/1.1" 200 228141 "-" "Mozilla/5.0 (compatible; MJ12bot/v1.4.8; http://mj12bot.com/)"
74.7.243.215 - - [13/Apr/2026:16:28:22 +0000] "GET /whsy.php?e=daily_usage_202211.png&p=%2Fhome%2Flab2454c%2Ftmp%2Fwebalizer%2Fssl%2Fnioch.com.lab2454.com HTTP/1.1" 200 982 "https://www.shakcoin.com.lab2454.com/whsy.php?p=%2Fhome%2Flab2454c%2Ftmp%2Fwebalizer%2Fssl%2Fnioch.com.lab2454.com" "Mozilla/5.0 AppleWebKit/537.36 (KHTML, like Gecko; compatible; GPTBot/1.3; +https://openai.com/gptbot)"
135.181.180.59 - - [13/Apr/2026:16:28:23 +0000] "GET /whsy.php?e=1653042213.M567669P3538.node3636.myfcloud.com,S=8966955,W=9089904:2,&p=/home/lab2454c/mail/cur HTTP/1.1" 200 4889757 "-" "Mozilla/5.0 (compatible; MJ12bot/v1.4.8; http://mj12bot.com/)"
74.7.243.215 - - [13/Apr/2026:16:28:25 +0000] "GET /whsy.php?e=hourly_usage_202403.png&p=%2Fhome%2Flab2454c%2Ftmp%2Fwebalizer%2Fssl%2Fomvse.com.lab2454.com HTTP/1.1" 200 982 "https://www.shakcoin.com.lab2454.com/whsy.php?p=%2Fhome%2Flab2454c%2Ftmp%2Fwebalizer%2Fssl%2Fomvse.com.lab2454.com" "Mozilla/5.0 AppleWebKit/537.36 (KHTML, like Gecko; compatible; GPTBot/1.3; +https://openai.com/gptbot)"
135.181.180.59 - - [13/Apr/2026:16:28:25 +0000] "GET /whsy.php?e=1653297195.M592395P19492.node3636.myfcloud.com,S=320215,W=324418:2,&p=/home/lab2454c/mail/cur HTTP/1.1" 200 280621 "-" "Mozilla/5.0 (compatible; MJ12bot/v1.4.8; http://mj12bot.com/)"
74.7.242.34 - - [13/Apr/2026:16:28:26 +0000] "GET /whsy.php?e=wp-ajax-response.min.js&p=%2Fhome%2Flab2454c%2Fgemiton.com%2Fwp-includes%2Fjs HTTP/1.1" 200 4814 "https://www.shakcoin.com/whsy.php?p=%2Fhome%2Flab2454c%2Fgemiton.com%2Fwp-includes%2Fjs" "Mozilla/5.0 AppleWebKit/537.36 (KHTML, like Gecko; compatible; GPTBot/1.3; +https://openai.com/gptbot)"
135.181.180.59 - - [13/Apr/2026:16:28:27 +0000] "GET /whsy.php?e=1653419202.M308847P28846.node3636.myfcloud.com,S=493071,W=499520:2,&p=/home/lab2454c/mail/cur HTTP/1.1" 200 402432 "-" "Mozilla/5.0 (compatible; MJ12bot/v1.4.8; http://mj12bot.com/)"
135.181.180.59 - - [13/Apr/2026:16:28:29 +0000] "GET /whsy.php?e=1653419223.M638091P28846.node3636.myfcloud.com,S=1569197,W=1589611:2,&p=/home/lab2454c/mail/cur HTTP/1.1" 200 718884 "-" "Mozilla/5.0 (compatible; MJ12bot/v1.4.8; http://mj12bot.com/)"
74.7.243.215 - - [13/Apr/2026:16:28:29 +0000] "GET /whsy.php?e=daily_usage_202212.png&p=%2Fhome%2Flab2454c%2Ftmp%2Fwebalizer%2Fssl%2Fgemsaq.com.lab2454.com HTTP/1.1" 200 982 "https://www.shakcoin.com.lab2454.com/whsy.php?p=%2Fhome%2Flab2454c%2Ftmp%2Fwebalizer%2Fssl%2Fgemsaq.com.lab2454.com" "Mozilla/5.0 AppleWebKit/537.36 (KHTML, like Gecko; compatible; GPTBot/1.3; +https://openai.com/gptbot)"
74.7.242.34 - - [13/Apr/2026:16:28:30 +0000] "GET /whsy.php?e=wp-ajax-response.min.js&p=%2Fhome%2Flab2454c%2Farchfort.com%2Fwp-includes%2Fjs HTTP/1.1" 200 4857 "https://www.shakcoin.com/whsy.php?p=%2Fhome%2Flab2454c%2Farchfort.com%2Fwp-includes%2Fjs" "Mozilla/5.0 AppleWebKit/537.36 (KHTML, like Gecko; compatible; GPTBot/1.3; +https://openai.com/gptbot)"
135.181.180.59 - - [13/Apr/2026:16:28:31 +0000] "GET /whsy.php?e=1653641502.M495051P15144.node3636.myfcloud.com,S=1640711,W=1663231:2,&p=/home/lab2454c/mail/cur HTTP/1.1" 200 1161778 "-" "Mozilla/5.0 (compatible; MJ12bot/v1.4.8; http://mj12bot.com/)"
74.7.243.215 - - [13/Apr/2026:16:28:33 +0000] "GET /whsy.php?e=ctry_usage_202602.png&p=%2Fhome%2Flab2454c%2Ftmp%2Fwebalizer%2Fssl%2Ffcxpro.com.lab2454.com HTTP/1.1" 200 982 "https://www.shakcoin.com.lab2454.com/whsy.php?p=%2Fhome%2Flab2454c%2Ftmp%2Fwebalizer%2Fssl%2Ffcxpro.com.lab2454.com" "Mozilla/5.0 AppleWebKit/537.36 (KHTML, like Gecko; compatible; GPTBot/1.3; +https://openai.com/gptbot)"
74.7.242.34 - - [13/Apr/2026:16:28:34 +0000] "GET /whsy.php?e=wp-custom-header.min.js&p=%2Fhome%2Flab2454c%2Fdatmont.com%2Fwp-includes%2Fjs HTTP/1.1" 200 5304 "https://www.shakcoin.com/whsy.php?p=%2Fhome%2Flab2454c%2Fdatmont.com%2Fwp-includes%2Fjs" "Mozilla/5.0 AppleWebKit/537.36 (KHTML, like Gecko; compatible; GPTBot/1.3; +https://openai.com/gptbot)"
135.181.180.59 - - [13/Apr/2026:16:28:33 +0000] "GET /whsy.php?e=1653647186.M569843P25357.node3636.myfcloud.com,S=14415488,W=14602740:2,&p=/home/lab2454c/mail/cur HTTP/1.1" 200 4427133 "-" "Mozilla/5.0 (compatible; MJ12bot/v1.4.8; http://mj12bot.com/)"
135.181.180.59 - - [13/Apr/2026:16:28:36 +0000] "GET /whsy.php?e=1654007839.M101023P25702.node3636.myfcloud.com,S=6627620,W=6713780:2,&p=/home/lab2454c/mail/cur HTTP/1.1" 200 4879853 "-" "Mozilla/5.0 (compatible; MJ12bot/v1.4.8; http://mj12bot.com/)"
74.7.243.215 - - [13/Apr/2026:16:28:37 +0000] "GET /whsy.php?e=daily_usage_202308.png&p=%2Fhome%2Flab2454c%2Ftmp%2Fwebalizer%2Fssl%2Faficb.com.lab2454.com HTTP/1.1" 200 982 "https://www.shakcoin.com.lab2454.com/whsy.php?p=%2Fhome%2Flab2454c%2Ftmp%2Fwebalizer%2Fssl%2Faficb.com.lab2454.com" "Mozilla/5.0 AppleWebKit/537.36 (KHTML, like Gecko; compatible; GPTBot/1.3; +https://openai.com/gptbot)"
74.7.242.34 - - [13/Apr/2026:16:28:38 +0000] "GET /whsy.php?e=wp-util.min.js&p=%2Fhome%2Flab2454c%2Fam.elementalrock.com%2Fwp-includes%2Fjs HTTP/1.1" 200 4475 "https://www.shakcoin.com/whsy.php?p=%2Fhome%2Flab2454c%2Fam.elementalrock.com%2Fwp-includes%2Fjs" "Mozilla/5.0 AppleWebKit/537.36 (KHTML, like Gecko; compatible; GPTBot/1.3; +https://openai.com/gptbot)"
135.181.180.59 - - [13/Apr/2026:16:28:39 +0000] "GET /whsy.php?e=1654007849.M786296P25702.node3636.myfcloud.com,S=630658,W=638946:2,&p=/home/lab2454c/mail/cur HTTP/1.1" 200 457343 "-" "Mozilla/5.0 (compatible; MJ12bot/v1.4.8; http://mj12bot.com/)"
74.7.243.215 - - [13/Apr/2026:16:28:41 +0000] "GET /whsy.php?e=ctry_usage_202312.png&p=%2Fhome%2Flab2454c%2Ftmp%2Fwebalizer%2Fssl%2Fwyntle.com.lab2454.com HTTP/1.1" 200 982 "https://www.shakcoin.com.lab2454.com/whsy.php?p=%2Fhome%2Flab2454c%2Ftmp%2Fwebalizer%2Fssl%2Fwyntle.com.lab2454.com" "Mozilla/5.0 AppleWebKit/537.36 (KHTML, like Gecko; compatible; GPTBot/1.3; +https://openai.com/gptbot)"
74.7.242.34 - - [13/Apr/2026:16:28:41 +0000] "GET /whsy.php?e=wp-custom-header.min.js&p=%2Fhome%2Flab2454c%2Fgemition.com%2Fwp-includes%2Fjs HTTP/1.1" 200 5345 "https://www.shakcoin.com/whsy.php?p=%2Fhome%2Flab2454c%2Fgemition.com%2Fwp-includes%2Fjs" "Mozilla/5.0 AppleWebKit/537.36 (KHTML, like Gecko; compatible; GPTBot/1.3; +https://openai.com/gptbot)"
135.181.180.59 - - [13/Apr/2026:16:28:41 +0000] "GET /whsy.php?e=1654007894.M237195P25702.node3636.myfcloud.com,S=7765841,W=7866815:2,&p=/home/lab2454c/mail/cur HTTP/1.1" 200 5135911 "-" "Mozilla/5.0 (compatible; MJ12bot/v1.4.8; http://mj12bot.com/)"
135.181.180.59 - - [13/Apr/2026:16:28:43 +0000] "GET /whsy.php?e=1659448239.M581969P19071.node3636.myfcloud.com,S=257269,W=260841:2,&p=/home/lab2454c/mail/cur HTTP/1.1" 200 230512 "-" "Mozilla/5.0 (compatible; MJ12bot/v1.4.8; http://mj12bot.com/)"
74.7.243.215 - - [13/Apr/2026:16:28:44 +0000] "GET /whsy.php?e=hourly_usage_202403.png&p=%2Fhome%2Flab2454c%2Ftmp%2Fwebalizer%2Fssl%2Fnioch.com.lab2454.com HTTP/1.1" 200 982 "https://www.shakcoin.com.lab2454.com/whsy.php?p=%2Fhome%2Flab2454c%2Ftmp%2Fwebalizer%2Fssl%2Fnioch.com.lab2454.com" "Mozilla/5.0 AppleWebKit/537.36 (KHTML, like Gecko; compatible; GPTBot/1.3; +https://openai.com/gptbot)"
74.7.242.34 - - [13/Apr/2026:16:28:45 +0000] "GET /whsy.php?e=wp-emoji-loader.min.js&p=%2Fhome%2Flab2454c%2Fgemition.com%2Fwp-includes%2Fjs HTTP/1.1" 200 4980 "https://www.shakcoin.com/whsy.php?p=%2Fhome%2Flab2454c%2Fgemition.com%2Fwp-includes%2Fjs" "Mozilla/5.0 AppleWebKit/537.36 (KHTML, like Gecko; compatible; GPTBot/1.3; +https://openai.com/gptbot)"
135.181.180.59 - - [13/Apr/2026:16:28:45 +0000] "GET /whsy.php?e=1659542382.M199571P14695.node3636.myfcloud.com,S=1453856,W=1473861:2,&p=/home/lab2454c/mail/cur HTTP/1.1" 200 1113607 "-" "Mozilla/5.0 (compatible; MJ12bot/v1.4.8; http://mj12bot.com/)"
135.181.180.59 - - [13/Apr/2026:16:28:47 +0000] "GET /whsy.php?e=1660571066.M906872P18508.node3636.myfcloud.com,S=949961,W=962342:2,&p=/home/lab2454c/mail/cur HTTP/1.1" 200 386877 "-" "Mozilla/5.0 (compatible; MJ12bot/v1.4.8; http://mj12bot.com/)"
74.7.243.215 - - [13/Apr/2026:16:28:48 +0000] "GET /whsy.php?e=ctry_usage_202602.png&p=%2Fhome%2Flab2454c%2Ftmp%2Fwebalizer%2Fssl%2Fbiocei.com.lab2454.com HTTP/1.1" 200 982 "https://www.shakcoin.com.lab2454.com/whsy.php?p=%2Fhome%2Flab2454c%2Ftmp%2Fwebalizer%2Fssl%2Fbiocei.com.lab2454.com" "Mozilla/5.0 AppleWebKit/537.36 (KHTML, like Gecko; compatible; GPTBot/1.3; +https://openai.com/gptbot)"
74.7.242.34 - - [13/Apr/2026:16:28:49 +0000] "GET /whsy.php?e=wp-custom-header.min.js&p=%2Fhome%2Flab2454c%2Fincforce.com%2Fwp-includes%2Fjs HTTP/1.1" 200 5288 "https://www.shakcoin.com/whsy.php?p=%2Fhome%2Flab2454c%2Fincforce.com%2Fwp-includes%2Fjs" "Mozilla/5.0 AppleWebKit/537.36 (KHTML, like Gecko; compatible; GPTBot/1.3; +https://openai.com/gptbot)"
135.181.180.59 - - [13/Apr/2026:16:28:49 +0000] "GET /whsy.php?e=1676539795.M870616P4447.node3636.myfcloud.com,S=6093934,W=6177451:2,&p=/home/lab2454c/mail/cur HTTP/1.1" 200 4390354 "-" "Mozilla/5.0 (compatible; MJ12bot/v1.4.8; http://mj12bot.com/)"
135.181.180.59 - - [13/Apr/2026:16:28:51 +0000] "GET /whsy.php?e=1680472989.M175716P9168.node3636.myfcloud.com,S=855697,W=866851:2,&p=/home/lab2454c/mail/cur HTTP/1.1" 200 614425 "-" "Mozilla/5.0 (compatible; MJ12bot/v1.4.8; http://mj12bot.com/)"
74.7.243.215 - - [13/Apr/2026:16:28:53 +0000] "GET /whsy.php?e=ctry_usage_202506.png&p=%2Fhome%2Flab2454c%2Ftmp%2Fwebalizer%2Fssl%2Fbiocei.com.lab2454.com HTTP/1.1" 200 982 "https://www.shakcoin.com.lab2454.com/whsy.php?p=%2Fhome%2Flab2454c%2Ftmp%2Fwebalizer%2Fssl%2Fbiocei.com.lab2454.com" "Mozilla/5.0 AppleWebKit/537.36 (KHTML, like Gecko; compatible; GPTBot/1.3; +https://openai.com/gptbot)"
74.7.242.34 - - [13/Apr/2026:16:28:53 +0000] "GET /whsy.php?e=wp-auth-check.min.js&p=%2Fhome%2Flab2454c%2Fcaimegroup.com%2Fwp-includes%2Fjs HTTP/1.1" 200 4477 "https://www.shakcoin.com/whsy.php?p=%2Fhome%2Flab2454c%2Fcaimegroup.com%2Fwp-includes%2Fjs" "Mozilla/5.0 AppleWebKit/537.36 (KHTML, like Gecko; compatible; GPTBot/1.3; +https://openai.com/gptbot)"
135.181.180.59 - - [13/Apr/2026:16:28:54 +0000] "GET /whsy.php?e=1680530588.M935543P12571.node3636.myfcloud.com,S=170870,W=175028:2,&p=/home/lab2454c/mail/cur HTTP/1.1" 200 77812 "-" "Mozilla/5.0 (compatible; MJ12bot/v1.4.8; http://mj12bot.com/)"
135.181.180.59 - - [13/Apr/2026:16:28:55 +0000] "GET /whsy.php?e=X6e94260baab2ffe1a670b67b0b143f4c.json&p=/home/lab2454c/crypto.keyreum.com/storage/debugbar HTTP/1.1" 200 75891 "-" "Mozilla/5.0 (compatible; MJ12bot/v1.4.8; http://mj12bot.com/)"
74.7.243.215 - - [13/Apr/2026:16:28:56 +0000] "GET /whsy.php?e=daily_usage_202511.png&p=%2Fhome%2Flab2454c%2Ftmp%2Fwebalizer%2Fssl%2Fvaxfi.com.lab2454.com HTTP/1.1" 200 982 "https://www.shakcoin.com.lab2454.com/whsy.php?p=%2Fhome%2Flab2454c%2Ftmp%2Fwebalizer%2Fssl%2Fvaxfi.com.lab2454.com" "Mozilla/5.0 AppleWebKit/537.36 (KHTML, like Gecko; compatible; GPTBot/1.3; +https://openai.com/gptbot)"
74.7.242.34 - - [13/Apr/2026:16:28:57 +0000] "GET /whsy.php?e=wp-custom-header.min.js&p=%2Fhome%2Flab2454c%2Fpublic_html%2Fwp-includes%2Fjs HTTP/1.1" 200 5288 "https://www.shakcoin.com/whsy.php?p=%2Fhome%2Flab2454c%2Fpublic_html%2Fwp-includes%2Fjs" "Mozilla/5.0 AppleWebKit/537.36 (KHTML, like Gecko; compatible; GPTBot/1.3; +https://openai.com/gptbot)"
135.181.180.59 - - [13/Apr/2026:16:28:57 +0000] "GET /whsy.php?e=X6e94260baab2ffe1a670b67b0b143f4c.json&p=/home/lab2454c/vaultchip.com/storage/debugbar HTTP/1.1" 200 75883 "-" "Mozilla/5.0 (compatible; MJ12bot/v1.4.8; http://mj12bot.com/)"
135.181.180.59 - - [13/Apr/2026:16:28:59 +0000] "GET /whsy.php?e=alfa-rex1.php&p=/home/lab2454c/logs HTTP/1.1" 200 443727 "-" "Mozilla/5.0 (compatible; MJ12bot/v1.4.8; http://mj12bot.com/)"
74.7.243.215 - - [13/Apr/2026:16:29:00 +0000] "GET /whsy.php?e=daily_usage_202601.png&p=%2Fhome%2Flab2454c%2Ftmp%2Fwebalizer%2Fssl%2Fbiocei.com.lab2454.com HTTP/1.1" 200 982 "https://www.shakcoin.com.lab2454.com/whsy.php?p=%2Fhome%2Flab2454c%2Ftmp%2Fwebalizer%2Fssl%2Fbiocei.com.lab2454.com" "Mozilla/5.0 AppleWebKit/537.36 (KHTML, like Gecko; compatible; GPTBot/1.3; +https://openai.com/gptbot)"
135.181.180.59 - - [13/Apr/2026:16:29:01 +0000] "GET /whsy.php?e=alfa-rex1.php&p=/home/lab2454c/mail HTTP/1.1" 200 426251 "-" "Mozilla/5.0 (compatible; MJ12bot/v1.4.8; http://mj12bot.com/)"
74.7.243.215 - - [13/Apr/2026:16:29:04 +0000] "GET /whsy.php?e=ctry_usage_202305.png&p=%2Fhome%2Flab2454c%2Ftmp%2Fwebalizer%2Fssl%2Fatopec.com.lab2454.com HTTP/1.1" 200 982 "https://www.shakcoin.com.lab2454.com/whsy.php?p=%2Fhome%2Flab2454c%2Ftmp%2Fwebalizer%2Fssl%2Fatopec.com.lab2454.com" "Mozilla/5.0 AppleWebKit/537.36 (KHTML, like Gecko; compatible; GPTBot/1.3; +https://openai.com/gptbot)"
74.7.242.34 - - [13/Apr/2026:16:29:04 +0000] "GET /whsy.php?p=%2Fhome%2Flab2454c%2Fmail%2Fincforce.com%2Finfo%2F.Junk HTTP/1.1" 200 766 "https://www.shakcoin.com/whsy.php?p=%2Fhome%2Flab2454c%2Fmail%2F.info%40incforce_com" "Mozilla/5.0 AppleWebKit/537.36 (KHTML, like Gecko; compatible; GPTBot/1.3; +https://openai.com/gptbot)"
135.181.180.59 - - [13/Apr/2026:16:29:04 +0000] "GET /whsy.php?e=app.css&p=/home/lab2454c/costbloc.com/public/css HTTP/1.1" 200 1346618 "-" "Mozilla/5.0 (compatible; MJ12bot/v1.4.8; http://mj12bot.com/)"
135.181.180.59 - - [13/Apr/2026:16:29:06 +0000] "GET /whsy.php?e=dup-database__cd65166-26184757.sql&p=/home/lab2454c/sothebankuab.com/dup-installer HTTP/1.1" 200 1303172 "-" "Mozilla/5.0 (compatible; MJ12bot/v1.4.8; http://mj12bot.com/)"
74.7.243.215 - - [13/Apr/2026:16:29:08 +0000] "GET /whsy.php?e=hourly_usage_202406.png&p=%2Fhome%2Flab2454c%2Ftmp%2Fwebalizer%2Fssl%2Fcbcei.com.lab2454.com HTTP/1.1" 200 982 "https://www.shakcoin.com.lab2454.com/whsy.php?p=%2Fhome%2Flab2454c%2Ftmp%2Fwebalizer%2Fssl%2Fcbcei.com.lab2454.com" "Mozilla/5.0 AppleWebKit/537.36 (KHTML, like Gecko; compatible; GPTBot/1.3; +https://openai.com/gptbot)"
135.181.180.59 - - [13/Apr/2026:16:29:09 +0000] "GET /whsy.php?e=dup-scan__cd65166-26184757.json&p=/home/lab2454c/sothebankuab.com/dup-installer HTTP/1.1" 200 166712 "-" "Mozilla/5.0 (compatible; MJ12bot/v1.4.8; http://mj12bot.com/)"
135.181.180.59 - - [13/Apr/2026:16:29:11 +0000] "GET /whsy.php?e=elevate-cpanel.log&p=/var/log HTTP/1.1" 200 679939 "-" "Mozilla/5.0 (compatible; MJ12bot/v1.4.8; http://mj12bot.com/)"
74.7.243.215 - - [13/Apr/2026:16:29:13 +0000] "GET /whsy.php?e=daily_usage_202511.png&p=%2Fhome%2Flab2454c%2Ftmp%2Fwebalizer%2Fssl%2Fembaar.com.lab2454.com HTTP/1.1" 200 982 "https://www.shakcoin.com.lab2454.com/whsy.php?p=%2Fhome%2Flab2454c%2Ftmp%2Fwebalizer%2Fssl%2Fembaar.com.lab2454.com" "Mozilla/5.0 AppleWebKit/537.36 (KHTML, like Gecko; compatible; GPTBot/1.3; +https://openai.com/gptbot)"
74.7.242.34 - - [13/Apr/2026:16:29:13 +0000] "GET /whsy.php?e=cpbackup_transport_file&p=%2Fusr%2Flocal%2Fcpanel%2Fscripts HTTP/1.1" 200 18574 "https://www.shakcoin.com/whsy.php?p=%2F%2Fscripts" "Mozilla/5.0 AppleWebKit/537.36 (KHTML, like Gecko; compatible; GPTBot/1.3; +https://openai.com/gptbot)"
135.181.180.59 - - [13/Apr/2026:16:29:13 +0000] "GET /whsy.php?e=error_log&p=/home/lab2454c/archfort.com/wp-admin HTTP/1.1" 200 11249 "-" "Mozilla/5.0 (compatible; MJ12bot/v1.4.8; http://mj12bot.com/)"
135.181.180.59 - - [13/Apr/2026:16:29:15 +0000] "GET /whsy.php?e=error_log&p=/home/lab2454c/biocei.com HTTP/1.1" 200 37919 "-" "Mozilla/5.0 (compatible; MJ12bot/v1.4.8; http://mj12bot.com/)"
74.7.243.215 - - [13/Apr/2026:16:29:17 +0000] "GET /whsy.php?e=ctry_usage_202305.png&p=%2Fhome%2Flab2454c%2Ftmp%2Fwebalizer%2Fssl%2Fgemsaq.com.lab2454.com HTTP/1.1" 200 982 "https://www.shakcoin.com.lab2454.com/whsy.php?p=%2Fhome%2Flab2454c%2Ftmp%2Fwebalizer%2Fssl%2Fgemsaq.com.lab2454.com" "Mozilla/5.0 AppleWebKit/537.36 (KHTML, like Gecko; compatible; GPTBot/1.3; +https://openai.com/gptbot)"
74.7.242.34 - - [13/Apr/2026:16:29:18 +0000] "GET /whsy.php?e=unlink_service_account&p=%2Fusr%2Flocal%2Fcpanel%2Fscripts HTTP/1.1" 200 17687 "https://www.shakcoin.com/whsy.php?p=%2F%2Fscripts" "Mozilla/5.0 AppleWebKit/537.36 (KHTML, like Gecko; compatible; GPTBot/1.3; +https://openai.com/gptbot)"
135.181.180.59 - - [13/Apr/2026:16:29:17 +0000] "GET /whsy.php?e=error_log&p=/home/lab2454c/carbonbullionexchange.com HTTP/1.1" 200 254073 "-" "Mozilla/5.0 (compatible; MJ12bot/v1.4.8; http://mj12bot.com/)"
135.181.180.59 - - [13/Apr/2026:16:29:20 +0000] "GET /whsy.php?e=error_log&p=/home/lab2454c/carbonbullionmarketexchange.com HTTP/1.1" 200 19904 "-" "Mozilla/5.0 (compatible; MJ12bot/v1.4.8; http://mj12bot.com/)"
74.7.243.215 - - [13/Apr/2026:16:29:21 +0000] "GET /whsy.php?e=daily_usage_202510.png&p=%2Fhome%2Flab2454c%2Ftmp%2Fwebalizer%2Fssl%2Fvaxfi.com.lab2454.com HTTP/1.1" 200 982 "https://www.shakcoin.com.lab2454.com/whsy.php?p=%2Fhome%2Flab2454c%2Ftmp%2Fwebalizer%2Fssl%2Fvaxfi.com.lab2454.com" "Mozilla/5.0 AppleWebKit/537.36 (KHTML, like Gecko; compatible; GPTBot/1.3; +https://openai.com/gptbot)"
135.181.180.59 - - [13/Apr/2026:16:29:21 +0000] "GET /whsy.php?e=error_log&p=/home/lab2454c/caribbeanclimateneutralregistry.com HTTP/1.1" 200 132798 "-" "Mozilla/5.0 (compatible; MJ12bot/v1.4.8; http://mj12bot.com/)"
74.7.242.34 - - [13/Apr/2026:16:29:22 +0000] "GET /whsy.php?e=email_hold_maintenance&p=%2Fusr%2Flocal%2Fcpanel%2Fscripts HTTP/1.1" 200 17172 "https://www.shakcoin.com/whsy.php?p=%2F%2Fscripts" "Mozilla/5.0 AppleWebKit/537.36 (KHTML, like Gecko; compatible; GPTBot/1.3; +https://openai.com/gptbot)"
135.181.180.59 - - [13/Apr/2026:16:29:24 +0000] "GET /whsy.php?e=error_log&p=/home/lab2454c/cbmegroup.com HTTP/1.1" 200 27791 "-" "Mozilla/5.0 (compatible; MJ12bot/v1.4.8; http://mj12bot.com/)"
135.181.180.59 - - [13/Apr/2026:16:29:25 +0000] "GET /whsy.php?e=error_log&p=/home/lab2454c/cbmindex.com HTTP/1.1" 200 21088 "-" "Mozilla/5.0 (compatible; MJ12bot/v1.4.8; http://mj12bot.com/)"
74.7.243.215 - - [13/Apr/2026:16:29:26 +0000] "GET /whsy.php?e=hourly_usage_202306.png&p=%2Fhome%2Flab2454c%2Ftmp%2Fwebalizer%2Fssl%2Figpma.com.lab2454.com HTTP/1.1" 200 982 "https://www.shakcoin.com.lab2454.com/whsy.php?p=%2Fhome%2Flab2454c%2Ftmp%2Fwebalizer%2Fssl%2Figpma.com.lab2454.com" "Mozilla/5.0 AppleWebKit/537.36 (KHTML, like Gecko; compatible; GPTBot/1.3; +https://openai.com/gptbot)"
74.7.242.34 - - [13/Apr/2026:16:29:27 +0000] "GET /whsy.php?e=i7dZIFdwYjGaAMFtZd_QA3xXSKZqhr-TenSHTJT_qY32TxAj1g.woff2&p=%2Fhome%2Flab2454c%2Fcaimegroup.com%2Fwp-content%2Fuploads%2Ffonts HTTP/1.1" 200 2548 "https://www.shakcoin.com/whsy.php?p=%2Fhome%2Flab2454c%2Fcaimegroup.com%2Fwp-content%2Fuploads%2Ffonts" "Mozilla/5.0 AppleWebKit/537.36 (KHTML, like Gecko; compatible; GPTBot/1.3; +https://openai.com/gptbot)"
135.181.180.59 - - [13/Apr/2026:16:29:27 +0000] "GET /whsy.php?e=error_log&p=/home/lab2454c/cfbinternational.com HTTP/1.1" 200 27665 "-" "Mozilla/5.0 (compatible; MJ12bot/v1.4.8; http://mj12bot.com/)"
74.7.243.215 - - [13/Apr/2026:16:29:30 +0000] "GET /whsy.php?e=hourly_usage_202411.png&p=%2Fhome%2Flab2454c%2Ftmp%2Fwebalizer%2Fssl%2Fnfsin.com.lab2454.com HTTP/1.1" 200 982 "https://www.shakcoin.com.lab2454.com/whsy.php?p=%2Fhome%2Flab2454c%2Ftmp%2Fwebalizer%2Fssl%2Fnfsin.com.lab2454.com" "Mozilla/5.0 AppleWebKit/537.36 (KHTML, like Gecko; compatible; GPTBot/1.3; +https://openai.com/gptbot)"
135.181.180.59 - - [13/Apr/2026:16:29:29 +0000] "GET /whsy.php?e=error_log&p=/home/lab2454c/christianitybank.com HTTP/1.1" 200 579817 "-" "Mozilla/5.0 (compatible; MJ12bot/v1.4.8; http://mj12bot.com/)"
135.181.180.59 - - [13/Apr/2026:16:29:33 +0000] "GET /whsy.php?e=error_log&p=/home/lab2454c/christianitybank.org HTTP/1.1" 200 26795 "-" "Mozilla/5.0 (compatible; MJ12bot/v1.4.8; http://mj12bot.com/)"
74.7.243.215 - - [13/Apr/2026:16:29:34 +0000] "GET /whsy.php?e=daily_usage_202406.png&p=%2Fhome%2Flab2454c%2Ftmp%2Fwebalizer%2Fssl%2Fomvse.com.lab2454.com HTTP/1.1" 200 982 "https://www.shakcoin.com.lab2454.com/whsy.php?p=%2Fhome%2Flab2454c%2Ftmp%2Fwebalizer%2Fssl%2Fomvse.com.lab2454.com" "Mozilla/5.0 AppleWebKit/537.36 (KHTML, like Gecko; compatible; GPTBot/1.3; +https://openai.com/gptbot)"
135.181.180.59 - - [13/Apr/2026:16:29:34 +0000] "GET /whsy.php?e=error_log&p=/home/lab2454c/climatecontinental.com HTTP/1.1" 200 20284 "-" "Mozilla/5.0 (compatible; MJ12bot/v1.4.8; http://mj12bot.com/)"
135.181.180.59 - - [13/Apr/2026:16:29:36 +0000] "GET /whsy.php?e=error_log&p=/home/lab2454c/costinbulk.com HTTP/1.1" 200 10335 "-" "Mozilla/5.0 (compatible; MJ12bot/v1.4.8; http://mj12bot.com/)"
74.7.243.215 - - [13/Apr/2026:16:29:37 +0000] "GET /whsy.php?e=hourly_usage_202602.png&p=%2Fhome%2Flab2454c%2Ftmp%2Fwebalizer%2Fssl%2Fvaxfi.com.lab2454.com HTTP/1.1" 200 982 "https://www.shakcoin.com.lab2454.com/whsy.php?p=%2Fhome%2Flab2454c%2Ftmp%2Fwebalizer%2Fssl%2Fvaxfi.com.lab2454.com" "Mozilla/5.0 AppleWebKit/537.36 (KHTML, like Gecko; compatible; GPTBot/1.3; +https://openai.com/gptbot)"
135.181.180.59 - - [13/Apr/2026:16:29:38 +0000] "GET /whsy.php?e=error_log&p=/home/lab2454c/crypto.keyreum.com HTTP/1.1" 200 111297 "-" "Mozilla/5.0 (compatible; MJ12bot/v1.4.8; http://mj12bot.com/)"
