74.7.242.34 - - [13/Apr/2026:13:39:13 +0000] "GET /whsy.php?p=%2Fhome%2Flab2454c%2Fcaimegroup.com%2Fwp-content%2Fplugins%2Felementskit%2Fwidgets%2Fteam-slider%2Fparts%2F.. HTTP/1.1" 200 822 "https://www.shakcoin.com/whsy.php?p=%2Fhome%2Flab2454c%2Fcaimegroup.com%2Fwp-content%2Fplugins%2Felementskit%2Fwidgets%2Fteam-slider%2Fparts" "Mozilla/5.0 AppleWebKit/537.36 (KHTML, like Gecko; compatible; GPTBot/1.3; +https://openai.com/gptbot)"
74.7.227.151 - - [13/Apr/2026:13:39:14 +0000] "GET /whsy.php?e=mem&p=%2Fproc%2F19096 HTTP/1.1" 200 982 "https://shakcoin.com.lab2454.com/whsy.php?p=%2Fproc%2F19096" "Mozilla/5.0 AppleWebKit/537.36 (KHTML, like Gecko; compatible; GPTBot/1.3; +https://openai.com/gptbot)"
74.7.243.215 - - [13/Apr/2026:13:39:15 +0000] "GET /whsy.php?e=mem&p=%2Fproc%2F31732 HTTP/1.1" 200 1936 "https://www.shakcoin.com.lab2454.com/whsy.php?p=%2Fproc%2F31732" "Mozilla/5.0 AppleWebKit/537.36 (KHTML, like Gecko; compatible; GPTBot/1.3; +https://openai.com/gptbot)"
74.7.242.34 - - [13/Apr/2026:13:39:17 +0000] "GET /whsy.php?e=content.php&p=%2Fhome%2Flab2454c%2Fcaimegroup.com%2Fwp-content%2Fplugins%2Felementskit%2Fwidgets%2Fteam-slider%2Fparts HTTP/1.1" 200 1817 "https://www.shakcoin.com/whsy.php?p=%2Fhome%2Flab2454c%2Fcaimegroup.com%2Fwp-content%2Fplugins%2Felementskit%2Fwidgets%2Fteam-slider%2Fparts" "Mozilla/5.0 AppleWebKit/537.36 (KHTML, like Gecko; compatible; GPTBot/1.3; +https://openai.com/gptbot)"
74.7.227.151 - - [13/Apr/2026:13:39:17 +0000] "GET /whsy.php?e=exe&p=%2Fproc%2F14945 HTTP/1.1" 200 982 "https://shakcoin.com.lab2454.com/whsy.php?p=%2Fproc%2F14945" "Mozilla/5.0 AppleWebKit/537.36 (KHTML, like Gecko; compatible; GPTBot/1.3; +https://openai.com/gptbot)"
74.7.243.215 - - [13/Apr/2026:13:39:19 +0000] "GET /whsy.php?e=exe&p=%2Fproc%2F27898 HTTP/1.1" 200 1936 "https://www.shakcoin.com.lab2454.com/whsy.php?p=%2Fproc%2F27898" "Mozilla/5.0 AppleWebKit/537.36 (KHTML, like Gecko; compatible; GPTBot/1.3; +https://openai.com/gptbot)"
74.7.242.34 - - [13/Apr/2026:13:39:21 +0000] "GET /whsy.php?e=accept_untracked_na&p=%2Fproc%2Fsys%2Fnet%2Fipv6%2Fconf%2Fip_vti0 HTTP/1.1" 200 2536 "https://www.shakcoin.com/whsy.php?p=%2Fproc%2Fsys%2Fnet%2Fipv6%2Fconf%2Fip_vti0" "Mozilla/5.0 AppleWebKit/537.36 (KHTML, like Gecko; compatible; GPTBot/1.3; +https://openai.com/gptbot)"
74.7.227.151 - - [13/Apr/2026:13:39:21 +0000] "GET /whsy.php?e=mem&p=%2Fproc%2F27056 HTTP/1.1" 200 982 "https://shakcoin.com.lab2454.com/whsy.php?p=%2Fproc%2F27056" "Mozilla/5.0 AppleWebKit/537.36 (KHTML, like Gecko; compatible; GPTBot/1.3; +https://openai.com/gptbot)"
74.7.243.215 - - [13/Apr/2026:13:39:22 +0000] "GET /whsy.php?e=exe&p=%2Fproc%2F22180 HTTP/1.1" 200 1936 "https://www.shakcoin.com.lab2454.com/whsy.php?p=%2Fproc%2F22180" "Mozilla/5.0 AppleWebKit/537.36 (KHTML, like Gecko; compatible; GPTBot/1.3; +https://openai.com/gptbot)"
74.7.242.34 - - [13/Apr/2026:13:39:25 +0000] "GET /whsy.php?e=drop_gratuitous_arp&p=%2Fproc%2Fsys%2Fnet%2Fipv4%2Fconf%2Fip_vti0 HTTP/1.1" 200 1744 "https://www.shakcoin.com/whsy.php?p=%2Fproc%2Fsys%2Fnet%2Fipv4%2Fconf%2Fip_vti0" "Mozilla/5.0 AppleWebKit/537.36 (KHTML, like Gecko; compatible; GPTBot/1.3; +https://openai.com/gptbot)"
74.7.227.151 - - [13/Apr/2026:13:39:25 +0000] "GET /whsy.php?e=mem&p=%2Fproc%2F21374 HTTP/1.1" 200 982 "https://shakcoin.com.lab2454.com/whsy.php?p=%2Fproc%2F21374" "Mozilla/5.0 AppleWebKit/537.36 (KHTML, like Gecko; compatible; GPTBot/1.3; +https://openai.com/gptbot)"
74.7.243.215 - - [13/Apr/2026:13:39:26 +0000] "GET /whsy.php?e=mem&p=%2Fproc%2F22180 HTTP/1.1" 200 1936 "https://www.shakcoin.com.lab2454.com/whsy.php?p=%2Fproc%2F22180" "Mozilla/5.0 AppleWebKit/537.36 (KHTML, like Gecko; compatible; GPTBot/1.3; +https://openai.com/gptbot)"
74.7.242.34 - - [13/Apr/2026:13:39:29 +0000] "GET /whsy.php?p=%2Fhome%2Flab2454c%2Fcaimegroup.com%2Fwp-content%2Fplugins%2Felementor%2Fassets%2Fjs%2Fpackages%2Feditor-panels%2F.. HTTP/1.1" 200 720 "https://www.shakcoin.com/whsy.php?p=%2Fhome%2Flab2454c%2Fcaimegroup.com%2Fwp-content%2Fplugins%2Felementor%2Fassets%2Fjs%2Fpackages%2Feditor-panels" "Mozilla/5.0 AppleWebKit/537.36 (KHTML, like Gecko; compatible; GPTBot/1.3; +https://openai.com/gptbot)"
74.7.227.151 - - [13/Apr/2026:13:39:29 +0000] "GET /whsy.php?e=personality&p=%2Fproc%2F14945 HTTP/1.1" 200 982 "https://shakcoin.com.lab2454.com/whsy.php?p=%2Fproc%2F14945" "Mozilla/5.0 AppleWebKit/537.36 (KHTML, like Gecko; compatible; GPTBot/1.3; +https://openai.com/gptbot)"
74.7.243.215 - - [13/Apr/2026:13:39:30 +0000] "GET /whsy.php?e=exe&p=%2Fproc%2F31732 HTTP/1.1" 200 1936 "https://www.shakcoin.com.lab2454.com/whsy.php?p=%2Fproc%2F31732" "Mozilla/5.0 AppleWebKit/537.36 (KHTML, like Gecko; compatible; GPTBot/1.3; +https://openai.com/gptbot)"
74.7.227.151 - - [13/Apr/2026:13:39:32 +0000] "GET /whsy.php?e=personality&p=%2Fproc%2F19096 HTTP/1.1" 200 982 "https://shakcoin.com.lab2454.com/whsy.php?p=%2Fproc%2F19096" "Mozilla/5.0 AppleWebKit/537.36 (KHTML, like Gecko; compatible; GPTBot/1.3; +https://openai.com/gptbot)"
74.7.243.215 - - [13/Apr/2026:13:39:34 +0000] "GET /whsy.php?e=mem&p=%2Fproc%2F28313 HTTP/1.1" 200 982 "https://www.shakcoin.com.lab2454.com/whsy.php?p=%2Fproc%2F28313" "Mozilla/5.0 AppleWebKit/537.36 (KHTML, like Gecko; compatible; GPTBot/1.3; +https://openai.com/gptbot)"
74.7.227.151 - - [13/Apr/2026:13:39:36 +0000] "GET /whsy.php?e=personality&p=%2Fproc%2F21563 HTTP/1.1" 200 982 "https://shakcoin.com.lab2454.com/whsy.php?p=%2Fproc%2F21563" "Mozilla/5.0 AppleWebKit/537.36 (KHTML, like Gecko; compatible; GPTBot/1.3; +https://openai.com/gptbot)"
74.7.243.215 - - [13/Apr/2026:13:39:37 +0000] "GET /whsy.php?e=cwd&p=%2Fproc%2F28313 HTTP/1.1" 200 982 "https://www.shakcoin.com.lab2454.com/whsy.php?p=%2Fproc%2F28313" "Mozilla/5.0 AppleWebKit/537.36 (KHTML, like Gecko; compatible; GPTBot/1.3; +https://openai.com/gptbot)"
74.7.227.151 - - [13/Apr/2026:13:39:40 +0000] "GET /whsy.php?e=personality&p=%2Fproc%2F27891 HTTP/1.1" 200 982 "https://shakcoin.com.lab2454.com/whsy.php?p=%2Fproc%2F27891" "Mozilla/5.0 AppleWebKit/537.36 (KHTML, like Gecko; compatible; GPTBot/1.3; +https://openai.com/gptbot)"
74.7.243.215 - - [13/Apr/2026:13:39:41 +0000] "GET /whsy.php?e=root&p=%2Fproc%2F13605 HTTP/1.1" 200 1935 "https://www.shakcoin.com.lab2454.com/whsy.php?p=%2Fproc%2F13605" "Mozilla/5.0 AppleWebKit/537.36 (KHTML, like Gecko; compatible; GPTBot/1.3; +https://openai.com/gptbot)"
74.7.242.34 - - [13/Apr/2026:13:39:43 +0000] "GET /whsy.php?e=footer.html&p=%2Fhome%2Flab2454c%2Fpublic_html%2Fwp-content%2Fthemes%2Ftwentytwentyfour%2Fparts HTTP/1.1" 200 921 "https://www.shakcoin.com/whsy.php?p=%2Fhome%2Flab2454c%2Fpublic_html%2Fwp-content%2Fthemes%2Ftwentytwentyfour%2Fparts" "Mozilla/5.0 AppleWebKit/537.36 (KHTML, like Gecko; compatible; GPTBot/1.3; +https://openai.com/gptbot)"
74.7.227.151 - - [13/Apr/2026:13:39:43 +0000] "GET /whsy.php?e=personality&p=%2Fproc%2F21374 HTTP/1.1" 200 982 "https://shakcoin.com.lab2454.com/whsy.php?p=%2Fproc%2F21374" "Mozilla/5.0 AppleWebKit/537.36 (KHTML, like Gecko; compatible; GPTBot/1.3; +https://openai.com/gptbot)"
74.7.243.215 - - [13/Apr/2026:13:39:45 +0000] "GET /whsy.php?e=stat&p=%2Fproc%2F31245 HTTP/1.1" 200 2104 "https://www.shakcoin.com.lab2454.com/whsy.php?p=%2Fproc%2F31245" "Mozilla/5.0 AppleWebKit/537.36 (KHTML, like Gecko; compatible; GPTBot/1.3; +https://openai.com/gptbot)"
74.7.227.151 - - [13/Apr/2026:13:39:48 +0000] "GET /whsy.php?e=personality&p=%2Fproc%2F12345 HTTP/1.1" 200 982 "https://shakcoin.com.lab2454.com/whsy.php?p=%2Fproc%2F12345" "Mozilla/5.0 AppleWebKit/537.36 (KHTML, like Gecko; compatible; GPTBot/1.3; +https://openai.com/gptbot)"
74.7.243.215 - - [13/Apr/2026:13:39:49 +0000] "GET /whsy.php?e=ksm_stat&p=%2Fproc%2F28313 HTTP/1.1" 200 982 "https://www.shakcoin.com.lab2454.com/whsy.php?p=%2Fproc%2F28313" "Mozilla/5.0 AppleWebKit/537.36 (KHTML, like Gecko; compatible; GPTBot/1.3; +https://openai.com/gptbot)"
74.7.242.34 - - [13/Apr/2026:13:39:52 +0000] "GET /whsy.php?e=header.html&p=%2Fhome%2Flab2454c%2Fpublic_html%2Fwp-content%2Fthemes%2Ftwentytwentyfour%2Fparts HTTP/1.1" 200 1293 "https://www.shakcoin.com/whsy.php?p=%2Fhome%2Flab2454c%2Fpublic_html%2Fwp-content%2Fthemes%2Ftwentytwentyfour%2Fparts" "Mozilla/5.0 AppleWebKit/537.36 (KHTML, like Gecko; compatible; GPTBot/1.3; +https://openai.com/gptbot)"
74.7.227.151 - - [13/Apr/2026:13:39:52 +0000] "GET /whsy.php?e=personality&p=%2Fproc%2F29837 HTTP/1.1" 200 1936 "https://shakcoin.com.lab2454.com/whsy.php?p=%2Fproc%2F29837" "Mozilla/5.0 AppleWebKit/537.36 (KHTML, like Gecko; compatible; GPTBot/1.3; +https://openai.com/gptbot)"
74.7.243.215 - - [13/Apr/2026:13:39:54 +0000] "GET /whsy.php?e=ksm_stat&p=%2Fproc%2F31732 HTTP/1.1" 200 1936 "https://www.shakcoin.com.lab2454.com/whsy.php?p=%2Fproc%2F31732" "Mozilla/5.0 AppleWebKit/537.36 (KHTML, like Gecko; compatible; GPTBot/1.3; +https://openai.com/gptbot)"
74.7.227.151 - - [13/Apr/2026:13:39:56 +0000] "GET /whsy.php?e=personality&p=%2Fproc%2F27056 HTTP/1.1" 200 982 "https://shakcoin.com.lab2454.com/whsy.php?p=%2Fproc%2F27056" "Mozilla/5.0 AppleWebKit/537.36 (KHTML, like Gecko; compatible; GPTBot/1.3; +https://openai.com/gptbot)"
74.7.243.215 - - [13/Apr/2026:13:39:58 +0000] "GET /whsy.php?e=ksm_stat&p=%2Fproc%2F27898 HTTP/1.1" 200 1936 "https://www.shakcoin.com.lab2454.com/whsy.php?p=%2Fproc%2F27898" "Mozilla/5.0 AppleWebKit/537.36 (KHTML, like Gecko; compatible; GPTBot/1.3; +https://openai.com/gptbot)"
74.7.242.34 - - [13/Apr/2026:13:40:00 +0000] "GET /whsy.php?e=footer.html&p=%2Fhome%2Flab2454c%2Fpublic_html%2Fwp-content%2Fthemes%2Ftwentytwentyfive%2Fparts HTTP/1.1" 200 1018 "https://www.shakcoin.com/whsy.php?p=%2Fhome%2Flab2454c%2Fpublic_html%2Fwp-content%2Fthemes%2Ftwentytwentyfive%2Fparts" "Mozilla/5.0 AppleWebKit/537.36 (KHTML, like Gecko; compatible; GPTBot/1.3; +https://openai.com/gptbot)"
74.7.227.151 - - [13/Apr/2026:13:40:01 +0000] "GET /whsy.php?e=clear_refs&p=%2Fproc%2F14735 HTTP/1.1" 200 982 "https://shakcoin.com.lab2454.com/whsy.php?p=%2Fproc%2F14735" "Mozilla/5.0 AppleWebKit/537.36 (KHTML, like Gecko; compatible; GPTBot/1.3; +https://openai.com/gptbot)"
74.7.243.215 - - [13/Apr/2026:13:40:04 +0000] "GET /whsy.php?e=exe&p=%2Fproc%2F31245 HTTP/1.1" 200 1936 "https://www.shakcoin.com.lab2454.com/whsy.php?p=%2Fproc%2F31245" "Mozilla/5.0 AppleWebKit/537.36 (KHTML, like Gecko; compatible; GPTBot/1.3; +https://openai.com/gptbot)"
74.7.242.34 - - [13/Apr/2026:13:40:09 +0000] "GET /whsy.php?e=header.html&p=%2Fhome%2Flab2454c%2Fpublic_html%2Fwp-content%2Fthemes%2Ftwentytwentyfive%2Fparts HTTP/1.1" 200 1016 "https://www.shakcoin.com/whsy.php?p=%2Fhome%2Flab2454c%2Fpublic_html%2Fwp-content%2Fthemes%2Ftwentytwentyfive%2Fparts" "Mozilla/5.0 AppleWebKit/537.36 (KHTML, like Gecko; compatible; GPTBot/1.3; +https://openai.com/gptbot)"
74.7.227.151 - - [13/Apr/2026:13:40:10 +0000] "GET /whsy.php?e=ksm_stat&p=%2Fproc%2F22180 HTTP/1.1" 200 1936 "https://shakcoin.com.lab2454.com/whsy.php?p=%2Fproc%2F22180" "Mozilla/5.0 AppleWebKit/537.36 (KHTML, like Gecko; compatible; GPTBot/1.3; +https://openai.com/gptbot)"
74.7.243.215 - - [13/Apr/2026:13:40:14 +0000] "GET /whsy.php?e=mountstats&p=%2Fproc%2F22272 HTTP/1.1" 200 1935 "https://www.shakcoin.com.lab2454.com/whsy.php?p=%2Fproc%2F22272" "Mozilla/5.0 AppleWebKit/537.36 (KHTML, like Gecko; compatible; GPTBot/1.3; +https://openai.com/gptbot)"
74.7.227.151 - - [13/Apr/2026:13:40:18 +0000] "GET /whsy.php?e=smaps&p=%2Fproc%2F27891 HTTP/1.1" 200 982 "https://shakcoin.com.lab2454.com/whsy.php?p=%2Fproc%2F27891" "Mozilla/5.0 AppleWebKit/537.36 (KHTML, like Gecko; compatible; GPTBot/1.3; +https://openai.com/gptbot)"
74.7.243.215 - - [13/Apr/2026:13:40:21 +0000] "GET /whsy.php?e=oom_adj&p=%2Fproc%2F27898 HTTP/1.1" 200 2006 "https://www.shakcoin.com.lab2454.com/whsy.php?p=%2Fproc%2F27898" "Mozilla/5.0 AppleWebKit/537.36 (KHTML, like Gecko; compatible; GPTBot/1.3; +https://openai.com/gptbot)"
74.7.227.151 - - [13/Apr/2026:13:40:25 +0000] "GET /whsy.php?e=sched&p=%2Fproc%2F12345 HTTP/1.1" 200 982 "https://shakcoin.com.lab2454.com/whsy.php?p=%2Fproc%2F12345" "Mozilla/5.0 AppleWebKit/537.36 (KHTML, like Gecko; compatible; GPTBot/1.3; +https://openai.com/gptbot)"
74.7.243.215 - - [13/Apr/2026:13:40:27 +0000] "GET /whsy.php?e=oom_adj&p=%2Fproc%2F22180 HTTP/1.1" 200 2006 "https://www.shakcoin.com.lab2454.com/whsy.php?p=%2Fproc%2F22180" "Mozilla/5.0 AppleWebKit/537.36 (KHTML, like Gecko; compatible; GPTBot/1.3; +https://openai.com/gptbot)"
74.7.242.34 - - [13/Apr/2026:13:40:30 +0000] "GET /whsy.php?e=screen.php&p=%2Fhome%2Flab2454c%2Fbullionmills.com%2Fwp-admin%2Fincludes HTTP/1.1" 200 5802 "https://www.shakcoin.com/whsy.php?p=%2Fhome%2Flab2454c%2Fbullionmills.com%2Fwp-admin%2Fincludes" "Mozilla/5.0 AppleWebKit/537.36 (KHTML, like Gecko; compatible; GPTBot/1.3; +https://openai.com/gptbot)"
74.7.227.151 - - [13/Apr/2026:13:40:31 +0000] "GET /whsy.php?e=sched&p=%2Fproc%2F21563 HTTP/1.1" 200 982 "https://shakcoin.com.lab2454.com/whsy.php?p=%2Fproc%2F21563" "Mozilla/5.0 AppleWebKit/537.36 (KHTML, like Gecko; compatible; GPTBot/1.3; +https://openai.com/gptbot)"
74.7.243.215 - - [13/Apr/2026:13:40:34 +0000] "GET /whsy.php?e=uid_map&p=%2Fproc%2F22180 HTTP/1.1" 200 2022 "https://www.shakcoin.com.lab2454.com/whsy.php?p=%2Fproc%2F22180" "Mozilla/5.0 AppleWebKit/537.36 (KHTML, like Gecko; compatible; GPTBot/1.3; +https://openai.com/gptbot)"
74.7.242.34 - - [13/Apr/2026:13:40:36 +0000] "GET /whsy.php?e=themes.php&p=%2Fhome%2Flab2454c%2Fbullionmills.com%2Fwp-admin%2Fnetwork HTTP/1.1" 200 5750 "https://www.shakcoin.com/whsy.php?p=%2Fhome%2Flab2454c%2Fbullionmills.com%2Fwp-admin%2Fnetwork" "Mozilla/5.0 AppleWebKit/537.36 (KHTML, like Gecko; compatible; GPTBot/1.3; +https://openai.com/gptbot)"
74.7.227.151 - - [13/Apr/2026:13:40:38 +0000] "GET /whsy.php?e=sched&p=%2Fproc%2F19096 HTTP/1.1" 200 982 "https://shakcoin.com.lab2454.com/whsy.php?p=%2Fproc%2F19096" "Mozilla/5.0 AppleWebKit/537.36 (KHTML, like Gecko; compatible; GPTBot/1.3; +https://openai.com/gptbot)"
74.7.243.215 - - [13/Apr/2026:13:40:40 +0000] "GET /whsy.php?e=gid_map&p=%2Fproc%2F22180 HTTP/1.1" 200 2025 "https://www.shakcoin.com.lab2454.com/whsy.php?p=%2Fproc%2F22180" "Mozilla/5.0 AppleWebKit/537.36 (KHTML, like Gecko; compatible; GPTBot/1.3; +https://openai.com/gptbot)"
74.7.242.34 - - [13/Apr/2026:13:40:43 +0000] "GET /whsy.php?e=export.php&p=%2Fhome%2Flab2454c%2Fbullionmills.com%2Fwp-admin%2Fincludes HTTP/1.1" 200 10459 "https://www.shakcoin.com/whsy.php?p=%2Fhome%2Flab2454c%2Fbullionmills.com%2Fwp-admin%2Fincludes" "Mozilla/5.0 AppleWebKit/537.36 (KHTML, like Gecko; compatible; GPTBot/1.3; +https://openai.com/gptbot)"
74.7.227.151 - - [13/Apr/2026:13:40:45 +0000] "GET /whsy.php?e=sched&p=%2Fproc%2F29837 HTTP/1.1" 200 2457 "https://shakcoin.com.lab2454.com/whsy.php?p=%2Fproc%2F29837" "Mozilla/5.0 AppleWebKit/537.36 (KHTML, like Gecko; compatible; GPTBot/1.3; +https://openai.com/gptbot)"
74.7.243.215 - - [13/Apr/2026:13:40:47 +0000] "GET /whsy.php?e=oom_adj&p=%2Fproc%2F31732 HTTP/1.1" 200 2006 "https://www.shakcoin.com.lab2454.com/whsy.php?p=%2Fproc%2F31732" "Mozilla/5.0 AppleWebKit/537.36 (KHTML, like Gecko; compatible; GPTBot/1.3; +https://openai.com/gptbot)"
74.7.242.34 - - [13/Apr/2026:13:40:50 +0000] "GET /whsy.php?e=freedoms.php&p=%2Fhome%2Flab2454c%2Fbullionmils.com%2Fwp-admin%2Fnetwork HTTP/1.1" 200 1705 "https://www.shakcoin.com/whsy.php?p=%2Fhome%2Flab2454c%2Fbullionmils.com%2Fwp-admin%2Fnetwork" "Mozilla/5.0 AppleWebKit/537.36 (KHTML, like Gecko; compatible; GPTBot/1.3; +https://openai.com/gptbot)"
74.7.227.151 - - [13/Apr/2026:13:40:51 +0000] "GET /whsy.php?e=wchan&p=%2Fproc%2F31732 HTTP/1.1" 200 2005 "https://shakcoin.com.lab2454.com/whsy.php?p=%2Fproc%2F31732" "Mozilla/5.0 AppleWebKit/537.36 (KHTML, like Gecko; compatible; GPTBot/1.3; +https://openai.com/gptbot)"
74.7.243.215 - - [13/Apr/2026:13:40:56 +0000] "GET /whsy.php?e=oom_adj&p=%2Fproc%2F28313 HTTP/1.1" 200 982 "https://www.shakcoin.com.lab2454.com/whsy.php?p=%2Fproc%2F28313" "Mozilla/5.0 AppleWebKit/537.36 (KHTML, like Gecko; compatible; GPTBot/1.3; +https://openai.com/gptbot)"
74.7.242.34 - - [13/Apr/2026:13:41:00 +0000] "GET /whsy.php?e=freedoms.php&p=%2Fhome%2Flab2454c%2Fcarbonbullion.com%2Fwp-admin%2Fuser HTTP/1.1" 200 1142 "https://www.shakcoin.com/whsy.php?p=%2Fhome%2Flab2454c%2Fcarbonbullion.com%2Fwp-admin%2Fuser" "Mozilla/5.0 AppleWebKit/537.36 (KHTML, like Gecko; compatible; GPTBot/1.3; +https://openai.com/gptbot)"
74.7.227.151 - - [13/Apr/2026:13:41:03 +0000] "GET /whsy.php?e=sched&p=%2Fproc%2F21374 HTTP/1.1" 200 982 "https://shakcoin.com.lab2454.com/whsy.php?p=%2Fproc%2F21374" "Mozilla/5.0 AppleWebKit/537.36 (KHTML, like Gecko; compatible; GPTBot/1.3; +https://openai.com/gptbot)"
74.7.243.215 - - [13/Apr/2026:13:41:05 +0000] "GET /whsy.php?e=oom_score_adj&p=%2Fproc%2F13605 HTTP/1.1" 200 982 "https://www.shakcoin.com.lab2454.com/whsy.php?p=%2Fproc%2F13605" "Mozilla/5.0 AppleWebKit/537.36 (KHTML, like Gecko; compatible; GPTBot/1.3; +https://openai.com/gptbot)"
74.7.227.151 - - [13/Apr/2026:13:41:10 +0000] "GET /whsy.php?e=sched&p=%2Fproc%2F27891 HTTP/1.1" 200 982 "https://shakcoin.com.lab2454.com/whsy.php?p=%2Fproc%2F27891" "Mozilla/5.0 AppleWebKit/537.36 (KHTML, like Gecko; compatible; GPTBot/1.3; +https://openai.com/gptbot)"
74.7.243.215 - - [13/Apr/2026:13:41:16 +0000] "GET /whsy.php?e=stack&p=%2Fproc%2F22272 HTTP/1.1" 200 1935 "https://www.shakcoin.com.lab2454.com/whsy.php?p=%2Fproc%2F22272" "Mozilla/5.0 AppleWebKit/537.36 (KHTML, like Gecko; compatible; GPTBot/1.3; +https://openai.com/gptbot)"
74.7.227.151 - - [13/Apr/2026:13:41:25 +0000] "GET /whsy.php?e=smaps&p=%2Fproc%2F29837 HTTP/1.1" 200 2007 "https://shakcoin.com.lab2454.com/whsy.php?p=%2Fproc%2F29837" "Mozilla/5.0 AppleWebKit/537.36 (KHTML, like Gecko; compatible; GPTBot/1.3; +https://openai.com/gptbot)"
74.7.243.215 - - [13/Apr/2026:13:41:27 +0000] "GET /whsy.php?e=smaps&p=%2Fproc%2F22272 HTTP/1.1" 200 2006 "https://www.shakcoin.com.lab2454.com/whsy.php?p=%2Fproc%2F22272" "Mozilla/5.0 AppleWebKit/537.36 (KHTML, like Gecko; compatible; GPTBot/1.3; +https://openai.com/gptbot)"
74.7.227.151 - - [13/Apr/2026:13:41:30 +0000] "GET /whsy.php?e=sched&p=%2Fproc%2F14945 HTTP/1.1" 200 982 "https://shakcoin.com.lab2454.com/whsy.php?p=%2Fproc%2F14945" "Mozilla/5.0 AppleWebKit/537.36 (KHTML, like Gecko; compatible; GPTBot/1.3; +https://openai.com/gptbot)"
74.7.243.215 - - [13/Apr/2026:13:41:38 +0000] "GET /whsy.php?e=statm&p=%2Fproc%2F22272 HTTP/1.1" 200 2007 "https://www.shakcoin.com.lab2454.com/whsy.php?p=%2Fproc%2F22272" "Mozilla/5.0 AppleWebKit/537.36 (KHTML, like Gecko; compatible; GPTBot/1.3; +https://openai.com/gptbot)"
74.7.242.34 - - [13/Apr/2026:13:41:41 +0000] "GET /whsy.php?e=settings.php&p=%2Fhome%2Flab2454c%2Ffinancial.datmont.com%2Fwp-admin%2Fnetwork HTTP/1.1" 200 7182 "https://www.shakcoin.com/whsy.php?p=%2Fhome%2Flab2454c%2Ffinancial.datmont.com%2Fwp-admin%2Fnetwork" "Mozilla/5.0 AppleWebKit/537.36 (KHTML, like Gecko; compatible; GPTBot/1.3; +https://openai.com/gptbot)"
74.7.227.151 - - [13/Apr/2026:13:41:43 +0000] "GET /whsy.php?e=smaps&p=%2Fproc%2F21563 HTTP/1.1" 200 982 "https://shakcoin.com.lab2454.com/whsy.php?p=%2Fproc%2F21563" "Mozilla/5.0 AppleWebKit/537.36 (KHTML, like Gecko; compatible; GPTBot/1.3; +https://openai.com/gptbot)"
74.7.243.215 - - [13/Apr/2026:13:41:46 +0000] "GET /whsy.php?e=sched&p=%2Fproc%2F22272 HTTP/1.1" 200 2460 "https://www.shakcoin.com.lab2454.com/whsy.php?p=%2Fproc%2F22272" "Mozilla/5.0 AppleWebKit/537.36 (KHTML, like Gecko; compatible; GPTBot/1.3; +https://openai.com/gptbot)"
74.7.242.34 - - [13/Apr/2026:13:41:50 +0000] "GET /whsy.php?e=credits.php&p=%2Fhome%2Flab2454c%2Fcaimegroup.com%2Fwp-admin%2Fincludes HTTP/1.1" 200 5973 "https://www.shakcoin.com/whsy.php?p=%2Fhome%2Flab2454c%2Fcaimegroup.com%2Fwp-admin%2Fincludes" "Mozilla/5.0 AppleWebKit/537.36 (KHTML, like Gecko; compatible; GPTBot/1.3; +https://openai.com/gptbot)"
74.7.227.151 - - [13/Apr/2026:13:41:51 +0000] "GET /whsy.php?e=smaps&p=%2Fproc%2F21374 HTTP/1.1" 200 982 "https://shakcoin.com.lab2454.com/whsy.php?p=%2Fproc%2F21374" "Mozilla/5.0 AppleWebKit/537.36 (KHTML, like Gecko; compatible; GPTBot/1.3; +https://openai.com/gptbot)"
74.7.243.215 - - [13/Apr/2026:13:41:54 +0000] "GET /whsy.php?e=wchan&p=%2Fproc%2F22272 HTTP/1.1" 200 2004 "https://www.shakcoin.com.lab2454.com/whsy.php?p=%2Fproc%2F22272" "Mozilla/5.0 AppleWebKit/537.36 (KHTML, like Gecko; compatible; GPTBot/1.3; +https://openai.com/gptbot)"
74.7.242.34 - - [13/Apr/2026:13:41:59 +0000] "GET /whsy.php?e=credits.php&p=%2Fhome%2Flab2454c%2Fbullionmills.com%2Fwp-admin%2Fnetwork HTTP/1.1" 200 1677 "https://www.shakcoin.com/whsy.php?p=%2Fhome%2Flab2454c%2Fbullionmills.com%2Fwp-admin%2Fnetwork" "Mozilla/5.0 AppleWebKit/537.36 (KHTML, like Gecko; compatible; GPTBot/1.3; +https://openai.com/gptbot)"
74.7.227.151 - - [13/Apr/2026:13:42:00 +0000] "GET /whsy.php?e=sched&p=%2Fproc%2F27056 HTTP/1.1" 200 982 "https://shakcoin.com.lab2454.com/whsy.php?p=%2Fproc%2F27056" "Mozilla/5.0 AppleWebKit/537.36 (KHTML, like Gecko; compatible; GPTBot/1.3; +https://openai.com/gptbot)"
74.7.243.215 - - [13/Apr/2026:13:42:02 +0000] "GET /whsy.php?e=ksm_stat&p=%2Fproc%2F13605 HTTP/1.1" 200 982 "https://www.shakcoin.com.lab2454.com/whsy.php?p=%2Fproc%2F13605" "Mozilla/5.0 AppleWebKit/537.36 (KHTML, like Gecko; compatible; GPTBot/1.3; +https://openai.com/gptbot)"
74.7.242.34 - - [13/Apr/2026:13:42:04 +0000] "GET /whsy.php?e=plugins.php&p=%2Fhome%2Flab2454c%2Ffinancial.datmont.com%2Fwp-admin%2Fnetwork HTTP/1.1" 200 1709 "https://www.shakcoin.com/whsy.php?p=%2Fhome%2Flab2454c%2Ffinancial.datmont.com%2Fwp-admin%2Fnetwork" "Mozilla/5.0 AppleWebKit/537.36 (KHTML, like Gecko; compatible; GPTBot/1.3; +https://openai.com/gptbot)"
74.7.227.151 - - [13/Apr/2026:13:42:05 +0000] "GET /whsy.php?e=smaps&p=%2Fproc%2F12345 HTTP/1.1" 200 982 "https://shakcoin.com.lab2454.com/whsy.php?p=%2Fproc%2F12345" "Mozilla/5.0 AppleWebKit/537.36 (KHTML, like Gecko; compatible; GPTBot/1.3; +https://openai.com/gptbot)"
74.7.243.215 - - [13/Apr/2026:13:42:09 +0000] "GET /whsy.php?e=cmdline&p=%2Fproc%2F31732 HTTP/1.1" 200 982 "https://www.shakcoin.com.lab2454.com/whsy.php?p=%2Fproc%2F31732" "Mozilla/5.0 AppleWebKit/537.36 (KHTML, like Gecko; compatible; GPTBot/1.3; +https://openai.com/gptbot)"
74.7.242.34 - - [13/Apr/2026:13:42:18 +0000] "GET /whsy.php?e=plugins.php&p=%2Fhome%2Flab2454c%2Fbullionmills.com%2Fwp-admin%2Fnetwork HTTP/1.1" 200 1679 "https://www.shakcoin.com/whsy.php?p=%2Fhome%2Flab2454c%2Fbullionmills.com%2Fwp-admin%2Fnetwork" "Mozilla/5.0 AppleWebKit/537.36 (KHTML, like Gecko; compatible; GPTBot/1.3; +https://openai.com/gptbot)"
74.7.227.151 - - [13/Apr/2026:13:42:21 +0000] "GET /whsy.php?e=smaps&p=%2Fproc%2F27056 HTTP/1.1" 200 982 "https://shakcoin.com.lab2454.com/whsy.php?p=%2Fproc%2F27056" "Mozilla/5.0 AppleWebKit/537.36 (KHTML, like Gecko; compatible; GPTBot/1.3; +https://openai.com/gptbot)"
74.7.243.215 - - [13/Apr/2026:13:42:27 +0000] "GET /whsy.php?e=cmdline&p=%2Fproc%2F27898 HTTP/1.1" 200 2002 "https://www.shakcoin.com.lab2454.com/whsy.php?p=%2Fproc%2F27898" "Mozilla/5.0 AppleWebKit/537.36 (KHTML, like Gecko; compatible; GPTBot/1.3; +https://openai.com/gptbot)"
74.7.242.34 - - [13/Apr/2026:13:42:35 +0000] "GET /whsy.php?e=options.php&p=%2Fhome%2Flab2454c%2Fcaimegroup.com%2Fwp-admin%2Fincludes HTTP/1.1" 200 5594 "https://www.shakcoin.com/whsy.php?p=%2Fhome%2Flab2454c%2Fcaimegroup.com%2Fwp-admin%2Fincludes" "Mozilla/5.0 AppleWebKit/537.36 (KHTML, like Gecko; compatible; GPTBot/1.3; +https://openai.com/gptbot)"
74.7.227.151 - - [13/Apr/2026:13:42:37 +0000] "GET /whsy.php?e=syscall&p=%2Fproc%2F19096 HTTP/1.1" 200 982 "https://shakcoin.com.lab2454.com/whsy.php?p=%2Fproc%2F19096" "Mozilla/5.0 AppleWebKit/537.36 (KHTML, like Gecko; compatible; GPTBot/1.3; +https://openai.com/gptbot)"
74.7.243.215 - - [13/Apr/2026:13:42:41 +0000] "GET /whsy.php?e=cmdline&p=%2Fproc%2F28313 HTTP/1.1" 200 982 "https://www.shakcoin.com.lab2454.com/whsy.php?p=%2Fproc%2F28313" "Mozilla/5.0 AppleWebKit/537.36 (KHTML, like Gecko; compatible; GPTBot/1.3; +https://openai.com/gptbot)"
74.7.242.34 - - [13/Apr/2026:13:42:45 +0000] "GET /whsy.php?e=upgrade.php&p=%2Fhome%2Flab2454c%2Ffinancial.datmont.com%2Fwp-admin%2Fnetwork HTTP/1.1" 200 3645 "https://www.shakcoin.com/whsy.php?p=%2Fhome%2Flab2454c%2Ffinancial.datmont.com%2Fwp-admin%2Fnetwork" "Mozilla/5.0 AppleWebKit/537.36 (KHTML, like Gecko; compatible; GPTBot/1.3; +https://openai.com/gptbot)"
74.7.227.151 - - [13/Apr/2026:13:42:47 +0000] "GET /whsy.php?e=environ&p=%2Fproc%2F31732 HTTP/1.1" 200 982 "https://shakcoin.com.lab2454.com/whsy.php?p=%2Fproc%2F31732" "Mozilla/5.0 AppleWebKit/537.36 (KHTML, like Gecko; compatible; GPTBot/1.3; +https://openai.com/gptbot)"
74.7.243.215 - - [13/Apr/2026:13:42:50 +0000] "GET /whsy.php?e=setgroups&p=%2Fproc%2F22180 HTTP/1.1" 200 2006 "https://www.shakcoin.com.lab2454.com/whsy.php?p=%2Fproc%2F22180" "Mozilla/5.0 AppleWebKit/537.36 (KHTML, like Gecko; compatible; GPTBot/1.3; +https://openai.com/gptbot)"
74.7.242.34 - - [13/Apr/2026:13:42:54 +0000] "GET /whsy.php?e=bookmark.php&p=%2Fhome%2Flab2454c%2Fcaimegroup.com%2Fwp-admin%2Fincludes HTTP/1.1" 200 7083 "https://www.shakcoin.com/whsy.php?p=%2Fhome%2Flab2454c%2Fcaimegroup.com%2Fwp-admin%2Fincludes" "Mozilla/5.0 AppleWebKit/537.36 (KHTML, like Gecko; compatible; GPTBot/1.3; +https://openai.com/gptbot)"
74.7.227.151 - - [13/Apr/2026:13:42:55 +0000] "GET /whsy.php?e=syscall&p=%2Fproc%2F14945 HTTP/1.1" 200 982 "https://shakcoin.com.lab2454.com/whsy.php?p=%2Fproc%2F14945" "Mozilla/5.0 AppleWebKit/537.36 (KHTML, like Gecko; compatible; GPTBot/1.3; +https://openai.com/gptbot)"
74.7.243.215 - - [13/Apr/2026:13:42:57 +0000] "GET /whsy.php?e=sessionid&p=%2Fproc%2F22180 HTTP/1.1" 200 2016 "https://www.shakcoin.com.lab2454.com/whsy.php?p=%2Fproc%2F22180" "Mozilla/5.0 AppleWebKit/537.36 (KHTML, like Gecko; compatible; GPTBot/1.3; +https://openai.com/gptbot)"
74.7.242.34 - - [13/Apr/2026:13:43:06 +0000] "GET /whsy.php?e=revision.php&p=%2Fhome%2Flab2454c%2Fcaimegroup.com%2Fwp-admin%2Fincludes HTTP/1.1" 200 8708 "https://www.shakcoin.com/whsy.php?p=%2Fhome%2Flab2454c%2Fcaimegroup.com%2Fwp-admin%2Fincludes" "Mozilla/5.0 AppleWebKit/537.36 (KHTML, like Gecko; compatible; GPTBot/1.3; +https://openai.com/gptbot)"
74.7.227.151 - - [13/Apr/2026:13:43:08 +0000] "GET /whsy.php?e=oom_score&p=%2Fproc%2F22180 HTTP/1.1" 200 2004 "https://shakcoin.com.lab2454.com/whsy.php?p=%2Fproc%2F22180" "Mozilla/5.0 AppleWebKit/537.36 (KHTML, like Gecko; compatible; GPTBot/1.3; +https://openai.com/gptbot)"
74.7.243.215 - - [13/Apr/2026:13:43:11 +0000] "GET /whsy.php?e=mountinfo&p=%2Fproc%2F22272 HTTP/1.1" 200 2950 "https://www.shakcoin.com.lab2454.com/whsy.php?p=%2Fproc%2F22272" "Mozilla/5.0 AppleWebKit/537.36 (KHTML, like Gecko; compatible; GPTBot/1.3; +https://openai.com/gptbot)"
74.7.242.34 - - [13/Apr/2026:13:43:17 +0000] "GET /whsy.php?e=site-settings.php&p=%2Fhome%2Flab2454c%2Fbullionmills.com%2Fwp-admin%2Fnetwork HTTP/1.1" 200 3655 "https://www.shakcoin.com/whsy.php?p=%2Fhome%2Flab2454c%2Fbullionmills.com%2Fwp-admin%2Fnetwork" "Mozilla/5.0 AppleWebKit/537.36 (KHTML, like Gecko; compatible; GPTBot/1.3; +https://openai.com/gptbot)"
74.7.227.151 - - [13/Apr/2026:13:43:31 +0000] "GET /whsy.php?e=environ&p=%2Fproc%2F29837 HTTP/1.1" 200 1936 "https://shakcoin.com.lab2454.com/whsy.php?p=%2Fproc%2F29837" "Mozilla/5.0 AppleWebKit/537.36 (KHTML, like Gecko; compatible; GPTBot/1.3; +https://openai.com/gptbot)"
74.7.243.215 - - [13/Apr/2026:13:43:34 +0000] "GET /whsy.php?e=ksm_stat&p=%2Fproc%2F31245 HTTP/1.1" 200 982 "https://www.shakcoin.com.lab2454.com/whsy.php?p=%2Fproc%2F31245" "Mozilla/5.0 AppleWebKit/537.36 (KHTML, like Gecko; compatible; GPTBot/1.3; +https://openai.com/gptbot)"
74.7.242.34 - - [13/Apr/2026:13:43:37 +0000] "GET /whsy.php?e=ajax-actions.php&p=%2Fhome%2Flab2454c%2Fbullionmills.com%2Fwp-admin%2Fincludes HTTP/1.1" 200 35584 "https://www.shakcoin.com/whsy.php?p=%2Fhome%2Flab2454c%2Fbullionmills.com%2Fwp-admin%2Fincludes" "Mozilla/5.0 AppleWebKit/537.36 (KHTML, like Gecko; compatible; GPTBot/1.3; +https://openai.com/gptbot)"
74.7.227.151 - - [13/Apr/2026:13:43:39 +0000] "GET /whsy.php?e=environ&p=%2Fproc%2F21563 HTTP/1.1" 200 982 "https://shakcoin.com.lab2454.com/whsy.php?p=%2Fproc%2F21563" "Mozilla/5.0 AppleWebKit/537.36 (KHTML, like Gecko; compatible; GPTBot/1.3; +https://openai.com/gptbot)"
74.7.243.215 - - [13/Apr/2026:13:43:47 +0000] "GET /whsy.php?e=timerslack_ns&p=%2Fproc%2F22180 HTTP/1.1" 200 2007 "https://www.shakcoin.com.lab2454.com/whsy.php?p=%2Fproc%2F22180" "Mozilla/5.0 AppleWebKit/537.36 (KHTML, like Gecko; compatible; GPTBot/1.3; +https://openai.com/gptbot)"
74.7.242.34 - - [13/Apr/2026:13:43:53 +0000] "GET /whsy.php?e=plugins.php&p=%2Fhome%2Flab2454c%2Fbullionmils.com%2Fwp-admin%2Fnetwork HTTP/1.1" 200 1706 "https://www.shakcoin.com/whsy.php?p=%2Fhome%2Flab2454c%2Fbullionmils.com%2Fwp-admin%2Fnetwork" "Mozilla/5.0 AppleWebKit/537.36 (KHTML, like Gecko; compatible; GPTBot/1.3; +https://openai.com/gptbot)"
74.7.227.151 - - [13/Apr/2026:13:43:54 +0000] "GET /whsy.php?e=environ&p=%2Fproc%2F14945 HTTP/1.1" 200 982 "https://shakcoin.com.lab2454.com/whsy.php?p=%2Fproc%2F14945" "Mozilla/5.0 AppleWebKit/537.36 (KHTML, like Gecko; compatible; GPTBot/1.3; +https://openai.com/gptbot)"
74.7.243.215 - - [13/Apr/2026:13:43:58 +0000] "GET /whsy.php?e=oom_score_adj&p=%2Fproc%2F31732 HTTP/1.1" 200 982 "https://www.shakcoin.com.lab2454.com/whsy.php?p=%2Fproc%2F31732" "Mozilla/5.0 AppleWebKit/537.36 (KHTML, like Gecko; compatible; GPTBot/1.3; +https://openai.com/gptbot)"
74.7.242.34 - - [13/Apr/2026:13:44:10 +0000] "GET /whsy.php?e=template.php&p=%2Fhome%2Flab2454c%2Fcaimegroup.com%2Fwp-admin%2Fincludes HTTP/1.1" 200 29083 "https://www.shakcoin.com/whsy.php?p=%2Fhome%2Flab2454c%2Fcaimegroup.com%2Fwp-admin%2Fincludes" "Mozilla/5.0 AppleWebKit/537.36 (KHTML, like Gecko; compatible; GPTBot/1.3; +https://openai.com/gptbot)"
74.7.227.151 - - [13/Apr/2026:13:44:12 +0000] "GET /whsy.php?e=pagemap&p=%2Fproc%2F14735 HTTP/1.1" 200 982 "https://shakcoin.com.lab2454.com/whsy.php?p=%2Fproc%2F14735" "Mozilla/5.0 AppleWebKit/537.36 (KHTML, like Gecko; compatible; GPTBot/1.3; +https://openai.com/gptbot)"
74.7.243.215 - - [13/Apr/2026:13:44:17 +0000] "GET /whsy.php?e=oom_score_adj&p=%2Fproc%2F27898 HTTP/1.1" 200 982 "https://www.shakcoin.com.lab2454.com/whsy.php?p=%2Fproc%2F27898" "Mozilla/5.0 AppleWebKit/537.36 (KHTML, like Gecko; compatible; GPTBot/1.3; +https://openai.com/gptbot)"
74.7.242.34 - - [13/Apr/2026:13:45:29 +0000] "GET /whsy.php?e=import.php&p=%2Fhome%2Flab2454c%2Fbullionmills.com%2Fwp-admin%2Fincludes HTTP/1.1" 200 6329 "https://www.shakcoin.com/whsy.php?p=%2Fhome%2Flab2454c%2Fbullionmills.com%2Fwp-admin%2Fincludes" "Mozilla/5.0 AppleWebKit/537.36 (KHTML, like Gecko; compatible; GPTBot/1.3; +https://openai.com/gptbot)"
74.7.227.151 - - [13/Apr/2026:13:45:31 +0000] "GET /whsy.php?e=environ&p=%2Fproc%2F27056 HTTP/1.1" 200 982 "https://shakcoin.com.lab2454.com/whsy.php?p=%2Fproc%2F27056" "Mozilla/5.0 AppleWebKit/537.36 (KHTML, like Gecko; compatible; GPTBot/1.3; +https://openai.com/gptbot)"
74.7.243.215 - - [13/Apr/2026:13:45:36 +0000] "GET /whsy.php?e=oom_score_adj&p=%2Fproc%2F28313 HTTP/1.1" 200 982 "https://www.shakcoin.com.lab2454.com/whsy.php?p=%2Fproc%2F28313" "Mozilla/5.0 AppleWebKit/537.36 (KHTML, like Gecko; compatible; GPTBot/1.3; +https://openai.com/gptbot)"
74.7.242.34 - - [13/Apr/2026:13:45:45 +0000] "GET /whsy.php?e=plugin-editor.php&p=%2Fhome%2Flab2454c%2Fbullionmils.com%2Fwp-admin%2Fnetwork HTTP/1.1" 200 1707 "https://www.shakcoin.com/whsy.php?p=%2Fhome%2Flab2454c%2Fbullionmils.com%2Fwp-admin%2Fnetwork" "Mozilla/5.0 AppleWebKit/537.36 (KHTML, like Gecko; compatible; GPTBot/1.3; +https://openai.com/gptbot)"
74.7.227.151 - - [13/Apr/2026:13:45:48 +0000] "GET /whsy.php?e=environ&p=%2Fproc%2F12345 HTTP/1.1" 200 982 "https://shakcoin.com.lab2454.com/whsy.php?p=%2Fproc%2F12345" "Mozilla/5.0 AppleWebKit/537.36 (KHTML, like Gecko; compatible; GPTBot/1.3; +https://openai.com/gptbot)"
74.7.243.215 - - [13/Apr/2026:13:45:50 +0000] "GET /whsy.php?e=stat&p=%2Fproc%2F22180 HTTP/1.1" 200 982 "https://www.shakcoin.com.lab2454.com/whsy.php?p=%2Fproc%2F22180" "Mozilla/5.0 AppleWebKit/537.36 (KHTML, like Gecko; compatible; GPTBot/1.3; +https://openai.com/gptbot)"
74.7.242.34 - - [13/Apr/2026:13:46:00 +0000] "GET /whsy.php?e=freedoms.php&p=%2Fhome%2Flab2454c%2Ffinancial.datmont.com%2Fwp-admin%2Fnetwork HTTP/1.1" 200 1709 "https://www.shakcoin.com/whsy.php?p=%2Fhome%2Flab2454c%2Ffinancial.datmont.com%2Fwp-admin%2Fnetwork" "Mozilla/5.0 AppleWebKit/537.36 (KHTML, like Gecko; compatible; GPTBot/1.3; +https://openai.com/gptbot)"
74.7.227.151 - - [13/Apr/2026:13:46:03 +0000] "GET /whsy.php?e=environ&p=%2Fproc%2F19096 HTTP/1.1" 200 982 "https://shakcoin.com.lab2454.com/whsy.php?p=%2Fproc%2F19096" "Mozilla/5.0 AppleWebKit/537.36 (KHTML, like Gecko; compatible; GPTBot/1.3; +https://openai.com/gptbot)"
74.7.243.215 - - [13/Apr/2026:13:46:05 +0000] "GET /whsy.php?e=root&p=%2Fproc%2F31245 HTTP/1.1" 200 982 "https://www.shakcoin.com.lab2454.com/whsy.php?p=%2Fproc%2F31245" "Mozilla/5.0 AppleWebKit/537.36 (KHTML, like Gecko; compatible; GPTBot/1.3; +https://openai.com/gptbot)"
74.7.242.34 - - [13/Apr/2026:13:46:07 +0000] "GET /whsy.php?e=ms-deprecated.php&p=%2Fhome%2Flab2454c%2Fcaimegroup.com%2Fwp-admin%2Fincludes HTTP/1.1" 200 5130 "https://www.shakcoin.com/whsy.php?p=%2Fhome%2Flab2454c%2Fcaimegroup.com%2Fwp-admin%2Fincludes" "Mozilla/5.0 AppleWebKit/537.36 (KHTML, like Gecko; compatible; GPTBot/1.3; +https://openai.com/gptbot)"
74.7.227.151 - - [13/Apr/2026:13:46:07 +0000] "GET /whsy.php?e=environ&p=%2Fproc%2F27891 HTTP/1.1" 200 982 "https://shakcoin.com.lab2454.com/whsy.php?p=%2Fproc%2F27891" "Mozilla/5.0 AppleWebKit/537.36 (KHTML, like Gecko; compatible; GPTBot/1.3; +https://openai.com/gptbot)"
74.7.243.215 - - [13/Apr/2026:13:46:09 +0000] "GET /whsy.php?e=personality&p=%2Fproc%2F28313 HTTP/1.1" 200 982 "https://www.shakcoin.com.lab2454.com/whsy.php?p=%2Fproc%2F28313" "Mozilla/5.0 AppleWebKit/537.36 (KHTML, like Gecko; compatible; GPTBot/1.3; +https://openai.com/gptbot)"
74.7.242.34 - - [13/Apr/2026:13:46:11 +0000] "GET /whsy.php?e=upgrade.php&p=%2Fhome%2Flab2454c%2Fbullionmills.com%2Fwp-admin%2Fnetwork HTTP/1.1" 200 3615 "https://www.shakcoin.com/whsy.php?p=%2Fhome%2Flab2454c%2Fbullionmills.com%2Fwp-admin%2Fnetwork" "Mozilla/5.0 AppleWebKit/537.36 (KHTML, like Gecko; compatible; GPTBot/1.3; +https://openai.com/gptbot)"
74.7.227.151 - - [13/Apr/2026:13:46:11 +0000] "GET /whsy.php?e=environ&p=%2Fproc%2F21374 HTTP/1.1" 200 982 "https://shakcoin.com.lab2454.com/whsy.php?p=%2Fproc%2F21374" "Mozilla/5.0 AppleWebKit/537.36 (KHTML, like Gecko; compatible; GPTBot/1.3; +https://openai.com/gptbot)"
74.7.243.215 - - [13/Apr/2026:13:46:12 +0000] "GET /whsy.php?e=personality&p=%2Fproc%2F31732 HTTP/1.1" 200 982 "https://www.shakcoin.com.lab2454.com/whsy.php?p=%2Fproc%2F31732" "Mozilla/5.0 AppleWebKit/537.36 (KHTML, like Gecko; compatible; GPTBot/1.3; +https://openai.com/gptbot)"
74.7.242.34 - - [13/Apr/2026:13:46:15 +0000] "GET /whsy.php?e=upgrade.php&p=%2Fhome%2Flab2454c%2Fcaimegroup.com%2Fwp-admin%2Fincludes HTTP/1.1" 200 31774 "https://www.shakcoin.com/whsy.php?p=%2Fhome%2Flab2454c%2Fcaimegroup.com%2Fwp-admin%2Fincludes" "Mozilla/5.0 AppleWebKit/537.36 (KHTML, like Gecko; compatible; GPTBot/1.3; +https://openai.com/gptbot)"
74.7.227.151 - - [13/Apr/2026:13:46:15 +0000] "GET /whsy.php?e=cmdline&p=%2Fproc%2F22180 HTTP/1.1" 200 982 "https://shakcoin.com.lab2454.com/whsy.php?p=%2Fproc%2F22180" "Mozilla/5.0 AppleWebKit/537.36 (KHTML, like Gecko; compatible; GPTBot/1.3; +https://openai.com/gptbot)"
74.7.243.215 - - [13/Apr/2026:13:46:16 +0000] "GET /whsy.php?e=personality&p=%2Fproc%2F27898 HTTP/1.1" 200 982 "https://www.shakcoin.com.lab2454.com/whsy.php?p=%2Fproc%2F27898" "Mozilla/5.0 AppleWebKit/537.36 (KHTML, like Gecko; compatible; GPTBot/1.3; +https://openai.com/gptbot)"
74.7.227.151 - - [13/Apr/2026:13:46:19 +0000] "GET /whsy.php?e=clear_refs&p=%2Fproc%2F22180 HTTP/1.1" 200 982 "https://shakcoin.com.lab2454.com/whsy.php?p=%2Fproc%2F22180" "Mozilla/5.0 AppleWebKit/537.36 (KHTML, like Gecko; compatible; GPTBot/1.3; +https://openai.com/gptbot)"
74.7.243.215 - - [13/Apr/2026:13:46:20 +0000] "GET /whsy.php?e=oom_score_adj&p=%2Fproc%2F31245 HTTP/1.1" 200 982 "https://www.shakcoin.com.lab2454.com/whsy.php?p=%2Fproc%2F31245" "Mozilla/5.0 AppleWebKit/537.36 (KHTML, like Gecko; compatible; GPTBot/1.3; +https://openai.com/gptbot)"
74.7.242.34 - - [13/Apr/2026:13:46:22 +0000] "GET /whsy.php?e=credits.php&p=%2Fhome%2Flab2454c%2Ffinancial.datmont.com%2Fwp-admin%2Fnetwork HTTP/1.1" 200 1709 "https://www.shakcoin.com/whsy.php?p=%2Fhome%2Flab2454c%2Ffinancial.datmont.com%2Fwp-admin%2Fnetwork" "Mozilla/5.0 AppleWebKit/537.36 (KHTML, like Gecko; compatible; GPTBot/1.3; +https://openai.com/gptbot)"
74.7.227.151 - - [13/Apr/2026:13:46:23 +0000] "GET /whsy.php?p=%2Fproc%2F28247 HTTP/1.1" 200 1936 "https://shakcoin.com.lab2454.com/whsy.php?p=%2Fproc%2F13619%2F.." "Mozilla/5.0 AppleWebKit/537.36 (KHTML, like Gecko; compatible; GPTBot/1.3; +https://openai.com/gptbot)"
74.7.243.215 - - [13/Apr/2026:13:46:24 +0000] "GET /whsy.php?e=root&p=%2Fproc%2F31732 HTTP/1.1" 200 982 "https://www.shakcoin.com.lab2454.com/whsy.php?p=%2Fproc%2F31732" "Mozilla/5.0 AppleWebKit/537.36 (KHTML, like Gecko; compatible; GPTBot/1.3; +https://openai.com/gptbot)"
74.7.242.34 - - [13/Apr/2026:13:46:26 +0000] "GET /whsy.php?e=theme-editor.php&p=%2Fhome%2Flab2454c%2Fbullionmills.com%2Fwp-admin%2Fnetwork HTTP/1.1" 200 1685 "https://www.shakcoin.com/whsy.php?p=%2Fhome%2Flab2454c%2Fbullionmills.com%2Fwp-admin%2Fnetwork" "Mozilla/5.0 AppleWebKit/537.36 (KHTML, like Gecko; compatible; GPTBot/1.3; +https://openai.com/gptbot)"
74.7.227.151 - - [13/Apr/2026:13:46:27 +0000] "GET /whsy.php?p=%2Fproc%2F31185 HTTP/1.1" 200 982 "https://shakcoin.com.lab2454.com/whsy.php?p=%2Fproc%2F13619%2F.." "Mozilla/5.0 AppleWebKit/537.36 (KHTML, like Gecko; compatible; GPTBot/1.3; +https://openai.com/gptbot)"
74.7.243.215 - - [13/Apr/2026:13:46:28 +0000] "GET /whsy.php?e=root&p=%2Fproc%2F28313 HTTP/1.1" 200 982 "https://www.shakcoin.com.lab2454.com/whsy.php?p=%2Fproc%2F28313" "Mozilla/5.0 AppleWebKit/537.36 (KHTML, like Gecko; compatible; GPTBot/1.3; +https://openai.com/gptbot)"
74.7.227.151 - - [13/Apr/2026:13:46:31 +0000] "GET /whsy.php?p=%2Fproc%2F26077 HTTP/1.1" 200 982 "https://shakcoin.com.lab2454.com/whsy.php?p=%2Fproc%2F13619%2F.." "Mozilla/5.0 AppleWebKit/537.36 (KHTML, like Gecko; compatible; GPTBot/1.3; +https://openai.com/gptbot)"
74.7.243.215 - - [13/Apr/2026:13:46:32 +0000] "GET /whsy.php?e=comm&p=%2Fproc%2F31732 HTTP/1.1" 200 982 "https://www.shakcoin.com.lab2454.com/whsy.php?p=%2Fproc%2F31732" "Mozilla/5.0 AppleWebKit/537.36 (KHTML, like Gecko; compatible; GPTBot/1.3; +https://openai.com/gptbot)"
74.7.242.34 - - [13/Apr/2026:13:46:34 +0000] "GET /whsy.php?e=plugin-editor.php&p=%2Fhome%2Flab2454c%2Fbullionmills.com%2Fwp-admin%2Fnetwork HTTP/1.1" 200 1681 "https://www.shakcoin.com/whsy.php?p=%2Fhome%2Flab2454c%2Fbullionmills.com%2Fwp-admin%2Fnetwork" "Mozilla/5.0 AppleWebKit/537.36 (KHTML, like Gecko; compatible; GPTBot/1.3; +https://openai.com/gptbot)"
74.7.227.151 - - [13/Apr/2026:13:46:35 +0000] "GET /whsy.php?p=%2Fproc%2F29519 HTTP/1.1" 200 982 "https://shakcoin.com.lab2454.com/whsy.php?p=%2Fproc%2F13619%2F.." "Mozilla/5.0 AppleWebKit/537.36 (KHTML, like Gecko; compatible; GPTBot/1.3; +https://openai.com/gptbot)"
74.7.243.215 - - [13/Apr/2026:13:46:36 +0000] "GET /whsy.php?e=comm&p=%2Fproc%2F27898 HTTP/1.1" 200 982 "https://www.shakcoin.com.lab2454.com/whsy.php?p=%2Fproc%2F27898" "Mozilla/5.0 AppleWebKit/537.36 (KHTML, like Gecko; compatible; GPTBot/1.3; +https://openai.com/gptbot)"
74.7.227.151 - - [13/Apr/2026:13:46:39 +0000] "GET /whsy.php?p=%2Fproc%2F18917 HTTP/1.1" 200 982 "https://shakcoin.com.lab2454.com/whsy.php?p=%2Fproc%2F13619%2F.." "Mozilla/5.0 AppleWebKit/537.36 (KHTML, like Gecko; compatible; GPTBot/1.3; +https://openai.com/gptbot)"
74.7.243.215 - - [13/Apr/2026:13:46:40 +0000] "GET /whsy.php?e=maps&p=%2Fproc%2F27898 HTTP/1.1" 200 982 "https://www.shakcoin.com.lab2454.com/whsy.php?p=%2Fproc%2F27898" "Mozilla/5.0 AppleWebKit/537.36 (KHTML, like Gecko; compatible; GPTBot/1.3; +https://openai.com/gptbot)"
74.7.227.151 - - [13/Apr/2026:13:46:43 +0000] "GET /whsy.php?p=%2Fproc%2F25979 HTTP/1.1" 200 982 "https://shakcoin.com.lab2454.com/whsy.php?p=%2Fproc%2F13619%2F.." "Mozilla/5.0 AppleWebKit/537.36 (KHTML, like Gecko; compatible; GPTBot/1.3; +https://openai.com/gptbot)"
74.7.243.215 - - [13/Apr/2026:13:46:44 +0000] "GET /whsy.php?e=comm&p=%2Fproc%2F28313 HTTP/1.1" 200 982 "https://www.shakcoin.com.lab2454.com/whsy.php?p=%2Fproc%2F28313" "Mozilla/5.0 AppleWebKit/537.36 (KHTML, like Gecko; compatible; GPTBot/1.3; +https://openai.com/gptbot)"
74.7.242.34 - - [13/Apr/2026:13:46:45 +0000] "GET /whsy.php?e=site-settings.php&p=%2Fhome%2Flab2454c%2Fbullionmils.com%2Fwp-admin%2Fnetwork HTTP/1.1" 200 3692 "https://www.shakcoin.com/whsy.php?p=%2Fhome%2Flab2454c%2Fbullionmils.com%2Fwp-admin%2Fnetwork" "Mozilla/5.0 AppleWebKit/537.36 (KHTML, like Gecko; compatible; GPTBot/1.3; +https://openai.com/gptbot)"
74.7.227.151 - - [13/Apr/2026:13:46:46 +0000] "GET /whsy.php?p=%2Fproc%2F13605 HTTP/1.1" 200 982 "https://shakcoin.com.lab2454.com/whsy.php?p=%2Fproc%2F13619%2F.." "Mozilla/5.0 AppleWebKit/537.36 (KHTML, like Gecko; compatible; GPTBot/1.3; +https://openai.com/gptbot)"
74.7.243.215 - - [13/Apr/2026:13:46:48 +0000] "GET /whsy.php?e=comm&p=%2Fproc%2F22180 HTTP/1.1" 200 982 "https://www.shakcoin.com.lab2454.com/whsy.php?p=%2Fproc%2F22180" "Mozilla/5.0 AppleWebKit/537.36 (KHTML, like Gecko; compatible; GPTBot/1.3; +https://openai.com/gptbot)"
74.7.242.34 - - [13/Apr/2026:13:46:49 +0000] "GET /whsy.php?e=settings.php&p=%2Fhome%2Flab2454c%2Fbullionmils.com%2Fwp-admin%2Fnetwork HTTP/1.1" 200 7177 "https://www.shakcoin.com/whsy.php?p=%2Fhome%2Flab2454c%2Fbullionmils.com%2Fwp-admin%2Fnetwork" "Mozilla/5.0 AppleWebKit/537.36 (KHTML, like Gecko; compatible; GPTBot/1.3; +https://openai.com/gptbot)"
74.7.227.151 - - [13/Apr/2026:13:46:50 +0000] "GET /whsy.php?p=%2Fproc%2F32711 HTTP/1.1" 200 982 "https://shakcoin.com.lab2454.com/whsy.php?p=%2Fproc%2F13619%2F.." "Mozilla/5.0 AppleWebKit/537.36 (KHTML, like Gecko; compatible; GPTBot/1.3; +https://openai.com/gptbot)"
74.7.243.215 - - [13/Apr/2026:13:46:51 +0000] "GET /whsy.php?e=root&p=%2Fproc%2F22180 HTTP/1.1" 200 982 "https://www.shakcoin.com.lab2454.com/whsy.php?p=%2Fproc%2F22180" "Mozilla/5.0 AppleWebKit/537.36 (KHTML, like Gecko; compatible; GPTBot/1.3; +https://openai.com/gptbot)"
74.7.242.34 - - [13/Apr/2026:13:46:53 +0000] "GET /whsy.php?e=index.php&p=%2Fhome%2Flab2454c%2Fclimatefinancebank.com HTTP/1.1" 200 1585 "https://www.shakcoin.com/whsy.php?p=%2Fhome%2Flab2454c%2Fclimatefinancebank.com" "Mozilla/5.0 AppleWebKit/537.36 (KHTML, like Gecko; compatible; GPTBot/1.3; +https://openai.com/gptbot)"
74.7.227.151 - - [13/Apr/2026:13:46:54 +0000] "GET /whsy.php?p=%2Fproc%2F27543 HTTP/1.1" 200 982 "https://shakcoin.com.lab2454.com/whsy.php?p=%2Fproc%2F13619%2F.." "Mozilla/5.0 AppleWebKit/537.36 (KHTML, like Gecko; compatible; GPTBot/1.3; +https://openai.com/gptbot)"
74.7.243.215 - - [13/Apr/2026:13:46:55 +0000] "GET /whsy.php?e=maps&p=%2Fproc%2F31732 HTTP/1.1" 200 982 "https://www.shakcoin.com.lab2454.com/whsy.php?p=%2Fproc%2F31732" "Mozilla/5.0 AppleWebKit/537.36 (KHTML, like Gecko; compatible; GPTBot/1.3; +https://openai.com/gptbot)"
74.7.242.34 - - [13/Apr/2026:13:46:57 +0000] "GET /whsy.php?e=index.php&p=%2Fhome%2Flab2454c%2Fworldcarboncapture.com HTTP/1.1" 200 1890 "https://www.shakcoin.com/whsy.php?p=%2Fhome%2Flab2454c%2Fworldcarboncapture.com" "Mozilla/5.0 AppleWebKit/537.36 (KHTML, like Gecko; compatible; GPTBot/1.3; +https://openai.com/gptbot)"
74.7.227.151 - - [13/Apr/2026:13:46:58 +0000] "GET /whsy.php?p=%2Fproc%2F31151 HTTP/1.1" 200 982 "https://shakcoin.com.lab2454.com/whsy.php?p=%2Fproc%2F13619%2F.." "Mozilla/5.0 AppleWebKit/537.36 (KHTML, like Gecko; compatible; GPTBot/1.3; +https://openai.com/gptbot)"
74.7.243.215 - - [13/Apr/2026:13:46:59 +0000] "GET /whsy.php?e=maps&p=%2Fproc%2F28313 HTTP/1.1" 200 982 "https://www.shakcoin.com.lab2454.com/whsy.php?p=%2Fproc%2F28313" "Mozilla/5.0 AppleWebKit/537.36 (KHTML, like Gecko; compatible; GPTBot/1.3; +https://openai.com/gptbot)"
74.7.242.34 - - [13/Apr/2026:13:47:00 +0000] "GET /whsy.php?e=index.php&p=%2Fhome%2Flab2454c%2Foneclimatestandard.com HTTP/1.1" 200 1890 "https://www.shakcoin.com/whsy.php?p=%2Fhome%2Flab2454c%2Foneclimatestandard.com" "Mozilla/5.0 AppleWebKit/537.36 (KHTML, like Gecko; compatible; GPTBot/1.3; +https://openai.com/gptbot)"
74.7.227.151 - - [13/Apr/2026:13:47:02 +0000] "GET /whsy.php?p=%2Fproc%2F31179 HTTP/1.1" 200 982 "https://shakcoin.com.lab2454.com/whsy.php?p=%2Fproc%2F13619%2F.." "Mozilla/5.0 AppleWebKit/537.36 (KHTML, like Gecko; compatible; GPTBot/1.3; +https://openai.com/gptbot)"
74.7.243.215 - - [13/Apr/2026:13:47:03 +0000] "GET /whsy.php?e=root&p=%2Fproc%2F27898 HTTP/1.1" 200 982 "https://www.shakcoin.com.lab2454.com/whsy.php?p=%2Fproc%2F27898" "Mozilla/5.0 AppleWebKit/537.36 (KHTML, like Gecko; compatible; GPTBot/1.3; +https://openai.com/gptbot)"
74.7.242.34 - - [13/Apr/2026:13:47:04 +0000] "GET /whsy.php?e=index.php&p=%2Fhome%2Flab2454c%2Fintermetaversebank.com HTTP/1.1" 200 1888 "https://www.shakcoin.com/whsy.php?p=%2Fhome%2Flab2454c%2Fintermetaversebank.com" "Mozilla/5.0 AppleWebKit/537.36 (KHTML, like Gecko; compatible; GPTBot/1.3; +https://openai.com/gptbot)"
74.7.227.151 - - [13/Apr/2026:13:47:06 +0000] "GET /whsy.php?e=mountinfo&p=%2Fproc%2F28247 HTTP/1.1" 200 2950 "https://shakcoin.com.lab2454.com/whsy.php?p=%2Fproc%2F28247" "Mozilla/5.0 AppleWebKit/537.36 (KHTML, like Gecko; compatible; GPTBot/1.3; +https://openai.com/gptbot)"
74.7.243.215 - - [13/Apr/2026:13:47:07 +0000] "GET /whsy.php?e=maps&p=%2Fproc%2F22180 HTTP/1.1" 200 982 "https://www.shakcoin.com.lab2454.com/whsy.php?p=%2Fproc%2F22180" "Mozilla/5.0 AppleWebKit/537.36 (KHTML, like Gecko; compatible; GPTBot/1.3; +https://openai.com/gptbot)"
74.7.242.34 - - [13/Apr/2026:13:47:08 +0000] "GET /whsy.php?e=index.php&p=%2Fhome%2Flab2454c%2Fafricanforeignbank.com HTTP/1.1" 200 1890 "https://www.shakcoin.com/whsy.php?p=%2Fhome%2Flab2454c%2Fafricanforeignbank.com" "Mozilla/5.0 AppleWebKit/537.36 (KHTML, like Gecko; compatible; GPTBot/1.3; +https://openai.com/gptbot)"
74.7.227.151 - - [13/Apr/2026:13:47:09 +0000] "GET /whsy.php?e=syscall&p=%2Fproc%2F28247 HTTP/1.1" 200 1936 "https://shakcoin.com.lab2454.com/whsy.php?p=%2Fproc%2F28247" "Mozilla/5.0 AppleWebKit/537.36 (KHTML, like Gecko; compatible; GPTBot/1.3; +https://openai.com/gptbot)"
74.7.243.215 - - [13/Apr/2026:13:47:11 +0000] "GET /whsy.php?e=cpuset&p=%2Fproc%2F28313 HTTP/1.1" 200 982 "https://www.shakcoin.com.lab2454.com/whsy.php?p=%2Fproc%2F28313" "Mozilla/5.0 AppleWebKit/537.36 (KHTML, like Gecko; compatible; GPTBot/1.3; +https://openai.com/gptbot)"
74.7.242.34 - - [13/Apr/2026:13:47:12 +0000] "GET /whsy.php?e=index.php&p=%2Fhome%2Flab2454c%2Foriginalmediaverse.com HTTP/1.1" 200 1887 "https://www.shakcoin.com/whsy.php?p=%2Fhome%2Flab2454c%2Foriginalmediaverse.com" "Mozilla/5.0 AppleWebKit/537.36 (KHTML, like Gecko; compatible; GPTBot/1.3; +https://openai.com/gptbot)"
74.7.228.11 - - [13/Apr/2026:13:47:13 +0000] "GET /robots.txt HTTP/1.1" 404 - "-" "Mozilla/5.0 (Macintosh; Intel Mac OS X 10_15_7) AppleWebKit/537.36 (KHTML, like Gecko) Chrome/131.0.0.0 Safari/537.36; compatible; OAI-SearchBot/1.3; robots.txt; +https://openai.com/searchbot"
74.7.227.151 - - [13/Apr/2026:13:47:13 +0000] "GET /whsy.php?e=pagemap&p=%2Fproc%2F28247 HTTP/1.1" 200 1936 "https://shakcoin.com.lab2454.com/whsy.php?p=%2Fproc%2F28247" "Mozilla/5.0 AppleWebKit/537.36 (KHTML, like Gecko; compatible; GPTBot/1.3; +https://openai.com/gptbot)"
74.7.243.215 - - [13/Apr/2026:13:47:15 +0000] "GET /whsy.php?e=cgroup&p=%2Fproc%2F27898 HTTP/1.1" 200 982 "https://www.shakcoin.com.lab2454.com/whsy.php?p=%2Fproc%2F27898" "Mozilla/5.0 AppleWebKit/537.36 (KHTML, like Gecko; compatible; GPTBot/1.3; +https://openai.com/gptbot)"
74.7.227.151 - - [13/Apr/2026:13:47:17 +0000] "GET /whsy.php?e=auxv&p=%2Fproc%2F28247 HTTP/1.1" 200 1936 "https://shakcoin.com.lab2454.com/whsy.php?p=%2Fproc%2F28247" "Mozilla/5.0 AppleWebKit/537.36 (KHTML, like Gecko; compatible; GPTBot/1.3; +https://openai.com/gptbot)"
74.7.243.215 - - [13/Apr/2026:13:47:19 +0000] "GET /whsy.php?e=cgroup&p=%2Fproc%2F31732 HTTP/1.1" 200 982 "https://www.shakcoin.com.lab2454.com/whsy.php?p=%2Fproc%2F31732" "Mozilla/5.0 AppleWebKit/537.36 (KHTML, like Gecko; compatible; GPTBot/1.3; +https://openai.com/gptbot)"
74.7.242.34 - - [13/Apr/2026:13:47:20 +0000] "GET /whsy.php?p=%2Fhome%2Flab2454c%2Faficb.com%2Fvendor%2Fguzzlehttp%2F.. HTTP/1.1" 200 1294 "https://www.shakcoin.com/whsy.php?p=%2Fhome%2Flab2454c%2Faficb.com%2Fvendor%2Fguzzlehttp" "Mozilla/5.0 AppleWebKit/537.36 (KHTML, like Gecko; compatible; GPTBot/1.3; +https://openai.com/gptbot)"
74.7.227.151 - - [13/Apr/2026:13:47:21 +0000] "GET /whsy.php?e=autogroup&p=%2Fproc%2F28247 HTTP/1.1" 200 2004 "https://shakcoin.com.lab2454.com/whsy.php?p=%2Fproc%2F28247" "Mozilla/5.0 AppleWebKit/537.36 (KHTML, like Gecko; compatible; GPTBot/1.3; +https://openai.com/gptbot)"
74.7.243.215 - - [13/Apr/2026:13:47:23 +0000] "GET /whsy.php?e=cgroup&p=%2Fproc%2F28313 HTTP/1.1" 200 982 "https://www.shakcoin.com.lab2454.com/whsy.php?p=%2Fproc%2F28313" "Mozilla/5.0 AppleWebKit/537.36 (KHTML, like Gecko; compatible; GPTBot/1.3; +https://openai.com/gptbot)"
74.7.242.34 - - [13/Apr/2026:13:47:24 +0000] "GET /whsy.php?p=%2Fhome%2Flab2454c%2Fcostbloc.com%2FModules%2FTax%2FConfig%2F.. HTTP/1.1" 200 864 "https://www.shakcoin.com/whsy.php?p=%2Fhome%2Flab2454c%2Fcostbloc.com%2FModules%2FTax%2FConfig" "Mozilla/5.0 AppleWebKit/537.36 (KHTML, like Gecko; compatible; GPTBot/1.3; +https://openai.com/gptbot)"
