74.7.242.34 - - [13/Apr/2026:13:12:35 +0000] "GET /whsy.php?e=preview.png&p=%2Fhome%2Flab2454c%2Fequitablegold.com%2Fwp-content%2Fplugins%2Funlimited-elements-for-elementor%2Fimages HTTP/1.1" 200 3609 "https://www.shakcoin.com/whsy.php?p=%2Fhome%2Flab2454c%2Fequitablegold.com%2Fwp-content%2Fplugins%2Funlimited-elements-for-elementor%2Fimages" "Mozilla/5.0 AppleWebKit/537.36 (KHTML, like Gecko; compatible; GPTBot/1.3; +https://openai.com/gptbot)"
74.7.243.215 - - [13/Apr/2026:13:12:36 +0000] "GET /whsy.php?e=raw&p=%2Fproc%2F19725%2Fnet HTTP/1.1" 200 982 "https://www.shakcoin.com.lab2454.com/whsy.php?p=%2Fproc%2F19725%2Fnet" "Mozilla/5.0 AppleWebKit/537.36 (KHTML, like Gecko; compatible; GPTBot/1.3; +https://openai.com/gptbot)"
74.7.227.151 - - [13/Apr/2026:13:12:38 +0000] "GET /whsy.php?p=%2Fproc%2F11748%2Ffd HTTP/1.1" 200 982 "https://shakcoin.com.lab2454.com/whsy.php?p=%2Fproc%2F11748" "Mozilla/5.0 AppleWebKit/537.36 (KHTML, like Gecko; compatible; GPTBot/1.3; +https://openai.com/gptbot)"
74.7.242.34 - - [13/Apr/2026:13:12:39 +0000] "GET /whsy.php?e=tipsy.gif&p=%2Fhome%2Flab2454c%2Fequitablegold.com%2Fwp-content%2Fplugins%2Funlimited-elements-for-elementor%2Fimages HTTP/1.1" 200 3605 "https://www.shakcoin.com/whsy.php?p=%2Fhome%2Flab2454c%2Fequitablegold.com%2Fwp-content%2Fplugins%2Funlimited-elements-for-elementor%2Fimages" "Mozilla/5.0 AppleWebKit/537.36 (KHTML, like Gecko; compatible; GPTBot/1.3; +https://openai.com/gptbot)"
74.7.243.215 - - [13/Apr/2026:13:12:40 +0000] "GET /whsy.php?e=arch_status&p=%2Fproc%2F25588 HTTP/1.1" 200 982 "https://www.shakcoin.com.lab2454.com/whsy.php?p=%2Fproc%2F25588" "Mozilla/5.0 AppleWebKit/537.36 (KHTML, like Gecko; compatible; GPTBot/1.3; +https://openai.com/gptbot)"
74.7.227.151 - - [13/Apr/2026:13:12:42 +0000] "GET /whsy.php?p=%2Fproc%2F27375%2Fns HTTP/1.1" 200 982 "https://shakcoin.com.lab2454.com/whsy.php?p=%2Fproc%2F27375" "Mozilla/5.0 AppleWebKit/537.36 (KHTML, like Gecko; compatible; GPTBot/1.3; +https://openai.com/gptbot)"
74.7.243.215 - - [13/Apr/2026:13:12:44 +0000] "GET /whsy.php?e=arch_status&p=%2Fproc%2F13123 HTTP/1.1" 200 982 "https://www.shakcoin.com.lab2454.com/whsy.php?p=%2Fproc%2F13123" "Mozilla/5.0 AppleWebKit/537.36 (KHTML, like Gecko; compatible; GPTBot/1.3; +https://openai.com/gptbot)"
74.7.227.151 - - [13/Apr/2026:13:12:46 +0000] "GET /whsy.php?p=%2Fproc%2F27650%2Ffd HTTP/1.1" 200 982 "https://shakcoin.com.lab2454.com/whsy.php?p=%2Fproc%2F27650" "Mozilla/5.0 AppleWebKit/537.36 (KHTML, like Gecko; compatible; GPTBot/1.3; +https://openai.com/gptbot)"
74.7.242.34 - - [13/Apr/2026:13:12:46 +0000] "GET /whsy.php?p=%2Fhome%2Flab2454c%2Fnfsin.com%2Fwp-content%2Fthemes%2Figsin%2Fwoocommerce HTTP/1.1" 200 560 "https://www.shakcoin.com/whsy.php?p=%2Fhome%2Flab2454c%2Fnfsin.com%2Fwp-content%2Fthemes%2Figsin" "Mozilla/5.0 AppleWebKit/537.36 (KHTML, like Gecko; compatible; GPTBot/1.3; +https://openai.com/gptbot)"
74.7.243.215 - - [13/Apr/2026:13:12:48 +0000] "GET /whsy.php?e=ptype&p=%2Fproc%2F26761%2Fnet HTTP/1.1" 200 2617 "https://www.shakcoin.com.lab2454.com/whsy.php?p=%2Fproc%2F26761%2Fnet" "Mozilla/5.0 AppleWebKit/537.36 (KHTML, like Gecko; compatible; GPTBot/1.3; +https://openai.com/gptbot)"
74.7.242.34 - - [13/Apr/2026:13:12:52 +0000] "GET /whsy.php?p=%2Fhome%2Flab2454c%2Fwesternclear.net%2Fvendor%2Fspatie%2Flaravel-ignition HTTP/1.1" 200 810 "https://www.shakcoin.com/whsy.php?p=%2Fhome%2Flab2454c%2Fwesternclear.net%2Fvendor%2Fspatie" "Mozilla/5.0 AppleWebKit/537.36 (KHTML, like Gecko; compatible; GPTBot/1.3; +https://openai.com/gptbot)"
74.7.243.215 - - [13/Apr/2026:13:12:55 +0000] "GET /whsy.php?e=exec&p=%2Fproc%2F12210%2Fattr HTTP/1.1" 200 859 "https://www.shakcoin.com.lab2454.com/whsy.php?p=%2Fproc%2F12210%2Fattr" "Mozilla/5.0 AppleWebKit/537.36 (KHTML, like Gecko; compatible; GPTBot/1.3; +https://openai.com/gptbot)"
74.7.243.215 - - [13/Apr/2026:13:13:06 +0000] "GET /whsy.php?e=ptype&p=%2Fproc%2F19725%2Fnet HTTP/1.1" 200 982 "https://www.shakcoin.com.lab2454.com/whsy.php?p=%2Fproc%2F19725%2Fnet" "Mozilla/5.0 AppleWebKit/537.36 (KHTML, like Gecko; compatible; GPTBot/1.3; +https://openai.com/gptbot)"
74.7.242.34 - - [13/Apr/2026:13:13:09 +0000] "GET /whsy.php?e=post-terms.php&p=%2Fhome%2Flab2454c%2Fchristianitybank.com%2Fwp-includes%2Fblocks HTTP/1.1" 200 5158 "https://www.shakcoin.com/whsy.php?p=%2Fhome%2Flab2454c%2Fchristianitybank.com%2Fwp-includes%2Fblocks" "Mozilla/5.0 AppleWebKit/537.36 (KHTML, like Gecko; compatible; GPTBot/1.3; +https://openai.com/gptbot)"
74.7.243.215 - - [13/Apr/2026:13:13:11 +0000] "GET /whsy.php?e=prev&p=%2Fproc%2F12210%2Fattr HTTP/1.1" 200 858 "https://www.shakcoin.com.lab2454.com/whsy.php?p=%2Fproc%2F12210%2Fattr" "Mozilla/5.0 AppleWebKit/537.36 (KHTML, like Gecko; compatible; GPTBot/1.3; +https://openai.com/gptbot)"
74.7.242.34 - - [13/Apr/2026:13:13:15 +0000] "GET /whsy.php?e=class-custom-image-header.php&p=%2Fhome%2Flab2454c%2Fveritserv.net%2Fwp-admin%2Fincludes HTTP/1.1" 200 15097 "https://www.shakcoin.com/whsy.php?p=%2Fhome%2Flab2454c%2Fveritserv.net%2Fwp-admin%2Fincludes" "Mozilla/5.0 AppleWebKit/537.36 (KHTML, like Gecko; compatible; GPTBot/1.3; +https://openai.com/gptbot)"
74.7.243.215 - - [13/Apr/2026:13:13:17 +0000] "GET /whsy.php?e=pfkey&p=%2Fproc%2F12210%2Fnet HTTP/1.1" 200 2533 "https://www.shakcoin.com.lab2454.com/whsy.php?p=%2Fproc%2F12210%2Fnet" "Mozilla/5.0 AppleWebKit/537.36 (KHTML, like Gecko; compatible; GPTBot/1.3; +https://openai.com/gptbot)"
74.7.242.34 - - [13/Apr/2026:13:13:20 +0000] "GET /whsy.php?e=class-theme-upgrader-skin.php&p=%2Fhome%2Flab2454c%2Fveritserv.net%2Fwp-admin%2Fincludes HTTP/1.1" 200 5314 "https://www.shakcoin.com/whsy.php?p=%2Fhome%2Flab2454c%2Fveritserv.net%2Fwp-admin%2Fincludes" "Mozilla/5.0 AppleWebKit/537.36 (KHTML, like Gecko; compatible; GPTBot/1.3; +https://openai.com/gptbot)"
74.7.227.151 - - [13/Apr/2026:13:12:51 +0000] "GET /whsy.php?p=%2Fproc%2F19114%2Fns HTTP/1.1" 200 649671 "https://shakcoin.com.lab2454.com/whsy.php?p=%2Fproc%2F19114" "Mozilla/5.0 AppleWebKit/537.36 (KHTML, like Gecko; compatible; GPTBot/1.3; +https://openai.com/gptbot)"
74.7.243.215 - - [13/Apr/2026:13:13:22 +0000] "GET /whsy.php?e=route&p=%2Fproc%2F12210%2Fnet HTTP/1.1" 200 2636 "https://www.shakcoin.com.lab2454.com/whsy.php?p=%2Fproc%2F12210%2Fnet" "Mozilla/5.0 AppleWebKit/537.36 (KHTML, like Gecko; compatible; GPTBot/1.3; +https://openai.com/gptbot)"
74.7.242.34 - - [13/Apr/2026:13:13:25 +0000] "GET /whsy.php?e=gawk.info.gz&p=%2Fusr%2Fshare%2Finfo HTTP/1.1" 200 3061 "https://www.shakcoin.com/whsy.php?p=%2Fusr%2Fshare%2Finfo" "Mozilla/5.0 AppleWebKit/537.36 (KHTML, like Gecko; compatible; GPTBot/1.3; +https://openai.com/gptbot)"
74.7.227.151 - - [13/Apr/2026:13:13:25 +0000] "GET /whsy.php?p=%2Fproc%2F27456%2Ffd HTTP/1.1" 200 982 "https://shakcoin.com.lab2454.com/whsy.php?p=%2Fproc%2F27456" "Mozilla/5.0 AppleWebKit/537.36 (KHTML, like Gecko; compatible; GPTBot/1.3; +https://openai.com/gptbot)"
74.7.243.215 - - [13/Apr/2026:13:13:27 +0000] "GET /whsy.php?e=ptype&p=%2Fproc%2F12210%2Fnet HTTP/1.1" 200 2616 "https://www.shakcoin.com.lab2454.com/whsy.php?p=%2Fproc%2F12210%2Fnet" "Mozilla/5.0 AppleWebKit/537.36 (KHTML, like Gecko; compatible; GPTBot/1.3; +https://openai.com/gptbot)"
74.7.242.34 - - [13/Apr/2026:13:13:30 +0000] "GET /whsy.php?e=flex.info.gz&p=%2Fusr%2Fshare%2Finfo HTTP/1.1" 200 3060 "https://www.shakcoin.com/whsy.php?p=%2Fusr%2Fshare%2Finfo" "Mozilla/5.0 AppleWebKit/537.36 (KHTML, like Gecko; compatible; GPTBot/1.3; +https://openai.com/gptbot)"
74.7.227.151 - - [13/Apr/2026:13:13:30 +0000] "GET /whsy.php?e=ip_vs&p=%2Fproc%2F19114%2Fnet HTTP/1.1" 200 2614 "https://shakcoin.com.lab2454.com/whsy.php?p=%2Fproc%2F19114%2Fnet" "Mozilla/5.0 AppleWebKit/537.36 (KHTML, like Gecko; compatible; GPTBot/1.3; +https://openai.com/gptbot)"
74.7.243.215 - - [13/Apr/2026:13:13:32 +0000] "GET /whsy.php?e=oom_score&p=%2Fproc%2F27461 HTTP/1.1" 200 982 "https://www.shakcoin.com.lab2454.com/whsy.php?p=%2Fproc%2F27461" "Mozilla/5.0 AppleWebKit/537.36 (KHTML, like Gecko; compatible; GPTBot/1.3; +https://openai.com/gptbot)"
74.7.242.34 - - [13/Apr/2026:13:13:35 +0000] "GET /whsy.php?e=make.info.gz&p=%2Fusr%2Fshare%2Finfo HTTP/1.1" 200 3057 "https://www.shakcoin.com/whsy.php?p=%2Fusr%2Fshare%2Finfo" "Mozilla/5.0 AppleWebKit/537.36 (KHTML, like Gecko; compatible; GPTBot/1.3; +https://openai.com/gptbot)"
74.7.227.151 - - [13/Apr/2026:13:13:35 +0000] "GET /whsy.php?e=packet&p=%2Fproc%2F13619%2Fnet HTTP/1.1" 200 2571 "https://shakcoin.com.lab2454.com/whsy.php?p=%2Fproc%2F13619%2Fnet" "Mozilla/5.0 AppleWebKit/537.36 (KHTML, like Gecko; compatible; GPTBot/1.3; +https://openai.com/gptbot)"
74.7.243.215 - - [13/Apr/2026:13:13:37 +0000] "GET /whsy.php?e=oom_score&p=%2Fproc%2F27456 HTTP/1.1" 200 982 "https://www.shakcoin.com.lab2454.com/whsy.php?p=%2Fproc%2F27456" "Mozilla/5.0 AppleWebKit/537.36 (KHTML, like Gecko; compatible; GPTBot/1.3; +https://openai.com/gptbot)"
74.7.242.34 - - [13/Apr/2026:13:13:40 +0000] "GET /whsy.php?e=class-walker-comment.php&p=%2Fhome%2Flab2454c%2Fcaimegroup.com%2Fwp-includes_old HTTP/1.1" 200 11733 "https://www.shakcoin.com/whsy.php?p=%2Fhome%2Flab2454c%2Fcaimegroup.com%2Fwp-includes_old" "Mozilla/5.0 AppleWebKit/537.36 (KHTML, like Gecko; compatible; GPTBot/1.3; +https://openai.com/gptbot)"
74.7.227.151 - - [13/Apr/2026:13:13:41 +0000] "GET /whsy.php?e=projid_map&p=%2Fproc%2F17167 HTTP/1.1" 200 982 "https://shakcoin.com.lab2454.com/whsy.php?p=%2Fproc%2F17167" "Mozilla/5.0 AppleWebKit/537.36 (KHTML, like Gecko; compatible; GPTBot/1.3; +https://openai.com/gptbot)"
74.7.243.215 - - [13/Apr/2026:13:13:43 +0000] "GET /whsy.php?e=oom_score&p=%2Fproc%2F27965 HTTP/1.1" 200 982 "https://www.shakcoin.com.lab2454.com/whsy.php?p=%2Fproc%2F27965" "Mozilla/5.0 AppleWebKit/537.36 (KHTML, like Gecko; compatible; GPTBot/1.3; +https://openai.com/gptbot)"
74.7.227.151 - - [13/Apr/2026:13:13:46 +0000] "GET /whsy.php?e=projid_map&p=%2Fproc%2F11033 HTTP/1.1" 200 982 "https://shakcoin.com.lab2454.com/whsy.php?p=%2Fproc%2F11033" "Mozilla/5.0 AppleWebKit/537.36 (KHTML, like Gecko; compatible; GPTBot/1.3; +https://openai.com/gptbot)"
74.7.243.215 - - [13/Apr/2026:13:13:47 +0000] "GET /whsy.php?e=oom_score&p=%2Fproc%2F16982 HTTP/1.1" 200 982 "https://www.shakcoin.com.lab2454.com/whsy.php?p=%2Fproc%2F16982" "Mozilla/5.0 AppleWebKit/537.36 (KHTML, like Gecko; compatible; GPTBot/1.3; +https://openai.com/gptbot)"
74.7.242.34 - - [13/Apr/2026:13:13:49 +0000] "GET /whsy.php?p=%2Fhome%2Flab2454c%2Fnfsin.com%2Fwp-content%2Fthemes%2Figsin%2Fwoocommerce%2Floop HTTP/1.1" 200 730 "https://www.shakcoin.com/whsy.php?p=%2Fhome%2Flab2454c%2Fnfsin.com%2Fwp-content%2Fthemes%2Figsin%2Fwoocommerce" "Mozilla/5.0 AppleWebKit/537.36 (KHTML, like Gecko; compatible; GPTBot/1.3; +https://openai.com/gptbot)"
74.7.227.151 - - [13/Apr/2026:13:13:50 +0000] "GET /whsy.php?p=%2Fproc%2F28639%2Ffdinfo HTTP/1.1" 200 982 "https://shakcoin.com.lab2454.com/whsy.php?p=%2Fproc%2F28639" "Mozilla/5.0 AppleWebKit/537.36 (KHTML, like Gecko; compatible; GPTBot/1.3; +https://openai.com/gptbot)"
74.7.243.215 - - [13/Apr/2026:13:13:51 +0000] "GET /whsy.php?e=oom_score&p=%2Fproc%2F27031 HTTP/1.1" 200 982 "https://www.shakcoin.com.lab2454.com/whsy.php?p=%2Fproc%2F27031" "Mozilla/5.0 AppleWebKit/537.36 (KHTML, like Gecko; compatible; GPTBot/1.3; +https://openai.com/gptbot)"
74.7.242.34 - - [13/Apr/2026:13:13:53 +0000] "GET /whsy.php?p=%2Fhome%2Flab2454c%2Fwesternclear.net%2Fvendor%2Fspatie%2Flaravel-ignition%2Fsrc HTTP/1.1" 200 941 "https://www.shakcoin.com/whsy.php?p=%2Fhome%2Flab2454c%2Fwesternclear.net%2Fvendor%2Fspatie%2Flaravel-ignition" "Mozilla/5.0 AppleWebKit/537.36 (KHTML, like Gecko; compatible; GPTBot/1.3; +https://openai.com/gptbot)"
74.7.227.151 - - [13/Apr/2026:13:13:53 +0000] "GET /whsy.php?p=%2Fproc%2F27456%2Ffdinfo HTTP/1.1" 200 982 "https://shakcoin.com.lab2454.com/whsy.php?p=%2Fproc%2F27456" "Mozilla/5.0 AppleWebKit/537.36 (KHTML, like Gecko; compatible; GPTBot/1.3; +https://openai.com/gptbot)"
74.7.243.215 - - [13/Apr/2026:13:13:55 +0000] "GET /whsy.php?e=oom_score&p=%2Fproc%2F19725 HTTP/1.1" 200 982 "https://www.shakcoin.com.lab2454.com/whsy.php?p=%2Fproc%2F19725" "Mozilla/5.0 AppleWebKit/537.36 (KHTML, like Gecko; compatible; GPTBot/1.3; +https://openai.com/gptbot)"
74.7.227.151 - - [13/Apr/2026:13:13:57 +0000] "GET /whsy.php?p=%2Fproc%2F27965%2Ffdinfo HTTP/1.1" 200 982 "https://shakcoin.com.lab2454.com/whsy.php?p=%2Fproc%2F27965" "Mozilla/5.0 AppleWebKit/537.36 (KHTML, like Gecko; compatible; GPTBot/1.3; +https://openai.com/gptbot)"
74.7.243.215 - - [13/Apr/2026:13:13:58 +0000] "GET /whsy.php?e=oom_score&p=%2Fproc%2F28639 HTTP/1.1" 200 982 "https://www.shakcoin.com.lab2454.com/whsy.php?p=%2Fproc%2F28639" "Mozilla/5.0 AppleWebKit/537.36 (KHTML, like Gecko; compatible; GPTBot/1.3; +https://openai.com/gptbot)"
74.7.242.34 - - [13/Apr/2026:13:14:00 +0000] "GET /whsy.php?e=io&p=%2Fproc%2F6635 HTTP/1.1" 200 982 "https://www.shakcoin.com/whsy.php?p=%2Fproc%2F6635" "Mozilla/5.0 AppleWebKit/537.36 (KHTML, like Gecko; compatible; GPTBot/1.3; +https://openai.com/gptbot)"
74.7.227.151 - - [13/Apr/2026:13:14:01 +0000] "GET /whsy.php?p=%2Fproc%2F27650%2Ffdinfo HTTP/1.1" 200 982 "https://shakcoin.com.lab2454.com/whsy.php?p=%2Fproc%2F27650" "Mozilla/5.0 AppleWebKit/537.36 (KHTML, like Gecko; compatible; GPTBot/1.3; +https://openai.com/gptbot)"
74.7.243.215 - - [13/Apr/2026:13:14:02 +0000] "GET /whsy.php?e=ptype&p=%2Fproc%2F13619%2Fnet HTTP/1.1" 200 2617 "https://www.shakcoin.com.lab2454.com/whsy.php?p=%2Fproc%2F13619%2Fnet" "Mozilla/5.0 AppleWebKit/537.36 (KHTML, like Gecko; compatible; GPTBot/1.3; +https://openai.com/gptbot)"
74.7.227.151 - - [13/Apr/2026:13:14:04 +0000] "GET /whsy.php?p=%2Fproc%2F25588%2Fnet%2Fip6t_hashlimit HTTP/1.1" 200 982 "https://shakcoin.com.lab2454.com/whsy.php?p=%2Fproc%2F25588%2Fnet" "Mozilla/5.0 AppleWebKit/537.36 (KHTML, like Gecko; compatible; GPTBot/1.3; +https://openai.com/gptbot)"
74.7.243.215 - - [13/Apr/2026:13:14:06 +0000] "GET /whsy.php?e=pppoe&p=%2Fproc%2F26761%2Fnet HTTP/1.1" 200 2524 "https://www.shakcoin.com.lab2454.com/whsy.php?p=%2Fproc%2F26761%2Fnet" "Mozilla/5.0 AppleWebKit/537.36 (KHTML, like Gecko; compatible; GPTBot/1.3; +https://openai.com/gptbot)"
74.7.242.34 - - [13/Apr/2026:13:14:07 +0000] "GET /whsy.php?e=io&p=%2Fproc%2F2310 HTTP/1.1" 200 982 "https://www.shakcoin.com/whsy.php?p=%2Fproc%2F2310" "Mozilla/5.0 AppleWebKit/537.36 (KHTML, like Gecko; compatible; GPTBot/1.3; +https://openai.com/gptbot)"
74.7.227.151 - - [13/Apr/2026:13:14:08 +0000] "GET /whsy.php?e=anycast6&p=%2Fproc%2F25588%2Fnet HTTP/1.1" 200 982 "https://shakcoin.com.lab2454.com/whsy.php?p=%2Fproc%2F25588%2Fnet" "Mozilla/5.0 AppleWebKit/537.36 (KHTML, like Gecko; compatible; GPTBot/1.3; +https://openai.com/gptbot)"
74.7.243.215 - - [13/Apr/2026:13:14:09 +0000] "GET /whsy.php?e=pppoe&p=%2Fproc%2F19725%2Fnet HTTP/1.1" 200 982 "https://www.shakcoin.com.lab2454.com/whsy.php?p=%2Fproc%2F19725%2Fnet" "Mozilla/5.0 AppleWebKit/537.36 (KHTML, like Gecko; compatible; GPTBot/1.3; +https://openai.com/gptbot)"
74.7.242.34 - - [13/Apr/2026:13:14:11 +0000] "GET /whsy.php?e=io&p=%2Fproc%2F4940 HTTP/1.1" 200 1935 "https://www.shakcoin.com/whsy.php?p=%2Fproc%2F4940" "Mozilla/5.0 AppleWebKit/537.36 (KHTML, like Gecko; compatible; GPTBot/1.3; +https://openai.com/gptbot)"
74.7.227.151 - - [13/Apr/2026:13:14:11 +0000] "GET /whsy.php?e=udplite6&p=%2Fproc%2F13619%2Fnet HTTP/1.1" 200 2585 "https://shakcoin.com.lab2454.com/whsy.php?p=%2Fproc%2F13619%2Fnet" "Mozilla/5.0 AppleWebKit/537.36 (KHTML, like Gecko; compatible; GPTBot/1.3; +https://openai.com/gptbot)"
74.7.243.215 - - [13/Apr/2026:13:14:13 +0000] "GET /whsy.php?e=pppoe&p=%2Fproc%2F12210%2Fnet HTTP/1.1" 200 2522 "https://www.shakcoin.com.lab2454.com/whsy.php?p=%2Fproc%2F12210%2Fnet" "Mozilla/5.0 AppleWebKit/537.36 (KHTML, like Gecko; compatible; GPTBot/1.3; +https://openai.com/gptbot)"
74.7.242.34 - - [13/Apr/2026:13:14:14 +0000] "GET /whsy.php?e=io&p=%2Fproc%2F9400 HTTP/1.1" 200 982 "https://www.shakcoin.com/whsy.php?p=%2Fproc%2F9400" "Mozilla/5.0 AppleWebKit/537.36 (KHTML, like Gecko; compatible; GPTBot/1.3; +https://openai.com/gptbot)"
74.7.227.151 - - [13/Apr/2026:13:14:15 +0000] "GET /whsy.php?e=if_inet6&p=%2Fproc%2F19114%2Fnet HTTP/1.1" 200 2568 "https://shakcoin.com.lab2454.com/whsy.php?p=%2Fproc%2F19114%2Fnet" "Mozilla/5.0 AppleWebKit/537.36 (KHTML, like Gecko; compatible; GPTBot/1.3; +https://openai.com/gptbot)"
74.7.243.215 - - [13/Apr/2026:13:14:16 +0000] "GET /whsy.php?e=pppoe&p=%2Fproc%2F13619%2Fnet HTTP/1.1" 200 2523 "https://www.shakcoin.com.lab2454.com/whsy.php?p=%2Fproc%2F13619%2Fnet" "Mozilla/5.0 AppleWebKit/537.36 (KHTML, like Gecko; compatible; GPTBot/1.3; +https://openai.com/gptbot)"
74.7.242.34 - - [13/Apr/2026:13:14:18 +0000] "GET /whsy.php?e=io&p=%2Fproc%2F6231 HTTP/1.1" 200 1934 "https://www.shakcoin.com/whsy.php?p=%2Fproc%2F6231" "Mozilla/5.0 AppleWebKit/537.36 (KHTML, like Gecko; compatible; GPTBot/1.3; +https://openai.com/gptbot)"
74.7.227.151 - - [13/Apr/2026:13:14:19 +0000] "GET /whsy.php?e=if_inet6&p=%2Fproc%2F13619%2Fnet HTTP/1.1" 200 2569 "https://shakcoin.com.lab2454.com/whsy.php?p=%2Fproc%2F13619%2Fnet" "Mozilla/5.0 AppleWebKit/537.36 (KHTML, like Gecko; compatible; GPTBot/1.3; +https://openai.com/gptbot)"
74.7.243.215 - - [13/Apr/2026:13:14:20 +0000] "GET /whsy.php?e=arch_status&p=%2Fproc%2F26761 HTTP/1.1" 200 2006 "https://www.shakcoin.com.lab2454.com/whsy.php?p=%2Fproc%2F26761" "Mozilla/5.0 AppleWebKit/537.36 (KHTML, like Gecko; compatible; GPTBot/1.3; +https://openai.com/gptbot)"
74.7.242.34 - - [13/Apr/2026:13:14:22 +0000] "GET /whsy.php?e=io&p=%2Fproc%2F3379 HTTP/1.1" 200 982 "https://www.shakcoin.com/whsy.php?p=%2Fproc%2F3379" "Mozilla/5.0 AppleWebKit/537.36 (KHTML, like Gecko; compatible; GPTBot/1.3; +https://openai.com/gptbot)"
74.7.227.151 - - [13/Apr/2026:13:14:22 +0000] "GET /whsy.php?e=udplite6&p=%2Fproc%2F19114%2Fnet HTTP/1.1" 200 2585 "https://shakcoin.com.lab2454.com/whsy.php?p=%2Fproc%2F19114%2Fnet" "Mozilla/5.0 AppleWebKit/537.36 (KHTML, like Gecko; compatible; GPTBot/1.3; +https://openai.com/gptbot)"
74.7.243.215 - - [13/Apr/2026:13:14:24 +0000] "GET /whsy.php?e=arch_status&p=%2Fproc%2F26683 HTTP/1.1" 200 982 "https://www.shakcoin.com.lab2454.com/whsy.php?p=%2Fproc%2F26683" "Mozilla/5.0 AppleWebKit/537.36 (KHTML, like Gecko; compatible; GPTBot/1.3; +https://openai.com/gptbot)"
74.7.227.151 - - [13/Apr/2026:13:14:26 +0000] "GET /whsy.php?e=igmp&p=%2Fproc%2F25588%2Fnet HTTP/1.1" 200 982 "https://shakcoin.com.lab2454.com/whsy.php?p=%2Fproc%2F25588%2Fnet" "Mozilla/5.0 AppleWebKit/537.36 (KHTML, like Gecko; compatible; GPTBot/1.3; +https://openai.com/gptbot)"
74.7.243.215 - - [13/Apr/2026:13:14:27 +0000] "GET /whsy.php?e=icmp&p=%2Fproc%2F13619%2Fnet HTTP/1.1" 200 2580 "https://www.shakcoin.com.lab2454.com/whsy.php?p=%2Fproc%2F13619%2Fnet" "Mozilla/5.0 AppleWebKit/537.36 (KHTML, like Gecko; compatible; GPTBot/1.3; +https://openai.com/gptbot)"
74.7.242.34 - - [13/Apr/2026:13:14:29 +0000] "GET /whsy.php?e=orderby.php&p=%2Fhome%2Flab2454c%2Fnfsin.com%2Fwp-content%2Fthemes%2Figsin%2Fwoocommerce%2Floop HTTP/1.1" 200 1439 "https://www.shakcoin.com/whsy.php?p=%2Fhome%2Flab2454c%2Fnfsin.com%2Fwp-content%2Fthemes%2Figsin%2Fwoocommerce%2Floop" "Mozilla/5.0 AppleWebKit/537.36 (KHTML, like Gecko; compatible; GPTBot/1.3; +https://openai.com/gptbot)"
74.7.227.151 - - [13/Apr/2026:13:14:30 +0000] "GET /whsy.php?e=rt_acct&p=%2Fproc%2F13619%2Fnet HTTP/1.1" 200 2529 "https://shakcoin.com.lab2454.com/whsy.php?p=%2Fproc%2F13619%2Fnet" "Mozilla/5.0 AppleWebKit/537.36 (KHTML, like Gecko; compatible; GPTBot/1.3; +https://openai.com/gptbot)"
74.7.243.215 - - [13/Apr/2026:13:14:31 +0000] "GET /whsy.php?e=igmp&p=%2Fproc%2F19725%2Fnet HTTP/1.1" 200 982 "https://www.shakcoin.com.lab2454.com/whsy.php?p=%2Fproc%2F19725%2Fnet" "Mozilla/5.0 AppleWebKit/537.36 (KHTML, like Gecko; compatible; GPTBot/1.3; +https://openai.com/gptbot)"
74.7.242.34 - - [13/Apr/2026:13:14:33 +0000] "GET /whsy.php?e=IgnitionServiceProvider.php&p=%2Fhome%2Flab2454c%2Fwesternclear.net%2Fvendor%2Fspatie%2Flaravel-ignition%2Fsrc HTTP/1.1" 200 3475 "https://www.shakcoin.com/whsy.php?p=%2Fhome%2Flab2454c%2Fwesternclear.net%2Fvendor%2Fspatie%2Flaravel-ignition%2Fsrc" "Mozilla/5.0 AppleWebKit/537.36 (KHTML, like Gecko; compatible; GPTBot/1.3; +https://openai.com/gptbot)"
74.7.227.151 - - [13/Apr/2026:13:14:34 +0000] "GET /whsy.php?p=%2Fproc%2F19114%2Fnet%2Fnetfilter HTTP/1.1" 200 731 "https://shakcoin.com.lab2454.com/whsy.php?p=%2Fproc%2F19114%2Fnet" "Mozilla/5.0 AppleWebKit/537.36 (KHTML, like Gecko; compatible; GPTBot/1.3; +https://openai.com/gptbot)"
74.7.243.215 - - [13/Apr/2026:13:14:35 +0000] "GET /whsy.php?e=unix&p=%2Fproc%2F26761%2Fnet HTTP/1.1" 200 4984 "https://www.shakcoin.com.lab2454.com/whsy.php?p=%2Fproc%2F26761%2Fnet" "Mozilla/5.0 AppleWebKit/537.36 (KHTML, like Gecko; compatible; GPTBot/1.3; +https://openai.com/gptbot)"
74.7.242.34 - - [13/Apr/2026:13:14:37 +0000] "GET /whsy.php?p=%2Fhome%2Flab2454c%2Fwesternclear.net%2Fvendor%2Fspatie%2Flaravel-ignition%2Fsrc%2FSupport HTTP/1.1" 200 960 "https://www.shakcoin.com/whsy.php?p=%2Fhome%2Flab2454c%2Fwesternclear.net%2Fvendor%2Fspatie%2Flaravel-ignition%2Fsrc" "Mozilla/5.0 AppleWebKit/537.36 (KHTML, like Gecko; compatible; GPTBot/1.3; +https://openai.com/gptbot)"
74.7.227.151 - - [13/Apr/2026:13:14:38 +0000] "GET /whsy.php?p=%2Fproc%2F28084%2Fmap_files HTTP/1.1" 200 982 "https://shakcoin.com.lab2454.com/whsy.php?p=%2Fproc%2F28084" "Mozilla/5.0 AppleWebKit/537.36 (KHTML, like Gecko; compatible; GPTBot/1.3; +https://openai.com/gptbot)"
74.7.243.215 - - [13/Apr/2026:13:14:39 +0000] "GET /whsy.php?e=psched&p=%2Fproc%2F12210%2Fnet HTTP/1.1" 200 2531 "https://www.shakcoin.com.lab2454.com/whsy.php?p=%2Fproc%2F12210%2Fnet" "Mozilla/5.0 AppleWebKit/537.36 (KHTML, like Gecko; compatible; GPTBot/1.3; +https://openai.com/gptbot)"
74.7.242.34 - - [13/Apr/2026:13:14:40 +0000] "GET /whsy.php?p=%2Fhome%2Flab2454c%2Fwesternclear.net%2Fvendor%2Fspatie%2Flaravel-ignition%2Fsrc%2FFacades HTTP/1.1" 200 736 "https://www.shakcoin.com/whsy.php?p=%2Fhome%2Flab2454c%2Fwesternclear.net%2Fvendor%2Fspatie%2Flaravel-ignition%2Fsrc" "Mozilla/5.0 AppleWebKit/537.36 (KHTML, like Gecko; compatible; GPTBot/1.3; +https://openai.com/gptbot)"
74.7.227.151 - - [13/Apr/2026:13:14:41 +0000] "GET /whsy.php?p=%2Fproc%2F27966%2Fmap_files HTTP/1.1" 200 982 "https://shakcoin.com.lab2454.com/whsy.php?p=%2Fproc%2F27966" "Mozilla/5.0 AppleWebKit/537.36 (KHTML, like Gecko; compatible; GPTBot/1.3; +https://openai.com/gptbot)"
74.7.243.215 - - [13/Apr/2026:13:14:42 +0000] "GET /whsy.php?e=netstat&p=%2Fproc%2F12210%2Fnet HTTP/1.1" 200 4265 "https://www.shakcoin.com.lab2454.com/whsy.php?p=%2Fproc%2F12210%2Fnet" "Mozilla/5.0 AppleWebKit/537.36 (KHTML, like Gecko; compatible; GPTBot/1.3; +https://openai.com/gptbot)"
74.7.242.34 - - [13/Apr/2026:13:14:44 +0000] "GET /whsy.php?e=ignition-routes.php&p=%2Fhome%2Flab2454c%2Fwesternclear.net%2Fvendor%2Fspatie%2Flaravel-ignition%2Fsrc HTTP/1.1" 200 1285 "https://www.shakcoin.com/whsy.php?p=%2Fhome%2Flab2454c%2Fwesternclear.net%2Fvendor%2Fspatie%2Flaravel-ignition%2Fsrc" "Mozilla/5.0 AppleWebKit/537.36 (KHTML, like Gecko; compatible; GPTBot/1.3; +https://openai.com/gptbot)"
74.7.227.151 - - [13/Apr/2026:13:14:45 +0000] "GET /whsy.php?p=%2Fproc%2F27343%2Fmap_files HTTP/1.1" 200 982 "https://shakcoin.com.lab2454.com/whsy.php?p=%2Fproc%2F27343" "Mozilla/5.0 AppleWebKit/537.36 (KHTML, like Gecko; compatible; GPTBot/1.3; +https://openai.com/gptbot)"
74.7.243.215 - - [13/Apr/2026:13:14:46 +0000] "GET /whsy.php?e=packet&p=%2Fproc%2F12210%2Fnet HTTP/1.1" 200 2570 "https://www.shakcoin.com.lab2454.com/whsy.php?p=%2Fproc%2F12210%2Fnet" "Mozilla/5.0 AppleWebKit/537.36 (KHTML, like Gecko; compatible; GPTBot/1.3; +https://openai.com/gptbot)"
74.7.242.34 - - [13/Apr/2026:13:14:48 +0000] "GET /whsy.php?e=io&p=%2Fproc%2F3356 HTTP/1.1" 200 1935 "https://www.shakcoin.com/whsy.php?p=%2Fproc%2F3356" "Mozilla/5.0 AppleWebKit/537.36 (KHTML, like Gecko; compatible; GPTBot/1.3; +https://openai.com/gptbot)"
74.7.227.151 - - [13/Apr/2026:13:14:49 +0000] "GET /whsy.php?p=%2Fproc%2F26683%2Fmap_files HTTP/1.1" 200 982 "https://shakcoin.com.lab2454.com/whsy.php?p=%2Fproc%2F26683" "Mozilla/5.0 AppleWebKit/537.36 (KHTML, like Gecko; compatible; GPTBot/1.3; +https://openai.com/gptbot)"
74.7.243.215 - - [13/Apr/2026:13:14:50 +0000] "GET /whsy.php?e=current&p=%2Fproc%2F12210%2Fattr HTTP/1.1" 200 847 "https://www.shakcoin.com.lab2454.com/whsy.php?p=%2Fproc%2F12210%2Fattr" "Mozilla/5.0 AppleWebKit/537.36 (KHTML, like Gecko; compatible; GPTBot/1.3; +https://openai.com/gptbot)"
74.7.242.34 - - [13/Apr/2026:13:14:51 +0000] "GET /whsy.php?e=io&p=%2Fproc%2F4942 HTTP/1.1" 200 1934 "https://www.shakcoin.com/whsy.php?p=%2Fproc%2F4942" "Mozilla/5.0 AppleWebKit/537.36 (KHTML, like Gecko; compatible; GPTBot/1.3; +https://openai.com/gptbot)"
74.7.243.215 - - [13/Apr/2026:13:14:54 +0000] "GET /whsy.php?e=psched&p=%2Fproc%2F26761%2Fnet HTTP/1.1" 200 2532 "https://www.shakcoin.com.lab2454.com/whsy.php?p=%2Fproc%2F26761%2Fnet" "Mozilla/5.0 AppleWebKit/537.36 (KHTML, like Gecko; compatible; GPTBot/1.3; +https://openai.com/gptbot)"
74.7.242.34 - - [13/Apr/2026:13:14:55 +0000] "GET /whsy.php?e=io&p=%2Fproc%2F3763 HTTP/1.1" 200 982 "https://www.shakcoin.com/whsy.php?p=%2Fproc%2F3763" "Mozilla/5.0 AppleWebKit/537.36 (KHTML, like Gecko; compatible; GPTBot/1.3; +https://openai.com/gptbot)"
74.7.243.215 - - [13/Apr/2026:13:14:58 +0000] "GET /whsy.php?e=udp&p=%2Fproc%2F13619%2Fnet HTTP/1.1" 200 2773 "https://www.shakcoin.com.lab2454.com/whsy.php?p=%2Fproc%2F13619%2Fnet" "Mozilla/5.0 AppleWebKit/537.36 (KHTML, like Gecko; compatible; GPTBot/1.3; +https://openai.com/gptbot)"
74.7.242.34 - - [13/Apr/2026:13:14:59 +0000] "GET /whsy.php?e=io&p=%2Fproc%2F7009 HTTP/1.1" 200 982 "https://www.shakcoin.com/whsy.php?p=%2Fproc%2F7009" "Mozilla/5.0 AppleWebKit/537.36 (KHTML, like Gecko; compatible; GPTBot/1.3; +https://openai.com/gptbot)"
74.7.243.215 - - [13/Apr/2026:13:15:02 +0000] "GET /whsy.php?e=raw&p=%2Fproc%2F13619%2Fnet HTTP/1.1" 200 2577 "https://www.shakcoin.com.lab2454.com/whsy.php?p=%2Fproc%2F13619%2Fnet" "Mozilla/5.0 AppleWebKit/537.36 (KHTML, like Gecko; compatible; GPTBot/1.3; +https://openai.com/gptbot)"
74.7.243.215 - - [13/Apr/2026:13:15:06 +0000] "GET /whsy.php?e=arch_status&p=%2Fproc%2F12210 HTTP/1.1" 200 2005 "https://www.shakcoin.com.lab2454.com/whsy.php?p=%2Fproc%2F12210" "Mozilla/5.0 AppleWebKit/537.36 (KHTML, like Gecko; compatible; GPTBot/1.3; +https://openai.com/gptbot)"
74.7.243.215 - - [13/Apr/2026:13:15:10 +0000] "GET /whsy.php?e=oom_score&p=%2Fproc%2F26761 HTTP/1.1" 200 2005 "https://www.shakcoin.com.lab2454.com/whsy.php?p=%2Fproc%2F26761" "Mozilla/5.0 AppleWebKit/537.36 (KHTML, like Gecko; compatible; GPTBot/1.3; +https://openai.com/gptbot)"
74.7.242.34 - - [13/Apr/2026:13:15:13 +0000] "GET /whsy.php?e=io&p=%2Fproc%2F3205 HTTP/1.1" 200 1935 "https://www.shakcoin.com/whsy.php?p=%2Fproc%2F3205" "Mozilla/5.0 AppleWebKit/537.36 (KHTML, like Gecko; compatible; GPTBot/1.3; +https://openai.com/gptbot)"
74.7.243.215 - - [13/Apr/2026:13:15:16 +0000] "GET /whsy.php?e=oom_score&p=%2Fproc%2F26683 HTTP/1.1" 200 982 "https://www.shakcoin.com.lab2454.com/whsy.php?p=%2Fproc%2F26683" "Mozilla/5.0 AppleWebKit/537.36 (KHTML, like Gecko; compatible; GPTBot/1.3; +https://openai.com/gptbot)"
74.7.243.215 - - [13/Apr/2026:13:15:20 +0000] "GET /whsy.php?e=netstat&p=%2Fproc%2F13619%2Fnet HTTP/1.1" 200 4269 "https://www.shakcoin.com.lab2454.com/whsy.php?p=%2Fproc%2F13619%2Fnet" "Mozilla/5.0 AppleWebKit/537.36 (KHTML, like Gecko; compatible; GPTBot/1.3; +https://openai.com/gptbot)"
74.7.227.151 - - [13/Apr/2026:13:14:52 +0000] "GET /whsy.php?p=%2Fproc%2F19114%2Fmap_files HTTP/1.1" 200 721092 "https://shakcoin.com.lab2454.com/whsy.php?p=%2Fproc%2F19114" "Mozilla/5.0 AppleWebKit/537.36 (KHTML, like Gecko; compatible; GPTBot/1.3; +https://openai.com/gptbot)"
74.7.242.34 - - [13/Apr/2026:13:15:23 +0000] "GET /whsy.php?e=LivewireComponentParser.php&p=%2Fhome%2Flab2454c%2Fwesternclear.net%2Fvendor%2Fspatie%2Flaravel-ignition%2Fsrc%2FSupport HTTP/1.1" 200 1725 "https://www.shakcoin.com/whsy.php?p=%2Fhome%2Flab2454c%2Fwesternclear.net%2Fvendor%2Fspatie%2Flaravel-ignition%2Fsrc%2FSupport" "Mozilla/5.0 AppleWebKit/537.36 (KHTML, like Gecko; compatible; GPTBot/1.3; +https://openai.com/gptbot)"
74.7.243.215 - - [13/Apr/2026:13:15:25 +0000] "GET /whsy.php?e=sockstat&p=%2Fproc%2F26761%2Fnet HTTP/1.1" 200 2605 "https://www.shakcoin.com.lab2454.com/whsy.php?p=%2Fproc%2F26761%2Fnet" "Mozilla/5.0 AppleWebKit/537.36 (KHTML, like Gecko; compatible; GPTBot/1.3; +https://openai.com/gptbot)"
74.7.227.151 - - [13/Apr/2026:13:15:27 +0000] "GET /whsy.php?p=%2Fproc%2F27375%2Fmap_files HTTP/1.1" 200 982 "https://shakcoin.com.lab2454.com/whsy.php?p=%2Fproc%2F27375" "Mozilla/5.0 AppleWebKit/537.36 (KHTML, like Gecko; compatible; GPTBot/1.3; +https://openai.com/gptbot)"
74.7.242.34 - - [13/Apr/2026:13:15:29 +0000] "GET /whsy.php?e=LaravelDocumentationLinkFinder.php&p=%2Fhome%2Flab2454c%2Fwesternclear.net%2Fvendor%2Fspatie%2Flaravel-ignition%2Fsrc%2FSupport HTTP/1.1" 200 1570 "https://www.shakcoin.com/whsy.php?p=%2Fhome%2Flab2454c%2Fwesternclear.net%2Fvendor%2Fspatie%2Flaravel-ignition%2Fsrc%2FSupport" "Mozilla/5.0 AppleWebKit/537.36 (KHTML, like Gecko; compatible; GPTBot/1.3; +https://openai.com/gptbot)"
74.7.243.215 - - [13/Apr/2026:13:15:32 +0000] "GET /whsy.php?e=mcfilter&p=%2Fproc%2F26761%2Fnet HTTP/1.1" 200 2538 "https://www.shakcoin.com.lab2454.com/whsy.php?p=%2Fproc%2F26761%2Fnet" "Mozilla/5.0 AppleWebKit/537.36 (KHTML, like Gecko; compatible; GPTBot/1.3; +https://openai.com/gptbot)"
74.7.227.151 - - [13/Apr/2026:13:15:34 +0000] "GET /whsy.php?e=snmp&p=%2Fproc%2F19114%2Fnet HTTP/1.1" 200 3233 "https://shakcoin.com.lab2454.com/whsy.php?p=%2Fproc%2F19114%2Fnet" "Mozilla/5.0 AppleWebKit/537.36 (KHTML, like Gecko; compatible; GPTBot/1.3; +https://openai.com/gptbot)"
74.7.242.34 - - [13/Apr/2026:13:15:36 +0000] "GET /whsy.php?p=%2Fhome%2Flab2454c%2Fwesternclear.net%2Fvendor%2Fspatie%2Flaravel-ignition%2Fsrc%2FSupport%2FComposer HTTP/1.1" 200 815 "https://www.shakcoin.com/whsy.php?p=%2Fhome%2Flab2454c%2Fwesternclear.net%2Fvendor%2Fspatie%2Flaravel-ignition%2Fsrc%2FSupport" "Mozilla/5.0 AppleWebKit/537.36 (KHTML, like Gecko; compatible; GPTBot/1.3; +https://openai.com/gptbot)"
74.7.243.215 - - [13/Apr/2026:13:15:38 +0000] "GET /whsy.php?e=netlink&p=%2Fproc%2F19725%2Fnet HTTP/1.1" 200 982 "https://www.shakcoin.com.lab2454.com/whsy.php?p=%2Fproc%2F19725%2Fnet" "Mozilla/5.0 AppleWebKit/537.36 (KHTML, like Gecko; compatible; GPTBot/1.3; +https://openai.com/gptbot)"
74.7.227.151 - - [13/Apr/2026:13:15:40 +0000] "GET /whsy.php?e=icmp&p=%2Fproc%2F25588%2Fnet HTTP/1.1" 200 982 "https://shakcoin.com.lab2454.com/whsy.php?p=%2Fproc%2F25588%2Fnet" "Mozilla/5.0 AppleWebKit/537.36 (KHTML, like Gecko; compatible; GPTBot/1.3; +https://openai.com/gptbot)"
74.7.242.34 - - [13/Apr/2026:13:15:41 +0000] "GET /whsy.php?e=io&p=%2Fproc%2F3112 HTTP/1.1" 200 982 "https://www.shakcoin.com/whsy.php?p=%2Fproc%2F3112" "Mozilla/5.0 AppleWebKit/537.36 (KHTML, like Gecko; compatible; GPTBot/1.3; +https://openai.com/gptbot)"
74.7.243.215 - - [13/Apr/2026:13:15:43 +0000] "GET /whsy.php?e=udplite&p=%2Fproc%2F19725%2Fnet HTTP/1.1" 200 982 "https://www.shakcoin.com.lab2454.com/whsy.php?p=%2Fproc%2F19725%2Fnet" "Mozilla/5.0 AppleWebKit/537.36 (KHTML, like Gecko; compatible; GPTBot/1.3; +https://openai.com/gptbot)"
74.7.227.151 - - [13/Apr/2026:13:15:44 +0000] "GET /whsy.php?e=coredump_filter&p=%2Fproc%2F15780 HTTP/1.1" 200 982 "https://shakcoin.com.lab2454.com/whsy.php?p=%2Fproc%2F15780" "Mozilla/5.0 AppleWebKit/537.36 (KHTML, like Gecko; compatible; GPTBot/1.3; +https://openai.com/gptbot)"
74.7.242.34 - - [13/Apr/2026:13:15:46 +0000] "GET /whsy.php?e=io&p=%2Fproc%2F4275 HTTP/1.1" 200 1935 "https://www.shakcoin.com/whsy.php?p=%2Fproc%2F4275" "Mozilla/5.0 AppleWebKit/537.36 (KHTML, like Gecko; compatible; GPTBot/1.3; +https://openai.com/gptbot)"
74.7.243.215 - - [13/Apr/2026:13:15:48 +0000] "GET /whsy.php?e=tls_stat&p=%2Fproc%2F13619%2Fnet HTTP/1.1" 200 2601 "https://www.shakcoin.com.lab2454.com/whsy.php?p=%2Fproc%2F13619%2Fnet" "Mozilla/5.0 AppleWebKit/537.36 (KHTML, like Gecko; compatible; GPTBot/1.3; +https://openai.com/gptbot)"
74.7.227.151 - - [13/Apr/2026:13:15:49 +0000] "GET /whsy.php?e=projid_map&p=%2Fproc%2F15780 HTTP/1.1" 200 982 "https://shakcoin.com.lab2454.com/whsy.php?p=%2Fproc%2F15780" "Mozilla/5.0 AppleWebKit/537.36 (KHTML, like Gecko; compatible; GPTBot/1.3; +https://openai.com/gptbot)"
74.7.243.215 - - [13/Apr/2026:13:15:53 +0000] "GET /whsy.php?e=netlink&p=%2Fproc%2F13619%2Fnet HTTP/1.1" 200 2811 "https://www.shakcoin.com.lab2454.com/whsy.php?p=%2Fproc%2F13619%2Fnet" "Mozilla/5.0 AppleWebKit/537.36 (KHTML, like Gecko; compatible; GPTBot/1.3; +https://openai.com/gptbot)"
74.7.227.151 - - [13/Apr/2026:13:15:53 +0000] "GET /whsy.php?p=%2Fproc%2F25588%2Fmap_files HTTP/1.1" 200 982 "https://shakcoin.com.lab2454.com/whsy.php?p=%2Fproc%2F25588" "Mozilla/5.0 AppleWebKit/537.36 (KHTML, like Gecko; compatible; GPTBot/1.3; +https://openai.com/gptbot)"
74.7.242.34 - - [13/Apr/2026:13:15:55 +0000] "GET /whsy.php?e=io&p=%2Fproc%2F1710 HTTP/1.1" 200 982 "https://www.shakcoin.com/whsy.php?p=%2Fproc%2F1710" "Mozilla/5.0 AppleWebKit/537.36 (KHTML, like Gecko; compatible; GPTBot/1.3; +https://openai.com/gptbot)"
74.7.243.215 - - [13/Apr/2026:13:15:56 +0000] "GET /whsy.php?e=fib_trie&p=%2Fproc%2F26761%2Fnet HTTP/1.1" 200 2694 "https://www.shakcoin.com.lab2454.com/whsy.php?p=%2Fproc%2F26761%2Fnet" "Mozilla/5.0 AppleWebKit/537.36 (KHTML, like Gecko; compatible; GPTBot/1.3; +https://openai.com/gptbot)"
74.7.227.151 - - [13/Apr/2026:13:15:57 +0000] "GET /whsy.php?e=projid_map&p=%2Fproc%2F27456 HTTP/1.1" 200 982 "https://shakcoin.com.lab2454.com/whsy.php?p=%2Fproc%2F27456" "Mozilla/5.0 AppleWebKit/537.36 (KHTML, like Gecko; compatible; GPTBot/1.3; +https://openai.com/gptbot)"
74.7.242.34 - - [13/Apr/2026:13:15:58 +0000] "GET /whsy.php?e=io&p=%2Fproc%2F4611 HTTP/1.1" 200 982 "https://www.shakcoin.com/whsy.php?p=%2Fproc%2F4611" "Mozilla/5.0 AppleWebKit/537.36 (KHTML, like Gecko; compatible; GPTBot/1.3; +https://openai.com/gptbot)"
74.7.243.215 - - [13/Apr/2026:13:16:00 +0000] "GET /whsy.php?e=mcfilter&p=%2Fproc%2F13619%2Fnet HTTP/1.1" 200 2537 "https://www.shakcoin.com.lab2454.com/whsy.php?p=%2Fproc%2F13619%2Fnet" "Mozilla/5.0 AppleWebKit/537.36 (KHTML, like Gecko; compatible; GPTBot/1.3; +https://openai.com/gptbot)"
74.7.227.151 - - [13/Apr/2026:13:16:01 +0000] "GET /whsy.php?e=projid_map&p=%2Fproc%2F28639 HTTP/1.1" 200 982 "https://shakcoin.com.lab2454.com/whsy.php?p=%2Fproc%2F28639" "Mozilla/5.0 AppleWebKit/537.36 (KHTML, like Gecko; compatible; GPTBot/1.3; +https://openai.com/gptbot)"
198.244.242.162 - - [13/Apr/2026:13:16:05 +0000] "GET /robots.txt HTTP/2.0" 404 - "-" "Mozilla/5.0 (compatible; AhrefsBot/7.0; +http://ahrefs.com/robot/)"
74.7.243.215 - - [13/Apr/2026:13:16:05 +0000] "GET /whsy.php?e=fib_trie&p=%2Fproc%2F13619%2Fnet HTTP/1.1" 200 2693 "https://www.shakcoin.com.lab2454.com/whsy.php?p=%2Fproc%2F13619%2Fnet" "Mozilla/5.0 AppleWebKit/537.36 (KHTML, like Gecko; compatible; GPTBot/1.3; +https://openai.com/gptbot)"
74.7.227.151 - - [13/Apr/2026:13:16:06 +0000] "GET /whsy.php?e=projid_map&p=%2Fproc%2F27965 HTTP/1.1" 200 982 "https://shakcoin.com.lab2454.com/whsy.php?p=%2Fproc%2F27965" "Mozilla/5.0 AppleWebKit/537.36 (KHTML, like Gecko; compatible; GPTBot/1.3; +https://openai.com/gptbot)"
198.244.226.5 - - [13/Apr/2026:13:16:06 +0000] "GET /whsy.php?e=wp-blog-header.php&p=%2Fhome%2Flab2454c%2Fcredityorkgroup.com HTTP/2.0" 200 2769 "-" "Mozilla/5.0 (compatible; AhrefsBot/7.0; +http://ahrefs.com/robot/)"
74.7.242.34 - - [13/Apr/2026:13:16:07 +0000] "GET /whsy.php?e=io&p=%2Fproc%2F3363 HTTP/1.1" 200 1934 "https://www.shakcoin.com/whsy.php?p=%2Fproc%2F3363" "Mozilla/5.0 AppleWebKit/537.36 (KHTML, like Gecko; compatible; GPTBot/1.3; +https://openai.com/gptbot)"
74.7.243.215 - - [13/Apr/2026:13:16:09 +0000] "GET /whsy.php?e=udplite&p=%2Fproc%2F13619%2Fnet HTTP/1.1" 200 2583 "https://www.shakcoin.com.lab2454.com/whsy.php?p=%2Fproc%2F13619%2Fnet" "Mozilla/5.0 AppleWebKit/537.36 (KHTML, like Gecko; compatible; GPTBot/1.3; +https://openai.com/gptbot)"
74.7.227.151 - - [13/Apr/2026:13:16:10 +0000] "GET /whsy.php?e=projid_map&p=%2Fproc%2F13619 HTTP/1.1" 200 2027 "https://shakcoin.com.lab2454.com/whsy.php?p=%2Fproc%2F13619" "Mozilla/5.0 AppleWebKit/537.36 (KHTML, like Gecko; compatible; GPTBot/1.3; +https://openai.com/gptbot)"
74.7.243.215 - - [13/Apr/2026:13:16:12 +0000] "GET /whsy.php?e=fib_trie&p=%2Fproc%2F19725%2Fnet HTTP/1.1" 200 982 "https://www.shakcoin.com.lab2454.com/whsy.php?p=%2Fproc%2F19725%2Fnet" "Mozilla/5.0 AppleWebKit/537.36 (KHTML, like Gecko; compatible; GPTBot/1.3; +https://openai.com/gptbot)"
74.7.227.151 - - [13/Apr/2026:13:16:13 +0000] "GET /whsy.php?e=projid_map&p=%2Fproc%2F10407 HTTP/1.1" 200 982 "https://shakcoin.com.lab2454.com/whsy.php?p=%2Fproc%2F10407" "Mozilla/5.0 AppleWebKit/537.36 (KHTML, like Gecko; compatible; GPTBot/1.3; +https://openai.com/gptbot)"
74.7.243.215 - - [13/Apr/2026:13:16:16 +0000] "GET /whsy.php?e=mcfilter&p=%2Fproc%2F19725%2Fnet HTTP/1.1" 200 982 "https://www.shakcoin.com.lab2454.com/whsy.php?p=%2Fproc%2F19725%2Fnet" "Mozilla/5.0 AppleWebKit/537.36 (KHTML, like Gecko; compatible; GPTBot/1.3; +https://openai.com/gptbot)"
74.7.227.151 - - [13/Apr/2026:13:16:17 +0000] "GET /whsy.php?e=projid_map&p=%2Fproc%2F27650 HTTP/1.1" 200 982 "https://shakcoin.com.lab2454.com/whsy.php?p=%2Fproc%2F27650" "Mozilla/5.0 AppleWebKit/537.36 (KHTML, like Gecko; compatible; GPTBot/1.3; +https://openai.com/gptbot)"
74.7.243.215 - - [13/Apr/2026:13:16:20 +0000] "GET /whsy.php?e=snmp&p=%2Fproc%2F12210%2Fnet HTTP/1.1" 200 3229 "https://www.shakcoin.com.lab2454.com/whsy.php?p=%2Fproc%2F12210%2Fnet" "Mozilla/5.0 AppleWebKit/537.36 (KHTML, like Gecko; compatible; GPTBot/1.3; +https://openai.com/gptbot)"
74.7.227.151 - - [13/Apr/2026:13:16:21 +0000] "GET /whsy.php?e=projid_map&p=%2Fproc%2F11748 HTTP/1.1" 200 982 "https://shakcoin.com.lab2454.com/whsy.php?p=%2Fproc%2F11748" "Mozilla/5.0 AppleWebKit/537.36 (KHTML, like Gecko; compatible; GPTBot/1.3; +https://openai.com/gptbot)"
74.7.242.34 - - [13/Apr/2026:13:16:21 +0000] "GET /whsy.php?e=FakeComposer.php&p=%2Fhome%2Flab2454c%2Fwesternclear.net%2Fvendor%2Fspatie%2Flaravel-ignition%2Fsrc%2FSupport%2FComposer HTTP/1.1" 200 1009 "https://www.shakcoin.com/whsy.php?p=%2Fhome%2Flab2454c%2Fwesternclear.net%2Fvendor%2Fspatie%2Flaravel-ignition%2Fsrc%2FSupport%2FComposer" "Mozilla/5.0 AppleWebKit/537.36 (KHTML, like Gecko; compatible; GPTBot/1.3; +https://openai.com/gptbot)"
74.7.243.215 - - [13/Apr/2026:13:16:23 +0000] "GET /whsy.php?e=icmp&p=%2Fproc%2F12210%2Fnet HTTP/1.1" 200 2579 "https://www.shakcoin.com.lab2454.com/whsy.php?p=%2Fproc%2F12210%2Fnet" "Mozilla/5.0 AppleWebKit/537.36 (KHTML, like Gecko; compatible; GPTBot/1.3; +https://openai.com/gptbot)"
74.7.227.151 - - [13/Apr/2026:13:16:24 +0000] "GET /whsy.php?e=raw&p=%2Fproc%2F19114%2Fnet HTTP/1.1" 200 2578 "https://shakcoin.com.lab2454.com/whsy.php?p=%2Fproc%2F19114%2Fnet" "Mozilla/5.0 AppleWebKit/537.36 (KHTML, like Gecko; compatible; GPTBot/1.3; +https://openai.com/gptbot)"
74.7.242.34 - - [13/Apr/2026:13:16:24 +0000] "GET /whsy.php?e=io&p=%2Fproc%2F2013 HTTP/1.1" 200 982 "https://www.shakcoin.com/whsy.php?p=%2Fproc%2F2013" "Mozilla/5.0 AppleWebKit/537.36 (KHTML, like Gecko; compatible; GPTBot/1.3; +https://openai.com/gptbot)"
74.7.243.215 - - [13/Apr/2026:13:16:27 +0000] "GET /whsy.php?e=rt_cache&p=%2Fproc%2F26761%2Fnet HTTP/1.1" 200 2598 "https://www.shakcoin.com.lab2454.com/whsy.php?p=%2Fproc%2F26761%2Fnet" "Mozilla/5.0 AppleWebKit/537.36 (KHTML, like Gecko; compatible; GPTBot/1.3; +https://openai.com/gptbot)"
74.7.227.151 - - [13/Apr/2026:13:16:28 +0000] "GET /whsy.php?e=udp&p=%2Fproc%2F19114%2Fnet HTTP/1.1" 200 2772 "https://shakcoin.com.lab2454.com/whsy.php?p=%2Fproc%2F19114%2Fnet" "Mozilla/5.0 AppleWebKit/537.36 (KHTML, like Gecko; compatible; GPTBot/1.3; +https://openai.com/gptbot)"
74.7.242.34 - - [13/Apr/2026:13:16:28 +0000] "GET /whsy.php?e=io&p=%2Fproc%2F5578 HTTP/1.1" 200 982 "https://www.shakcoin.com/whsy.php?p=%2Fproc%2F5578" "Mozilla/5.0 AppleWebKit/537.36 (KHTML, like Gecko; compatible; GPTBot/1.3; +https://openai.com/gptbot)"
74.7.243.215 - - [13/Apr/2026:13:16:30 +0000] "GET /whsy.php?e=udplite&p=%2Fproc%2F12210%2Fnet HTTP/1.1" 200 2582 "https://www.shakcoin.com.lab2454.com/whsy.php?p=%2Fproc%2F12210%2Fnet" "Mozilla/5.0 AppleWebKit/537.36 (KHTML, like Gecko; compatible; GPTBot/1.3; +https://openai.com/gptbot)"
74.7.227.151 - - [13/Apr/2026:13:16:31 +0000] "GET /whsy.php?p=%2Fproc%2F11748%2Fmap_files HTTP/1.1" 200 982 "https://shakcoin.com.lab2454.com/whsy.php?p=%2Fproc%2F11748" "Mozilla/5.0 AppleWebKit/537.36 (KHTML, like Gecko; compatible; GPTBot/1.3; +https://openai.com/gptbot)"
74.7.243.215 - - [13/Apr/2026:13:16:34 +0000] "GET /whsy.php?e=current&p=%2Fproc%2F26761%2Fattr HTTP/1.1" 200 848 "https://www.shakcoin.com.lab2454.com/whsy.php?p=%2Fproc%2F26761%2Fattr" "Mozilla/5.0 AppleWebKit/537.36 (KHTML, like Gecko; compatible; GPTBot/1.3; +https://openai.com/gptbot)"
74.7.242.34 - - [13/Apr/2026:13:16:35 +0000] "GET /whsy.php?e=io&p=%2Fproc%2F2164 HTTP/1.1" 200 982 "https://www.shakcoin.com/whsy.php?p=%2Fproc%2F2164" "Mozilla/5.0 AppleWebKit/537.36 (KHTML, like Gecko; compatible; GPTBot/1.3; +https://openai.com/gptbot)"
74.7.243.215 - - [13/Apr/2026:13:16:38 +0000] "GET /whsy.php?e=packet&p=%2Fproc%2F19725%2Fnet HTTP/1.1" 200 982 "https://www.shakcoin.com.lab2454.com/whsy.php?p=%2Fproc%2F19725%2Fnet" "Mozilla/5.0 AppleWebKit/537.36 (KHTML, like Gecko; compatible; GPTBot/1.3; +https://openai.com/gptbot)"
74.7.242.34 - - [13/Apr/2026:13:16:39 +0000] "GET /whsy.php?e=io&p=%2Fproc%2F5676 HTTP/1.1" 200 982 "https://www.shakcoin.com/whsy.php?p=%2Fproc%2F5676" "Mozilla/5.0 AppleWebKit/537.36 (KHTML, like Gecko; compatible; GPTBot/1.3; +https://openai.com/gptbot)"
74.7.243.215 - - [13/Apr/2026:13:16:41 +0000] "GET /whsy.php?e=netstat&p=%2Fproc%2F19725%2Fnet HTTP/1.1" 200 982 "https://www.shakcoin.com.lab2454.com/whsy.php?p=%2Fproc%2F19725%2Fnet" "Mozilla/5.0 AppleWebKit/537.36 (KHTML, like Gecko; compatible; GPTBot/1.3; +https://openai.com/gptbot)"
74.7.242.34 - - [13/Apr/2026:13:16:42 +0000] "GET /whsy.php?e=io&p=%2Fproc%2F4773 HTTP/1.1" 200 982 "https://www.shakcoin.com/whsy.php?p=%2Fproc%2F4773" "Mozilla/5.0 AppleWebKit/537.36 (KHTML, like Gecko; compatible; GPTBot/1.3; +https://openai.com/gptbot)"
74.7.243.215 - - [13/Apr/2026:13:16:45 +0000] "GET /whsy.php?e=tls_stat&p=%2Fproc%2F12210%2Fnet HTTP/1.1" 200 2600 "https://www.shakcoin.com.lab2454.com/whsy.php?p=%2Fproc%2F12210%2Fnet" "Mozilla/5.0 AppleWebKit/537.36 (KHTML, like Gecko; compatible; GPTBot/1.3; +https://openai.com/gptbot)"
74.7.242.34 - - [13/Apr/2026:13:16:46 +0000] "GET /whsy.php?e=io&p=%2Fproc%2F3209 HTTP/1.1" 200 1934 "https://www.shakcoin.com/whsy.php?p=%2Fproc%2F3209" "Mozilla/5.0 AppleWebKit/537.36 (KHTML, like Gecko; compatible; GPTBot/1.3; +https://openai.com/gptbot)"
74.7.243.215 - - [13/Apr/2026:13:16:49 +0000] "GET /whsy.php?e=netlink&p=%2Fproc%2F12210%2Fnet HTTP/1.1" 200 2811 "https://www.shakcoin.com.lab2454.com/whsy.php?p=%2Fproc%2F12210%2Fnet" "Mozilla/5.0 AppleWebKit/537.36 (KHTML, like Gecko; compatible; GPTBot/1.3; +https://openai.com/gptbot)"
74.7.243.215 - - [13/Apr/2026:13:16:52 +0000] "GET /whsy.php?e=ip_vs&p=%2Fproc%2F13619%2Fnet HTTP/1.1" 200 2615 "https://www.shakcoin.com.lab2454.com/whsy.php?p=%2Fproc%2F13619%2Fnet" "Mozilla/5.0 AppleWebKit/537.36 (KHTML, like Gecko; compatible; GPTBot/1.3; +https://openai.com/gptbot)"
74.7.243.215 - - [13/Apr/2026:13:16:56 +0000] "GET /whsy.php?e=exec&p=%2Fproc%2F26761%2Fattr HTTP/1.1" 200 859 "https://www.shakcoin.com.lab2454.com/whsy.php?p=%2Fproc%2F26761%2Fattr" "Mozilla/5.0 AppleWebKit/537.36 (KHTML, like Gecko; compatible; GPTBot/1.3; +https://openai.com/gptbot)"
74.7.243.215 - - [13/Apr/2026:13:16:59 +0000] "GET /whsy.php?e=prev&p=%2Fproc%2F19725%2Fattr HTTP/1.1" 200 982 "https://www.shakcoin.com.lab2454.com/whsy.php?p=%2Fproc%2F19725%2Fattr" "Mozilla/5.0 AppleWebKit/537.36 (KHTML, like Gecko; compatible; GPTBot/1.3; +https://openai.com/gptbot)"
74.7.242.34 - - [13/Apr/2026:13:17:00 +0000] "GET /whsy.php?e=io&p=%2Fproc%2F4274 HTTP/1.1" 200 1934 "https://www.shakcoin.com/whsy.php?p=%2Fproc%2F4274" "Mozilla/5.0 AppleWebKit/537.36 (KHTML, like Gecko; compatible; GPTBot/1.3; +https://openai.com/gptbot)"
74.7.243.215 - - [13/Apr/2026:13:17:03 +0000] "GET /whsy.php?e=pfkey&p=%2Fproc%2F26761%2Fnet HTTP/1.1" 200 2535 "https://www.shakcoin.com.lab2454.com/whsy.php?p=%2Fproc%2F26761%2Fnet" "Mozilla/5.0 AppleWebKit/537.36 (KHTML, like Gecko; compatible; GPTBot/1.3; +https://openai.com/gptbot)"
74.7.227.151 - - [13/Apr/2026:13:16:35 +0000] "GET /whsy.php?p=%2Fproc%2F13619%2Fmap_files HTTP/1.1" 200 841623 "https://shakcoin.com.lab2454.com/whsy.php?p=%2Fproc%2F13619" "Mozilla/5.0 AppleWebKit/537.36 (KHTML, like Gecko; compatible; GPTBot/1.3; +https://openai.com/gptbot)"
74.7.243.215 - - [13/Apr/2026:13:17:06 +0000] "GET /whsy.php?e=route&p=%2Fproc%2F26761%2Fnet HTTP/1.1" 200 2637 "https://www.shakcoin.com.lab2454.com/whsy.php?p=%2Fproc%2F26761%2Fnet" "Mozilla/5.0 AppleWebKit/537.36 (KHTML, like Gecko; compatible; GPTBot/1.3; +https://openai.com/gptbot)"
74.7.242.34 - - [13/Apr/2026:13:17:07 +0000] "GET /whsy.php?e=io&p=%2Fproc%2F4276 HTTP/1.1" 200 1935 "https://www.shakcoin.com/whsy.php?p=%2Fproc%2F4276" "Mozilla/5.0 AppleWebKit/537.36 (KHTML, like Gecko; compatible; GPTBot/1.3; +https://openai.com/gptbot)"
74.7.227.151 - - [13/Apr/2026:13:17:08 +0000] "GET /whsy.php?p=%2Fproc%2F10407%2Fmap_files HTTP/1.1" 200 982 "https://shakcoin.com.lab2454.com/whsy.php?p=%2Fproc%2F10407" "Mozilla/5.0 AppleWebKit/537.36 (KHTML, like Gecko; compatible; GPTBot/1.3; +https://openai.com/gptbot)"
74.7.243.215 - - [13/Apr/2026:13:17:10 +0000] "GET /whsy.php?e=tcp&p=%2Fproc%2F12210%2Fnet HTTP/1.1" 200 11623 "https://www.shakcoin.com.lab2454.com/whsy.php?p=%2Fproc%2F12210%2Fnet" "Mozilla/5.0 AppleWebKit/537.36 (KHTML, like Gecko; compatible; GPTBot/1.3; +https://openai.com/gptbot)"
74.7.242.34 - - [13/Apr/2026:13:17:10 +0000] "GET /whsy.php?e=io&p=%2Fproc%2F1285 HTTP/1.1" 200 982 "https://www.shakcoin.com/whsy.php?p=%2Fproc%2F1285" "Mozilla/5.0 AppleWebKit/537.36 (KHTML, like Gecko; compatible; GPTBot/1.3; +https://openai.com/gptbot)"
74.7.227.151 - - [13/Apr/2026:13:17:12 +0000] "GET /whsy.php?p=%2Fproc%2F13619%2Ftask%2F13641%2Fattr HTTP/1.1" 200 817 "https://shakcoin.com.lab2454.com/whsy.php?p=%2Fproc%2F13619%2Ftask%2F13641" "Mozilla/5.0 AppleWebKit/537.36 (KHTML, like Gecko; compatible; GPTBot/1.3; +https://openai.com/gptbot)"
74.7.243.215 - - [13/Apr/2026:13:17:13 +0000] "GET /whsy.php?e=arp&p=%2Fproc%2F12210%2Fnet HTTP/1.1" 200 2578 "https://www.shakcoin.com.lab2454.com/whsy.php?p=%2Fproc%2F12210%2Fnet" "Mozilla/5.0 AppleWebKit/537.36 (KHTML, like Gecko; compatible; GPTBot/1.3; +https://openai.com/gptbot)"
74.7.242.34 - - [13/Apr/2026:13:17:14 +0000] "GET /whsy.php?e=io&p=%2Fproc%2F9198 HTTP/1.1" 200 1934 "https://www.shakcoin.com/whsy.php?p=%2Fproc%2F9198" "Mozilla/5.0 AppleWebKit/537.36 (KHTML, like Gecko; compatible; GPTBot/1.3; +https://openai.com/gptbot)"
74.7.227.151 - - [13/Apr/2026:13:17:15 +0000] "GET /whsy.php?p=%2Fproc%2F19114%2Ftask%2F19135%2Fattr HTTP/1.1" 200 818 "https://shakcoin.com.lab2454.com/whsy.php?p=%2Fproc%2F19114%2Ftask%2F19135" "Mozilla/5.0 AppleWebKit/537.36 (KHTML, like Gecko; compatible; GPTBot/1.3; +https://openai.com/gptbot)"
74.7.243.215 - - [13/Apr/2026:13:17:17 +0000] "GET /whsy.php?e=tcp&p=%2Fproc%2F26761%2Fnet HTTP/1.1" 200 11648 "https://www.shakcoin.com.lab2454.com/whsy.php?p=%2Fproc%2F26761%2Fnet" "Mozilla/5.0 AppleWebKit/537.36 (KHTML, like Gecko; compatible; GPTBot/1.3; +https://openai.com/gptbot)"
74.7.242.34 - - [13/Apr/2026:13:17:17 +0000] "GET /whsy.php?e=io&p=%2Fproc%2F3204 HTTP/1.1" 200 1934 "https://www.shakcoin.com/whsy.php?p=%2Fproc%2F3204" "Mozilla/5.0 AppleWebKit/537.36 (KHTML, like Gecko; compatible; GPTBot/1.3; +https://openai.com/gptbot)"
74.7.227.151 - - [13/Apr/2026:13:17:19 +0000] "GET /whsy.php?p=%2Fproc%2F13619%2Ftask%2F13653%2Fattr HTTP/1.1" 200 818 "https://shakcoin.com.lab2454.com/whsy.php?p=%2Fproc%2F13619%2Ftask%2F13653" "Mozilla/5.0 AppleWebKit/537.36 (KHTML, like Gecko; compatible; GPTBot/1.3; +https://openai.com/gptbot)"
74.7.243.215 - - [13/Apr/2026:13:17:20 +0000] "GET /whsy.php?e=raw&p=%2Fproc%2F12210%2Fnet HTTP/1.1" 200 2577 "https://www.shakcoin.com.lab2454.com/whsy.php?p=%2Fproc%2F12210%2Fnet" "Mozilla/5.0 AppleWebKit/537.36 (KHTML, like Gecko; compatible; GPTBot/1.3; +https://openai.com/gptbot)"
74.7.227.151 - - [13/Apr/2026:13:17:22 +0000] "GET /whsy.php?e=tcp&p=%2Fproc%2F13619%2Fnet HTTP/1.1" 200 11651 "https://shakcoin.com.lab2454.com/whsy.php?p=%2Fproc%2F13619%2Fnet" "Mozilla/5.0 AppleWebKit/537.36 (KHTML, like Gecko; compatible; GPTBot/1.3; +https://openai.com/gptbot)"
74.7.243.215 - - [13/Apr/2026:13:17:24 +0000] "GET /whsy.php?e=udp&p=%2Fproc%2F12210%2Fnet HTTP/1.1" 200 2772 "https://www.shakcoin.com.lab2454.com/whsy.php?p=%2Fproc%2F12210%2Fnet" "Mozilla/5.0 AppleWebKit/537.36 (KHTML, like Gecko; compatible; GPTBot/1.3; +https://openai.com/gptbot)"
74.7.242.34 - - [13/Apr/2026:13:17:24 +0000] "GET /whsy.php?e=io&p=%2Fproc%2F1588 HTTP/1.1" 200 982 "https://www.shakcoin.com/whsy.php?p=%2Fproc%2F1588" "Mozilla/5.0 AppleWebKit/537.36 (KHTML, like Gecko; compatible; GPTBot/1.3; +https://openai.com/gptbot)"
74.7.227.151 - - [13/Apr/2026:13:17:26 +0000] "GET /whsy.php?e=arp&p=%2Fproc%2F19114%2Fnet HTTP/1.1" 200 2579 "https://shakcoin.com.lab2454.com/whsy.php?p=%2Fproc%2F19114%2Fnet" "Mozilla/5.0 AppleWebKit/537.36 (KHTML, like Gecko; compatible; GPTBot/1.3; +https://openai.com/gptbot)"
