74.7.243.215 - - [13/Apr/2026:13:17:27 +0000] "GET /whsy.php?e=rt_acct&p=%2Fproc%2F26761%2Fnet HTTP/1.1" 200 2529 "https://www.shakcoin.com.lab2454.com/whsy.php?p=%2Fproc%2F26761%2Fnet" "Mozilla/5.0 AppleWebKit/537.36 (KHTML, like Gecko; compatible; GPTBot/1.3; +https://openai.com/gptbot)"
74.7.242.34 - - [13/Apr/2026:13:17:28 +0000] "GET /whsy.php?e=io&p=%2Fproc%2F1010 HTTP/1.1" 200 1934 "https://www.shakcoin.com/whsy.php?p=%2Fproc%2F1010" "Mozilla/5.0 AppleWebKit/537.36 (KHTML, like Gecko; compatible; GPTBot/1.3; +https://openai.com/gptbot)"
74.7.227.151 - - [13/Apr/2026:13:17:29 +0000] "GET /whsy.php?p=%2Fproc%2F15780%2Ffdinfo HTTP/1.1" 200 982 "https://shakcoin.com.lab2454.com/whsy.php?p=%2Fproc%2F15780" "Mozilla/5.0 AppleWebKit/537.36 (KHTML, like Gecko; compatible; GPTBot/1.3; +https://openai.com/gptbot)"
74.7.243.215 - - [13/Apr/2026:13:17:31 +0000] "GET /whsy.php?e=prev&p=%2Fproc%2F26761%2Fattr HTTP/1.1" 200 859 "https://www.shakcoin.com.lab2454.com/whsy.php?p=%2Fproc%2F26761%2Fattr" "Mozilla/5.0 AppleWebKit/537.36 (KHTML, like Gecko; compatible; GPTBot/1.3; +https://openai.com/gptbot)"
74.7.227.151 - - [13/Apr/2026:13:17:33 +0000] "GET /whsy.php?p=%2Fproc%2F19114%2Fnet%2Fip6t_hashlimit HTTP/1.1" 200 501 "https://shakcoin.com.lab2454.com/whsy.php?p=%2Fproc%2F19114%2Fnet" "Mozilla/5.0 AppleWebKit/537.36 (KHTML, like Gecko; compatible; GPTBot/1.3; +https://openai.com/gptbot)"
74.7.243.215 - - [13/Apr/2026:13:17:35 +0000] "GET /whsy.php?e=tcp&p=%2Fproc%2F19725%2Fnet HTTP/1.1" 200 982 "https://www.shakcoin.com.lab2454.com/whsy.php?p=%2Fproc%2F19725%2Fnet" "Mozilla/5.0 AppleWebKit/537.36 (KHTML, like Gecko; compatible; GPTBot/1.3; +https://openai.com/gptbot)"
74.7.227.151 - - [13/Apr/2026:13:17:37 +0000] "GET /whsy.php?p=%2Fproc%2F13619%2Fnet%2Fip6t_hashlimit HTTP/1.1" 200 501 "https://shakcoin.com.lab2454.com/whsy.php?p=%2Fproc%2F13619%2Fnet" "Mozilla/5.0 AppleWebKit/537.36 (KHTML, like Gecko; compatible; GPTBot/1.3; +https://openai.com/gptbot)"
74.7.243.215 - - [13/Apr/2026:13:17:38 +0000] "GET /whsy.php?e=arp&p=%2Fproc%2F26761%2Fnet HTTP/1.1" 200 2580 "https://www.shakcoin.com.lab2454.com/whsy.php?p=%2Fproc%2F26761%2Fnet" "Mozilla/5.0 AppleWebKit/537.36 (KHTML, like Gecko; compatible; GPTBot/1.3; +https://openai.com/gptbot)"
74.7.242.34 - - [13/Apr/2026:13:17:39 +0000] "GET /whsy.php?e=io&p=%2Fproc%2F3183 HTTP/1.1" 200 1935 "https://www.shakcoin.com/whsy.php?p=%2Fproc%2F3183" "Mozilla/5.0 AppleWebKit/537.36 (KHTML, like Gecko; compatible; GPTBot/1.3; +https://openai.com/gptbot)"
74.7.227.151 - - [13/Apr/2026:13:17:41 +0000] "GET /whsy.php?e=anycast6&p=%2Fproc%2F19114%2Fnet HTTP/1.1" 200 2506 "https://shakcoin.com.lab2454.com/whsy.php?p=%2Fproc%2F19114%2Fnet" "Mozilla/5.0 AppleWebKit/537.36 (KHTML, like Gecko; compatible; GPTBot/1.3; +https://openai.com/gptbot)"
74.7.243.215 - - [13/Apr/2026:13:17:42 +0000] "GET /whsy.php?p=%2Fproc%2F26761%2Fnet%2Fipt_hashlimit HTTP/1.1" 200 500 "https://www.shakcoin.com.lab2454.com/whsy.php?p=%2Fproc%2F26761%2Fnet" "Mozilla/5.0 AppleWebKit/537.36 (KHTML, like Gecko; compatible; GPTBot/1.3; +https://openai.com/gptbot)"
74.7.242.34 - - [13/Apr/2026:13:17:42 +0000] "GET /whsy.php?e=io&p=%2Fproc%2F2776 HTTP/1.1" 200 982 "https://www.shakcoin.com/whsy.php?p=%2Fproc%2F2776" "Mozilla/5.0 AppleWebKit/537.36 (KHTML, like Gecko; compatible; GPTBot/1.3; +https://openai.com/gptbot)"
74.7.227.151 - - [13/Apr/2026:13:17:44 +0000] "GET /whsy.php?e=udplite6&p=%2Fproc%2F25588%2Fnet HTTP/1.1" 200 982 "https://shakcoin.com.lab2454.com/whsy.php?p=%2Fproc%2F25588%2Fnet" "Mozilla/5.0 AppleWebKit/537.36 (KHTML, like Gecko; compatible; GPTBot/1.3; +https://openai.com/gptbot)"
74.7.243.215 - - [13/Apr/2026:13:17:46 +0000] "GET /whsy.php?e=psched&p=%2Fproc%2F13619%2Fnet HTTP/1.1" 200 2532 "https://www.shakcoin.com.lab2454.com/whsy.php?p=%2Fproc%2F13619%2Fnet" "Mozilla/5.0 AppleWebKit/537.36 (KHTML, like Gecko; compatible; GPTBot/1.3; +https://openai.com/gptbot)"
74.7.227.151 - - [13/Apr/2026:13:17:48 +0000] "GET /whsy.php?e=if_inet6&p=%2Fproc%2F25588%2Fnet HTTP/1.1" 200 982 "https://shakcoin.com.lab2454.com/whsy.php?p=%2Fproc%2F25588%2Fnet" "Mozilla/5.0 AppleWebKit/537.36 (KHTML, like Gecko; compatible; GPTBot/1.3; +https://openai.com/gptbot)"
74.7.243.215 - - [13/Apr/2026:13:17:50 +0000] "GET /whsy.php?e=psched&p=%2Fproc%2F19725%2Fnet HTTP/1.1" 200 982 "https://www.shakcoin.com.lab2454.com/whsy.php?p=%2Fproc%2F19725%2Fnet" "Mozilla/5.0 AppleWebKit/537.36 (KHTML, like Gecko; compatible; GPTBot/1.3; +https://openai.com/gptbot)"
74.7.242.34 - - [13/Apr/2026:13:17:50 +0000] "GET /whsy.php?e=io&p=%2Fproc%2F1042 HTTP/1.1" 200 982 "https://www.shakcoin.com/whsy.php?p=%2Fproc%2F1042" "Mozilla/5.0 AppleWebKit/537.36 (KHTML, like Gecko; compatible; GPTBot/1.3; +https://openai.com/gptbot)"
74.7.227.151 - - [13/Apr/2026:13:17:52 +0000] "GET /whsy.php?e=anycast6&p=%2Fproc%2F13619%2Fnet HTTP/1.1" 200 2506 "https://shakcoin.com.lab2454.com/whsy.php?p=%2Fproc%2F13619%2Fnet" "Mozilla/5.0 AppleWebKit/537.36 (KHTML, like Gecko; compatible; GPTBot/1.3; +https://openai.com/gptbot)"
74.7.243.215 - - [13/Apr/2026:13:17:53 +0000] "GET /whsy.php?e=packet&p=%2Fproc%2F26761%2Fnet HTTP/1.1" 200 2571 "https://www.shakcoin.com.lab2454.com/whsy.php?p=%2Fproc%2F26761%2Fnet" "Mozilla/5.0 AppleWebKit/537.36 (KHTML, like Gecko; compatible; GPTBot/1.3; +https://openai.com/gptbot)"
74.7.242.34 - - [13/Apr/2026:13:17:54 +0000] "GET /whsy.php?e=io&p=%2Fproc%2F6797 HTTP/1.1" 200 982 "https://www.shakcoin.com/whsy.php?p=%2Fproc%2F6797" "Mozilla/5.0 AppleWebKit/537.36 (KHTML, like Gecko; compatible; GPTBot/1.3; +https://openai.com/gptbot)"
74.7.227.151 - - [13/Apr/2026:13:17:56 +0000] "GET /whsy.php?p=%2Fproc%2F15780%2Fmap_files HTTP/1.1" 200 982 "https://shakcoin.com.lab2454.com/whsy.php?p=%2Fproc%2F15780" "Mozilla/5.0 AppleWebKit/537.36 (KHTML, like Gecko; compatible; GPTBot/1.3; +https://openai.com/gptbot)"
74.7.243.215 - - [13/Apr/2026:13:17:57 +0000] "GET /whsy.php?p=%2Fproc%2F13123%2Ffdinfo HTTP/1.1" 200 982 "https://www.shakcoin.com.lab2454.com/whsy.php?p=%2Fproc%2F13123" "Mozilla/5.0 AppleWebKit/537.36 (KHTML, like Gecko; compatible; GPTBot/1.3; +https://openai.com/gptbot)"
74.7.243.215 - - [13/Apr/2026:13:18:00 +0000] "GET /whsy.php?p=%2Fproc%2F26683%2Ffdinfo HTTP/1.1" 200 982 "https://www.shakcoin.com.lab2454.com/whsy.php?p=%2Fproc%2F26683" "Mozilla/5.0 AppleWebKit/537.36 (KHTML, like Gecko; compatible; GPTBot/1.3; +https://openai.com/gptbot)"
74.7.242.34 - - [13/Apr/2026:13:18:01 +0000] "GET /whsy.php?e=io&p=%2Fproc%2F3365 HTTP/1.1" 200 1935 "https://www.shakcoin.com/whsy.php?p=%2Fproc%2F3365" "Mozilla/5.0 AppleWebKit/537.36 (KHTML, like Gecko; compatible; GPTBot/1.3; +https://openai.com/gptbot)"
74.7.243.215 - - [13/Apr/2026:13:18:04 +0000] "GET /whsy.php?p=%2Fproc%2F25588%2Ffdinfo HTTP/1.1" 200 982 "https://www.shakcoin.com.lab2454.com/whsy.php?p=%2Fproc%2F25588" "Mozilla/5.0 AppleWebKit/537.36 (KHTML, like Gecko; compatible; GPTBot/1.3; +https://openai.com/gptbot)"
74.7.242.34 - - [13/Apr/2026:13:18:05 +0000] "GET /whsy.php?e=io&p=%2Fproc%2F1011 HTTP/1.1" 200 1934 "https://www.shakcoin.com/whsy.php?p=%2Fproc%2F1011" "Mozilla/5.0 AppleWebKit/537.36 (KHTML, like Gecko; compatible; GPTBot/1.3; +https://openai.com/gptbot)"
74.7.242.34 - - [13/Apr/2026:13:18:11 +0000] "GET /whsy.php?e=io&p=%2Fproc%2F7826 HTTP/1.1" 200 982 "https://www.shakcoin.com/whsy.php?p=%2Fproc%2F7826" "Mozilla/5.0 AppleWebKit/537.36 (KHTML, like Gecko; compatible; GPTBot/1.3; +https://openai.com/gptbot)"
74.7.242.34 - - [13/Apr/2026:13:18:19 +0000] "GET /whsy.php?e=io&p=%2Fproc%2F9094 HTTP/1.1" 200 982 "https://www.shakcoin.com/whsy.php?p=%2Fproc%2F9094" "Mozilla/5.0 AppleWebKit/537.36 (KHTML, like Gecko; compatible; GPTBot/1.3; +https://openai.com/gptbot)"
74.7.227.151 - - [13/Apr/2026:13:17:59 +0000] "GET /whsy.php?p=%2Fproc%2F13619%2Ffdinfo HTTP/1.1" 200 451640 "https://shakcoin.com.lab2454.com/whsy.php?p=%2Fproc%2F13619" "Mozilla/5.0 AppleWebKit/537.36 (KHTML, like Gecko; compatible; GPTBot/1.3; +https://openai.com/gptbot)"
74.7.242.34 - - [13/Apr/2026:13:18:33 +0000] "GET /whsy.php?e=io&p=%2Fproc%2F9303 HTTP/1.1" 200 1934 "https://www.shakcoin.com/whsy.php?p=%2Fproc%2F9303" "Mozilla/5.0 AppleWebKit/537.36 (KHTML, like Gecko; compatible; GPTBot/1.3; +https://openai.com/gptbot)"
74.7.227.151 - - [13/Apr/2026:13:18:35 +0000] "GET /whsy.php?p=%2Fproc%2F11748%2Ffdinfo HTTP/1.1" 200 982 "https://shakcoin.com.lab2454.com/whsy.php?p=%2Fproc%2F11748" "Mozilla/5.0 AppleWebKit/537.36 (KHTML, like Gecko; compatible; GPTBot/1.3; +https://openai.com/gptbot)"
74.7.242.34 - - [13/Apr/2026:13:18:37 +0000] "GET /whsy.php?e=io&p=%2Fproc%2F2785 HTTP/1.1" 200 982 "https://www.shakcoin.com/whsy.php?p=%2Fproc%2F2785" "Mozilla/5.0 AppleWebKit/537.36 (KHTML, like Gecko; compatible; GPTBot/1.3; +https://openai.com/gptbot)"
74.7.227.151 - - [13/Apr/2026:13:18:38 +0000] "GET /whsy.php?p=%2Fproc%2F10407%2Ffdinfo HTTP/1.1" 200 982 "https://shakcoin.com.lab2454.com/whsy.php?p=%2Fproc%2F10407" "Mozilla/5.0 AppleWebKit/537.36 (KHTML, like Gecko; compatible; GPTBot/1.3; +https://openai.com/gptbot)"
74.7.243.215 - - [13/Apr/2026:13:18:11 +0000] "GET /whsy.php?p=%2Fproc%2F12210%2Ffdinfo HTTP/1.1" 200 479690 "https://www.shakcoin.com.lab2454.com/whsy.php?p=%2Fproc%2F12210" "Mozilla/5.0 AppleWebKit/537.36 (KHTML, like Gecko; compatible; GPTBot/1.3; +https://openai.com/gptbot)"
74.7.242.34 - - [13/Apr/2026:13:18:41 +0000] "GET /whsy.php?e=io&p=%2Fproc%2F1289 HTTP/1.1" 200 982 "https://www.shakcoin.com/whsy.php?p=%2Fproc%2F1289" "Mozilla/5.0 AppleWebKit/537.36 (KHTML, like Gecko; compatible; GPTBot/1.3; +https://openai.com/gptbot)"
74.7.227.151 - - [13/Apr/2026:13:18:42 +0000] "GET /whsy.php?e=projid_map&p=%2Fproc%2F19114 HTTP/1.1" 200 2027 "https://shakcoin.com.lab2454.com/whsy.php?p=%2Fproc%2F19114" "Mozilla/5.0 AppleWebKit/537.36 (KHTML, like Gecko; compatible; GPTBot/1.3; +https://openai.com/gptbot)"
74.7.242.34 - - [13/Apr/2026:13:18:44 +0000] "GET /whsy.php?e=io&p=%2Fproc%2F5632 HTTP/1.1" 200 982 "https://www.shakcoin.com/whsy.php?p=%2Fproc%2F5632" "Mozilla/5.0 AppleWebKit/537.36 (KHTML, like Gecko; compatible; GPTBot/1.3; +https://openai.com/gptbot)"
74.7.227.151 - - [13/Apr/2026:13:18:46 +0000] "GET /whsy.php?e=projid_map&p=%2Fproc%2F26683 HTTP/1.1" 200 982 "https://shakcoin.com.lab2454.com/whsy.php?p=%2Fproc%2F26683" "Mozilla/5.0 AppleWebKit/537.36 (KHTML, like Gecko; compatible; GPTBot/1.3; +https://openai.com/gptbot)"
74.7.242.34 - - [13/Apr/2026:13:18:49 +0000] "GET /whsy.php?e=io&p=%2Fproc%2F5004 HTTP/1.1" 200 1935 "https://www.shakcoin.com/whsy.php?p=%2Fproc%2F5004" "Mozilla/5.0 AppleWebKit/537.36 (KHTML, like Gecko; compatible; GPTBot/1.3; +https://openai.com/gptbot)"
74.7.227.151 - - [13/Apr/2026:13:18:50 +0000] "GET /whsy.php?e=projid_map&p=%2Fproc%2F27343 HTTP/1.1" 200 982 "https://shakcoin.com.lab2454.com/whsy.php?p=%2Fproc%2F27343" "Mozilla/5.0 AppleWebKit/537.36 (KHTML, like Gecko; compatible; GPTBot/1.3; +https://openai.com/gptbot)"
74.7.242.34 - - [13/Apr/2026:13:18:53 +0000] "GET /whsy.php?e=io&p=%2Fproc%2F6274 HTTP/1.1" 200 982 "https://www.shakcoin.com/whsy.php?p=%2Fproc%2F6274" "Mozilla/5.0 AppleWebKit/537.36 (KHTML, like Gecko; compatible; GPTBot/1.3; +https://openai.com/gptbot)"
74.7.227.151 - - [13/Apr/2026:13:18:54 +0000] "GET /whsy.php?e=projid_map&p=%2Fproc%2F28084 HTTP/1.1" 200 982 "https://shakcoin.com.lab2454.com/whsy.php?p=%2Fproc%2F28084" "Mozilla/5.0 AppleWebKit/537.36 (KHTML, like Gecko; compatible; GPTBot/1.3; +https://openai.com/gptbot)"
74.7.227.151 - - [13/Apr/2026:13:18:58 +0000] "GET /whsy.php?e=projid_map&p=%2Fproc%2F25588 HTTP/1.1" 200 982 "https://shakcoin.com.lab2454.com/whsy.php?p=%2Fproc%2F25588" "Mozilla/5.0 AppleWebKit/537.36 (KHTML, like Gecko; compatible; GPTBot/1.3; +https://openai.com/gptbot)"
74.7.227.151 - - [13/Apr/2026:13:19:01 +0000] "GET /whsy.php?e=projid_map&p=%2Fproc%2F27966 HTTP/1.1" 200 982 "https://shakcoin.com.lab2454.com/whsy.php?p=%2Fproc%2F27966" "Mozilla/5.0 AppleWebKit/537.36 (KHTML, like Gecko; compatible; GPTBot/1.3; +https://openai.com/gptbot)"
74.7.227.151 - - [13/Apr/2026:13:19:05 +0000] "GET /whsy.php?e=projid_map&p=%2Fproc%2F27375 HTTP/1.1" 200 982 "https://shakcoin.com.lab2454.com/whsy.php?p=%2Fproc%2F27375" "Mozilla/5.0 AppleWebKit/537.36 (KHTML, like Gecko; compatible; GPTBot/1.3; +https://openai.com/gptbot)"
74.7.242.34 - - [13/Apr/2026:13:19:07 +0000] "GET /whsy.php?e=io&p=%2Fproc%2F3400 HTTP/1.1" 200 982 "https://www.shakcoin.com/whsy.php?p=%2Fproc%2F3400" "Mozilla/5.0 AppleWebKit/537.36 (KHTML, like Gecko; compatible; GPTBot/1.3; +https://openai.com/gptbot)"
74.7.227.151 - - [13/Apr/2026:13:19:09 +0000] "GET /whsy.php?e=ksm_merging_pages&p=%2Fproc%2F15780 HTTP/1.1" 200 982 "https://shakcoin.com.lab2454.com/whsy.php?p=%2Fproc%2F15780" "Mozilla/5.0 AppleWebKit/537.36 (KHTML, like Gecko; compatible; GPTBot/1.3; +https://openai.com/gptbot)"
74.7.242.34 - - [13/Apr/2026:13:19:11 +0000] "GET /whsy.php?e=io&p=%2Fproc%2F4820 HTTP/1.1" 200 982 "https://www.shakcoin.com/whsy.php?p=%2Fproc%2F4820" "Mozilla/5.0 AppleWebKit/537.36 (KHTML, like Gecko; compatible; GPTBot/1.3; +https://openai.com/gptbot)"
74.7.227.151 - - [13/Apr/2026:13:19:13 +0000] "GET /whsy.php?p=%2Fproc%2F19114%2Ftask%2F19135%2Fnet HTTP/1.1" 200 2467 "https://shakcoin.com.lab2454.com/whsy.php?p=%2Fproc%2F19114%2Ftask%2F19135" "Mozilla/5.0 AppleWebKit/537.36 (KHTML, like Gecko; compatible; GPTBot/1.3; +https://openai.com/gptbot)"
74.7.243.215 - - [13/Apr/2026:13:18:44 +0000] "GET /whsy.php?p=%2Fproc%2F26761%2Ffdinfo HTTP/1.1" 200 718370 "https://www.shakcoin.com.lab2454.com/whsy.php?p=%2Fproc%2F26761" "Mozilla/5.0 AppleWebKit/537.36 (KHTML, like Gecko; compatible; GPTBot/1.3; +https://openai.com/gptbot)"
74.7.242.34 - - [13/Apr/2026:13:19:16 +0000] "GET /whsy.php?e=io&p=%2Fproc%2F6023 HTTP/1.1" 200 1934 "https://www.shakcoin.com/whsy.php?p=%2Fproc%2F6023" "Mozilla/5.0 AppleWebKit/537.36 (KHTML, like Gecko; compatible; GPTBot/1.3; +https://openai.com/gptbot)"
74.7.227.151 - - [13/Apr/2026:13:19:18 +0000] "GET /whsy.php?e=sockcreate&p=%2Fproc%2F19114%2Fattr HTTP/1.1" 200 863 "https://shakcoin.com.lab2454.com/whsy.php?p=%2Fproc%2F19114%2Fattr" "Mozilla/5.0 AppleWebKit/537.36 (KHTML, like Gecko; compatible; GPTBot/1.3; +https://openai.com/gptbot)"
74.7.243.215 - - [13/Apr/2026:13:19:18 +0000] "GET /whsy.php?p=%2Fproc%2F19725%2Fnet%2Fip6t_hashlimit HTTP/1.1" 200 982 "https://www.shakcoin.com.lab2454.com/whsy.php?p=%2Fproc%2F19725%2Fnet" "Mozilla/5.0 AppleWebKit/537.36 (KHTML, like Gecko; compatible; GPTBot/1.3; +https://openai.com/gptbot)"
74.7.242.34 - - [13/Apr/2026:13:19:23 +0000] "GET /whsy.php?e=io&p=%2Fproc%2F5192 HTTP/1.1" 200 1935 "https://www.shakcoin.com/whsy.php?p=%2Fproc%2F5192" "Mozilla/5.0 AppleWebKit/537.36 (KHTML, like Gecko; compatible; GPTBot/1.3; +https://openai.com/gptbot)"
74.7.227.151 - - [13/Apr/2026:13:19:25 +0000] "GET /whsy.php?p=%2Fproc%2F13619%2Ftask%2F13641%2Fnet HTTP/1.1" 200 2466 "https://shakcoin.com.lab2454.com/whsy.php?p=%2Fproc%2F13619%2Ftask%2F13641" "Mozilla/5.0 AppleWebKit/537.36 (KHTML, like Gecko; compatible; GPTBot/1.3; +https://openai.com/gptbot)"
74.7.243.215 - - [13/Apr/2026:13:19:25 +0000] "GET /whsy.php?e=sockstat&p=%2Fproc%2F12210%2Fnet HTTP/1.1" 200 982 "https://www.shakcoin.com.lab2454.com/whsy.php?p=%2Fproc%2F12210%2Fnet" "Mozilla/5.0 AppleWebKit/537.36 (KHTML, like Gecko; compatible; GPTBot/1.3; +https://openai.com/gptbot)"
74.7.242.34 - - [13/Apr/2026:13:19:34 +0000] "GET /whsy.php?e=io&p=%2Fproc%2F9402 HTTP/1.1" 200 982 "https://www.shakcoin.com/whsy.php?p=%2Fproc%2F9402" "Mozilla/5.0 AppleWebKit/537.36 (KHTML, like Gecko; compatible; GPTBot/1.3; +https://openai.com/gptbot)"
74.7.227.151 - - [13/Apr/2026:13:19:39 +0000] "GET /whsy.php?p=%2Fproc%2F13619%2Ftask%2F13653%2Fnet HTTP/1.1" 200 2468 "https://shakcoin.com.lab2454.com/whsy.php?p=%2Fproc%2F13619%2Ftask%2F13653" "Mozilla/5.0 AppleWebKit/537.36 (KHTML, like Gecko; compatible; GPTBot/1.3; +https://openai.com/gptbot)"
74.7.243.215 - - [13/Apr/2026:13:19:39 +0000] "GET /whsy.php?e=netstat&p=%2Fproc%2F26761%2Fnet HTTP/1.1" 200 4266 "https://www.shakcoin.com.lab2454.com/whsy.php?p=%2Fproc%2F26761%2Fnet" "Mozilla/5.0 AppleWebKit/537.36 (KHTML, like Gecko; compatible; GPTBot/1.3; +https://openai.com/gptbot)"
74.7.242.34 - - [13/Apr/2026:13:19:43 +0000] "GET /whsy.php?e=io&p=%2Fproc%2F4256 HTTP/1.1" 200 1935 "https://www.shakcoin.com/whsy.php?p=%2Fproc%2F4256" "Mozilla/5.0 AppleWebKit/537.36 (KHTML, like Gecko; compatible; GPTBot/1.3; +https://openai.com/gptbot)"
74.7.227.151 - - [13/Apr/2026:13:19:45 +0000] "GET /whsy.php?p=%2Fproc%2F27456%2Fmap_files HTTP/1.1" 200 982 "https://shakcoin.com.lab2454.com/whsy.php?p=%2Fproc%2F27456" "Mozilla/5.0 AppleWebKit/537.36 (KHTML, like Gecko; compatible; GPTBot/1.3; +https://openai.com/gptbot)"
74.7.243.215 - - [13/Apr/2026:13:19:45 +0000] "GET /whsy.php?e=rt_cache&p=%2Fproc%2F12210%2Fnet HTTP/1.1" 200 982 "https://www.shakcoin.com.lab2454.com/whsy.php?p=%2Fproc%2F12210%2Fnet" "Mozilla/5.0 AppleWebKit/537.36 (KHTML, like Gecko; compatible; GPTBot/1.3; +https://openai.com/gptbot)"
74.7.242.34 - - [13/Apr/2026:13:19:48 +0000] "GET /whsy.php?e=io&p=%2Fproc%2F9898 HTTP/1.1" 200 982 "https://www.shakcoin.com/whsy.php?p=%2Fproc%2F9898" "Mozilla/5.0 AppleWebKit/537.36 (KHTML, like Gecko; compatible; GPTBot/1.3; +https://openai.com/gptbot)"
74.7.227.151 - - [13/Apr/2026:13:19:50 +0000] "GET /whsy.php?p=%2Fproc%2F27650%2Fmap_files HTTP/1.1" 200 982 "https://shakcoin.com.lab2454.com/whsy.php?p=%2Fproc%2F27650" "Mozilla/5.0 AppleWebKit/537.36 (KHTML, like Gecko; compatible; GPTBot/1.3; +https://openai.com/gptbot)"
74.7.243.215 - - [13/Apr/2026:13:19:50 +0000] "GET /whsy.php?e=rt_cache&p=%2Fproc%2F13619%2Fnet HTTP/1.1" 200 2598 "https://www.shakcoin.com.lab2454.com/whsy.php?p=%2Fproc%2F13619%2Fnet" "Mozilla/5.0 AppleWebKit/537.36 (KHTML, like Gecko; compatible; GPTBot/1.3; +https://openai.com/gptbot)"
74.7.227.151 - - [13/Apr/2026:13:19:55 +0000] "GET /whsy.php?p=%2Fproc%2F11033%2Fmap_files HTTP/1.1" 200 982 "https://shakcoin.com.lab2454.com/whsy.php?p=%2Fproc%2F11033" "Mozilla/5.0 AppleWebKit/537.36 (KHTML, like Gecko; compatible; GPTBot/1.3; +https://openai.com/gptbot)"
74.7.243.215 - - [13/Apr/2026:13:19:56 +0000] "GET /whsy.php?e=tls_stat&p=%2Fproc%2F26761%2Fnet HTTP/1.1" 200 2601 "https://www.shakcoin.com.lab2454.com/whsy.php?p=%2Fproc%2F26761%2Fnet" "Mozilla/5.0 AppleWebKit/537.36 (KHTML, like Gecko; compatible; GPTBot/1.3; +https://openai.com/gptbot)"
74.7.227.151 - - [13/Apr/2026:13:20:00 +0000] "GET /whsy.php?p=%2Fproc%2F17167%2Fmap_files HTTP/1.1" 200 982 "https://shakcoin.com.lab2454.com/whsy.php?p=%2Fproc%2F17167" "Mozilla/5.0 AppleWebKit/537.36 (KHTML, like Gecko; compatible; GPTBot/1.3; +https://openai.com/gptbot)"
74.7.243.215 - - [13/Apr/2026:13:20:00 +0000] "GET /whsy.php?e=udplite&p=%2Fproc%2F26761%2Fnet HTTP/1.1" 200 982 "https://www.shakcoin.com.lab2454.com/whsy.php?p=%2Fproc%2F26761%2Fnet" "Mozilla/5.0 AppleWebKit/537.36 (KHTML, like Gecko; compatible; GPTBot/1.3; +https://openai.com/gptbot)"
74.7.242.34 - - [13/Apr/2026:13:20:02 +0000] "GET /whsy.php?e=io&p=%2Fproc%2F7875 HTTP/1.1" 200 982 "https://www.shakcoin.com/whsy.php?p=%2Fproc%2F7875" "Mozilla/5.0 AppleWebKit/537.36 (KHTML, like Gecko; compatible; GPTBot/1.3; +https://openai.com/gptbot)"
74.7.227.151 - - [13/Apr/2026:13:20:03 +0000] "GET /whsy.php?p=%2Fproc%2F28639%2Fmap_files HTTP/1.1" 200 982 "https://shakcoin.com.lab2454.com/whsy.php?p=%2Fproc%2F28639" "Mozilla/5.0 AppleWebKit/537.36 (KHTML, like Gecko; compatible; GPTBot/1.3; +https://openai.com/gptbot)"
74.7.243.215 - - [13/Apr/2026:13:20:04 +0000] "GET /whsy.php?e=current&p=%2Fproc%2F13619%2Fattr HTTP/1.1" 200 848 "https://www.shakcoin.com.lab2454.com/whsy.php?p=%2Fproc%2F13619%2Fattr" "Mozilla/5.0 AppleWebKit/537.36 (KHTML, like Gecko; compatible; GPTBot/1.3; +https://openai.com/gptbot)"
74.7.242.34 - - [13/Apr/2026:13:20:06 +0000] "GET /whsy.php?e=io&p=%2Fproc%2F5207 HTTP/1.1" 200 1935 "https://www.shakcoin.com/whsy.php?p=%2Fproc%2F5207" "Mozilla/5.0 AppleWebKit/537.36 (KHTML, like Gecko; compatible; GPTBot/1.3; +https://openai.com/gptbot)"
74.7.227.151 - - [13/Apr/2026:13:20:07 +0000] "GET /whsy.php?p=%2Fproc%2F27965%2Fmap_files HTTP/1.1" 200 982 "https://shakcoin.com.lab2454.com/whsy.php?p=%2Fproc%2F27965" "Mozilla/5.0 AppleWebKit/537.36 (KHTML, like Gecko; compatible; GPTBot/1.3; +https://openai.com/gptbot)"
74.7.243.215 - - [13/Apr/2026:13:20:07 +0000] "GET /whsy.php?e=sockstat&p=%2Fproc%2F19725%2Fnet HTTP/1.1" 200 982 "https://www.shakcoin.com.lab2454.com/whsy.php?p=%2Fproc%2F19725%2Fnet" "Mozilla/5.0 AppleWebKit/537.36 (KHTML, like Gecko; compatible; GPTBot/1.3; +https://openai.com/gptbot)"
74.7.242.34 - - [13/Apr/2026:13:20:09 +0000] "GET /whsy.php?e=io&p=%2Fproc%2F8814 HTTP/1.1" 200 982 "https://www.shakcoin.com/whsy.php?p=%2Fproc%2F8814" "Mozilla/5.0 AppleWebKit/537.36 (KHTML, like Gecko; compatible; GPTBot/1.3; +https://openai.com/gptbot)"
74.7.227.151 - - [13/Apr/2026:13:20:11 +0000] "GET /whsy.php?e=coredump_filter&p=%2Fproc%2F27650 HTTP/1.1" 200 982 "https://shakcoin.com.lab2454.com/whsy.php?p=%2Fproc%2F27650" "Mozilla/5.0 AppleWebKit/537.36 (KHTML, like Gecko; compatible; GPTBot/1.3; +https://openai.com/gptbot)"
74.7.243.215 - - [13/Apr/2026:13:20:11 +0000] "GET /whsy.php?e=netlink&p=%2Fproc%2F26761%2Fnet HTTP/1.1" 200 982 "https://www.shakcoin.com.lab2454.com/whsy.php?p=%2Fproc%2F26761%2Fnet" "Mozilla/5.0 AppleWebKit/537.36 (KHTML, like Gecko; compatible; GPTBot/1.3; +https://openai.com/gptbot)"
74.7.227.151 - - [13/Apr/2026:13:20:14 +0000] "GET /whsy.php?e=coredump_filter&p=%2Fproc%2F11033 HTTP/1.1" 200 982 "https://shakcoin.com.lab2454.com/whsy.php?p=%2Fproc%2F11033" "Mozilla/5.0 AppleWebKit/537.36 (KHTML, like Gecko; compatible; GPTBot/1.3; +https://openai.com/gptbot)"
74.7.243.215 - - [13/Apr/2026:13:20:14 +0000] "GET /whsy.php?e=fib_trie&p=%2Fproc%2F12210%2Fnet HTTP/1.1" 200 982 "https://www.shakcoin.com.lab2454.com/whsy.php?p=%2Fproc%2F12210%2Fnet" "Mozilla/5.0 AppleWebKit/537.36 (KHTML, like Gecko; compatible; GPTBot/1.3; +https://openai.com/gptbot)"
74.7.242.34 - - [13/Apr/2026:13:20:16 +0000] "GET /whsy.php?e=io&p=%2Fproc%2F3955 HTTP/1.1" 200 982 "https://www.shakcoin.com/whsy.php?p=%2Fproc%2F3955" "Mozilla/5.0 AppleWebKit/537.36 (KHTML, like Gecko; compatible; GPTBot/1.3; +https://openai.com/gptbot)"
74.7.227.151 - - [13/Apr/2026:13:20:17 +0000] "GET /whsy.php?e=coredump_filter&p=%2Fproc%2F10407 HTTP/1.1" 200 982 "https://shakcoin.com.lab2454.com/whsy.php?p=%2Fproc%2F10407" "Mozilla/5.0 AppleWebKit/537.36 (KHTML, like Gecko; compatible; GPTBot/1.3; +https://openai.com/gptbot)"
74.7.243.215 - - [13/Apr/2026:13:20:18 +0000] "GET /whsy.php?e=tls_stat&p=%2Fproc%2F19725%2Fnet HTTP/1.1" 200 982 "https://www.shakcoin.com.lab2454.com/whsy.php?p=%2Fproc%2F19725%2Fnet" "Mozilla/5.0 AppleWebKit/537.36 (KHTML, like Gecko; compatible; GPTBot/1.3; +https://openai.com/gptbot)"
74.7.227.151 - - [13/Apr/2026:13:20:21 +0000] "GET /whsy.php?e=coredump_filter&p=%2Fproc%2F27965 HTTP/1.1" 200 982 "https://shakcoin.com.lab2454.com/whsy.php?p=%2Fproc%2F27965" "Mozilla/5.0 AppleWebKit/537.36 (KHTML, like Gecko; compatible; GPTBot/1.3; +https://openai.com/gptbot)"
74.7.243.215 - - [13/Apr/2026:13:20:21 +0000] "GET /whsy.php?e=sockstat&p=%2Fproc%2F13619%2Fnet HTTP/1.1" 200 2603 "https://www.shakcoin.com.lab2454.com/whsy.php?p=%2Fproc%2F13619%2Fnet" "Mozilla/5.0 AppleWebKit/537.36 (KHTML, like Gecko; compatible; GPTBot/1.3; +https://openai.com/gptbot)"
74.7.242.34 - - [13/Apr/2026:13:20:23 +0000] "GET /whsy.php?e=io&p=%2Fproc%2F5358 HTTP/1.1" 200 982 "https://www.shakcoin.com/whsy.php?p=%2Fproc%2F5358" "Mozilla/5.0 AppleWebKit/537.36 (KHTML, like Gecko; compatible; GPTBot/1.3; +https://openai.com/gptbot)"
74.7.227.151 - - [13/Apr/2026:13:20:24 +0000] "GET /whsy.php?p=%2Fproc%2F13619%2Ftask%2F13653%2Fnet%2Fvlan HTTP/1.1" 200 684 "https://shakcoin.com.lab2454.com/whsy.php?p=%2Fproc%2F13619%2Ftask%2F13653%2Fnet" "Mozilla/5.0 AppleWebKit/537.36 (KHTML, like Gecko; compatible; GPTBot/1.3; +https://openai.com/gptbot)"
74.7.243.215 - - [13/Apr/2026:13:20:25 +0000] "GET /whsy.php?e=mcfilter&p=%2Fproc%2F12210%2Fnet HTTP/1.1" 200 982 "https://www.shakcoin.com.lab2454.com/whsy.php?p=%2Fproc%2F12210%2Fnet" "Mozilla/5.0 AppleWebKit/537.36 (KHTML, like Gecko; compatible; GPTBot/1.3; +https://openai.com/gptbot)"
198.244.183.173 - - [13/Apr/2026:13:20:26 +0000] "GET /whsy.php?e=webpack.mix.js&p=%2Fhome%2Flab2454c%2Fcredityorkgroup.com HTTP/2.0" 200 1642 "-" "Mozilla/5.0 (compatible; AhrefsBot/7.0; +http://ahrefs.com/robot/)"
74.7.227.151 - - [13/Apr/2026:13:20:28 +0000] "GET /whsy.php?e=coredump_filter&p=%2Fproc%2F27456 HTTP/1.1" 200 982 "https://shakcoin.com.lab2454.com/whsy.php?p=%2Fproc%2F27456" "Mozilla/5.0 AppleWebKit/537.36 (KHTML, like Gecko; compatible; GPTBot/1.3; +https://openai.com/gptbot)"
74.7.243.215 - - [13/Apr/2026:13:20:28 +0000] "GET /whsy.php?e=rt_cache&p=%2Fproc%2F19725%2Fnet HTTP/1.1" 200 982 "https://www.shakcoin.com.lab2454.com/whsy.php?p=%2Fproc%2F19725%2Fnet" "Mozilla/5.0 AppleWebKit/537.36 (KHTML, like Gecko; compatible; GPTBot/1.3; +https://openai.com/gptbot)"
74.7.227.151 - - [13/Apr/2026:13:20:31 +0000] "GET /whsy.php?e=coredump_filter&p=%2Fproc%2F28639 HTTP/1.1" 200 982 "https://shakcoin.com.lab2454.com/whsy.php?p=%2Fproc%2F28639" "Mozilla/5.0 AppleWebKit/537.36 (KHTML, like Gecko; compatible; GPTBot/1.3; +https://openai.com/gptbot)"
74.7.243.215 - - [13/Apr/2026:13:20:32 +0000] "GET /whsy.php?e=current&p=%2Fproc%2F19725%2Fattr HTTP/1.1" 200 982 "https://www.shakcoin.com.lab2454.com/whsy.php?p=%2Fproc%2F19725%2Fattr" "Mozilla/5.0 AppleWebKit/537.36 (KHTML, like Gecko; compatible; GPTBot/1.3; +https://openai.com/gptbot)"
74.7.242.34 - - [13/Apr/2026:13:20:33 +0000] "GET /whsy.php?e=io&p=%2Fproc%2F4941 HTTP/1.1" 200 1934 "https://www.shakcoin.com/whsy.php?p=%2Fproc%2F4941" "Mozilla/5.0 AppleWebKit/537.36 (KHTML, like Gecko; compatible; GPTBot/1.3; +https://openai.com/gptbot)"
74.7.227.151 - - [13/Apr/2026:13:20:35 +0000] "GET /whsy.php?e=coredump_filter&p=%2Fproc%2F11748 HTTP/1.1" 200 982 "https://shakcoin.com.lab2454.com/whsy.php?p=%2Fproc%2F11748" "Mozilla/5.0 AppleWebKit/537.36 (KHTML, like Gecko; compatible; GPTBot/1.3; +https://openai.com/gptbot)"
74.7.243.215 - - [13/Apr/2026:13:20:35 +0000] "GET /whsy.php?p=%2Fproc%2F19725%2Fnet%2Fipt_hashlimit HTTP/1.1" 200 982 "https://www.shakcoin.com.lab2454.com/whsy.php?p=%2Fproc%2F19725%2Fnet" "Mozilla/5.0 AppleWebKit/537.36 (KHTML, like Gecko; compatible; GPTBot/1.3; +https://openai.com/gptbot)"
74.7.242.34 - - [13/Apr/2026:13:20:37 +0000] "GET /whsy.php?e=io&p=%2Fproc%2F8986 HTTP/1.1" 200 982 "https://www.shakcoin.com/whsy.php?p=%2Fproc%2F8986" "Mozilla/5.0 AppleWebKit/537.36 (KHTML, like Gecko; compatible; GPTBot/1.3; +https://openai.com/gptbot)"
74.7.227.151 - - [13/Apr/2026:13:20:40 +0000] "GET /whsy.php?e=coredump_filter&p=%2Fproc%2F17167 HTTP/1.1" 200 982 "https://shakcoin.com.lab2454.com/whsy.php?p=%2Fproc%2F17167" "Mozilla/5.0 AppleWebKit/537.36 (KHTML, like Gecko; compatible; GPTBot/1.3; +https://openai.com/gptbot)"
74.7.243.215 - - [13/Apr/2026:13:20:40 +0000] "GET /whsy.php?p=%2Fproc%2F13619%2Fnet%2Fipt_hashlimit HTTP/1.1" 200 500 "https://www.shakcoin.com.lab2454.com/whsy.php?p=%2Fproc%2F13619%2Fnet" "Mozilla/5.0 AppleWebKit/537.36 (KHTML, like Gecko; compatible; GPTBot/1.3; +https://openai.com/gptbot)"
74.7.242.34 - - [13/Apr/2026:13:20:42 +0000] "GET /whsy.php?e=io&p=%2Fproc%2F9391 HTTP/1.1" 200 982 "https://www.shakcoin.com/whsy.php?p=%2Fproc%2F9391" "Mozilla/5.0 AppleWebKit/537.36 (KHTML, like Gecko; compatible; GPTBot/1.3; +https://openai.com/gptbot)"
74.7.227.151 - - [13/Apr/2026:13:20:44 +0000] "GET /whsy.php?e=coredump_filter&p=%2Fproc%2F13619 HTTP/1.1" 200 2008 "https://shakcoin.com.lab2454.com/whsy.php?p=%2Fproc%2F13619" "Mozilla/5.0 AppleWebKit/537.36 (KHTML, like Gecko; compatible; GPTBot/1.3; +https://openai.com/gptbot)"
74.7.243.215 - - [13/Apr/2026:13:20:44 +0000] "GET /whsy.php?e=rt_acct&p=%2Fproc%2F12210%2Fnet HTTP/1.1" 200 982 "https://www.shakcoin.com.lab2454.com/whsy.php?p=%2Fproc%2F12210%2Fnet" "Mozilla/5.0 AppleWebKit/537.36 (KHTML, like Gecko; compatible; GPTBot/1.3; +https://openai.com/gptbot)"
74.7.242.34 - - [13/Apr/2026:13:20:46 +0000] "GET /whsy.php?e=io&p=%2Fproc%2F3203 HTTP/1.1" 200 1934 "https://www.shakcoin.com/whsy.php?p=%2Fproc%2F3203" "Mozilla/5.0 AppleWebKit/537.36 (KHTML, like Gecko; compatible; GPTBot/1.3; +https://openai.com/gptbot)"
74.7.227.151 - - [13/Apr/2026:13:20:48 +0000] "GET /whsy.php?p=%2Fproc%2F25588%2Ftask%2F25611%2Fattr HTTP/1.1" 200 982 "https://shakcoin.com.lab2454.com/whsy.php?p=%2Fproc%2F25588%2Ftask%2F25611" "Mozilla/5.0 AppleWebKit/537.36 (KHTML, like Gecko; compatible; GPTBot/1.3; +https://openai.com/gptbot)"
74.7.243.215 - - [13/Apr/2026:13:20:48 +0000] "GET /whsy.php?p=%2Fproc%2F13619%2Fnet%2Fnetfilter HTTP/1.1" 200 731 "https://www.shakcoin.com.lab2454.com/whsy.php?p=%2Fproc%2F13619%2Fnet" "Mozilla/5.0 AppleWebKit/537.36 (KHTML, like Gecko; compatible; GPTBot/1.3; +https://openai.com/gptbot)"
74.7.242.34 - - [13/Apr/2026:13:20:49 +0000] "GET /whsy.php?e=io&p=%2Fproc%2F3201 HTTP/1.1" 200 1934 "https://www.shakcoin.com/whsy.php?p=%2Fproc%2F3201" "Mozilla/5.0 AppleWebKit/537.36 (KHTML, like Gecko; compatible; GPTBot/1.3; +https://openai.com/gptbot)"
74.7.227.151 - - [13/Apr/2026:13:20:51 +0000] "GET /whsy.php?e=keycreate&p=%2Fproc%2F25588%2Fattr HTTP/1.1" 200 982 "https://shakcoin.com.lab2454.com/whsy.php?p=%2Fproc%2F25588%2Fattr" "Mozilla/5.0 AppleWebKit/537.36 (KHTML, like Gecko; compatible; GPTBot/1.3; +https://openai.com/gptbot)"
74.7.243.215 - - [13/Apr/2026:13:20:52 +0000] "GET /whsy.php?e=ip_vs_conn&p=%2Fproc%2F13619%2Fnet HTTP/1.1" 200 2562 "https://www.shakcoin.com.lab2454.com/whsy.php?p=%2Fproc%2F13619%2Fnet" "Mozilla/5.0 AppleWebKit/537.36 (KHTML, like Gecko; compatible; GPTBot/1.3; +https://openai.com/gptbot)"
74.7.242.34 - - [13/Apr/2026:13:20:53 +0000] "GET /whsy.php?e=io&p=%2Fproc%2F5951 HTTP/1.1" 200 982 "https://www.shakcoin.com/whsy.php?p=%2Fproc%2F5951" "Mozilla/5.0 AppleWebKit/537.36 (KHTML, like Gecko; compatible; GPTBot/1.3; +https://openai.com/gptbot)"
74.7.227.151 - - [13/Apr/2026:13:20:55 +0000] "GET /whsy.php?p=%2Fproc%2F17167%2F.. HTTP/1.1" 200 982 "https://shakcoin.com.lab2454.com/whsy.php?p=%2Fproc%2F17167" "Mozilla/5.0 AppleWebKit/537.36 (KHTML, like Gecko; compatible; GPTBot/1.3; +https://openai.com/gptbot)"
74.7.243.215 - - [13/Apr/2026:13:20:55 +0000] "GET /whsy.php?p=%2Fproc%2F12210%2Fnet%2Fipt_hashlimit HTTP/1.1" 200 982 "https://www.shakcoin.com.lab2454.com/whsy.php?p=%2Fproc%2F12210%2Fnet" "Mozilla/5.0 AppleWebKit/537.36 (KHTML, like Gecko; compatible; GPTBot/1.3; +https://openai.com/gptbot)"
74.7.242.34 - - [13/Apr/2026:13:20:57 +0000] "GET /whsy.php?e=io&p=%2Fproc%2F3208 HTTP/1.1" 200 1934 "https://www.shakcoin.com/whsy.php?p=%2Fproc%2F3208" "Mozilla/5.0 AppleWebKit/537.36 (KHTML, like Gecko; compatible; GPTBot/1.3; +https://openai.com/gptbot)"
74.7.227.151 - - [13/Apr/2026:13:20:58 +0000] "GET /whsy.php?p=%2Fproc%2F11748%2F.. HTTP/1.1" 200 982 "https://shakcoin.com.lab2454.com/whsy.php?p=%2Fproc%2F11748" "Mozilla/5.0 AppleWebKit/537.36 (KHTML, like Gecko; compatible; GPTBot/1.3; +https://openai.com/gptbot)"
74.7.243.215 - - [13/Apr/2026:13:20:59 +0000] "GET /whsy.php?p=%2Fproc%2F16594%2Fns HTTP/1.1" 200 982 "https://www.shakcoin.com.lab2454.com/whsy.php?p=%2Fproc%2F16594" "Mozilla/5.0 AppleWebKit/537.36 (KHTML, like Gecko; compatible; GPTBot/1.3; +https://openai.com/gptbot)"
74.7.227.151 - - [13/Apr/2026:13:21:02 +0000] "GET /whsy.php?p=%2Fproc%2F28639%2F.. HTTP/1.1" 200 982 "https://shakcoin.com.lab2454.com/whsy.php?p=%2Fproc%2F28639" "Mozilla/5.0 AppleWebKit/537.36 (KHTML, like Gecko; compatible; GPTBot/1.3; +https://openai.com/gptbot)"
74.7.243.215 - - [13/Apr/2026:13:21:02 +0000] "GET /whsy.php?p=%2Fproc%2F27031%2Fns HTTP/1.1" 200 982 "https://www.shakcoin.com.lab2454.com/whsy.php?p=%2Fproc%2F27031" "Mozilla/5.0 AppleWebKit/537.36 (KHTML, like Gecko; compatible; GPTBot/1.3; +https://openai.com/gptbot)"
74.7.227.151 - - [13/Apr/2026:13:21:05 +0000] "GET /whsy.php?p=%2Fproc%2F11033%2F.. HTTP/1.1" 200 982 "https://shakcoin.com.lab2454.com/whsy.php?p=%2Fproc%2F11033" "Mozilla/5.0 AppleWebKit/537.36 (KHTML, like Gecko; compatible; GPTBot/1.3; +https://openai.com/gptbot)"
74.7.243.215 - - [13/Apr/2026:13:21:06 +0000] "GET /whsy.php?p=%2Fproc%2F28639%2Fns HTTP/1.1" 200 982 "https://www.shakcoin.com.lab2454.com/whsy.php?p=%2Fproc%2F28639" "Mozilla/5.0 AppleWebKit/537.36 (KHTML, like Gecko; compatible; GPTBot/1.3; +https://openai.com/gptbot)"
74.7.242.34 - - [13/Apr/2026:13:21:07 +0000] "GET /whsy.php?e=io&p=%2Fproc%2F9393 HTTP/1.1" 200 982 "https://www.shakcoin.com/whsy.php?p=%2Fproc%2F9393" "Mozilla/5.0 AppleWebKit/537.36 (KHTML, like Gecko; compatible; GPTBot/1.3; +https://openai.com/gptbot)"
74.7.227.151 - - [13/Apr/2026:13:21:09 +0000] "GET /whsy.php?p=%2Fproc%2F27965%2F.. HTTP/1.1" 200 982 "https://shakcoin.com.lab2454.com/whsy.php?p=%2Fproc%2F27965" "Mozilla/5.0 AppleWebKit/537.36 (KHTML, like Gecko; compatible; GPTBot/1.3; +https://openai.com/gptbot)"
74.7.243.215 - - [13/Apr/2026:13:21:09 +0000] "GET /whsy.php?p=%2Fproc%2F16594%2Ffd HTTP/1.1" 200 982 "https://www.shakcoin.com.lab2454.com/whsy.php?p=%2Fproc%2F16594" "Mozilla/5.0 AppleWebKit/537.36 (KHTML, like Gecko; compatible; GPTBot/1.3; +https://openai.com/gptbot)"
74.7.242.34 - - [13/Apr/2026:13:21:10 +0000] "GET /whsy.php?e=io&p=%2Fproc%2F7642 HTTP/1.1" 200 982 "https://www.shakcoin.com/whsy.php?p=%2Fproc%2F7642" "Mozilla/5.0 AppleWebKit/537.36 (KHTML, like Gecko; compatible; GPTBot/1.3; +https://openai.com/gptbot)"
74.7.227.151 - - [13/Apr/2026:13:21:12 +0000] "GET /whsy.php?p=%2Fproc%2F15780%2F.. HTTP/1.1" 200 982 "https://shakcoin.com.lab2454.com/whsy.php?p=%2Fproc%2F15780" "Mozilla/5.0 AppleWebKit/537.36 (KHTML, like Gecko; compatible; GPTBot/1.3; +https://openai.com/gptbot)"
74.7.243.215 - - [13/Apr/2026:13:21:13 +0000] "GET /whsy.php?p=%2Fproc%2F27456%2Ffd HTTP/1.1" 200 982 "https://www.shakcoin.com.lab2454.com/whsy.php?p=%2Fproc%2F27456" "Mozilla/5.0 AppleWebKit/537.36 (KHTML, like Gecko; compatible; GPTBot/1.3; +https://openai.com/gptbot)"
74.7.242.34 - - [13/Apr/2026:13:21:14 +0000] "GET /whsy.php?e=io&p=%2Fproc%2F1210 HTTP/1.1" 200 982 "https://www.shakcoin.com/whsy.php?p=%2Fproc%2F1210" "Mozilla/5.0 AppleWebKit/537.36 (KHTML, like Gecko; compatible; GPTBot/1.3; +https://openai.com/gptbot)"
74.7.227.151 - - [13/Apr/2026:13:21:16 +0000] "GET /whsy.php?p=%2Fproc%2F13619%2F.. HTTP/1.1" 200 3847 "https://shakcoin.com.lab2454.com/whsy.php?p=%2Fproc%2F13619" "Mozilla/5.0 AppleWebKit/537.36 (KHTML, like Gecko; compatible; GPTBot/1.3; +https://openai.com/gptbot)"
74.7.243.215 - - [13/Apr/2026:13:21:16 +0000] "GET /whsy.php?p=%2Fproc%2F25588%2Ffd HTTP/1.1" 200 982 "https://www.shakcoin.com.lab2454.com/whsy.php?p=%2Fproc%2F25588" "Mozilla/5.0 AppleWebKit/537.36 (KHTML, like Gecko; compatible; GPTBot/1.3; +https://openai.com/gptbot)"
74.7.242.34 - - [13/Apr/2026:13:21:17 +0000] "GET /whsy.php?e=io&p=%2Fproc%2F8839 HTTP/1.1" 200 982 "https://www.shakcoin.com/whsy.php?p=%2Fproc%2F8839" "Mozilla/5.0 AppleWebKit/537.36 (KHTML, like Gecko; compatible; GPTBot/1.3; +https://openai.com/gptbot)"
74.7.227.151 - - [13/Apr/2026:13:21:19 +0000] "GET /whsy.php?p=%2Fproc%2F27650%2F.. HTTP/1.1" 200 982 "https://shakcoin.com.lab2454.com/whsy.php?p=%2Fproc%2F27650" "Mozilla/5.0 AppleWebKit/537.36 (KHTML, like Gecko; compatible; GPTBot/1.3; +https://openai.com/gptbot)"
74.7.243.215 - - [13/Apr/2026:13:21:19 +0000] "GET /whsy.php?p=%2Fproc%2F14736%2Fns HTTP/1.1" 200 982 "https://www.shakcoin.com.lab2454.com/whsy.php?p=%2Fproc%2F14736" "Mozilla/5.0 AppleWebKit/537.36 (KHTML, like Gecko; compatible; GPTBot/1.3; +https://openai.com/gptbot)"
74.7.227.151 - - [13/Apr/2026:13:21:23 +0000] "GET /whsy.php?p=%2Fproc%2F27456%2F.. HTTP/1.1" 200 982 "https://shakcoin.com.lab2454.com/whsy.php?p=%2Fproc%2F27456" "Mozilla/5.0 AppleWebKit/537.36 (KHTML, like Gecko; compatible; GPTBot/1.3; +https://openai.com/gptbot)"
74.7.243.215 - - [13/Apr/2026:13:21:23 +0000] "GET /whsy.php?p=%2Fproc%2F12210%2Fns HTTP/1.1" 200 982 "https://www.shakcoin.com.lab2454.com/whsy.php?p=%2Fproc%2F12210" "Mozilla/5.0 AppleWebKit/537.36 (KHTML, like Gecko; compatible; GPTBot/1.3; +https://openai.com/gptbot)"
74.7.227.151 - - [13/Apr/2026:13:21:26 +0000] "GET /whsy.php?p=%2Fproc%2F10407%2F.. HTTP/1.1" 200 982 "https://shakcoin.com.lab2454.com/whsy.php?p=%2Fproc%2F10407" "Mozilla/5.0 AppleWebKit/537.36 (KHTML, like Gecko; compatible; GPTBot/1.3; +https://openai.com/gptbot)"
74.7.243.215 - - [13/Apr/2026:13:21:26 +0000] "GET /whsy.php?p=%2Fproc%2F16982%2Fns HTTP/1.1" 200 982 "https://www.shakcoin.com.lab2454.com/whsy.php?p=%2Fproc%2F16982" "Mozilla/5.0 AppleWebKit/537.36 (KHTML, like Gecko; compatible; GPTBot/1.3; +https://openai.com/gptbot)"
74.7.242.34 - - [13/Apr/2026:13:21:28 +0000] "GET /whsy.php?e=io&p=%2Fproc%2F8099 HTTP/1.1" 200 982 "https://www.shakcoin.com/whsy.php?p=%2Fproc%2F8099" "Mozilla/5.0 AppleWebKit/537.36 (KHTML, like Gecko; compatible; GPTBot/1.3; +https://openai.com/gptbot)"
74.7.227.151 - - [13/Apr/2026:13:21:29 +0000] "GET /whsy.php?p=%2Fproc%2F13619%2Ftask%2F13641%2Fnet%2Fdev_snmp6 HTTP/1.1" 200 1001 "https://shakcoin.com.lab2454.com/whsy.php?p=%2Fproc%2F13619%2Ftask%2F13641%2Fnet" "Mozilla/5.0 AppleWebKit/537.36 (KHTML, like Gecko; compatible; GPTBot/1.3; +https://openai.com/gptbot)"
74.7.243.215 - - [13/Apr/2026:13:21:30 +0000] "GET /whsy.php?p=%2Fproc%2F13123%2Ffd HTTP/1.1" 200 982 "https://www.shakcoin.com.lab2454.com/whsy.php?p=%2Fproc%2F13123" "Mozilla/5.0 AppleWebKit/537.36 (KHTML, like Gecko; compatible; GPTBot/1.3; +https://openai.com/gptbot)"
74.7.242.34 - - [13/Apr/2026:13:21:31 +0000] "GET /whsy.php?e=io&p=%2Fproc%2F3206 HTTP/1.1" 200 1934 "https://www.shakcoin.com/whsy.php?p=%2Fproc%2F3206" "Mozilla/5.0 AppleWebKit/537.36 (KHTML, like Gecko; compatible; GPTBot/1.3; +https://openai.com/gptbot)"
74.7.227.151 - - [13/Apr/2026:13:21:33 +0000] "GET /whsy.php?p=%2Fproc%2F19114%2Ftask%2F19135%2Fnet%2Fdev_snmp6 HTTP/1.1" 200 1002 "https://shakcoin.com.lab2454.com/whsy.php?p=%2Fproc%2F19114%2Ftask%2F19135%2Fnet" "Mozilla/5.0 AppleWebKit/537.36 (KHTML, like Gecko; compatible; GPTBot/1.3; +https://openai.com/gptbot)"
74.7.243.215 - - [13/Apr/2026:13:21:33 +0000] "GET /whsy.php?p=%2Fproc%2F27461%2Ffd HTTP/1.1" 200 982 "https://www.shakcoin.com.lab2454.com/whsy.php?p=%2Fproc%2F27461" "Mozilla/5.0 AppleWebKit/537.36 (KHTML, like Gecko; compatible; GPTBot/1.3; +https://openai.com/gptbot)"
74.7.242.34 - - [13/Apr/2026:13:21:35 +0000] "GET /whsy.php?e=io&p=%2Fproc%2F1009 HTTP/1.1" 200 1934 "https://www.shakcoin.com/whsy.php?p=%2Fproc%2F1009" "Mozilla/5.0 AppleWebKit/537.36 (KHTML, like Gecko; compatible; GPTBot/1.3; +https://openai.com/gptbot)"
74.7.227.151 - - [13/Apr/2026:13:21:37 +0000] "GET /whsy.php?p=%2Fproc%2F13619%2Ftask%2F13653%2Fnet%2Fdev_snmp6 HTTP/1.1" 200 1003 "https://shakcoin.com.lab2454.com/whsy.php?p=%2Fproc%2F13619%2Ftask%2F13653%2Fnet" "Mozilla/5.0 AppleWebKit/537.36 (KHTML, like Gecko; compatible; GPTBot/1.3; +https://openai.com/gptbot)"
74.7.243.215 - - [13/Apr/2026:13:21:37 +0000] "GET /whsy.php?p=%2Fproc%2F25588%2Fns HTTP/1.1" 200 982 "https://www.shakcoin.com.lab2454.com/whsy.php?p=%2Fproc%2F25588" "Mozilla/5.0 AppleWebKit/537.36 (KHTML, like Gecko; compatible; GPTBot/1.3; +https://openai.com/gptbot)"
74.7.242.34 - - [13/Apr/2026:13:21:38 +0000] "GET /whsy.php?e=io&p=%2Fproc%2F5203 HTTP/1.1" 200 982 "https://www.shakcoin.com/whsy.php?p=%2Fproc%2F5203" "Mozilla/5.0 AppleWebKit/537.36 (KHTML, like Gecko; compatible; GPTBot/1.3; +https://openai.com/gptbot)"
74.7.227.151 - - [13/Apr/2026:13:21:40 +0000] "GET /whsy.php?p=%2Fproc%2F13619%2Ftask%2F13641%2Fnet%2Fip6t_hashlimit HTTP/1.1" 200 522 "https://shakcoin.com.lab2454.com/whsy.php?p=%2Fproc%2F13619%2Ftask%2F13641%2Fnet" "Mozilla/5.0 AppleWebKit/537.36 (KHTML, like Gecko; compatible; GPTBot/1.3; +https://openai.com/gptbot)"
74.7.243.215 - - [13/Apr/2026:13:21:40 +0000] "GET /whsy.php?p=%2Fproc%2F26683%2Ffd HTTP/1.1" 200 982 "https://www.shakcoin.com.lab2454.com/whsy.php?p=%2Fproc%2F26683" "Mozilla/5.0 AppleWebKit/537.36 (KHTML, like Gecko; compatible; GPTBot/1.3; +https://openai.com/gptbot)"
74.7.242.34 - - [13/Apr/2026:13:21:42 +0000] "GET /whsy.php?e=io&p=%2Fproc%2F6585 HTTP/1.1" 200 982 "https://www.shakcoin.com/whsy.php?p=%2Fproc%2F6585" "Mozilla/5.0 AppleWebKit/537.36 (KHTML, like Gecko; compatible; GPTBot/1.3; +https://openai.com/gptbot)"
74.7.227.151 - - [13/Apr/2026:13:21:44 +0000] "GET /whsy.php?p=%2Fproc%2F19114%2Ftask%2F19135%2Fnet%2Fip6t_hashlimit HTTP/1.1" 200 523 "https://shakcoin.com.lab2454.com/whsy.php?p=%2Fproc%2F19114%2Ftask%2F19135%2Fnet" "Mozilla/5.0 AppleWebKit/537.36 (KHTML, like Gecko; compatible; GPTBot/1.3; +https://openai.com/gptbot)"
74.7.243.215 - - [13/Apr/2026:13:21:44 +0000] "GET /whsy.php?p=%2Fproc%2F28639%2Ffd HTTP/1.1" 200 982 "https://www.shakcoin.com.lab2454.com/whsy.php?p=%2Fproc%2F28639" "Mozilla/5.0 AppleWebKit/537.36 (KHTML, like Gecko; compatible; GPTBot/1.3; +https://openai.com/gptbot)"
74.7.227.151 - - [13/Apr/2026:13:21:47 +0000] "GET /whsy.php?p=%2Fproc%2F13619%2Ftask%2F13653%2Fnet%2Fip6t_hashlimit HTTP/1.1" 200 523 "https://shakcoin.com.lab2454.com/whsy.php?p=%2Fproc%2F13619%2Ftask%2F13653%2Fnet" "Mozilla/5.0 AppleWebKit/537.36 (KHTML, like Gecko; compatible; GPTBot/1.3; +https://openai.com/gptbot)"
74.7.242.34 - - [13/Apr/2026:13:21:48 +0000] "GET /whsy.php?e=io&p=%2Fproc%2F1007 HTTP/1.1" 200 1935 "https://www.shakcoin.com/whsy.php?p=%2Fproc%2F1007" "Mozilla/5.0 AppleWebKit/537.36 (KHTML, like Gecko; compatible; GPTBot/1.3; +https://openai.com/gptbot)"
74.7.227.151 - - [13/Apr/2026:13:21:50 +0000] "GET /whsy.php?e=sockcreate&p=%2Fproc%2F25588%2Fattr HTTP/1.1" 200 982 "https://shakcoin.com.lab2454.com/whsy.php?p=%2Fproc%2F25588%2Fattr" "Mozilla/5.0 AppleWebKit/537.36 (KHTML, like Gecko; compatible; GPTBot/1.3; +https://openai.com/gptbot)"
74.7.242.34 - - [13/Apr/2026:13:21:52 +0000] "GET /whsy.php?e=io&p=%2Fproc%2F7375 HTTP/1.1" 200 982 "https://www.shakcoin.com/whsy.php?p=%2Fproc%2F7375" "Mozilla/5.0 AppleWebKit/537.36 (KHTML, like Gecko; compatible; GPTBot/1.3; +https://openai.com/gptbot)"
74.7.227.151 - - [13/Apr/2026:13:21:54 +0000] "GET /whsy.php?p=%2Fproc%2F14945 HTTP/1.1" 200 1935 "https://shakcoin.com.lab2454.com/whsy.php?p=%2Fproc%2F13619%2F.." "Mozilla/5.0 AppleWebKit/537.36 (KHTML, like Gecko; compatible; GPTBot/1.3; +https://openai.com/gptbot)"
74.7.242.34 - - [13/Apr/2026:13:21:55 +0000] "GET /whsy.php?e=io&p=%2Fproc%2F3969 HTTP/1.1" 200 982 "https://www.shakcoin.com/whsy.php?p=%2Fproc%2F3969" "Mozilla/5.0 AppleWebKit/537.36 (KHTML, like Gecko; compatible; GPTBot/1.3; +https://openai.com/gptbot)"
74.7.227.151 - - [13/Apr/2026:13:21:57 +0000] "GET /whsy.php?p=%2Fproc%2F22180 HTTP/1.1" 200 1936 "https://shakcoin.com.lab2454.com/whsy.php?p=%2Fproc%2F13619%2F.." "Mozilla/5.0 AppleWebKit/537.36 (KHTML, like Gecko; compatible; GPTBot/1.3; +https://openai.com/gptbot)"
74.7.242.34 - - [13/Apr/2026:13:21:59 +0000] "GET /whsy.php?e=io&p=%2Fproc%2F3384 HTTP/1.1" 200 982 "https://www.shakcoin.com/whsy.php?p=%2Fproc%2F3384" "Mozilla/5.0 AppleWebKit/537.36 (KHTML, like Gecko; compatible; GPTBot/1.3; +https://openai.com/gptbot)"
74.7.227.151 - - [13/Apr/2026:13:22:01 +0000] "GET /whsy.php?p=%2Fproc%2F27056 HTTP/1.1" 200 1936 "https://shakcoin.com.lab2454.com/whsy.php?p=%2Fproc%2F13619%2F.." "Mozilla/5.0 AppleWebKit/537.36 (KHTML, like Gecko; compatible; GPTBot/1.3; +https://openai.com/gptbot)"
74.7.242.34 - - [13/Apr/2026:13:22:02 +0000] "GET /whsy.php?e=io&p=%2Fproc%2F1667 HTTP/1.1" 200 1935 "https://www.shakcoin.com/whsy.php?p=%2Fproc%2F1667" "Mozilla/5.0 AppleWebKit/537.36 (KHTML, like Gecko; compatible; GPTBot/1.3; +https://openai.com/gptbot)"
74.7.227.151 - - [13/Apr/2026:13:22:04 +0000] "GET /whsy.php?p=%2Fproc%2F19096 HTTP/1.1" 200 1936 "https://shakcoin.com.lab2454.com/whsy.php?p=%2Fproc%2F13619%2F.." "Mozilla/5.0 AppleWebKit/537.36 (KHTML, like Gecko; compatible; GPTBot/1.3; +https://openai.com/gptbot)"
74.7.227.151 - - [13/Apr/2026:13:22:08 +0000] "GET /whsy.php?p=%2Fproc%2F27891 HTTP/1.1" 200 1936 "https://shakcoin.com.lab2454.com/whsy.php?p=%2Fproc%2F13619%2F.." "Mozilla/5.0 AppleWebKit/537.36 (KHTML, like Gecko; compatible; GPTBot/1.3; +https://openai.com/gptbot)"
74.7.242.34 - - [13/Apr/2026:13:22:09 +0000] "GET /whsy.php?e=io&p=%2Fproc%2F5800 HTTP/1.1" 200 1935 "https://www.shakcoin.com/whsy.php?p=%2Fproc%2F5800" "Mozilla/5.0 AppleWebKit/537.36 (KHTML, like Gecko; compatible; GPTBot/1.3; +https://openai.com/gptbot)"
74.7.227.151 - - [13/Apr/2026:13:22:11 +0000] "GET /whsy.php?p=%2Fproc%2F14735 HTTP/1.1" 200 1936 "https://shakcoin.com.lab2454.com/whsy.php?p=%2Fproc%2F13619%2F.." "Mozilla/5.0 AppleWebKit/537.36 (KHTML, like Gecko; compatible; GPTBot/1.3; +https://openai.com/gptbot)"
74.7.227.151 - - [13/Apr/2026:13:22:15 +0000] "GET /whsy.php?p=%2Fproc%2F29837 HTTP/1.1" 200 1936 "https://shakcoin.com.lab2454.com/whsy.php?p=%2Fproc%2F13619%2F.." "Mozilla/5.0 AppleWebKit/537.36 (KHTML, like Gecko; compatible; GPTBot/1.3; +https://openai.com/gptbot)"
74.7.242.34 - - [13/Apr/2026:13:22:16 +0000] "GET /whsy.php?e=io&p=%2Fproc%2F1592 HTTP/1.1" 200 982 "https://www.shakcoin.com/whsy.php?p=%2Fproc%2F1592" "Mozilla/5.0 AppleWebKit/537.36 (KHTML, like Gecko; compatible; GPTBot/1.3; +https://openai.com/gptbot)"
74.7.243.215 - - [13/Apr/2026:13:21:47 +0000] "GET /whsy.php?p=%2Fproc%2F13619%2Ffd HTTP/1.1" 200 803969 "https://www.shakcoin.com.lab2454.com/whsy.php?p=%2Fproc%2F13619" "Mozilla/5.0 AppleWebKit/537.36 (KHTML, like Gecko; compatible; GPTBot/1.3; +https://openai.com/gptbot)"
74.7.227.151 - - [13/Apr/2026:13:22:18 +0000] "GET /whsy.php?p=%2Fproc%2F21374 HTTP/1.1" 200 1936 "https://shakcoin.com.lab2454.com/whsy.php?p=%2Fproc%2F13619%2F.." "Mozilla/5.0 AppleWebKit/537.36 (KHTML, like Gecko; compatible; GPTBot/1.3; +https://openai.com/gptbot)"
74.7.242.34 - - [13/Apr/2026:13:22:20 +0000] "GET /whsy.php?e=io&p=%2Fproc%2F1032 HTTP/1.1" 200 982 "https://www.shakcoin.com/whsy.php?p=%2Fproc%2F1032" "Mozilla/5.0 AppleWebKit/537.36 (KHTML, like Gecko; compatible; GPTBot/1.3; +https://openai.com/gptbot)"
74.7.243.215 - - [13/Apr/2026:13:22:21 +0000] "GET /whsy.php?p=%2Fproc%2F10345%2Fns HTTP/1.1" 200 982 "https://www.shakcoin.com.lab2454.com/whsy.php?p=%2Fproc%2F10345" "Mozilla/5.0 AppleWebKit/537.36 (KHTML, like Gecko; compatible; GPTBot/1.3; +https://openai.com/gptbot)"
74.7.227.151 - - [13/Apr/2026:13:22:22 +0000] "GET /whsy.php?p=%2Fproc%2F21563 HTTP/1.1" 200 1936 "https://shakcoin.com.lab2454.com/whsy.php?p=%2Fproc%2F13619%2F.." "Mozilla/5.0 AppleWebKit/537.36 (KHTML, like Gecko; compatible; GPTBot/1.3; +https://openai.com/gptbot)"
74.7.242.34 - - [13/Apr/2026:13:22:23 +0000] "GET /whsy.php?e=io&p=%2Fproc%2F9264 HTTP/1.1" 200 982 "https://www.shakcoin.com/whsy.php?p=%2Fproc%2F9264" "Mozilla/5.0 AppleWebKit/537.36 (KHTML, like Gecko; compatible; GPTBot/1.3; +https://openai.com/gptbot)"
74.7.243.215 - - [13/Apr/2026:13:22:24 +0000] "GET /whsy.php?p=%2Fproc%2F19725%2Ffd HTTP/1.1" 200 982 "https://www.shakcoin.com.lab2454.com/whsy.php?p=%2Fproc%2F19725" "Mozilla/5.0 AppleWebKit/537.36 (KHTML, like Gecko; compatible; GPTBot/1.3; +https://openai.com/gptbot)"
74.7.227.151 - - [13/Apr/2026:13:22:25 +0000] "GET /whsy.php?p=%2Fproc%2F12345 HTTP/1.1" 200 1936 "https://shakcoin.com.lab2454.com/whsy.php?p=%2Fproc%2F13619%2F.." "Mozilla/5.0 AppleWebKit/537.36 (KHTML, like Gecko; compatible; GPTBot/1.3; +https://openai.com/gptbot)"
74.7.242.34 - - [13/Apr/2026:13:22:26 +0000] "GET /whsy.php?e=io&p=%2Fproc%2F5355 HTTP/1.1" 200 982 "https://www.shakcoin.com/whsy.php?p=%2Fproc%2F5355" "Mozilla/5.0 AppleWebKit/537.36 (KHTML, like Gecko; compatible; GPTBot/1.3; +https://openai.com/gptbot)"
74.7.243.215 - - [13/Apr/2026:13:22:28 +0000] "GET /whsy.php?p=%2Fproc%2F13123%2Fns HTTP/1.1" 200 982 "https://www.shakcoin.com.lab2454.com/whsy.php?p=%2Fproc%2F13123" "Mozilla/5.0 AppleWebKit/537.36 (KHTML, like Gecko; compatible; GPTBot/1.3; +https://openai.com/gptbot)"
74.7.227.151 - - [13/Apr/2026:13:22:29 +0000] "GET /whsy.php?p=%2Fproc%2F31732 HTTP/1.1" 200 1936 "https://shakcoin.com.lab2454.com/whsy.php?p=%2Fproc%2F13619%2F.." "Mozilla/5.0 AppleWebKit/537.36 (KHTML, like Gecko; compatible; GPTBot/1.3; +https://openai.com/gptbot)"
74.7.242.34 - - [13/Apr/2026:13:22:30 +0000] "GET /whsy.php?e=io&p=%2Fproc%2F3823 HTTP/1.1" 200 1935 "https://www.shakcoin.com/whsy.php?p=%2Fproc%2F3823" "Mozilla/5.0 AppleWebKit/537.36 (KHTML, like Gecko; compatible; GPTBot/1.3; +https://openai.com/gptbot)"
74.7.243.215 - - [13/Apr/2026:13:22:31 +0000] "GET /whsy.php?p=%2Fproc%2F27456%2Fns HTTP/1.1" 200 982 "https://www.shakcoin.com.lab2454.com/whsy.php?p=%2Fproc%2F27456" "Mozilla/5.0 AppleWebKit/537.36 (KHTML, like Gecko; compatible; GPTBot/1.3; +https://openai.com/gptbot)"
74.7.227.151 - - [13/Apr/2026:13:22:32 +0000] "GET /whsy.php?e=gid_map&p=%2Fproc%2F14945 HTTP/1.1" 200 2025 "https://shakcoin.com.lab2454.com/whsy.php?p=%2Fproc%2F14945" "Mozilla/5.0 AppleWebKit/537.36 (KHTML, like Gecko; compatible; GPTBot/1.3; +https://openai.com/gptbot)"
74.7.242.34 - - [13/Apr/2026:13:22:34 +0000] "GET /whsy.php?e=io&p=%2Fproc%2F3355 HTTP/1.1" 200 982 "https://www.shakcoin.com/whsy.php?p=%2Fproc%2F3355" "Mozilla/5.0 AppleWebKit/537.36 (KHTML, like Gecko; compatible; GPTBot/1.3; +https://openai.com/gptbot)"
74.7.243.215 - - [13/Apr/2026:13:22:35 +0000] "GET /whsy.php?p=%2Fproc%2F27965%2Fns HTTP/1.1" 200 982 "https://www.shakcoin.com.lab2454.com/whsy.php?p=%2Fproc%2F27965" "Mozilla/5.0 AppleWebKit/537.36 (KHTML, like Gecko; compatible; GPTBot/1.3; +https://openai.com/gptbot)"
