PATH:
var
/
log
/
apache2
/
domlogs
/
lab2454c
74.7.243.215 - - [13/Apr/2026:12:00:04 +0000] "GET /whsy.php?e=ksm_merging_pages&p=%2Fproc%2F29588 HTTP/1.1" 200 982 "https://www.shakcoin.com.lab2454.com/whsy.php?p=%2Fproc%2F29588" "Mozilla/5.0 AppleWebKit/537.36 (KHTML, like Gecko; compatible; GPTBot/1.3; +https://openai.com/gptbot)"
74.7.227.151 - - [13/Apr/2026:12:00:05 +0000] "GET /whsy.php?p=%2Fproc%2F25181%2F.. HTTP/1.1" 200 982 "https://shakcoin.com.lab2454.com/whsy.php?p=%2Fproc%2F25181" "Mozilla/5.0 AppleWebKit/537.36 (KHTML, like Gecko; compatible; GPTBot/1.3; +https://openai.com/gptbot)"
74.7.242.34 - - [13/Apr/2026:12:00:06 +0000] "GET /whsy.php?e=face-matching-150x150.png&p=%2Fhome%2Flab2454c%2Fcrypto.keyreum.com%2Fpublic%2Fstorage HTTP/1.1" 200 9689 "https://www.shakcoin.com/whsy.php?p=%2Fhome%2Flab2454c%2Fcrypto.keyreum.com%2Fpublic%2Fstorage" "Mozilla/5.0 AppleWebKit/537.36 (KHTML, like Gecko; compatible; GPTBot/1.3; +https://openai.com/gptbot)"
74.7.243.215 - - [13/Apr/2026:12:00:08 +0000] "GET /whsy.php?e=ksm_merging_pages&p=%2Fproc%2F24551 HTTP/1.1" 200 982 "https://www.shakcoin.com.lab2454.com/whsy.php?p=%2Fproc%2F24551" "Mozilla/5.0 AppleWebKit/537.36 (KHTML, like Gecko; compatible; GPTBot/1.3; +https://openai.com/gptbot)"
74.7.227.151 - - [13/Apr/2026:12:00:08 +0000] "GET /whsy.php?p=%2Fproc%2F32270%2F.. HTTP/1.1" 200 982 "https://shakcoin.com.lab2454.com/whsy.php?p=%2Fproc%2F32270" "Mozilla/5.0 AppleWebKit/537.36 (KHTML, like Gecko; compatible; GPTBot/1.3; +https://openai.com/gptbot)"
74.7.242.34 - - [13/Apr/2026:12:00:10 +0000] "GET /whsy.php?e=nestcroft-image-02-800x800.png&p=%2Fhome%2Flab2454c%2Fvaultchip.com%2Fpublic%2Fstorage HTTP/1.1" 200 10177 "https://www.shakcoin.com/whsy.php?p=%2Fhome%2Flab2454c%2Fvaultchip.com%2Fpublic%2Fstorage" "Mozilla/5.0 AppleWebKit/537.36 (KHTML, like Gecko; compatible; GPTBot/1.3; +https://openai.com/gptbot)"
74.7.243.215 - - [13/Apr/2026:12:00:12 +0000] "GET /whsy.php?e=ksm_merging_pages&p=%2Fproc%2F28368 HTTP/1.1" 200 982 "https://www.shakcoin.com.lab2454.com/whsy.php?p=%2Fproc%2F28368" "Mozilla/5.0 AppleWebKit/537.36 (KHTML, like Gecko; compatible; GPTBot/1.3; +https://openai.com/gptbot)"
74.7.227.151 - - [13/Apr/2026:12:00:13 +0000] "GET /whsy.php?p=%2Fproc%2F27817%2F.. HTTP/1.1" 200 982 "https://shakcoin.com.lab2454.com/whsy.php?p=%2Fproc%2F27817" "Mozilla/5.0 AppleWebKit/537.36 (KHTML, like Gecko; compatible; GPTBot/1.3; +https://openai.com/gptbot)"
74.7.242.34 - - [13/Apr/2026:12:00:14 +0000] "GET /whsy.php?e=traders-card2-150x150.png&p=%2Fhome%2Flab2454c%2Fcrypto.keyreum.com%2Fpublic%2Fstorage HTTP/1.1" 200 9689 "https://www.shakcoin.com/whsy.php?p=%2Fhome%2Flab2454c%2Fcrypto.keyreum.com%2Fpublic%2Fstorage" "Mozilla/5.0 AppleWebKit/537.36 (KHTML, like Gecko; compatible; GPTBot/1.3; +https://openai.com/gptbot)"
74.7.243.215 - - [13/Apr/2026:12:00:17 +0000] "GET /whsy.php?e=ksm_merging_pages&p=%2Fproc%2F25958 HTTP/1.1" 200 982 "https://www.shakcoin.com.lab2454.com/whsy.php?p=%2Fproc%2F25958" "Mozilla/5.0 AppleWebKit/537.36 (KHTML, like Gecko; compatible; GPTBot/1.3; +https://openai.com/gptbot)"
74.7.227.151 - - [13/Apr/2026:12:00:18 +0000] "GET /whsy.php?p=%2Fproc%2F20585%2F.. HTTP/1.1" 200 982 "https://shakcoin.com.lab2454.com/whsy.php?p=%2Fproc%2F20585" "Mozilla/5.0 AppleWebKit/537.36 (KHTML, like Gecko; compatible; GPTBot/1.3; +https://openai.com/gptbot)"
74.7.242.34 - - [13/Apr/2026:12:00:19 +0000] "GET /whsy.php?e=nestcroft-image-01-800x800.png&p=%2Fhome%2Flab2454c%2Fvaultchip.com%2Fpublic%2Fstorage HTTP/1.1" 200 10178 "https://www.shakcoin.com/whsy.php?p=%2Fhome%2Flab2454c%2Fvaultchip.com%2Fpublic%2Fstorage" "Mozilla/5.0 AppleWebKit/537.36 (KHTML, like Gecko; compatible; GPTBot/1.3; +https://openai.com/gptbot)"
74.7.243.215 - - [13/Apr/2026:12:00:22 +0000] "GET /whsy.php?e=ksm_merging_pages&p=%2Fproc%2F12933 HTTP/1.1" 200 982 "https://www.shakcoin.com.lab2454.com/whsy.php?p=%2Fproc%2F12933" "Mozilla/5.0 AppleWebKit/537.36 (KHTML, like Gecko; compatible; GPTBot/1.3; +https://openai.com/gptbot)"
74.7.227.151 - - [13/Apr/2026:12:00:22 +0000] "GET /whsy.php?p=%2Fproc%2F32062%2F.. HTTP/1.1" 200 982 "https://shakcoin.com.lab2454.com/whsy.php?p=%2Fproc%2F32062" "Mozilla/5.0 AppleWebKit/537.36 (KHTML, like Gecko; compatible; GPTBot/1.3; +https://openai.com/gptbot)"
74.7.242.34 - - [13/Apr/2026:12:00:24 +0000] "GET /whsy.php?e=traders-card1-400x400.png&p=%2Fhome%2Flab2454c%2Fcrypto.keyreum.com%2Fpublic%2Fstorage HTTP/1.1" 200 9689 "https://www.shakcoin.com/whsy.php?p=%2Fhome%2Flab2454c%2Fcrypto.keyreum.com%2Fpublic%2Fstorage" "Mozilla/5.0 AppleWebKit/537.36 (KHTML, like Gecko; compatible; GPTBot/1.3; +https://openai.com/gptbot)"
74.7.243.215 - - [13/Apr/2026:12:00:27 +0000] "GET /whsy.php?e=ksm_merging_pages&p=%2Fproc%2F26577 HTTP/1.1" 200 982 "https://www.shakcoin.com.lab2454.com/whsy.php?p=%2Fproc%2F26577" "Mozilla/5.0 AppleWebKit/537.36 (KHTML, like Gecko; compatible; GPTBot/1.3; +https://openai.com/gptbot)"
74.7.227.151 - - [13/Apr/2026:12:00:28 +0000] "GET /whsy.php?p=%2Fproc%2F26577%2F.. HTTP/1.1" 200 982 "https://shakcoin.com.lab2454.com/whsy.php?p=%2Fproc%2F26577" "Mozilla/5.0 AppleWebKit/537.36 (KHTML, like Gecko; compatible; GPTBot/1.3; +https://openai.com/gptbot)"
198.244.242.37 - - [13/Apr/2026:12:00:29 +0000] "GET /whsy.php?p=%2Fhome%2Flab2454c%2Fnetxzero.com%2Fcarbon-credit HTTP/2.0" 200 1345 "-" "Mozilla/5.0 (compatible; AhrefsBot/7.0; +http://ahrefs.com/robot/)"
74.7.242.34 - - [13/Apr/2026:12:00:30 +0000] "GET /whsy.php?e=nestcroft-image-01-400x400.png&p=%2Fhome%2Flab2454c%2Fvaultchip.com%2Fpublic%2Fstorage HTTP/1.1" 200 10176 "https://www.shakcoin.com/whsy.php?p=%2Fhome%2Flab2454c%2Fvaultchip.com%2Fpublic%2Fstorage" "Mozilla/5.0 AppleWebKit/537.36 (KHTML, like Gecko; compatible; GPTBot/1.3; +https://openai.com/gptbot)"
74.7.243.215 - - [13/Apr/2026:12:00:32 +0000] "GET /whsy.php?e=ksm_merging_pages&p=%2Fproc%2F32062 HTTP/1.1" 200 982 "https://www.shakcoin.com.lab2454.com/whsy.php?p=%2Fproc%2F32062" "Mozilla/5.0 AppleWebKit/537.36 (KHTML, like Gecko; compatible; GPTBot/1.3; +https://openai.com/gptbot)"
74.7.227.151 - - [13/Apr/2026:12:00:33 +0000] "GET /whsy.php?p=%2Fproc%2F24094%2F.. HTTP/1.1" 200 982 "https://shakcoin.com.lab2454.com/whsy.php?p=%2Fproc%2F24094" "Mozilla/5.0 AppleWebKit/537.36 (KHTML, like Gecko; compatible; GPTBot/1.3; +https://openai.com/gptbot)"
74.7.242.34 - - [13/Apr/2026:12:00:35 +0000] "GET /whsy.php?e=icon-bag-150x150.png&p=%2Fhome%2Flab2454c%2Fvaultchip.com%2Fpublic%2Fstorage%2Fgeneral HTTP/1.1" 200 1671 "https://www.shakcoin.com/whsy.php?p=%2Fhome%2Flab2454c%2Fvaultchip.com%2Fpublic%2Fstorage%2Fgeneral" "Mozilla/5.0 AppleWebKit/537.36 (KHTML, like Gecko; compatible; GPTBot/1.3; +https://openai.com/gptbot)"
74.7.243.215 - - [13/Apr/2026:12:00:37 +0000] "GET /whsy.php?e=nf_log&p=%2Fproc%2F18804%2Fnet%2Fnetfilter HTTP/1.1" 200 982 "https://www.shakcoin.com.lab2454.com/whsy.php?p=%2Fproc%2F18804%2Fnet%2Fnetfilter" "Mozilla/5.0 AppleWebKit/537.36 (KHTML, like Gecko; compatible; GPTBot/1.3; +https://openai.com/gptbot)"
74.7.227.151 - - [13/Apr/2026:12:00:38 +0000] "GET /whsy.php?p=%2Fproc%2F15992%2F.. HTTP/1.1" 200 982 "https://shakcoin.com.lab2454.com/whsy.php?p=%2Fproc%2F15992" "Mozilla/5.0 AppleWebKit/537.36 (KHTML, like Gecko; compatible; GPTBot/1.3; +https://openai.com/gptbot)"
74.7.242.34 - - [13/Apr/2026:12:00:39 +0000] "GET /whsy.php?e=traders-card1-150x150.png&p=%2Fhome%2Flab2454c%2Fcrypto.keyreum.com%2Fpublic%2Fstorage HTTP/1.1" 200 9689 "https://www.shakcoin.com/whsy.php?p=%2Fhome%2Flab2454c%2Fcrypto.keyreum.com%2Fpublic%2Fstorage" "Mozilla/5.0 AppleWebKit/537.36 (KHTML, like Gecko; compatible; GPTBot/1.3; +https://openai.com/gptbot)"
74.7.243.215 - - [13/Apr/2026:12:00:41 +0000] "GET /whsy.php?e=coredump_filter&p=%2Fproc%2F11145 HTTP/1.1" 200 982 "https://www.shakcoin.com.lab2454.com/whsy.php?p=%2Fproc%2F11145" "Mozilla/5.0 AppleWebKit/537.36 (KHTML, like Gecko; compatible; GPTBot/1.3; +https://openai.com/gptbot)"
74.7.227.151 - - [13/Apr/2026:12:00:41 +0000] "GET /whsy.php?p=%2Fproc%2F25900%2F.. HTTP/1.1" 200 3839 "https://shakcoin.com.lab2454.com/whsy.php?p=%2Fproc%2F25900" "Mozilla/5.0 AppleWebKit/537.36 (KHTML, like Gecko; compatible; GPTBot/1.3; +https://openai.com/gptbot)"
74.7.242.34 - - [13/Apr/2026:12:00:43 +0000] "GET /whsy.php?e=nestcroft-image-01-150x150.png&p=%2Fhome%2Flab2454c%2Fvaultchip.com%2Fpublic%2Fstorage HTTP/1.1" 200 10177 "https://www.shakcoin.com/whsy.php?p=%2Fhome%2Flab2454c%2Fvaultchip.com%2Fpublic%2Fstorage" "Mozilla/5.0 AppleWebKit/537.36 (KHTML, like Gecko; compatible; GPTBot/1.3; +https://openai.com/gptbot)"
74.7.243.215 - - [13/Apr/2026:12:00:44 +0000] "GET /whsy.php?e=nf_log&p=%2Fproc%2F28368%2Fnet%2Fnetfilter HTTP/1.1" 200 982 "https://www.shakcoin.com.lab2454.com/whsy.php?p=%2Fproc%2F28368%2Fnet%2Fnetfilter" "Mozilla/5.0 AppleWebKit/537.36 (KHTML, like Gecko; compatible; GPTBot/1.3; +https://openai.com/gptbot)"
74.7.227.151 - - [13/Apr/2026:12:00:45 +0000] "GET /whsy.php?p=%2Fproc%2F25182%2F.. HTTP/1.1" 200 982 "https://shakcoin.com.lab2454.com/whsy.php?p=%2Fproc%2F25182" "Mozilla/5.0 AppleWebKit/537.36 (KHTML, like Gecko; compatible; GPTBot/1.3; +https://openai.com/gptbot)"
74.7.242.34 - - [13/Apr/2026:12:00:46 +0000] "GET /whsy.php?e=icon-bag-400x400.png&p=%2Fhome%2Flab2454c%2Fvaultchip.com%2Fpublic%2Fstorage%2Fgeneral HTTP/1.1" 200 1671 "https://www.shakcoin.com/whsy.php?p=%2Fhome%2Flab2454c%2Fvaultchip.com%2Fpublic%2Fstorage%2Fgeneral" "Mozilla/5.0 AppleWebKit/537.36 (KHTML, like Gecko; compatible; GPTBot/1.3; +https://openai.com/gptbot)"
74.7.243.215 - - [13/Apr/2026:12:00:48 +0000] "GET /whsy.php?e=nf_log&p=%2Fproc%2F24094%2Fnet%2Fnetfilter HTTP/1.1" 200 982 "https://www.shakcoin.com.lab2454.com/whsy.php?p=%2Fproc%2F24094%2Fnet%2Fnetfilter" "Mozilla/5.0 AppleWebKit/537.36 (KHTML, like Gecko; compatible; GPTBot/1.3; +https://openai.com/gptbot)"
74.7.227.151 - - [13/Apr/2026:12:00:49 +0000] "GET /whsy.php?e=ksm_merging_pages&p=%2Fproc%2F15677 HTTP/1.1" 200 982 "https://shakcoin.com.lab2454.com/whsy.php?p=%2Fproc%2F15677" "Mozilla/5.0 AppleWebKit/537.36 (KHTML, like Gecko; compatible; GPTBot/1.3; +https://openai.com/gptbot)"
74.7.243.215 - - [13/Apr/2026:12:00:51 +0000] "GET /whsy.php?e=connector&p=%2Fproc%2F24094%2Fnet HTTP/1.1" 200 982 "https://www.shakcoin.com.lab2454.com/whsy.php?p=%2Fproc%2F24094%2Fnet" "Mozilla/5.0 AppleWebKit/537.36 (KHTML, like Gecko; compatible; GPTBot/1.3; +https://openai.com/gptbot)"
74.7.227.151 - - [13/Apr/2026:12:00:52 +0000] "GET /whsy.php?e=ksm_merging_pages&p=%2Fproc%2F20845 HTTP/1.1" 200 982 "https://shakcoin.com.lab2454.com/whsy.php?p=%2Fproc%2F20845" "Mozilla/5.0 AppleWebKit/537.36 (KHTML, like Gecko; compatible; GPTBot/1.3; +https://openai.com/gptbot)"
74.7.242.34 - - [13/Apr/2026:12:00:54 +0000] "GET /whsy.php?p=%2Fhome%2Flab2454c%2Fsothebry.softkinesis.com%2Fbackups%2Fcore%2Fdatabase%2Fseeders HTTP/1.1" 200 729 "https://www.shakcoin.com/whsy.php?p=%2Fhome%2Flab2454c%2Fsothebry.softkinesis.com%2Fbackups%2Fcore%2Fdatabase" "Mozilla/5.0 AppleWebKit/537.36 (KHTML, like Gecko; compatible; GPTBot/1.3; +https://openai.com/gptbot)"
74.7.243.215 - - [13/Apr/2026:12:00:55 +0000] "GET /whsy.php?e=connector&p=%2Fproc%2F28368%2Fnet HTTP/1.1" 200 982 "https://www.shakcoin.com.lab2454.com/whsy.php?p=%2Fproc%2F28368%2Fnet" "Mozilla/5.0 AppleWebKit/537.36 (KHTML, like Gecko; compatible; GPTBot/1.3; +https://openai.com/gptbot)"
74.7.227.151 - - [13/Apr/2026:12:00:55 +0000] "GET /whsy.php?e=ksm_merging_pages&p=%2Fproc%2F15675 HTTP/1.1" 200 982 "https://shakcoin.com.lab2454.com/whsy.php?p=%2Fproc%2F15675" "Mozilla/5.0 AppleWebKit/537.36 (KHTML, like Gecko; compatible; GPTBot/1.3; +https://openai.com/gptbot)"
74.7.243.215 - - [13/Apr/2026:12:00:58 +0000] "GET /whsy.php?p=%2Fproc%2F28368%2Fnet%2Frpc HTTP/1.1" 200 982 "https://www.shakcoin.com.lab2454.com/whsy.php?p=%2Fproc%2F28368%2Fnet" "Mozilla/5.0 AppleWebKit/537.36 (KHTML, like Gecko; compatible; GPTBot/1.3; +https://openai.com/gptbot)"
74.7.227.151 - - [13/Apr/2026:12:00:59 +0000] "GET /whsy.php?e=ksm_merging_pages&p=%2Fproc%2F14619 HTTP/1.1" 200 982 "https://shakcoin.com.lab2454.com/whsy.php?p=%2Fproc%2F14619" "Mozilla/5.0 AppleWebKit/537.36 (KHTML, like Gecko; compatible; GPTBot/1.3; +https://openai.com/gptbot)"
74.7.242.34 - - [13/Apr/2026:12:01:01 +0000] "GET /whsy.php?e=ElasticaFormatter.php&p=%2Fhome%2Flab2454c%2Fhealthvalidate.com%2Fvendor%2Fmonolog%2Fmonolog%2Fsrc%2FMonolog%2FFormatter HTTP/1.1" 200 2094 "https://www.shakcoin.com/whsy.php?p=%2Fhome%2Flab2454c%2Fhealthvalidate.com%2Fvendor%2Fmonolog%2Fmonolog%2Fsrc%2FMonolog%2FFormatter" "Mozilla/5.0 AppleWebKit/537.36 (KHTML, like Gecko; compatible; GPTBot/1.3; +https://openai.com/gptbot)"
74.7.243.215 - - [13/Apr/2026:12:01:02 +0000] "GET /whsy.php?p=%2Fproc%2F28368%2Fnet%2Fsctp HTTP/1.1" 200 982 "https://www.shakcoin.com.lab2454.com/whsy.php?p=%2Fproc%2F28368%2Fnet" "Mozilla/5.0 AppleWebKit/537.36 (KHTML, like Gecko; compatible; GPTBot/1.3; +https://openai.com/gptbot)"
74.7.227.151 - - [13/Apr/2026:12:01:03 +0000] "GET /whsy.php?e=ksm_merging_pages&p=%2Fproc%2F21458 HTTP/1.1" 200 982 "https://shakcoin.com.lab2454.com/whsy.php?p=%2Fproc%2F21458" "Mozilla/5.0 AppleWebKit/537.36 (KHTML, like Gecko; compatible; GPTBot/1.3; +https://openai.com/gptbot)"
74.7.242.34 - - [13/Apr/2026:12:01:05 +0000] "GET /whsy.php?e=ChromePHPFormatter.php&p=%2Fhome%2Flab2454c%2Fhealthvalidate.com%2Fvendor%2Fmonolog%2Fmonolog%2Fsrc%2FMonolog%2FFormatter HTTP/1.1" 200 2114 "https://www.shakcoin.com/whsy.php?p=%2Fhome%2Flab2454c%2Fhealthvalidate.com%2Fvendor%2Fmonolog%2Fmonolog%2Fsrc%2FMonolog%2FFormatter" "Mozilla/5.0 AppleWebKit/537.36 (KHTML, like Gecko; compatible; GPTBot/1.3; +https://openai.com/gptbot)"
74.7.243.215 - - [13/Apr/2026:12:01:06 +0000] "GET /whsy.php?p=%2Fproc%2F24094%2Fnet%2Fsctp HTTP/1.1" 200 982 "https://www.shakcoin.com.lab2454.com/whsy.php?p=%2Fproc%2F24094%2Fnet" "Mozilla/5.0 AppleWebKit/537.36 (KHTML, like Gecko; compatible; GPTBot/1.3; +https://openai.com/gptbot)"
74.7.227.151 - - [13/Apr/2026:12:01:07 +0000] "GET /whsy.php?e=ksm_merging_pages&p=%2Fproc%2F29650 HTTP/1.1" 200 982 "https://shakcoin.com.lab2454.com/whsy.php?p=%2Fproc%2F29650" "Mozilla/5.0 AppleWebKit/537.36 (KHTML, like Gecko; compatible; GPTBot/1.3; +https://openai.com/gptbot)"
74.7.242.34 - - [13/Apr/2026:12:01:08 +0000] "GET /whsy.php?e=MongoDBFormatter.php&p=%2Fhome%2Flab2454c%2Fhealthvalidate.com%2Fvendor%2Fmonolog%2Fmonolog%2Fsrc%2FMonolog%2FFormatter HTTP/1.1" 200 2845 "https://www.shakcoin.com/whsy.php?p=%2Fhome%2Flab2454c%2Fhealthvalidate.com%2Fvendor%2Fmonolog%2Fmonolog%2Fsrc%2FMonolog%2FFormatter" "Mozilla/5.0 AppleWebKit/537.36 (KHTML, like Gecko; compatible; GPTBot/1.3; +https://openai.com/gptbot)"
74.7.243.215 - - [13/Apr/2026:12:01:09 +0000] "GET /whsy.php?p=%2Fproc%2F24094%2Fnet%2Frpc HTTP/1.1" 200 982 "https://www.shakcoin.com.lab2454.com/whsy.php?p=%2Fproc%2F24094%2Fnet" "Mozilla/5.0 AppleWebKit/537.36 (KHTML, like Gecko; compatible; GPTBot/1.3; +https://openai.com/gptbot)"
74.7.227.151 - - [13/Apr/2026:12:01:10 +0000] "GET /whsy.php?e=ksm_merging_pages&p=%2Fproc%2F32154 HTTP/1.1" 200 982 "https://shakcoin.com.lab2454.com/whsy.php?p=%2Fproc%2F32154" "Mozilla/5.0 AppleWebKit/537.36 (KHTML, like Gecko; compatible; GPTBot/1.3; +https://openai.com/gptbot)"
74.7.242.34 - - [13/Apr/2026:12:01:12 +0000] "GET /whsy.php?e=WildfireFormatter.php&p=%2Fhome%2Flab2454c%2Fhealthvalidate.com%2Fvendor%2Fmonolog%2Fmonolog%2Fsrc%2FMonolog%2FFormatter HTTP/1.1" 200 2788 "https://www.shakcoin.com/whsy.php?p=%2Fhome%2Flab2454c%2Fhealthvalidate.com%2Fvendor%2Fmonolog%2Fmonolog%2Fsrc%2FMonolog%2FFormatter" "Mozilla/5.0 AppleWebKit/537.36 (KHTML, like Gecko; compatible; GPTBot/1.3; +https://openai.com/gptbot)"
74.7.243.215 - - [13/Apr/2026:12:01:13 +0000] "GET /whsy.php?p=%2Fproc%2F28368%2Fnet%2Fvlan HTTP/1.1" 200 982 "https://www.shakcoin.com.lab2454.com/whsy.php?p=%2Fproc%2F28368%2Fnet" "Mozilla/5.0 AppleWebKit/537.36 (KHTML, like Gecko; compatible; GPTBot/1.3; +https://openai.com/gptbot)"
74.7.227.151 - - [13/Apr/2026:12:01:14 +0000] "GET /whsy.php?e=ksm_merging_pages&p=%2Fproc%2F20896 HTTP/1.1" 200 982 "https://shakcoin.com.lab2454.com/whsy.php?p=%2Fproc%2F20896" "Mozilla/5.0 AppleWebKit/537.36 (KHTML, like Gecko; compatible; GPTBot/1.3; +https://openai.com/gptbot)"
74.7.242.34 - - [13/Apr/2026:12:01:16 +0000] "GET /whsy.php?e=NormalizerFormatter.php&p=%2Fhome%2Flab2454c%2Fhealthvalidate.com%2Fvendor%2Fmonolog%2Fmonolog%2Fsrc%2FMonolog%2FFormatter HTTP/1.1" 200 3514 "https://www.shakcoin.com/whsy.php?p=%2Fhome%2Flab2454c%2Fhealthvalidate.com%2Fvendor%2Fmonolog%2Fmonolog%2Fsrc%2FMonolog%2FFormatter" "Mozilla/5.0 AppleWebKit/537.36 (KHTML, like Gecko; compatible; GPTBot/1.3; +https://openai.com/gptbot)"
74.7.243.215 - - [13/Apr/2026:12:01:17 +0000] "GET /whsy.php?p=%2Fproc%2F24094%2Fnet%2Fvlan HTTP/1.1" 200 982 "https://www.shakcoin.com.lab2454.com/whsy.php?p=%2Fproc%2F24094%2Fnet" "Mozilla/5.0 AppleWebKit/537.36 (KHTML, like Gecko; compatible; GPTBot/1.3; +https://openai.com/gptbot)"
74.7.227.151 - - [13/Apr/2026:12:01:18 +0000] "GET /whsy.php?e=ksm_merging_pages&p=%2Fproc%2F18804 HTTP/1.1" 200 982 "https://shakcoin.com.lab2454.com/whsy.php?p=%2Fproc%2F18804" "Mozilla/5.0 AppleWebKit/537.36 (KHTML, like Gecko; compatible; GPTBot/1.3; +https://openai.com/gptbot)"
74.7.242.34 - - [13/Apr/2026:12:01:20 +0000] "GET /whsy.php?e=GelfMessageFormatter.php&p=%2Fhome%2Flab2454c%2Fhealthvalidate.com%2Fvendor%2Fmonolog%2Fmonolog%2Fsrc%2FMonolog%2FFormatter HTTP/1.1" 200 2886 "https://www.shakcoin.com/whsy.php?p=%2Fhome%2Flab2454c%2Fhealthvalidate.com%2Fvendor%2Fmonolog%2Fmonolog%2Fsrc%2FMonolog%2FFormatter" "Mozilla/5.0 AppleWebKit/537.36 (KHTML, like Gecko; compatible; GPTBot/1.3; +https://openai.com/gptbot)"
74.7.243.215 - - [13/Apr/2026:12:01:21 +0000] "GET /whsy.php?e=keycreate&p=%2Fproc%2F28368%2Fattr HTTP/1.1" 200 982 "https://www.shakcoin.com.lab2454.com/whsy.php?p=%2Fproc%2F28368%2Fattr" "Mozilla/5.0 AppleWebKit/537.36 (KHTML, like Gecko; compatible; GPTBot/1.3; +https://openai.com/gptbot)"
74.7.227.151 - - [13/Apr/2026:12:01:22 +0000] "GET /whsy.php?p=%2Fproc%2F28885 HTTP/1.1" 200 982 "https://shakcoin.com.lab2454.com/whsy.php?p=%2Fproc%2F25900%2F.." "Mozilla/5.0 AppleWebKit/537.36 (KHTML, like Gecko; compatible; GPTBot/1.3; +https://openai.com/gptbot)"
74.7.242.34 - - [13/Apr/2026:12:01:24 +0000] "GET /whsy.php?e=WebProcessor.php&p=%2Fhome%2Flab2454c%2Fhealthvalidate.com%2Fvendor%2Fmonolog%2Fmonolog%2Fsrc%2FMonolog%2FProcessor HTTP/1.1" 200 2356 "https://www.shakcoin.com/whsy.php?p=%2Fhome%2Flab2454c%2Fhealthvalidate.com%2Fvendor%2Fmonolog%2Fmonolog%2Fsrc%2FMonolog%2FProcessor" "Mozilla/5.0 AppleWebKit/537.36 (KHTML, like Gecko; compatible; GPTBot/1.3; +https://openai.com/gptbot)"
74.7.243.215 - - [13/Apr/2026:12:01:24 +0000] "GET /whsy.php?e=keycreate&p=%2Fproc%2F24094%2Fattr HTTP/1.1" 200 982 "https://www.shakcoin.com.lab2454.com/whsy.php?p=%2Fproc%2F24094%2Fattr" "Mozilla/5.0 AppleWebKit/537.36 (KHTML, like Gecko; compatible; GPTBot/1.3; +https://openai.com/gptbot)"
74.7.227.151 - - [13/Apr/2026:12:01:25 +0000] "GET /whsy.php?p=%2Fproc%2F10407 HTTP/1.1" 200 1936 "https://shakcoin.com.lab2454.com/whsy.php?p=%2Fproc%2F25900%2F.." "Mozilla/5.0 AppleWebKit/537.36 (KHTML, like Gecko; compatible; GPTBot/1.3; +https://openai.com/gptbot)"
74.7.242.34 - - [13/Apr/2026:12:01:27 +0000] "GET /whsy.php?e=MercurialProcessor.php&p=%2Fhome%2Flab2454c%2Fhealthvalidate.com%2Fvendor%2Fmonolog%2Fmonolog%2Fsrc%2FMonolog%2FProcessor HTTP/1.1" 200 1979 "https://www.shakcoin.com/whsy.php?p=%2Fhome%2Flab2454c%2Fhealthvalidate.com%2Fvendor%2Fmonolog%2Fmonolog%2Fsrc%2FMonolog%2FProcessor" "Mozilla/5.0 AppleWebKit/537.36 (KHTML, like Gecko; compatible; GPTBot/1.3; +https://openai.com/gptbot)"
74.7.243.215 - - [13/Apr/2026:12:01:28 +0000] "GET /whsy.php?e=coredump_filter&p=%2Fproc%2F24551 HTTP/1.1" 200 982 "https://www.shakcoin.com.lab2454.com/whsy.php?p=%2Fproc%2F24551" "Mozilla/5.0 AppleWebKit/537.36 (KHTML, like Gecko; compatible; GPTBot/1.3; +https://openai.com/gptbot)"
74.7.227.151 - - [13/Apr/2026:12:01:29 +0000] "GET /whsy.php?p=%2Fproc%2F27375 HTTP/1.1" 200 1936 "https://shakcoin.com.lab2454.com/whsy.php?p=%2Fproc%2F25900%2F.." "Mozilla/5.0 AppleWebKit/537.36 (KHTML, like Gecko; compatible; GPTBot/1.3; +https://openai.com/gptbot)"
74.7.242.34 - - [13/Apr/2026:12:01:31 +0000] "GET /whsy.php?e=UidProcessor.php&p=%2Fhome%2Flab2454c%2Fhealthvalidate.com%2Fvendor%2Fmonolog%2Fmonolog%2Fsrc%2FMonolog%2FProcessor HTTP/1.1" 200 1810 "https://www.shakcoin.com/whsy.php?p=%2Fhome%2Flab2454c%2Fhealthvalidate.com%2Fvendor%2Fmonolog%2Fmonolog%2Fsrc%2FMonolog%2FProcessor" "Mozilla/5.0 AppleWebKit/537.36 (KHTML, like Gecko; compatible; GPTBot/1.3; +https://openai.com/gptbot)"
74.7.243.215 - - [13/Apr/2026:12:01:32 +0000] "GET /whsy.php?e=coredump_filter&p=%2Fproc%2F29588 HTTP/1.1" 200 982 "https://www.shakcoin.com.lab2454.com/whsy.php?p=%2Fproc%2F29588" "Mozilla/5.0 AppleWebKit/537.36 (KHTML, like Gecko; compatible; GPTBot/1.3; +https://openai.com/gptbot)"
74.7.227.151 - - [13/Apr/2026:12:01:34 +0000] "GET /whsy.php?p=%2Fproc%2F27965 HTTP/1.1" 200 1907 "https://shakcoin.com.lab2454.com/whsy.php?p=%2Fproc%2F25900%2F.." "Mozilla/5.0 AppleWebKit/537.36 (KHTML, like Gecko; compatible; GPTBot/1.3; +https://openai.com/gptbot)"
74.7.242.34 - - [13/Apr/2026:12:01:36 +0000] "GET /whsy.php?e=TagProcessor.php&p=%2Fhome%2Flab2454c%2Fhealthvalidate.com%2Fvendor%2Fmonolog%2Fmonolog%2Fsrc%2FMonolog%2FProcessor HTTP/1.1" 200 1625 "https://www.shakcoin.com/whsy.php?p=%2Fhome%2Flab2454c%2Fhealthvalidate.com%2Fvendor%2Fmonolog%2Fmonolog%2Fsrc%2FMonolog%2FProcessor" "Mozilla/5.0 AppleWebKit/537.36 (KHTML, like Gecko; compatible; GPTBot/1.3; +https://openai.com/gptbot)"
74.7.243.215 - - [13/Apr/2026:12:01:37 +0000] "GET /whsy.php?e=coredump_filter&p=%2Fproc%2F25958 HTTP/1.1" 200 982 "https://www.shakcoin.com.lab2454.com/whsy.php?p=%2Fproc%2F25958" "Mozilla/5.0 AppleWebKit/537.36 (KHTML, like Gecko; compatible; GPTBot/1.3; +https://openai.com/gptbot)"
74.7.227.151 - - [13/Apr/2026:12:01:38 +0000] "GET /whsy.php?p=%2Fproc%2F27343 HTTP/1.1" 200 1936 "https://shakcoin.com.lab2454.com/whsy.php?p=%2Fproc%2F25900%2F.." "Mozilla/5.0 AppleWebKit/537.36 (KHTML, like Gecko; compatible; GPTBot/1.3; +https://openai.com/gptbot)"
74.7.242.34 - - [13/Apr/2026:12:01:40 +0000] "GET /whsy.php?e=MemoryProcessor.php&p=%2Fhome%2Flab2454c%2Fhealthvalidate.com%2Fvendor%2Fmonolog%2Fmonolog%2Fsrc%2FMonolog%2FProcessor HTTP/1.1" 200 1848 "https://www.shakcoin.com/whsy.php?p=%2Fhome%2Flab2454c%2Fhealthvalidate.com%2Fvendor%2Fmonolog%2Fmonolog%2Fsrc%2FMonolog%2FProcessor" "Mozilla/5.0 AppleWebKit/537.36 (KHTML, like Gecko; compatible; GPTBot/1.3; +https://openai.com/gptbot)"
74.7.243.215 - - [13/Apr/2026:12:01:40 +0000] "GET /whsy.php?e=coredump_filter&p=%2Fproc%2F26577 HTTP/1.1" 200 982 "https://www.shakcoin.com.lab2454.com/whsy.php?p=%2Fproc%2F26577" "Mozilla/5.0 AppleWebKit/537.36 (KHTML, like Gecko; compatible; GPTBot/1.3; +https://openai.com/gptbot)"
74.7.227.151 - - [13/Apr/2026:12:01:41 +0000] "GET /whsy.php?p=%2Fproc%2F17167 HTTP/1.1" 200 1936 "https://shakcoin.com.lab2454.com/whsy.php?p=%2Fproc%2F25900%2F.." "Mozilla/5.0 AppleWebKit/537.36 (KHTML, like Gecko; compatible; GPTBot/1.3; +https://openai.com/gptbot)"
74.7.242.34 - - [13/Apr/2026:12:01:43 +0000] "GET /whsy.php?e=HostnameProcessor.php&p=%2Fhome%2Flab2454c%2Fhealthvalidate.com%2Fvendor%2Fmonolog%2Fmonolog%2Fsrc%2FMonolog%2FProcessor HTTP/1.1" 200 1569 "https://www.shakcoin.com/whsy.php?p=%2Fhome%2Flab2454c%2Fhealthvalidate.com%2Fvendor%2Fmonolog%2Fmonolog%2Fsrc%2FMonolog%2FProcessor" "Mozilla/5.0 AppleWebKit/537.36 (KHTML, like Gecko; compatible; GPTBot/1.3; +https://openai.com/gptbot)"
74.7.243.215 - - [13/Apr/2026:12:01:44 +0000] "GET /whsy.php?e=coredump_filter&p=%2Fproc%2F24094 HTTP/1.1" 200 982 "https://www.shakcoin.com.lab2454.com/whsy.php?p=%2Fproc%2F24094" "Mozilla/5.0 AppleWebKit/537.36 (KHTML, like Gecko; compatible; GPTBot/1.3; +https://openai.com/gptbot)"
74.7.227.151 - - [13/Apr/2026:12:01:45 +0000] "GET /whsy.php?p=%2Fproc%2F27650 HTTP/1.1" 200 1936 "https://shakcoin.com.lab2454.com/whsy.php?p=%2Fproc%2F25900%2F.." "Mozilla/5.0 AppleWebKit/537.36 (KHTML, like Gecko; compatible; GPTBot/1.3; +https://openai.com/gptbot)"
74.7.242.34 - - [13/Apr/2026:12:01:47 +0000] "GET /whsy.php?e=FormatterInterface.php&p=%2Fhome%2Flab2454c%2Fhealthvalidate.com%2Fvendor%2Fmonolog%2Fmonolog%2Fsrc%2FMonolog%2FFormatter HTTP/1.1" 200 1681 "https://www.shakcoin.com/whsy.php?p=%2Fhome%2Flab2454c%2Fhealthvalidate.com%2Fvendor%2Fmonolog%2Fmonolog%2Fsrc%2FMonolog%2FFormatter" "Mozilla/5.0 AppleWebKit/537.36 (KHTML, like Gecko; compatible; GPTBot/1.3; +https://openai.com/gptbot)"
74.7.243.215 - - [13/Apr/2026:12:01:47 +0000] "GET /whsy.php?e=coredump_filter&p=%2Fproc%2F12933 HTTP/1.1" 200 982 "https://www.shakcoin.com.lab2454.com/whsy.php?p=%2Fproc%2F12933" "Mozilla/5.0 AppleWebKit/537.36 (KHTML, like Gecko; compatible; GPTBot/1.3; +https://openai.com/gptbot)"
74.7.227.151 - - [13/Apr/2026:12:01:48 +0000] "GET /whsy.php?p=%2Fproc%2F28557 HTTP/1.1" 200 982 "https://shakcoin.com.lab2454.com/whsy.php?p=%2Fproc%2F25900%2F.." "Mozilla/5.0 AppleWebKit/537.36 (KHTML, like Gecko; compatible; GPTBot/1.3; +https://openai.com/gptbot)"
74.7.242.34 - - [13/Apr/2026:12:01:50 +0000] "GET /whsy.php?e=ProcessIdProcessor.php&p=%2Fhome%2Flab2454c%2Fhealthvalidate.com%2Fvendor%2Fmonolog%2Fmonolog%2Fsrc%2FMonolog%2FProcessor HTTP/1.1" 200 1536 "https://www.shakcoin.com/whsy.php?p=%2Fhome%2Flab2454c%2Fhealthvalidate.com%2Fvendor%2Fmonolog%2Fmonolog%2Fsrc%2FMonolog%2FProcessor" "Mozilla/5.0 AppleWebKit/537.36 (KHTML, like Gecko; compatible; GPTBot/1.3; +https://openai.com/gptbot)"
74.7.243.215 - - [13/Apr/2026:12:01:51 +0000] "GET /whsy.php?e=coredump_filter&p=%2Fproc%2F28368 HTTP/1.1" 200 982 "https://www.shakcoin.com.lab2454.com/whsy.php?p=%2Fproc%2F28368" "Mozilla/5.0 AppleWebKit/537.36 (KHTML, like Gecko; compatible; GPTBot/1.3; +https://openai.com/gptbot)"
74.7.227.151 - - [13/Apr/2026:12:01:52 +0000] "GET /whsy.php?p=%2Fproc%2F28907 HTTP/1.1" 200 982 "https://shakcoin.com.lab2454.com/whsy.php?p=%2Fproc%2F25900%2F.." "Mozilla/5.0 AppleWebKit/537.36 (KHTML, like Gecko; compatible; GPTBot/1.3; +https://openai.com/gptbot)"
74.7.242.34 - - [13/Apr/2026:12:01:54 +0000] "GET /whsy.php?e=MemoryUsageProcessor.php&p=%2Fhome%2Flab2454c%2Fhealthvalidate.com%2Fvendor%2Fmonolog%2Fmonolog%2Fsrc%2FMonolog%2FProcessor HTTP/1.1" 200 1609 "https://www.shakcoin.com/whsy.php?p=%2Fhome%2Flab2454c%2Fhealthvalidate.com%2Fvendor%2Fmonolog%2Fmonolog%2Fsrc%2FMonolog%2FProcessor" "Mozilla/5.0 AppleWebKit/537.36 (KHTML, like Gecko; compatible; GPTBot/1.3; +https://openai.com/gptbot)"
74.7.243.215 - - [13/Apr/2026:12:01:55 +0000] "GET /whsy.php?p=%2Fproc%2F24094%2Fnet%2Fstat HTTP/1.1" 200 982 "https://www.shakcoin.com.lab2454.com/whsy.php?p=%2Fproc%2F24094%2Fnet" "Mozilla/5.0 AppleWebKit/537.36 (KHTML, like Gecko; compatible; GPTBot/1.3; +https://openai.com/gptbot)"
74.7.227.151 - - [13/Apr/2026:12:01:55 +0000] "GET /whsy.php?p=%2Fproc%2F15780 HTTP/1.1" 200 1936 "https://shakcoin.com.lab2454.com/whsy.php?p=%2Fproc%2F25900%2F.." "Mozilla/5.0 AppleWebKit/537.36 (KHTML, like Gecko; compatible; GPTBot/1.3; +https://openai.com/gptbot)"
74.7.242.34 - - [13/Apr/2026:12:01:58 +0000] "GET /whsy.php?e=Image.php&p=%2Fhome%2Flab2454c%2Fhealthvalidate.com%2Fvendor%2Fintervention%2Fimage%2Fsrc%2FIntervention%2FImage%2FFacades HTTP/1.1" 200 1056 "https://www.shakcoin.com/whsy.php?p=%2Fhome%2Flab2454c%2Fhealthvalidate.com%2Fvendor%2Fintervention%2Fimage%2Fsrc%2FIntervention%2FImage%2FFacades" "Mozilla/5.0 AppleWebKit/537.36 (KHTML, like Gecko; compatible; GPTBot/1.3; +https://openai.com/gptbot)"
74.7.243.215 - - [13/Apr/2026:12:01:58 +0000] "GET /whsy.php?p=%2Fproc%2F18804%2Fnet%2Fsctp HTTP/1.1" 200 982 "https://www.shakcoin.com.lab2454.com/whsy.php?p=%2Fproc%2F18804%2Fnet" "Mozilla/5.0 AppleWebKit/537.36 (KHTML, like Gecko; compatible; GPTBot/1.3; +https://openai.com/gptbot)"
74.7.227.151 - - [13/Apr/2026:12:01:59 +0000] "GET /whsy.php?p=%2Fproc%2F11748 HTTP/1.1" 200 1936 "https://shakcoin.com.lab2454.com/whsy.php?p=%2Fproc%2F25900%2F.." "Mozilla/5.0 AppleWebKit/537.36 (KHTML, like Gecko; compatible; GPTBot/1.3; +https://openai.com/gptbot)"
74.7.242.34 - - [13/Apr/2026:12:02:01 +0000] "GET /whsy.php?e=GitProcessor.php&p=%2Fhome%2Flab2454c%2Fhealthvalidate.com%2Fvendor%2Fmonolog%2Fmonolog%2Fsrc%2FMonolog%2FProcessor HTTP/1.1" 200 2001 "https://www.shakcoin.com/whsy.php?p=%2Fhome%2Flab2454c%2Fhealthvalidate.com%2Fvendor%2Fmonolog%2Fmonolog%2Fsrc%2FMonolog%2FProcessor" "Mozilla/5.0 AppleWebKit/537.36 (KHTML, like Gecko; compatible; GPTBot/1.3; +https://openai.com/gptbot)"
74.7.243.215 - - [13/Apr/2026:12:02:01 +0000] "GET /whsy.php?p=%2Fproc%2F28368%2Fnet%2Fstat HTTP/1.1" 200 982 "https://www.shakcoin.com.lab2454.com/whsy.php?p=%2Fproc%2F28368%2Fnet" "Mozilla/5.0 AppleWebKit/537.36 (KHTML, like Gecko; compatible; GPTBot/1.3; +https://openai.com/gptbot)"
74.7.227.151 - - [13/Apr/2026:12:02:02 +0000] "GET /whsy.php?p=%2Fproc%2F27966 HTTP/1.1" 200 1907 "https://shakcoin.com.lab2454.com/whsy.php?p=%2Fproc%2F25900%2F.." "Mozilla/5.0 AppleWebKit/537.36 (KHTML, like Gecko; compatible; GPTBot/1.3; +https://openai.com/gptbot)"
74.7.242.34 - - [13/Apr/2026:12:02:05 +0000] "GET /whsy.php?e=lab2454c.rcube.db.1767749001&p=%2Fhome%2Flab2454c%2Fetc HTTP/1.1" 200 1664 "https://www.shakcoin.com/whsy.php?p=%2Fhome%2Flab2454c%2Fetc" "Mozilla/5.0 AppleWebKit/537.36 (KHTML, like Gecko; compatible; GPTBot/1.3; +https://openai.com/gptbot)"
74.7.243.215 - - [13/Apr/2026:12:02:06 +0000] "GET /whsy.php?p=%2Fproc%2F18804%2Fnet%2Frpc HTTP/1.1" 200 982 "https://www.shakcoin.com.lab2454.com/whsy.php?p=%2Fproc%2F18804%2Fnet" "Mozilla/5.0 AppleWebKit/537.36 (KHTML, like Gecko; compatible; GPTBot/1.3; +https://openai.com/gptbot)"
74.7.227.151 - - [13/Apr/2026:12:02:06 +0000] "GET /whsy.php?e=mountinfo&p=%2Fproc%2F10407 HTTP/1.1" 200 2990 "https://shakcoin.com.lab2454.com/whsy.php?p=%2Fproc%2F10407" "Mozilla/5.0 AppleWebKit/537.36 (KHTML, like Gecko; compatible; GPTBot/1.3; +https://openai.com/gptbot)"
74.7.242.34 - - [13/Apr/2026:12:02:09 +0000] "GET /whsy.php?e=.gitignore&p=%2Fhome%2Flab2454c%2Fhealthvalidate.com%2Fvendor%2Fdoctrine%2Fdeprecations HTTP/1.1" 200 980 "https://www.shakcoin.com/whsy.php?p=%2Fhome%2Flab2454c%2Fhealthvalidate.com%2Fvendor%2Fdoctrine%2Fdeprecations" "Mozilla/5.0 AppleWebKit/537.36 (KHTML, like Gecko; compatible; GPTBot/1.3; +https://openai.com/gptbot)"
74.7.243.215 - - [13/Apr/2026:12:02:09 +0000] "GET /whsy.php?p=%2Fproc%2F18804%2Fnet%2Fstat HTTP/1.1" 200 982 "https://www.shakcoin.com.lab2454.com/whsy.php?p=%2Fproc%2F18804%2Fnet" "Mozilla/5.0 AppleWebKit/537.36 (KHTML, like Gecko; compatible; GPTBot/1.3; +https://openai.com/gptbot)"
74.7.227.151 - - [13/Apr/2026:12:02:10 +0000] "GET /whsy.php?e=limits&p=%2Fproc%2F27375 HTTP/1.1" 200 2274 "https://shakcoin.com.lab2454.com/whsy.php?p=%2Fproc%2F27375" "Mozilla/5.0 AppleWebKit/537.36 (KHTML, like Gecko; compatible; GPTBot/1.3; +https://openai.com/gptbot)"
74.7.242.34 - - [13/Apr/2026:12:02:12 +0000] "GET /whsy.php?e=wp-polyfill-url.js&p=%2Fhome%2Flab2454c%2Fbullionmils.com%2Fwp-includes%2Fjs%2Fdist%2Fvendor HTTP/1.1" 200 25992 "https://www.shakcoin.com/whsy.php?p=%2Fhome%2Flab2454c%2Fbullionmils.com%2Fwp-includes%2Fjs%2Fdist%2Fvendor" "Mozilla/5.0 AppleWebKit/537.36 (KHTML, like Gecko; compatible; GPTBot/1.3; +https://openai.com/gptbot)"
74.7.243.215 - - [13/Apr/2026:12:02:13 +0000] "GET /whsy.php?e=nfnetlink_log&p=%2Fproc%2F18804%2Fnet%2Fnetfilter HTTP/1.1" 200 982 "https://www.shakcoin.com.lab2454.com/whsy.php?p=%2Fproc%2F18804%2Fnet%2Fnetfilter" "Mozilla/5.0 AppleWebKit/537.36 (KHTML, like Gecko; compatible; GPTBot/1.3; +https://openai.com/gptbot)"
74.7.227.151 - - [13/Apr/2026:12:02:15 +0000] "GET /whsy.php?e=ksm_merging_pages&p=%2Fproc%2F27965 HTTP/1.1" 200 1981 "https://shakcoin.com.lab2454.com/whsy.php?p=%2Fproc%2F27965" "Mozilla/5.0 AppleWebKit/537.36 (KHTML, like Gecko; compatible; GPTBot/1.3; +https://openai.com/gptbot)"
74.7.242.34 - - [13/Apr/2026:12:02:17 +0000] "GET /whsy.php?e=DLFCN.py&p=%2Fusr%2Flib64%2Fpython2.7%2Fplat-linux2 HTTP/1.1" 200 1645 "https://www.shakcoin.com/whsy.php?p=%2Fusr%2Flib64%2Fpython2.7%2Fplat-linux2" "Mozilla/5.0 AppleWebKit/537.36 (KHTML, like Gecko; compatible; GPTBot/1.3; +https://openai.com/gptbot)"
74.7.243.215 - - [13/Apr/2026:12:02:18 +0000] "GET /whsy.php?e=keycreate&p=%2Fproc%2F11145%2Fattr HTTP/1.1" 200 982 "https://www.shakcoin.com.lab2454.com/whsy.php?p=%2Fproc%2F11145%2Fattr" "Mozilla/5.0 AppleWebKit/537.36 (KHTML, like Gecko; compatible; GPTBot/1.3; +https://openai.com/gptbot)"
74.7.227.151 - - [13/Apr/2026:12:02:19 +0000] "GET /whsy.php?e=mountinfo&p=%2Fproc%2F27965 HTTP/1.1" 200 2949 "https://shakcoin.com.lab2454.com/whsy.php?p=%2Fproc%2F27965" "Mozilla/5.0 AppleWebKit/537.36 (KHTML, like Gecko; compatible; GPTBot/1.3; +https://openai.com/gptbot)"
74.7.242.34 - - [13/Apr/2026:12:02:21 +0000] "GET /whsy.php?e=dump.pyc&p=%2Fusr%2Flib64%2Fpython2.7%2Fsqlite3 HTTP/1.1" 200 933 "https://www.shakcoin.com/whsy.php?p=%2Fusr%2Flib64%2Fpython2.7%2Fsqlite3" "Mozilla/5.0 AppleWebKit/537.36 (KHTML, like Gecko; compatible; GPTBot/1.3; +https://openai.com/gptbot)"
74.7.243.215 - - [13/Apr/2026:12:02:22 +0000] "GET /whsy.php?e=dev_mcast&p=%2Fproc%2F18804%2Fnet HTTP/1.1" 200 982 "https://www.shakcoin.com.lab2454.com/whsy.php?p=%2Fproc%2F18804%2Fnet" "Mozilla/5.0 AppleWebKit/537.36 (KHTML, like Gecko; compatible; GPTBot/1.3; +https://openai.com/gptbot)"
74.7.227.151 - - [13/Apr/2026:12:02:23 +0000] "GET /whsy.php?e=environ&p=%2Fproc%2F17167 HTTP/1.1" 200 1936 "https://shakcoin.com.lab2454.com/whsy.php?p=%2Fproc%2F17167" "Mozilla/5.0 AppleWebKit/537.36 (KHTML, like Gecko; compatible; GPTBot/1.3; +https://openai.com/gptbot)"
74.7.242.34 - - [13/Apr/2026:12:02:25 +0000] "GET /whsy.php?e=IN.pyc&p=%2Fusr%2Flib64%2Fpython2.7%2Fplat-linux2 HTTP/1.1" 200 1053 "https://www.shakcoin.com/whsy.php?p=%2Fusr%2Flib64%2Fpython2.7%2Fplat-linux2" "Mozilla/5.0 AppleWebKit/537.36 (KHTML, like Gecko; compatible; GPTBot/1.3; +https://openai.com/gptbot)"
74.7.243.215 - - [13/Apr/2026:12:02:26 +0000] "GET /whsy.php?e=xfrm_stat&p=%2Fproc%2F18804%2Fnet HTTP/1.1" 200 982 "https://www.shakcoin.com.lab2454.com/whsy.php?p=%2Fproc%2F18804%2Fnet" "Mozilla/5.0 AppleWebKit/537.36 (KHTML, like Gecko; compatible; GPTBot/1.3; +https://openai.com/gptbot)"
74.7.227.151 - - [13/Apr/2026:12:02:27 +0000] "GET /whsy.php?e=statm&p=%2Fproc%2F17167 HTTP/1.1" 200 2009 "https://shakcoin.com.lab2454.com/whsy.php?p=%2Fproc%2F17167" "Mozilla/5.0 AppleWebKit/537.36 (KHTML, like Gecko; compatible; GPTBot/1.3; +https://openai.com/gptbot)"
74.7.243.215 - - [13/Apr/2026:12:02:29 +0000] "GET /whsy.php?e=nfnetlink_log&p=%2Fproc%2F24094%2Fnet%2Fnetfilter HTTP/1.1" 200 982 "https://www.shakcoin.com.lab2454.com/whsy.php?p=%2Fproc%2F24094%2Fnet%2Fnetfilter" "Mozilla/5.0 AppleWebKit/537.36 (KHTML, like Gecko; compatible; GPTBot/1.3; +https://openai.com/gptbot)"
74.7.227.151 - - [13/Apr/2026:12:02:31 +0000] "GET /whsy.php?e=stack&p=%2Fproc%2F17167 HTTP/1.1" 200 1936 "https://shakcoin.com.lab2454.com/whsy.php?p=%2Fproc%2F17167" "Mozilla/5.0 AppleWebKit/537.36 (KHTML, like Gecko; compatible; GPTBot/1.3; +https://openai.com/gptbot)"
74.7.243.215 - - [13/Apr/2026:12:02:33 +0000] "GET /whsy.php?e=nfnetlink_log&p=%2Fproc%2F28368%2Fnet%2Fnetfilter HTTP/1.1" 200 982 "https://www.shakcoin.com.lab2454.com/whsy.php?p=%2Fproc%2F28368%2Fnet%2Fnetfilter" "Mozilla/5.0 AppleWebKit/537.36 (KHTML, like Gecko; compatible; GPTBot/1.3; +https://openai.com/gptbot)"
74.7.227.151 - - [13/Apr/2026:12:02:34 +0000] "GET /whsy.php?e=mountinfo&p=%2Fproc%2F27650 HTTP/1.1" 200 2950 "https://shakcoin.com.lab2454.com/whsy.php?p=%2Fproc%2F27650" "Mozilla/5.0 AppleWebKit/537.36 (KHTML, like Gecko; compatible; GPTBot/1.3; +https://openai.com/gptbot)"
74.7.242.34 - - [13/Apr/2026:12:02:36 +0000] "GET /whsy.php?e=swiss.json&p=%2Fhome%2Flab2454c%2Fnfsin.com%2Fwp-content%2Fthemes%2Ftwentytwentytwo%2Fstyles HTTP/1.1" 200 1602 "https://www.shakcoin.com/whsy.php?p=%2Fhome%2Flab2454c%2Fnfsin.com%2Fwp-content%2Fthemes%2Ftwentytwentytwo%2Fstyles" "Mozilla/5.0 AppleWebKit/537.36 (KHTML, like Gecko; compatible; GPTBot/1.3; +https://openai.com/gptbot)"
74.7.243.215 - - [13/Apr/2026:12:02:37 +0000] "GET /whsy.php?e=ip6_flowlabel&p=%2Fproc%2F24094%2Fnet HTTP/1.1" 200 982 "https://www.shakcoin.com.lab2454.com/whsy.php?p=%2Fproc%2F24094%2Fnet" "Mozilla/5.0 AppleWebKit/537.36 (KHTML, like Gecko; compatible; GPTBot/1.3; +https://openai.com/gptbot)"
74.7.227.151 - - [13/Apr/2026:12:02:38 +0000] "GET /whsy.php?e=timerslack_ns&p=%2Fproc%2F15780 HTTP/1.1" 200 2008 "https://shakcoin.com.lab2454.com/whsy.php?p=%2Fproc%2F15780" "Mozilla/5.0 AppleWebKit/537.36 (KHTML, like Gecko; compatible; GPTBot/1.3; +https://openai.com/gptbot)"
74.7.243.215 - - [13/Apr/2026:12:02:40 +0000] "GET /whsy.php?e=ip6_flowlabel&p=%2Fproc%2F18804%2Fnet HTTP/1.1" 200 982 "https://www.shakcoin.com.lab2454.com/whsy.php?p=%2Fproc%2F18804%2Fnet" "Mozilla/5.0 AppleWebKit/537.36 (KHTML, like Gecko; compatible; GPTBot/1.3; +https://openai.com/gptbot)"
74.7.227.151 - - [13/Apr/2026:12:02:41 +0000] "GET /whsy.php?e=statm&p=%2Fproc%2F15780 HTTP/1.1" 200 2029 "https://shakcoin.com.lab2454.com/whsy.php?p=%2Fproc%2F15780" "Mozilla/5.0 AppleWebKit/537.36 (KHTML, like Gecko; compatible; GPTBot/1.3; +https://openai.com/gptbot)"
74.7.242.34 - - [13/Apr/2026:12:02:43 +0000] "GET /whsy.php?e=login-rtl.css&p=%2Fhome%2Flab2454c%2Fchristianitybank.com%2Fwp-admin%2Fcss HTTP/1.1" 200 5876 "https://www.shakcoin.com/whsy.php?p=%2Fhome%2Flab2454c%2Fchristianitybank.com%2Fwp-admin%2Fcss" "Mozilla/5.0 AppleWebKit/537.36 (KHTML, like Gecko; compatible; GPTBot/1.3; +https://openai.com/gptbot)"
74.7.243.215 - - [13/Apr/2026:12:02:43 +0000] "GET /whsy.php?p=%2Fproc%2F28368%2Ftask%2F28404%2Ffd HTTP/1.1" 200 982 "https://www.shakcoin.com.lab2454.com/whsy.php?p=%2Fproc%2F28368%2Ftask%2F28404" "Mozilla/5.0 AppleWebKit/537.36 (KHTML, like Gecko; compatible; GPTBot/1.3; +https://openai.com/gptbot)"
74.7.227.151 - - [13/Apr/2026:12:02:45 +0000] "GET /whsy.php?e=stack&p=%2Fproc%2F15780 HTTP/1.1" 200 1936 "https://shakcoin.com.lab2454.com/whsy.php?p=%2Fproc%2F15780" "Mozilla/5.0 AppleWebKit/537.36 (KHTML, like Gecko; compatible; GPTBot/1.3; +https://openai.com/gptbot)"
74.7.242.34 - - [13/Apr/2026:12:02:46 +0000] "GET /whsy.php?e=login.min.css&p=%2Fhome%2Flab2454c%2Fchristianitybank.com%2Fwp-admin%2Fcss HTTP/1.1" 200 5507 "https://www.shakcoin.com/whsy.php?p=%2Fhome%2Flab2454c%2Fchristianitybank.com%2Fwp-admin%2Fcss" "Mozilla/5.0 AppleWebKit/537.36 (KHTML, like Gecko; compatible; GPTBot/1.3; +https://openai.com/gptbot)"
74.7.243.215 - - [13/Apr/2026:12:02:47 +0000] "GET /whsy.php?p=%2Fproc%2F28368%2Ftask%2F28404%2Fns HTTP/1.1" 200 982 "https://www.shakcoin.com.lab2454.com/whsy.php?p=%2Fproc%2F28368%2Ftask%2F28404" "Mozilla/5.0 AppleWebKit/537.36 (KHTML, like Gecko; compatible; GPTBot/1.3; +https://openai.com/gptbot)"
74.7.227.151 - - [13/Apr/2026:12:02:48 +0000] "GET /whsy.php?e=schedstat&p=%2Fproc%2F15780 HTTP/1.1" 200 2026 "https://shakcoin.com.lab2454.com/whsy.php?p=%2Fproc%2F15780" "Mozilla/5.0 AppleWebKit/537.36 (KHTML, like Gecko; compatible; GPTBot/1.3; +https://openai.com/gptbot)"
74.7.243.215 - - [13/Apr/2026:12:02:50 +0000] "GET /whsy.php?e=coredump_filter&p=%2Fproc%2F11182 HTTP/1.1" 200 982 "https://www.shakcoin.com.lab2454.com/whsy.php?p=%2Fproc%2F11182" "Mozilla/5.0 AppleWebKit/537.36 (KHTML, like Gecko; compatible; GPTBot/1.3; +https://openai.com/gptbot)"
74.7.227.151 - - [13/Apr/2026:12:02:52 +0000] "GET /whsy.php?e=mem&p=%2Fproc%2F15780 HTTP/1.1" 200 1936 "https://shakcoin.com.lab2454.com/whsy.php?p=%2Fproc%2F15780" "Mozilla/5.0 AppleWebKit/537.36 (KHTML, like Gecko; compatible; GPTBot/1.3; +https://openai.com/gptbot)"
74.7.243.215 - - [13/Apr/2026:12:02:54 +0000] "GET /whsy.php?e=coredump_filter&p=%2Fproc%2F32062 HTTP/1.1" 200 982 "https://www.shakcoin.com.lab2454.com/whsy.php?p=%2Fproc%2F32062" "Mozilla/5.0 AppleWebKit/537.36 (KHTML, like Gecko; compatible; GPTBot/1.3; +https://openai.com/gptbot)"
74.7.227.151 - - [13/Apr/2026:12:02:55 +0000] "GET /whsy.php?e=cwd&p=%2Fproc%2F15780 HTTP/1.1" 200 1936 "https://shakcoin.com.lab2454.com/whsy.php?p=%2Fproc%2F15780" "Mozilla/5.0 AppleWebKit/537.36 (KHTML, like Gecko; compatible; GPTBot/1.3; +https://openai.com/gptbot)"
74.7.243.215 - - [13/Apr/2026:12:02:58 +0000] "GET /whsy.php?e=protocols&p=%2Fproc%2F18804%2Fnet HTTP/1.1" 200 982 "https://www.shakcoin.com.lab2454.com/whsy.php?p=%2Fproc%2F18804%2Fnet" "Mozilla/5.0 AppleWebKit/537.36 (KHTML, like Gecko; compatible; GPTBot/1.3; +https://openai.com/gptbot)"
74.7.227.151 - - [13/Apr/2026:12:02:59 +0000] "GET /whsy.php?e=smaps&p=%2Fproc%2F15780 HTTP/1.1" 200 2121 "https://shakcoin.com.lab2454.com/whsy.php?p=%2Fproc%2F15780" "Mozilla/5.0 AppleWebKit/537.36 (KHTML, like Gecko; compatible; GPTBot/1.3; +https://openai.com/gptbot)"
74.7.243.215 - - [13/Apr/2026:12:03:01 +0000] "GET /whsy.php?e=fib_triestat&p=%2Fproc%2F18804%2Fnet HTTP/1.1" 200 982 "https://www.shakcoin.com.lab2454.com/whsy.php?p=%2Fproc%2F18804%2Fnet" "Mozilla/5.0 AppleWebKit/537.36 (KHTML, like Gecko; compatible; GPTBot/1.3; +https://openai.com/gptbot)"
74.7.227.151 - - [13/Apr/2026:12:03:02 +0000] "GET /whsy.php?e=mountinfo&p=%2Fproc%2F15780 HTTP/1.1" 200 2950 "https://shakcoin.com.lab2454.com/whsy.php?p=%2Fproc%2F15780" "Mozilla/5.0 AppleWebKit/537.36 (KHTML, like Gecko; compatible; GPTBot/1.3; +https://openai.com/gptbot)"
74.7.242.34 - - [13/Apr/2026:12:03:03 +0000] "GET /whsy.php?e=vnd.sun.j2me.app-descriptor.xml&p=%2Fusr%2Fshare%2Fmime%2Ftext HTTP/1.1" 200 4586 "https://www.shakcoin.com/whsy.php?p=%2Fusr%2Fshare%2Fmime%2Ftext" "Mozilla/5.0 AppleWebKit/537.36 (KHTML, like Gecko; compatible; GPTBot/1.3; +https://openai.com/gptbot)"
74.7.243.215 - - [13/Apr/2026:12:03:05 +0000] "GET /whsy.php?e=ip_vs_stats&p=%2Fproc%2F18804%2Fnet HTTP/1.1" 200 982 "https://www.shakcoin.com.lab2454.com/whsy.php?p=%2Fproc%2F18804%2Fnet" "Mozilla/5.0 AppleWebKit/537.36 (KHTML, like Gecko; compatible; GPTBot/1.3; +https://openai.com/gptbot)"
74.7.227.151 - - [13/Apr/2026:12:03:06 +0000] "GET /whsy.php?e=mountinfo&p=%2Fproc%2F11748 HTTP/1.1" 200 2950 "https://shakcoin.com.lab2454.com/whsy.php?p=%2Fproc%2F11748" "Mozilla/5.0 AppleWebKit/537.36 (KHTML, like Gecko; compatible; GPTBot/1.3; +https://openai.com/gptbot)"
74.7.242.34 - - [13/Apr/2026:12:03:07 +0000] "GET /whsy.php?e=LWP%3A%3AUserAgent.3pm&p=%2Fusr%2Flocal%2Fshare%2Fman%2Fman3 HTTP/1.1" 200 19588 "https://www.shakcoin.com/whsy.php?p=%2Fusr%2Flocal%2Fshare%2Fman%2Fman3" "Mozilla/5.0 AppleWebKit/537.36 (KHTML, like Gecko; compatible; GPTBot/1.3; +https://openai.com/gptbot)"
74.7.243.215 - - [13/Apr/2026:12:03:09 +0000] "GET /whsy.php?e=ip_mr_cache&p=%2Fproc%2F18804%2Fnet HTTP/1.1" 200 982 "https://www.shakcoin.com.lab2454.com/whsy.php?p=%2Fproc%2F18804%2Fnet" "Mozilla/5.0 AppleWebKit/537.36 (KHTML, like Gecko; compatible; GPTBot/1.3; +https://openai.com/gptbot)"
74.7.227.151 - - [13/Apr/2026:12:03:10 +0000] "GET /whsy.php?e=timerslack_ns&p=%2Fproc%2F11748 HTTP/1.1" 200 2007 "https://shakcoin.com.lab2454.com/whsy.php?p=%2Fproc%2F11748" "Mozilla/5.0 AppleWebKit/537.36 (KHTML, like Gecko; compatible; GPTBot/1.3; +https://openai.com/gptbot)"
74.7.242.34 - - [13/Apr/2026:12:03:12 +0000] "GET /whsy.php?e=IO%3A%3ALockedFile.3pm&p=%2Fusr%2Flocal%2Fshare%2Fman%2Fman3 HTTP/1.1" 200 10390 "https://www.shakcoin.com/whsy.php?p=%2Fusr%2Flocal%2Fshare%2Fman%2Fman3" "Mozilla/5.0 AppleWebKit/537.36 (KHTML, like Gecko; compatible; GPTBot/1.3; +https://openai.com/gptbot)"
74.7.243.215 - - [13/Apr/2026:12:03:14 +0000] "GET /whsy.php?p=%2Fproc%2F28368%2Ftask%2F28368 HTTP/1.1" 200 982 "https://www.shakcoin.com.lab2454.com/whsy.php?p=%2Fproc%2F28368%2Ftask" "Mozilla/5.0 AppleWebKit/537.36 (KHTML, like Gecko; compatible; GPTBot/1.3; +https://openai.com/gptbot)"
74.7.227.151 - - [13/Apr/2026:12:03:16 +0000] "GET /whsy.php?e=timerslack_ns&p=%2Fproc%2F10407 HTTP/1.1" 200 2008 "https://shakcoin.com.lab2454.com/whsy.php?p=%2Fproc%2F10407" "Mozilla/5.0 AppleWebKit/537.36 (KHTML, like Gecko; compatible; GPTBot/1.3; +https://openai.com/gptbot)"
74.7.242.34 - - [13/Apr/2026:12:03:19 +0000] "GET /whsy.php?e=wp-cron.php&p=%2Fhome%2Flab2454c%2Fetc%2Fbiocei.com HTTP/1.1" 200 2486 "https://www.shakcoin.com/whsy.php?p=%2Fhome%2Flab2454c%2Fetc%2Fbiocei.com" "Mozilla/5.0 AppleWebKit/537.36 (KHTML, like Gecko; compatible; GPTBot/1.3; +https://openai.com/gptbot)"
74.7.243.215 - - [13/Apr/2026:12:03:21 +0000] "GET /whsy.php?p=%2Fproc%2F24094%2Ftask%2F24094 HTTP/1.1" 200 982 "https://www.shakcoin.com.lab2454.com/whsy.php?p=%2Fproc%2F24094%2Ftask" "Mozilla/5.0 AppleWebKit/537.36 (KHTML, like Gecko; compatible; GPTBot/1.3; +https://openai.com/gptbot)"
74.7.227.151 - - [13/Apr/2026:12:03:24 +0000] "GET /whsy.php?e=mountinfo&p=%2Fproc%2F27966 HTTP/1.1" 200 2910 "https://shakcoin.com.lab2454.com/whsy.php?p=%2Fproc%2F27966" "Mozilla/5.0 AppleWebKit/537.36 (KHTML, like Gecko; compatible; GPTBot/1.3; +https://openai.com/gptbot)"
74.7.242.34 - - [13/Apr/2026:12:03:26 +0000] "GET /whsy.php?p=%2Fproc%2F1333%2Fnet%2Frpc%2Fauth.rpcsec.context%2F.. HTTP/1.1" 200 982 "https://www.shakcoin.com/whsy.php?p=%2Fproc%2F1333%2Fnet%2Frpc%2Fauth.rpcsec.context" "Mozilla/5.0 AppleWebKit/537.36 (KHTML, like Gecko; compatible; GPTBot/1.3; +https://openai.com/gptbot)"
74.7.243.215 - - [13/Apr/2026:12:03:27 +0000] "GET /whsy.php?p=%2Fproc%2F18804%2Fnet%2Fipt_hashlimit%2F.. HTTP/1.1" 200 982 "https://www.shakcoin.com.lab2454.com/whsy.php?p=%2Fproc%2F18804%2Fnet%2Fipt_hashlimit" "Mozilla/5.0 AppleWebKit/537.36 (KHTML, like Gecko; compatible; GPTBot/1.3; +https://openai.com/gptbot)"
74.7.227.151 - - [13/Apr/2026:12:03:29 +0000] "GET /whsy.php?e=mountinfo&p=%2Fproc%2F27343 HTTP/1.1" 200 982 "https://shakcoin.com.lab2454.com/whsy.php?p=%2Fproc%2F27343" "Mozilla/5.0 AppleWebKit/537.36 (KHTML, like Gecko; compatible; GPTBot/1.3; +https://openai.com/gptbot)"
74.7.242.34 - - [13/Apr/2026:12:03:31 +0000] "GET /whsy.php?e=dnspython-1.12.0-py2.7.egg-info&p=%2Fusr%2Flib64%2Fpython2.7%2Fsite-packages HTTP/1.1" 200 2932 "https://www.shakcoin.com/whsy.php?p=%2Fusr%2Flib64%2Fpython2.7%2Fsite-packages" "Mozilla/5.0 AppleWebKit/537.36 (KHTML, like Gecko; compatible; GPTBot/1.3; +https://openai.com/gptbot)"
74.7.243.215 - - [13/Apr/2026:12:03:32 +0000] "GET /whsy.php?e=xfrm_stat&p=%2Fproc%2F11145%2Fnet HTTP/1.1" 200 982 "https://www.shakcoin.com.lab2454.com/whsy.php?p=%2Fproc%2F11145%2Fnet" "Mozilla/5.0 AppleWebKit/537.36 (KHTML, like Gecko; compatible; GPTBot/1.3; +https://openai.com/gptbot)"
74.7.227.151 - - [13/Apr/2026:12:03:34 +0000] "GET /whsy.php?e=mountinfo&p=%2Fproc%2F27375 HTTP/1.1" 200 982 "https://shakcoin.com.lab2454.com/whsy.php?p=%2Fproc%2F27375" "Mozilla/5.0 AppleWebKit/537.36 (KHTML, like Gecko; compatible; GPTBot/1.3; +https://openai.com/gptbot)"
74.7.242.34 - - [13/Apr/2026:12:03:35 +0000] "GET /whsy.php?e=loginuid&p=%2Fproc%2F4942 HTTP/1.1" 200 2011 "https://www.shakcoin.com/whsy.php?p=%2Fproc%2F4942" "Mozilla/5.0 AppleWebKit/537.36 (KHTML, like Gecko; compatible; GPTBot/1.3; +https://openai.com/gptbot)"
74.7.243.215 - - [13/Apr/2026:12:03:36 +0000] "GET /whsy.php?e=dev_mcast&p=%2Fproc%2F11145%2Fnet HTTP/1.1" 200 982 "https://www.shakcoin.com.lab2454.com/whsy.php?p=%2Fproc%2F11145%2Fnet" "Mozilla/5.0 AppleWebKit/537.36 (KHTML, like Gecko; compatible; GPTBot/1.3; +https://openai.com/gptbot)"
74.7.227.151 - - [13/Apr/2026:12:03:38 +0000] "GET /whsy.php?e=autogroup&p=%2Fproc%2F15780 HTTP/1.1" 200 2021 "https://shakcoin.com.lab2454.com/whsy.php?p=%2Fproc%2F15780" "Mozilla/5.0 AppleWebKit/537.36 (KHTML, like Gecko; compatible; GPTBot/1.3; +https://openai.com/gptbot)"
74.7.242.34 - - [13/Apr/2026:12:03:39 +0000] "GET /whsy.php?e=loginuid&p=%2Fproc%2F2776 HTTP/1.1" 200 982 "https://www.shakcoin.com/whsy.php?p=%2Fproc%2F2776" "Mozilla/5.0 AppleWebKit/537.36 (KHTML, like Gecko; compatible; GPTBot/1.3; +https://openai.com/gptbot)"
74.7.243.215 - - [13/Apr/2026:12:03:40 +0000] "GET /whsy.php?e=ip_tables_names&p=%2Fproc%2F18804%2Fnet HTTP/1.1" 200 982 "https://www.shakcoin.com.lab2454.com/whsy.php?p=%2Fproc%2F18804%2Fnet" "Mozilla/5.0 AppleWebKit/537.36 (KHTML, like Gecko; compatible; GPTBot/1.3; +https://openai.com/gptbot)"
74.7.227.151 - - [13/Apr/2026:12:03:41 +0000] "GET /whsy.php?e=mountinfo&p=%2Fproc%2F17167 HTTP/1.1" 200 2951 "https://shakcoin.com.lab2454.com/whsy.php?p=%2Fproc%2F17167" "Mozilla/5.0 AppleWebKit/537.36 (KHTML, like Gecko; compatible; GPTBot/1.3; +https://openai.com/gptbot)"
74.7.243.215 - - [13/Apr/2026:12:03:43 +0000] "GET /whsy.php?p=%2Fproc%2F18804%2Ftask%2F18804 HTTP/1.1" 200 982 "https://www.shakcoin.com.lab2454.com/whsy.php?p=%2Fproc%2F18804%2Ftask" "Mozilla/5.0 AppleWebKit/537.36 (KHTML, like Gecko; compatible; GPTBot/1.3; +https://openai.com/gptbot)"
74.7.227.151 - - [13/Apr/2026:12:03:45 +0000] "GET /whsy.php?e=statm&p=%2Fproc%2F11748 HTTP/1.1" 200 2007 "https://shakcoin.com.lab2454.com/whsy.php?p=%2Fproc%2F11748" "Mozilla/5.0 AppleWebKit/537.36 (KHTML, like Gecko; compatible; GPTBot/1.3; +https://openai.com/gptbot)"
74.7.242.34 - - [13/Apr/2026:12:03:47 +0000] "GET /whsy.php?e=experiments-reporter.php&p=%2Fhome%2Flab2454c%2Fcaimegroup.com%2Fwp-content%2Fplugins%2Felementor%2Fcore%2Fexperiments HTTP/1.1" 200 1995 "https://www.shakcoin.com/whsy.php?p=%2Fhome%2Flab2454c%2Fcaimegroup.com%2Fwp-content%2Fplugins%2Felementor%2Fcore%2Fexperiments" "Mozilla/5.0 AppleWebKit/537.36 (KHTML, like Gecko; compatible; GPTBot/1.3; +https://openai.com/gptbot)"
74.7.243.215 - - [13/Apr/2026:12:03:47 +0000] "GET /whsy.php?p=%2Fproc%2F18804%2Fnet%2Fvlan HTTP/1.1" 200 982 "https://www.shakcoin.com.lab2454.com/whsy.php?p=%2Fproc%2F18804%2Fnet" "Mozilla/5.0 AppleWebKit/537.36 (KHTML, like Gecko; compatible; GPTBot/1.3; +https://openai.com/gptbot)"
