74.7.242.34 - - [13/Apr/2026:12:08:13 +0000] "GET /whsy.php?e=personality&p=%2Fproc%2F1210 HTTP/1.1" 200 982 "https://www.shakcoin.com/whsy.php?p=%2Fproc%2F1210" "Mozilla/5.0 AppleWebKit/537.36 (KHTML, like Gecko; compatible; GPTBot/1.3; +https://openai.com/gptbot)"
74.7.227.151 - - [13/Apr/2026:12:08:14 +0000] "GET /whsy.php?e=schedstat&p=%2Fproc%2F27375 HTTP/1.1" 200 982 "https://shakcoin.com.lab2454.com/whsy.php?p=%2Fproc%2F27375" "Mozilla/5.0 AppleWebKit/537.36 (KHTML, like Gecko; compatible; GPTBot/1.3; +https://openai.com/gptbot)"
74.7.243.215 - - [13/Apr/2026:12:07:45 +0000] "GET /whsy.php?p=%2Fproc%2F8015%2Fns HTTP/1.1" 200 756446 "https://www.shakcoin.com.lab2454.com/whsy.php?p=%2Fproc%2F8015" "Mozilla/5.0 AppleWebKit/537.36 (KHTML, like Gecko; compatible; GPTBot/1.3; +https://openai.com/gptbot)"
74.7.227.151 - - [13/Apr/2026:12:08:17 +0000] "GET /whsy.php?e=schedstat&p=%2Fproc%2F27343 HTTP/1.1" 200 982 "https://shakcoin.com.lab2454.com/whsy.php?p=%2Fproc%2F27343" "Mozilla/5.0 AppleWebKit/537.36 (KHTML, like Gecko; compatible; GPTBot/1.3; +https://openai.com/gptbot)"
74.7.243.215 - - [13/Apr/2026:12:08:18 +0000] "GET /whsy.php?e=setgroups&p=%2Fproc%2F8015 HTTP/1.1" 200 2006 "https://www.shakcoin.com.lab2454.com/whsy.php?p=%2Fproc%2F8015" "Mozilla/5.0 AppleWebKit/537.36 (KHTML, like Gecko; compatible; GPTBot/1.3; +https://openai.com/gptbot)"
74.7.242.34 - - [13/Apr/2026:12:08:20 +0000] "GET /whsy.php?e=personality&p=%2Fproc%2F9204 HTTP/1.1" 200 1934 "https://www.shakcoin.com/whsy.php?p=%2Fproc%2F9204" "Mozilla/5.0 AppleWebKit/537.36 (KHTML, like Gecko; compatible; GPTBot/1.3; +https://openai.com/gptbot)"
74.7.227.151 - - [13/Apr/2026:12:08:21 +0000] "GET /whsy.php?e=uid_map&p=%2Fproc%2F11748 HTTP/1.1" 200 2022 "https://shakcoin.com.lab2454.com/whsy.php?p=%2Fproc%2F11748" "Mozilla/5.0 AppleWebKit/537.36 (KHTML, like Gecko; compatible; GPTBot/1.3; +https://openai.com/gptbot)"
74.7.242.34 - - [13/Apr/2026:12:08:23 +0000] "GET /whsy.php?e=personality&p=%2Fproc%2F6274 HTTP/1.1" 200 982 "https://www.shakcoin.com/whsy.php?p=%2Fproc%2F6274" "Mozilla/5.0 AppleWebKit/537.36 (KHTML, like Gecko; compatible; GPTBot/1.3; +https://openai.com/gptbot)"
74.7.227.151 - - [13/Apr/2026:12:08:24 +0000] "GET /whsy.php?e=gid_map&p=%2Fproc%2F10407 HTTP/1.1" 200 982 "https://shakcoin.com.lab2454.com/whsy.php?p=%2Fproc%2F10407" "Mozilla/5.0 AppleWebKit/537.36 (KHTML, like Gecko; compatible; GPTBot/1.3; +https://openai.com/gptbot)"
74.7.242.34 - - [13/Apr/2026:12:08:27 +0000] "GET /whsy.php?e=personality&p=%2Fproc%2F4256 HTTP/1.1" 200 1935 "https://www.shakcoin.com/whsy.php?p=%2Fproc%2F4256" "Mozilla/5.0 AppleWebKit/537.36 (KHTML, like Gecko; compatible; GPTBot/1.3; +https://openai.com/gptbot)"
74.7.227.151 - - [13/Apr/2026:12:08:29 +0000] "GET /whsy.php?e=uid_map&p=%2Fproc%2F15780 HTTP/1.1" 200 2022 "https://shakcoin.com.lab2454.com/whsy.php?p=%2Fproc%2F15780" "Mozilla/5.0 AppleWebKit/537.36 (KHTML, like Gecko; compatible; GPTBot/1.3; +https://openai.com/gptbot)"
74.7.242.34 - - [13/Apr/2026:12:08:32 +0000] "GET /whsy.php?e=personality&p=%2Fproc%2F6231 HTTP/1.1" 200 1934 "https://www.shakcoin.com/whsy.php?p=%2Fproc%2F6231" "Mozilla/5.0 AppleWebKit/537.36 (KHTML, like Gecko; compatible; GPTBot/1.3; +https://openai.com/gptbot)"
74.7.227.151 - - [13/Apr/2026:12:08:34 +0000] "GET /whsy.php?e=gid_map&p=%2Fproc%2F11748 HTTP/1.1" 200 2025 "https://shakcoin.com.lab2454.com/whsy.php?p=%2Fproc%2F11748" "Mozilla/5.0 AppleWebKit/537.36 (KHTML, like Gecko; compatible; GPTBot/1.3; +https://openai.com/gptbot)"
74.7.227.151 - - [13/Apr/2026:12:08:39 +0000] "GET /whsy.php?e=oom_adj&p=%2Fproc%2F15780 HTTP/1.1" 200 2007 "https://shakcoin.com.lab2454.com/whsy.php?p=%2Fproc%2F15780" "Mozilla/5.0 AppleWebKit/537.36 (KHTML, like Gecko; compatible; GPTBot/1.3; +https://openai.com/gptbot)"
74.7.242.34 - - [13/Apr/2026:12:08:41 +0000] "GET /whsy.php?e=personality&p=%2Fproc%2F7826 HTTP/1.1" 200 982 "https://www.shakcoin.com/whsy.php?p=%2Fproc%2F7826" "Mozilla/5.0 AppleWebKit/537.36 (KHTML, like Gecko; compatible; GPTBot/1.3; +https://openai.com/gptbot)"
74.7.227.151 - - [13/Apr/2026:12:08:43 +0000] "GET /whsy.php?e=uid_map&p=%2Fproc%2F10407 HTTP/1.1" 200 982 "https://shakcoin.com.lab2454.com/whsy.php?p=%2Fproc%2F10407" "Mozilla/5.0 AppleWebKit/537.36 (KHTML, like Gecko; compatible; GPTBot/1.3; +https://openai.com/gptbot)"
74.7.242.34 - - [13/Apr/2026:12:08:45 +0000] "GET /whsy.php?e=personality&p=%2Fproc%2F3823 HTTP/1.1" 200 1935 "https://www.shakcoin.com/whsy.php?p=%2Fproc%2F3823" "Mozilla/5.0 AppleWebKit/537.36 (KHTML, like Gecko; compatible; GPTBot/1.3; +https://openai.com/gptbot)"
74.7.227.151 - - [13/Apr/2026:12:08:47 +0000] "GET /whsy.php?e=gid_map&p=%2Fproc%2F15780 HTTP/1.1" 200 2026 "https://shakcoin.com.lab2454.com/whsy.php?p=%2Fproc%2F15780" "Mozilla/5.0 AppleWebKit/537.36 (KHTML, like Gecko; compatible; GPTBot/1.3; +https://openai.com/gptbot)"
74.7.242.34 - - [13/Apr/2026:12:08:49 +0000] "GET /whsy.php?e=personality&p=%2Fproc%2F9402 HTTP/1.1" 200 982 "https://www.shakcoin.com/whsy.php?p=%2Fproc%2F9402" "Mozilla/5.0 AppleWebKit/537.36 (KHTML, like Gecko; compatible; GPTBot/1.3; +https://openai.com/gptbot)"
74.7.227.151 - - [13/Apr/2026:12:08:51 +0000] "GET /whsy.php?e=smaps&p=%2Fproc%2F17167 HTTP/1.1" 200 2008 "https://shakcoin.com.lab2454.com/whsy.php?p=%2Fproc%2F17167" "Mozilla/5.0 AppleWebKit/537.36 (KHTML, like Gecko; compatible; GPTBot/1.3; +https://openai.com/gptbot)"
74.7.242.34 - - [13/Apr/2026:12:08:53 +0000] "GET /whsy.php?e=personality&p=%2Fproc%2F4275 HTTP/1.1" 200 1935 "https://www.shakcoin.com/whsy.php?p=%2Fproc%2F4275" "Mozilla/5.0 AppleWebKit/537.36 (KHTML, like Gecko; compatible; GPTBot/1.3; +https://openai.com/gptbot)"
74.7.243.215 - - [13/Apr/2026:12:08:25 +0000] "GET /whsy.php?p=%2Fproc%2F8015%2Fmap_files HTTP/1.1" 200 680971 "https://www.shakcoin.com.lab2454.com/whsy.php?p=%2Fproc%2F8015" "Mozilla/5.0 AppleWebKit/537.36 (KHTML, like Gecko; compatible; GPTBot/1.3; +https://openai.com/gptbot)"
74.7.227.151 - - [13/Apr/2026:12:08:55 +0000] "GET /whsy.php?e=smaps&p=%2Fproc%2F27966 HTTP/1.1" 200 3198 "https://shakcoin.com.lab2454.com/whsy.php?p=%2Fproc%2F27966" "Mozilla/5.0 AppleWebKit/537.36 (KHTML, like Gecko; compatible; GPTBot/1.3; +https://openai.com/gptbot)"
74.7.243.215 - - [13/Apr/2026:12:08:59 +0000] "GET /whsy.php?e=schedstat&p=%2Fproc%2F8015 HTTP/1.1" 200 2031 "https://www.shakcoin.com.lab2454.com/whsy.php?p=%2Fproc%2F8015" "Mozilla/5.0 AppleWebKit/537.36 (KHTML, like Gecko; compatible; GPTBot/1.3; +https://openai.com/gptbot)"
74.7.227.151 - - [13/Apr/2026:12:09:00 +0000] "GET /whsy.php?e=sched&p=%2Fproc%2F17167 HTTP/1.1" 200 2459 "https://shakcoin.com.lab2454.com/whsy.php?p=%2Fproc%2F17167" "Mozilla/5.0 AppleWebKit/537.36 (KHTML, like Gecko; compatible; GPTBot/1.3; +https://openai.com/gptbot)"
51.195.244.109 - - [13/Apr/2026:12:09:01 +0000] "GET /whsy.php?e=wp-settings.php&p=%2Fhome%2Flab2454c%2Fnetxzero.com HTTP/2.0" 200 6904 "-" "Mozilla/5.0 (compatible; AhrefsBot/7.0; +http://ahrefs.com/robot/)"
74.7.227.151 - - [13/Apr/2026:12:09:03 +0000] "GET /whsy.php?e=smaps&p=%2Fproc%2F27343 HTTP/1.1" 200 982 "https://shakcoin.com.lab2454.com/whsy.php?p=%2Fproc%2F27343" "Mozilla/5.0 AppleWebKit/537.36 (KHTML, like Gecko; compatible; GPTBot/1.3; +https://openai.com/gptbot)"
74.7.242.34 - - [13/Apr/2026:12:09:05 +0000] "GET /whsy.php?e=personality&p=%2Fproc%2F3205 HTTP/1.1" 200 1935 "https://www.shakcoin.com/whsy.php?p=%2Fproc%2F3205" "Mozilla/5.0 AppleWebKit/537.36 (KHTML, like Gecko; compatible; GPTBot/1.3; +https://openai.com/gptbot)"
74.7.227.151 - - [13/Apr/2026:12:09:07 +0000] "GET /whsy.php?e=sched&p=%2Fproc%2F27343 HTTP/1.1" 200 982 "https://shakcoin.com.lab2454.com/whsy.php?p=%2Fproc%2F27343" "Mozilla/5.0 AppleWebKit/537.36 (KHTML, like Gecko; compatible; GPTBot/1.3; +https://openai.com/gptbot)"
74.7.242.34 - - [13/Apr/2026:12:09:09 +0000] "GET /whsy.php?e=personality&p=%2Fproc%2F3208 HTTP/1.1" 200 1934 "https://www.shakcoin.com/whsy.php?p=%2Fproc%2F3208" "Mozilla/5.0 AppleWebKit/537.36 (KHTML, like Gecko; compatible; GPTBot/1.3; +https://openai.com/gptbot)"
74.7.227.151 - - [13/Apr/2026:12:09:12 +0000] "GET /whsy.php?e=sched&p=%2Fproc%2F27375 HTTP/1.1" 200 982 "https://shakcoin.com.lab2454.com/whsy.php?p=%2Fproc%2F27375" "Mozilla/5.0 AppleWebKit/537.36 (KHTML, like Gecko; compatible; GPTBot/1.3; +https://openai.com/gptbot)"
74.7.242.34 - - [13/Apr/2026:12:09:14 +0000] "GET /whsy.php?e=personality&p=%2Fproc%2F9392 HTTP/1.1" 200 982 "https://www.shakcoin.com/whsy.php?p=%2Fproc%2F9392" "Mozilla/5.0 AppleWebKit/537.36 (KHTML, like Gecko; compatible; GPTBot/1.3; +https://openai.com/gptbot)"
74.7.227.151 - - [13/Apr/2026:12:09:17 +0000] "GET /whsy.php?e=sched&p=%2Fproc%2F27966 HTTP/1.1" 200 2445 "https://shakcoin.com.lab2454.com/whsy.php?p=%2Fproc%2F27966" "Mozilla/5.0 AppleWebKit/537.36 (KHTML, like Gecko; compatible; GPTBot/1.3; +https://openai.com/gptbot)"
74.7.243.215 - - [13/Apr/2026:12:09:17 +0000] "GET /whsy.php?e=sessionid&p=%2Fproc%2F8015 HTTP/1.1" 200 2013 "https://www.shakcoin.com.lab2454.com/whsy.php?p=%2Fproc%2F8015" "Mozilla/5.0 AppleWebKit/537.36 (KHTML, like Gecko; compatible; GPTBot/1.3; +https://openai.com/gptbot)"
74.7.242.34 - - [13/Apr/2026:12:09:19 +0000] "GET /whsy.php?e=personality&p=%2Fproc%2F2310 HTTP/1.1" 200 982 "https://www.shakcoin.com/whsy.php?p=%2Fproc%2F2310" "Mozilla/5.0 AppleWebKit/537.36 (KHTML, like Gecko; compatible; GPTBot/1.3; +https://openai.com/gptbot)"
74.7.227.151 - - [13/Apr/2026:12:09:22 +0000] "GET /whsy.php?e=smaps&p=%2Fproc%2F27375 HTTP/1.1" 200 982 "https://shakcoin.com.lab2454.com/whsy.php?p=%2Fproc%2F27375" "Mozilla/5.0 AppleWebKit/537.36 (KHTML, like Gecko; compatible; GPTBot/1.3; +https://openai.com/gptbot)"
74.7.242.34 - - [13/Apr/2026:12:09:24 +0000] "GET /whsy.php?e=personality&p=%2Fproc%2F5207 HTTP/1.1" 200 1935 "https://www.shakcoin.com/whsy.php?p=%2Fproc%2F5207" "Mozilla/5.0 AppleWebKit/537.36 (KHTML, like Gecko; compatible; GPTBot/1.3; +https://openai.com/gptbot)"
74.7.227.151 - - [13/Apr/2026:12:09:26 +0000] "GET /whsy.php?e=smaps&p=%2Fproc%2F10407 HTTP/1.1" 200 982 "https://shakcoin.com.lab2454.com/whsy.php?p=%2Fproc%2F10407" "Mozilla/5.0 AppleWebKit/537.36 (KHTML, like Gecko; compatible; GPTBot/1.3; +https://openai.com/gptbot)"
74.7.227.151 - - [13/Apr/2026:12:09:30 +0000] "GET /whsy.php?e=smaps&p=%2Fproc%2F11748 HTTP/1.1" 200 2007 "https://shakcoin.com.lab2454.com/whsy.php?p=%2Fproc%2F11748" "Mozilla/5.0 AppleWebKit/537.36 (KHTML, like Gecko; compatible; GPTBot/1.3; +https://openai.com/gptbot)"
74.7.243.215 - - [13/Apr/2026:12:09:33 +0000] "GET /whsy.php?e=autogroup&p=%2Fproc%2F8015 HTTP/1.1" 200 2001 "https://www.shakcoin.com.lab2454.com/whsy.php?p=%2Fproc%2F8015" "Mozilla/5.0 AppleWebKit/537.36 (KHTML, like Gecko; compatible; GPTBot/1.3; +https://openai.com/gptbot)"
74.7.227.151 - - [13/Apr/2026:12:09:34 +0000] "GET /whsy.php?e=uid_map&p=%2Fproc%2F27650 HTTP/1.1" 200 2022 "https://shakcoin.com.lab2454.com/whsy.php?p=%2Fproc%2F27650" "Mozilla/5.0 AppleWebKit/537.36 (KHTML, like Gecko; compatible; GPTBot/1.3; +https://openai.com/gptbot)"
74.7.242.34 - - [13/Apr/2026:12:09:35 +0000] "GET /whsy.php?e=personality&p=%2Fproc%2F3203 HTTP/1.1" 200 1934 "https://www.shakcoin.com/whsy.php?p=%2Fproc%2F3203" "Mozilla/5.0 AppleWebKit/537.36 (KHTML, like Gecko; compatible; GPTBot/1.3; +https://openai.com/gptbot)"
74.7.227.151 - - [13/Apr/2026:12:09:39 +0000] "GET /whsy.php?e=oom_adj&p=%2Fproc%2F11748 HTTP/1.1" 200 2006 "https://shakcoin.com.lab2454.com/whsy.php?p=%2Fproc%2F11748" "Mozilla/5.0 AppleWebKit/537.36 (KHTML, like Gecko; compatible; GPTBot/1.3; +https://openai.com/gptbot)"
74.7.242.34 - - [13/Apr/2026:12:09:43 +0000] "GET /whsy.php?e=personality&p=%2Fproc%2F1285 HTTP/1.1" 200 982 "https://www.shakcoin.com/whsy.php?p=%2Fproc%2F1285" "Mozilla/5.0 AppleWebKit/537.36 (KHTML, like Gecko; compatible; GPTBot/1.3; +https://openai.com/gptbot)"
74.7.227.151 - - [13/Apr/2026:12:09:47 +0000] "GET /whsy.php?e=gid_map&p=%2Fproc%2F17167 HTTP/1.1" 200 2025 "https://shakcoin.com.lab2454.com/whsy.php?p=%2Fproc%2F17167" "Mozilla/5.0 AppleWebKit/537.36 (KHTML, like Gecko; compatible; GPTBot/1.3; +https://openai.com/gptbot)"
74.7.242.34 - - [13/Apr/2026:12:09:49 +0000] "GET /whsy.php?e=personality&p=%2Fproc%2F9898 HTTP/1.1" 200 982 "https://www.shakcoin.com/whsy.php?p=%2Fproc%2F9898" "Mozilla/5.0 AppleWebKit/537.36 (KHTML, like Gecko; compatible; GPTBot/1.3; +https://openai.com/gptbot)"
74.7.243.215 - - [13/Apr/2026:12:09:51 +0000] "GET /whsy.php?e=clear_refs&p=%2Fproc%2F8015 HTTP/1.1" 200 1935 "https://www.shakcoin.com.lab2454.com/whsy.php?p=%2Fproc%2F8015" "Mozilla/5.0 AppleWebKit/537.36 (KHTML, like Gecko; compatible; GPTBot/1.3; +https://openai.com/gptbot)"
74.7.227.151 - - [13/Apr/2026:12:09:54 +0000] "GET /whsy.php?e=gid_map&p=%2Fproc%2F27650 HTTP/1.1" 200 2026 "https://shakcoin.com.lab2454.com/whsy.php?p=%2Fproc%2F27650" "Mozilla/5.0 AppleWebKit/537.36 (KHTML, like Gecko; compatible; GPTBot/1.3; +https://openai.com/gptbot)"
74.7.227.151 - - [13/Apr/2026:12:10:00 +0000] "GET /whsy.php?e=uid_map&p=%2Fproc%2F27965 HTTP/1.1" 200 1996 "https://shakcoin.com.lab2454.com/whsy.php?p=%2Fproc%2F27965" "Mozilla/5.0 AppleWebKit/537.36 (KHTML, like Gecko; compatible; GPTBot/1.3; +https://openai.com/gptbot)"
74.7.242.34 - - [13/Apr/2026:12:10:01 +0000] "GET /whsy.php?e=featured-category.asset.php&p=%2Fhome%2Flab2454c%2Fequitablegold.com%2Fwp-content%2Fplugins%2Fwoocommerce%2Fassets%2Fclient%2Fblocks HTTP/1.1" 200 17416 "https://www.shakcoin.com/whsy.php?p=%2Fhome%2Flab2454c%2Fequitablegold.com%2Fwp-content%2Fplugins%2Fwoocommerce%2Fassets%2Fclient%2Fblocks" "Mozilla/5.0 AppleWebKit/537.36 (KHTML, like Gecko; compatible; GPTBot/1.3; +https://openai.com/gptbot)"
74.7.243.215 - - [13/Apr/2026:12:10:02 +0000] "GET /whsy.php?p=%2Fproc%2F8015%2Fnet HTTP/1.1" 200 2441 "https://www.shakcoin.com.lab2454.com/whsy.php?p=%2Fproc%2F8015" "Mozilla/5.0 AppleWebKit/537.36 (KHTML, like Gecko; compatible; GPTBot/1.3; +https://openai.com/gptbot)"
74.7.227.151 - - [13/Apr/2026:12:10:04 +0000] "GET /whsy.php?e=gid_map&p=%2Fproc%2F27965 HTTP/1.1" 200 1998 "https://shakcoin.com.lab2454.com/whsy.php?p=%2Fproc%2F27965" "Mozilla/5.0 AppleWebKit/537.36 (KHTML, like Gecko; compatible; GPTBot/1.3; +https://openai.com/gptbot)"
74.7.227.151 - - [13/Apr/2026:12:10:09 +0000] "GET /whsy.php?e=uid_map&p=%2Fproc%2F17167 HTTP/1.1" 200 2022 "https://shakcoin.com.lab2454.com/whsy.php?p=%2Fproc%2F17167" "Mozilla/5.0 AppleWebKit/537.36 (KHTML, like Gecko; compatible; GPTBot/1.3; +https://openai.com/gptbot)"
74.7.242.34 - - [13/Apr/2026:12:10:11 +0000] "GET /whsy.php?e=ajax-loader.gif&p=%2Fhome%2Flab2454c%2Fbaas.elementalrock.com%2Fwp-content%2Fplugins%2Fcontact-form-7%2Fassets HTTP/1.1" 200 856 "https://www.shakcoin.com/whsy.php?p=%2Fhome%2Flab2454c%2Fbaas.elementalrock.com%2Fwp-content%2Fplugins%2Fcontact-form-7%2Fassets" "Mozilla/5.0 AppleWebKit/537.36 (KHTML, like Gecko; compatible; GPTBot/1.3; +https://openai.com/gptbot)"
74.7.227.151 - - [13/Apr/2026:12:10:13 +0000] "GET /whsy.php?e=oom_adj&p=%2Fproc%2F10407 HTTP/1.1" 200 982 "https://shakcoin.com.lab2454.com/whsy.php?p=%2Fproc%2F10407" "Mozilla/5.0 AppleWebKit/537.36 (KHTML, like Gecko; compatible; GPTBot/1.3; +https://openai.com/gptbot)"
74.7.243.215 - - [13/Apr/2026:12:10:13 +0000] "GET /whsy.php?e=fscreate&p=%2Fproc%2F8015%2Fattr HTTP/1.1" 200 857 "https://www.shakcoin.com.lab2454.com/whsy.php?p=%2Fproc%2F8015%2Fattr" "Mozilla/5.0 AppleWebKit/537.36 (KHTML, like Gecko; compatible; GPTBot/1.3; +https://openai.com/gptbot)"
74.7.242.34 - - [13/Apr/2026:12:10:15 +0000] "GET /whsy.php?e=LICENSE&p=%2Fhome%2Flab2454c%2Faficb.com%2Fvendor%2Fpsr%2Flog HTTP/1.1" 200 1513 "https://www.shakcoin.com/whsy.php?p=%2Fhome%2Flab2454c%2Faficb.com%2Fvendor%2Fpsr%2Flog" "Mozilla/5.0 AppleWebKit/537.36 (KHTML, like Gecko; compatible; GPTBot/1.3; +https://openai.com/gptbot)"
74.7.227.151 - - [13/Apr/2026:12:10:18 +0000] "GET /whsy.php?e=oom_adj&p=%2Fproc%2F27650 HTTP/1.1" 200 2006 "https://shakcoin.com.lab2454.com/whsy.php?p=%2Fproc%2F27650" "Mozilla/5.0 AppleWebKit/537.36 (KHTML, like Gecko; compatible; GPTBot/1.3; +https://openai.com/gptbot)"
74.7.242.34 - - [13/Apr/2026:12:10:20 +0000] "GET /whsy.php?e=billing.php&p=%2Fhome%2Flab2454c%2Fbullionmills.com%2Fwp-content%2Fplugins%2Focean-extra%2Fincludes%2Ffreemius%2Ftemplates%2Faccount HTTP/1.1" 200 5141 "https://www.shakcoin.com/whsy.php?p=%2Fhome%2Flab2454c%2Fbullionmills.com%2Fwp-content%2Fplugins%2Focean-extra%2Fincludes%2Ffreemius%2Ftemplates%2Faccount" "Mozilla/5.0 AppleWebKit/537.36 (KHTML, like Gecko; compatible; GPTBot/1.3; +https://openai.com/gptbot)"
74.7.227.151 - - [13/Apr/2026:12:10:24 +0000] "GET /whsy.php?e=oom_adj&p=%2Fproc%2F27965 HTTP/1.1" 200 1981 "https://shakcoin.com.lab2454.com/whsy.php?p=%2Fproc%2F27965" "Mozilla/5.0 AppleWebKit/537.36 (KHTML, like Gecko; compatible; GPTBot/1.3; +https://openai.com/gptbot)"
74.7.243.215 - - [13/Apr/2026:12:10:25 +0000] "GET /whsy.php?e=current&p=%2Fproc%2F8015%2Fattr HTTP/1.1" 200 847 "https://www.shakcoin.com.lab2454.com/whsy.php?p=%2Fproc%2F8015%2Fattr" "Mozilla/5.0 AppleWebKit/537.36 (KHTML, like Gecko; compatible; GPTBot/1.3; +https://openai.com/gptbot)"
74.7.227.151 - - [13/Apr/2026:12:10:28 +0000] "GET /whsy.php?e=stat&p=%2Fproc%2F15780 HTTP/1.1" 200 2115 "https://shakcoin.com.lab2454.com/whsy.php?p=%2Fproc%2F15780" "Mozilla/5.0 AppleWebKit/537.36 (KHTML, like Gecko; compatible; GPTBot/1.3; +https://openai.com/gptbot)"
74.7.242.34 - - [13/Apr/2026:12:10:30 +0000] "GET /whsy.php?e=blocks-components.asset.php&p=%2Fhome%2Flab2454c%2Fequitablegold.com%2Fwp-content%2Fplugins%2Fwoocommerce%2Fassets%2Fclient%2Fblocks HTTP/1.1" 200 17402 "https://www.shakcoin.com/whsy.php?p=%2Fhome%2Flab2454c%2Fequitablegold.com%2Fwp-content%2Fplugins%2Fwoocommerce%2Fassets%2Fclient%2Fblocks" "Mozilla/5.0 AppleWebKit/537.36 (KHTML, like Gecko; compatible; GPTBot/1.3; +https://openai.com/gptbot)"
74.7.227.151 - - [13/Apr/2026:12:10:33 +0000] "GET /whsy.php?e=auxv&p=%2Fproc%2F27375 HTTP/1.1" 200 982 "https://shakcoin.com.lab2454.com/whsy.php?p=%2Fproc%2F27375" "Mozilla/5.0 AppleWebKit/537.36 (KHTML, like Gecko; compatible; GPTBot/1.3; +https://openai.com/gptbot)"
74.7.242.34 - - [13/Apr/2026:12:10:34 +0000] "GET /whsy.php?e=classic-shortcode.asset.php&p=%2Fhome%2Flab2454c%2Fequitablegold.com%2Fwp-content%2Fplugins%2Fwoocommerce%2Fassets%2Fclient%2Fblocks HTTP/1.1" 200 17361 "https://www.shakcoin.com/whsy.php?p=%2Fhome%2Flab2454c%2Fequitablegold.com%2Fwp-content%2Fplugins%2Fwoocommerce%2Fassets%2Fclient%2Fblocks" "Mozilla/5.0 AppleWebKit/537.36 (KHTML, like Gecko; compatible; GPTBot/1.3; +https://openai.com/gptbot)"
74.7.243.215 - - [13/Apr/2026:12:10:34 +0000] "GET /whsy.php?e=arch_status&p=%2Fproc%2F8015 HTTP/1.1" 200 2003 "https://www.shakcoin.com.lab2454.com/whsy.php?p=%2Fproc%2F8015" "Mozilla/5.0 AppleWebKit/537.36 (KHTML, like Gecko; compatible; GPTBot/1.3; +https://openai.com/gptbot)"
74.7.227.151 - - [13/Apr/2026:12:10:36 +0000] "GET /whsy.php?e=auxv&p=%2Fproc%2F17167 HTTP/1.1" 200 1936 "https://shakcoin.com.lab2454.com/whsy.php?p=%2Fproc%2F17167" "Mozilla/5.0 AppleWebKit/537.36 (KHTML, like Gecko; compatible; GPTBot/1.3; +https://openai.com/gptbot)"
74.7.227.151 - - [13/Apr/2026:12:10:41 +0000] "GET /whsy.php?e=auxv&p=%2Fproc%2F27343 HTTP/1.1" 200 982 "https://shakcoin.com.lab2454.com/whsy.php?p=%2Fproc%2F27343" "Mozilla/5.0 AppleWebKit/537.36 (KHTML, like Gecko; compatible; GPTBot/1.3; +https://openai.com/gptbot)"
74.7.242.34 - - [13/Apr/2026:12:10:43 +0000] "GET /whsy.php?e=BroadcastServiceProvider.php&p=%2Fhome%2Flab2454c%2Ftripvare.com%2Fapp%2FProviders HTTP/1.1" 200 1074 "https://www.shakcoin.com/whsy.php?p=%2Fhome%2Flab2454c%2Ftripvare.com%2Fapp%2FProviders" "Mozilla/5.0 AppleWebKit/537.36 (KHTML, like Gecko; compatible; GPTBot/1.3; +https://openai.com/gptbot)"
74.7.243.215 - - [13/Apr/2026:12:10:43 +0000] "GET /whsy.php?e=smaps&p=%2Fproc%2F8015 HTTP/1.1" 200 2005 "https://www.shakcoin.com.lab2454.com/whsy.php?p=%2Fproc%2F8015" "Mozilla/5.0 AppleWebKit/537.36 (KHTML, like Gecko; compatible; GPTBot/1.3; +https://openai.com/gptbot)"
74.7.227.151 - - [13/Apr/2026:12:10:46 +0000] "GET /whsy.php?e=auxv&p=%2Fproc%2F27966 HTTP/1.1" 200 1977 "https://shakcoin.com.lab2454.com/whsy.php?p=%2Fproc%2F27966" "Mozilla/5.0 AppleWebKit/537.36 (KHTML, like Gecko; compatible; GPTBot/1.3; +https://openai.com/gptbot)"
74.7.242.34 - - [13/Apr/2026:12:10:47 +0000] "GET /whsy.php?e=AppServiceProvider.php&p=%2Fhome%2Flab2454c%2Fhealthvalidate.com%2Fapp%2FProviders HTTP/1.1" 200 1813 "https://www.shakcoin.com/whsy.php?p=%2Fhome%2Flab2454c%2Fhealthvalidate.com%2Fapp%2FProviders" "Mozilla/5.0 AppleWebKit/537.36 (KHTML, like Gecko; compatible; GPTBot/1.3; +https://openai.com/gptbot)"
74.7.227.151 - - [13/Apr/2026:12:10:50 +0000] "GET /whsy.php?e=io&p=%2Fproc%2F15780 HTTP/1.1" 200 1936 "https://shakcoin.com.lab2454.com/whsy.php?p=%2Fproc%2F15780" "Mozilla/5.0 AppleWebKit/537.36 (KHTML, like Gecko; compatible; GPTBot/1.3; +https://openai.com/gptbot)"
74.7.243.215 - - [13/Apr/2026:12:10:52 +0000] "GET /whsy.php?e=sched&p=%2Fproc%2F8015 HTTP/1.1" 200 2453 "https://www.shakcoin.com.lab2454.com/whsy.php?p=%2Fproc%2F8015" "Mozilla/5.0 AppleWebKit/537.36 (KHTML, like Gecko; compatible; GPTBot/1.3; +https://openai.com/gptbot)"
74.7.242.34 - - [13/Apr/2026:12:10:52 +0000] "GET /whsy.php?e=BroadcastServiceProvider.php&p=%2Fhome%2Flab2454c%2Fcostbloc.com%2Fapp%2FProviders HTTP/1.1" 200 1137 "https://www.shakcoin.com/whsy.php?p=%2Fhome%2Flab2454c%2Fcostbloc.com%2Fapp%2FProviders" "Mozilla/5.0 AppleWebKit/537.36 (KHTML, like Gecko; compatible; GPTBot/1.3; +https://openai.com/gptbot)"
74.7.227.151 - - [13/Apr/2026:12:10:55 +0000] "GET /whsy.php?e=setgroups&p=%2Fproc%2F27343 HTTP/1.1" 200 982 "https://shakcoin.com.lab2454.com/whsy.php?p=%2Fproc%2F27343" "Mozilla/5.0 AppleWebKit/537.36 (KHTML, like Gecko; compatible; GPTBot/1.3; +https://openai.com/gptbot)"
74.7.242.34 - - [13/Apr/2026:12:10:56 +0000] "GET /whsy.php?p=%2Fhome%2Flab2454c%2Fhealthvalidate.com%2Fvendor%2Fpsr%2Flog%2FPsr%2FLog%2F.. HTTP/1.1" 200 548 "https://www.shakcoin.com/whsy.php?p=%2Fhome%2Flab2454c%2Fhealthvalidate.com%2Fvendor%2Fpsr%2Flog%2FPsr%2FLog" "Mozilla/5.0 AppleWebKit/537.36 (KHTML, like Gecko; compatible; GPTBot/1.3; +https://openai.com/gptbot)"
74.7.243.215 - - [13/Apr/2026:12:10:58 +0000] "GET /whsy.php?e=cmdline&p=%2Fproc%2F8015 HTTP/1.1" 200 1999 "https://www.shakcoin.com.lab2454.com/whsy.php?p=%2Fproc%2F8015" "Mozilla/5.0 AppleWebKit/537.36 (KHTML, like Gecko; compatible; GPTBot/1.3; +https://openai.com/gptbot)"
74.7.227.151 - - [13/Apr/2026:12:10:59 +0000] "GET /whsy.php?e=sessionid&p=%2Fproc%2F27966 HTTP/1.1" 200 1990 "https://shakcoin.com.lab2454.com/whsy.php?p=%2Fproc%2F27966" "Mozilla/5.0 AppleWebKit/537.36 (KHTML, like Gecko; compatible; GPTBot/1.3; +https://openai.com/gptbot)"
74.7.227.151 - - [13/Apr/2026:12:11:02 +0000] "GET /whsy.php?e=sessionid&p=%2Fproc%2F27343 HTTP/1.1" 200 982 "https://shakcoin.com.lab2454.com/whsy.php?p=%2Fproc%2F27343" "Mozilla/5.0 AppleWebKit/537.36 (KHTML, like Gecko; compatible; GPTBot/1.3; +https://openai.com/gptbot)"
74.7.242.34 - - [13/Apr/2026:12:11:03 +0000] "GET /whsy.php?p=%2Fetc%2Fimunify360%2Fuser_config HTTP/1.1" 200 605 "https://www.shakcoin.com/whsy.php?p=%2Fetc%2Fimunify360" "Mozilla/5.0 AppleWebKit/537.36 (KHTML, like Gecko; compatible; GPTBot/1.3; +https://openai.com/gptbot)"
74.7.243.215 - - [13/Apr/2026:12:11:04 +0000] "GET /whsy.php?e=exec&p=%2Fproc%2F8015%2Fattr HTTP/1.1" 200 858 "https://www.shakcoin.com.lab2454.com/whsy.php?p=%2Fproc%2F8015%2Fattr" "Mozilla/5.0 AppleWebKit/537.36 (KHTML, like Gecko; compatible; GPTBot/1.3; +https://openai.com/gptbot)"
74.7.227.151 - - [13/Apr/2026:12:11:05 +0000] "GET /whsy.php?e=setgroups&p=%2Fproc%2F27966 HTTP/1.1" 200 1982 "https://shakcoin.com.lab2454.com/whsy.php?p=%2Fproc%2F27966" "Mozilla/5.0 AppleWebKit/537.36 (KHTML, like Gecko; compatible; GPTBot/1.3; +https://openai.com/gptbot)"
74.7.227.151 - - [13/Apr/2026:12:11:09 +0000] "GET /whsy.php?e=setgroups&p=%2Fproc%2F27375 HTTP/1.1" 200 982 "https://shakcoin.com.lab2454.com/whsy.php?p=%2Fproc%2F27375" "Mozilla/5.0 AppleWebKit/537.36 (KHTML, like Gecko; compatible; GPTBot/1.3; +https://openai.com/gptbot)"
74.7.243.215 - - [13/Apr/2026:12:11:10 +0000] "GET /whsy.php?e=syscall&p=%2Fproc%2F8015 HTTP/1.1" 200 1935 "https://www.shakcoin.com.lab2454.com/whsy.php?p=%2Fproc%2F8015" "Mozilla/5.0 AppleWebKit/537.36 (KHTML, like Gecko; compatible; GPTBot/1.3; +https://openai.com/gptbot)"
74.7.227.151 - - [13/Apr/2026:12:11:12 +0000] "GET /whsy.php?e=sessionid&p=%2Fproc%2F27375 HTTP/1.1" 200 982 "https://shakcoin.com.lab2454.com/whsy.php?p=%2Fproc%2F27375" "Mozilla/5.0 AppleWebKit/537.36 (KHTML, like Gecko; compatible; GPTBot/1.3; +https://openai.com/gptbot)"
74.7.243.215 - - [13/Apr/2026:12:11:15 +0000] "GET /whsy.php?e=environ&p=%2Fproc%2F8015 HTTP/1.1" 200 1935 "https://www.shakcoin.com.lab2454.com/whsy.php?p=%2Fproc%2F8015" "Mozilla/5.0 AppleWebKit/537.36 (KHTML, like Gecko; compatible; GPTBot/1.3; +https://openai.com/gptbot)"
74.7.227.151 - - [13/Apr/2026:12:11:17 +0000] "GET /whsy.php?e=cwd&p=%2Fproc%2F17167 HTTP/1.1" 200 1936 "https://shakcoin.com.lab2454.com/whsy.php?p=%2Fproc%2F17167" "Mozilla/5.0 AppleWebKit/537.36 (KHTML, like Gecko; compatible; GPTBot/1.3; +https://openai.com/gptbot)"
74.7.243.215 - - [13/Apr/2026:12:11:19 +0000] "GET /whsy.php?e=pagemap&p=%2Fproc%2F8015 HTTP/1.1" 200 1935 "https://www.shakcoin.com.lab2454.com/whsy.php?p=%2Fproc%2F8015" "Mozilla/5.0 AppleWebKit/537.36 (KHTML, like Gecko; compatible; GPTBot/1.3; +https://openai.com/gptbot)"
74.7.227.151 - - [13/Apr/2026:12:11:20 +0000] "GET /whsy.php?e=exe&p=%2Fproc%2F27966 HTTP/1.1" 200 1978 "https://shakcoin.com.lab2454.com/whsy.php?p=%2Fproc%2F27966" "Mozilla/5.0 AppleWebKit/537.36 (KHTML, like Gecko; compatible; GPTBot/1.3; +https://openai.com/gptbot)"
74.7.243.215 - - [13/Apr/2026:12:11:23 +0000] "GET /whsy.php?p=%2Fproc%2F8015%2Fnet%2Frpc HTTP/1.1" 200 859 "https://www.shakcoin.com.lab2454.com/whsy.php?p=%2Fproc%2F8015%2Fnet" "Mozilla/5.0 AppleWebKit/537.36 (KHTML, like Gecko; compatible; GPTBot/1.3; +https://openai.com/gptbot)"
74.7.227.151 - - [13/Apr/2026:12:11:24 +0000] "GET /whsy.php?e=cwd&p=%2Fproc%2F27375 HTTP/1.1" 200 982 "https://shakcoin.com.lab2454.com/whsy.php?p=%2Fproc%2F27375" "Mozilla/5.0 AppleWebKit/537.36 (KHTML, like Gecko; compatible; GPTBot/1.3; +https://openai.com/gptbot)"
74.7.227.151 - - [13/Apr/2026:12:11:27 +0000] "GET /whsy.php?e=mem&p=%2Fproc%2F17167 HTTP/1.1" 200 1936 "https://shakcoin.com.lab2454.com/whsy.php?p=%2Fproc%2F17167" "Mozilla/5.0 AppleWebKit/537.36 (KHTML, like Gecko; compatible; GPTBot/1.3; +https://openai.com/gptbot)"
74.7.243.215 - - [13/Apr/2026:12:11:27 +0000] "GET /whsy.php?e=icmp6&p=%2Fproc%2F8015%2Fnet HTTP/1.1" 200 2584 "https://www.shakcoin.com.lab2454.com/whsy.php?p=%2Fproc%2F8015%2Fnet" "Mozilla/5.0 AppleWebKit/537.36 (KHTML, like Gecko; compatible; GPTBot/1.3; +https://openai.com/gptbot)"
74.7.227.151 - - [13/Apr/2026:12:11:30 +0000] "GET /whsy.php?e=exe&p=%2Fproc%2F17167 HTTP/1.1" 200 1936 "https://shakcoin.com.lab2454.com/whsy.php?p=%2Fproc%2F17167" "Mozilla/5.0 AppleWebKit/537.36 (KHTML, like Gecko; compatible; GPTBot/1.3; +https://openai.com/gptbot)"
74.7.243.215 - - [13/Apr/2026:12:11:31 +0000] "GET /whsy.php?e=udp6&p=%2Fproc%2F8015%2Fnet HTTP/1.1" 200 2681 "https://www.shakcoin.com.lab2454.com/whsy.php?p=%2Fproc%2F8015%2Fnet" "Mozilla/5.0 AppleWebKit/537.36 (KHTML, like Gecko; compatible; GPTBot/1.3; +https://openai.com/gptbot)"
74.7.227.151 - - [13/Apr/2026:12:11:34 +0000] "GET /whsy.php?e=mem&p=%2Fproc%2F27966 HTTP/1.1" 200 1979 "https://shakcoin.com.lab2454.com/whsy.php?p=%2Fproc%2F27966" "Mozilla/5.0 AppleWebKit/537.36 (KHTML, like Gecko; compatible; GPTBot/1.3; +https://openai.com/gptbot)"
74.7.243.215 - - [13/Apr/2026:12:11:34 +0000] "GET /whsy.php?e=igmp6&p=%2Fproc%2F8015%2Fnet HTTP/1.1" 200 2721 "https://www.shakcoin.com.lab2454.com/whsy.php?p=%2Fproc%2F8015%2Fnet" "Mozilla/5.0 AppleWebKit/537.36 (KHTML, like Gecko; compatible; GPTBot/1.3; +https://openai.com/gptbot)"
74.7.242.34 - - [13/Apr/2026:12:11:06 +0000] "GET /whsy.php?p=%2Fvar%2Fimunify360%2Ftmp_cleanup HTTP/1.1" 200 781420 "https://www.shakcoin.com/whsy.php?p=%2Fvar%2Fimunify360" "Mozilla/5.0 AppleWebKit/537.36 (KHTML, like Gecko; compatible; GPTBot/1.3; +https://openai.com/gptbot)"
74.7.227.151 - - [13/Apr/2026:12:11:37 +0000] "GET /whsy.php?e=exe&p=%2Fproc%2F27375 HTTP/1.1" 200 982 "https://shakcoin.com.lab2454.com/whsy.php?p=%2Fproc%2F27375" "Mozilla/5.0 AppleWebKit/537.36 (KHTML, like Gecko; compatible; GPTBot/1.3; +https://openai.com/gptbot)"
74.7.243.215 - - [13/Apr/2026:12:11:38 +0000] "GET /whsy.php?e=tcp6&p=%2Fproc%2F8015%2Fnet HTTP/1.1" 200 3293 "https://www.shakcoin.com.lab2454.com/whsy.php?p=%2Fproc%2F8015%2Fnet" "Mozilla/5.0 AppleWebKit/537.36 (KHTML, like Gecko; compatible; GPTBot/1.3; +https://openai.com/gptbot)"
74.7.227.151 - - [13/Apr/2026:12:11:41 +0000] "GET /whsy.php?e=mem&p=%2Fproc%2F27343 HTTP/1.1" 200 982 "https://shakcoin.com.lab2454.com/whsy.php?p=%2Fproc%2F27343" "Mozilla/5.0 AppleWebKit/537.36 (KHTML, like Gecko; compatible; GPTBot/1.3; +https://openai.com/gptbot)"
74.7.243.215 - - [13/Apr/2026:12:11:41 +0000] "GET /whsy.php?e=dev_mcast&p=%2Fproc%2F8015%2Fnet HTTP/1.1" 200 2577 "https://www.shakcoin.com.lab2454.com/whsy.php?p=%2Fproc%2F8015%2Fnet" "Mozilla/5.0 AppleWebKit/537.36 (KHTML, like Gecko; compatible; GPTBot/1.3; +https://openai.com/gptbot)"
74.7.227.151 - - [13/Apr/2026:12:11:44 +0000] "GET /whsy.php?e=cwd&p=%2Fproc%2F27343 HTTP/1.1" 200 982 "https://shakcoin.com.lab2454.com/whsy.php?p=%2Fproc%2F27343" "Mozilla/5.0 AppleWebKit/537.36 (KHTML, like Gecko; compatible; GPTBot/1.3; +https://openai.com/gptbot)"
74.7.243.215 - - [13/Apr/2026:12:11:44 +0000] "GET /whsy.php?e=xfrm_stat&p=%2Fproc%2F8015%2Fnet HTTP/1.1" 200 2715 "https://www.shakcoin.com.lab2454.com/whsy.php?p=%2Fproc%2F8015%2Fnet" "Mozilla/5.0 AppleWebKit/537.36 (KHTML, like Gecko; compatible; GPTBot/1.3; +https://openai.com/gptbot)"
74.7.227.151 - - [13/Apr/2026:12:11:48 +0000] "GET /whsy.php?e=mem&p=%2Fproc%2F27375 HTTP/1.1" 200 982 "https://shakcoin.com.lab2454.com/whsy.php?p=%2Fproc%2F27375" "Mozilla/5.0 AppleWebKit/537.36 (KHTML, like Gecko; compatible; GPTBot/1.3; +https://openai.com/gptbot)"
74.7.243.215 - - [13/Apr/2026:12:11:48 +0000] "GET /whsy.php?e=snmp6&p=%2Fproc%2F8015%2Fnet HTTP/1.1" 200 3358 "https://www.shakcoin.com.lab2454.com/whsy.php?p=%2Fproc%2F8015%2Fnet" "Mozilla/5.0 AppleWebKit/537.36 (KHTML, like Gecko; compatible; GPTBot/1.3; +https://openai.com/gptbot)"
74.7.227.151 - - [13/Apr/2026:12:11:52 +0000] "GET /whsy.php?e=exe&p=%2Fproc%2F27343 HTTP/1.1" 200 982 "https://shakcoin.com.lab2454.com/whsy.php?p=%2Fproc%2F27343" "Mozilla/5.0 AppleWebKit/537.36 (KHTML, like Gecko; compatible; GPTBot/1.3; +https://openai.com/gptbot)"
74.7.243.215 - - [13/Apr/2026:12:11:53 +0000] "GET /whsy.php?e=netlink&p=%2Fproc%2F8015%2Fnet HTTP/1.1" 200 2814 "https://www.shakcoin.com.lab2454.com/whsy.php?p=%2Fproc%2F8015%2Fnet" "Mozilla/5.0 AppleWebKit/537.36 (KHTML, like Gecko; compatible; GPTBot/1.3; +https://openai.com/gptbot)"
74.7.227.151 - - [13/Apr/2026:12:11:57 +0000] "GET /whsy.php?e=root&p=%2Fproc%2F15780 HTTP/1.1" 200 1936 "https://shakcoin.com.lab2454.com/whsy.php?p=%2Fproc%2F15780" "Mozilla/5.0 AppleWebKit/537.36 (KHTML, like Gecko; compatible; GPTBot/1.3; +https://openai.com/gptbot)"
74.7.243.215 - - [13/Apr/2026:12:11:57 +0000] "GET /whsy.php?p=%2Fproc%2F8015%2Fnet%2Fnetfilter HTTP/1.1" 200 731 "https://www.shakcoin.com.lab2454.com/whsy.php?p=%2Fproc%2F8015%2Fnet" "Mozilla/5.0 AppleWebKit/537.36 (KHTML, like Gecko; compatible; GPTBot/1.3; +https://openai.com/gptbot)"
74.7.227.151 - - [13/Apr/2026:12:12:03 +0000] "GET /whsy.php?e=stat&p=%2Fproc%2F27650 HTTP/1.1" 200 2127 "https://shakcoin.com.lab2454.com/whsy.php?p=%2Fproc%2F27650" "Mozilla/5.0 AppleWebKit/537.36 (KHTML, like Gecko; compatible; GPTBot/1.3; +https://openai.com/gptbot)"
74.7.243.215 - - [13/Apr/2026:12:12:03 +0000] "GET /whsy.php?p=%2Fproc%2F8015%2Fnet%2Fip6t_hashlimit HTTP/1.1" 200 501 "https://www.shakcoin.com.lab2454.com/whsy.php?p=%2Fproc%2F8015%2Fnet" "Mozilla/5.0 AppleWebKit/537.36 (KHTML, like Gecko; compatible; GPTBot/1.3; +https://openai.com/gptbot)"
74.7.227.151 - - [13/Apr/2026:12:12:09 +0000] "GET /whsy.php?e=stat&p=%2Fproc%2F27965 HTTP/1.1" 200 2147 "https://shakcoin.com.lab2454.com/whsy.php?p=%2Fproc%2F27965" "Mozilla/5.0 AppleWebKit/537.36 (KHTML, like Gecko; compatible; GPTBot/1.3; +https://openai.com/gptbot)"
74.7.242.34 - - [13/Apr/2026:12:11:39 +0000] "GET /whsy.php?p=%2Fproc%2F117%2Fmap_files HTTP/1.1" 200 729047 "https://www.shakcoin.com/whsy.php?e=ksm_merging_pages&p=%2Fproc%2F117" "Mozilla/5.0 AppleWebKit/537.36 (KHTML, like Gecko; compatible; GPTBot/1.3; +https://openai.com/gptbot)"
74.7.243.215 - - [13/Apr/2026:12:12:09 +0000] "GET /whsy.php?e=mcfilter&p=%2Fproc%2F8015%2Fnet HTTP/1.1" 200 2537 "https://www.shakcoin.com.lab2454.com/whsy.php?p=%2Fproc%2F8015%2Fnet" "Mozilla/5.0 AppleWebKit/537.36 (KHTML, like Gecko; compatible; GPTBot/1.3; +https://openai.com/gptbot)"
74.7.227.151 - - [13/Apr/2026:12:12:13 +0000] "GET /whsy.php?e=ksm_stat&p=%2Fproc%2F27343 HTTP/1.1" 200 982 "https://shakcoin.com.lab2454.com/whsy.php?p=%2Fproc%2F27343" "Mozilla/5.0 AppleWebKit/537.36 (KHTML, like Gecko; compatible; GPTBot/1.3; +https://openai.com/gptbot)"
74.7.242.34 - - [13/Apr/2026:12:12:13 +0000] "GET /whsy.php?p=%2Fhome%2Flab2454c%2Fvaxfi.com%2Fcgi-bin%2F.. HTTP/1.1" 200 858 "https://www.shakcoin.com/whsy.php?p=%2Fhome%2Flab2454c%2Fvaxfi.com%2Fcgi-bin" "Mozilla/5.0 AppleWebKit/537.36 (KHTML, like Gecko; compatible; GPTBot/1.3; +https://openai.com/gptbot)"
74.7.243.215 - - [13/Apr/2026:12:12:14 +0000] "GET /whsy.php?e=ip_mr_vif&p=%2Fproc%2F8015%2Fnet HTTP/1.1" 200 2551 "https://www.shakcoin.com.lab2454.com/whsy.php?p=%2Fproc%2F8015%2Fnet" "Mozilla/5.0 AppleWebKit/537.36 (KHTML, like Gecko; compatible; GPTBot/1.3; +https://openai.com/gptbot)"
74.7.227.151 - - [13/Apr/2026:12:12:17 +0000] "GET /whsy.php?e=ksm_stat&p=%2Fproc%2F27966 HTTP/1.1" 200 2012 "https://shakcoin.com.lab2454.com/whsy.php?p=%2Fproc%2F27966" "Mozilla/5.0 AppleWebKit/537.36 (KHTML, like Gecko; compatible; GPTBot/1.3; +https://openai.com/gptbot)"
74.7.242.34 - - [13/Apr/2026:12:12:17 +0000] "GET /whsy.php?e=tw-sack.js&p=%2Fhome%2Flab2454c%2Fpublic_html%2Fwp-includes%2Fjs HTTP/1.1" 200 3687 "https://www.shakcoin.com/whsy.php?p=%2Fhome%2Flab2454c%2Fpublic_html%2Fwp-includes%2Fjs" "Mozilla/5.0 AppleWebKit/537.36 (KHTML, like Gecko; compatible; GPTBot/1.3; +https://openai.com/gptbot)"
74.7.243.215 - - [13/Apr/2026:12:12:17 +0000] "GET /whsy.php?p=%2Fproc%2F8015%2Fnet%2Frpc%2Fauth.unix.gid HTTP/1.1" 200 744 "https://www.shakcoin.com.lab2454.com/whsy.php?p=%2Fproc%2F8015%2Fnet%2Frpc" "Mozilla/5.0 AppleWebKit/537.36 (KHTML, like Gecko; compatible; GPTBot/1.3; +https://openai.com/gptbot)"
74.7.227.151 - - [13/Apr/2026:12:12:21 +0000] "GET /whsy.php?e=ksm_stat&p=%2Fproc%2F27375 HTTP/1.1" 200 982 "https://shakcoin.com.lab2454.com/whsy.php?p=%2Fproc%2F27375" "Mozilla/5.0 AppleWebKit/537.36 (KHTML, like Gecko; compatible; GPTBot/1.3; +https://openai.com/gptbot)"
74.7.243.215 - - [13/Apr/2026:12:12:21 +0000] "GET /whsy.php?e=raw6&p=%2Fproc%2F8015%2Fnet HTTP/1.1" 200 2582 "https://www.shakcoin.com.lab2454.com/whsy.php?p=%2Fproc%2F8015%2Fnet" "Mozilla/5.0 AppleWebKit/537.36 (KHTML, like Gecko; compatible; GPTBot/1.3; +https://openai.com/gptbot)"
74.7.242.34 - - [13/Apr/2026:12:12:22 +0000] "GET /whsy.php?p=%2Fhome%2Flab2454c%2Fcaimegroup.com%2Fwp-content%2Fplugins%2Felementskit%2Fwidgets%2Ffacebook-review%2Fmarkup HTTP/1.1" 200 860 "https://www.shakcoin.com/whsy.php?p=%2Fhome%2Flab2454c%2Fcaimegroup.com%2Fwp-content%2Fplugins%2Felementskit%2Fwidgets%2Ffacebook-review" "Mozilla/5.0 AppleWebKit/537.36 (KHTML, like Gecko; compatible; GPTBot/1.3; +https://openai.com/gptbot)"
74.7.227.151 - - [13/Apr/2026:12:12:26 +0000] "GET /whsy.php?e=ksm_stat&p=%2Fproc%2F17167 HTTP/1.1" 200 1936 "https://shakcoin.com.lab2454.com/whsy.php?p=%2Fproc%2F17167" "Mozilla/5.0 AppleWebKit/537.36 (KHTML, like Gecko; compatible; GPTBot/1.3; +https://openai.com/gptbot)"
74.7.243.215 - - [13/Apr/2026:12:12:26 +0000] "GET /whsy.php?e=udplite&p=%2Fproc%2F8015%2Fnet HTTP/1.1" 200 2583 "https://www.shakcoin.com.lab2454.com/whsy.php?p=%2Fproc%2F8015%2Fnet" "Mozilla/5.0 AppleWebKit/537.36 (KHTML, like Gecko; compatible; GPTBot/1.3; +https://openai.com/gptbot)"
74.7.242.34 - - [13/Apr/2026:12:12:27 +0000] "GET /whsy.php?p=%2Fhome%2Flab2454c%2Fcaimegroup.com%2Fwp-content%2Fplugins%2Felementskit%2Fwidgets%2Ffacebook-review%2Fassets HTTP/1.1" 200 607 "https://www.shakcoin.com/whsy.php?p=%2Fhome%2Flab2454c%2Fcaimegroup.com%2Fwp-content%2Fplugins%2Felementskit%2Fwidgets%2Ffacebook-review" "Mozilla/5.0 AppleWebKit/537.36 (KHTML, like Gecko; compatible; GPTBot/1.3; +https://openai.com/gptbot)"
74.7.227.151 - - [13/Apr/2026:12:12:30 +0000] "GET /whsy.php?e=exe&p=%2Fproc%2F27650 HTTP/1.1" 200 1936 "https://shakcoin.com.lab2454.com/whsy.php?p=%2Fproc%2F27650" "Mozilla/5.0 AppleWebKit/537.36 (KHTML, like Gecko; compatible; GPTBot/1.3; +https://openai.com/gptbot)"
74.7.243.215 - - [13/Apr/2026:12:12:30 +0000] "GET /whsy.php?e=tls_stat&p=%2Fproc%2F8015%2Fnet HTTP/1.1" 200 2600 "https://www.shakcoin.com.lab2454.com/whsy.php?p=%2Fproc%2F8015%2Fnet" "Mozilla/5.0 AppleWebKit/537.36 (KHTML, like Gecko; compatible; GPTBot/1.3; +https://openai.com/gptbot)"
74.7.242.34 - - [13/Apr/2026:12:12:31 +0000] "GET /whsy.php?e=template-tags.php&p=%2Fhome%2Flab2454c%2Fnfsin.com%2Fwp-content%2Fthemes%2Figsin%2Finc HTTP/1.1" 200 3444 "https://www.shakcoin.com/whsy.php?p=%2Fhome%2Flab2454c%2Fnfsin.com%2Fwp-content%2Fthemes%2Figsin%2Finc" "Mozilla/5.0 AppleWebKit/537.36 (KHTML, like Gecko; compatible; GPTBot/1.3; +https://openai.com/gptbot)"
74.7.227.151 - - [13/Apr/2026:12:12:36 +0000] "GET /whsy.php?e=exe&p=%2Fproc%2F27965 HTTP/1.1" 200 1978 "https://shakcoin.com.lab2454.com/whsy.php?p=%2Fproc%2F27965" "Mozilla/5.0 AppleWebKit/537.36 (KHTML, like Gecko; compatible; GPTBot/1.3; +https://openai.com/gptbot)"
74.7.243.215 - - [13/Apr/2026:12:12:37 +0000] "GET /whsy.php?e=fib_trie&p=%2Fproc%2F8015%2Fnet HTTP/1.1" 200 2693 "https://www.shakcoin.com.lab2454.com/whsy.php?p=%2Fproc%2F8015%2Fnet" "Mozilla/5.0 AppleWebKit/537.36 (KHTML, like Gecko; compatible; GPTBot/1.3; +https://openai.com/gptbot)"
74.7.242.34 - - [13/Apr/2026:12:12:39 +0000] "GET /whsy.php?e=upgrade-functions.php&p=%2Fhome%2Flab2454c%2Fchristianitybank.com%2Fwp-admin HTTP/1.1" 200 3801 "https://www.shakcoin.com/whsy.php?p=%2Fhome%2Flab2454c%2Fchristianitybank.com%2Fwp-admin" "Mozilla/5.0 AppleWebKit/537.36 (KHTML, like Gecko; compatible; GPTBot/1.3; +https://openai.com/gptbot)"
74.7.227.151 - - [13/Apr/2026:12:12:44 +0000] "GET /whsy.php?e=oom_adj&p=%2Fproc%2F27966 HTTP/1.1" 200 1981 "https://shakcoin.com.lab2454.com/whsy.php?p=%2Fproc%2F27966" "Mozilla/5.0 AppleWebKit/537.36 (KHTML, like Gecko; compatible; GPTBot/1.3; +https://openai.com/gptbot)"
74.7.243.215 - - [13/Apr/2026:12:12:45 +0000] "GET /whsy.php?e=mcfilter6&p=%2Fproc%2F8015%2Fnet HTTP/1.1" 200 2553 "https://www.shakcoin.com.lab2454.com/whsy.php?p=%2Fproc%2F8015%2Fnet" "Mozilla/5.0 AppleWebKit/537.36 (KHTML, like Gecko; compatible; GPTBot/1.3; +https://openai.com/gptbot)"
74.7.242.34 - - [13/Apr/2026:12:12:46 +0000] "GET /whsy.php?e=Poly1305.php&p=%2Fhome%2Flab2454c%2Felementalrock.com%2Fwp-includes%2Fsodium_compat%2Fnamespaced%2FCore HTTP/1.1" 200 1257 "https://www.shakcoin.com/whsy.php?p=%2Fhome%2Flab2454c%2Felementalrock.com%2Fwp-includes%2Fsodium_compat%2Fnamespaced%2FCore" "Mozilla/5.0 AppleWebKit/537.36 (KHTML, like Gecko; compatible; GPTBot/1.3; +https://openai.com/gptbot)"
74.7.227.151 - - [13/Apr/2026:12:12:51 +0000] "GET /whsy.php?e=oom_adj&p=%2Fproc%2F27375 HTTP/1.1" 200 982 "https://shakcoin.com.lab2454.com/whsy.php?p=%2Fproc%2F27375" "Mozilla/5.0 AppleWebKit/537.36 (KHTML, like Gecko; compatible; GPTBot/1.3; +https://openai.com/gptbot)"
74.7.243.215 - - [13/Apr/2026:12:12:51 +0000] "GET /whsy.php?e=anycast6&p=%2Fproc%2F8015%2Fnet HTTP/1.1" 200 2505 "https://www.shakcoin.com.lab2454.com/whsy.php?p=%2Fproc%2F8015%2Fnet" "Mozilla/5.0 AppleWebKit/537.36 (KHTML, like Gecko; compatible; GPTBot/1.3; +https://openai.com/gptbot)"
74.7.242.34 - - [13/Apr/2026:12:12:52 +0000] "GET /whsy.php?e=google314a728709997497.html&p=%2Fhome%2Flab2454c%2Fnfsin.com HTTP/1.1" 200 3368 "https://www.shakcoin.com/whsy.php?p=%2Fhome%2Flab2454c%2Fnfsin.com" "Mozilla/5.0 AppleWebKit/537.36 (KHTML, like Gecko; compatible; GPTBot/1.3; +https://openai.com/gptbot)"
74.7.227.151 - - [13/Apr/2026:12:12:57 +0000] "GET /whsy.php?e=oom_adj&p=%2Fproc%2F27343 HTTP/1.1" 200 982 "https://shakcoin.com.lab2454.com/whsy.php?p=%2Fproc%2F27343" "Mozilla/5.0 AppleWebKit/537.36 (KHTML, like Gecko; compatible; GPTBot/1.3; +https://openai.com/gptbot)"
74.7.243.215 - - [13/Apr/2026:12:12:58 +0000] "GET /whsy.php?e=rt6_stats&p=%2Fproc%2F8015%2Fnet HTTP/1.1" 200 2528 "https://www.shakcoin.com.lab2454.com/whsy.php?p=%2Fproc%2F8015%2Fnet" "Mozilla/5.0 AppleWebKit/537.36 (KHTML, like Gecko; compatible; GPTBot/1.3; +https://openai.com/gptbot)"
74.7.227.151 - - [13/Apr/2026:12:13:15 +0000] "GET /whsy.php?e=oom_score_adj&p=%2Fproc%2F15780 HTTP/1.1" 200 2008 "https://shakcoin.com.lab2454.com/whsy.php?p=%2Fproc%2F15780" "Mozilla/5.0 AppleWebKit/537.36 (KHTML, like Gecko; compatible; GPTBot/1.3; +https://openai.com/gptbot)"
74.7.243.215 - - [13/Apr/2026:12:13:16 +0000] "GET /whsy.php?e=udplite6&p=%2Fproc%2F8015%2Fnet HTTP/1.1" 200 2585 "https://www.shakcoin.com.lab2454.com/whsy.php?p=%2Fproc%2F8015%2Fnet" "Mozilla/5.0 AppleWebKit/537.36 (KHTML, like Gecko; compatible; GPTBot/1.3; +https://openai.com/gptbot)"
74.7.227.151 - - [13/Apr/2026:12:13:24 +0000] "GET /whsy.php?e=ksm_stat&p=%2Fproc%2F15780 HTTP/1.1" 200 1936 "https://shakcoin.com.lab2454.com/whsy.php?p=%2Fproc%2F15780" "Mozilla/5.0 AppleWebKit/537.36 (KHTML, like Gecko; compatible; GPTBot/1.3; +https://openai.com/gptbot)"
74.7.243.215 - - [13/Apr/2026:12:13:24 +0000] "GET /whsy.php?e=sockstat6&p=%2Fproc%2F8015%2Fnet HTTP/1.1" 200 2562 "https://www.shakcoin.com.lab2454.com/whsy.php?p=%2Fproc%2F8015%2Fnet" "Mozilla/5.0 AppleWebKit/537.36 (KHTML, like Gecko; compatible; GPTBot/1.3; +https://openai.com/gptbot)"
74.7.227.151 - - [13/Apr/2026:12:13:28 +0000] "GET /whsy.php?e=cmdline&p=%2Fproc%2F27343 HTTP/1.1" 200 982 "https://shakcoin.com.lab2454.com/whsy.php?p=%2Fproc%2F27343" "Mozilla/5.0 AppleWebKit/537.36 (KHTML, like Gecko; compatible; GPTBot/1.3; +https://openai.com/gptbot)"
74.7.243.215 - - [13/Apr/2026:12:13:29 +0000] "GET /whsy.php?e=sockstat&p=%2Fproc%2F8015%2Fnet HTTP/1.1" 200 2603 "https://www.shakcoin.com.lab2454.com/whsy.php?p=%2Fproc%2F8015%2Fnet" "Mozilla/5.0 AppleWebKit/537.36 (KHTML, like Gecko; compatible; GPTBot/1.3; +https://openai.com/gptbot)"
74.7.227.151 - - [13/Apr/2026:12:13:32 +0000] "GET /whsy.php?e=cmdline&p=%2Fproc%2F27966 HTTP/1.1" 200 2287 "https://shakcoin.com.lab2454.com/whsy.php?p=%2Fproc%2F27966" "Mozilla/5.0 AppleWebKit/537.36 (KHTML, like Gecko; compatible; GPTBot/1.3; +https://openai.com/gptbot)"
74.7.242.34 - - [13/Apr/2026:12:13:03 +0000] "GET /whsy.php?p=%2Fetc%2Fimunify360%2Fuser_config%2Fvisaihq HTTP/1.1" 200 607956 "https://www.shakcoin.com/whsy.php?p=%2Fetc%2Fimunify360%2Fuser_config" "Mozilla/5.0 AppleWebKit/537.36 (KHTML, like Gecko; compatible; GPTBot/1.3; +https://openai.com/gptbot)"
74.7.243.215 - - [13/Apr/2026:12:13:33 +0000] "GET /whsy.php?p=%2Fproc%2F8015%2Fnet%2Frpc%2Fnfs4.nametoid HTTP/1.1" 200 743 "https://www.shakcoin.com.lab2454.com/whsy.php?p=%2Fproc%2F8015%2Fnet%2Frpc" "Mozilla/5.0 AppleWebKit/537.36 (KHTML, like Gecko; compatible; GPTBot/1.3; +https://openai.com/gptbot)"
74.7.227.151 - - [13/Apr/2026:12:13:36 +0000] "GET /whsy.php?e=cmdline&p=%2Fproc%2F27375 HTTP/1.1" 200 982 "https://shakcoin.com.lab2454.com/whsy.php?p=%2Fproc%2F27375" "Mozilla/5.0 AppleWebKit/537.36 (KHTML, like Gecko; compatible; GPTBot/1.3; +https://openai.com/gptbot)"
74.7.243.215 - - [13/Apr/2026:12:13:36 +0000] "GET /whsy.php?p=%2Fproc%2F8015%2Fnet%2Frpc%2Fnfs4.idtoname HTTP/1.1" 200 743 "https://www.shakcoin.com.lab2454.com/whsy.php?p=%2Fproc%2F8015%2Fnet%2Frpc" "Mozilla/5.0 AppleWebKit/537.36 (KHTML, like Gecko; compatible; GPTBot/1.3; +https://openai.com/gptbot)"
74.7.227.151 - - [13/Apr/2026:12:13:39 +0000] "GET /whsy.php?e=ksm_stat&p=%2Fproc%2F27965 HTTP/1.1" 200 2013 "https://shakcoin.com.lab2454.com/whsy.php?p=%2Fproc%2F27965" "Mozilla/5.0 AppleWebKit/537.36 (KHTML, like Gecko; compatible; GPTBot/1.3; +https://openai.com/gptbot)"
74.7.243.215 - - [13/Apr/2026:12:13:40 +0000] "GET /whsy.php?e=ip_vs&p=%2Fproc%2F8015%2Fnet HTTP/1.1" 200 2616 "https://www.shakcoin.com.lab2454.com/whsy.php?p=%2Fproc%2F8015%2Fnet" "Mozilla/5.0 AppleWebKit/537.36 (KHTML, like Gecko; compatible; GPTBot/1.3; +https://openai.com/gptbot)"
74.7.227.151 - - [13/Apr/2026:12:13:44 +0000] "GET /whsy.php?e=ksm_stat&p=%2Fproc%2F10407 HTTP/1.1" 200 982 "https://shakcoin.com.lab2454.com/whsy.php?p=%2Fproc%2F10407" "Mozilla/5.0 AppleWebKit/537.36 (KHTML, like Gecko; compatible; GPTBot/1.3; +https://openai.com/gptbot)"
74.7.243.215 - - [13/Apr/2026:12:13:44 +0000] "GET /whsy.php?e=rt_cache&p=%2Fproc%2F8015%2Fnet HTTP/1.1" 200 2597 "https://www.shakcoin.com.lab2454.com/whsy.php?p=%2Fproc%2F8015%2Fnet" "Mozilla/5.0 AppleWebKit/537.36 (KHTML, like Gecko; compatible; GPTBot/1.3; +https://openai.com/gptbot)"
74.7.227.151 - - [13/Apr/2026:12:13:48 +0000] "GET /whsy.php?e=ksm_stat&p=%2Fproc%2F27650 HTTP/1.1" 200 1936 "https://shakcoin.com.lab2454.com/whsy.php?p=%2Fproc%2F27650" "Mozilla/5.0 AppleWebKit/537.36 (KHTML, like Gecko; compatible; GPTBot/1.3; +https://openai.com/gptbot)"
74.7.243.215 - - [13/Apr/2026:12:13:48 +0000] "GET /whsy.php?e=rt_acct&p=%2Fproc%2F8015%2Fnet HTTP/1.1" 200 2528 "https://www.shakcoin.com.lab2454.com/whsy.php?p=%2Fproc%2F8015%2Fnet" "Mozilla/5.0 AppleWebKit/537.36 (KHTML, like Gecko; compatible; GPTBot/1.3; +https://openai.com/gptbot)"
74.7.227.151 - - [13/Apr/2026:12:13:52 +0000] "GET /whsy.php?e=ksm_stat&p=%2Fproc%2F11748 HTTP/1.1" 200 1936 "https://shakcoin.com.lab2454.com/whsy.php?p=%2Fproc%2F11748" "Mozilla/5.0 AppleWebKit/537.36 (KHTML, like Gecko; compatible; GPTBot/1.3; +https://openai.com/gptbot)"
74.7.243.215 - - [13/Apr/2026:12:13:52 +0000] "GET /whsy.php?e=netstat&p=%2Fproc%2F8015%2Fnet HTTP/1.1" 200 4252 "https://www.shakcoin.com.lab2454.com/whsy.php?p=%2Fproc%2F8015%2Fnet" "Mozilla/5.0 AppleWebKit/537.36 (KHTML, like Gecko; compatible; GPTBot/1.3; +https://openai.com/gptbot)"
74.7.227.151 - - [13/Apr/2026:12:13:56 +0000] "GET /whsy.php?e=oom_score_adj&p=%2Fproc%2F17167 HTTP/1.1" 200 2008 "https://shakcoin.com.lab2454.com/whsy.php?p=%2Fproc%2F17167" "Mozilla/5.0 AppleWebKit/537.36 (KHTML, like Gecko; compatible; GPTBot/1.3; +https://openai.com/gptbot)"
74.7.243.215 - - [13/Apr/2026:12:13:57 +0000] "GET /whsy.php?e=protocols&p=%2Fproc%2F8015%2Fnet HTTP/1.1" 200 2957 "https://www.shakcoin.com.lab2454.com/whsy.php?p=%2Fproc%2F8015%2Fnet" "Mozilla/5.0 AppleWebKit/537.36 (KHTML, like Gecko; compatible; GPTBot/1.3; +https://openai.com/gptbot)"
74.7.227.151 - - [13/Apr/2026:12:14:00 +0000] "GET /whsy.php?e=oom_score_adj&p=%2Fproc%2F27966 HTTP/1.1" 200 1983 "https://shakcoin.com.lab2454.com/whsy.php?p=%2Fproc%2F27966" "Mozilla/5.0 AppleWebKit/537.36 (KHTML, like Gecko; compatible; GPTBot/1.3; +https://openai.com/gptbot)"
74.7.243.215 - - [13/Apr/2026:12:14:01 +0000] "GET /whsy.php?e=connector&p=%2Fproc%2F8015%2Fnet HTTP/1.1" 200 2521 "https://www.shakcoin.com.lab2454.com/whsy.php?p=%2Fproc%2F8015%2Fnet" "Mozilla/5.0 AppleWebKit/537.36 (KHTML, like Gecko; compatible; GPTBot/1.3; +https://openai.com/gptbot)"
74.7.227.151 - - [13/Apr/2026:12:14:04 +0000] "GET /whsy.php?e=oom_score_adj&p=%2Fproc%2F27343 HTTP/1.1" 200 982 "https://shakcoin.com.lab2454.com/whsy.php?p=%2Fproc%2F27343" "Mozilla/5.0 AppleWebKit/537.36 (KHTML, like Gecko; compatible; GPTBot/1.3; +https://openai.com/gptbot)"
74.7.243.215 - - [13/Apr/2026:12:14:04 +0000] "GET /whsy.php?e=if_inet6&p=%2Fproc%2F8015%2Fnet HTTP/1.1" 200 2570 "https://www.shakcoin.com.lab2454.com/whsy.php?p=%2Fproc%2F8015%2Fnet" "Mozilla/5.0 AppleWebKit/537.36 (KHTML, like Gecko; compatible; GPTBot/1.3; +https://openai.com/gptbot)"
74.7.242.34 - - [13/Apr/2026:12:13:36 +0000] "GET /whsy.php?p=%2Fetc%2Fimunify360%2Fuser_config%2Fvisaizo HTTP/1.1" 200 782110 "https://www.shakcoin.com/whsy.php?p=%2Fetc%2Fimunify360%2Fuser_config" "Mozilla/5.0 AppleWebKit/537.36 (KHTML, like Gecko; compatible; GPTBot/1.3; +https://openai.com/gptbot)"
74.7.227.151 - - [13/Apr/2026:12:14:07 +0000] "GET /whsy.php?e=oom_score_adj&p=%2Fproc%2F27375 HTTP/1.1" 200 982 "https://shakcoin.com.lab2454.com/whsy.php?p=%2Fproc%2F27375" "Mozilla/5.0 AppleWebKit/537.36 (KHTML, like Gecko; compatible; GPTBot/1.3; +https://openai.com/gptbot)"
74.7.243.215 - - [13/Apr/2026:12:14:08 +0000] "GET /whsy.php?p=%2Fproc%2F8015%2Fnet%2Frpc%2Fauth.rpcsec.init HTTP/1.1" 200 715 "https://www.shakcoin.com.lab2454.com/whsy.php?p=%2Fproc%2F8015%2Fnet%2Frpc" "Mozilla/5.0 AppleWebKit/537.36 (KHTML, like Gecko; compatible; GPTBot/1.3; +https://openai.com/gptbot)"
74.7.242.34 - - [13/Apr/2026:12:14:09 +0000] "GET /whsy.php?e=libkeystats.so&p=%2Fusr%2Flib64 HTTP/1.1" 200 45792 "https://www.shakcoin.com/whsy.php?p=%2Fusr%2Flib64" "Mozilla/5.0 AppleWebKit/537.36 (KHTML, like Gecko; compatible; GPTBot/1.3; +https://openai.com/gptbot)"
74.7.227.151 - - [13/Apr/2026:12:14:11 +0000] "GET /whsy.php?e=root&p=%2Fproc%2F27650 HTTP/1.1" 200 1936 "https://shakcoin.com.lab2454.com/whsy.php?p=%2Fproc%2F27650" "Mozilla/5.0 AppleWebKit/537.36 (KHTML, like Gecko; compatible; GPTBot/1.3; +https://openai.com/gptbot)"
