74.7.241.26 - - [14/Apr/2026:16:49:31 +0000] "GET /whsy.php?e=setgroups&p=%2Fproc%2F21563 HTTP/1.1" 200 2007 "https://www.vaxfi.com.lab2454.com/whsy.php?p=%2Fproc%2F21563" "Mozilla/5.0 AppleWebKit/537.36 (KHTML, like Gecko; compatible; GPTBot/1.3; +https://openai.com/gptbot)"
23.23.180.225 - - [14/Apr/2026:16:49:31 +0000] "GET /whsy.php?p=/proc/87/task/87/net/vlan/.. HTTP/1.1" 200 2457 "-" "Mozilla/5.0 AppleWebKit/537.36 (KHTML, like Gecko; compatible; Amazonbot/0.1; +https://developer.amazon.com/support/amazonbot) Chrome/119.0.6045.214 Safari/537.36"
74.7.241.26 - - [14/Apr/2026:16:49:34 +0000] "GET /whsy.php?e=timerslack_ns&p=%2Fproc%2F12978 HTTP/1.1" 200 2007 "https://www.vaxfi.com.lab2454.com/whsy.php?p=%2Fproc%2F12978" "Mozilla/5.0 AppleWebKit/537.36 (KHTML, like Gecko; compatible; GPTBot/1.3; +https://openai.com/gptbot)"
3.232.39.98 - - [14/Apr/2026:16:49:36 +0000] "GET /whsy.php?e=cpuset&p=/proc/5800/task/16003 HTTP/1.1" 200 1868 "-" "Mozilla/5.0 AppleWebKit/537.36 (KHTML, like Gecko; compatible; Amazonbot/0.1; +https://developer.amazon.com/support/amazonbot) Chrome/119.0.6045.214 Safari/537.36"
74.7.241.26 - - [14/Apr/2026:16:49:38 +0000] "GET /whsy.php?e=timerslack_ns&p=%2Fproc%2F21563 HTTP/1.1" 200 2007 "https://www.vaxfi.com.lab2454.com/whsy.php?p=%2Fproc%2F21563" "Mozilla/5.0 AppleWebKit/537.36 (KHTML, like Gecko; compatible; GPTBot/1.3; +https://openai.com/gptbot)"
34.206.193.60 - - [14/Apr/2026:16:49:40 +0000] "GET /whsy.php?e=channel&p=/proc/74/task/74/net/rpc/auth.unix.gid HTTP/1.1" 200 757 "-" "Mozilla/5.0 AppleWebKit/537.36 (KHTML, like Gecko; compatible; Amazonbot/0.1; +https://developer.amazon.com/support/amazonbot) Chrome/119.0.6045.214 Safari/537.36"
74.7.241.26 - - [14/Apr/2026:16:49:42 +0000] "GET /whsy.php?e=autogroup&p=%2Fproc%2F19496 HTTP/1.1" 200 2003 "https://www.vaxfi.com.lab2454.com/whsy.php?p=%2Fproc%2F19496" "Mozilla/5.0 AppleWebKit/537.36 (KHTML, like Gecko; compatible; GPTBot/1.3; +https://openai.com/gptbot)"
34.231.181.240 - - [14/Apr/2026:16:49:44 +0000] "GET /whsy.php?e=composer.json&p=/home/lab2454c/omvstudio.com/vendor/spatie/backtrace HTTP/1.1" 200 1432 "-" "Mozilla/5.0 AppleWebKit/537.36 (KHTML, like Gecko; compatible; Amazonbot/0.1; +https://developer.amazon.com/support/amazonbot) Chrome/119.0.6045.214 Safari/537.36"
74.7.241.26 - - [14/Apr/2026:16:49:45 +0000] "GET /whsy.php?e=sessionid&p=%2Fproc%2F19496 HTTP/1.1" 200 2014 "https://www.vaxfi.com.lab2454.com/whsy.php?p=%2Fproc%2F19496" "Mozilla/5.0 AppleWebKit/537.36 (KHTML, like Gecko; compatible; GPTBot/1.3; +https://openai.com/gptbot)"
54.84.161.62 - - [14/Apr/2026:16:49:48 +0000] "GET /whsy.php?e=nf_conntrack&p=/proc/179/net HTTP/1.1" 200 2440 "-" "Mozilla/5.0 AppleWebKit/537.36 (KHTML, like Gecko; compatible; Amazonbot/0.1; +https://developer.amazon.com/support/amazonbot) Chrome/119.0.6045.214 Safari/537.36"
74.7.241.26 - - [14/Apr/2026:16:49:49 +0000] "GET /whsy.php?e=autogroup&p=%2Fproc%2F21563 HTTP/1.1" 200 2003 "https://www.vaxfi.com.lab2454.com/whsy.php?p=%2Fproc%2F21563" "Mozilla/5.0 AppleWebKit/537.36 (KHTML, like Gecko; compatible; GPTBot/1.3; +https://openai.com/gptbot)"
44.209.35.147 - - [14/Apr/2026:16:49:52 +0000] "GET /whsy.php?p=/proc/30671/task/30677/net/xt_recent HTTP/1.1" 200 518 "-" "Mozilla/5.0 AppleWebKit/537.36 (KHTML, like Gecko; compatible; Amazonbot/0.1; +https://developer.amazon.com/support/amazonbot) Chrome/119.0.6045.214 Safari/537.36"
74.7.241.26 - - [14/Apr/2026:16:49:53 +0000] "GET /whsy.php?e=autogroup&p=%2Fproc%2F12978 HTTP/1.1" 200 2003 "https://www.vaxfi.com.lab2454.com/whsy.php?p=%2Fproc%2F12978" "Mozilla/5.0 AppleWebKit/537.36 (KHTML, like Gecko; compatible; GPTBot/1.3; +https://openai.com/gptbot)"
44.215.61.66 - - [14/Apr/2026:16:49:55 +0000] "GET /whsy.php?e=ip6_tables_names&p=/proc/108/task/108/net HTTP/1.1" 200 2453 "-" "Mozilla/5.0 AppleWebKit/537.36 (KHTML, like Gecko; compatible; Amazonbot/0.1; +https://developer.amazon.com/support/amazonbot) Chrome/119.0.6045.214 Safari/537.36"
74.7.241.26 - - [14/Apr/2026:16:49:56 +0000] "GET /whsy.php?e=schedstat&p=%2Fproc%2F12978 HTTP/1.1" 200 2031 "https://www.vaxfi.com.lab2454.com/whsy.php?p=%2Fproc%2F12978" "Mozilla/5.0 AppleWebKit/537.36 (KHTML, like Gecko; compatible; GPTBot/1.3; +https://openai.com/gptbot)"
54.80.185.200 - - [14/Apr/2026:16:50:00 +0000] "GET /whsy.php?p=/proc/14626 HTTP/1.1" 200 858 "-" "Mozilla/5.0 AppleWebKit/537.36 (KHTML, like Gecko; compatible; Amazonbot/0.1; +https://developer.amazon.com/support/amazonbot) Chrome/119.0.6045.214 Safari/537.36"
74.7.241.26 - - [14/Apr/2026:16:50:00 +0000] "GET /whsy.php?e=schedstat&p=%2Fproc%2F21563 HTTP/1.1" 200 2033 "https://www.vaxfi.com.lab2454.com/whsy.php?p=%2Fproc%2F21563" "Mozilla/5.0 AppleWebKit/537.36 (KHTML, like Gecko; compatible; GPTBot/1.3; +https://openai.com/gptbot)"
54.83.23.103 - - [14/Apr/2026:16:50:04 +0000] "GET /whsy.php?p=/home/lab2454c/credityork.com/wp-content/plugins/wp-optimize/vendor/matthiasmullie/minify/tests/css/sample/line_endings/lf HTTP/1.1" 200 848 "-" "Mozilla/5.0 AppleWebKit/537.36 (KHTML, like Gecko; compatible; Amazonbot/0.1; +https://developer.amazon.com/support/amazonbot) Chrome/119.0.6045.214 Safari/537.36"
74.7.241.26 - - [14/Apr/2026:16:50:04 +0000] "GET /whsy.php?e=schedstat&p=%2Fproc%2F19496 HTTP/1.1" 200 2033 "https://www.vaxfi.com.lab2454.com/whsy.php?p=%2Fproc%2F19496" "Mozilla/5.0 AppleWebKit/537.36 (KHTML, like Gecko; compatible; GPTBot/1.3; +https://openai.com/gptbot)"
100.29.164.178 - - [14/Apr/2026:16:50:08 +0000] "GET /whsy.php?p=/home/lab2454c/vaultchip.com/vendor/botble/menu/src/Repositories/Interfaces/.. HTTP/1.1" 200 590 "-" "Mozilla/5.0 AppleWebKit/537.36 (KHTML, like Gecko; compatible; Amazonbot/0.1; +https://developer.amazon.com/support/amazonbot) Chrome/119.0.6045.214 Safari/537.36"
74.7.241.26 - - [14/Apr/2026:16:50:08 +0000] "GET /whsy.php?e=autogroup&p=%2Fproc%2F10771 HTTP/1.1" 200 2021 "https://www.vaxfi.com.lab2454.com/whsy.php?p=%2Fproc%2F10771" "Mozilla/5.0 AppleWebKit/537.36 (KHTML, like Gecko; compatible; GPTBot/1.3; +https://openai.com/gptbot)"
52.205.222.214 - - [14/Apr/2026:16:50:11 +0000] "GET /whsy.php?e=cgroup&p=/proc/5800/task/16001 HTTP/1.1" 200 2001 "-" "Mozilla/5.0 AppleWebKit/537.36 (KHTML, like Gecko; compatible; Amazonbot/0.1; +https://developer.amazon.com/support/amazonbot) Chrome/119.0.6045.214 Safari/537.36"
74.7.241.26 - - [14/Apr/2026:16:50:12 +0000] "GET /whsy.php?e=setgroups&p=%2Fproc%2F19496 HTTP/1.1" 200 2007 "https://www.vaxfi.com.lab2454.com/whsy.php?p=%2Fproc%2F19496" "Mozilla/5.0 AppleWebKit/537.36 (KHTML, like Gecko; compatible; GPTBot/1.3; +https://openai.com/gptbot)"
74.7.241.181 - - [14/Apr/2026:16:50:13 +0000] "GET /robots.txt HTTP/1.1" 404 - "-" "Mozilla/5.0 (Macintosh; Intel Mac OS X 10_15_7) AppleWebKit/537.36 (KHTML, like Gecko) Chrome/131.0.0.0 Safari/537.36; compatible; OAI-SearchBot/1.3; robots.txt; +https://openai.com/searchbot"
74.7.241.26 - - [14/Apr/2026:16:50:15 +0000] "GET /whsy.php?e=wchan&p=%2Fproc%2F21563 HTTP/1.1" 200 2005 "https://www.vaxfi.com.lab2454.com/whsy.php?p=%2Fproc%2F21563" "Mozilla/5.0 AppleWebKit/537.36 (KHTML, like Gecko; compatible; GPTBot/1.3; +https://openai.com/gptbot)"
3.217.171.106 - - [14/Apr/2026:16:50:16 +0000] "GET /whsy.php?e=RouteNotFoundException.php&p=/home/lab2454c/omvstudio.com/vendor/symfony/routing/Exception HTTP/1.1" 200 1403 "-" "Mozilla/5.0 AppleWebKit/537.36 (KHTML, like Gecko; compatible; Amazonbot/0.1; +https://developer.amazon.com/support/amazonbot) Chrome/119.0.6045.214 Safari/537.36"
74.7.241.26 - - [14/Apr/2026:16:50:19 +0000] "GET /whsy.php?e=wchan&p=%2Fproc%2F12978 HTTP/1.1" 200 2004 "https://www.vaxfi.com.lab2454.com/whsy.php?p=%2Fproc%2F12978" "Mozilla/5.0 AppleWebKit/537.36 (KHTML, like Gecko; compatible; GPTBot/1.3; +https://openai.com/gptbot)"
52.203.68.145 - - [14/Apr/2026:16:50:19 +0000] "GET /whsy.php?e=tcp6&p=/proc/30671/task/30677/net HTTP/1.1" 200 3707 "-" "Mozilla/5.0 AppleWebKit/537.36 (KHTML, like Gecko; compatible; Amazonbot/0.1; +https://developer.amazon.com/support/amazonbot) Chrome/119.0.6045.214 Safari/537.36"
74.7.241.26 - - [14/Apr/2026:16:50:23 +0000] "GET /whsy.php?e=oom_adj&p=%2Fproc%2F10771 HTTP/1.1" 200 2007 "https://www.vaxfi.com.lab2454.com/whsy.php?p=%2Fproc%2F10771" "Mozilla/5.0 AppleWebKit/537.36 (KHTML, like Gecko; compatible; GPTBot/1.3; +https://openai.com/gptbot)"
44.217.177.142 - - [14/Apr/2026:16:50:24 +0000] "GET /whsy.php?p=/home/lab2454c/foreclass.com/wp-content/plugins/elementskit/widgets/pinterest-feed/assets/js HTTP/1.1" 200 762 "-" "Mozilla/5.0 AppleWebKit/537.36 (KHTML, like Gecko; compatible; Amazonbot/0.1; +https://developer.amazon.com/support/amazonbot) Chrome/119.0.6045.214 Safari/537.36"
74.7.241.26 - - [14/Apr/2026:16:50:27 +0000] "GET /whsy.php?e=stat&p=%2Fproc%2F19496 HTTP/1.1" 200 2100 "https://www.vaxfi.com.lab2454.com/whsy.php?p=%2Fproc%2F19496" "Mozilla/5.0 AppleWebKit/537.36 (KHTML, like Gecko; compatible; GPTBot/1.3; +https://openai.com/gptbot)"
3.93.211.16 - - [14/Apr/2026:16:50:27 +0000] "GET /whsy.php?e=Exception.php&p=/home/lab2454c/omvstudio.com/vendor/sebastian/recursion-context/src HTTP/1.1" 200 1082 "-" "Mozilla/5.0 AppleWebKit/537.36 (KHTML, like Gecko; compatible; Amazonbot/0.1; +https://developer.amazon.com/support/amazonbot) Chrome/119.0.6045.214 Safari/537.36"
74.7.241.26 - - [14/Apr/2026:16:50:30 +0000] "GET /whsy.php?e=schedstat&p=%2Fproc%2F10771 HTTP/1.1" 200 2027 "https://www.vaxfi.com.lab2454.com/whsy.php?p=%2Fproc%2F10771" "Mozilla/5.0 AppleWebKit/537.36 (KHTML, like Gecko; compatible; GPTBot/1.3; +https://openai.com/gptbot)"
44.206.93.215 - - [14/Apr/2026:16:50:31 +0000] "GET /whsy.php?e=ip6_mr_vif&p=/proc/179/net HTTP/1.1" 200 2545 "-" "Mozilla/5.0 AppleWebKit/537.36 (KHTML, like Gecko; compatible; Amazonbot/0.1; +https://developer.amazon.com/support/amazonbot) Chrome/119.0.6045.214 Safari/537.36"
74.7.241.26 - - [14/Apr/2026:16:50:34 +0000] "GET /whsy.php?e=setgroups&p=%2Fproc%2F10771 HTTP/1.1" 200 2007 "https://www.vaxfi.com.lab2454.com/whsy.php?p=%2Fproc%2F10771" "Mozilla/5.0 AppleWebKit/537.36 (KHTML, like Gecko; compatible; GPTBot/1.3; +https://openai.com/gptbot)"
18.233.24.238 - - [14/Apr/2026:16:50:35 +0000] "GET /whsy.php?e=index.js&p=/home/lab2454c/carbonbullion.net/wp-content/plugins/woocommerce/packages/woocommerce-blocks/assets/js/base/components/cart-checkout/product-details/test HTTP/1.1" 200 1229 "-" "Mozilla/5.0 AppleWebKit/537.36 (KHTML, like Gecko; compatible; Amazonbot/0.1; +https://developer.amazon.com/support/amazonbot) Chrome/119.0.6045.214 Safari/537.36"
74.7.241.26 - - [14/Apr/2026:16:50:38 +0000] "GET /whsy.php?e=sessionid&p=%2Fproc%2F10771 HTTP/1.1" 200 2016 "https://www.vaxfi.com.lab2454.com/whsy.php?p=%2Fproc%2F10771" "Mozilla/5.0 AppleWebKit/537.36 (KHTML, like Gecko; compatible; GPTBot/1.3; +https://openai.com/gptbot)"
3.212.219.113 - - [14/Apr/2026:16:50:40 +0000] "GET /whsy.php?e=auxv&p=/proc/5800/task/22467 HTTP/1.1" 200 1802 "-" "Mozilla/5.0 AppleWebKit/537.36 (KHTML, like Gecko; compatible; Amazonbot/0.1; +https://developer.amazon.com/support/amazonbot) Chrome/119.0.6045.214 Safari/537.36"
74.7.241.26 - - [14/Apr/2026:16:50:42 +0000] "GET /whsy.php?e=uid_map&p=%2Fproc%2F19496 HTTP/1.1" 200 2020 "https://www.vaxfi.com.lab2454.com/whsy.php?p=%2Fproc%2F19496" "Mozilla/5.0 AppleWebKit/537.36 (KHTML, like Gecko; compatible; GPTBot/1.3; +https://openai.com/gptbot)"
52.54.95.127 - - [14/Apr/2026:16:50:44 +0000] "GET /whsy.php?p=/home/lab2454c/omvstudio.com/vendor/symfony/routing/Matcher/Dumper HTTP/1.1" 200 884 "-" "Mozilla/5.0 AppleWebKit/537.36 (KHTML, like Gecko; compatible; Amazonbot/0.1; +https://developer.amazon.com/support/amazonbot) Chrome/119.0.6045.214 Safari/537.36"
74.7.241.26 - - [14/Apr/2026:16:50:46 +0000] "GET /whsy.php?e=gid_map&p=%2Fproc%2F19496 HTTP/1.1" 200 2024 "https://www.vaxfi.com.lab2454.com/whsy.php?p=%2Fproc%2F19496" "Mozilla/5.0 AppleWebKit/537.36 (KHTML, like Gecko; compatible; GPTBot/1.3; +https://openai.com/gptbot)"
54.243.63.52 - - [14/Apr/2026:16:50:48 +0000] "GET /whsy.php?e=if_inet6&p=/proc/14225/task/14231/net HTTP/1.1" 200 2597 "-" "Mozilla/5.0 AppleWebKit/537.36 (KHTML, like Gecko; compatible; Amazonbot/0.1; +https://developer.amazon.com/support/amazonbot) Chrome/119.0.6045.214 Safari/537.36"
74.7.241.26 - - [14/Apr/2026:16:50:50 +0000] "GET /whsy.php?e=smaps&p=%2Fproc%2F10771 HTTP/1.1" 200 2118 "https://www.vaxfi.com.lab2454.com/whsy.php?p=%2Fproc%2F10771" "Mozilla/5.0 AppleWebKit/537.36 (KHTML, like Gecko; compatible; GPTBot/1.3; +https://openai.com/gptbot)"
74.7.241.26 - - [14/Apr/2026:16:50:53 +0000] "GET /whsy.php?e=sched&p=%2Fproc%2F10771 HTTP/1.1" 200 2480 "https://www.vaxfi.com.lab2454.com/whsy.php?p=%2Fproc%2F10771" "Mozilla/5.0 AppleWebKit/537.36 (KHTML, like Gecko; compatible; GPTBot/1.3; +https://openai.com/gptbot)"
74.7.241.26 - - [14/Apr/2026:16:50:57 +0000] "GET /whsy.php?e=smaps&p=%2Fproc%2F19496 HTTP/1.1" 200 2007 "https://www.vaxfi.com.lab2454.com/whsy.php?p=%2Fproc%2F19496" "Mozilla/5.0 AppleWebKit/537.36 (KHTML, like Gecko; compatible; GPTBot/1.3; +https://openai.com/gptbot)"
74.7.241.26 - - [14/Apr/2026:16:51:01 +0000] "GET /whsy.php?e=oom_adj&p=%2Fproc%2F19496 HTTP/1.1" 200 2006 "https://www.vaxfi.com.lab2454.com/whsy.php?p=%2Fproc%2F19496" "Mozilla/5.0 AppleWebKit/537.36 (KHTML, like Gecko; compatible; GPTBot/1.3; +https://openai.com/gptbot)"
74.7.241.26 - - [14/Apr/2026:16:51:04 +0000] "GET /whsy.php?e=oom_adj&p=%2Fproc%2F12978 HTTP/1.1" 200 858 "https://www.vaxfi.com.lab2454.com/whsy.php?p=%2Fproc%2F12978" "Mozilla/5.0 AppleWebKit/537.36 (KHTML, like Gecko; compatible; GPTBot/1.3; +https://openai.com/gptbot)"
74.7.241.26 - - [14/Apr/2026:16:51:08 +0000] "GET /whsy.php?e=gid_map&p=%2Fproc%2F10771 HTTP/1.1" 200 2025 "https://www.vaxfi.com.lab2454.com/whsy.php?p=%2Fproc%2F10771" "Mozilla/5.0 AppleWebKit/537.36 (KHTML, like Gecko; compatible; GPTBot/1.3; +https://openai.com/gptbot)"
74.7.241.26 - - [14/Apr/2026:16:51:12 +0000] "GET /whsy.php?e=uid_map&p=%2Fproc%2F21563 HTTP/1.1" 200 858 "https://www.vaxfi.com.lab2454.com/whsy.php?p=%2Fproc%2F21563" "Mozilla/5.0 AppleWebKit/537.36 (KHTML, like Gecko; compatible; GPTBot/1.3; +https://openai.com/gptbot)"
74.7.241.26 - - [14/Apr/2026:16:51:16 +0000] "GET /whsy.php?e=gid_map&p=%2Fproc%2F12978 HTTP/1.1" 200 858 "https://www.vaxfi.com.lab2454.com/whsy.php?p=%2Fproc%2F12978" "Mozilla/5.0 AppleWebKit/537.36 (KHTML, like Gecko; compatible; GPTBot/1.3; +https://openai.com/gptbot)"
74.7.241.26 - - [14/Apr/2026:16:51:20 +0000] "GET /whsy.php?e=uid_map&p=%2Fproc%2F12978 HTTP/1.1" 200 858 "https://www.vaxfi.com.lab2454.com/whsy.php?p=%2Fproc%2F12978" "Mozilla/5.0 AppleWebKit/537.36 (KHTML, like Gecko; compatible; GPTBot/1.3; +https://openai.com/gptbot)"
51.195.215.142 - - [14/Apr/2026:16:51:23 +0000] "GET /whsy.php?e=wp-config-sample.php&p=%2Fhome%2Flab2454c%2Finvest.equitablebarter.com HTTP/2.0" 200 2994 "-" "Mozilla/5.0 (compatible; AhrefsBot/7.0; +http://ahrefs.com/robot/)"
74.7.241.26 - - [14/Apr/2026:16:51:24 +0000] "GET /whsy.php?e=uid_map&p=%2Fproc%2F10771 HTTP/1.1" 200 2022 "https://www.vaxfi.com.lab2454.com/whsy.php?p=%2Fproc%2F10771" "Mozilla/5.0 AppleWebKit/537.36 (KHTML, like Gecko; compatible; GPTBot/1.3; +https://openai.com/gptbot)"
74.7.241.26 - - [14/Apr/2026:16:51:28 +0000] "GET /whsy.php?e=oom_adj&p=%2Fproc%2F21563 HTTP/1.1" 200 858 "https://www.vaxfi.com.lab2454.com/whsy.php?p=%2Fproc%2F21563" "Mozilla/5.0 AppleWebKit/537.36 (KHTML, like Gecko; compatible; GPTBot/1.3; +https://openai.com/gptbot)"
74.7.241.26 - - [14/Apr/2026:16:51:32 +0000] "GET /whsy.php?e=gid_map&p=%2Fproc%2F21563 HTTP/1.1" 200 858 "https://www.vaxfi.com.lab2454.com/whsy.php?p=%2Fproc%2F21563" "Mozilla/5.0 AppleWebKit/537.36 (KHTML, like Gecko; compatible; GPTBot/1.3; +https://openai.com/gptbot)"
74.7.241.26 - - [14/Apr/2026:16:51:35 +0000] "GET /whsy.php?e=auxv&p=%2Fproc%2F10771 HTTP/1.1" 200 1936 "https://www.vaxfi.com.lab2454.com/whsy.php?p=%2Fproc%2F10771" "Mozilla/5.0 AppleWebKit/537.36 (KHTML, like Gecko; compatible; GPTBot/1.3; +https://openai.com/gptbot)"
74.7.241.26 - - [14/Apr/2026:16:51:39 +0000] "GET /whsy.php?e=mem&p=%2Fproc%2F10771 HTTP/1.1" 200 1936 "https://www.vaxfi.com.lab2454.com/whsy.php?p=%2Fproc%2F10771" "Mozilla/5.0 AppleWebKit/537.36 (KHTML, like Gecko; compatible; GPTBot/1.3; +https://openai.com/gptbot)"
74.7.241.26 - - [14/Apr/2026:16:51:43 +0000] "GET /whsy.php?e=cwd&p=%2Fproc%2F10771 HTTP/1.1" 200 1936 "https://www.vaxfi.com.lab2454.com/whsy.php?p=%2Fproc%2F10771" "Mozilla/5.0 AppleWebKit/537.36 (KHTML, like Gecko; compatible; GPTBot/1.3; +https://openai.com/gptbot)"
74.7.241.26 - - [14/Apr/2026:16:51:47 +0000] "GET /whsy.php?e=exe&p=%2Fproc%2F10771 HTTP/1.1" 200 1936 "https://www.vaxfi.com.lab2454.com/whsy.php?p=%2Fproc%2F10771" "Mozilla/5.0 AppleWebKit/537.36 (KHTML, like Gecko; compatible; GPTBot/1.3; +https://openai.com/gptbot)"
74.7.241.26 - - [14/Apr/2026:16:51:51 +0000] "GET /whsy.php?e=stat&p=%2Fproc%2F12978 HTTP/1.1" 200 858 "https://www.vaxfi.com.lab2454.com/whsy.php?p=%2Fproc%2F12978" "Mozilla/5.0 AppleWebKit/537.36 (KHTML, like Gecko; compatible; GPTBot/1.3; +https://openai.com/gptbot)"
74.7.241.26 - - [14/Apr/2026:16:51:55 +0000] "GET /whsy.php?e=stat&p=%2Fproc%2F21563 HTTP/1.1" 200 858 "https://www.vaxfi.com.lab2454.com/whsy.php?p=%2Fproc%2F21563" "Mozilla/5.0 AppleWebKit/537.36 (KHTML, like Gecko; compatible; GPTBot/1.3; +https://openai.com/gptbot)"
74.7.241.26 - - [14/Apr/2026:16:51:59 +0000] "GET /whsy.php?e=ksm_stat&p=%2Fproc%2F10771 HTTP/1.1" 200 1936 "https://www.vaxfi.com.lab2454.com/whsy.php?p=%2Fproc%2F10771" "Mozilla/5.0 AppleWebKit/537.36 (KHTML, like Gecko; compatible; GPTBot/1.3; +https://openai.com/gptbot)"
74.7.241.26 - - [14/Apr/2026:16:52:03 +0000] "GET /whsy.php?e=exe&p=%2Fproc%2F12978 HTTP/1.1" 200 858 "https://www.vaxfi.com.lab2454.com/whsy.php?p=%2Fproc%2F12978" "Mozilla/5.0 AppleWebKit/537.36 (KHTML, like Gecko; compatible; GPTBot/1.3; +https://openai.com/gptbot)"
74.7.241.26 - - [14/Apr/2026:16:52:07 +0000] "GET /whsy.php?e=exe&p=%2Fproc%2F21563 HTTP/1.1" 200 858 "https://www.vaxfi.com.lab2454.com/whsy.php?p=%2Fproc%2F21563" "Mozilla/5.0 AppleWebKit/537.36 (KHTML, like Gecko; compatible; GPTBot/1.3; +https://openai.com/gptbot)"
74.7.241.26 - - [14/Apr/2026:16:52:11 +0000] "GET /whsy.php?e=ksm_stat&p=%2Fproc%2F21563 HTTP/1.1" 200 858 "https://www.vaxfi.com.lab2454.com/whsy.php?p=%2Fproc%2F21563" "Mozilla/5.0 AppleWebKit/537.36 (KHTML, like Gecko; compatible; GPTBot/1.3; +https://openai.com/gptbot)"
74.7.241.26 - - [14/Apr/2026:16:52:15 +0000] "GET /whsy.php?e=ksm_stat&p=%2Fproc%2F19496 HTTP/1.1" 200 858 "https://www.vaxfi.com.lab2454.com/whsy.php?p=%2Fproc%2F19496" "Mozilla/5.0 AppleWebKit/537.36 (KHTML, like Gecko; compatible; GPTBot/1.3; +https://openai.com/gptbot)"
74.7.241.26 - - [14/Apr/2026:16:52:19 +0000] "GET /whsy.php?e=ksm_stat&p=%2Fproc%2F12978 HTTP/1.1" 200 858 "https://www.vaxfi.com.lab2454.com/whsy.php?p=%2Fproc%2F12978" "Mozilla/5.0 AppleWebKit/537.36 (KHTML, like Gecko; compatible; GPTBot/1.3; +https://openai.com/gptbot)"
74.7.241.26 - - [14/Apr/2026:16:52:23 +0000] "GET /whsy.php?e=oom_score_adj&p=%2Fproc%2F10771 HTTP/1.1" 200 2008 "https://www.vaxfi.com.lab2454.com/whsy.php?p=%2Fproc%2F10771" "Mozilla/5.0 AppleWebKit/537.36 (KHTML, like Gecko; compatible; GPTBot/1.3; +https://openai.com/gptbot)"
74.7.241.26 - - [14/Apr/2026:16:52:27 +0000] "GET /whsy.php?e=root&p=%2Fproc%2F21563 HTTP/1.1" 200 858 "https://www.vaxfi.com.lab2454.com/whsy.php?p=%2Fproc%2F21563" "Mozilla/5.0 AppleWebKit/537.36 (KHTML, like Gecko; compatible; GPTBot/1.3; +https://openai.com/gptbot)"
74.7.241.26 - - [14/Apr/2026:16:52:31 +0000] "GET /whsy.php?e=root&p=%2Fproc%2F12978 HTTP/1.1" 200 858 "https://www.vaxfi.com.lab2454.com/whsy.php?p=%2Fproc%2F12978" "Mozilla/5.0 AppleWebKit/537.36 (KHTML, like Gecko; compatible; GPTBot/1.3; +https://openai.com/gptbot)"
74.7.241.26 - - [14/Apr/2026:16:52:35 +0000] "GET /whsy.php?e=maps&p=%2Fproc%2F10771 HTTP/1.1" 200 2116 "https://www.vaxfi.com.lab2454.com/whsy.php?p=%2Fproc%2F10771" "Mozilla/5.0 AppleWebKit/537.36 (KHTML, like Gecko; compatible; GPTBot/1.3; +https://openai.com/gptbot)"
74.7.241.26 - - [14/Apr/2026:16:52:39 +0000] "GET /whsy.php?e=comm&p=%2Fproc%2F10771 HTTP/1.1" 200 2008 "https://www.vaxfi.com.lab2454.com/whsy.php?p=%2Fproc%2F10771" "Mozilla/5.0 AppleWebKit/537.36 (KHTML, like Gecko; compatible; GPTBot/1.3; +https://openai.com/gptbot)"
74.7.241.26 - - [14/Apr/2026:16:52:43 +0000] "GET /whsy.php?e=personality&p=%2Fproc%2F10771 HTTP/1.1" 200 1936 "https://www.vaxfi.com.lab2454.com/whsy.php?p=%2Fproc%2F10771" "Mozilla/5.0 AppleWebKit/537.36 (KHTML, like Gecko; compatible; GPTBot/1.3; +https://openai.com/gptbot)"
74.7.241.26 - - [14/Apr/2026:16:52:47 +0000] "GET /whsy.php?e=oom_score_adj&p=%2Fproc%2F19496 HTTP/1.1" 200 858 "https://www.vaxfi.com.lab2454.com/whsy.php?p=%2Fproc%2F19496" "Mozilla/5.0 AppleWebKit/537.36 (KHTML, like Gecko; compatible; GPTBot/1.3; +https://openai.com/gptbot)"
74.7.241.26 - - [14/Apr/2026:16:52:51 +0000] "GET /whsy.php?e=oom_score_adj&p=%2Fproc%2F21563 HTTP/1.1" 200 858 "https://www.vaxfi.com.lab2454.com/whsy.php?p=%2Fproc%2F21563" "Mozilla/5.0 AppleWebKit/537.36 (KHTML, like Gecko; compatible; GPTBot/1.3; +https://openai.com/gptbot)"
74.7.241.26 - - [14/Apr/2026:16:52:55 +0000] "GET /whsy.php?e=oom_score_adj&p=%2Fproc%2F12978 HTTP/1.1" 200 858 "https://www.vaxfi.com.lab2454.com/whsy.php?p=%2Fproc%2F12978" "Mozilla/5.0 AppleWebKit/537.36 (KHTML, like Gecko; compatible; GPTBot/1.3; +https://openai.com/gptbot)"
74.7.241.26 - - [14/Apr/2026:16:52:59 +0000] "GET /whsy.php?e=root&p=%2Fproc%2F10771 HTTP/1.1" 200 1936 "https://www.vaxfi.com.lab2454.com/whsy.php?p=%2Fproc%2F10771" "Mozilla/5.0 AppleWebKit/537.36 (KHTML, like Gecko; compatible; GPTBot/1.3; +https://openai.com/gptbot)"
74.7.241.26 - - [14/Apr/2026:16:53:03 +0000] "GET /whsy.php?e=clear_refs&p=%2Fproc%2F19496 HTTP/1.1" 200 858 "https://www.vaxfi.com.lab2454.com/whsy.php?p=%2Fproc%2F19496" "Mozilla/5.0 AppleWebKit/537.36 (KHTML, like Gecko; compatible; GPTBot/1.3; +https://openai.com/gptbot)"
74.7.241.26 - - [14/Apr/2026:16:53:07 +0000] "GET /whsy.php?e=stat&p=%2Fproc%2F10771 HTTP/1.1" 200 2127 "https://www.vaxfi.com.lab2454.com/whsy.php?p=%2Fproc%2F10771" "Mozilla/5.0 AppleWebKit/537.36 (KHTML, like Gecko; compatible; GPTBot/1.3; +https://openai.com/gptbot)"
74.7.241.26 - - [14/Apr/2026:16:53:11 +0000] "GET /whsy.php?e=comm&p=%2Fproc%2F19496 HTTP/1.1" 200 858 "https://www.vaxfi.com.lab2454.com/whsy.php?p=%2Fproc%2F19496" "Mozilla/5.0 AppleWebKit/537.36 (KHTML, like Gecko; compatible; GPTBot/1.3; +https://openai.com/gptbot)"
74.7.241.26 - - [14/Apr/2026:16:53:15 +0000] "GET /whsy.php?e=maps&p=%2Fproc%2F19496 HTTP/1.1" 200 858 "https://www.vaxfi.com.lab2454.com/whsy.php?p=%2Fproc%2F19496" "Mozilla/5.0 AppleWebKit/537.36 (KHTML, like Gecko; compatible; GPTBot/1.3; +https://openai.com/gptbot)"
74.7.241.26 - - [14/Apr/2026:16:53:19 +0000] "GET /whsy.php?e=cmdline&p=%2Fproc%2F19496 HTTP/1.1" 200 858 "https://www.vaxfi.com.lab2454.com/whsy.php?p=%2Fproc%2F19496" "Mozilla/5.0 AppleWebKit/537.36 (KHTML, like Gecko; compatible; GPTBot/1.3; +https://openai.com/gptbot)"
74.7.241.26 - - [14/Apr/2026:16:53:23 +0000] "GET /whsy.php?e=smaps_rollup&p=%2Fproc%2F19496 HTTP/1.1" 200 858 "https://www.vaxfi.com.lab2454.com/whsy.php?p=%2Fproc%2F19496" "Mozilla/5.0 AppleWebKit/537.36 (KHTML, like Gecko; compatible; GPTBot/1.3; +https://openai.com/gptbot)"
74.7.241.26 - - [14/Apr/2026:16:53:27 +0000] "GET /whsy.php?e=timens_offsets&p=%2Fproc%2F19496 HTTP/1.1" 200 858 "https://www.vaxfi.com.lab2454.com/whsy.php?p=%2Fproc%2F19496" "Mozilla/5.0 AppleWebKit/537.36 (KHTML, like Gecko; compatible; GPTBot/1.3; +https://openai.com/gptbot)"
74.7.241.26 - - [14/Apr/2026:16:53:31 +0000] "GET /whsy.php?e=timens_offsets&p=%2Fproc%2F12978 HTTP/1.1" 200 858 "https://www.vaxfi.com.lab2454.com/whsy.php?p=%2Fproc%2F12978" "Mozilla/5.0 AppleWebKit/537.36 (KHTML, like Gecko; compatible; GPTBot/1.3; +https://openai.com/gptbot)"
74.7.241.26 - - [14/Apr/2026:16:53:37 +0000] "GET /whsy.php?e=timens_offsets&p=%2Fproc%2F21563 HTTP/1.1" 200 858 "https://www.vaxfi.com.lab2454.com/whsy.php?p=%2Fproc%2F21563" "Mozilla/5.0 AppleWebKit/537.36 (KHTML, like Gecko; compatible; GPTBot/1.3; +https://openai.com/gptbot)"
74.7.241.26 - - [14/Apr/2026:16:53:41 +0000] "GET /whsy.php?e=cmdline&p=%2Fproc%2F21563 HTTP/1.1" 200 858 "https://www.vaxfi.com.lab2454.com/whsy.php?p=%2Fproc%2F21563" "Mozilla/5.0 AppleWebKit/537.36 (KHTML, like Gecko; compatible; GPTBot/1.3; +https://openai.com/gptbot)"
74.7.241.26 - - [14/Apr/2026:16:53:45 +0000] "GET /whsy.php?e=cmdline&p=%2Fproc%2F10771 HTTP/1.1" 200 2023 "https://www.vaxfi.com.lab2454.com/whsy.php?p=%2Fproc%2F10771" "Mozilla/5.0 AppleWebKit/537.36 (KHTML, like Gecko; compatible; GPTBot/1.3; +https://openai.com/gptbot)"
74.7.241.26 - - [14/Apr/2026:16:53:49 +0000] "GET /whsy.php?e=cmdline&p=%2Fproc%2F12978 HTTP/1.1" 200 858 "https://www.vaxfi.com.lab2454.com/whsy.php?p=%2Fproc%2F12978" "Mozilla/5.0 AppleWebKit/537.36 (KHTML, like Gecko; compatible; GPTBot/1.3; +https://openai.com/gptbot)"
74.7.241.26 - - [14/Apr/2026:16:53:53 +0000] "GET /whsy.php?e=timens_offsets&p=%2Fproc%2F10771 HTTP/1.1" 200 2023 "https://www.vaxfi.com.lab2454.com/whsy.php?p=%2Fproc%2F10771" "Mozilla/5.0 AppleWebKit/537.36 (KHTML, like Gecko; compatible; GPTBot/1.3; +https://openai.com/gptbot)"
74.7.241.26 - - [14/Apr/2026:16:53:57 +0000] "GET /whsy.php?e=io&p=%2Fproc%2F10771 HTTP/1.1" 200 1936 "https://www.vaxfi.com.lab2454.com/whsy.php?p=%2Fproc%2F10771" "Mozilla/5.0 AppleWebKit/537.36 (KHTML, like Gecko; compatible; GPTBot/1.3; +https://openai.com/gptbot)"
74.7.241.26 - - [14/Apr/2026:16:54:01 +0000] "GET /whsy.php?e=mem&p=%2Fproc%2F21563 HTTP/1.1" 200 858 "https://www.vaxfi.com.lab2454.com/whsy.php?p=%2Fproc%2F21563" "Mozilla/5.0 AppleWebKit/537.36 (KHTML, like Gecko; compatible; GPTBot/1.3; +https://openai.com/gptbot)"
74.7.241.26 - - [14/Apr/2026:16:54:05 +0000] "GET /whsy.php?e=mem&p=%2Fproc%2F19496 HTTP/1.1" 200 858 "https://www.vaxfi.com.lab2454.com/whsy.php?p=%2Fproc%2F19496" "Mozilla/5.0 AppleWebKit/537.36 (KHTML, like Gecko; compatible; GPTBot/1.3; +https://openai.com/gptbot)"
74.7.241.26 - - [14/Apr/2026:16:54:09 +0000] "GET /whsy.php?e=exe&p=%2Fproc%2F19496 HTTP/1.1" 200 858 "https://www.vaxfi.com.lab2454.com/whsy.php?p=%2Fproc%2F19496" "Mozilla/5.0 AppleWebKit/537.36 (KHTML, like Gecko; compatible; GPTBot/1.3; +https://openai.com/gptbot)"
74.7.241.26 - - [14/Apr/2026:16:54:13 +0000] "GET /whsy.php?e=mem&p=%2Fproc%2F12978 HTTP/1.1" 200 858 "https://www.vaxfi.com.lab2454.com/whsy.php?p=%2Fproc%2F12978" "Mozilla/5.0 AppleWebKit/537.36 (KHTML, like Gecko; compatible; GPTBot/1.3; +https://openai.com/gptbot)"
74.7.241.26 - - [14/Apr/2026:16:54:17 +0000] "GET /whsy.php?e=cwd&p=%2Fproc%2F21563 HTTP/1.1" 200 858 "https://www.vaxfi.com.lab2454.com/whsy.php?p=%2Fproc%2F21563" "Mozilla/5.0 AppleWebKit/537.36 (KHTML, like Gecko; compatible; GPTBot/1.3; +https://openai.com/gptbot)"
74.7.241.26 - - [14/Apr/2026:16:54:21 +0000] "GET /whsy.php?e=cwd&p=%2Fproc%2F19496 HTTP/1.1" 200 858 "https://www.vaxfi.com.lab2454.com/whsy.php?p=%2Fproc%2F19496" "Mozilla/5.0 AppleWebKit/537.36 (KHTML, like Gecko; compatible; GPTBot/1.3; +https://openai.com/gptbot)"
74.7.241.26 - - [14/Apr/2026:16:54:25 +0000] "GET /whsy.php?e=personality&p=%2Fproc%2F19496 HTTP/1.1" 200 858 "https://www.vaxfi.com.lab2454.com/whsy.php?p=%2Fproc%2F19496" "Mozilla/5.0 AppleWebKit/537.36 (KHTML, like Gecko; compatible; GPTBot/1.3; +https://openai.com/gptbot)"
74.7.241.26 - - [14/Apr/2026:16:54:29 +0000] "GET /whsy.php?e=personality&p=%2Fproc%2F21563 HTTP/1.1" 200 858 "https://www.vaxfi.com.lab2454.com/whsy.php?p=%2Fproc%2F21563" "Mozilla/5.0 AppleWebKit/537.36 (KHTML, like Gecko; compatible; GPTBot/1.3; +https://openai.com/gptbot)"
74.7.241.26 - - [14/Apr/2026:16:54:33 +0000] "GET /whsy.php?e=personality&p=%2Fproc%2F12978 HTTP/1.1" 200 858 "https://www.vaxfi.com.lab2454.com/whsy.php?p=%2Fproc%2F12978" "Mozilla/5.0 AppleWebKit/537.36 (KHTML, like Gecko; compatible; GPTBot/1.3; +https://openai.com/gptbot)"
74.7.241.26 - - [14/Apr/2026:16:54:37 +0000] "GET /whsy.php?e=sched&p=%2Fproc%2F19496 HTTP/1.1" 200 858 "https://www.vaxfi.com.lab2454.com/whsy.php?p=%2Fproc%2F19496" "Mozilla/5.0 AppleWebKit/537.36 (KHTML, like Gecko; compatible; GPTBot/1.3; +https://openai.com/gptbot)"
74.7.241.26 - - [14/Apr/2026:16:54:41 +0000] "GET /whsy.php?e=smaps&p=%2Fproc%2F21563 HTTP/1.1" 200 858 "https://www.vaxfi.com.lab2454.com/whsy.php?p=%2Fproc%2F21563" "Mozilla/5.0 AppleWebKit/537.36 (KHTML, like Gecko; compatible; GPTBot/1.3; +https://openai.com/gptbot)"
74.7.241.26 - - [14/Apr/2026:16:54:45 +0000] "GET /whsy.php?e=wchan&p=%2Fproc%2F10771 HTTP/1.1" 200 2005 "https://www.vaxfi.com.lab2454.com/whsy.php?p=%2Fproc%2F10771" "Mozilla/5.0 AppleWebKit/537.36 (KHTML, like Gecko; compatible; GPTBot/1.3; +https://openai.com/gptbot)"
74.7.241.26 - - [14/Apr/2026:16:54:49 +0000] "GET /whsy.php?e=sched&p=%2Fproc%2F12978 HTTP/1.1" 200 858 "https://www.vaxfi.com.lab2454.com/whsy.php?p=%2Fproc%2F12978" "Mozilla/5.0 AppleWebKit/537.36 (KHTML, like Gecko; compatible; GPTBot/1.3; +https://openai.com/gptbot)"
74.7.241.26 - - [14/Apr/2026:16:54:53 +0000] "GET /whsy.php?e=smaps&p=%2Fproc%2F12978 HTTP/1.1" 200 858 "https://www.vaxfi.com.lab2454.com/whsy.php?p=%2Fproc%2F12978" "Mozilla/5.0 AppleWebKit/537.36 (KHTML, like Gecko; compatible; GPTBot/1.3; +https://openai.com/gptbot)"
74.7.241.26 - - [14/Apr/2026:16:54:57 +0000] "GET /whsy.php?e=sched&p=%2Fproc%2F21563 HTTP/1.1" 200 858 "https://www.vaxfi.com.lab2454.com/whsy.php?p=%2Fproc%2F21563" "Mozilla/5.0 AppleWebKit/537.36 (KHTML, like Gecko; compatible; GPTBot/1.3; +https://openai.com/gptbot)"
74.7.241.26 - - [14/Apr/2026:16:55:01 +0000] "GET /whsy.php?e=mountstats&p=%2Fproc%2F10771 HTTP/1.1" 200 1936 "https://www.vaxfi.com.lab2454.com/whsy.php?p=%2Fproc%2F10771" "Mozilla/5.0 AppleWebKit/537.36 (KHTML, like Gecko; compatible; GPTBot/1.3; +https://openai.com/gptbot)"
3.221.222.168 - - [14/Apr/2026:16:55:04 +0000] "GET /whsy.php?e=crontab&p=/etc HTTP/1.1" 200 9267 "-" "Mozilla/5.0 AppleWebKit/537.36 (KHTML, like Gecko; compatible; Amazonbot/0.1; +https://developer.amazon.com/support/amazonbot) Chrome/119.0.6045.214 Safari/537.36"
74.7.241.26 - - [14/Apr/2026:16:55:05 +0000] "GET /whsy.php?e=environ&p=%2Fproc%2F10771 HTTP/1.1" 200 1936 "https://www.vaxfi.com.lab2454.com/whsy.php?p=%2Fproc%2F10771" "Mozilla/5.0 AppleWebKit/537.36 (KHTML, like Gecko; compatible; GPTBot/1.3; +https://openai.com/gptbot)"
100.28.57.133 - - [14/Apr/2026:16:55:09 +0000] "GET /whsy.php?e=option-toggled-multiple.php&p=/home/lab2454c/archfort.com/wp-content/plugins/wordfence/modules/login-security/views/options HTTP/1.1" 200 2383 "-" "Mozilla/5.0 AppleWebKit/537.36 (KHTML, like Gecko; compatible; Amazonbot/0.1; +https://developer.amazon.com/support/amazonbot) Chrome/119.0.6045.214 Safari/537.36"
74.7.241.26 - - [14/Apr/2026:16:55:09 +0000] "GET /whsy.php?e=syscall&p=%2Fproc%2F19496 HTTP/1.1" 200 858 "https://www.vaxfi.com.lab2454.com/whsy.php?p=%2Fproc%2F19496" "Mozilla/5.0 AppleWebKit/537.36 (KHTML, like Gecko; compatible; GPTBot/1.3; +https://openai.com/gptbot)"
52.0.63.151 - - [14/Apr/2026:16:55:12 +0000] "GET /whsy.php?e=Gradient.php&p=/home/lab2454c/costbloc.com/vendor/mpdf/mpdf/src HTTP/1.1" 200 8535 "-" "Mozilla/5.0 AppleWebKit/537.36 (KHTML, like Gecko; compatible; Amazonbot/0.1; +https://developer.amazon.com/support/amazonbot) Chrome/119.0.6045.214 Safari/537.36"
74.7.241.26 - - [14/Apr/2026:16:55:13 +0000] "GET /whsy.php?e=environ&p=%2Fproc%2F12978 HTTP/1.1" 200 858 "https://www.vaxfi.com.lab2454.com/whsy.php?p=%2Fproc%2F12978" "Mozilla/5.0 AppleWebKit/537.36 (KHTML, like Gecko; compatible; GPTBot/1.3; +https://openai.com/gptbot)"
54.243.63.52 - - [14/Apr/2026:16:55:16 +0000] "GET /whsy.php?p=/sys/module/bridge HTTP/1.1" 200 691 "-" "Mozilla/5.0 AppleWebKit/537.36 (KHTML, like Gecko; compatible; Amazonbot/0.1; +https://developer.amazon.com/support/amazonbot) Chrome/119.0.6045.214 Safari/537.36"
74.7.241.26 - - [14/Apr/2026:16:55:17 +0000] "GET /whsy.php?e=environ&p=%2Fproc%2F21563 HTTP/1.1" 200 858 "https://www.vaxfi.com.lab2454.com/whsy.php?p=%2Fproc%2F21563" "Mozilla/5.0 AppleWebKit/537.36 (KHTML, like Gecko; compatible; GPTBot/1.3; +https://openai.com/gptbot)"
23.23.212.212 - - [14/Apr/2026:16:55:20 +0000] "GET /whsy.php?p=/home/lab2454c/archfort.com/wp-content/plugins/wordfence/vendor/wordfence/wf-waf/src HTTP/1.1" 200 877 "-" "Mozilla/5.0 AppleWebKit/537.36 (KHTML, like Gecko; compatible; Amazonbot/0.1; +https://developer.amazon.com/support/amazonbot) Chrome/119.0.6045.214 Safari/537.36"
74.7.241.26 - - [14/Apr/2026:16:55:21 +0000] "GET /whsy.php?e=environ&p=%2Fproc%2F19496 HTTP/1.1" 200 858 "https://www.vaxfi.com.lab2454.com/whsy.php?p=%2Fproc%2F19496" "Mozilla/5.0 AppleWebKit/537.36 (KHTML, like Gecko; compatible; GPTBot/1.3; +https://openai.com/gptbot)"
18.204.89.56 - - [14/Apr/2026:16:55:23 +0000] "GET /whsy.php?p=/home/lab2454c/vaultchip.com/vendor/dompdf/.. HTTP/1.1" 200 1633 "-" "Mozilla/5.0 AppleWebKit/537.36 (KHTML, like Gecko; compatible; Amazonbot/0.1; +https://developer.amazon.com/support/amazonbot) Chrome/119.0.6045.214 Safari/537.36"
74.7.241.26 - - [14/Apr/2026:16:55:25 +0000] "GET /whsy.php?p=%2Fproc%2F27505 HTTP/1.1" 200 858 "https://www.vaxfi.com.lab2454.com/whsy.php?p=%2Fproc%2F27456%2F.." "Mozilla/5.0 AppleWebKit/537.36 (KHTML, like Gecko; compatible; GPTBot/1.3; +https://openai.com/gptbot)"
34.231.77.232 - - [14/Apr/2026:16:55:28 +0000] "GET /whsy.php?p=/home/lab2454c/crypto.keyreum.com/vendor/dompdf/dompdf/lib/res HTTP/1.1" 200 797 "-" "Mozilla/5.0 AppleWebKit/537.36 (KHTML, like Gecko; compatible; Amazonbot/0.1; +https://developer.amazon.com/support/amazonbot) Chrome/119.0.6045.214 Safari/537.36"
74.7.241.26 - - [14/Apr/2026:16:55:29 +0000] "GET /whsy.php?p=%2Fproc%2F30268 HTTP/1.1" 200 858 "https://www.vaxfi.com.lab2454.com/whsy.php?p=%2Fproc%2F27456%2F.." "Mozilla/5.0 AppleWebKit/537.36 (KHTML, like Gecko; compatible; GPTBot/1.3; +https://openai.com/gptbot)"
23.23.103.31 - - [14/Apr/2026:16:55:31 +0000] "GET /whsy.php?p=/sys/module/gpiolib_acpi/parameters HTTP/1.1" 200 761 "-" "Mozilla/5.0 AppleWebKit/537.36 (KHTML, like Gecko; compatible; Amazonbot/0.1; +https://developer.amazon.com/support/amazonbot) Chrome/119.0.6045.214 Safari/537.36"
74.7.241.26 - - [14/Apr/2026:16:55:33 +0000] "GET /whsy.php?p=%2Fproc%2F12842 HTTP/1.1" 200 858 "https://www.vaxfi.com.lab2454.com/whsy.php?p=%2Fproc%2F27456%2F.." "Mozilla/5.0 AppleWebKit/537.36 (KHTML, like Gecko; compatible; GPTBot/1.3; +https://openai.com/gptbot)"
3.216.227.216 - - [14/Apr/2026:16:55:35 +0000] "GET /whsy.php?p=/sys/module/srcutree/parameters HTTP/1.1" 200 927 "-" "Mozilla/5.0 AppleWebKit/537.36 (KHTML, like Gecko; compatible; Amazonbot/0.1; +https://developer.amazon.com/support/amazonbot) Chrome/119.0.6045.214 Safari/537.36"
74.7.241.26 - - [14/Apr/2026:16:55:37 +0000] "GET /whsy.php?p=%2Fproc%2F25236 HTTP/1.1" 200 858 "https://www.vaxfi.com.lab2454.com/whsy.php?p=%2Fproc%2F27456%2F.." "Mozilla/5.0 AppleWebKit/537.36 (KHTML, like Gecko; compatible; GPTBot/1.3; +https://openai.com/gptbot)"
54.225.181.161 - - [14/Apr/2026:16:55:39 +0000] "GET /whsy.php?p=/home/lab2454c/healthvalidate.com/vendor/dompdf/dompdf HTTP/1.1" 200 913 "-" "Mozilla/5.0 AppleWebKit/537.36 (KHTML, like Gecko; compatible; Amazonbot/0.1; +https://developer.amazon.com/support/amazonbot) Chrome/119.0.6045.214 Safari/537.36"
74.7.241.26 - - [14/Apr/2026:16:55:41 +0000] "GET /whsy.php?e=oom_score_adj&p=%2Fproc%2F22578 HTTP/1.1" 200 858 "https://www.vaxfi.com.lab2454.com/whsy.php?p=%2Fproc%2F22578" "Mozilla/5.0 AppleWebKit/537.36 (KHTML, like Gecko; compatible; GPTBot/1.3; +https://openai.com/gptbot)"
54.243.63.52 - - [14/Apr/2026:16:55:44 +0000] "GET /whsy.php?p=/sys/fs/btrfs/features HTTP/1.1" 200 1338 "-" "Mozilla/5.0 AppleWebKit/537.36 (KHTML, like Gecko; compatible; Amazonbot/0.1; +https://developer.amazon.com/support/amazonbot) Chrome/119.0.6045.214 Safari/537.36"
74.7.241.26 - - [14/Apr/2026:16:55:44 +0000] "GET /whsy.php?e=oom_score_adj&p=%2Fproc%2F25742 HTTP/1.1" 200 858 "https://www.vaxfi.com.lab2454.com/whsy.php?p=%2Fproc%2F25742" "Mozilla/5.0 AppleWebKit/537.36 (KHTML, like Gecko; compatible; GPTBot/1.3; +https://openai.com/gptbot)"
18.213.70.100 - - [14/Apr/2026:16:55:48 +0000] "GET /whsy.php?e=isc-logo.pdf&p=/usr/share/doc/bind-9.11.4 HTTP/1.1" 200 2421 "-" "Mozilla/5.0 AppleWebKit/537.36 (KHTML, like Gecko; compatible; Amazonbot/0.1; +https://developer.amazon.com/support/amazonbot) Chrome/119.0.6045.214 Safari/537.36"
74.7.241.26 - - [14/Apr/2026:16:55:48 +0000] "GET /whsy.php?e=smaps_rollup&p=%2Fproc%2F22578 HTTP/1.1" 200 858 "https://www.vaxfi.com.lab2454.com/whsy.php?p=%2Fproc%2F22578" "Mozilla/5.0 AppleWebKit/537.36 (KHTML, like Gecko; compatible; GPTBot/1.3; +https://openai.com/gptbot)"
52.4.229.9 - - [14/Apr/2026:16:55:51 +0000] "GET /whsy.php?p=/etc/kernel HTTP/1.1" 200 486 "-" "Mozilla/5.0 AppleWebKit/537.36 (KHTML, like Gecko; compatible; Amazonbot/0.1; +https://developer.amazon.com/support/amazonbot) Chrome/119.0.6045.214 Safari/537.36"
74.7.241.26 - - [14/Apr/2026:16:55:52 +0000] "GET /whsy.php?e=smaps_rollup&p=%2Fproc%2F25742 HTTP/1.1" 200 858 "https://www.vaxfi.com.lab2454.com/whsy.php?p=%2Fproc%2F25742" "Mozilla/5.0 AppleWebKit/537.36 (KHTML, like Gecko; compatible; GPTBot/1.3; +https://openai.com/gptbot)"
50.19.79.213 - - [14/Apr/2026:16:55:56 +0000] "GET /whsy.php?e=starter_pdfmerge.php&p=/opt/alt/pdflib-lite/usr/share/doc/alt-pdflib-lite-7.0.5/examples/php HTTP/1.1" 200 2460 "-" "Mozilla/5.0 AppleWebKit/537.36 (KHTML, like Gecko; compatible; Amazonbot/0.1; +https://developer.amazon.com/support/amazonbot) Chrome/119.0.6045.214 Safari/537.36"
74.7.241.26 - - [14/Apr/2026:16:55:56 +0000] "GET /whsy.php?e=loginuid&p=%2Fproc%2F21563 HTTP/1.1" 200 858 "https://www.vaxfi.com.lab2454.com/whsy.php?p=%2Fproc%2F21563" "Mozilla/5.0 AppleWebKit/537.36 (KHTML, like Gecko; compatible; GPTBot/1.3; +https://openai.com/gptbot)"
74.7.241.26 - - [14/Apr/2026:16:56:00 +0000] "GET /whsy.php?e=loginuid&p=%2Fproc%2F18583 HTTP/1.1" 200 858 "https://www.vaxfi.com.lab2454.com/whsy.php?p=%2Fproc%2F18583" "Mozilla/5.0 AppleWebKit/537.36 (KHTML, like Gecko; compatible; GPTBot/1.3; +https://openai.com/gptbot)"
23.22.59.87 - - [14/Apr/2026:16:56:00 +0000] "GET /whsy.php?p=/sys/kernel/boot_params HTTP/1.1" 200 694 "-" "Mozilla/5.0 AppleWebKit/537.36 (KHTML, like Gecko; compatible; Amazonbot/0.1; +https://developer.amazon.com/support/amazonbot) Chrome/119.0.6045.214 Safari/537.36"
44.209.35.147 - - [14/Apr/2026:16:56:04 +0000] "GET /whsy.php?e=uevent_seqnum&p=/sys/kernel HTTP/1.1" 200 1318 "-" "Mozilla/5.0 AppleWebKit/537.36 (KHTML, like Gecko; compatible; Amazonbot/0.1; +https://developer.amazon.com/support/amazonbot) Chrome/119.0.6045.214 Safari/537.36"
74.7.241.26 - - [14/Apr/2026:16:56:04 +0000] "GET /whsy.php?e=loginuid&p=%2Fproc%2F10771 HTTP/1.1" 200 2013 "https://www.vaxfi.com.lab2454.com/whsy.php?p=%2Fproc%2F10771" "Mozilla/5.0 AppleWebKit/537.36 (KHTML, like Gecko; compatible; GPTBot/1.3; +https://openai.com/gptbot)"
3.232.102.111 - - [14/Apr/2026:16:56:08 +0000] "GET /whsy.php?p=/sys/kernel/slab/btrfs_extent_buffer HTTP/1.1" 200 1523 "-" "Mozilla/5.0 AppleWebKit/537.36 (KHTML, like Gecko; compatible; Amazonbot/0.1; +https://developer.amazon.com/support/amazonbot) Chrome/119.0.6045.214 Safari/537.36"
74.7.241.26 - - [14/Apr/2026:16:56:08 +0000] "GET /whsy.php?e=loginuid&p=%2Fproc%2F12978 HTTP/1.1" 200 858 "https://www.vaxfi.com.lab2454.com/whsy.php?p=%2Fproc%2F12978" "Mozilla/5.0 AppleWebKit/537.36 (KHTML, like Gecko; compatible; GPTBot/1.3; +https://openai.com/gptbot)"
44.209.89.189 - - [14/Apr/2026:16:56:12 +0000] "GET /whsy.php?p=/sys/bus/xen-backend HTTP/1.1" 200 741 "-" "Mozilla/5.0 AppleWebKit/537.36 (KHTML, like Gecko; compatible; Amazonbot/0.1; +https://developer.amazon.com/support/amazonbot) Chrome/119.0.6045.214 Safari/537.36"
74.7.241.26 - - [14/Apr/2026:16:56:12 +0000] "GET /whsy.php?e=loginuid&p=%2Fproc%2F19496 HTTP/1.1" 200 858 "https://www.vaxfi.com.lab2454.com/whsy.php?p=%2Fproc%2F19496" "Mozilla/5.0 AppleWebKit/537.36 (KHTML, like Gecko; compatible; GPTBot/1.3; +https://openai.com/gptbot)"
54.86.59.155 - - [14/Apr/2026:16:56:16 +0000] "GET /whsy.php?p=/etc/terminfo HTTP/1.1" 200 473 "-" "Mozilla/5.0 AppleWebKit/537.36 (KHTML, like Gecko; compatible; Amazonbot/0.1; +https://developer.amazon.com/support/amazonbot) Chrome/119.0.6045.214 Safari/537.36"
74.7.241.26 - - [14/Apr/2026:16:56:16 +0000] "GET /whsy.php?e=loginuid&p=%2Fproc%2F30592 HTTP/1.1" 200 2013 "https://www.vaxfi.com.lab2454.com/whsy.php?p=%2Fproc%2F30592" "Mozilla/5.0 AppleWebKit/537.36 (KHTML, like Gecko; compatible; GPTBot/1.3; +https://openai.com/gptbot)"
74.7.241.26 - - [14/Apr/2026:16:56:20 +0000] "GET /whsy.php?e=loginuid&p=%2Fproc%2F14616 HTTP/1.1" 200 2013 "https://www.vaxfi.com.lab2454.com/whsy.php?p=%2Fproc%2F14616" "Mozilla/5.0 AppleWebKit/537.36 (KHTML, like Gecko; compatible; GPTBot/1.3; +https://openai.com/gptbot)"
23.21.228.180 - - [14/Apr/2026:16:56:20 +0000] "GET /whsy.php?p=/sys/bus/container/drivers HTTP/1.1" 200 496 "-" "Mozilla/5.0 AppleWebKit/537.36 (KHTML, like Gecko; compatible; Amazonbot/0.1; +https://developer.amazon.com/support/amazonbot) Chrome/119.0.6045.214 Safari/537.36"
74.7.241.26 - - [14/Apr/2026:16:56:24 +0000] "GET /whsy.php?e=mountstats&p=%2Fproc%2F30592 HTTP/1.1" 200 1935 "https://www.vaxfi.com.lab2454.com/whsy.php?p=%2Fproc%2F30592" "Mozilla/5.0 AppleWebKit/537.36 (KHTML, like Gecko; compatible; GPTBot/1.3; +https://openai.com/gptbot)"
52.45.194.165 - - [14/Apr/2026:16:56:25 +0000] "GET /whsy.php?p=/sys/bus/workqueue/drivers HTTP/1.1" 200 498 "-" "Mozilla/5.0 AppleWebKit/537.36 (KHTML, like Gecko; compatible; Amazonbot/0.1; +https://developer.amazon.com/support/amazonbot) Chrome/119.0.6045.214 Safari/537.36"
74.7.241.26 - - [14/Apr/2026:16:56:28 +0000] "GET /whsy.php?e=mountstats&p=%2Fproc%2F18583 HTTP/1.1" 200 858 "https://www.vaxfi.com.lab2454.com/whsy.php?p=%2Fproc%2F18583" "Mozilla/5.0 AppleWebKit/537.36 (KHTML, like Gecko; compatible; GPTBot/1.3; +https://openai.com/gptbot)"
44.223.116.180 - - [14/Apr/2026:16:56:28 +0000] "GET /whsy.php?p=/opt/alt/pcre HTTP/1.1" 200 486 "-" "Mozilla/5.0 AppleWebKit/537.36 (KHTML, like Gecko; compatible; Amazonbot/0.1; +https://developer.amazon.com/support/amazonbot) Chrome/119.0.6045.214 Safari/537.36"
74.7.241.26 - - [14/Apr/2026:16:56:31 +0000] "GET /whsy.php?e=mountstats&p=%2Fproc%2F19496 HTTP/1.1" 200 858 "https://www.vaxfi.com.lab2454.com/whsy.php?p=%2Fproc%2F19496" "Mozilla/5.0 AppleWebKit/537.36 (KHTML, like Gecko; compatible; GPTBot/1.3; +https://openai.com/gptbot)"
18.204.89.56 - - [14/Apr/2026:16:56:32 +0000] "GET /whsy.php?e=Absolute.php&p=/home/lab2454c/costbloc.com/vendor/dompdf/dompdf/src/Positioner HTTP/1.1" 200 2169 "-" "Mozilla/5.0 AppleWebKit/537.36 (KHTML, like Gecko; compatible; Amazonbot/0.1; +https://developer.amazon.com/support/amazonbot) Chrome/119.0.6045.214 Safari/537.36"
74.7.241.26 - - [14/Apr/2026:16:56:35 +0000] "GET /whsy.php?e=mountstats&p=%2Fproc%2F12978 HTTP/1.1" 200 858 "https://www.vaxfi.com.lab2454.com/whsy.php?p=%2Fproc%2F12978" "Mozilla/5.0 AppleWebKit/537.36 (KHTML, like Gecko; compatible; GPTBot/1.3; +https://openai.com/gptbot)"
74.7.241.26 - - [14/Apr/2026:16:56:39 +0000] "GET /whsy.php?e=mountstats&p=%2Fproc%2F21563 HTTP/1.1" 200 858 "https://www.vaxfi.com.lab2454.com/whsy.php?p=%2Fproc%2F21563" "Mozilla/5.0 AppleWebKit/537.36 (KHTML, like Gecko; compatible; GPTBot/1.3; +https://openai.com/gptbot)"
74.7.241.26 - - [14/Apr/2026:16:56:43 +0000] "GET /whsy.php?e=personality&p=%2Fproc%2F22578 HTTP/1.1" 200 858 "https://www.vaxfi.com.lab2454.com/whsy.php?p=%2Fproc%2F22578" "Mozilla/5.0 AppleWebKit/537.36 (KHTML, like Gecko; compatible; GPTBot/1.3; +https://openai.com/gptbot)"
74.7.241.26 - - [14/Apr/2026:16:56:47 +0000] "GET /whsy.php?e=personality&p=%2Fproc%2F25742 HTTP/1.1" 200 858 "https://www.vaxfi.com.lab2454.com/whsy.php?p=%2Fproc%2F25742" "Mozilla/5.0 AppleWebKit/537.36 (KHTML, like Gecko; compatible; GPTBot/1.3; +https://openai.com/gptbot)"
74.7.241.26 - - [14/Apr/2026:16:56:51 +0000] "GET /whsy.php?p=%2Fproc%2F24232 HTTP/1.1" 200 858 "https://www.vaxfi.com.lab2454.com/whsy.php?p=%2Fproc%2F27456%2F.." "Mozilla/5.0 AppleWebKit/537.36 (KHTML, like Gecko; compatible; GPTBot/1.3; +https://openai.com/gptbot)"
74.7.241.26 - - [14/Apr/2026:16:56:56 +0000] "GET /whsy.php?p=%2Fproc%2F25225 HTTP/1.1" 200 858 "https://www.vaxfi.com.lab2454.com/whsy.php?p=%2Fproc%2F27456%2F.." "Mozilla/5.0 AppleWebKit/537.36 (KHTML, like Gecko; compatible; GPTBot/1.3; +https://openai.com/gptbot)"
74.7.241.26 - - [14/Apr/2026:16:56:59 +0000] "GET /whsy.php?p=%2Fproc%2F32288 HTTP/1.1" 200 858 "https://www.vaxfi.com.lab2454.com/whsy.php?p=%2Fproc%2F27456%2F.." "Mozilla/5.0 AppleWebKit/537.36 (KHTML, like Gecko; compatible; GPTBot/1.3; +https://openai.com/gptbot)"
74.7.241.26 - - [14/Apr/2026:16:57:04 +0000] "GET /whsy.php?p=%2Fproc%2F22132 HTTP/1.1" 200 858 "https://www.vaxfi.com.lab2454.com/whsy.php?p=%2Fproc%2F27456%2F.." "Mozilla/5.0 AppleWebKit/537.36 (KHTML, like Gecko; compatible; GPTBot/1.3; +https://openai.com/gptbot)"
74.7.241.26 - - [14/Apr/2026:16:57:07 +0000] "GET /whsy.php?e=clear_refs&p=%2Fproc%2F12978 HTTP/1.1" 200 858 "https://www.vaxfi.com.lab2454.com/whsy.php?p=%2Fproc%2F12978" "Mozilla/5.0 AppleWebKit/537.36 (KHTML, like Gecko; compatible; GPTBot/1.3; +https://openai.com/gptbot)"
74.7.241.26 - - [14/Apr/2026:16:57:12 +0000] "GET /whsy.php?e=clear_refs&p=%2Fproc%2F27067 HTTP/1.1" 200 1936 "https://www.vaxfi.com.lab2454.com/whsy.php?p=%2Fproc%2F27067" "Mozilla/5.0 AppleWebKit/537.36 (KHTML, like Gecko; compatible; GPTBot/1.3; +https://openai.com/gptbot)"
74.7.241.26 - - [14/Apr/2026:16:57:16 +0000] "GET /whsy.php?e=clear_refs&p=%2Fproc%2F19115 HTTP/1.1" 200 858 "https://www.vaxfi.com.lab2454.com/whsy.php?p=%2Fproc%2F19115" "Mozilla/5.0 AppleWebKit/537.36 (KHTML, like Gecko; compatible; GPTBot/1.3; +https://openai.com/gptbot)"
74.7.241.26 - - [14/Apr/2026:16:57:20 +0000] "GET /whsy.php?e=clear_refs&p=%2Fproc%2F32364 HTTP/1.1" 200 858 "https://www.vaxfi.com.lab2454.com/whsy.php?p=%2Fproc%2F32364" "Mozilla/5.0 AppleWebKit/537.36 (KHTML, like Gecko; compatible; GPTBot/1.3; +https://openai.com/gptbot)"
74.7.241.26 - - [14/Apr/2026:16:57:24 +0000] "GET /whsy.php?e=clear_refs&p=%2Fproc%2F10771 HTTP/1.1" 200 1936 "https://www.vaxfi.com.lab2454.com/whsy.php?p=%2Fproc%2F10771" "Mozilla/5.0 AppleWebKit/537.36 (KHTML, like Gecko; compatible; GPTBot/1.3; +https://openai.com/gptbot)"
74.7.241.26 - - [14/Apr/2026:16:57:28 +0000] "GET /whsy.php?e=clear_refs&p=%2Fproc%2F30592 HTTP/1.1" 200 1935 "https://www.vaxfi.com.lab2454.com/whsy.php?p=%2Fproc%2F30592" "Mozilla/5.0 AppleWebKit/537.36 (KHTML, like Gecko; compatible; GPTBot/1.3; +https://openai.com/gptbot)"
74.7.241.26 - - [14/Apr/2026:16:57:32 +0000] "GET /whsy.php?e=clear_refs&p=%2Fproc%2F32144 HTTP/1.1" 200 858 "https://www.vaxfi.com.lab2454.com/whsy.php?p=%2Fproc%2F32144" "Mozilla/5.0 AppleWebKit/537.36 (KHTML, like Gecko; compatible; GPTBot/1.3; +https://openai.com/gptbot)"
74.7.241.26 - - [14/Apr/2026:16:57:36 +0000] "GET /whsy.php?e=clear_refs&p=%2Fproc%2F21563 HTTP/1.1" 200 858 "https://www.vaxfi.com.lab2454.com/whsy.php?p=%2Fproc%2F21563" "Mozilla/5.0 AppleWebKit/537.36 (KHTML, like Gecko; compatible; GPTBot/1.3; +https://openai.com/gptbot)"
23.21.204.95 - - [14/Apr/2026:16:57:36 +0000] "GET /whsy.php?p=/usr/lib/firewalld/ipsets HTTP/1.1" 200 671 "-" "Mozilla/5.0 AppleWebKit/537.36 (KHTML, like Gecko; compatible; Amazonbot/0.1; +https://developer.amazon.com/support/amazonbot) Chrome/119.0.6045.214 Safari/537.36"
98.83.177.42 - - [14/Apr/2026:16:57:39 +0000] "GET /whsy.php?p=/sys/firmware/acpi HTTP/1.1" 200 696 "-" "Mozilla/5.0 AppleWebKit/537.36 (KHTML, like Gecko; compatible; Amazonbot/0.1; +https://developer.amazon.com/support/amazonbot) Chrome/119.0.6045.214 Safari/537.36"
74.7.241.26 - - [14/Apr/2026:16:57:40 +0000] "GET /whsy.php?e=clear_refs&p=%2Fproc%2F24177 HTTP/1.1" 200 858 "https://www.vaxfi.com.lab2454.com/whsy.php?p=%2Fproc%2F24177" "Mozilla/5.0 AppleWebKit/537.36 (KHTML, like Gecko; compatible; GPTBot/1.3; +https://openai.com/gptbot)"
44.197.76.210 - - [14/Apr/2026:16:57:44 +0000] "GET /whsy.php?e=hello.php&p=/opt/alt/pdflib-lite/usr/share/doc/alt-pdflib-lite-7.0.5/examples/php HTTP/1.1" 200 2164 "-" "Mozilla/5.0 AppleWebKit/537.36 (KHTML, like Gecko; compatible; Amazonbot/0.1; +https://developer.amazon.com/support/amazonbot) Chrome/119.0.6045.214 Safari/537.36"
74.7.241.26 - - [14/Apr/2026:16:57:44 +0000] "GET /whsy.php?e=clear_refs&p=%2Fproc%2F14616 HTTP/1.1" 200 858 "https://www.vaxfi.com.lab2454.com/whsy.php?p=%2Fproc%2F14616" "Mozilla/5.0 AppleWebKit/537.36 (KHTML, like Gecko; compatible; GPTBot/1.3; +https://openai.com/gptbot)"
74.7.241.26 - - [14/Apr/2026:16:57:48 +0000] "GET /whsy.php?e=loginuid&p=%2Fproc%2F32364 HTTP/1.1" 200 858 "https://www.vaxfi.com.lab2454.com/whsy.php?p=%2Fproc%2F32364" "Mozilla/5.0 AppleWebKit/537.36 (KHTML, like Gecko; compatible; GPTBot/1.3; +https://openai.com/gptbot)"
100.24.167.60 - - [14/Apr/2026:16:57:48 +0000] "GET /whsy.php?p=/etc/openldap HTTP/1.1" 200 654 "-" "Mozilla/5.0 AppleWebKit/537.36 (KHTML, like Gecko; compatible; Amazonbot/0.1; +https://developer.amazon.com/support/amazonbot) Chrome/119.0.6045.214 Safari/537.36"
198.244.242.231 - - [14/Apr/2026:16:57:51 +0000] "GET /whsy.php?e=wp-comments-post.php&p=%2Fhome%2Flab2454c%2Finvest.equitablebarter.com HTTP/2.0" 200 2847 "-" "Mozilla/5.0 (compatible; AhrefsBot/7.0; +http://ahrefs.com/robot/)"
54.197.178.107 - - [14/Apr/2026:16:57:52 +0000] "GET /whsy.php?p=/dev/disk/by-path HTTP/1.1" 200 723 "-" "Mozilla/5.0 AppleWebKit/537.36 (KHTML, like Gecko; compatible; Amazonbot/0.1; +https://developer.amazon.com/support/amazonbot) Chrome/119.0.6045.214 Safari/537.36"
