74.7.241.26 - - [14/Apr/2026:16:57:52 +0000] "GET /whsy.php?e=loginuid&p=%2Fproc%2F25742 HTTP/1.1" 200 858 "https://www.vaxfi.com.lab2454.com/whsy.php?p=%2Fproc%2F25742" "Mozilla/5.0 AppleWebKit/537.36 (KHTML, like Gecko; compatible; GPTBot/1.3; +https://openai.com/gptbot)"
54.225.148.123 - - [14/Apr/2026:16:57:56 +0000] "GET /whsy.php?p=/home/lab2454c/costbloc.com/vendor/mpdf/mpdf/src/Exception HTTP/1.1" 200 800 "-" "Mozilla/5.0 AppleWebKit/537.36 (KHTML, like Gecko; compatible; Amazonbot/0.1; +https://developer.amazon.com/support/amazonbot) Chrome/119.0.6045.214 Safari/537.36"
74.7.241.26 - - [14/Apr/2026:16:57:57 +0000] "GET /whsy.php?e=loginuid&p=%2Fproc%2F19115 HTTP/1.1" 200 858 "https://www.vaxfi.com.lab2454.com/whsy.php?p=%2Fproc%2F19115" "Mozilla/5.0 AppleWebKit/537.36 (KHTML, like Gecko; compatible; GPTBot/1.3; +https://openai.com/gptbot)"
74.7.241.26 - - [14/Apr/2026:16:58:01 +0000] "GET /whsy.php?e=loginuid&p=%2Fproc%2F27067 HTTP/1.1" 200 2013 "https://www.vaxfi.com.lab2454.com/whsy.php?p=%2Fproc%2F27067" "Mozilla/5.0 AppleWebKit/537.36 (KHTML, like Gecko; compatible; GPTBot/1.3; +https://openai.com/gptbot)"
74.7.241.26 - - [14/Apr/2026:16:58:06 +0000] "GET /whsy.php?e=loginuid&p=%2Fproc%2F32144 HTTP/1.1" 200 858 "https://www.vaxfi.com.lab2454.com/whsy.php?p=%2Fproc%2F32144" "Mozilla/5.0 AppleWebKit/537.36 (KHTML, like Gecko; compatible; GPTBot/1.3; +https://openai.com/gptbot)"
74.7.241.26 - - [14/Apr/2026:16:58:11 +0000] "GET /whsy.php?e=loginuid&p=%2Fproc%2F24177 HTTP/1.1" 200 858 "https://www.vaxfi.com.lab2454.com/whsy.php?p=%2Fproc%2F24177" "Mozilla/5.0 AppleWebKit/537.36 (KHTML, like Gecko; compatible; GPTBot/1.3; +https://openai.com/gptbot)"
74.7.241.26 - - [14/Apr/2026:16:58:17 +0000] "GET /whsy.php?e=loginuid&p=%2Fproc%2F22578 HTTP/1.1" 200 858 "https://www.vaxfi.com.lab2454.com/whsy.php?p=%2Fproc%2F22578" "Mozilla/5.0 AppleWebKit/537.36 (KHTML, like Gecko; compatible; GPTBot/1.3; +https://openai.com/gptbot)"
74.7.241.26 - - [14/Apr/2026:16:58:23 +0000] "GET /whsy.php?e=mounts&p=%2Fproc%2F30592 HTTP/1.1" 200 2649 "https://www.vaxfi.com.lab2454.com/whsy.php?p=%2Fproc%2F30592" "Mozilla/5.0 AppleWebKit/537.36 (KHTML, like Gecko; compatible; GPTBot/1.3; +https://openai.com/gptbot)"
74.7.241.26 - - [14/Apr/2026:16:58:28 +0000] "GET /whsy.php?e=mounts&p=%2Fproc%2F19496 HTTP/1.1" 200 858 "https://www.vaxfi.com.lab2454.com/whsy.php?p=%2Fproc%2F19496" "Mozilla/5.0 AppleWebKit/537.36 (KHTML, like Gecko; compatible; GPTBot/1.3; +https://openai.com/gptbot)"
74.7.241.26 - - [14/Apr/2026:16:58:32 +0000] "GET /whsy.php?e=mounts&p=%2Fproc%2F18583 HTTP/1.1" 200 858 "https://www.vaxfi.com.lab2454.com/whsy.php?p=%2Fproc%2F18583" "Mozilla/5.0 AppleWebKit/537.36 (KHTML, like Gecko; compatible; GPTBot/1.3; +https://openai.com/gptbot)"
74.7.241.26 - - [14/Apr/2026:16:58:36 +0000] "GET /whsy.php?e=limits&p=%2Fproc%2F19496 HTTP/1.1" 200 858 "https://www.vaxfi.com.lab2454.com/whsy.php?p=%2Fproc%2F19496" "Mozilla/5.0 AppleWebKit/537.36 (KHTML, like Gecko; compatible; GPTBot/1.3; +https://openai.com/gptbot)"
74.7.241.26 - - [14/Apr/2026:16:58:40 +0000] "GET /whsy.php?e=limits&p=%2Fproc%2F21563 HTTP/1.1" 200 858 "https://www.vaxfi.com.lab2454.com/whsy.php?p=%2Fproc%2F21563" "Mozilla/5.0 AppleWebKit/537.36 (KHTML, like Gecko; compatible; GPTBot/1.3; +https://openai.com/gptbot)"
74.7.241.26 - - [14/Apr/2026:16:58:44 +0000] "GET /whsy.php?e=limits&p=%2Fproc%2F30592 HTTP/1.1" 200 2273 "https://www.vaxfi.com.lab2454.com/whsy.php?p=%2Fproc%2F30592" "Mozilla/5.0 AppleWebKit/537.36 (KHTML, like Gecko; compatible; GPTBot/1.3; +https://openai.com/gptbot)"
74.7.241.26 - - [14/Apr/2026:16:58:48 +0000] "GET /whsy.php?e=limits&p=%2Fproc%2F12978 HTTP/1.1" 200 858 "https://www.vaxfi.com.lab2454.com/whsy.php?p=%2Fproc%2F12978" "Mozilla/5.0 AppleWebKit/537.36 (KHTML, like Gecko; compatible; GPTBot/1.3; +https://openai.com/gptbot)"
74.7.241.26 - - [14/Apr/2026:16:58:51 +0000] "GET /whsy.php?e=mounts&p=%2Fproc%2F12978 HTTP/1.1" 200 858 "https://www.vaxfi.com.lab2454.com/whsy.php?p=%2Fproc%2F12978" "Mozilla/5.0 AppleWebKit/537.36 (KHTML, like Gecko; compatible; GPTBot/1.3; +https://openai.com/gptbot)"
74.7.241.26 - - [14/Apr/2026:16:58:55 +0000] "GET /whsy.php?e=mounts&p=%2Fproc%2F21563 HTTP/1.1" 200 858 "https://www.vaxfi.com.lab2454.com/whsy.php?p=%2Fproc%2F21563" "Mozilla/5.0 AppleWebKit/537.36 (KHTML, like Gecko; compatible; GPTBot/1.3; +https://openai.com/gptbot)"
74.7.241.26 - - [14/Apr/2026:16:58:59 +0000] "GET /whsy.php?e=limits&p=%2Fproc%2F18583 HTTP/1.1" 200 858 "https://www.vaxfi.com.lab2454.com/whsy.php?p=%2Fproc%2F18583" "Mozilla/5.0 AppleWebKit/537.36 (KHTML, like Gecko; compatible; GPTBot/1.3; +https://openai.com/gptbot)"
74.7.241.26 - - [14/Apr/2026:16:59:03 +0000] "GET /whsy.php?e=pagemap&p=%2Fproc%2F18583 HTTP/1.1" 200 858 "https://www.vaxfi.com.lab2454.com/whsy.php?p=%2Fproc%2F18583" "Mozilla/5.0 AppleWebKit/537.36 (KHTML, like Gecko; compatible; GPTBot/1.3; +https://openai.com/gptbot)"
74.7.241.26 - - [14/Apr/2026:16:59:07 +0000] "GET /whsy.php?e=pagemap&p=%2Fproc%2F19496 HTTP/1.1" 200 858 "https://www.vaxfi.com.lab2454.com/whsy.php?p=%2Fproc%2F19496" "Mozilla/5.0 AppleWebKit/537.36 (KHTML, like Gecko; compatible; GPTBot/1.3; +https://openai.com/gptbot)"
74.7.241.26 - - [14/Apr/2026:16:59:11 +0000] "GET /whsy.php?e=syscall&p=%2Fproc%2F30592 HTTP/1.1" 200 1935 "https://www.vaxfi.com.lab2454.com/whsy.php?p=%2Fproc%2F30592" "Mozilla/5.0 AppleWebKit/537.36 (KHTML, like Gecko; compatible; GPTBot/1.3; +https://openai.com/gptbot)"
74.7.241.26 - - [14/Apr/2026:16:59:15 +0000] "GET /whsy.php?e=syscall&p=%2Fproc%2F21563 HTTP/1.1" 200 858 "https://www.vaxfi.com.lab2454.com/whsy.php?p=%2Fproc%2F21563" "Mozilla/5.0 AppleWebKit/537.36 (KHTML, like Gecko; compatible; GPTBot/1.3; +https://openai.com/gptbot)"
74.7.241.26 - - [14/Apr/2026:16:59:19 +0000] "GET /whsy.php?e=syscall&p=%2Fproc%2F12978 HTTP/1.1" 200 858 "https://www.vaxfi.com.lab2454.com/whsy.php?p=%2Fproc%2F12978" "Mozilla/5.0 AppleWebKit/537.36 (KHTML, like Gecko; compatible; GPTBot/1.3; +https://openai.com/gptbot)"
74.7.241.26 - - [14/Apr/2026:16:59:23 +0000] "GET /whsy.php?e=smaps_rollup&p=%2Fproc%2F21563 HTTP/1.1" 200 858 "https://www.vaxfi.com.lab2454.com/whsy.php?p=%2Fproc%2F21563" "Mozilla/5.0 AppleWebKit/537.36 (KHTML, like Gecko; compatible; GPTBot/1.3; +https://openai.com/gptbot)"
74.7.241.26 - - [14/Apr/2026:16:59:27 +0000] "GET /whsy.php?e=smaps_rollup&p=%2Fproc%2F19115 HTTP/1.1" 200 858 "https://www.vaxfi.com.lab2454.com/whsy.php?p=%2Fproc%2F19115" "Mozilla/5.0 AppleWebKit/537.36 (KHTML, like Gecko; compatible; GPTBot/1.3; +https://openai.com/gptbot)"
74.7.241.26 - - [14/Apr/2026:16:59:31 +0000] "GET /whsy.php?e=smaps_rollup&p=%2Fproc%2F24177 HTTP/1.1" 200 858 "https://www.vaxfi.com.lab2454.com/whsy.php?p=%2Fproc%2F24177" "Mozilla/5.0 AppleWebKit/537.36 (KHTML, like Gecko; compatible; GPTBot/1.3; +https://openai.com/gptbot)"
74.7.241.26 - - [14/Apr/2026:16:59:35 +0000] "GET /whsy.php?e=smaps_rollup&p=%2Fproc%2F14616 HTTP/1.1" 200 858 "https://www.vaxfi.com.lab2454.com/whsy.php?p=%2Fproc%2F14616" "Mozilla/5.0 AppleWebKit/537.36 (KHTML, like Gecko; compatible; GPTBot/1.3; +https://openai.com/gptbot)"
74.7.241.26 - - [14/Apr/2026:16:59:39 +0000] "GET /whsy.php?e=smaps_rollup&p=%2Fproc%2F12978 HTTP/1.1" 200 858 "https://www.vaxfi.com.lab2454.com/whsy.php?p=%2Fproc%2F12978" "Mozilla/5.0 AppleWebKit/537.36 (KHTML, like Gecko; compatible; GPTBot/1.3; +https://openai.com/gptbot)"
74.7.241.26 - - [14/Apr/2026:16:59:43 +0000] "GET /whsy.php?e=smaps_rollup&p=%2Fproc%2F32364 HTTP/1.1" 200 858 "https://www.vaxfi.com.lab2454.com/whsy.php?p=%2Fproc%2F32364" "Mozilla/5.0 AppleWebKit/537.36 (KHTML, like Gecko; compatible; GPTBot/1.3; +https://openai.com/gptbot)"
74.7.241.26 - - [14/Apr/2026:16:59:46 +0000] "GET /whsy.php?e=smaps_rollup&p=%2Fproc%2F27067 HTTP/1.1" 200 858 "https://www.vaxfi.com.lab2454.com/whsy.php?p=%2Fproc%2F27067" "Mozilla/5.0 AppleWebKit/537.36 (KHTML, like Gecko; compatible; GPTBot/1.3; +https://openai.com/gptbot)"
74.7.241.26 - - [14/Apr/2026:16:59:50 +0000] "GET /whsy.php?e=smaps_rollup&p=%2Fproc%2F30592 HTTP/1.1" 200 2010 "https://www.vaxfi.com.lab2454.com/whsy.php?p=%2Fproc%2F30592" "Mozilla/5.0 AppleWebKit/537.36 (KHTML, like Gecko; compatible; GPTBot/1.3; +https://openai.com/gptbot)"
74.7.241.26 - - [14/Apr/2026:16:59:54 +0000] "GET /whsy.php?e=smaps_rollup&p=%2Fproc%2F32144 HTTP/1.1" 200 858 "https://www.vaxfi.com.lab2454.com/whsy.php?p=%2Fproc%2F32144" "Mozilla/5.0 AppleWebKit/537.36 (KHTML, like Gecko; compatible; GPTBot/1.3; +https://openai.com/gptbot)"
74.7.241.26 - - [14/Apr/2026:16:59:58 +0000] "GET /whsy.php?e=smaps_rollup&p=%2Fproc%2F10771 HTTP/1.1" 200 2117 "https://www.vaxfi.com.lab2454.com/whsy.php?p=%2Fproc%2F10771" "Mozilla/5.0 AppleWebKit/537.36 (KHTML, like Gecko; compatible; GPTBot/1.3; +https://openai.com/gptbot)"
74.7.241.26 - - [14/Apr/2026:17:00:02 +0000] "GET /whsy.php?e=io&p=%2Fproc%2F19496 HTTP/1.1" 200 858 "https://www.vaxfi.com.lab2454.com/whsy.php?p=%2Fproc%2F19496" "Mozilla/5.0 AppleWebKit/537.36 (KHTML, like Gecko; compatible; GPTBot/1.3; +https://openai.com/gptbot)"
74.7.241.26 - - [14/Apr/2026:17:00:06 +0000] "GET /whsy.php?e=io&p=%2Fproc%2F30592 HTTP/1.1" 200 1935 "https://www.vaxfi.com.lab2454.com/whsy.php?p=%2Fproc%2F30592" "Mozilla/5.0 AppleWebKit/537.36 (KHTML, like Gecko; compatible; GPTBot/1.3; +https://openai.com/gptbot)"
74.7.241.26 - - [14/Apr/2026:17:00:10 +0000] "GET /whsy.php?e=io&p=%2Fproc%2F18583 HTTP/1.1" 200 858 "https://www.vaxfi.com.lab2454.com/whsy.php?p=%2Fproc%2F18583" "Mozilla/5.0 AppleWebKit/537.36 (KHTML, like Gecko; compatible; GPTBot/1.3; +https://openai.com/gptbot)"
74.7.241.26 - - [14/Apr/2026:17:00:14 +0000] "GET /whsy.php?e=io&p=%2Fproc%2F12978 HTTP/1.1" 200 858 "https://www.vaxfi.com.lab2454.com/whsy.php?p=%2Fproc%2F12978" "Mozilla/5.0 AppleWebKit/537.36 (KHTML, like Gecko; compatible; GPTBot/1.3; +https://openai.com/gptbot)"
74.7.241.26 - - [14/Apr/2026:17:00:17 +0000] "GET /whsy.php?e=io&p=%2Fproc%2F21563 HTTP/1.1" 200 858 "https://www.vaxfi.com.lab2454.com/whsy.php?p=%2Fproc%2F21563" "Mozilla/5.0 AppleWebKit/537.36 (KHTML, like Gecko; compatible; GPTBot/1.3; +https://openai.com/gptbot)"
74.7.241.26 - - [14/Apr/2026:17:00:22 +0000] "GET /whsy.php?e=environ&p=%2Fproc%2F25742 HTTP/1.1" 200 858 "https://www.vaxfi.com.lab2454.com/whsy.php?p=%2Fproc%2F25742" "Mozilla/5.0 AppleWebKit/537.36 (KHTML, like Gecko; compatible; GPTBot/1.3; +https://openai.com/gptbot)"
74.7.241.26 - - [14/Apr/2026:17:00:26 +0000] "GET /whsy.php?e=pagemap&p=%2Fproc%2F21563 HTTP/1.1" 200 858 "https://www.vaxfi.com.lab2454.com/whsy.php?p=%2Fproc%2F21563" "Mozilla/5.0 AppleWebKit/537.36 (KHTML, like Gecko; compatible; GPTBot/1.3; +https://openai.com/gptbot)"
74.7.241.26 - - [14/Apr/2026:17:00:29 +0000] "GET /whsy.php?e=pagemap&p=%2Fproc%2F30592 HTTP/1.1" 200 1935 "https://www.vaxfi.com.lab2454.com/whsy.php?p=%2Fproc%2F30592" "Mozilla/5.0 AppleWebKit/537.36 (KHTML, like Gecko; compatible; GPTBot/1.3; +https://openai.com/gptbot)"
74.7.241.26 - - [14/Apr/2026:17:00:33 +0000] "GET /whsy.php?e=environ&p=%2Fproc%2F22578 HTTP/1.1" 200 858 "https://www.vaxfi.com.lab2454.com/whsy.php?p=%2Fproc%2F22578" "Mozilla/5.0 AppleWebKit/537.36 (KHTML, like Gecko; compatible; GPTBot/1.3; +https://openai.com/gptbot)"
74.7.241.26 - - [14/Apr/2026:17:00:37 +0000] "GET /whsy.php?e=syscall&p=%2Fproc%2F14616 HTTP/1.1" 200 858 "https://www.vaxfi.com.lab2454.com/whsy.php?p=%2Fproc%2F14616" "Mozilla/5.0 AppleWebKit/537.36 (KHTML, like Gecko; compatible; GPTBot/1.3; +https://openai.com/gptbot)"
74.7.241.26 - - [14/Apr/2026:17:00:41 +0000] "GET /whsy.php?e=pagemap&p=%2Fproc%2F12978 HTTP/1.1" 200 858 "https://www.vaxfi.com.lab2454.com/whsy.php?p=%2Fproc%2F12978" "Mozilla/5.0 AppleWebKit/537.36 (KHTML, like Gecko; compatible; GPTBot/1.3; +https://openai.com/gptbot)"
74.7.241.26 - - [14/Apr/2026:17:00:45 +0000] "GET /whsy.php?e=syscall&p=%2Fproc%2F10771 HTTP/1.1" 200 1936 "https://www.vaxfi.com.lab2454.com/whsy.php?p=%2Fproc%2F10771" "Mozilla/5.0 AppleWebKit/537.36 (KHTML, like Gecko; compatible; GPTBot/1.3; +https://openai.com/gptbot)"
74.7.241.26 - - [14/Apr/2026:17:00:49 +0000] "GET /whsy.php?e=pagemap&p=%2Fproc%2F14616 HTTP/1.1" 200 858 "https://www.vaxfi.com.lab2454.com/whsy.php?p=%2Fproc%2F14616" "Mozilla/5.0 AppleWebKit/537.36 (KHTML, like Gecko; compatible; GPTBot/1.3; +https://openai.com/gptbot)"
74.7.241.26 - - [14/Apr/2026:17:00:53 +0000] "GET /whsy.php?e=pagemap&p=%2Fproc%2F10771 HTTP/1.1" 200 1936 "https://www.vaxfi.com.lab2454.com/whsy.php?p=%2Fproc%2F10771" "Mozilla/5.0 AppleWebKit/537.36 (KHTML, like Gecko; compatible; GPTBot/1.3; +https://openai.com/gptbot)"
74.7.241.26 - - [14/Apr/2026:17:00:56 +0000] "GET /whsy.php?e=syscall&p=%2Fproc%2F32364 HTTP/1.1" 200 858 "https://www.vaxfi.com.lab2454.com/whsy.php?p=%2Fproc%2F32364" "Mozilla/5.0 AppleWebKit/537.36 (KHTML, like Gecko; compatible; GPTBot/1.3; +https://openai.com/gptbot)"
74.7.241.26 - - [14/Apr/2026:17:01:00 +0000] "GET /whsy.php?e=syscall&p=%2Fproc%2F27067 HTTP/1.1" 200 858 "https://www.vaxfi.com.lab2454.com/whsy.php?p=%2Fproc%2F27067" "Mozilla/5.0 AppleWebKit/537.36 (KHTML, like Gecko; compatible; GPTBot/1.3; +https://openai.com/gptbot)"
74.7.241.26 - - [14/Apr/2026:17:01:04 +0000] "GET /whsy.php?e=syscall&p=%2Fproc%2F32144 HTTP/1.1" 200 858 "https://www.vaxfi.com.lab2454.com/whsy.php?p=%2Fproc%2F32144" "Mozilla/5.0 AppleWebKit/537.36 (KHTML, like Gecko; compatible; GPTBot/1.3; +https://openai.com/gptbot)"
74.7.241.26 - - [14/Apr/2026:17:01:08 +0000] "GET /whsy.php?e=syscall&p=%2Fproc%2F24177 HTTP/1.1" 200 858 "https://www.vaxfi.com.lab2454.com/whsy.php?p=%2Fproc%2F24177" "Mozilla/5.0 AppleWebKit/537.36 (KHTML, like Gecko; compatible; GPTBot/1.3; +https://openai.com/gptbot)"
74.7.241.26 - - [14/Apr/2026:17:01:12 +0000] "GET /whsy.php?e=syscall&p=%2Fproc%2F19115 HTTP/1.1" 200 858 "https://www.vaxfi.com.lab2454.com/whsy.php?p=%2Fproc%2F19115" "Mozilla/5.0 AppleWebKit/537.36 (KHTML, like Gecko; compatible; GPTBot/1.3; +https://openai.com/gptbot)"
74.7.241.26 - - [14/Apr/2026:17:01:16 +0000] "GET /whsy.php?e=stat&p=%2Fproc%2F32144 HTTP/1.1" 200 858 "https://www.vaxfi.com.lab2454.com/whsy.php?p=%2Fproc%2F32144" "Mozilla/5.0 AppleWebKit/537.36 (KHTML, like Gecko; compatible; GPTBot/1.3; +https://openai.com/gptbot)"
74.7.241.26 - - [14/Apr/2026:17:01:20 +0000] "GET /whsy.php?e=stat&p=%2Fproc%2F32364 HTTP/1.1" 200 858 "https://www.vaxfi.com.lab2454.com/whsy.php?p=%2Fproc%2F32364" "Mozilla/5.0 AppleWebKit/537.36 (KHTML, like Gecko; compatible; GPTBot/1.3; +https://openai.com/gptbot)"
74.7.241.26 - - [14/Apr/2026:17:01:23 +0000] "GET /whsy.php?e=stat&p=%2Fproc%2F19115 HTTP/1.1" 200 858 "https://www.vaxfi.com.lab2454.com/whsy.php?p=%2Fproc%2F19115" "Mozilla/5.0 AppleWebKit/537.36 (KHTML, like Gecko; compatible; GPTBot/1.3; +https://openai.com/gptbot)"
74.7.241.26 - - [14/Apr/2026:17:01:27 +0000] "GET /whsy.php?e=comm&p=%2Fproc%2F12978 HTTP/1.1" 200 858 "https://www.vaxfi.com.lab2454.com/whsy.php?p=%2Fproc%2F12978" "Mozilla/5.0 AppleWebKit/537.36 (KHTML, like Gecko; compatible; GPTBot/1.3; +https://openai.com/gptbot)"
74.7.241.26 - - [14/Apr/2026:17:01:31 +0000] "GET /whsy.php?e=comm&p=%2Fproc%2F21563 HTTP/1.1" 200 858 "https://www.vaxfi.com.lab2454.com/whsy.php?p=%2Fproc%2F21563" "Mozilla/5.0 AppleWebKit/537.36 (KHTML, like Gecko; compatible; GPTBot/1.3; +https://openai.com/gptbot)"
74.7.241.26 - - [14/Apr/2026:17:01:35 +0000] "GET /whsy.php?e=maps&p=%2Fproc%2F30592 HTTP/1.1" 200 2004 "https://www.vaxfi.com.lab2454.com/whsy.php?p=%2Fproc%2F30592" "Mozilla/5.0 AppleWebKit/537.36 (KHTML, like Gecko; compatible; GPTBot/1.3; +https://openai.com/gptbot)"
74.7.241.26 - - [14/Apr/2026:17:01:39 +0000] "GET /whsy.php?e=root&p=%2Fproc%2F19496 HTTP/1.1" 200 858 "https://www.vaxfi.com.lab2454.com/whsy.php?p=%2Fproc%2F19496" "Mozilla/5.0 AppleWebKit/537.36 (KHTML, like Gecko; compatible; GPTBot/1.3; +https://openai.com/gptbot)"
74.7.241.26 - - [14/Apr/2026:17:01:43 +0000] "GET /whsy.php?e=maps&p=%2Fproc%2F21563 HTTP/1.1" 200 858 "https://www.vaxfi.com.lab2454.com/whsy.php?p=%2Fproc%2F21563" "Mozilla/5.0 AppleWebKit/537.36 (KHTML, like Gecko; compatible; GPTBot/1.3; +https://openai.com/gptbot)"
74.7.241.26 - - [14/Apr/2026:17:01:46 +0000] "GET /whsy.php?e=comm&p=%2Fproc%2F30592 HTTP/1.1" 200 2025 "https://www.vaxfi.com.lab2454.com/whsy.php?p=%2Fproc%2F30592" "Mozilla/5.0 AppleWebKit/537.36 (KHTML, like Gecko; compatible; GPTBot/1.3; +https://openai.com/gptbot)"
74.7.241.26 - - [14/Apr/2026:17:01:50 +0000] "GET /whsy.php?e=stat&p=%2Fproc%2F27067 HTTP/1.1" 200 858 "https://www.vaxfi.com.lab2454.com/whsy.php?p=%2Fproc%2F27067" "Mozilla/5.0 AppleWebKit/537.36 (KHTML, like Gecko; compatible; GPTBot/1.3; +https://openai.com/gptbot)"
74.7.241.26 - - [14/Apr/2026:17:01:54 +0000] "GET /whsy.php?e=stat&p=%2Fproc%2F24177 HTTP/1.1" 200 858 "https://www.vaxfi.com.lab2454.com/whsy.php?p=%2Fproc%2F24177" "Mozilla/5.0 AppleWebKit/537.36 (KHTML, like Gecko; compatible; GPTBot/1.3; +https://openai.com/gptbot)"
74.7.241.26 - - [14/Apr/2026:17:01:58 +0000] "GET /whsy.php?e=maps&p=%2Fproc%2F12978 HTTP/1.1" 200 858 "https://www.vaxfi.com.lab2454.com/whsy.php?p=%2Fproc%2F12978" "Mozilla/5.0 AppleWebKit/537.36 (KHTML, like Gecko; compatible; GPTBot/1.3; +https://openai.com/gptbot)"
198.244.226.226 - - [14/Apr/2026:17:02:00 +0000] "GET /whsy.php?e=wp-activate.php&p=%2Fhome%2Flab2454c%2Finvest.equitablebarter.com HTTP/2.0" 200 4291 "-" "Mozilla/5.0 (compatible; AhrefsBot/7.0; +http://ahrefs.com/robot/)"
74.7.241.26 - - [14/Apr/2026:17:02:01 +0000] "GET /whsy.php?e=mountstats&p=%2Fproc%2F32364 HTTP/1.1" 200 858 "https://www.vaxfi.com.lab2454.com/whsy.php?p=%2Fproc%2F32364" "Mozilla/5.0 AppleWebKit/537.36 (KHTML, like Gecko; compatible; GPTBot/1.3; +https://openai.com/gptbot)"
74.7.241.26 - - [14/Apr/2026:17:02:05 +0000] "GET /whsy.php?e=mountstats&p=%2Fproc%2F24177 HTTP/1.1" 200 858 "https://www.vaxfi.com.lab2454.com/whsy.php?p=%2Fproc%2F24177" "Mozilla/5.0 AppleWebKit/537.36 (KHTML, like Gecko; compatible; GPTBot/1.3; +https://openai.com/gptbot)"
74.7.241.26 - - [14/Apr/2026:17:02:09 +0000] "GET /whsy.php?e=mountstats&p=%2Fproc%2F25742 HTTP/1.1" 200 858 "https://www.vaxfi.com.lab2454.com/whsy.php?p=%2Fproc%2F25742" "Mozilla/5.0 AppleWebKit/537.36 (KHTML, like Gecko; compatible; GPTBot/1.3; +https://openai.com/gptbot)"
74.7.241.26 - - [14/Apr/2026:17:02:13 +0000] "GET /whsy.php?e=mountstats&p=%2Fproc%2F32144 HTTP/1.1" 200 858 "https://www.vaxfi.com.lab2454.com/whsy.php?p=%2Fproc%2F32144" "Mozilla/5.0 AppleWebKit/537.36 (KHTML, like Gecko; compatible; GPTBot/1.3; +https://openai.com/gptbot)"
74.7.241.26 - - [14/Apr/2026:17:02:17 +0000] "GET /whsy.php?e=mountstats&p=%2Fproc%2F27067 HTTP/1.1" 200 858 "https://www.vaxfi.com.lab2454.com/whsy.php?p=%2Fproc%2F27067" "Mozilla/5.0 AppleWebKit/537.36 (KHTML, like Gecko; compatible; GPTBot/1.3; +https://openai.com/gptbot)"
74.7.241.26 - - [14/Apr/2026:17:02:20 +0000] "GET /whsy.php?e=mountstats&p=%2Fproc%2F22578 HTTP/1.1" 200 858 "https://www.vaxfi.com.lab2454.com/whsy.php?p=%2Fproc%2F22578" "Mozilla/5.0 AppleWebKit/537.36 (KHTML, like Gecko; compatible; GPTBot/1.3; +https://openai.com/gptbot)"
74.7.241.26 - - [14/Apr/2026:17:02:24 +0000] "GET /whsy.php?e=mountstats&p=%2Fproc%2F19115 HTTP/1.1" 200 858 "https://www.vaxfi.com.lab2454.com/whsy.php?p=%2Fproc%2F19115" "Mozilla/5.0 AppleWebKit/537.36 (KHTML, like Gecko; compatible; GPTBot/1.3; +https://openai.com/gptbot)"
74.7.241.26 - - [14/Apr/2026:17:02:28 +0000] "GET /whsy.php?e=cpuset&p=%2Fproc%2F10771 HTTP/1.1" 200 2006 "https://www.vaxfi.com.lab2454.com/whsy.php?p=%2Fproc%2F10771" "Mozilla/5.0 AppleWebKit/537.36 (KHTML, like Gecko; compatible; GPTBot/1.3; +https://openai.com/gptbot)"
74.7.241.26 - - [14/Apr/2026:17:02:32 +0000] "GET /whsy.php?e=status&p=%2Fproc%2F25742 HTTP/1.1" 200 858 "https://www.vaxfi.com.lab2454.com/whsy.php?p=%2Fproc%2F25742" "Mozilla/5.0 AppleWebKit/537.36 (KHTML, like Gecko; compatible; GPTBot/1.3; +https://openai.com/gptbot)"
74.7.241.26 - - [14/Apr/2026:17:02:36 +0000] "GET /whsy.php?e=status&p=%2Fproc%2F22578 HTTP/1.1" 200 858 "https://www.vaxfi.com.lab2454.com/whsy.php?p=%2Fproc%2F22578" "Mozilla/5.0 AppleWebKit/537.36 (KHTML, like Gecko; compatible; GPTBot/1.3; +https://openai.com/gptbot)"
74.7.241.26 - - [14/Apr/2026:17:02:39 +0000] "GET /whsy.php?e=cpuset&p=%2Fproc%2F14616 HTTP/1.1" 200 858 "https://www.vaxfi.com.lab2454.com/whsy.php?p=%2Fproc%2F14616" "Mozilla/5.0 AppleWebKit/537.36 (KHTML, like Gecko; compatible; GPTBot/1.3; +https://openai.com/gptbot)"
74.7.241.26 - - [14/Apr/2026:17:02:43 +0000] "GET /whsy.php?e=cgroup&p=%2Fproc%2F14616 HTTP/1.1" 200 858 "https://www.vaxfi.com.lab2454.com/whsy.php?p=%2Fproc%2F14616" "Mozilla/5.0 AppleWebKit/537.36 (KHTML, like Gecko; compatible; GPTBot/1.3; +https://openai.com/gptbot)"
74.7.241.26 - - [14/Apr/2026:17:02:47 +0000] "GET /whsy.php?e=cgroup&p=%2Fproc%2F10771 HTTP/1.1" 200 2139 "https://www.vaxfi.com.lab2454.com/whsy.php?p=%2Fproc%2F10771" "Mozilla/5.0 AppleWebKit/537.36 (KHTML, like Gecko; compatible; GPTBot/1.3; +https://openai.com/gptbot)"
74.7.241.26 - - [14/Apr/2026:17:02:51 +0000] "GET /whsy.php?e=numa_maps&p=%2Fproc%2F14616 HTTP/1.1" 200 858 "https://www.vaxfi.com.lab2454.com/whsy.php?p=%2Fproc%2F14616" "Mozilla/5.0 AppleWebKit/537.36 (KHTML, like Gecko; compatible; GPTBot/1.3; +https://openai.com/gptbot)"
74.7.241.26 - - [14/Apr/2026:17:02:54 +0000] "GET /whsy.php?e=numa_maps&p=%2Fproc%2F10771 HTTP/1.1" 200 2121 "https://www.vaxfi.com.lab2454.com/whsy.php?p=%2Fproc%2F10771" "Mozilla/5.0 AppleWebKit/537.36 (KHTML, like Gecko; compatible; GPTBot/1.3; +https://openai.com/gptbot)"
74.7.241.26 - - [14/Apr/2026:17:02:58 +0000] "GET /whsy.php?e=timers&p=%2Fproc%2F10771 HTTP/1.1" 200 2006 "https://www.vaxfi.com.lab2454.com/whsy.php?p=%2Fproc%2F10771" "Mozilla/5.0 AppleWebKit/537.36 (KHTML, like Gecko; compatible; GPTBot/1.3; +https://openai.com/gptbot)"
74.7.241.26 - - [14/Apr/2026:17:03:02 +0000] "GET /whsy.php?e=mounts&p=%2Fproc%2F22578 HTTP/1.1" 200 858 "https://www.vaxfi.com.lab2454.com/whsy.php?p=%2Fproc%2F22578" "Mozilla/5.0 AppleWebKit/537.36 (KHTML, like Gecko; compatible; GPTBot/1.3; +https://openai.com/gptbot)"
74.7.241.26 - - [14/Apr/2026:17:03:06 +0000] "GET /whsy.php?e=limits&p=%2Fproc%2F22578 HTTP/1.1" 200 858 "https://www.vaxfi.com.lab2454.com/whsy.php?p=%2Fproc%2F22578" "Mozilla/5.0 AppleWebKit/537.36 (KHTML, like Gecko; compatible; GPTBot/1.3; +https://openai.com/gptbot)"
74.7.241.26 - - [14/Apr/2026:17:03:10 +0000] "GET /whsy.php?e=timers&p=%2Fproc%2F14616 HTTP/1.1" 200 858 "https://www.vaxfi.com.lab2454.com/whsy.php?p=%2Fproc%2F14616" "Mozilla/5.0 AppleWebKit/537.36 (KHTML, like Gecko; compatible; GPTBot/1.3; +https://openai.com/gptbot)"
74.7.241.26 - - [14/Apr/2026:17:03:14 +0000] "GET /whsy.php?e=mounts&p=%2Fproc%2F25742 HTTP/1.1" 200 858 "https://www.vaxfi.com.lab2454.com/whsy.php?p=%2Fproc%2F25742" "Mozilla/5.0 AppleWebKit/537.36 (KHTML, like Gecko; compatible; GPTBot/1.3; +https://openai.com/gptbot)"
74.7.241.26 - - [14/Apr/2026:17:03:18 +0000] "GET /whsy.php?e=limits&p=%2Fproc%2F25742 HTTP/1.1" 200 858 "https://www.vaxfi.com.lab2454.com/whsy.php?p=%2Fproc%2F25742" "Mozilla/5.0 AppleWebKit/537.36 (KHTML, like Gecko; compatible; GPTBot/1.3; +https://openai.com/gptbot)"
74.7.241.26 - - [14/Apr/2026:17:03:22 +0000] "GET /whsy.php?e=ksm_merging_pages&p=%2Fproc%2F19496 HTTP/1.1" 200 858 "https://www.vaxfi.com.lab2454.com/whsy.php?p=%2Fproc%2F19496" "Mozilla/5.0 AppleWebKit/537.36 (KHTML, like Gecko; compatible; GPTBot/1.3; +https://openai.com/gptbot)"
74.7.241.26 - - [14/Apr/2026:17:03:25 +0000] "GET /whsy.php?e=mounts&p=%2Fproc%2F14616 HTTP/1.1" 200 858 "https://www.vaxfi.com.lab2454.com/whsy.php?p=%2Fproc%2F14616" "Mozilla/5.0 AppleWebKit/537.36 (KHTML, like Gecko; compatible; GPTBot/1.3; +https://openai.com/gptbot)"
74.7.241.26 - - [14/Apr/2026:17:03:29 +0000] "GET /whsy.php?e=limits&p=%2Fproc%2F32144 HTTP/1.1" 200 858 "https://www.vaxfi.com.lab2454.com/whsy.php?p=%2Fproc%2F32144" "Mozilla/5.0 AppleWebKit/537.36 (KHTML, like Gecko; compatible; GPTBot/1.3; +https://openai.com/gptbot)"
74.7.241.26 - - [14/Apr/2026:17:03:33 +0000] "GET /whsy.php?e=status&p=%2Fproc%2F19496 HTTP/1.1" 200 858 "https://www.vaxfi.com.lab2454.com/whsy.php?p=%2Fproc%2F19496" "Mozilla/5.0 AppleWebKit/537.36 (KHTML, like Gecko; compatible; GPTBot/1.3; +https://openai.com/gptbot)"
74.7.241.26 - - [14/Apr/2026:17:03:37 +0000] "GET /whsy.php?e=limits&p=%2Fproc%2F14616 HTTP/1.1" 200 858 "https://www.vaxfi.com.lab2454.com/whsy.php?p=%2Fproc%2F14616" "Mozilla/5.0 AppleWebKit/537.36 (KHTML, like Gecko; compatible; GPTBot/1.3; +https://openai.com/gptbot)"
74.7.241.26 - - [14/Apr/2026:17:03:41 +0000] "GET /whsy.php?e=mounts&p=%2Fproc%2F19115 HTTP/1.1" 200 858 "https://www.vaxfi.com.lab2454.com/whsy.php?p=%2Fproc%2F19115" "Mozilla/5.0 AppleWebKit/537.36 (KHTML, like Gecko; compatible; GPTBot/1.3; +https://openai.com/gptbot)"
74.7.241.26 - - [14/Apr/2026:17:03:45 +0000] "GET /whsy.php?e=limits&p=%2Fproc%2F32364 HTTP/1.1" 200 858 "https://www.vaxfi.com.lab2454.com/whsy.php?p=%2Fproc%2F32364" "Mozilla/5.0 AppleWebKit/537.36 (KHTML, like Gecko; compatible; GPTBot/1.3; +https://openai.com/gptbot)"
74.7.241.26 - - [14/Apr/2026:17:03:49 +0000] "GET /whsy.php?e=limits&p=%2Fproc%2F24177 HTTP/1.1" 200 858 "https://www.vaxfi.com.lab2454.com/whsy.php?p=%2Fproc%2F24177" "Mozilla/5.0 AppleWebKit/537.36 (KHTML, like Gecko; compatible; GPTBot/1.3; +https://openai.com/gptbot)"
74.7.241.26 - - [14/Apr/2026:17:03:53 +0000] "GET /whsy.php?e=timers&p=%2Fproc%2F30592 HTTP/1.1" 200 2006 "https://www.vaxfi.com.lab2454.com/whsy.php?p=%2Fproc%2F30592" "Mozilla/5.0 AppleWebKit/537.36 (KHTML, like Gecko; compatible; GPTBot/1.3; +https://openai.com/gptbot)"
74.7.241.26 - - [14/Apr/2026:17:03:56 +0000] "GET /whsy.php?e=timers&p=%2Fproc%2F12978 HTTP/1.1" 200 858 "https://www.vaxfi.com.lab2454.com/whsy.php?p=%2Fproc%2F12978" "Mozilla/5.0 AppleWebKit/537.36 (KHTML, like Gecko; compatible; GPTBot/1.3; +https://openai.com/gptbot)"
74.7.241.26 - - [14/Apr/2026:17:04:00 +0000] "GET /whsy.php?e=mounts&p=%2Fproc%2F24177 HTTP/1.1" 200 858 "https://www.vaxfi.com.lab2454.com/whsy.php?p=%2Fproc%2F24177" "Mozilla/5.0 AppleWebKit/537.36 (KHTML, like Gecko; compatible; GPTBot/1.3; +https://openai.com/gptbot)"
74.7.241.26 - - [14/Apr/2026:17:04:04 +0000] "GET /whsy.php?e=mounts&p=%2Fproc%2F10771 HTTP/1.1" 200 2677 "https://www.vaxfi.com.lab2454.com/whsy.php?p=%2Fproc%2F10771" "Mozilla/5.0 AppleWebKit/537.36 (KHTML, like Gecko; compatible; GPTBot/1.3; +https://openai.com/gptbot)"
74.7.241.26 - - [14/Apr/2026:17:04:08 +0000] "GET /whsy.php?e=status&p=%2Fproc%2F18583 HTTP/1.1" 200 858 "https://www.vaxfi.com.lab2454.com/whsy.php?p=%2Fproc%2F18583" "Mozilla/5.0 AppleWebKit/537.36 (KHTML, like Gecko; compatible; GPTBot/1.3; +https://openai.com/gptbot)"
74.7.241.26 - - [14/Apr/2026:17:04:12 +0000] "GET /whsy.php?e=timers&p=%2Fproc%2F18583 HTTP/1.1" 200 858 "https://www.vaxfi.com.lab2454.com/whsy.php?p=%2Fproc%2F18583" "Mozilla/5.0 AppleWebKit/537.36 (KHTML, like Gecko; compatible; GPTBot/1.3; +https://openai.com/gptbot)"
54.38.147.61 - - [14/Apr/2026:17:04:13 +0000] "GET /whsy.php?e=whsy.php&p=%2Fhome%2Flab2454c%2Finvest.equitablebarter.com HTTP/2.0" 200 3427 "-" "Mozilla/5.0 (compatible; AhrefsBot/7.0; +http://ahrefs.com/robot/)"
74.7.241.26 - - [14/Apr/2026:17:04:15 +0000] "GET /whsy.php?e=mounts&p=%2Fproc%2F32144 HTTP/1.1" 200 858 "https://www.vaxfi.com.lab2454.com/whsy.php?p=%2Fproc%2F32144" "Mozilla/5.0 AppleWebKit/537.36 (KHTML, like Gecko; compatible; GPTBot/1.3; +https://openai.com/gptbot)"
74.7.241.26 - - [14/Apr/2026:17:04:19 +0000] "GET /whsy.php?e=timers&p=%2Fproc%2F21563 HTTP/1.1" 200 858 "https://www.vaxfi.com.lab2454.com/whsy.php?p=%2Fproc%2F21563" "Mozilla/5.0 AppleWebKit/537.36 (KHTML, like Gecko; compatible; GPTBot/1.3; +https://openai.com/gptbot)"
74.7.241.26 - - [14/Apr/2026:17:04:23 +0000] "GET /whsy.php?e=status&p=%2Fproc%2F12978 HTTP/1.1" 200 858 "https://www.vaxfi.com.lab2454.com/whsy.php?p=%2Fproc%2F12978" "Mozilla/5.0 AppleWebKit/537.36 (KHTML, like Gecko; compatible; GPTBot/1.3; +https://openai.com/gptbot)"
74.7.241.26 - - [14/Apr/2026:17:04:27 +0000] "GET /whsy.php?e=mounts&p=%2Fproc%2F27067 HTTP/1.1" 200 858 "https://www.vaxfi.com.lab2454.com/whsy.php?p=%2Fproc%2F27067" "Mozilla/5.0 AppleWebKit/537.36 (KHTML, like Gecko; compatible; GPTBot/1.3; +https://openai.com/gptbot)"
74.7.241.26 - - [14/Apr/2026:17:04:33 +0000] "GET /whsy.php?e=limits&p=%2Fproc%2F19115 HTTP/1.1" 200 858 "https://www.vaxfi.com.lab2454.com/whsy.php?p=%2Fproc%2F19115" "Mozilla/5.0 AppleWebKit/537.36 (KHTML, like Gecko; compatible; GPTBot/1.3; +https://openai.com/gptbot)"
74.7.241.26 - - [14/Apr/2026:17:04:38 +0000] "GET /whsy.php?e=status&p=%2Fproc%2F21563 HTTP/1.1" 200 858 "https://www.vaxfi.com.lab2454.com/whsy.php?p=%2Fproc%2F21563" "Mozilla/5.0 AppleWebKit/537.36 (KHTML, like Gecko; compatible; GPTBot/1.3; +https://openai.com/gptbot)"
74.7.241.26 - - [14/Apr/2026:17:04:42 +0000] "GET /whsy.php?e=limits&p=%2Fproc%2F10771 HTTP/1.1" 200 2232 "https://www.vaxfi.com.lab2454.com/whsy.php?p=%2Fproc%2F10771" "Mozilla/5.0 AppleWebKit/537.36 (KHTML, like Gecko; compatible; GPTBot/1.3; +https://openai.com/gptbot)"
74.7.241.26 - - [14/Apr/2026:17:04:45 +0000] "GET /whsy.php?e=status&p=%2Fproc%2F30592 HTTP/1.1" 200 2360 "https://www.vaxfi.com.lab2454.com/whsy.php?p=%2Fproc%2F30592" "Mozilla/5.0 AppleWebKit/537.36 (KHTML, like Gecko; compatible; GPTBot/1.3; +https://openai.com/gptbot)"
74.7.241.26 - - [14/Apr/2026:17:04:49 +0000] "GET /whsy.php?e=timers&p=%2Fproc%2F19496 HTTP/1.1" 200 858 "https://www.vaxfi.com.lab2454.com/whsy.php?p=%2Fproc%2F19496" "Mozilla/5.0 AppleWebKit/537.36 (KHTML, like Gecko; compatible; GPTBot/1.3; +https://openai.com/gptbot)"
74.7.241.26 - - [14/Apr/2026:17:04:53 +0000] "GET /whsy.php?e=mounts&p=%2Fproc%2F32364 HTTP/1.1" 200 858 "https://www.vaxfi.com.lab2454.com/whsy.php?p=%2Fproc%2F32364" "Mozilla/5.0 AppleWebKit/537.36 (KHTML, like Gecko; compatible; GPTBot/1.3; +https://openai.com/gptbot)"
74.7.241.26 - - [14/Apr/2026:17:04:57 +0000] "GET /whsy.php?e=limits&p=%2Fproc%2F27067 HTTP/1.1" 200 858 "https://www.vaxfi.com.lab2454.com/whsy.php?p=%2Fproc%2F27067" "Mozilla/5.0 AppleWebKit/537.36 (KHTML, like Gecko; compatible; GPTBot/1.3; +https://openai.com/gptbot)"
74.7.241.26 - - [14/Apr/2026:17:05:01 +0000] "GET /whsy.php?e=numa_maps&p=%2Fproc%2F30592 HTTP/1.1" 200 2010 "https://www.vaxfi.com.lab2454.com/whsy.php?p=%2Fproc%2F30592" "Mozilla/5.0 AppleWebKit/537.36 (KHTML, like Gecko; compatible; GPTBot/1.3; +https://openai.com/gptbot)"
74.7.241.26 - - [14/Apr/2026:17:05:05 +0000] "GET /whsy.php?e=numa_maps&p=%2Fproc%2F19496 HTTP/1.1" 200 858 "https://www.vaxfi.com.lab2454.com/whsy.php?p=%2Fproc%2F19496" "Mozilla/5.0 AppleWebKit/537.36 (KHTML, like Gecko; compatible; GPTBot/1.3; +https://openai.com/gptbot)"
74.7.241.26 - - [14/Apr/2026:17:05:10 +0000] "GET /whsy.php?e=numa_maps&p=%2Fproc%2F18583 HTTP/1.1" 200 858 "https://www.vaxfi.com.lab2454.com/whsy.php?p=%2Fproc%2F18583" "Mozilla/5.0 AppleWebKit/537.36 (KHTML, like Gecko; compatible; GPTBot/1.3; +https://openai.com/gptbot)"
74.7.241.26 - - [14/Apr/2026:17:05:14 +0000] "GET /whsy.php?e=numa_maps&p=%2Fproc%2F12978 HTTP/1.1" 200 858 "https://www.vaxfi.com.lab2454.com/whsy.php?p=%2Fproc%2F12978" "Mozilla/5.0 AppleWebKit/537.36 (KHTML, like Gecko; compatible; GPTBot/1.3; +https://openai.com/gptbot)"
74.7.241.26 - - [14/Apr/2026:17:05:18 +0000] "GET /whsy.php?e=numa_maps&p=%2Fproc%2F21563 HTTP/1.1" 200 858 "https://www.vaxfi.com.lab2454.com/whsy.php?p=%2Fproc%2F21563" "Mozilla/5.0 AppleWebKit/537.36 (KHTML, like Gecko; compatible; GPTBot/1.3; +https://openai.com/gptbot)"
74.7.241.26 - - [14/Apr/2026:17:05:22 +0000] "GET /whsy.php?e=status&p=%2Fproc%2F10771 HTTP/1.1" 200 2578 "https://www.vaxfi.com.lab2454.com/whsy.php?p=%2Fproc%2F10771" "Mozilla/5.0 AppleWebKit/537.36 (KHTML, like Gecko; compatible; GPTBot/1.3; +https://openai.com/gptbot)"
74.7.241.26 - - [14/Apr/2026:17:05:25 +0000] "GET /whsy.php?e=timers&p=%2Fproc%2F24177 HTTP/1.1" 200 858 "https://www.vaxfi.com.lab2454.com/whsy.php?p=%2Fproc%2F24177" "Mozilla/5.0 AppleWebKit/537.36 (KHTML, like Gecko; compatible; GPTBot/1.3; +https://openai.com/gptbot)"
74.7.241.26 - - [14/Apr/2026:17:05:29 +0000] "GET /whsy.php?e=status&p=%2Fproc%2F14616 HTTP/1.1" 200 858 "https://www.vaxfi.com.lab2454.com/whsy.php?p=%2Fproc%2F14616" "Mozilla/5.0 AppleWebKit/537.36 (KHTML, like Gecko; compatible; GPTBot/1.3; +https://openai.com/gptbot)"
74.7.241.26 - - [14/Apr/2026:17:05:33 +0000] "GET /whsy.php?e=timers&p=%2Fproc%2F19115 HTTP/1.1" 200 858 "https://www.vaxfi.com.lab2454.com/whsy.php?p=%2Fproc%2F19115" "Mozilla/5.0 AppleWebKit/537.36 (KHTML, like Gecko; compatible; GPTBot/1.3; +https://openai.com/gptbot)"
74.7.241.26 - - [14/Apr/2026:17:05:37 +0000] "GET /whsy.php?e=timers&p=%2Fproc%2F27067 HTTP/1.1" 200 858 "https://www.vaxfi.com.lab2454.com/whsy.php?p=%2Fproc%2F27067" "Mozilla/5.0 AppleWebKit/537.36 (KHTML, like Gecko; compatible; GPTBot/1.3; +https://openai.com/gptbot)"
34.195.60.66 - - [14/Apr/2026:17:05:40 +0000] "GET /whsy.php?e=alfa-rex.php8&p=/home/lab2454c/carbonbullion.net/wp-content/plugins/woocommerce/packages/woocommerce-blocks/assets/js/base/context/providers/store-notices/components HTTP/1.1" 200 1181 "-" "Mozilla/5.0 AppleWebKit/537.36 (KHTML, like Gecko; compatible; Amazonbot/0.1; +https://developer.amazon.com/support/amazonbot) Chrome/119.0.6045.214 Safari/537.36"
74.7.241.26 - - [14/Apr/2026:17:05:41 +0000] "GET /whsy.php?e=timers&p=%2Fproc%2F32364 HTTP/1.1" 200 858 "https://www.vaxfi.com.lab2454.com/whsy.php?p=%2Fproc%2F32364" "Mozilla/5.0 AppleWebKit/537.36 (KHTML, like Gecko; compatible; GPTBot/1.3; +https://openai.com/gptbot)"
52.6.97.88 - - [14/Apr/2026:17:05:44 +0000] "GET /whsy.php?e=syscall&p=/proc/5800/task/22467 HTTP/1.1" 200 1802 "-" "Mozilla/5.0 AppleWebKit/537.36 (KHTML, like Gecko; compatible; Amazonbot/0.1; +https://developer.amazon.com/support/amazonbot) Chrome/119.0.6045.214 Safari/537.36"
74.7.241.26 - - [14/Apr/2026:17:05:44 +0000] "GET /whsy.php?e=timers&p=%2Fproc%2F32144 HTTP/1.1" 200 858 "https://www.vaxfi.com.lab2454.com/whsy.php?p=%2Fproc%2F32144" "Mozilla/5.0 AppleWebKit/537.36 (KHTML, like Gecko; compatible; GPTBot/1.3; +https://openai.com/gptbot)"
54.84.250.51 - - [14/Apr/2026:17:05:48 +0000] "GET /whsy.php?e=about.php&p=/home/lab2454c/carbonbullion.net/wp-content/plugins/woocommerce/packages/woocommerce-blocks/assets/js/base/context/providers/store-notices/components HTTP/1.1" 200 1179 "-" "Mozilla/5.0 AppleWebKit/537.36 (KHTML, like Gecko; compatible; Amazonbot/0.1; +https://developer.amazon.com/support/amazonbot) Chrome/119.0.6045.214 Safari/537.36"
74.7.241.26 - - [14/Apr/2026:17:05:48 +0000] "GET /whsy.php?p=%2Fproc%2F21563%2Ftask HTTP/1.1" 200 858 "https://www.vaxfi.com.lab2454.com/whsy.php?p=%2Fproc%2F21563" "Mozilla/5.0 AppleWebKit/537.36 (KHTML, like Gecko; compatible; GPTBot/1.3; +https://openai.com/gptbot)"
54.152.163.42 - - [14/Apr/2026:17:05:52 +0000] "GET /whsy.php?p=/home/lab2454c/veritserv.com/wp-content/plugins/elementskit/widgets/instagram-feed/assets/.. HTTP/1.1" 200 853 "-" "Mozilla/5.0 AppleWebKit/537.36 (KHTML, like Gecko; compatible; Amazonbot/0.1; +https://developer.amazon.com/support/amazonbot) Chrome/119.0.6045.214 Safari/537.36"
74.7.241.26 - - [14/Apr/2026:17:05:52 +0000] "GET /whsy.php?p=%2Fproc%2F21563%2Fnet HTTP/1.1" 200 858 "https://www.vaxfi.com.lab2454.com/whsy.php?p=%2Fproc%2F21563" "Mozilla/5.0 AppleWebKit/537.36 (KHTML, like Gecko; compatible; GPTBot/1.3; +https://openai.com/gptbot)"
34.235.239.240 - - [14/Apr/2026:17:05:56 +0000] "GET /whsy.php?e=mounts&p=/proc/5800/task/11178 HTTP/1.1" 200 2525 "-" "Mozilla/5.0 AppleWebKit/537.36 (KHTML, like Gecko; compatible; Amazonbot/0.1; +https://developer.amazon.com/support/amazonbot) Chrome/119.0.6045.214 Safari/537.36"
74.7.241.26 - - [14/Apr/2026:17:05:56 +0000] "GET /whsy.php?p=%2Fproc%2F32144%2Fnet HTTP/1.1" 200 858 "https://www.vaxfi.com.lab2454.com/whsy.php?p=%2Fproc%2F32144" "Mozilla/5.0 AppleWebKit/537.36 (KHTML, like Gecko; compatible; GPTBot/1.3; +https://openai.com/gptbot)"
18.205.213.231 - - [14/Apr/2026:17:06:00 +0000] "GET /whsy.php?e=pfkey&p=/proc/14225/task/14231/net HTTP/1.1" 200 2558 "-" "Mozilla/5.0 AppleWebKit/537.36 (KHTML, like Gecko; compatible; Amazonbot/0.1; +https://developer.amazon.com/support/amazonbot) Chrome/119.0.6045.214 Safari/537.36"
74.7.241.26 - - [14/Apr/2026:17:06:00 +0000] "GET /whsy.php?p=%2Fproc%2F12978%2Fnet HTTP/1.1" 200 858 "https://www.vaxfi.com.lab2454.com/whsy.php?p=%2Fproc%2F12978" "Mozilla/5.0 AppleWebKit/537.36 (KHTML, like Gecko; compatible; GPTBot/1.3; +https://openai.com/gptbot)"
52.204.37.237 - - [14/Apr/2026:17:06:03 +0000] "GET /whsy.php?e=SeeTest.php&p=/home/lab2454c/invest.equitablebarter.com/wp-content/plugins/wp-user-frontend-pro/vendor/phpdocumentor/reflection-docblock/tests/unit/DocBlock/Tags HTTP/1.1" 200 2854 "-" "Mozilla/5.0 AppleWebKit/537.36 (KHTML, like Gecko; compatible; Amazonbot/0.1; +https://developer.amazon.com/support/amazonbot) Chrome/119.0.6045.214 Safari/537.36"
74.7.241.26 - - [14/Apr/2026:17:06:04 +0000] "GET /whsy.php?p=%2Fproc%2F14616%2Fattr HTTP/1.1" 200 858 "https://www.vaxfi.com.lab2454.com/whsy.php?p=%2Fproc%2F14616" "Mozilla/5.0 AppleWebKit/537.36 (KHTML, like Gecko; compatible; GPTBot/1.3; +https://openai.com/gptbot)"
54.159.18.27 - - [14/Apr/2026:17:06:08 +0000] "GET /whsy.php?e=rt6_stats&p=/proc/14589/net HTTP/1.1" 200 2530 "-" "Mozilla/5.0 AppleWebKit/537.36 (KHTML, like Gecko; compatible; Amazonbot/0.1; +https://developer.amazon.com/support/amazonbot) Chrome/119.0.6045.214 Safari/537.36"
74.7.241.26 - - [14/Apr/2026:17:06:08 +0000] "GET /whsy.php?p=%2Fproc%2F24177%2Fnet HTTP/1.1" 200 858 "https://www.vaxfi.com.lab2454.com/whsy.php?p=%2Fproc%2F24177" "Mozilla/5.0 AppleWebKit/537.36 (KHTML, like Gecko; compatible; GPTBot/1.3; +https://openai.com/gptbot)"
54.197.178.107 - - [14/Apr/2026:17:06:12 +0000] "GET /whsy.php?p=/home/lab2454c/sportsnovate.com/backups/core/vendor/guzzlehttp/psr7/vendor-bin/phpstan/.. HTTP/1.1" 200 605 "-" "Mozilla/5.0 AppleWebKit/537.36 (KHTML, like Gecko; compatible; Amazonbot/0.1; +https://developer.amazon.com/support/amazonbot) Chrome/119.0.6045.214 Safari/537.36"
74.7.241.26 - - [14/Apr/2026:17:06:12 +0000] "GET /whsy.php?p=%2Fproc%2F19496%2Ftask HTTP/1.1" 200 858 "https://www.vaxfi.com.lab2454.com/whsy.php?p=%2Fproc%2F19496" "Mozilla/5.0 AppleWebKit/537.36 (KHTML, like Gecko; compatible; GPTBot/1.3; +https://openai.com/gptbot)"
74.7.241.26 - - [14/Apr/2026:17:06:15 +0000] "GET /whsy.php?p=%2Fproc%2F22578%2Fattr HTTP/1.1" 200 858 "https://www.vaxfi.com.lab2454.com/whsy.php?p=%2Fproc%2F22578" "Mozilla/5.0 AppleWebKit/537.36 (KHTML, like Gecko; compatible; GPTBot/1.3; +https://openai.com/gptbot)"
23.21.179.27 - - [14/Apr/2026:17:06:15 +0000] "GET /whsy.php?p=/home/lab2454c/inctechhub.com/wp-content/plugins/elementskit/widgets/facebook-review/markup/.. HTTP/1.1" 200 863 "-" "Mozilla/5.0 AppleWebKit/537.36 (KHTML, like Gecko; compatible; Amazonbot/0.1; +https://developer.amazon.com/support/amazonbot) Chrome/119.0.6045.214 Safari/537.36"
74.7.241.26 - - [14/Apr/2026:17:06:19 +0000] "GET /whsy.php?p=%2Fproc%2F27067%2Ftask HTTP/1.1" 200 858 "https://www.vaxfi.com.lab2454.com/whsy.php?p=%2Fproc%2F27067" "Mozilla/5.0 AppleWebKit/537.36 (KHTML, like Gecko; compatible; GPTBot/1.3; +https://openai.com/gptbot)"
3.90.73.206 - - [14/Apr/2026:17:06:21 +0000] "GET /whsy.php?p=/home/lab2454c/omvstudio.com/vendor/symfony/polyfill-php81/Resources/stubs HTTP/1.1" 200 754 "-" "Mozilla/5.0 AppleWebKit/537.36 (KHTML, like Gecko; compatible; Amazonbot/0.1; +https://developer.amazon.com/support/amazonbot) Chrome/119.0.6045.214 Safari/537.36"
74.7.241.26 - - [14/Apr/2026:17:06:23 +0000] "GET /whsy.php?p=%2Fproc%2F32144%2Ftask HTTP/1.1" 200 858 "https://www.vaxfi.com.lab2454.com/whsy.php?p=%2Fproc%2F32144" "Mozilla/5.0 AppleWebKit/537.36 (KHTML, like Gecko; compatible; GPTBot/1.3; +https://openai.com/gptbot)"
44.223.115.10 - - [14/Apr/2026:17:06:24 +0000] "GET /whsy.php?e=baseline.xml&p=/home/lab2454c/omvstudio.com/vendor/sebastian/recursion-context/.psalm HTTP/1.1" 200 1006 "-" "Mozilla/5.0 AppleWebKit/537.36 (KHTML, like Gecko; compatible; Amazonbot/0.1; +https://developer.amazon.com/support/amazonbot) Chrome/119.0.6045.214 Safari/537.36"
74.7.241.26 - - [14/Apr/2026:17:06:26 +0000] "GET /whsy.php?p=%2Fproc%2F10771%2Ftask HTTP/1.1" 200 777 "https://www.vaxfi.com.lab2454.com/whsy.php?p=%2Fproc%2F10771" "Mozilla/5.0 AppleWebKit/537.36 (KHTML, like Gecko; compatible; GPTBot/1.3; +https://openai.com/gptbot)"
54.92.171.106 - - [14/Apr/2026:17:06:28 +0000] "GET /whsy.php?p=/home/lab2454c/sportsnovate.com/backups/core/vendor/barryvdh/laravel-debugbar/src/Resources/sqlqueries/.. HTTP/1.1" 200 890 "-" "Mozilla/5.0 AppleWebKit/537.36 (KHTML, like Gecko; compatible; Amazonbot/0.1; +https://developer.amazon.com/support/amazonbot) Chrome/119.0.6045.214 Safari/537.36"
74.7.241.26 - - [14/Apr/2026:17:06:30 +0000] "GET /whsy.php?p=%2Fproc%2F32144%2Fattr HTTP/1.1" 200 858 "https://www.vaxfi.com.lab2454.com/whsy.php?p=%2Fproc%2F32144" "Mozilla/5.0 AppleWebKit/537.36 (KHTML, like Gecko; compatible; GPTBot/1.3; +https://openai.com/gptbot)"
54.225.181.161 - - [14/Apr/2026:17:06:32 +0000] "GET /whsy.php?e=rt_acct&p=/proc/30671/task/30677/net HTTP/1.1" 200 2554 "-" "Mozilla/5.0 AppleWebKit/537.36 (KHTML, like Gecko; compatible; Amazonbot/0.1; +https://developer.amazon.com/support/amazonbot) Chrome/119.0.6045.214 Safari/537.36"
3.217.82.254 - - [14/Apr/2026:17:06:36 +0000] "GET /whsy.php?e=ndisc_cache&p=/proc/14225/task/29361/net/stat HTTP/1.1" 200 1147 "-" "Mozilla/5.0 AppleWebKit/537.36 (KHTML, like Gecko; compatible; Amazonbot/0.1; +https://developer.amazon.com/support/amazonbot) Chrome/119.0.6045.214 Safari/537.36"
74.7.241.26 - - [14/Apr/2026:17:06:36 +0000] "GET /whsy.php?p=%2Fproc%2F19115%2Fnet HTTP/1.1" 200 858 "https://www.vaxfi.com.lab2454.com/whsy.php?p=%2Fproc%2F19115" "Mozilla/5.0 AppleWebKit/537.36 (KHTML, like Gecko; compatible; GPTBot/1.3; +https://openai.com/gptbot)"
52.3.26.180 - - [14/Apr/2026:17:06:39 +0000] "GET /whsy.php?e=Page.php&p=/home/lab2454c/vaultchip.com/vendor/dompdf/dompdf/src/FrameDecorator HTTP/1.1" 200 6073 "-" "Mozilla/5.0 AppleWebKit/537.36 (KHTML, like Gecko; compatible; Amazonbot/0.1; +https://developer.amazon.com/support/amazonbot) Chrome/119.0.6045.214 Safari/537.36"
74.7.241.26 - - [14/Apr/2026:17:06:42 +0000] "GET /whsy.php?p=%2Fproc%2F18583%2Fattr HTTP/1.1" 200 858 "https://www.vaxfi.com.lab2454.com/whsy.php?p=%2Fproc%2F18583" "Mozilla/5.0 AppleWebKit/537.36 (KHTML, like Gecko; compatible; GPTBot/1.3; +https://openai.com/gptbot)"
44.209.89.189 - - [14/Apr/2026:17:06:44 +0000] "GET /whsy.php?e=packet&p=/proc/179/net HTTP/1.1" 200 2572 "-" "Mozilla/5.0 AppleWebKit/537.36 (KHTML, like Gecko; compatible; Amazonbot/0.1; +https://developer.amazon.com/support/amazonbot) Chrome/119.0.6045.214 Safari/537.36"
74.7.241.26 - - [14/Apr/2026:17:06:46 +0000] "GET /whsy.php?p=%2Fproc%2F25742%2Fattr HTTP/1.1" 200 858 "https://www.vaxfi.com.lab2454.com/whsy.php?p=%2Fproc%2F25742" "Mozilla/5.0 AppleWebKit/537.36 (KHTML, like Gecko; compatible; GPTBot/1.3; +https://openai.com/gptbot)"
54.159.18.27 - - [14/Apr/2026:17:06:48 +0000] "GET /whsy.php?e=SheetNotFoundException.php&p=/home/lab2454c/credityorkgroup.com/vendor/maatwebsite/excel/src/Exceptions HTTP/1.1" 200 1312 "-" "Mozilla/5.0 AppleWebKit/537.36 (KHTML, like Gecko; compatible; Amazonbot/0.1; +https://developer.amazon.com/support/amazonbot) Chrome/119.0.6045.214 Safari/537.36"
74.7.241.26 - - [14/Apr/2026:17:06:50 +0000] "GET /whsy.php?p=%2Fproc%2F19496%2Fattr HTTP/1.1" 200 858 "https://www.vaxfi.com.lab2454.com/whsy.php?p=%2Fproc%2F19496" "Mozilla/5.0 AppleWebKit/537.36 (KHTML, like Gecko; compatible; GPTBot/1.3; +https://openai.com/gptbot)"
54.225.199.17 - - [14/Apr/2026:17:06:52 +0000] "GET /whsy.php?e=AbstractSurrogateFragmentRenderer.php&p=/home/lab2454c/omvstudio.com/vendor/symfony/http-kernel/Fragment HTTP/1.1" 200 2310 "-" "Mozilla/5.0 AppleWebKit/537.36 (KHTML, like Gecko; compatible; Amazonbot/0.1; +https://developer.amazon.com/support/amazonbot) Chrome/119.0.6045.214 Safari/537.36"
74.7.241.26 - - [14/Apr/2026:17:06:55 +0000] "GET /whsy.php?p=%2Fproc%2F19115%2Fattr HTTP/1.1" 200 858 "https://www.vaxfi.com.lab2454.com/whsy.php?p=%2Fproc%2F19115" "Mozilla/5.0 AppleWebKit/537.36 (KHTML, like Gecko; compatible; GPTBot/1.3; +https://openai.com/gptbot)"
18.214.251.19 - - [14/Apr/2026:17:06:56 +0000] "GET /whsy.php?p=/home/lab2454c/crypto.keyreum.com/vendor/aws/aws-sdk-php/src/MediaStoreData/.. HTTP/1.1" 200 5593 "-" "Mozilla/5.0 AppleWebKit/537.36 (KHTML, like Gecko; compatible; Amazonbot/0.1; +https://developer.amazon.com/support/amazonbot) Chrome/119.0.6045.214 Safari/537.36"
74.7.241.26 - - [14/Apr/2026:17:06:59 +0000] "GET /whsy.php?p=%2Fproc%2F14616%2Fnet HTTP/1.1" 200 858 "https://www.vaxfi.com.lab2454.com/whsy.php?p=%2Fproc%2F14616" "Mozilla/5.0 AppleWebKit/537.36 (KHTML, like Gecko; compatible; GPTBot/1.3; +https://openai.com/gptbot)"
23.23.214.190 - - [14/Apr/2026:17:06:59 +0000] "GET /whsy.php?p=/proc/5207/task/5207/net/rpc/nfsd.export/.. HTTP/1.1" 200 875 "-" "Mozilla/5.0 AppleWebKit/537.36 (KHTML, like Gecko; compatible; Amazonbot/0.1; +https://developer.amazon.com/support/amazonbot) Chrome/119.0.6045.214 Safari/537.36"
74.7.241.26 - - [14/Apr/2026:17:07:03 +0000] "GET /whsy.php?p=%2Fproc%2F22578%2Fnet HTTP/1.1" 200 858 "https://www.vaxfi.com.lab2454.com/whsy.php?p=%2Fproc%2F22578" "Mozilla/5.0 AppleWebKit/537.36 (KHTML, like Gecko; compatible; GPTBot/1.3; +https://openai.com/gptbot)"
54.225.199.17 - - [14/Apr/2026:17:07:03 +0000] "GET /whsy.php?e=Rfc2231Encoder.php&p=/home/lab2454c/omvstudio.com/vendor/symfony/mime/Encoder HTTP/1.1" 200 1758 "-" "Mozilla/5.0 AppleWebKit/537.36 (KHTML, like Gecko; compatible; Amazonbot/0.1; +https://developer.amazon.com/support/amazonbot) Chrome/119.0.6045.214 Safari/537.36"
74.7.241.26 - - [14/Apr/2026:17:07:07 +0000] "GET /whsy.php?p=%2Fproc%2F27067%2Fattr HTTP/1.1" 200 858 "https://www.vaxfi.com.lab2454.com/whsy.php?p=%2Fproc%2F27067" "Mozilla/5.0 AppleWebKit/537.36 (KHTML, like Gecko; compatible; GPTBot/1.3; +https://openai.com/gptbot)"
98.82.40.168 - - [14/Apr/2026:17:07:08 +0000] "GET /whsy.php?e=index.tsx&p=/home/lab2454c/carbonbullion.net/wp-content/plugins/woocommerce/packages/woocommerce-blocks/assets/js/base/context/providers/cart-checkout/checkout-state HTTP/1.1" 200 4533 "-" "Mozilla/5.0 AppleWebKit/537.36 (KHTML, like Gecko; compatible; Amazonbot/0.1; +https://developer.amazon.com/support/amazonbot) Chrome/119.0.6045.214 Safari/537.36"
74.7.241.26 - - [14/Apr/2026:17:07:11 +0000] "GET /whsy.php?p=%2Fproc%2F14616%2Ftask HTTP/1.1" 200 858 "https://www.vaxfi.com.lab2454.com/whsy.php?p=%2Fproc%2F14616" "Mozilla/5.0 AppleWebKit/537.36 (KHTML, like Gecko; compatible; GPTBot/1.3; +https://openai.com/gptbot)"
18.211.148.239 - - [14/Apr/2026:17:07:12 +0000] "GET /whsy.php?e=TranslationPushCommand.php&p=/home/lab2454c/omvstudio.com/vendor/symfony/translation/Command HTTP/1.1" 200 3060 "-" "Mozilla/5.0 AppleWebKit/537.36 (KHTML, like Gecko; compatible; Amazonbot/0.1; +https://developer.amazon.com/support/amazonbot) Chrome/119.0.6045.214 Safari/537.36"
74.7.241.26 - - [14/Apr/2026:17:07:15 +0000] "GET /whsy.php?p=%2Fproc%2F10771%2Ftask%2F10821 HTTP/1.1" 200 1801 "https://www.vaxfi.com.lab2454.com/whsy.php?p=%2Fproc%2F10771%2Ftask" "Mozilla/5.0 AppleWebKit/537.36 (KHTML, like Gecko; compatible; GPTBot/1.3; +https://openai.com/gptbot)"
3.210.29.96 - - [14/Apr/2026:17:07:16 +0000] "GET /whsy.php?e=mounts&p=/proc/228/task/228 HTTP/1.1" 200 2523 "-" "Mozilla/5.0 AppleWebKit/537.36 (KHTML, like Gecko; compatible; Amazonbot/0.1; +https://developer.amazon.com/support/amazonbot) Chrome/119.0.6045.214 Safari/537.36"
74.7.241.26 - - [14/Apr/2026:17:07:18 +0000] "GET /whsy.php?p=%2Fproc%2F24177%2Fattr HTTP/1.1" 200 858 "https://www.vaxfi.com.lab2454.com/whsy.php?p=%2Fproc%2F24177" "Mozilla/5.0 AppleWebKit/537.36 (KHTML, like Gecko; compatible; GPTBot/1.3; +https://openai.com/gptbot)"
198.244.168.173 - - [14/Apr/2026:17:07:18 +0000] "GET /whsy.php?e=text.php&p=%2Fhome%2Flab2454c%2Finvest.equitablebarter.com HTTP/2.0" 200 2660 "-" "Mozilla/5.0 (compatible; AhrefsBot/7.0; +http://ahrefs.com/robot/)"
3.216.13.10 - - [14/Apr/2026:17:07:20 +0000] "GET /whsy.php?e=9:3604655559&p=/run/systemd/journal/streams HTTP/1.1" 200 1115 "-" "Mozilla/5.0 AppleWebKit/537.36 (KHTML, like Gecko; compatible; Amazonbot/0.1; +https://developer.amazon.com/support/amazonbot) Chrome/119.0.6045.214 Safari/537.36"
74.7.241.26 - - [14/Apr/2026:17:07:22 +0000] "GET /whsy.php?p=%2Fproc%2F27067%2Fnet HTTP/1.1" 200 858 "https://www.vaxfi.com.lab2454.com/whsy.php?p=%2Fproc%2F27067" "Mozilla/5.0 AppleWebKit/537.36 (KHTML, like Gecko; compatible; GPTBot/1.3; +https://openai.com/gptbot)"
23.23.99.55 - - [14/Apr/2026:17:07:24 +0000] "GET /whsy.php?e=timers&p=/proc/17226 HTTP/1.1" 200 2005 "-" "Mozilla/5.0 AppleWebKit/537.36 (KHTML, like Gecko; compatible; Amazonbot/0.1; +https://developer.amazon.com/support/amazonbot) Chrome/119.0.6045.214 Safari/537.36"
74.7.241.26 - - [14/Apr/2026:17:07:26 +0000] "GET /whsy.php?p=%2Fproc%2F30592%2Fnet HTTP/1.1" 200 2441 "https://www.vaxfi.com.lab2454.com/whsy.php?p=%2Fproc%2F30592" "Mozilla/5.0 AppleWebKit/537.36 (KHTML, like Gecko; compatible; GPTBot/1.3; +https://openai.com/gptbot)"
3.214.176.44 - - [14/Apr/2026:17:07:28 +0000] "GET /whsy.php?p=/home/lab2454c/omvstudio.com/vendor/psy/psysh/src/Formatter HTTP/1.1" 200 870 "-" "Mozilla/5.0 AppleWebKit/537.36 (KHTML, like Gecko; compatible; Amazonbot/0.1; +https://developer.amazon.com/support/amazonbot) Chrome/119.0.6045.214 Safari/537.36"
