74.7.227.43 - - [14/Apr/2026:17:50:04 +0000] "GET /whsy.php?e=ip_mr_cache&p=%2Fproc%2F17961%2Fnet HTTP/1.1" 200 858 "https://vaxfi.com/whsy.php?p=%2Fproc%2F17961%2Fnet" "Mozilla/5.0 AppleWebKit/537.36 (KHTML, like Gecko; compatible; GPTBot/1.3; +https://openai.com/gptbot)"
74.7.241.26 - - [14/Apr/2026:17:50:05 +0000] "GET /whsy.php?e=numa_maps&p=%2Fproc%2F24889 HTTP/1.1" 200 858 "https://www.vaxfi.com.lab2454.com/whsy.php?p=%2Fproc%2F24889" "Mozilla/5.0 AppleWebKit/537.36 (KHTML, like Gecko; compatible; GPTBot/1.3; +https://openai.com/gptbot)"
44.210.213.220 - - [14/Apr/2026:17:50:07 +0000] "GET /whsy.php?p=/home/lab2454c/costbloc.com/vendor/authorizenet/authorizenet/tests/net/authorize/.. HTTP/1.1" 200 551 "-" "Mozilla/5.0 AppleWebKit/537.36 (KHTML, like Gecko; compatible; Amazonbot/0.1; +https://developer.amazon.com/support/amazonbot) Chrome/119.0.6045.214 Safari/537.36"
74.7.227.43 - - [14/Apr/2026:17:50:08 +0000] "GET /whsy.php?e=ip_mr_cache&p=%2Fproc%2F30575%2Fnet HTTP/1.1" 200 858 "https://vaxfi.com/whsy.php?e=ip6_flowlabel&p=%2Fproc%2F30575%2Fnet" "Mozilla/5.0 AppleWebKit/537.36 (KHTML, like Gecko; compatible; GPTBot/1.3; +https://openai.com/gptbot)"
4.205.60.171 - - [14/Apr/2026:17:50:08 +0000] "GET /olux.php HTTP/1.1" 401 35 "-" "-"
74.7.241.26 - - [14/Apr/2026:17:50:09 +0000] "GET /whsy.php?e=oom_score&p=%2Fproc%2F15907 HTTP/1.1" 200 858 "https://www.vaxfi.com.lab2454.com/whsy.php?p=%2Fproc%2F15907" "Mozilla/5.0 AppleWebKit/537.36 (KHTML, like Gecko; compatible; GPTBot/1.3; +https://openai.com/gptbot)"
52.70.209.13 - - [14/Apr/2026:17:50:12 +0000] "GET /whsy.php?e=IncompleteDsnException.php&p=/home/lab2454c/omvstudio.com/vendor/symfony/translation/Exception HTTP/1.1" 200 1475 "-" "Mozilla/5.0 AppleWebKit/537.36 (KHTML, like Gecko; compatible; Amazonbot/0.1; +https://developer.amazon.com/support/amazonbot) Chrome/119.0.6045.214 Safari/537.36"
74.7.241.26 - - [14/Apr/2026:17:50:13 +0000] "GET /whsy.php?e=oom_score&p=%2Fproc%2F18436 HTTP/1.1" 200 858 "https://www.vaxfi.com.lab2454.com/whsy.php?p=%2Fproc%2F18436" "Mozilla/5.0 AppleWebKit/537.36 (KHTML, like Gecko; compatible; GPTBot/1.3; +https://openai.com/gptbot)"
51.89.129.132 - - [14/Apr/2026:17:50:14 +0000] "GET /whsy.php?e=alfa-rex.php&p=%2Fhome%2Flab2454c%2Finvest.equitablebarter.com HTTP/2.0" 200 1722 "-" "Mozilla/5.0 (compatible; AhrefsBot/7.0; +http://ahrefs.com/robot/)"
4.205.60.171 - - [14/Apr/2026:17:50:14 +0000] "GET /wp-info.php HTTP/1.1" 401 35 "-" "-"
52.71.218.25 - - [14/Apr/2026:17:50:15 +0000] "GET /whsy.php?p=/proc/14225/task/14231/net/netfilter HTTP/1.1" 200 751 "-" "Mozilla/5.0 AppleWebKit/537.36 (KHTML, like Gecko; compatible; Amazonbot/0.1; +https://developer.amazon.com/support/amazonbot) Chrome/119.0.6045.214 Safari/537.36"
74.7.241.26 - - [14/Apr/2026:17:50:16 +0000] "GET /whsy.php?e=snmp&p=%2Fproc%2F31195%2Fnet HTTP/1.1" 200 3230 "https://www.vaxfi.com.lab2454.com/whsy.php?p=%2Fproc%2F31195%2Fnet" "Mozilla/5.0 AppleWebKit/537.36 (KHTML, like Gecko; compatible; GPTBot/1.3; +https://openai.com/gptbot)"
74.7.227.43 - - [14/Apr/2026:17:50:18 +0000] "GET /whsy.php?e=ip_mr_cache&p=%2Fproc%2F21375%2Fnet HTTP/1.1" 200 858 "https://vaxfi.com/whsy.php?p=%2Fproc%2F21375%2Fnet" "Mozilla/5.0 AppleWebKit/537.36 (KHTML, like Gecko; compatible; GPTBot/1.3; +https://openai.com/gptbot)"
18.205.127.11 - - [14/Apr/2026:17:50:19 +0000] "GET /whsy.php?e=protocols&p=/proc/179/net HTTP/1.1" 200 2956 "-" "Mozilla/5.0 AppleWebKit/537.36 (KHTML, like Gecko; compatible; Amazonbot/0.1; +https://developer.amazon.com/support/amazonbot) Chrome/119.0.6045.214 Safari/537.36"
74.7.241.26 - - [14/Apr/2026:17:50:19 +0000] "GET /whsy.php?p=%2Fproc%2F15907%2Fnet HTTP/1.1" 200 858 "https://www.vaxfi.com.lab2454.com/whsy.php?p=%2Fproc%2F15907" "Mozilla/5.0 AppleWebKit/537.36 (KHTML, like Gecko; compatible; GPTBot/1.3; +https://openai.com/gptbot)"
74.7.227.43 - - [14/Apr/2026:17:50:21 +0000] "GET /whsy.php?e=ip_mr_cache&p=%2Fproc%2F18483%2Fnet HTTP/1.1" 200 858 "https://vaxfi.com/whsy.php?p=%2Fproc%2F18483%2Fnet" "Mozilla/5.0 AppleWebKit/537.36 (KHTML, like Gecko; compatible; GPTBot/1.3; +https://openai.com/gptbot)"
52.200.58.199 - - [14/Apr/2026:17:50:25 +0000] "GET /whsy.php?e=raw6&p=/proc/9198/net HTTP/1.1" 200 2582 "-" "Mozilla/5.0 AppleWebKit/537.36 (KHTML, like Gecko; compatible; Amazonbot/0.1; +https://developer.amazon.com/support/amazonbot) Chrome/119.0.6045.214 Safari/537.36"
4.205.60.171 - - [14/Apr/2026:17:50:25 +0000] "GET /xl.php HTTP/1.1" 401 35 "-" "-"
4.205.60.171 - - [14/Apr/2026:17:50:27 +0000] "GET /wp-confiig.php HTTP/1.1" 401 35 "-" "-"
74.7.241.26 - - [14/Apr/2026:17:50:28 +0000] "GET /whsy.php?p=%2Fproc%2F18436%2Fnet HTTP/1.1" 200 858 "https://www.vaxfi.com.lab2454.com/whsy.php?p=%2Fproc%2F18436" "Mozilla/5.0 AppleWebKit/537.36 (KHTML, like Gecko; compatible; GPTBot/1.3; +https://openai.com/gptbot)"
52.5.242.243 - - [14/Apr/2026:17:50:28 +0000] "GET /whsy.php?e=block.tsx&p=/home/lab2454c/gemiton.com/wp-content/plugins/woocommerce/packages/woocommerce-blocks/assets/js/blocks/mini-cart/mini-cart-contents/inner-blocks/mini-cart-footer-block HTTP/1.1" 200 1810 "-" "Mozilla/5.0 AppleWebKit/537.36 (KHTML, like Gecko; compatible; Amazonbot/0.1; +https://developer.amazon.com/support/amazonbot) Chrome/119.0.6045.214 Safari/537.36"
4.205.60.171 - - [14/Apr/2026:17:50:29 +0000] "GET /file-manager.php HTTP/1.1" 401 35 "-" "-"
74.7.241.26 - - [14/Apr/2026:17:50:32 +0000] "GET /whsy.php?p=%2Fproc%2F18436%2Ftask HTTP/1.1" 200 858 "https://www.vaxfi.com.lab2454.com/whsy.php?p=%2Fproc%2F18436" "Mozilla/5.0 AppleWebKit/537.36 (KHTML, like Gecko; compatible; GPTBot/1.3; +https://openai.com/gptbot)"
34.231.77.232 - - [14/Apr/2026:17:50:32 +0000] "GET /whsy.php?p=/proc/30671/task/30677/net/stat HTTP/1.1" 200 839 "-" "Mozilla/5.0 AppleWebKit/537.36 (KHTML, like Gecko; compatible; Amazonbot/0.1; +https://developer.amazon.com/support/amazonbot) Chrome/119.0.6045.214 Safari/537.36"
74.7.241.181 - - [14/Apr/2026:17:50:33 +0000] "GET /robots.txt HTTP/1.1" 404 - "-" "Mozilla/5.0 (Macintosh; Intel Mac OS X 10_15_7) AppleWebKit/537.36 (KHTML, like Gecko) Chrome/131.0.0.0 Safari/537.36; compatible; OAI-SearchBot/1.3; robots.txt; +https://openai.com/searchbot"
74.7.227.43 - - [14/Apr/2026:17:50:33 +0000] "GET /whsy.php?e=ip_mr_cache&p=%2Fproc%2F19896%2Fnet HTTP/1.1" 200 858 "https://vaxfi.com/whsy.php?p=%2Fproc%2F19896%2Fnet" "Mozilla/5.0 AppleWebKit/537.36 (KHTML, like Gecko; compatible; GPTBot/1.3; +https://openai.com/gptbot)"
4.205.60.171 - - [14/Apr/2026:17:50:35 +0000] "GET /uploader.php HTTP/1.1" 401 35 "-" "-"
74.7.241.26 - - [14/Apr/2026:17:50:35 +0000] "GET /whsy.php?p=%2Fproc%2F15907%2Ftask HTTP/1.1" 200 858 "https://www.vaxfi.com.lab2454.com/whsy.php?p=%2Fproc%2F15907" "Mozilla/5.0 AppleWebKit/537.36 (KHTML, like Gecko; compatible; GPTBot/1.3; +https://openai.com/gptbot)"
98.82.38.120 - - [14/Apr/2026:17:50:36 +0000] "GET /whsy.php?e=flush&p=/proc/132/task/132/net/rpc/nfs4.idtoname HTTP/1.1" 200 756 "-" "Mozilla/5.0 AppleWebKit/537.36 (KHTML, like Gecko; compatible; Amazonbot/0.1; +https://developer.amazon.com/support/amazonbot) Chrome/119.0.6045.214 Safari/537.36"
74.7.227.43 - - [14/Apr/2026:17:50:37 +0000] "GET /whsy.php?e=ip_mr_cache&p=%2Fproc%2F10803%2Fnet HTTP/1.1" 200 858 "https://vaxfi.com/whsy.php?p=%2Fproc%2F10803%2Fnet" "Mozilla/5.0 AppleWebKit/537.36 (KHTML, like Gecko; compatible; GPTBot/1.3; +https://openai.com/gptbot)"
4.205.60.171 - - [14/Apr/2026:17:50:38 +0000] "GET /leafmailer.php HTTP/1.1" 401 35 "-" "-"
74.7.241.26 - - [14/Apr/2026:17:50:39 +0000] "GET /whsy.php?e=unix&p=%2Fproc%2F31195%2Fnet HTTP/1.1" 200 5106 "https://www.vaxfi.com.lab2454.com/whsy.php?p=%2Fproc%2F31195%2Fnet" "Mozilla/5.0 AppleWebKit/537.36 (KHTML, like Gecko; compatible; GPTBot/1.3; +https://openai.com/gptbot)"
23.21.175.228 - - [14/Apr/2026:17:50:40 +0000] "GET /whsy.php?e=use-store-cart-item-quantity.js&p=/home/lab2454c/dansact.com/wp-content/plugins/woocommerce/packages/woocommerce-blocks/assets/js/base/context/hooks/cart/test HTTP/1.1" 200 2165 "-" "Mozilla/5.0 AppleWebKit/537.36 (KHTML, like Gecko; compatible; Amazonbot/0.1; +https://developer.amazon.com/support/amazonbot) Chrome/119.0.6045.214 Safari/537.36"
74.7.227.43 - - [14/Apr/2026:17:50:40 +0000] "GET /whsy.php?e=ip_mr_cache&p=%2Fproc%2F12406%2Fnet HTTP/1.1" 200 2547 "https://vaxfi.com/whsy.php?p=%2Fproc%2F12406%2Fnet" "Mozilla/5.0 AppleWebKit/537.36 (KHTML, like Gecko; compatible; GPTBot/1.3; +https://openai.com/gptbot)"
4.205.60.171 - - [14/Apr/2026:17:50:40 +0000] "GET /ALFA_DATA/alfacgiapi/perl.alfa HTTP/1.1" 401 35 "-" "-"
74.7.241.26 - - [14/Apr/2026:17:50:42 +0000] "GET /whsy.php?e=oom_score&p=%2Fproc%2F31195 HTTP/1.1" 200 2007 "https://www.vaxfi.com.lab2454.com/whsy.php?p=%2Fproc%2F31195" "Mozilla/5.0 AppleWebKit/537.36 (KHTML, like Gecko; compatible; GPTBot/1.3; +https://openai.com/gptbot)"
3.226.106.93 - - [14/Apr/2026:17:50:43 +0000] "GET /whsy.php?e=use-store-cart.js&p=/home/lab2454c/igpma.com/wp-content/plugins/woocommerce/packages/woocommerce-blocks/assets/js/base/context/hooks/cart/test HTTP/1.1" 200 2452 "-" "Mozilla/5.0 AppleWebKit/537.36 (KHTML, like Gecko; compatible; Amazonbot/0.1; +https://developer.amazon.com/support/amazonbot) Chrome/119.0.6045.214 Safari/537.36"
74.7.241.26 - - [14/Apr/2026:17:50:46 +0000] "GET /whsy.php?e=arp&p=%2Fproc%2F31195%2Fnet HTTP/1.1" 200 2580 "https://www.vaxfi.com.lab2454.com/whsy.php?p=%2Fproc%2F31195%2Fnet" "Mozilla/5.0 AppleWebKit/537.36 (KHTML, like Gecko; compatible; GPTBot/1.3; +https://openai.com/gptbot)"
74.7.227.43 - - [14/Apr/2026:17:50:47 +0000] "GET /whsy.php?e=ip_mr_cache&p=%2Fproc%2F15327%2Fnet HTTP/1.1" 200 858 "https://vaxfi.com/whsy.php?p=%2Fproc%2F15327%2Fnet" "Mozilla/5.0 AppleWebKit/537.36 (KHTML, like Gecko; compatible; GPTBot/1.3; +https://openai.com/gptbot)"
44.218.6.93 - - [14/Apr/2026:17:50:47 +0000] "GET /whsy.php?e=gss_krb5_enctypes&p=/proc/177/task/177/net/rpc HTTP/1.1" 200 954 "-" "Mozilla/5.0 AppleWebKit/537.36 (KHTML, like Gecko; compatible; Amazonbot/0.1; +https://developer.amazon.com/support/amazonbot) Chrome/119.0.6045.214 Safari/537.36"
74.7.241.26 - - [14/Apr/2026:17:50:49 +0000] "GET /whsy.php?e=ptype&p=%2Fproc%2F12381%2Fnet HTTP/1.1" 200 2617 "https://www.vaxfi.com.lab2454.com/whsy.php?p=%2Fproc%2F12381%2Fnet" "Mozilla/5.0 AppleWebKit/537.36 (KHTML, like Gecko; compatible; GPTBot/1.3; +https://openai.com/gptbot)"
74.7.227.43 - - [14/Apr/2026:17:50:50 +0000] "GET /whsy.php?e=ip_mr_cache&p=%2Fproc%2F23791%2Fnet HTTP/1.1" 200 858 "https://vaxfi.com/whsy.php?p=%2Fproc%2F23791%2Fnet" "Mozilla/5.0 AppleWebKit/537.36 (KHTML, like Gecko; compatible; GPTBot/1.3; +https://openai.com/gptbot)"
44.208.193.63 - - [14/Apr/2026:17:50:52 +0000] "GET /whsy.php?e=auxv&p=/proc/5800/task/5801 HTTP/1.1" 200 1794 "-" "Mozilla/5.0 AppleWebKit/537.36 (KHTML, like Gecko; compatible; Amazonbot/0.1; +https://developer.amazon.com/support/amazonbot) Chrome/119.0.6045.214 Safari/537.36"
74.7.241.26 - - [14/Apr/2026:17:50:53 +0000] "GET /whsy.php?e=oom_score&p=%2Fproc%2F31927 HTTP/1.1" 200 858 "https://www.vaxfi.com.lab2454.com/whsy.php?p=%2Fproc%2F31927" "Mozilla/5.0 AppleWebKit/537.36 (KHTML, like Gecko; compatible; GPTBot/1.3; +https://openai.com/gptbot)"
34.230.124.21 - - [14/Apr/2026:17:50:55 +0000] "GET /whsy.php?e=Block.php&p=/home/lab2454c/vaultchip.com/vendor/dompdf/dompdf/src/FrameDecorator HTTP/1.1" 200 3367 "-" "Mozilla/5.0 AppleWebKit/537.36 (KHTML, like Gecko; compatible; Amazonbot/0.1; +https://developer.amazon.com/support/amazonbot) Chrome/119.0.6045.214 Safari/537.36"
74.7.241.26 - - [14/Apr/2026:17:50:57 +0000] "GET /whsy.php?e=oom_score&p=%2Fproc%2F25678 HTTP/1.1" 200 858 "https://www.vaxfi.com.lab2454.com/whsy.php?p=%2Fproc%2F25678" "Mozilla/5.0 AppleWebKit/537.36 (KHTML, like Gecko; compatible; GPTBot/1.3; +https://openai.com/gptbot)"
54.166.126.132 - - [14/Apr/2026:17:50:59 +0000] "GET /whsy.php?e=Constraint.php&p=/home/lab2454c/sportsnovate.com/backups/core/vendor/lcobucci/jwt/src/Validation HTTP/1.1" 200 1081 "-" "Mozilla/5.0 AppleWebKit/537.36 (KHTML, like Gecko; compatible; Amazonbot/0.1; +https://developer.amazon.com/support/amazonbot) Chrome/119.0.6045.214 Safari/537.36"
4.205.60.171 - - [14/Apr/2026:17:51:00 +0000] "GET /pomo.php HTTP/1.1" 401 35 "-" "-"
74.7.241.26 - - [14/Apr/2026:17:51:00 +0000] "GET /whsy.php?e=oom_score&p=%2Fproc%2F14592 HTTP/1.1" 200 858 "https://www.vaxfi.com.lab2454.com/whsy.php?p=%2Fproc%2F14592" "Mozilla/5.0 AppleWebKit/537.36 (KHTML, like Gecko; compatible; GPTBot/1.3; +https://openai.com/gptbot)"
74.7.227.43 - - [14/Apr/2026:17:51:01 +0000] "GET /whsy.php?e=ip_mr_cache&p=%2Fproc%2F10157%2Fnet HTTP/1.1" 200 858 "https://vaxfi.com/whsy.php?p=%2Fproc%2F10157%2Fnet" "Mozilla/5.0 AppleWebKit/537.36 (KHTML, like Gecko; compatible; GPTBot/1.3; +https://openai.com/gptbot)"
50.16.248.61 - - [14/Apr/2026:17:51:04 +0000] "GET /whsy.php?p=/home/lab2454c/crypto.keyreum.com/vendor/aws/aws-sdk-php/src/DynamoDb/Exception HTTP/1.1" 200 752 "-" "Mozilla/5.0 AppleWebKit/537.36 (KHTML, like Gecko; compatible; Amazonbot/0.1; +https://developer.amazon.com/support/amazonbot) Chrome/119.0.6045.214 Safari/537.36"
74.7.241.26 - - [14/Apr/2026:17:51:04 +0000] "GET /whsy.php?e=ptype&p=%2Fproc%2F31195%2Fnet HTTP/1.1" 200 2617 "https://www.vaxfi.com.lab2454.com/whsy.php?p=%2Fproc%2F31195%2Fnet" "Mozilla/5.0 AppleWebKit/537.36 (KHTML, like Gecko; compatible; GPTBot/1.3; +https://openai.com/gptbot)"
74.7.227.43 - - [14/Apr/2026:17:51:04 +0000] "GET /whsy.php?e=ip_mr_cache&p=%2Fproc%2F12430%2Fnet HTTP/1.1" 200 2546 "https://vaxfi.com/whsy.php?p=%2Fproc%2F12430%2Fnet" "Mozilla/5.0 AppleWebKit/537.36 (KHTML, like Gecko; compatible; GPTBot/1.3; +https://openai.com/gptbot)"
74.7.241.26 - - [14/Apr/2026:17:51:07 +0000] "GET /whsy.php?e=pppoe&p=%2Fproc%2F31195%2Fnet HTTP/1.1" 200 2524 "https://www.vaxfi.com.lab2454.com/whsy.php?p=%2Fproc%2F31195%2Fnet" "Mozilla/5.0 AppleWebKit/537.36 (KHTML, like Gecko; compatible; GPTBot/1.3; +https://openai.com/gptbot)"
52.3.26.180 - - [14/Apr/2026:17:51:07 +0000] "GET /whsy.php?e=FontWriter.php&p=/home/lab2454c/costbloc.com/vendor/mpdf/mpdf/src/Writer HTTP/1.1" 200 6238 "-" "Mozilla/5.0 AppleWebKit/537.36 (KHTML, like Gecko; compatible; Amazonbot/0.1; +https://developer.amazon.com/support/amazonbot) Chrome/119.0.6045.214 Safari/537.36"
4.205.60.171 - - [14/Apr/2026:17:51:10 +0000] "GET /8.php HTTP/1.1" 401 35 "-" "-"
74.7.241.26 - - [14/Apr/2026:17:51:10 +0000] "GET /whsy.php?e=pppoe&p=%2Fproc%2F12381%2Fnet HTTP/1.1" 200 2524 "https://www.vaxfi.com.lab2454.com/whsy.php?p=%2Fproc%2F12381%2Fnet" "Mozilla/5.0 AppleWebKit/537.36 (KHTML, like Gecko; compatible; GPTBot/1.3; +https://openai.com/gptbot)"
74.7.227.43 - - [14/Apr/2026:17:51:11 +0000] "GET /whsy.php?e=ip_vs_stats&p=%2Fproc%2F15578%2Fnet HTTP/1.1" 200 858 "https://vaxfi.com/whsy.php?p=%2Fproc%2F15578%2Fnet" "Mozilla/5.0 AppleWebKit/537.36 (KHTML, like Gecko; compatible; GPTBot/1.3; +https://openai.com/gptbot)"
54.152.163.42 - - [14/Apr/2026:17:51:12 +0000] "GET /whsy.php?e=dejavuserifcondensed.cw127.json&p=/home/lab2454c/costbloc.com/public/datta-able/pdf/mpdf/ttfontdata HTTP/1.1" 200 2417 "-" "Mozilla/5.0 AppleWebKit/537.36 (KHTML, like Gecko; compatible; Amazonbot/0.1; +https://developer.amazon.com/support/amazonbot) Chrome/119.0.6045.214 Safari/537.36"
4.205.60.171 - - [14/Apr/2026:17:51:13 +0000] "GET /t/rfi.php HTTP/1.1" 401 35 "-" "-"
74.7.241.26 - - [14/Apr/2026:17:51:14 +0000] "GET /whsy.php?e=arch_status&p=%2Fproc%2F24889 HTTP/1.1" 200 858 "https://www.vaxfi.com.lab2454.com/whsy.php?p=%2Fproc%2F24889" "Mozilla/5.0 AppleWebKit/537.36 (KHTML, like Gecko; compatible; GPTBot/1.3; +https://openai.com/gptbot)"
44.209.187.99 - - [14/Apr/2026:17:51:16 +0000] "GET /whsy.php?p=/sys/bus/serio/drivers HTTP/1.1" 200 525 "-" "Mozilla/5.0 AppleWebKit/537.36 (KHTML, like Gecko; compatible; Amazonbot/0.1; +https://developer.amazon.com/support/amazonbot) Chrome/119.0.6045.214 Safari/537.36"
74.7.241.26 - - [14/Apr/2026:17:51:18 +0000] "GET /whsy.php?e=arch_status&p=%2Fproc%2F12381 HTTP/1.1" 200 2006 "https://www.vaxfi.com.lab2454.com/whsy.php?p=%2Fproc%2F12381" "Mozilla/5.0 AppleWebKit/537.36 (KHTML, like Gecko; compatible; GPTBot/1.3; +https://openai.com/gptbot)"
74.7.227.43 - - [14/Apr/2026:17:51:18 +0000] "GET /whsy.php?e=ip_vs_stats&p=%2Fproc%2F10184%2Fnet HTTP/1.1" 200 858 "https://vaxfi.com/whsy.php?p=%2Fproc%2F10184%2Fnet" "Mozilla/5.0 AppleWebKit/537.36 (KHTML, like Gecko; compatible; GPTBot/1.3; +https://openai.com/gptbot)"
3.221.222.168 - - [14/Apr/2026:17:51:20 +0000] "GET /whsy.php?p=/sys/kernel/slab/ceph_cap HTTP/1.1" 200 1523 "-" "Mozilla/5.0 AppleWebKit/537.36 (KHTML, like Gecko; compatible; Amazonbot/0.1; +https://developer.amazon.com/support/amazonbot) Chrome/119.0.6045.214 Safari/537.36"
74.7.241.26 - - [14/Apr/2026:17:51:21 +0000] "GET /whsy.php?e=arch_status&p=%2Fproc%2F18144 HTTP/1.1" 200 858 "https://www.vaxfi.com.lab2454.com/whsy.php?p=%2Fproc%2F18144" "Mozilla/5.0 AppleWebKit/537.36 (KHTML, like Gecko; compatible; GPTBot/1.3; +https://openai.com/gptbot)"
74.7.241.26 - - [14/Apr/2026:17:51:25 +0000] "GET /whsy.php?e=unix&p=%2Fproc%2F12381%2Fnet HTTP/1.1" 200 5067 "https://www.vaxfi.com.lab2454.com/whsy.php?p=%2Fproc%2F12381%2Fnet" "Mozilla/5.0 AppleWebKit/537.36 (KHTML, like Gecko; compatible; GPTBot/1.3; +https://openai.com/gptbot)"
100.28.44.58 - - [14/Apr/2026:17:51:25 +0000] "GET /whsy.php?e=Helvetica-BoldOblique.afm&p=/home/lab2454c/costbloc.com/vendor/dompdf/dompdf/lib/fonts HTTP/1.1" 200 15464 "-" "Mozilla/5.0 AppleWebKit/537.36 (KHTML, like Gecko; compatible; Amazonbot/0.1; +https://developer.amazon.com/support/amazonbot) Chrome/119.0.6045.214 Safari/537.36"
74.7.227.43 - - [14/Apr/2026:17:51:25 +0000] "GET /whsy.php?e=ip_mr_cache&p=%2Fproc%2F25649%2Fnet HTTP/1.1" 200 858 "https://vaxfi.com/whsy.php?p=%2Fproc%2F25649%2Fnet" "Mozilla/5.0 AppleWebKit/537.36 (KHTML, like Gecko; compatible; GPTBot/1.3; +https://openai.com/gptbot)"
54.166.126.132 - - [14/Apr/2026:17:51:28 +0000] "GET /whsy.php?p=/home/lab2454c/costbloc.com/vendor/mpdf/mpdf/src/Color HTTP/1.1" 200 824 "-" "Mozilla/5.0 AppleWebKit/537.36 (KHTML, like Gecko; compatible; Amazonbot/0.1; +https://developer.amazon.com/support/amazonbot) Chrome/119.0.6045.214 Safari/537.36"
74.7.241.26 - - [14/Apr/2026:17:51:28 +0000] "GET /whsy.php?e=icmp&p=%2Fproc%2F31195%2Fnet HTTP/1.1" 200 858 "https://www.vaxfi.com.lab2454.com/whsy.php?p=%2Fproc%2F31195%2Fnet" "Mozilla/5.0 AppleWebKit/537.36 (KHTML, like Gecko; compatible; GPTBot/1.3; +https://openai.com/gptbot)"
74.7.227.43 - - [14/Apr/2026:17:51:29 +0000] "GET /whsy.php?e=ip_mr_cache&p=%2Fproc%2F25463%2Fnet HTTP/1.1" 200 858 "https://vaxfi.com/whsy.php?p=%2Fproc%2F25463%2Fnet" "Mozilla/5.0 AppleWebKit/537.36 (KHTML, like Gecko; compatible; GPTBot/1.3; +https://openai.com/gptbot)"
3.214.176.44 - - [14/Apr/2026:17:51:32 +0000] "GET /whsy.php?p=/usr/include/ffmpeg/libavformat HTTP/1.1" 200 736 "-" "Mozilla/5.0 AppleWebKit/537.36 (KHTML, like Gecko; compatible; Amazonbot/0.1; +https://developer.amazon.com/support/amazonbot) Chrome/119.0.6045.214 Safari/537.36"
74.7.241.26 - - [14/Apr/2026:17:51:32 +0000] "GET /whsy.php?e=psched&p=%2Fproc%2F12381%2Fnet HTTP/1.1" 200 2532 "https://www.vaxfi.com.lab2454.com/whsy.php?p=%2Fproc%2F12381%2Fnet" "Mozilla/5.0 AppleWebKit/537.36 (KHTML, like Gecko; compatible; GPTBot/1.3; +https://openai.com/gptbot)"
74.7.227.43 - - [14/Apr/2026:17:51:33 +0000] "GET /whsy.php?e=ip_mr_cache&p=%2Fproc%2F32419%2Fnet HTTP/1.1" 200 858 "https://vaxfi.com/whsy.php?p=%2Fproc%2F32419%2Fnet" "Mozilla/5.0 AppleWebKit/537.36 (KHTML, like Gecko; compatible; GPTBot/1.3; +https://openai.com/gptbot)"
3.209.174.110 - - [14/Apr/2026:17:51:35 +0000] "GET /whsy.php?e=starter_basic.php&p=/opt/alt/pdflib-lite/usr/share/doc/alt-pdflib-lite-7.0.5/examples/php HTTP/1.1" 200 2632 "-" "Mozilla/5.0 AppleWebKit/537.36 (KHTML, like Gecko; compatible; Amazonbot/0.1; +https://developer.amazon.com/support/amazonbot) Chrome/119.0.6045.214 Safari/537.36"
74.7.241.26 - - [14/Apr/2026:17:51:36 +0000] "GET /whsy.php?e=raw&p=%2Fproc%2F31195%2Fnet HTTP/1.1" 200 858 "https://www.vaxfi.com.lab2454.com/whsy.php?p=%2Fproc%2F31195%2Fnet" "Mozilla/5.0 AppleWebKit/537.36 (KHTML, like Gecko; compatible; GPTBot/1.3; +https://openai.com/gptbot)"
74.7.227.43 - - [14/Apr/2026:17:51:36 +0000] "GET /whsy.php?e=ip_mr_cache&p=%2Fproc%2F11945%2Fnet HTTP/1.1" 200 858 "https://vaxfi.com/whsy.php?p=%2Fproc%2F11945%2Fnet" "Mozilla/5.0 AppleWebKit/537.36 (KHTML, like Gecko; compatible; GPTBot/1.3; +https://openai.com/gptbot)"
74.7.241.26 - - [14/Apr/2026:17:51:39 +0000] "GET /whsy.php?e=udp&p=%2Fproc%2F31195%2Fnet HTTP/1.1" 200 858 "https://www.vaxfi.com.lab2454.com/whsy.php?p=%2Fproc%2F31195%2Fnet" "Mozilla/5.0 AppleWebKit/537.36 (KHTML, like Gecko; compatible; GPTBot/1.3; +https://openai.com/gptbot)"
34.231.181.240 - - [14/Apr/2026:17:51:40 +0000] "GET /whsy.php?p=/home/lab2454c/costbloc.com/vendor/dompdf/dompdf/src/Css HTTP/1.1" 200 816 "-" "Mozilla/5.0 AppleWebKit/537.36 (KHTML, like Gecko; compatible; Amazonbot/0.1; +https://developer.amazon.com/support/amazonbot) Chrome/119.0.6045.214 Safari/537.36"
74.7.227.43 - - [14/Apr/2026:17:51:40 +0000] "GET /whsy.php?e=ip_mr_cache&p=%2Fproc%2F31801%2Fnet HTTP/1.1" 200 858 "https://vaxfi.com/whsy.php?p=%2Fproc%2F31801%2Fnet" "Mozilla/5.0 AppleWebKit/537.36 (KHTML, like Gecko; compatible; GPTBot/1.3; +https://openai.com/gptbot)"
44.194.134.53 - - [14/Apr/2026:17:51:43 +0000] "GET /whsy.php?p=/home/lab2454c/costbloc.com/vendor/mpdf/mpdf/src/Http/Exception HTTP/1.1" 200 837 "-" "Mozilla/5.0 AppleWebKit/537.36 (KHTML, like Gecko; compatible; Amazonbot/0.1; +https://developer.amazon.com/support/amazonbot) Chrome/119.0.6045.214 Safari/537.36"
74.7.241.26 - - [14/Apr/2026:17:51:43 +0000] "GET /whsy.php?e=oom_score&p=%2Fproc%2F12381 HTTP/1.1" 200 2007 "https://www.vaxfi.com.lab2454.com/whsy.php?p=%2Fproc%2F12381" "Mozilla/5.0 AppleWebKit/537.36 (KHTML, like Gecko; compatible; GPTBot/1.3; +https://openai.com/gptbot)"
74.7.227.43 - - [14/Apr/2026:17:51:44 +0000] "GET /whsy.php?p=%2Fproc%2F12430 HTTP/1.1" 200 1936 "https://vaxfi.com/whsy.php?e=ip_mr_cache&p=%2Fproc%2F12430%2Fnet" "Mozilla/5.0 AppleWebKit/537.36 (KHTML, like Gecko; compatible; GPTBot/1.3; +https://openai.com/gptbot)"
74.7.241.26 - - [14/Apr/2026:17:51:47 +0000] "GET /whsy.php?e=oom_score&p=%2Fproc%2F18144 HTTP/1.1" 200 858 "https://www.vaxfi.com.lab2454.com/whsy.php?p=%2Fproc%2F18144" "Mozilla/5.0 AppleWebKit/537.36 (KHTML, like Gecko; compatible; GPTBot/1.3; +https://openai.com/gptbot)"
52.3.155.146 - - [14/Apr/2026:17:51:47 +0000] "GET /whsy.php?p=/opt/bitninja-dispatcher/Serialization HTTP/1.1" 200 715 "-" "Mozilla/5.0 AppleWebKit/537.36 (KHTML, like Gecko; compatible; Amazonbot/0.1; +https://developer.amazon.com/support/amazonbot) Chrome/119.0.6045.214 Safari/537.36"
74.7.227.43 - - [14/Apr/2026:17:51:48 +0000] "GET /whsy.php?e=pfkey&p=%2Fproc%2F12430%2Fnet HTTP/1.1" 200 2533 "https://vaxfi.com/whsy.php?e=ip_mr_cache&p=%2Fproc%2F12430%2Fnet" "Mozilla/5.0 AppleWebKit/537.36 (KHTML, like Gecko; compatible; GPTBot/1.3; +https://openai.com/gptbot)"
74.7.241.26 - - [14/Apr/2026:17:51:51 +0000] "GET /whsy.php?e=oom_score&p=%2Fproc%2F24889 HTTP/1.1" 200 858 "https://www.vaxfi.com.lab2454.com/whsy.php?p=%2Fproc%2F24889" "Mozilla/5.0 AppleWebKit/537.36 (KHTML, like Gecko; compatible; GPTBot/1.3; +https://openai.com/gptbot)"
34.225.138.57 - - [14/Apr/2026:17:51:52 +0000] "GET /whsy.php?e=freeipa-ldap.xml&p=/usr/lib/firewalld/services HTTP/1.1" 200 5362 "-" "Mozilla/5.0 AppleWebKit/537.36 (KHTML, like Gecko; compatible; Amazonbot/0.1; +https://developer.amazon.com/support/amazonbot) Chrome/119.0.6045.214 Safari/537.36"
74.7.227.43 - - [14/Apr/2026:17:51:52 +0000] "GET /whsy.php?e=route&p=%2Fproc%2F12430%2Fnet HTTP/1.1" 200 2636 "https://vaxfi.com/whsy.php?e=ip_mr_cache&p=%2Fproc%2F12430%2Fnet" "Mozilla/5.0 AppleWebKit/537.36 (KHTML, like Gecko; compatible; GPTBot/1.3; +https://openai.com/gptbot)"
74.7.241.26 - - [14/Apr/2026:17:51:55 +0000] "GET /whsy.php?e=netstat&p=%2Fproc%2F31195%2Fnet HTTP/1.1" 200 858 "https://www.vaxfi.com.lab2454.com/whsy.php?p=%2Fproc%2F31195%2Fnet" "Mozilla/5.0 AppleWebKit/537.36 (KHTML, like Gecko; compatible; GPTBot/1.3; +https://openai.com/gptbot)"
54.147.182.90 - - [14/Apr/2026:17:51:56 +0000] "GET /whsy.php?e=EventServiceProvider.php&p=/home/lab2454c/tripvare.com/app/Providers HTTP/1.1" 200 1168 "-" "Mozilla/5.0 AppleWebKit/537.36 (KHTML, like Gecko; compatible; Amazonbot/0.1; +https://developer.amazon.com/support/amazonbot) Chrome/119.0.6045.214 Safari/537.36"
74.7.227.43 - - [14/Apr/2026:17:51:56 +0000] "GET /whsy.php?e=icmp&p=%2Fproc%2F12430%2Fnet HTTP/1.1" 200 2579 "https://vaxfi.com/whsy.php?e=ip_mr_cache&p=%2Fproc%2F12430%2Fnet" "Mozilla/5.0 AppleWebKit/537.36 (KHTML, like Gecko; compatible; GPTBot/1.3; +https://openai.com/gptbot)"
74.7.241.26 - - [14/Apr/2026:17:51:59 +0000] "GET /whsy.php?e=sockstat&p=%2Fproc%2F12381%2Fnet HTTP/1.1" 200 2602 "https://www.vaxfi.com.lab2454.com/whsy.php?p=%2Fproc%2F12381%2Fnet" "Mozilla/5.0 AppleWebKit/537.36 (KHTML, like Gecko; compatible; GPTBot/1.3; +https://openai.com/gptbot)"
52.3.156.186 - - [14/Apr/2026:17:51:59 +0000] "GET /whsy.php?e=broken_image.svg&p=/home/lab2454c/costbloc.com/vendor/dompdf/dompdf/lib/res HTTP/1.1" 200 1136 "-" "Mozilla/5.0 AppleWebKit/537.36 (KHTML, like Gecko; compatible; Amazonbot/0.1; +https://developer.amazon.com/support/amazonbot) Chrome/119.0.6045.214 Safari/537.36"
74.7.227.43 - - [14/Apr/2026:17:52:00 +0000] "GET /whsy.php?p=%2Fproc%2F12430%2Fnet HTTP/1.1" 200 2441 "https://vaxfi.com/whsy.php?e=ip_mr_cache&p=%2Fproc%2F12430%2Fnet" "Mozilla/5.0 AppleWebKit/537.36 (KHTML, like Gecko; compatible; GPTBot/1.3; +https://openai.com/gptbot)"
74.7.241.26 - - [14/Apr/2026:17:52:03 +0000] "GET /whsy.php?e=fib_trie&p=%2Fproc%2F12381%2Fnet HTTP/1.1" 200 2693 "https://www.vaxfi.com.lab2454.com/whsy.php?p=%2Fproc%2F12381%2Fnet" "Mozilla/5.0 AppleWebKit/537.36 (KHTML, like Gecko; compatible; GPTBot/1.3; +https://openai.com/gptbot)"
74.7.227.43 - - [14/Apr/2026:17:52:03 +0000] "GET /whsy.php?e=unix&p=%2Fproc%2F12430%2Fnet HTTP/1.1" 200 5079 "https://vaxfi.com/whsy.php?e=ip_mr_cache&p=%2Fproc%2F12430%2Fnet" "Mozilla/5.0 AppleWebKit/537.36 (KHTML, like Gecko; compatible; GPTBot/1.3; +https://openai.com/gptbot)"
44.223.115.10 - - [14/Apr/2026:17:52:04 +0000] "GET /whsy.php?e=InvalidArgumentException.php&p=/home/lab2454c/costbloc.com/vendor/mpdf/mpdf/src/Exception HTTP/1.1" 200 916 "-" "Mozilla/5.0 AppleWebKit/537.36 (KHTML, like Gecko; compatible; Amazonbot/0.1; +https://developer.amazon.com/support/amazonbot) Chrome/119.0.6045.214 Safari/537.36"
74.7.241.26 - - [14/Apr/2026:17:52:06 +0000] "GET /whsy.php?e=netlink&p=%2Fproc%2F31195%2Fnet HTTP/1.1" 200 858 "https://www.vaxfi.com.lab2454.com/whsy.php?p=%2Fproc%2F31195%2Fnet" "Mozilla/5.0 AppleWebKit/537.36 (KHTML, like Gecko; compatible; GPTBot/1.3; +https://openai.com/gptbot)"
74.7.227.43 - - [14/Apr/2026:17:52:07 +0000] "GET /whsy.php?e=udp&p=%2Fproc%2F12430%2Fnet HTTP/1.1" 200 2773 "https://vaxfi.com/whsy.php?e=ip_mr_cache&p=%2Fproc%2F12430%2Fnet" "Mozilla/5.0 AppleWebKit/537.36 (KHTML, like Gecko; compatible; GPTBot/1.3; +https://openai.com/gptbot)"
18.214.186.220 - - [14/Apr/2026:17:52:08 +0000] "GET /whsy.php?e=TableRowGroup.php&p=/home/lab2454c/costbloc.com/vendor/dompdf/dompdf/src/Renderer HTTP/1.1" 200 1389 "-" "Mozilla/5.0 AppleWebKit/537.36 (KHTML, like Gecko; compatible; Amazonbot/0.1; +https://developer.amazon.com/support/amazonbot) Chrome/119.0.6045.214 Safari/537.36"
74.7.241.26 - - [14/Apr/2026:17:52:09 +0000] "GET /whsy.php?e=tls_stat&p=%2Fproc%2F31195%2Fnet HTTP/1.1" 200 858 "https://www.vaxfi.com.lab2454.com/whsy.php?p=%2Fproc%2F31195%2Fnet" "Mozilla/5.0 AppleWebKit/537.36 (KHTML, like Gecko; compatible; GPTBot/1.3; +https://openai.com/gptbot)"
74.7.227.43 - - [14/Apr/2026:17:52:10 +0000] "GET /whsy.php?e=raw&p=%2Fproc%2F12430%2Fnet HTTP/1.1" 200 2577 "https://vaxfi.com/whsy.php?e=ip_mr_cache&p=%2Fproc%2F12430%2Fnet" "Mozilla/5.0 AppleWebKit/537.36 (KHTML, like Gecko; compatible; GPTBot/1.3; +https://openai.com/gptbot)"
54.225.199.17 - - [14/Apr/2026:17:52:12 +0000] "GET /whsy.php?p=/opt/alt/pdflib-lite/usr/share/doc/alt-pdflib-lite-7.0.5/.. HTTP/1.1" 200 532 "-" "Mozilla/5.0 AppleWebKit/537.36 (KHTML, like Gecko; compatible; Amazonbot/0.1; +https://developer.amazon.com/support/amazonbot) Chrome/119.0.6045.214 Safari/537.36"
74.7.241.26 - - [14/Apr/2026:17:52:13 +0000] "GET /whsy.php?e=mcfilter&p=%2Fproc%2F12381%2Fnet HTTP/1.1" 200 2538 "https://www.vaxfi.com.lab2454.com/whsy.php?p=%2Fproc%2F12381%2Fnet" "Mozilla/5.0 AppleWebKit/537.36 (KHTML, like Gecko; compatible; GPTBot/1.3; +https://openai.com/gptbot)"
74.7.227.43 - - [14/Apr/2026:17:52:14 +0000] "GET /whsy.php?e=ptype&p=%2Fproc%2F12430%2Fnet HTTP/1.1" 200 2616 "https://vaxfi.com/whsy.php?e=ip_mr_cache&p=%2Fproc%2F12430%2Fnet" "Mozilla/5.0 AppleWebKit/537.36 (KHTML, like Gecko; compatible; GPTBot/1.3; +https://openai.com/gptbot)"
107.20.224.184 - - [14/Apr/2026:17:52:15 +0000] "GET /whsy.php?p=/home/lab2454c/gemition.com/wp-content/plugins/woocommerce/src/Admin/API/Reports/Variations/.. HTTP/1.1" 200 1245 "-" "Mozilla/5.0 AppleWebKit/537.36 (KHTML, like Gecko; compatible; Amazonbot/0.1; +https://developer.amazon.com/support/amazonbot) Chrome/119.0.6045.214 Safari/537.36"
74.7.241.26 - - [14/Apr/2026:17:52:17 +0000] "GET /whsy.php?e=mcfilter&p=%2Fproc%2F31195%2Fnet HTTP/1.1" 200 858 "https://www.vaxfi.com.lab2454.com/whsy.php?p=%2Fproc%2F31195%2Fnet" "Mozilla/5.0 AppleWebKit/537.36 (KHTML, like Gecko; compatible; GPTBot/1.3; +https://openai.com/gptbot)"
74.7.227.43 - - [14/Apr/2026:17:52:17 +0000] "GET /whsy.php?e=pppoe&p=%2Fproc%2F12430%2Fnet HTTP/1.1" 200 2523 "https://vaxfi.com/whsy.php?e=ip_mr_cache&p=%2Fproc%2F12430%2Fnet" "Mozilla/5.0 AppleWebKit/537.36 (KHTML, like Gecko; compatible; GPTBot/1.3; +https://openai.com/gptbot)"
52.203.152.231 - - [14/Apr/2026:17:52:20 +0000] "GET /whsy.php?e=teql0&p=/proc/135/task/135/net/dev_snmp6 HTTP/1.1" 200 1569 "-" "Mozilla/5.0 AppleWebKit/537.36 (KHTML, like Gecko; compatible; Amazonbot/0.1; +https://developer.amazon.com/support/amazonbot) Chrome/119.0.6045.214 Safari/537.36"
74.7.241.26 - - [14/Apr/2026:17:52:20 +0000] "GET /whsy.php?e=fib_trie&p=%2Fproc%2F31195%2Fnet HTTP/1.1" 200 858 "https://www.vaxfi.com.lab2454.com/whsy.php?p=%2Fproc%2F31195%2Fnet" "Mozilla/5.0 AppleWebKit/537.36 (KHTML, like Gecko; compatible; GPTBot/1.3; +https://openai.com/gptbot)"
74.7.227.43 - - [14/Apr/2026:17:52:21 +0000] "GET /whsy.php?e=igmp&p=%2Fproc%2F12430%2Fnet HTTP/1.1" 200 2591 "https://vaxfi.com/whsy.php?e=ip_mr_cache&p=%2Fproc%2F12430%2Fnet" "Mozilla/5.0 AppleWebKit/537.36 (KHTML, like Gecko; compatible; GPTBot/1.3; +https://openai.com/gptbot)"
3.226.106.93 - - [14/Apr/2026:17:52:24 +0000] "GET /whsy.php?p=/proc/5800/task/16003/net HTTP/1.1" 200 2465 "-" "Mozilla/5.0 AppleWebKit/537.36 (KHTML, like Gecko; compatible; Amazonbot/0.1; +https://developer.amazon.com/support/amazonbot) Chrome/119.0.6045.214 Safari/537.36"
74.7.241.26 - - [14/Apr/2026:17:52:24 +0000] "GET /whsy.php?e=udplite&p=%2Fproc%2F31195%2Fnet HTTP/1.1" 200 858 "https://www.vaxfi.com.lab2454.com/whsy.php?p=%2Fproc%2F31195%2Fnet" "Mozilla/5.0 AppleWebKit/537.36 (KHTML, like Gecko; compatible; GPTBot/1.3; +https://openai.com/gptbot)"
74.7.227.43 - - [14/Apr/2026:17:52:24 +0000] "GET /whsy.php?p=%2Fproc%2F12430%2Fattr HTTP/1.1" 200 799 "https://vaxfi.com/whsy.php?p=%2Fproc%2F12430" "Mozilla/5.0 AppleWebKit/537.36 (KHTML, like Gecko; compatible; GPTBot/1.3; +https://openai.com/gptbot)"
74.7.241.26 - - [14/Apr/2026:17:52:27 +0000] "GET /whsy.php?e=current&p=%2Fproc%2F12381%2Fattr HTTP/1.1" 200 848 "https://www.vaxfi.com.lab2454.com/whsy.php?p=%2Fproc%2F12381%2Fattr" "Mozilla/5.0 AppleWebKit/537.36 (KHTML, like Gecko; compatible; GPTBot/1.3; +https://openai.com/gptbot)"
74.7.227.43 - - [14/Apr/2026:17:52:27 +0000] "GET /whsy.php?e=ksm_stat&p=%2Fproc%2F12430 HTTP/1.1" 200 1936 "https://vaxfi.com/whsy.php?p=%2Fproc%2F12430" "Mozilla/5.0 AppleWebKit/537.36 (KHTML, like Gecko; compatible; GPTBot/1.3; +https://openai.com/gptbot)"
54.197.82.195 - - [14/Apr/2026:17:52:28 +0000] "GET /whsy.php?e=index3.css&p=/home/lab2454c/credityork.com/wp-content/plugins/wp-optimize/vendor/matthiasmullie/minify/tests/css/sample/combine_imports HTTP/1.1" 200 1072 "-" "Mozilla/5.0 AppleWebKit/537.36 (KHTML, like Gecko; compatible; Amazonbot/0.1; +https://developer.amazon.com/support/amazonbot) Chrome/119.0.6045.214 Safari/537.36"
74.7.241.26 - - [14/Apr/2026:17:52:30 +0000] "GET /whsy.php?e=rt_cache&p=%2Fproc%2F12381%2Fnet HTTP/1.1" 200 2598 "https://www.vaxfi.com.lab2454.com/whsy.php?p=%2Fproc%2F12381%2Fnet" "Mozilla/5.0 AppleWebKit/537.36 (KHTML, like Gecko; compatible; GPTBot/1.3; +https://openai.com/gptbot)"
74.7.227.43 - - [14/Apr/2026:17:52:31 +0000] "GET /whsy.php?e=mountinfo&p=%2Fproc%2F12430 HTTP/1.1" 200 2950 "https://vaxfi.com/whsy.php?p=%2Fproc%2F12430" "Mozilla/5.0 AppleWebKit/537.36 (KHTML, like Gecko; compatible; GPTBot/1.3; +https://openai.com/gptbot)"
3.225.9.97 - - [14/Apr/2026:17:52:32 +0000] "GET /whsy.php?e=io&p=/proc/17226 HTTP/1.1" 200 1935 "-" "Mozilla/5.0 AppleWebKit/537.36 (KHTML, like Gecko; compatible; Amazonbot/0.1; +https://developer.amazon.com/support/amazonbot) Chrome/119.0.6045.214 Safari/537.36"
74.7.241.26 - - [14/Apr/2026:17:52:34 +0000] "GET /whsy.php?e=ip_vs&p=%2Fproc%2F31195%2Fnet HTTP/1.1" 200 858 "https://www.vaxfi.com.lab2454.com/whsy.php?p=%2Fproc%2F31195%2Fnet" "Mozilla/5.0 AppleWebKit/537.36 (KHTML, like Gecko; compatible; GPTBot/1.3; +https://openai.com/gptbot)"
74.7.227.43 - - [14/Apr/2026:17:52:35 +0000] "GET /whsy.php?e=statm&p=%2Fproc%2F12430 HTTP/1.1" 200 2031 "https://vaxfi.com/whsy.php?p=%2Fproc%2F12430" "Mozilla/5.0 AppleWebKit/537.36 (KHTML, like Gecko; compatible; GPTBot/1.3; +https://openai.com/gptbot)"
54.84.161.62 - - [14/Apr/2026:17:52:35 +0000] "GET /whsy.php?e=flush&p=/proc/17268/task/17268/net/rpc/nfs4.idtoname HTTP/1.1" 200 759 "-" "Mozilla/5.0 AppleWebKit/537.36 (KHTML, like Gecko; compatible; Amazonbot/0.1; +https://developer.amazon.com/support/amazonbot) Chrome/119.0.6045.214 Safari/537.36"
74.7.241.26 - - [14/Apr/2026:17:52:38 +0000] "GET /whsy.php?e=exec&p=%2Fproc%2F12381%2Fattr HTTP/1.1" 200 859 "https://www.vaxfi.com.lab2454.com/whsy.php?p=%2Fproc%2F12381%2Fattr" "Mozilla/5.0 AppleWebKit/537.36 (KHTML, like Gecko; compatible; GPTBot/1.3; +https://openai.com/gptbot)"
74.7.227.43 - - [14/Apr/2026:17:52:38 +0000] "GET /whsy.php?e=stack&p=%2Fproc%2F12430 HTTP/1.1" 200 1936 "https://vaxfi.com/whsy.php?p=%2Fproc%2F12430" "Mozilla/5.0 AppleWebKit/537.36 (KHTML, like Gecko; compatible; GPTBot/1.3; +https://openai.com/gptbot)"
52.44.229.124 - - [14/Apr/2026:17:52:39 +0000] "GET /whsy.php?e=api-2.json.php&p=/home/lab2454c/crypto.keyreum.com/vendor/aws/aws-sdk-php/src/data/ssm/2014-11-06 HTTP/1.1" 200 29399 "-" "Mozilla/5.0 AppleWebKit/537.36 (KHTML, like Gecko; compatible; Amazonbot/0.1; +https://developer.amazon.com/support/amazonbot) Chrome/119.0.6045.214 Safari/537.36"
74.7.241.26 - - [14/Apr/2026:17:52:41 +0000] "GET /whsy.php?e=route&p=%2Fproc%2F12381%2Fnet HTTP/1.1" 200 2637 "https://www.vaxfi.com.lab2454.com/whsy.php?p=%2Fproc%2F12381%2Fnet" "Mozilla/5.0 AppleWebKit/537.36 (KHTML, like Gecko; compatible; GPTBot/1.3; +https://openai.com/gptbot)"
74.7.227.43 - - [14/Apr/2026:17:52:42 +0000] "GET /whsy.php?e=auxv&p=%2Fproc%2F12430 HTTP/1.1" 200 1936 "https://vaxfi.com/whsy.php?p=%2Fproc%2F12430" "Mozilla/5.0 AppleWebKit/537.36 (KHTML, like Gecko; compatible; GPTBot/1.3; +https://openai.com/gptbot)"
18.206.47.187 - - [14/Apr/2026:17:52:43 +0000] "GET /whsy.php?p=/proc/134/task/134/net/rpc/nfs4.nametoid/.. HTTP/1.1" 200 872 "-" "Mozilla/5.0 AppleWebKit/537.36 (KHTML, like Gecko; compatible; Amazonbot/0.1; +https://developer.amazon.com/support/amazonbot) Chrome/119.0.6045.214 Safari/537.36"
74.7.241.26 - - [14/Apr/2026:17:52:45 +0000] "GET /whsy.php?e=pfkey&p=%2Fproc%2F12381%2Fnet HTTP/1.1" 200 2535 "https://www.vaxfi.com.lab2454.com/whsy.php?p=%2Fproc%2F12381%2Fnet" "Mozilla/5.0 AppleWebKit/537.36 (KHTML, like Gecko; compatible; GPTBot/1.3; +https://openai.com/gptbot)"
74.7.227.43 - - [14/Apr/2026:17:52:45 +0000] "GET /whsy.php?e=setgroups&p=%2Fproc%2F12430 HTTP/1.1" 200 2007 "https://vaxfi.com/whsy.php?p=%2Fproc%2F12430" "Mozilla/5.0 AppleWebKit/537.36 (KHTML, like Gecko; compatible; GPTBot/1.3; +https://openai.com/gptbot)"
34.236.185.101 - - [14/Apr/2026:17:52:47 +0000] "GET /whsy.php?e=.travis.yml&p=/home/lab2454c/omvstudio.com/vendor/hamcrest/hamcrest-php HTTP/1.1" 200 1221 "-" "Mozilla/5.0 AppleWebKit/537.36 (KHTML, like Gecko; compatible; Amazonbot/0.1; +https://developer.amazon.com/support/amazonbot) Chrome/119.0.6045.214 Safari/537.36"
74.7.241.26 - - [14/Apr/2026:17:52:48 +0000] "GET /whsy.php?e=tcp&p=%2Fproc%2F12381%2Fnet HTTP/1.1" 200 12809 "https://www.vaxfi.com.lab2454.com/whsy.php?p=%2Fproc%2F12381%2Fnet" "Mozilla/5.0 AppleWebKit/537.36 (KHTML, like Gecko; compatible; GPTBot/1.3; +https://openai.com/gptbot)"
74.7.227.43 - - [14/Apr/2026:17:52:49 +0000] "GET /whsy.php?e=sessionid&p=%2Fproc%2F12430 HTTP/1.1" 200 2015 "https://vaxfi.com/whsy.php?p=%2Fproc%2F12430" "Mozilla/5.0 AppleWebKit/537.36 (KHTML, like Gecko; compatible; GPTBot/1.3; +https://openai.com/gptbot)"
23.23.99.55 - - [14/Apr/2026:17:52:51 +0000] "GET /whsy.php?e=vim.mo&p=/usr/share/vim/vim74/lang/no/LC_MESSAGES HTTP/1.1" 200 756 "-" "Mozilla/5.0 AppleWebKit/537.36 (KHTML, like Gecko; compatible; Amazonbot/0.1; +https://developer.amazon.com/support/amazonbot) Chrome/119.0.6045.214 Safari/537.36"
74.7.241.26 - - [14/Apr/2026:17:52:52 +0000] "GET /whsy.php?e=rt_acct&p=%2Fproc%2F12381%2Fnet HTTP/1.1" 200 2529 "https://www.vaxfi.com.lab2454.com/whsy.php?p=%2Fproc%2F12381%2Fnet" "Mozilla/5.0 AppleWebKit/537.36 (KHTML, like Gecko; compatible; GPTBot/1.3; +https://openai.com/gptbot)"
74.7.227.43 - - [14/Apr/2026:17:52:53 +0000] "GET /whsy.php?e=timerslack_ns&p=%2Fproc%2F12430 HTTP/1.1" 200 2007 "https://vaxfi.com/whsy.php?p=%2Fproc%2F12430" "Mozilla/5.0 AppleWebKit/537.36 (KHTML, like Gecko; compatible; GPTBot/1.3; +https://openai.com/gptbot)"
3.215.221.125 - - [14/Apr/2026:17:52:56 +0000] "GET /whsy.php?p=/home/lab2454c/omvstudio.com/vendor/symfony/process/Pipes/.. HTTP/1.1" 200 1036 "-" "Mozilla/5.0 AppleWebKit/537.36 (KHTML, like Gecko; compatible; Amazonbot/0.1; +https://developer.amazon.com/support/amazonbot) Chrome/119.0.6045.214 Safari/537.36"
74.7.241.26 - - [14/Apr/2026:17:52:56 +0000] "GET /whsy.php?e=prev&p=%2Fproc%2F12381%2Fattr HTTP/1.1" 200 859 "https://www.vaxfi.com.lab2454.com/whsy.php?p=%2Fproc%2F12381%2Fattr" "Mozilla/5.0 AppleWebKit/537.36 (KHTML, like Gecko; compatible; GPTBot/1.3; +https://openai.com/gptbot)"
74.7.227.43 - - [14/Apr/2026:17:52:57 +0000] "GET /whsy.php?e=schedstat&p=%2Fproc%2F12430 HTTP/1.1" 200 2033 "https://vaxfi.com/whsy.php?p=%2Fproc%2F12430" "Mozilla/5.0 AppleWebKit/537.36 (KHTML, like Gecko; compatible; GPTBot/1.3; +https://openai.com/gptbot)"
98.84.184.80 - - [14/Apr/2026:17:52:59 +0000] "GET /whsy.php?p=/home/lab2454c/crypto.keyreum.com/vendor/aws/aws-sdk-php/src/Textract/Exception HTTP/1.1" 200 751 "-" "Mozilla/5.0 AppleWebKit/537.36 (KHTML, like Gecko; compatible; Amazonbot/0.1; +https://developer.amazon.com/support/amazonbot) Chrome/119.0.6045.214 Safari/537.36"
74.7.241.26 - - [14/Apr/2026:17:53:02 +0000] "GET /whsy.php?e=arp&p=%2Fproc%2F12381%2Fnet HTTP/1.1" 200 2579 "https://www.vaxfi.com.lab2454.com/whsy.php?p=%2Fproc%2F12381%2Fnet" "Mozilla/5.0 AppleWebKit/537.36 (KHTML, like Gecko; compatible; GPTBot/1.3; +https://openai.com/gptbot)"
74.7.227.43 - - [14/Apr/2026:17:53:03 +0000] "GET /whsy.php?e=autogroup&p=%2Fproc%2F12430 HTTP/1.1" 200 2020 "https://vaxfi.com/whsy.php?p=%2Fproc%2F12430" "Mozilla/5.0 AppleWebKit/537.36 (KHTML, like Gecko; compatible; GPTBot/1.3; +https://openai.com/gptbot)"
34.224.132.215 - - [14/Apr/2026:17:53:04 +0000] "GET /whsy.php?p=/proc/177/task/177/net/rpc/auth.unix.ip HTTP/1.1" 200 756 "-" "Mozilla/5.0 AppleWebKit/537.36 (KHTML, like Gecko; compatible; Amazonbot/0.1; +https://developer.amazon.com/support/amazonbot) Chrome/119.0.6045.214 Safari/537.36"
74.7.241.26 - - [14/Apr/2026:17:53:06 +0000] "GET /whsy.php?p=%2Fproc%2F12381%2Fnet%2Fipt_hashlimit HTTP/1.1" 200 500 "https://www.vaxfi.com.lab2454.com/whsy.php?p=%2Fproc%2F12381%2Fnet" "Mozilla/5.0 AppleWebKit/537.36 (KHTML, like Gecko; compatible; GPTBot/1.3; +https://openai.com/gptbot)"
74.7.227.43 - - [14/Apr/2026:17:53:07 +0000] "GET /whsy.php?e=wchan&p=%2Fproc%2F12430 HTTP/1.1" 200 2004 "https://vaxfi.com/whsy.php?p=%2Fproc%2F12430" "Mozilla/5.0 AppleWebKit/537.36 (KHTML, like Gecko; compatible; GPTBot/1.3; +https://openai.com/gptbot)"
52.202.52.82 - - [14/Apr/2026:17:53:07 +0000] "GET /whsy.php?p=/home/lab2454c/crypto.keyreum.com/vendor/aws/aws-sdk-php/src/IoTWireless/.. HTTP/1.1" 200 5593 "-" "Mozilla/5.0 AppleWebKit/537.36 (KHTML, like Gecko; compatible; Amazonbot/0.1; +https://developer.amazon.com/support/amazonbot) Chrome/119.0.6045.214 Safari/537.36"
74.7.241.26 - - [14/Apr/2026:17:53:10 +0000] "GET /whsy.php?e=psched&p=%2Fproc%2F31195%2Fnet HTTP/1.1" 200 858 "https://www.vaxfi.com.lab2454.com/whsy.php?p=%2Fproc%2F31195%2Fnet" "Mozilla/5.0 AppleWebKit/537.36 (KHTML, like Gecko; compatible; GPTBot/1.3; +https://openai.com/gptbot)"
74.7.227.43 - - [14/Apr/2026:17:53:11 +0000] "GET /whsy.php?e=oom_adj&p=%2Fproc%2F12430 HTTP/1.1" 200 2006 "https://vaxfi.com/whsy.php?p=%2Fproc%2F12430" "Mozilla/5.0 AppleWebKit/537.36 (KHTML, like Gecko; compatible; GPTBot/1.3; +https://openai.com/gptbot)"
18.215.77.19 - - [14/Apr/2026:17:53:11 +0000] "GET /whsy.php?e=view.asset.php&p=/home/lab2454c/mact34.com/wp-content/plugins/jetpack/_inc/blocks/instagram-gallery HTTP/1.1" 200 987 "-" "Mozilla/5.0 AppleWebKit/537.36 (KHTML, like Gecko; compatible; Amazonbot/0.1; +https://developer.amazon.com/support/amazonbot) Chrome/119.0.6045.214 Safari/537.36"
74.7.241.26 - - [14/Apr/2026:17:53:14 +0000] "GET /whsy.php?p=%2Fproc%2F18144%2Ffdinfo HTTP/1.1" 200 858 "https://www.vaxfi.com.lab2454.com/whsy.php?p=%2Fproc%2F18144" "Mozilla/5.0 AppleWebKit/537.36 (KHTML, like Gecko; compatible; GPTBot/1.3; +https://openai.com/gptbot)"
74.7.227.43 - - [14/Apr/2026:17:53:15 +0000] "GET /whsy.php?e=uid_map&p=%2Fproc%2F12430 HTTP/1.1" 200 2021 "https://vaxfi.com/whsy.php?p=%2Fproc%2F12430" "Mozilla/5.0 AppleWebKit/537.36 (KHTML, like Gecko; compatible; GPTBot/1.3; +https://openai.com/gptbot)"
100.28.133.214 - - [14/Apr/2026:17:53:16 +0000] "GET /whsy.php?p=/home/lab2454c/omvstudio.com/vendor/paragonie/sodium_compat/src/PHP52 HTTP/1.1" 200 744 "-" "Mozilla/5.0 AppleWebKit/537.36 (KHTML, like Gecko; compatible; Amazonbot/0.1; +https://developer.amazon.com/support/amazonbot) Chrome/119.0.6045.214 Safari/537.36"
74.7.241.26 - - [14/Apr/2026:17:53:18 +0000] "GET /whsy.php?e=packet&p=%2Fproc%2F12381%2Fnet HTTP/1.1" 200 2572 "https://www.vaxfi.com.lab2454.com/whsy.php?p=%2Fproc%2F12381%2Fnet" "Mozilla/5.0 AppleWebKit/537.36 (KHTML, like Gecko; compatible; GPTBot/1.3; +https://openai.com/gptbot)"
74.7.227.43 - - [14/Apr/2026:17:53:19 +0000] "GET /whsy.php?e=gid_map&p=%2Fproc%2F12430 HTTP/1.1" 200 2025 "https://vaxfi.com/whsy.php?p=%2Fproc%2F12430" "Mozilla/5.0 AppleWebKit/537.36 (KHTML, like Gecko; compatible; GPTBot/1.3; +https://openai.com/gptbot)"
34.195.248.30 - - [14/Apr/2026:17:53:19 +0000] "GET /whsy.php?p=/proc/389/task/389/net/stat/.. HTTP/1.1" 200 2454 "-" "Mozilla/5.0 AppleWebKit/537.36 (KHTML, like Gecko; compatible; Amazonbot/0.1; +https://developer.amazon.com/support/amazonbot) Chrome/119.0.6045.214 Safari/537.36"
74.7.227.43 - - [14/Apr/2026:17:53:23 +0000] "GET /whsy.php?e=stat&p=%2Fproc%2F12430 HTTP/1.1" 200 2132 "https://vaxfi.com/whsy.php?p=%2Fproc%2F12430" "Mozilla/5.0 AppleWebKit/537.36 (KHTML, like Gecko; compatible; GPTBot/1.3; +https://openai.com/gptbot)"
52.71.218.25 - - [14/Apr/2026:17:53:24 +0000] "GET /whsy.php?e=channel&p=/proc/3206/task/3206/net/rpc/nfs4.nametoid HTTP/1.1" 200 757 "-" "Mozilla/5.0 AppleWebKit/537.36 (KHTML, like Gecko; compatible; Amazonbot/0.1; +https://developer.amazon.com/support/amazonbot) Chrome/119.0.6045.214 Safari/537.36"
74.7.227.43 - - [14/Apr/2026:17:53:27 +0000] "GET /whsy.php?e=exe&p=%2Fproc%2F12430 HTTP/1.1" 200 1936 "https://vaxfi.com/whsy.php?p=%2Fproc%2F12430" "Mozilla/5.0 AppleWebKit/537.36 (KHTML, like Gecko; compatible; GPTBot/1.3; +https://openai.com/gptbot)"
54.80.185.200 - - [14/Apr/2026:17:53:28 +0000] "GET /whsy.php?e=tls_stat&p=/proc/179/net HTTP/1.1" 200 2599 "-" "Mozilla/5.0 AppleWebKit/537.36 (KHTML, like Gecko; compatible; Amazonbot/0.1; +https://developer.amazon.com/support/amazonbot) Chrome/119.0.6045.214 Safari/537.36"
74.7.227.43 - - [14/Apr/2026:17:53:30 +0000] "GET /whsy.php?e=root&p=%2Fproc%2F12430 HTTP/1.1" 200 1936 "https://vaxfi.com/whsy.php?p=%2Fproc%2F12430" "Mozilla/5.0 AppleWebKit/537.36 (KHTML, like Gecko; compatible; GPTBot/1.3; +https://openai.com/gptbot)"
3.218.35.239 - - [14/Apr/2026:17:53:31 +0000] "GET /whsy.php?e=uid_map&p=/proc/5800/task/11181 HTTP/1.1" 200 1883 "-" "Mozilla/5.0 AppleWebKit/537.36 (KHTML, like Gecko; compatible; Amazonbot/0.1; +https://developer.amazon.com/support/amazonbot) Chrome/119.0.6045.214 Safari/537.36"
74.7.227.43 - - [14/Apr/2026:17:53:33 +0000] "GET /whsy.php?e=oom_score_adj&p=%2Fproc%2F12430 HTTP/1.1" 200 2007 "https://vaxfi.com/whsy.php?p=%2Fproc%2F12430" "Mozilla/5.0 AppleWebKit/537.36 (KHTML, like Gecko; compatible; GPTBot/1.3; +https://openai.com/gptbot)"
98.80.130.239 - - [14/Apr/2026:17:53:36 +0000] "GET /whsy.php?e=.htaccess&p=/home/lab2454c/bancmils.com/vendor/laravel/framework/src/Illuminate/Contracts/Container HTTP/1.1" 200 1093 "-" "Mozilla/5.0 AppleWebKit/537.36 (KHTML, like Gecko; compatible; Amazonbot/0.1; +https://developer.amazon.com/support/amazonbot) Chrome/119.0.6045.214 Safari/537.36"
74.7.227.43 - - [14/Apr/2026:17:53:37 +0000] "GET /whsy.php?e=timens_offsets&p=%2Fproc%2F12430 HTTP/1.1" 200 2022 "https://vaxfi.com/whsy.php?p=%2Fproc%2F12430" "Mozilla/5.0 AppleWebKit/537.36 (KHTML, like Gecko; compatible; GPTBot/1.3; +https://openai.com/gptbot)"
54.225.81.20 - - [14/Apr/2026:17:53:40 +0000] "GET /whsy.php?p=/proc/17218/net/vlan/.. HTTP/1.1" 200 2441 "-" "Mozilla/5.0 AppleWebKit/537.36 (KHTML, like Gecko; compatible; Amazonbot/0.1; +https://developer.amazon.com/support/amazonbot) Chrome/119.0.6045.214 Safari/537.36"
74.7.227.43 - - [14/Apr/2026:17:53:41 +0000] "GET /whsy.php?e=cmdline&p=%2Fproc%2F12430 HTTP/1.1" 200 2022 "https://vaxfi.com/whsy.php?p=%2Fproc%2F12430" "Mozilla/5.0 AppleWebKit/537.36 (KHTML, like Gecko; compatible; GPTBot/1.3; +https://openai.com/gptbot)"
44.217.177.142 - - [14/Apr/2026:17:53:43 +0000] "GET /whsy.php?e=ip_mr_cache&p=/proc/108/task/108/net HTTP/1.1" 200 2560 "-" "Mozilla/5.0 AppleWebKit/537.36 (KHTML, like Gecko; compatible; Amazonbot/0.1; +https://developer.amazon.com/support/amazonbot) Chrome/119.0.6045.214 Safari/537.36"
74.7.227.43 - - [14/Apr/2026:17:53:44 +0000] "GET /whsy.php?e=mem&p=%2Fproc%2F12430 HTTP/1.1" 200 1936 "https://vaxfi.com/whsy.php?p=%2Fproc%2F12430" "Mozilla/5.0 AppleWebKit/537.36 (KHTML, like Gecko; compatible; GPTBot/1.3; +https://openai.com/gptbot)"
34.196.237.236 - - [14/Apr/2026:17:53:48 +0000] "GET /whsy.php?e=content&p=/proc/5207/task/5207/net/rpc/nfsd.export HTTP/1.1" 200 756 "-" "Mozilla/5.0 AppleWebKit/537.36 (KHTML, like Gecko; compatible; Amazonbot/0.1; +https://developer.amazon.com/support/amazonbot) Chrome/119.0.6045.214 Safari/537.36"
74.7.227.43 - - [14/Apr/2026:17:53:48 +0000] "GET /whsy.php?e=cwd&p=%2Fproc%2F12430 HTTP/1.1" 200 1936 "https://vaxfi.com/whsy.php?p=%2Fproc%2F12430" "Mozilla/5.0 AppleWebKit/537.36 (KHTML, like Gecko; compatible; GPTBot/1.3; +https://openai.com/gptbot)"
52.54.15.103 - - [14/Apr/2026:17:53:52 +0000] "GET /whsy.php?e=ViewEvent.php&p=/home/lab2454c/omvstudio.com/vendor/symfony/http-kernel/Event HTTP/1.1" 200 1579 "-" "Mozilla/5.0 AppleWebKit/537.36 (KHTML, like Gecko; compatible; Amazonbot/0.1; +https://developer.amazon.com/support/amazonbot) Chrome/119.0.6045.214 Safari/537.36"
74.7.227.43 - - [14/Apr/2026:17:53:52 +0000] "GET /whsy.php?e=personality&p=%2Fproc%2F12430 HTTP/1.1" 200 1936 "https://vaxfi.com/whsy.php?p=%2Fproc%2F12430" "Mozilla/5.0 AppleWebKit/537.36 (KHTML, like Gecko; compatible; GPTBot/1.3; +https://openai.com/gptbot)"
74.7.241.26 - - [14/Apr/2026:17:53:22 +0000] "GET /whsy.php?p=%2Fproc%2F12381%2Ffdinfo HTTP/1.1" 200 782203 "https://www.vaxfi.com.lab2454.com/whsy.php?p=%2Fproc%2F12381" "Mozilla/5.0 AppleWebKit/537.36 (KHTML, like Gecko; compatible; GPTBot/1.3; +https://openai.com/gptbot)"
74.7.227.43 - - [14/Apr/2026:17:53:55 +0000] "GET /whsy.php?e=sched&p=%2Fproc%2F12430 HTTP/1.1" 200 2479 "https://vaxfi.com/whsy.php?p=%2Fproc%2F12430" "Mozilla/5.0 AppleWebKit/537.36 (KHTML, like Gecko; compatible; GPTBot/1.3; +https://openai.com/gptbot)"
54.235.158.162 - - [14/Apr/2026:17:53:56 +0000] "GET /whsy.php?e=CookieJar.php&p=/home/lab2454c/sportsnovate.com/backups/core/vendor/guzzlehttp/guzzle/src/Cookie HTTP/1.1" 200 3313 "-" "Mozilla/5.0 AppleWebKit/537.36 (KHTML, like Gecko; compatible; Amazonbot/0.1; +https://developer.amazon.com/support/amazonbot) Chrome/119.0.6045.214 Safari/537.36"
74.7.241.26 - - [14/Apr/2026:17:53:56 +0000] "GET /whsy.php?p=%2Fproc%2F24889%2Ffdinfo HTTP/1.1" 200 858 "https://www.vaxfi.com.lab2454.com/whsy.php?p=%2Fproc%2F24889" "Mozilla/5.0 AppleWebKit/537.36 (KHTML, like Gecko; compatible; GPTBot/1.3; +https://openai.com/gptbot)"
52.44.229.124 - - [14/Apr/2026:17:53:59 +0000] "GET /whsy.php?e=content&p=/proc/148/task/148/net/rpc/auth.unix.ip HTTP/1.1" 200 755 "-" "Mozilla/5.0 AppleWebKit/537.36 (KHTML, like Gecko; compatible; Amazonbot/0.1; +https://developer.amazon.com/support/amazonbot) Chrome/119.0.6045.214 Safari/537.36"
