74.7.241.175 - - [14/Apr/2026:21:55:49 +0000] "GET /robots.txt HTTP/1.1" 404 - "-" "Mozilla/5.0 (Macintosh; Intel Mac OS X 10_15_7) AppleWebKit/537.36 (KHTML, like Gecko) Chrome/131.0.0.0 Safari/537.36; compatible; OAI-SearchBot/1.3; robots.txt; +https://openai.com/searchbot"
74.7.243.197 - - [14/Apr/2026:21:55:52 +0000] "GET /whsy.php?e=prev&p=%2Fproc%2F1560%2Fattr HTTP/1.1" 200 942 "http://shakalar.com/whsy.php?p=%2Fproc%2F1560%2Fattr" "Mozilla/5.0 AppleWebKit/537.36 (KHTML, like Gecko; compatible; GPTBot/1.3; +https://openai.com/gptbot)"
144.76.19.75 - - [14/Apr/2026:21:55:55 +0000] "GET /whsy.php?p=/usr/share/locale/myv HTTP/1.1" 200 515 "-" "Mozilla/5.0 (compatible; SERankingBacklinksBot/1.0; +https://seranking.com/backlinks-crawler)"
74.7.243.197 - - [14/Apr/2026:21:55:56 +0000] "GET /whsy.php?p=%2Fproc%2F19467%2F.. HTTP/1.1" 200 3791 "http://shakalar.com/whsy.php?p=%2Fproc%2F19467" "Mozilla/5.0 AppleWebKit/537.36 (KHTML, like Gecko; compatible; GPTBot/1.3; +https://openai.com/gptbot)"
144.76.19.75 - - [14/Apr/2026:21:55:59 +0000] "GET /whsy.php?e=igmp6&p=/proc/148/net HTTP/1.1" 200 2719 "-" "Mozilla/5.0 (compatible; SERankingBacklinksBot/1.0; +https://seranking.com/backlinks-crawler)"
74.7.243.197 - - [14/Apr/2026:21:56:00 +0000] "GET /whsy.php?p=%2Fproc%2F9246%2Ftask%2F9198%2Fnet%2Frpc%2Fnfs4.idtoname HTTP/1.1" 200 763 "http://shakalar.com/whsy.php?p=%2Fproc%2F9246%2Ftask%2F9198%2Fnet%2Frpc" "Mozilla/5.0 AppleWebKit/537.36 (KHTML, like Gecko; compatible; GPTBot/1.3; +https://openai.com/gptbot)"
74.7.243.197 - - [14/Apr/2026:21:56:04 +0000] "GET /whsy.php?p=%2Fproc%2F9246%2Ftask%2F9198%2Fnet%2Frpc%2Fnfs4.nametoid HTTP/1.1" 200 763 "http://shakalar.com/whsy.php?p=%2Fproc%2F9246%2Ftask%2F9198%2Fnet%2Frpc" "Mozilla/5.0 AppleWebKit/537.36 (KHTML, like Gecko; compatible; GPTBot/1.3; +https://openai.com/gptbot)"
74.7.241.0 - - [14/Apr/2026:21:56:04 +0000] "GET /whsy.php?p=%2Fhome%2Flab2454c%2Fmact34.com%2Fwp-content%2Fplugins%2Fwpforms%2Fpro HTTP/1.1" 200 752 "http://www.shakalar.com.lab2454.com/whsy.php?p=%2Fhome%2Flab2454c%2Fmact34.com%2Fwp-content%2Fplugins%2Fwpforms" "Mozilla/5.0 AppleWebKit/537.36 (KHTML, like Gecko; compatible; GPTBot/1.3; +https://openai.com/gptbot)"
144.76.19.75 - - [14/Apr/2026:21:56:06 +0000] "GET /whsy.php?e=igmp6&p=/proc/149/net HTTP/1.1" 200 2720 "-" "Mozilla/5.0 (compatible; SERankingBacklinksBot/1.0; +https://seranking.com/backlinks-crawler)"
74.7.243.197 - - [14/Apr/2026:21:56:07 +0000] "GET /whsy.php?p=%2Fproc%2F9246%2Ftask%2F9198%2Fnet%2Frpc%2Fnfsd.export HTTP/1.1" 200 762 "http://shakalar.com/whsy.php?p=%2Fproc%2F9246%2Ftask%2F9198%2Fnet%2Frpc" "Mozilla/5.0 AppleWebKit/537.36 (KHTML, like Gecko; compatible; GPTBot/1.3; +https://openai.com/gptbot)"
144.76.19.75 - - [14/Apr/2026:21:56:09 +0000] "GET /whsy.php?p=/usr/share/locale/nah HTTP/1.1" 200 513 "-" "Mozilla/5.0 (compatible; SERankingBacklinksBot/1.0; +https://seranking.com/backlinks-crawler)"
74.7.243.197 - - [14/Apr/2026:21:56:11 +0000] "GET /whsy.php?p=%2Fproc%2F9246%2Ftask%2F9198%2Fnet%2Frpc%2Fauth.rpcsec.init HTTP/1.1" 200 736 "http://shakalar.com/whsy.php?p=%2Fproc%2F9246%2Ftask%2F9198%2Fnet%2Frpc" "Mozilla/5.0 AppleWebKit/537.36 (KHTML, like Gecko; compatible; GPTBot/1.3; +https://openai.com/gptbot)"
74.7.243.197 - - [14/Apr/2026:21:56:15 +0000] "GET /whsy.php?p=%2Fproc%2F9246%2Ftask%2F9198%2Fnet%2Frpc%2Fauth.unix.gid HTTP/1.1" 200 764 "http://shakalar.com/whsy.php?p=%2Fproc%2F9246%2Ftask%2F9198%2Fnet%2Frpc" "Mozilla/5.0 AppleWebKit/537.36 (KHTML, like Gecko; compatible; GPTBot/1.3; +https://openai.com/gptbot)"
74.7.241.0 - - [14/Apr/2026:21:56:16 +0000] "GET /whsy.php?p=%2Fhome%2Flab2454c%2Fmact34.com%2Fwp-content%2Fplugins%2Fwpforms%2Fsrc%2FPro HTTP/1.1" 200 797 "http://www.shakalar.com.lab2454.com/whsy.php?p=%2Fhome%2Flab2454c%2Fmact34.com%2Fwp-content%2Fplugins%2Fwpforms%2Fsrc" "Mozilla/5.0 AppleWebKit/537.36 (KHTML, like Gecko; compatible; GPTBot/1.3; +https://openai.com/gptbot)"
144.76.19.75 - - [14/Apr/2026:21:56:16 +0000] "GET /whsy.php?p=/usr/share/locale/nai HTTP/1.1" 200 513 "-" "Mozilla/5.0 (compatible; SERankingBacklinksBot/1.0; +https://seranking.com/backlinks-crawler)"
74.7.243.197 - - [14/Apr/2026:21:56:19 +0000] "GET /whsy.php?p=%2Fproc%2F9246%2Ftask%2F9198%2Fnet%2Frpc%2Fauth.rpcsec.context HTTP/1.1" 200 737 "http://shakalar.com/whsy.php?p=%2Fproc%2F9246%2Ftask%2F9198%2Fnet%2Frpc" "Mozilla/5.0 AppleWebKit/537.36 (KHTML, like Gecko; compatible; GPTBot/1.3; +https://openai.com/gptbot)"
144.76.19.75 - - [14/Apr/2026:21:56:19 +0000] "GET /whsy.php?e=igmp6&p=/proc/150/net HTTP/1.1" 200 2719 "-" "Mozilla/5.0 (compatible; SERankingBacklinksBot/1.0; +https://seranking.com/backlinks-crawler)"
74.7.243.197 - - [14/Apr/2026:21:56:23 +0000] "GET /whsy.php?p=%2Fproc%2F9246%2Ftask%2F9198%2Fnet%2Frpc%2Fauth.unix.ip HTTP/1.1" 200 764 "http://shakalar.com/whsy.php?p=%2Fproc%2F9246%2Ftask%2F9198%2Fnet%2Frpc" "Mozilla/5.0 AppleWebKit/537.36 (KHTML, like Gecko; compatible; GPTBot/1.3; +https://openai.com/gptbot)"
74.7.243.197 - - [14/Apr/2026:21:56:27 +0000] "GET /whsy.php?p=%2Fproc%2F9246%2Ftask%2F9198%2Fnet%2Frpc%2Fnfsd.fh HTTP/1.1" 200 759 "http://shakalar.com/whsy.php?p=%2Fproc%2F9246%2Ftask%2F9198%2Fnet%2Frpc" "Mozilla/5.0 AppleWebKit/537.36 (KHTML, like Gecko; compatible; GPTBot/1.3; +https://openai.com/gptbot)"
74.7.241.0 - - [14/Apr/2026:21:56:27 +0000] "GET /whsy.php?e=changelog.txt&p=%2Fhome%2Flab2454c%2Fnetxzero.com%2Fwp-content%2Fplugins%2Fall-in-one-wp-migration-master HTTP/1.1" 200 5054 "http://www.shakalar.com.lab2454.com/whsy.php?p=%2Fhome%2Flab2454c%2Fnetxzero.com%2Fwp-content%2Fplugins%2Fall-in-one-wp-migration-master" "Mozilla/5.0 AppleWebKit/537.36 (KHTML, like Gecko; compatible; GPTBot/1.3; +https://openai.com/gptbot)"
74.7.243.197 - - [14/Apr/2026:21:56:30 +0000] "GET /whsy.php?p=%2Fproc%2F18751%2F.. HTTP/1.1" 200 942 "http://shakalar.com/whsy.php?p=%2Fproc%2F18751" "Mozilla/5.0 AppleWebKit/537.36 (KHTML, like Gecko; compatible; GPTBot/1.3; +https://openai.com/gptbot)"
144.76.19.75 - - [14/Apr/2026:21:56:33 +0000] "GET /whsy.php?e=igmp6&p=/proc/151/net HTTP/1.1" 200 2719 "-" "Mozilla/5.0 (compatible; SERankingBacklinksBot/1.0; +https://seranking.com/backlinks-crawler)"
74.7.243.197 - - [14/Apr/2026:21:56:34 +0000] "GET /whsy.php?p=%2Fproc%2F19433%2F.. HTTP/1.1" 200 942 "http://shakalar.com/whsy.php?p=%2Fproc%2F19433" "Mozilla/5.0 AppleWebKit/537.36 (KHTML, like Gecko; compatible; GPTBot/1.3; +https://openai.com/gptbot)"
144.76.19.75 - - [14/Apr/2026:21:56:36 +0000] "GET /whsy.php?p=/usr/share/locale/nap HTTP/1.1" 200 513 "-" "Mozilla/5.0 (compatible; SERankingBacklinksBot/1.0; +https://seranking.com/backlinks-crawler)"
74.7.243.197 - - [14/Apr/2026:21:56:38 +0000] "GET /whsy.php?p=%2Fproc%2F11710 HTTP/1.1" 200 1935 "http://shakalar.com/whsy.php?p=%2Fproc%2F19467%2F.." "Mozilla/5.0 AppleWebKit/537.36 (KHTML, like Gecko; compatible; GPTBot/1.3; +https://openai.com/gptbot)"
74.7.243.197 - - [14/Apr/2026:21:56:42 +0000] "GET /whsy.php?e=content&p=%2Fproc%2F9246%2Ftask%2F9198%2Fnet%2Frpc%2Fnfs4.idtoname HTTP/1.1" 200 763 "http://shakalar.com/whsy.php?p=%2Fproc%2F9246%2Ftask%2F9198%2Fnet%2Frpc%2Fnfs4.idtoname" "Mozilla/5.0 AppleWebKit/537.36 (KHTML, like Gecko; compatible; GPTBot/1.3; +https://openai.com/gptbot)"
144.76.19.75 - - [14/Apr/2026:21:56:43 +0000] "GET /whsy.php?p=/usr/share/locale/nds HTTP/1.1" 200 513 "-" "Mozilla/5.0 (compatible; SERankingBacklinksBot/1.0; +https://seranking.com/backlinks-crawler)"
74.7.243.197 - - [14/Apr/2026:21:56:46 +0000] "GET /whsy.php?p=%2Fproc%2F17106 HTTP/1.1" 200 1936 "http://shakalar.com/whsy.php?p=%2Fproc%2F19467%2F.." "Mozilla/5.0 AppleWebKit/537.36 (KHTML, like Gecko; compatible; GPTBot/1.3; +https://openai.com/gptbot)"
74.7.241.0 - - [14/Apr/2026:21:56:46 +0000] "GET /whsy.php?p=%2Fhome%2Flab2454c%2Fmact34.com%2Fwp-content%2Fplugins%2Fwpforms%2Fpro%2Fincludes HTTP/1.1" 200 909 "http://www.shakalar.com.lab2454.com/whsy.php?p=%2Fhome%2Flab2454c%2Fmact34.com%2Fwp-content%2Fplugins%2Fwpforms%2Fpro" "Mozilla/5.0 AppleWebKit/537.36 (KHTML, like Gecko; compatible; GPTBot/1.3; +https://openai.com/gptbot)"
144.76.19.75 - - [14/Apr/2026:21:56:47 +0000] "GET /whsy.php?e=igmp6&p=/proc/152/net HTTP/1.1" 200 2719 "-" "Mozilla/5.0 (compatible; SERankingBacklinksBot/1.0; +https://seranking.com/backlinks-crawler)"
74.7.243.197 - - [14/Apr/2026:21:56:50 +0000] "GET /whsy.php?p=%2Fproc%2F12750 HTTP/1.1" 200 942 "http://shakalar.com/whsy.php?p=%2Fproc%2F19467%2F.." "Mozilla/5.0 AppleWebKit/537.36 (KHTML, like Gecko; compatible; GPTBot/1.3; +https://openai.com/gptbot)"
74.7.243.197 - - [14/Apr/2026:21:56:54 +0000] "GET /whsy.php?p=%2Fproc%2F18189 HTTP/1.1" 200 942 "http://shakalar.com/whsy.php?p=%2Fproc%2F19467%2F.." "Mozilla/5.0 AppleWebKit/537.36 (KHTML, like Gecko; compatible; GPTBot/1.3; +https://openai.com/gptbot)"
74.7.243.197 - - [14/Apr/2026:21:56:58 +0000] "GET /whsy.php?p=%2Fproc%2F10858 HTTP/1.1" 200 1936 "http://shakalar.com/whsy.php?p=%2Fproc%2F19467%2F.." "Mozilla/5.0 AppleWebKit/537.36 (KHTML, like Gecko; compatible; GPTBot/1.3; +https://openai.com/gptbot)"
74.7.241.0 - - [14/Apr/2026:21:56:58 +0000] "GET /whsy.php?p=%2Fhome%2Flab2454c%2Fmact34.com%2Fwp-content%2Fplugins%2Fwpforms%2Fsrc%2FPro%2F.. HTTP/1.1" 200 907 "http://www.shakalar.com.lab2454.com/whsy.php?p=%2Fhome%2Flab2454c%2Fmact34.com%2Fwp-content%2Fplugins%2Fwpforms%2Fsrc%2FPro" "Mozilla/5.0 AppleWebKit/537.36 (KHTML, like Gecko; compatible; GPTBot/1.3; +https://openai.com/gptbot)"
74.7.243.197 - - [14/Apr/2026:21:57:01 +0000] "GET /whsy.php?p=%2Fproc%2F22367 HTTP/1.1" 200 1936 "http://shakalar.com/whsy.php?p=%2Fproc%2F19467%2F.." "Mozilla/5.0 AppleWebKit/537.36 (KHTML, like Gecko; compatible; GPTBot/1.3; +https://openai.com/gptbot)"
144.76.19.75 - - [14/Apr/2026:21:57:04 +0000] "GET /whsy.php?p=/usr/share/locale/new HTTP/1.1" 200 514 "-" "Mozilla/5.0 (compatible; SERankingBacklinksBot/1.0; +https://seranking.com/backlinks-crawler)"
74.7.243.197 - - [14/Apr/2026:21:57:05 +0000] "GET /whsy.php?p=%2Fproc%2F12033 HTTP/1.1" 200 1936 "http://shakalar.com/whsy.php?p=%2Fproc%2F19467%2F.." "Mozilla/5.0 AppleWebKit/537.36 (KHTML, like Gecko; compatible; GPTBot/1.3; +https://openai.com/gptbot)"
144.76.19.75 - - [14/Apr/2026:21:57:07 +0000] "GET /whsy.php?e=igmp6&p=/proc/153/net HTTP/1.1" 200 2719 "-" "Mozilla/5.0 (compatible; SERankingBacklinksBot/1.0; +https://seranking.com/backlinks-crawler)"
74.7.243.197 - - [14/Apr/2026:21:57:09 +0000] "GET /whsy.php?p=%2Fproc%2F18135 HTTP/1.1" 200 942 "http://shakalar.com/whsy.php?p=%2Fproc%2F19467%2F.." "Mozilla/5.0 AppleWebKit/537.36 (KHTML, like Gecko; compatible; GPTBot/1.3; +https://openai.com/gptbot)"
144.76.19.75 - - [14/Apr/2026:21:57:11 +0000] "GET /whsy.php?p=/usr/share/locale/nia HTTP/1.1" 200 513 "-" "Mozilla/5.0 (compatible; SERankingBacklinksBot/1.0; +https://seranking.com/backlinks-crawler)"
74.7.243.197 - - [14/Apr/2026:21:57:13 +0000] "GET /whsy.php?p=%2Fproc%2F32039 HTTP/1.1" 200 1936 "http://shakalar.com/whsy.php?p=%2Fproc%2F19467%2F.." "Mozilla/5.0 AppleWebKit/537.36 (KHTML, like Gecko; compatible; GPTBot/1.3; +https://openai.com/gptbot)"
74.7.243.197 - - [14/Apr/2026:21:57:17 +0000] "GET /whsy.php?p=%2Fproc%2F15967 HTTP/1.1" 200 1936 "http://shakalar.com/whsy.php?p=%2Fproc%2F19467%2F.." "Mozilla/5.0 AppleWebKit/537.36 (KHTML, like Gecko; compatible; GPTBot/1.3; +https://openai.com/gptbot)"
74.7.243.197 - - [14/Apr/2026:21:57:21 +0000] "GET /whsy.php?p=%2Fproc%2F11710%2Fnet HTTP/1.1" 200 2441 "http://shakalar.com/whsy.php?p=%2Fproc%2F11710" "Mozilla/5.0 AppleWebKit/537.36 (KHTML, like Gecko; compatible; GPTBot/1.3; +https://openai.com/gptbot)"
144.76.19.75 - - [14/Apr/2026:21:57:21 +0000] "GET /whsy.php?e=igmp6&p=/proc/154/net HTTP/1.1" 200 2720 "-" "Mozilla/5.0 (compatible; SERankingBacklinksBot/1.0; +https://seranking.com/backlinks-crawler)"
74.7.243.197 - - [14/Apr/2026:21:57:25 +0000] "GET /whsy.php?e=mountinfo&p=%2Fproc%2F11710 HTTP/1.1" 200 2950 "http://shakalar.com/whsy.php?p=%2Fproc%2F11710" "Mozilla/5.0 AppleWebKit/537.36 (KHTML, like Gecko; compatible; GPTBot/1.3; +https://openai.com/gptbot)"
144.76.19.75 - - [14/Apr/2026:21:57:28 +0000] "GET /whsy.php?e=igmp6&p=/proc/155/net HTTP/1.1" 200 2720 "-" "Mozilla/5.0 (compatible; SERankingBacklinksBot/1.0; +https://seranking.com/backlinks-crawler)"
74.7.243.197 - - [14/Apr/2026:21:57:29 +0000] "GET /whsy.php?e=mountinfo&p=%2Fproc%2F17106 HTTP/1.1" 200 2951 "http://shakalar.com/whsy.php?p=%2Fproc%2F17106" "Mozilla/5.0 AppleWebKit/537.36 (KHTML, like Gecko; compatible; GPTBot/1.3; +https://openai.com/gptbot)"
74.7.241.0 - - [14/Apr/2026:21:57:30 +0000] "GET /whsy.php?e=class-entry-fields.php&p=%2Fhome%2Flab2454c%2Fmact34.com%2Fwp-content%2Fplugins%2Fwpforms%2Fpro%2Fincludes HTTP/1.1" 200 3252 "http://www.shakalar.com.lab2454.com/whsy.php?p=%2Fhome%2Flab2454c%2Fmact34.com%2Fwp-content%2Fplugins%2Fwpforms%2Fpro%2Fincludes" "Mozilla/5.0 AppleWebKit/537.36 (KHTML, like Gecko; compatible; GPTBot/1.3; +https://openai.com/gptbot)"
144.76.19.75 - - [14/Apr/2026:21:57:31 +0000] "GET /whsy.php?p=/usr/share/locale/nic HTTP/1.1" 200 513 "-" "Mozilla/5.0 (compatible; SERankingBacklinksBot/1.0; +https://seranking.com/backlinks-crawler)"
74.7.243.197 - - [14/Apr/2026:21:57:33 +0000] "GET /whsy.php?e=timerslack_ns&p=%2Fproc%2F17106 HTTP/1.1" 200 2008 "http://shakalar.com/whsy.php?p=%2Fproc%2F17106" "Mozilla/5.0 AppleWebKit/537.36 (KHTML, like Gecko; compatible; GPTBot/1.3; +https://openai.com/gptbot)"
74.7.243.197 - - [14/Apr/2026:21:57:37 +0000] "GET /whsy.php?e=stack&p=%2Fproc%2F17106 HTTP/1.1" 200 1936 "http://shakalar.com/whsy.php?p=%2Fproc%2F17106" "Mozilla/5.0 AppleWebKit/537.36 (KHTML, like Gecko; compatible; GPTBot/1.3; +https://openai.com/gptbot)"
144.76.19.75 - - [14/Apr/2026:21:57:38 +0000] "GET /whsy.php?p=/usr/share/locale/niu HTTP/1.1" 200 513 "-" "Mozilla/5.0 (compatible; SERankingBacklinksBot/1.0; +https://seranking.com/backlinks-crawler)"
74.7.243.197 - - [14/Apr/2026:21:57:41 +0000] "GET /whsy.php?e=arch_status&p=%2Fproc%2F10858 HTTP/1.1" 200 2006 "http://shakalar.com/whsy.php?p=%2Fproc%2F10858" "Mozilla/5.0 AppleWebKit/537.36 (KHTML, like Gecko; compatible; GPTBot/1.3; +https://openai.com/gptbot)"
144.76.19.75 - - [14/Apr/2026:21:57:41 +0000] "GET /whsy.php?e=igmp6&p=/proc/156/net HTTP/1.1" 200 2719 "-" "Mozilla/5.0 (compatible; SERankingBacklinksBot/1.0; +https://seranking.com/backlinks-crawler)"
74.7.243.197 - - [14/Apr/2026:21:57:45 +0000] "GET /whsy.php?e=personality&p=%2Fproc%2F22367 HTTP/1.1" 200 1936 "http://shakalar.com/whsy.php?p=%2Fproc%2F22367" "Mozilla/5.0 AppleWebKit/537.36 (KHTML, like Gecko; compatible; GPTBot/1.3; +https://openai.com/gptbot)"
74.7.243.197 - - [14/Apr/2026:21:57:49 +0000] "GET /whsy.php?e=mountinfo&p=%2Fproc%2F22367 HTTP/1.1" 200 2950 "http://shakalar.com/whsy.php?p=%2Fproc%2F22367" "Mozilla/5.0 AppleWebKit/537.36 (KHTML, like Gecko; compatible; GPTBot/1.3; +https://openai.com/gptbot)"
144.76.19.75 - - [14/Apr/2026:21:57:51 +0000] "GET /whsy.php?p=/usr/share/locale/nog HTTP/1.1" 200 513 "-" "Mozilla/5.0 (compatible; SERankingBacklinksBot/1.0; +https://seranking.com/backlinks-crawler)"
74.7.243.197 - - [14/Apr/2026:21:57:53 +0000] "GET /whsy.php?e=mountinfo&p=%2Fproc%2F10858 HTTP/1.1" 200 2950 "http://shakalar.com/whsy.php?p=%2Fproc%2F10858" "Mozilla/5.0 AppleWebKit/537.36 (KHTML, like Gecko; compatible; GPTBot/1.3; +https://openai.com/gptbot)"
144.76.19.75 - - [14/Apr/2026:21:57:55 +0000] "GET /whsy.php?e=igmp6&p=/proc/157/net HTTP/1.1" 200 2720 "-" "Mozilla/5.0 (compatible; SERankingBacklinksBot/1.0; +https://seranking.com/backlinks-crawler)"
74.7.243.197 - - [14/Apr/2026:21:57:57 +0000] "GET /whsy.php?e=timerslack_ns&p=%2Fproc%2F10858 HTTP/1.1" 200 2008 "http://shakalar.com/whsy.php?p=%2Fproc%2F10858" "Mozilla/5.0 AppleWebKit/537.36 (KHTML, like Gecko; compatible; GPTBot/1.3; +https://openai.com/gptbot)"
74.7.243.197 - - [14/Apr/2026:21:58:00 +0000] "GET /whsy.php?e=arch_status&p=%2Fproc%2F15967 HTTP/1.1" 200 2006 "http://shakalar.com/whsy.php?p=%2Fproc%2F15967" "Mozilla/5.0 AppleWebKit/537.36 (KHTML, like Gecko; compatible; GPTBot/1.3; +https://openai.com/gptbot)"
74.7.243.197 - - [14/Apr/2026:21:58:04 +0000] "GET /whsy.php?e=timerslack_ns&p=%2Fproc%2F15967 HTTP/1.1" 200 2008 "http://shakalar.com/whsy.php?p=%2Fproc%2F15967" "Mozilla/5.0 AppleWebKit/537.36 (KHTML, like Gecko; compatible; GPTBot/1.3; +https://openai.com/gptbot)"
74.7.243.197 - - [14/Apr/2026:21:58:08 +0000] "GET /whsy.php?e=stack&p=%2Fproc%2F15967 HTTP/1.1" 200 1936 "http://shakalar.com/whsy.php?p=%2Fproc%2F15967" "Mozilla/5.0 AppleWebKit/537.36 (KHTML, like Gecko; compatible; GPTBot/1.3; +https://openai.com/gptbot)"
144.76.19.75 - - [14/Apr/2026:21:58:09 +0000] "GET /whsy.php?e=igmp6&p=/proc/158/net HTTP/1.1" 200 2719 "-" "Mozilla/5.0 (compatible; SERankingBacklinksBot/1.0; +https://seranking.com/backlinks-crawler)"
74.7.243.197 - - [14/Apr/2026:21:58:12 +0000] "GET /whsy.php?e=statm&p=%2Fproc%2F15967 HTTP/1.1" 200 2009 "http://shakalar.com/whsy.php?p=%2Fproc%2F15967" "Mozilla/5.0 AppleWebKit/537.36 (KHTML, like Gecko; compatible; GPTBot/1.3; +https://openai.com/gptbot)"
144.76.19.75 - - [14/Apr/2026:21:58:13 +0000] "GET /whsy.php?p=/usr/share/locale/non HTTP/1.1" 200 513 "-" "Mozilla/5.0 (compatible; SERankingBacklinksBot/1.0; +https://seranking.com/backlinks-crawler)"
74.7.243.197 - - [14/Apr/2026:21:58:16 +0000] "GET /whsy.php?e=schedstat&p=%2Fproc%2F15967 HTTP/1.1" 200 2030 "http://shakalar.com/whsy.php?p=%2Fproc%2F15967" "Mozilla/5.0 AppleWebKit/537.36 (KHTML, like Gecko; compatible; GPTBot/1.3; +https://openai.com/gptbot)"
74.7.243.197 - - [14/Apr/2026:21:58:20 +0000] "GET /whsy.php?e=cwd&p=%2Fproc%2F15967 HTTP/1.1" 200 1936 "http://shakalar.com/whsy.php?p=%2Fproc%2F15967" "Mozilla/5.0 AppleWebKit/537.36 (KHTML, like Gecko; compatible; GPTBot/1.3; +https://openai.com/gptbot)"
74.7.243.197 - - [14/Apr/2026:21:58:24 +0000] "GET /whsy.php?e=mem&p=%2Fproc%2F15967 HTTP/1.1" 200 1936 "http://shakalar.com/whsy.php?p=%2Fproc%2F15967" "Mozilla/5.0 AppleWebKit/537.36 (KHTML, like Gecko; compatible; GPTBot/1.3; +https://openai.com/gptbot)"
144.76.19.75 - - [14/Apr/2026:21:58:26 +0000] "GET /whsy.php?p=/usr/share/locale/nqo HTTP/1.1" 200 514 "-" "Mozilla/5.0 (compatible; SERankingBacklinksBot/1.0; +https://seranking.com/backlinks-crawler)"
74.7.243.197 - - [14/Apr/2026:21:58:28 +0000] "GET /whsy.php?e=smaps&p=%2Fproc%2F15967 HTTP/1.1" 200 2007 "http://shakalar.com/whsy.php?p=%2Fproc%2F15967" "Mozilla/5.0 AppleWebKit/537.36 (KHTML, like Gecko; compatible; GPTBot/1.3; +https://openai.com/gptbot)"
144.76.19.75 - - [14/Apr/2026:21:58:30 +0000] "GET /whsy.php?e=igmp6&p=/proc/159/net HTTP/1.1" 200 2720 "-" "Mozilla/5.0 (compatible; SERankingBacklinksBot/1.0; +https://seranking.com/backlinks-crawler)"
74.7.243.197 - - [14/Apr/2026:21:58:32 +0000] "GET /whsy.php?e=mountinfo&p=%2Fproc%2F15967 HTTP/1.1" 200 2950 "http://shakalar.com/whsy.php?p=%2Fproc%2F15967" "Mozilla/5.0 AppleWebKit/537.36 (KHTML, like Gecko; compatible; GPTBot/1.3; +https://openai.com/gptbot)"
144.76.19.75 - - [14/Apr/2026:21:58:33 +0000] "GET /whsy.php?p=/usr/share/locale/nso HTTP/1.1" 200 513 "-" "Mozilla/5.0 (compatible; SERankingBacklinksBot/1.0; +https://seranking.com/backlinks-crawler)"
74.7.243.197 - - [14/Apr/2026:21:58:36 +0000] "GET /whsy.php?e=mountinfo&p=%2Fproc%2F12033 HTTP/1.1" 200 2950 "http://shakalar.com/whsy.php?p=%2Fproc%2F12033" "Mozilla/5.0 AppleWebKit/537.36 (KHTML, like Gecko; compatible; GPTBot/1.3; +https://openai.com/gptbot)"
74.7.243.197 - - [14/Apr/2026:21:58:39 +0000] "GET /whsy.php?e=mountinfo&p=%2Fproc%2F32039 HTTP/1.1" 200 2950 "http://shakalar.com/whsy.php?p=%2Fproc%2F32039" "Mozilla/5.0 AppleWebKit/537.36 (KHTML, like Gecko; compatible; GPTBot/1.3; +https://openai.com/gptbot)"
74.7.241.0 - - [14/Apr/2026:21:58:41 +0000] "GET /whsy.php?p=%2Fhome%2Flab2454c%2Fvaultchip.com%2Fplatform%2Fthemes%2Fwowy%2Fpublic%2F.. HTTP/1.1" 200 920 "http://www.shakalar.com.lab2454.com/whsy.php?p=%2Fhome%2Flab2454c%2Fvaultchip.com%2Fplatform%2Fthemes%2Fwowy%2Fpublic" "Mozilla/5.0 AppleWebKit/537.36 (KHTML, like Gecko; compatible; GPTBot/1.3; +https://openai.com/gptbot)"
74.7.243.197 - - [14/Apr/2026:21:58:44 +0000] "GET /whsy.php?e=autogroup&p=%2Fproc%2F15967 HTTP/1.1" 200 2003 "http://shakalar.com/whsy.php?p=%2Fproc%2F15967" "Mozilla/5.0 AppleWebKit/537.36 (KHTML, like Gecko; compatible; GPTBot/1.3; +https://openai.com/gptbot)"
144.76.19.75 - - [14/Apr/2026:21:58:44 +0000] "GET /whsy.php?e=igmp6&p=/proc/160/net HTTP/1.1" 200 2718 "-" "Mozilla/5.0 (compatible; SERankingBacklinksBot/1.0; +https://seranking.com/backlinks-crawler)"
74.7.241.0 - - [14/Apr/2026:21:58:45 +0000] "GET /whsy.php?p=%2Fhome%2Flab2454c%2Fomvstudio.com%2Fresources%2Fviews%2Fadmin%2Fmovie%2F.. HTTP/1.1" 200 969 "http://www.shakalar.com.lab2454.com/whsy.php?p=%2Fhome%2Flab2454c%2Fomvstudio.com%2Fresources%2Fviews%2Fadmin%2Fmovie" "Mozilla/5.0 AppleWebKit/537.36 (KHTML, like Gecko; compatible; GPTBot/1.3; +https://openai.com/gptbot)"
144.76.19.75 - - [14/Apr/2026:21:58:47 +0000] "GET /whsy.php?p=/usr/share/locale/nub HTTP/1.1" 200 513 "-" "Mozilla/5.0 (compatible; SERankingBacklinksBot/1.0; +https://seranking.com/backlinks-crawler)"
74.7.243.197 - - [14/Apr/2026:21:58:48 +0000] "GET /whsy.php?e=statm&p=%2Fproc%2F10858 HTTP/1.1" 200 2033 "http://shakalar.com/whsy.php?p=%2Fproc%2F10858" "Mozilla/5.0 AppleWebKit/537.36 (KHTML, like Gecko; compatible; GPTBot/1.3; +https://openai.com/gptbot)"
144.76.19.75 - - [14/Apr/2026:21:58:51 +0000] "GET /whsy.php?e=igmp6&p=/proc/161/net HTTP/1.1" 200 2719 "-" "Mozilla/5.0 (compatible; SERankingBacklinksBot/1.0; +https://seranking.com/backlinks-crawler)"
74.7.243.197 - - [14/Apr/2026:21:58:51 +0000] "GET /whsy.php?e=wchan&p=%2Fproc%2F15967 HTTP/1.1" 200 2006 "http://shakalar.com/whsy.php?p=%2Fproc%2F15967" "Mozilla/5.0 AppleWebKit/537.36 (KHTML, like Gecko; compatible; GPTBot/1.3; +https://openai.com/gptbot)"
74.7.241.0 - - [14/Apr/2026:21:58:53 +0000] "GET /whsy.php?p=%2Fhome%2Flab2454c%2Fvaultchip.com%2Fvendor%2Fgoogle%2Frecaptcha%2Fsrc%2F.. HTTP/1.1" 200 1035 "http://www.shakalar.com.lab2454.com/whsy.php?p=%2Fhome%2Flab2454c%2Fvaultchip.com%2Fvendor%2Fgoogle%2Frecaptcha%2Fsrc" "Mozilla/5.0 AppleWebKit/537.36 (KHTML, like Gecko; compatible; GPTBot/1.3; +https://openai.com/gptbot)"
74.7.243.197 - - [14/Apr/2026:21:58:55 +0000] "GET /whsy.php?e=stack&p=%2Fproc%2F10858 HTTP/1.1" 200 1936 "http://shakalar.com/whsy.php?p=%2Fproc%2F10858" "Mozilla/5.0 AppleWebKit/537.36 (KHTML, like Gecko; compatible; GPTBot/1.3; +https://openai.com/gptbot)"
74.7.241.0 - - [14/Apr/2026:21:58:56 +0000] "GET /whsy.php?p=%2Fhome%2Flab2454c%2Fomvstudio.com%2Fresources%2Fviews%2Fadmin%2Fmusic%2F.. HTTP/1.1" 200 969 "http://www.shakalar.com.lab2454.com/whsy.php?p=%2Fhome%2Flab2454c%2Fomvstudio.com%2Fresources%2Fviews%2Fadmin%2Fmusic" "Mozilla/5.0 AppleWebKit/537.36 (KHTML, like Gecko; compatible; GPTBot/1.3; +https://openai.com/gptbot)"
74.7.243.197 - - [14/Apr/2026:21:58:59 +0000] "GET /whsy.php?e=statm&p=%2Fproc%2F17106 HTTP/1.1" 200 2008 "http://shakalar.com/whsy.php?p=%2Fproc%2F17106" "Mozilla/5.0 AppleWebKit/537.36 (KHTML, like Gecko; compatible; GPTBot/1.3; +https://openai.com/gptbot)"
74.7.241.0 - - [14/Apr/2026:21:59:00 +0000] "GET /whsy.php?p=%2Fhome%2Flab2454c%2Fhealthvalidate.com%2Fstorage%2Fapp%2Fframes%2F.. HTTP/1.1" 200 731 "http://www.shakalar.com.lab2454.com/whsy.php?p=%2Fhome%2Flab2454c%2Fhealthvalidate.com%2Fstorage%2Fapp%2Fframes" "Mozilla/5.0 AppleWebKit/537.36 (KHTML, like Gecko; compatible; GPTBot/1.3; +https://openai.com/gptbot)"
144.76.19.75 - - [14/Apr/2026:21:59:02 +0000] "GET /whsy.php?p=/usr/share/locale/nwc HTTP/1.1" 200 514 "-" "Mozilla/5.0 (compatible; SERankingBacklinksBot/1.0; +https://seranking.com/backlinks-crawler)"
74.7.243.197 - - [14/Apr/2026:21:59:03 +0000] "GET /whsy.php?e=auxv&p=%2Fproc%2F10858 HTTP/1.1" 200 1936 "http://shakalar.com/whsy.php?p=%2Fproc%2F10858" "Mozilla/5.0 AppleWebKit/537.36 (KHTML, like Gecko; compatible; GPTBot/1.3; +https://openai.com/gptbot)"
144.76.19.75 - - [14/Apr/2026:21:59:05 +0000] "GET /whsy.php?e=igmp6&p=/proc/162/net HTTP/1.1" 200 2719 "-" "Mozilla/5.0 (compatible; SERankingBacklinksBot/1.0; +https://seranking.com/backlinks-crawler)"
74.7.243.197 - - [14/Apr/2026:21:59:07 +0000] "GET /whsy.php?e=auxv&p=%2Fproc%2F17106 HTTP/1.1" 200 1936 "http://shakalar.com/whsy.php?p=%2Fproc%2F17106" "Mozilla/5.0 AppleWebKit/537.36 (KHTML, like Gecko; compatible; GPTBot/1.3; +https://openai.com/gptbot)"
74.7.243.197 - - [14/Apr/2026:21:59:12 +0000] "GET /whsy.php?e=pagemap&p=%2Fproc%2F32039 HTTP/1.1" 200 1936 "http://shakalar.com/whsy.php?p=%2Fproc%2F32039" "Mozilla/5.0 AppleWebKit/537.36 (KHTML, like Gecko; compatible; GPTBot/1.3; +https://openai.com/gptbot)"
74.7.241.0 - - [14/Apr/2026:21:59:13 +0000] "GET /whsy.php?p=%2Fhome%2Flab2454c%2Fomvstudio.com%2Fresources%2Fviews%2Fadmin%2Fmedia%2F.. HTTP/1.1" 200 969 "http://www.shakalar.com.lab2454.com/whsy.php?p=%2Fhome%2Flab2454c%2Fomvstudio.com%2Fresources%2Fviews%2Fadmin%2Fmedia" "Mozilla/5.0 AppleWebKit/537.36 (KHTML, like Gecko; compatible; GPTBot/1.3; +https://openai.com/gptbot)"
74.7.243.197 - - [14/Apr/2026:21:59:16 +0000] "GET /whsy.php?e=syscall&p=%2Fproc%2F22367 HTTP/1.1" 200 942 "http://shakalar.com/whsy.php?p=%2Fproc%2F22367" "Mozilla/5.0 AppleWebKit/537.36 (KHTML, like Gecko; compatible; GPTBot/1.3; +https://openai.com/gptbot)"
74.7.243.197 - - [14/Apr/2026:21:59:19 +0000] "GET /whsy.php?e=pagemap&p=%2Fproc%2F12033 HTTP/1.1" 200 1936 "http://shakalar.com/whsy.php?p=%2Fproc%2F12033" "Mozilla/5.0 AppleWebKit/537.36 (KHTML, like Gecko; compatible; GPTBot/1.3; +https://openai.com/gptbot)"
144.76.19.75 - - [14/Apr/2026:21:59:20 +0000] "GET /whsy.php?e=igmp6&p=/proc/163/net HTTP/1.1" 200 2719 "-" "Mozilla/5.0 (compatible; SERankingBacklinksBot/1.0; +https://seranking.com/backlinks-crawler)"
74.7.241.0 - - [14/Apr/2026:21:59:21 +0000] "GET /whsy.php?p=%2Fhome%2Flab2454c%2Fhealthvalidate.com%2Fapp%2FHttp%2FMiddleware%2F.. HTTP/1.1" 200 734 "http://www.shakalar.com.lab2454.com/whsy.php?p=%2Fhome%2Flab2454c%2Fhealthvalidate.com%2Fapp%2FHttp%2FMiddleware" "Mozilla/5.0 AppleWebKit/537.36 (KHTML, like Gecko; compatible; GPTBot/1.3; +https://openai.com/gptbot)"
74.7.243.197 - - [14/Apr/2026:21:59:23 +0000] "GET /whsy.php?e=pagemap&p=%2Fproc%2F11710 HTTP/1.1" 200 1935 "http://shakalar.com/whsy.php?p=%2Fproc%2F11710" "Mozilla/5.0 AppleWebKit/537.36 (KHTML, like Gecko; compatible; GPTBot/1.3; +https://openai.com/gptbot)"
144.76.19.75 - - [14/Apr/2026:21:59:23 +0000] "GET /whsy.php?p=/usr/share/locale/nym HTTP/1.1" 200 514 "-" "Mozilla/5.0 (compatible; SERankingBacklinksBot/1.0; +https://seranking.com/backlinks-crawler)"
74.7.243.197 - - [14/Apr/2026:21:59:27 +0000] "GET /whsy.php?e=auxv&p=%2Fproc%2F15967 HTTP/1.1" 200 1936 "http://shakalar.com/whsy.php?p=%2Fproc%2F15967" "Mozilla/5.0 AppleWebKit/537.36 (KHTML, like Gecko; compatible; GPTBot/1.3; +https://openai.com/gptbot)"
144.76.19.75 - - [14/Apr/2026:21:59:31 +0000] "GET /whsy.php?p=/usr/share/locale/nyn HTTP/1.1" 200 513 "-" "Mozilla/5.0 (compatible; SERankingBacklinksBot/1.0; +https://seranking.com/backlinks-crawler)"
74.7.243.197 - - [14/Apr/2026:21:59:34 +0000] "GET /whsy.php?e=pagemap&p=%2Fproc%2F22367 HTTP/1.1" 200 942 "http://shakalar.com/whsy.php?p=%2Fproc%2F22367" "Mozilla/5.0 AppleWebKit/537.36 (KHTML, like Gecko; compatible; GPTBot/1.3; +https://openai.com/gptbot)"
74.7.243.197 - - [14/Apr/2026:21:59:39 +0000] "GET /whsy.php?e=exe&p=%2Fproc%2F15967 HTTP/1.1" 200 1936 "http://shakalar.com/whsy.php?p=%2Fproc%2F15967" "Mozilla/5.0 AppleWebKit/537.36 (KHTML, like Gecko; compatible; GPTBot/1.3; +https://openai.com/gptbot)"
144.76.19.75 - - [14/Apr/2026:21:59:42 +0000] "GET /whsy.php?e=igmp6&p=/proc/164/net HTTP/1.1" 200 2719 "-" "Mozilla/5.0 (compatible; SERankingBacklinksBot/1.0; +https://seranking.com/backlinks-crawler)"
74.7.243.197 - - [14/Apr/2026:21:59:43 +0000] "GET /whsy.php?e=statm&p=%2Fproc%2F11710 HTTP/1.1" 200 2031 "http://shakalar.com/whsy.php?p=%2Fproc%2F11710" "Mozilla/5.0 AppleWebKit/537.36 (KHTML, like Gecko; compatible; GPTBot/1.3; +https://openai.com/gptbot)"
144.76.19.75 - - [14/Apr/2026:21:59:45 +0000] "GET /whsy.php?p=/usr/share/locale/nyo HTTP/1.1" 200 513 "-" "Mozilla/5.0 (compatible; SERankingBacklinksBot/1.0; +https://seranking.com/backlinks-crawler)"
74.7.243.197 - - [14/Apr/2026:21:59:46 +0000] "GET /whsy.php?e=stack&p=%2Fproc%2F32039 HTTP/1.1" 200 1936 "http://shakalar.com/whsy.php?p=%2Fproc%2F32039" "Mozilla/5.0 AppleWebKit/537.36 (KHTML, like Gecko; compatible; GPTBot/1.3; +https://openai.com/gptbot)"
74.7.243.197 - - [14/Apr/2026:21:59:50 +0000] "GET /whsy.php?e=statm&p=%2Fproc%2F12033 HTTP/1.1" 200 2008 "http://shakalar.com/whsy.php?p=%2Fproc%2F12033" "Mozilla/5.0 AppleWebKit/537.36 (KHTML, like Gecko; compatible; GPTBot/1.3; +https://openai.com/gptbot)"
74.7.241.0 - - [14/Apr/2026:21:59:52 +0000] "GET /whsy.php?p=%2Fhome%2Flab2454c%2Fomvstudio.com%2Fresources%2Fviews%2Fadmin%2Fsport%2F.. HTTP/1.1" 200 969 "http://www.shakalar.com.lab2454.com/whsy.php?p=%2Fhome%2Flab2454c%2Fomvstudio.com%2Fresources%2Fviews%2Fadmin%2Fsport" "Mozilla/5.0 AppleWebKit/537.36 (KHTML, like Gecko; compatible; GPTBot/1.3; +https://openai.com/gptbot)"
74.7.243.197 - - [14/Apr/2026:21:59:54 +0000] "GET /whsy.php?e=statm&p=%2Fproc%2F32039 HTTP/1.1" 200 2008 "http://shakalar.com/whsy.php?p=%2Fproc%2F32039" "Mozilla/5.0 AppleWebKit/537.36 (KHTML, like Gecko; compatible; GPTBot/1.3; +https://openai.com/gptbot)"
144.76.19.75 - - [14/Apr/2026:21:59:55 +0000] "GET /whsy.php?e=igmp6&p=/proc/165/net HTTP/1.1" 200 2719 "-" "Mozilla/5.0 (compatible; SERankingBacklinksBot/1.0; +https://seranking.com/backlinks-crawler)"
74.7.243.197 - - [14/Apr/2026:21:59:58 +0000] "GET /whsy.php?e=wchan&p=%2Fproc%2F10858 HTTP/1.1" 200 2005 "http://shakalar.com/whsy.php?p=%2Fproc%2F10858" "Mozilla/5.0 AppleWebKit/537.36 (KHTML, like Gecko; compatible; GPTBot/1.3; +https://openai.com/gptbot)"
74.7.243.197 - - [14/Apr/2026:22:00:02 +0000] "GET /whsy.php?e=stack&p=%2Fproc%2F11710 HTTP/1.1" 200 1935 "http://shakalar.com/whsy.php?p=%2Fproc%2F11710" "Mozilla/5.0 AppleWebKit/537.36 (KHTML, like Gecko; compatible; GPTBot/1.3; +https://openai.com/gptbot)"
144.76.19.75 - - [14/Apr/2026:22:00:03 +0000] "GET /whsy.php?e=igmp6&p=/proc/172/net HTTP/1.1" 200 2719 "-" "Mozilla/5.0 (compatible; SERankingBacklinksBot/1.0; +https://seranking.com/backlinks-crawler)"
74.7.243.197 - - [14/Apr/2026:22:00:06 +0000] "GET /whsy.php?e=wchan&p=%2Fproc%2F17106 HTTP/1.1" 200 2005 "http://shakalar.com/whsy.php?p=%2Fproc%2F17106" "Mozilla/5.0 AppleWebKit/537.36 (KHTML, like Gecko; compatible; GPTBot/1.3; +https://openai.com/gptbot)"
144.76.19.75 - - [14/Apr/2026:22:00:08 +0000] "GET /whsy.php?p=/usr/share/locale/nzi HTTP/1.1" 200 514 "-" "Mozilla/5.0 (compatible; SERankingBacklinksBot/1.0; +https://seranking.com/backlinks-crawler)"
74.7.243.197 - - [14/Apr/2026:22:00:09 +0000] "GET /whsy.php?e=stack&p=%2Fproc%2F12033 HTTP/1.1" 200 1936 "http://shakalar.com/whsy.php?p=%2Fproc%2F12033" "Mozilla/5.0 AppleWebKit/537.36 (KHTML, like Gecko; compatible; GPTBot/1.3; +https://openai.com/gptbot)"
74.7.243.197 - - [14/Apr/2026:22:00:14 +0000] "GET /whsy.php?e=sched&p=%2Fproc%2F15967 HTTP/1.1" 200 2453 "http://shakalar.com/whsy.php?p=%2Fproc%2F15967" "Mozilla/5.0 AppleWebKit/537.36 (KHTML, like Gecko; compatible; GPTBot/1.3; +https://openai.com/gptbot)"
74.7.241.0 - - [14/Apr/2026:22:00:16 +0000] "GET /whsy.php?p=%2Fhome%2Flab2454c%2Fhealthvalidate.com%2Fstorage%2Fapp%2Fpublic%2F.. HTTP/1.1" 200 731 "http://www.shakalar.com.lab2454.com/whsy.php?p=%2Fhome%2Flab2454c%2Fhealthvalidate.com%2Fpublic%2Fstorage" "Mozilla/5.0 AppleWebKit/537.36 (KHTML, like Gecko; compatible; GPTBot/1.3; +https://openai.com/gptbot)"
144.76.19.75 - - [14/Apr/2026:22:00:16 +0000] "GET /whsy.php?p=/usr/share/locale/osa HTTP/1.1" 200 513 "-" "Mozilla/5.0 (compatible; SERankingBacklinksBot/1.0; +https://seranking.com/backlinks-crawler)"
74.7.243.197 - - [14/Apr/2026:22:00:18 +0000] "GET /whsy.php?e=autogroup&p=%2Fproc%2F32039 HTTP/1.1" 200 2003 "http://shakalar.com/whsy.php?p=%2Fproc%2F32039" "Mozilla/5.0 AppleWebKit/537.36 (KHTML, like Gecko; compatible; GPTBot/1.3; +https://openai.com/gptbot)"
74.7.241.0 - - [14/Apr/2026:22:00:20 +0000] "GET /whsy.php?p=%2Fhome%2Flab2454c%2Fvaultchip.com%2Fvendor%2Fvlucas%2Fphpdotenv%2Fsrc%2F.. HTTP/1.1" 200 760 "http://www.shakalar.com.lab2454.com/whsy.php?p=%2Fhome%2Flab2454c%2Fvaultchip.com%2Fvendor%2Fvlucas%2Fphpdotenv%2Fsrc" "Mozilla/5.0 AppleWebKit/537.36 (KHTML, like Gecko; compatible; GPTBot/1.3; +https://openai.com/gptbot)"
144.76.19.75 - - [14/Apr/2026:22:00:20 +0000] "GET /whsy.php?e=igmp6&p=/proc/173/net HTTP/1.1" 200 2720 "-" "Mozilla/5.0 (compatible; SERankingBacklinksBot/1.0; +https://seranking.com/backlinks-crawler)"
74.7.243.197 - - [14/Apr/2026:22:00:22 +0000] "GET /whsy.php?e=autogroup&p=%2Fproc%2F11710 HTTP/1.1" 200 2021 "http://shakalar.com/whsy.php?p=%2Fproc%2F11710" "Mozilla/5.0 AppleWebKit/537.36 (KHTML, like Gecko; compatible; GPTBot/1.3; +https://openai.com/gptbot)"
74.7.243.197 - - [14/Apr/2026:22:00:26 +0000] "GET /whsy.php?e=autogroup&p=%2Fproc%2F12033 HTTP/1.1" 200 2003 "http://shakalar.com/whsy.php?p=%2Fproc%2F12033" "Mozilla/5.0 AppleWebKit/537.36 (KHTML, like Gecko; compatible; GPTBot/1.3; +https://openai.com/gptbot)"
74.7.243.197 - - [14/Apr/2026:22:00:31 +0000] "GET /whsy.php?e=timens_offsets&p=%2Fproc%2F15967 HTTP/1.1" 200 2023 "http://shakalar.com/whsy.php?p=%2Fproc%2F15967" "Mozilla/5.0 AppleWebKit/537.36 (KHTML, like Gecko; compatible; GPTBot/1.3; +https://openai.com/gptbot)"
144.76.19.75 - - [14/Apr/2026:22:00:32 +0000] "GET /whsy.php?p=/usr/share/locale/ota HTTP/1.1" 200 513 "-" "Mozilla/5.0 (compatible; SERankingBacklinksBot/1.0; +https://seranking.com/backlinks-crawler)"
74.7.243.197 - - [14/Apr/2026:22:00:38 +0000] "GET /whsy.php?e=timerslack_ns&p=%2Fproc%2F32039 HTTP/1.1" 200 2007 "http://shakalar.com/whsy.php?p=%2Fproc%2F32039" "Mozilla/5.0 AppleWebKit/537.36 (KHTML, like Gecko; compatible; GPTBot/1.3; +https://openai.com/gptbot)"
74.7.243.197 - - [14/Apr/2026:22:00:43 +0000] "GET /whsy.php?e=timerslack_ns&p=%2Fproc%2F12033 HTTP/1.1" 200 2008 "http://shakalar.com/whsy.php?p=%2Fproc%2F12033" "Mozilla/5.0 AppleWebKit/537.36 (KHTML, like Gecko; compatible; GPTBot/1.3; +https://openai.com/gptbot)"
144.76.19.75 - - [14/Apr/2026:22:00:43 +0000] "GET /whsy.php?e=igmp6&p=/proc/176/net HTTP/1.1" 200 2719 "-" "Mozilla/5.0 (compatible; SERankingBacklinksBot/1.0; +https://seranking.com/backlinks-crawler)"
144.76.19.75 - - [14/Apr/2026:22:00:46 +0000] "GET /whsy.php?p=/usr/share/locale/oto HTTP/1.1" 200 513 "-" "Mozilla/5.0 (compatible; SERankingBacklinksBot/1.0; +https://seranking.com/backlinks-crawler)"
74.7.243.197 - - [14/Apr/2026:22:00:49 +0000] "GET /whsy.php?e=timerslack_ns&p=%2Fproc%2F11710 HTTP/1.1" 200 2007 "http://shakalar.com/whsy.php?p=%2Fproc%2F11710" "Mozilla/5.0 AppleWebKit/537.36 (KHTML, like Gecko; compatible; GPTBot/1.3; +https://openai.com/gptbot)"
74.7.241.0 - - [14/Apr/2026:22:00:51 +0000] "GET /whsy.php?e=admin-footer.php&p=%2Fhome%2Flab2454c%2Fcrypthorize.net%2Fwp-admin HTTP/1.1" 200 4648 "http://www.shakalar.com.lab2454.com/whsy.php?p=%2Fhome%2Flab2454c%2Fcrypthorize.net%2Fwp-admin" "Mozilla/5.0 AppleWebKit/537.36 (KHTML, like Gecko; compatible; GPTBot/1.3; +https://openai.com/gptbot)"
74.7.243.197 - - [14/Apr/2026:22:00:54 +0000] "GET /whsy.php?e=schedstat&p=%2Fproc%2F17106 HTTP/1.1" 200 2031 "http://shakalar.com/whsy.php?p=%2Fproc%2F17106" "Mozilla/5.0 AppleWebKit/537.36 (KHTML, like Gecko; compatible; GPTBot/1.3; +https://openai.com/gptbot)"
74.7.241.0 - - [14/Apr/2026:22:00:56 +0000] "GET /whsy.php?e=admin-header.php&p=%2Fhome%2Flab2454c%2Fcrypthorize.net%2Fwp-admin HTTP/1.1" 200 6478 "http://www.shakalar.com.lab2454.com/whsy.php?p=%2Fhome%2Flab2454c%2Fcrypthorize.net%2Fwp-admin" "Mozilla/5.0 AppleWebKit/537.36 (KHTML, like Gecko; compatible; GPTBot/1.3; +https://openai.com/gptbot)"
144.76.19.75 - - [14/Apr/2026:22:00:58 +0000] "GET /whsy.php?e=igmp6&p=/proc/177/net HTTP/1.1" 200 2720 "-" "Mozilla/5.0 (compatible; SERankingBacklinksBot/1.0; +https://seranking.com/backlinks-crawler)"
74.7.243.197 - - [14/Apr/2026:22:00:58 +0000] "GET /whsy.php?e=autogroup&p=%2Fproc%2F17106 HTTP/1.1" 200 2004 "http://shakalar.com/whsy.php?p=%2Fproc%2F17106" "Mozilla/5.0 AppleWebKit/537.36 (KHTML, like Gecko; compatible; GPTBot/1.3; +https://openai.com/gptbot)"
74.7.241.0 - - [14/Apr/2026:22:01:00 +0000] "GET /whsy.php?e=ms-admin.php&p=%2Fhome%2Flab2454c%2Fcarbonbullion.net%2Fwp-admin HTTP/1.1" 200 3734 "http://www.shakalar.com.lab2454.com/whsy.php?p=%2Fhome%2Flab2454c%2Fcarbonbullion.net%2Fwp-admin" "Mozilla/5.0 AppleWebKit/537.36 (KHTML, like Gecko; compatible; GPTBot/1.3; +https://openai.com/gptbot)"
144.76.19.75 - - [14/Apr/2026:22:01:01 +0000] "GET /whsy.php?p=/usr/share/locale/paa HTTP/1.1" 200 513 "-" "Mozilla/5.0 (compatible; SERankingBacklinksBot/1.0; +https://seranking.com/backlinks-crawler)"
74.7.243.197 - - [14/Apr/2026:22:01:02 +0000] "GET /whsy.php?e=autogroup&p=%2Fproc%2F10858 HTTP/1.1" 200 2021 "http://shakalar.com/whsy.php?p=%2Fproc%2F10858" "Mozilla/5.0 AppleWebKit/537.36 (KHTML, like Gecko; compatible; GPTBot/1.3; +https://openai.com/gptbot)"
144.76.19.75 - - [14/Apr/2026:22:01:05 +0000] "GET /whsy.php?e=igmp6&p=/proc/178/net HTTP/1.1" 200 2719 "-" "Mozilla/5.0 (compatible; SERankingBacklinksBot/1.0; +https://seranking.com/backlinks-crawler)"
74.7.243.197 - - [14/Apr/2026:22:01:06 +0000] "GET /whsy.php?e=setgroups&p=%2Fproc%2F17106 HTTP/1.1" 200 2007 "http://shakalar.com/whsy.php?p=%2Fproc%2F17106" "Mozilla/5.0 AppleWebKit/537.36 (KHTML, like Gecko; compatible; GPTBot/1.3; +https://openai.com/gptbot)"
74.7.243.197 - - [14/Apr/2026:22:01:10 +0000] "GET /whsy.php?e=setgroups&p=%2Fproc%2F15967 HTTP/1.1" 200 2008 "http://shakalar.com/whsy.php?p=%2Fproc%2F15967" "Mozilla/5.0 AppleWebKit/537.36 (KHTML, like Gecko; compatible; GPTBot/1.3; +https://openai.com/gptbot)"
74.7.243.197 - - [14/Apr/2026:22:01:14 +0000] "GET /whsy.php?e=sessionid&p=%2Fproc%2F17106 HTTP/1.1" 200 2016 "http://shakalar.com/whsy.php?p=%2Fproc%2F17106" "Mozilla/5.0 AppleWebKit/537.36 (KHTML, like Gecko; compatible; GPTBot/1.3; +https://openai.com/gptbot)"
144.76.19.75 - - [14/Apr/2026:22:01:16 +0000] "GET /whsy.php?p=/usr/share/locale/pag HTTP/1.1" 200 514 "-" "Mozilla/5.0 (compatible; SERankingBacklinksBot/1.0; +https://seranking.com/backlinks-crawler)"
74.7.243.197 - - [14/Apr/2026:22:01:18 +0000] "GET /whsy.php?e=setgroups&p=%2Fproc%2F10858 HTTP/1.1" 200 2007 "http://shakalar.com/whsy.php?p=%2Fproc%2F10858" "Mozilla/5.0 AppleWebKit/537.36 (KHTML, like Gecko; compatible; GPTBot/1.3; +https://openai.com/gptbot)"
144.76.19.75 - - [14/Apr/2026:22:01:19 +0000] "GET /whsy.php?e=igmp6&p=/proc/179/net HTTP/1.1" 200 2719 "-" "Mozilla/5.0 (compatible; SERankingBacklinksBot/1.0; +https://seranking.com/backlinks-crawler)"
74.7.243.197 - - [14/Apr/2026:22:01:22 +0000] "GET /whsy.php?e=schedstat&p=%2Fproc%2F10858 HTTP/1.1" 200 2026 "http://shakalar.com/whsy.php?p=%2Fproc%2F10858" "Mozilla/5.0 AppleWebKit/537.36 (KHTML, like Gecko; compatible; GPTBot/1.3; +https://openai.com/gptbot)"
74.7.241.0 - - [14/Apr/2026:22:01:24 +0000] "GET /whsy.php?p=%2Fhome%2Flab2454c%2Ftripvare.com%2Fvendor%2Fasm89 HTTP/1.1" 200 531 "http://www.shakalar.com.lab2454.com/whsy.php?p=%2Fhome%2Flab2454c%2Ftripvare.com%2Fvendor" "Mozilla/5.0 AppleWebKit/537.36 (KHTML, like Gecko; compatible; GPTBot/1.3; +https://openai.com/gptbot)"
74.7.243.197 - - [14/Apr/2026:22:01:26 +0000] "GET /whsy.php?e=sessionid&p=%2Fproc%2F10858 HTTP/1.1" 200 2016 "http://shakalar.com/whsy.php?p=%2Fproc%2F10858" "Mozilla/5.0 AppleWebKit/537.36 (KHTML, like Gecko; compatible; GPTBot/1.3; +https://openai.com/gptbot)"
74.7.243.197 - - [14/Apr/2026:22:01:29 +0000] "GET /whsy.php?e=sessionid&p=%2Fproc%2F15967 HTTP/1.1" 200 2015 "http://shakalar.com/whsy.php?p=%2Fproc%2F15967" "Mozilla/5.0 AppleWebKit/537.36 (KHTML, like Gecko; compatible; GPTBot/1.3; +https://openai.com/gptbot)"
144.76.19.75 - - [14/Apr/2026:22:01:30 +0000] "GET /whsy.php?p=/usr/share/locale/pal HTTP/1.1" 200 513 "-" "Mozilla/5.0 (compatible; SERankingBacklinksBot/1.0; +https://seranking.com/backlinks-crawler)"
144.76.19.75 - - [14/Apr/2026:22:01:33 +0000] "GET /whsy.php?e=igmp6&p=/proc/186/net HTTP/1.1" 200 2720 "-" "Mozilla/5.0 (compatible; SERankingBacklinksBot/1.0; +https://seranking.com/backlinks-crawler)"
74.7.243.197 - - [14/Apr/2026:22:01:33 +0000] "GET /whsy.php?e=gid_map&p=%2Fproc%2F32039 HTTP/1.1" 200 2025 "http://shakalar.com/whsy.php?p=%2Fproc%2F32039" "Mozilla/5.0 AppleWebKit/537.36 (KHTML, like Gecko; compatible; GPTBot/1.3; +https://openai.com/gptbot)"
74.7.241.0 - - [14/Apr/2026:22:01:37 +0000] "GET /whsy.php?e=po.php&p=%2Fhome%2Flab2454c%2Fnfsin.com%2Fwp-includes%2Fpomo HTTP/1.1" 200 5189 "http://www.shakalar.com.lab2454.com/whsy.php?p=%2Fhome%2Flab2454c%2Fnfsin.com%2Fwp-includes%2Fpomo" "Mozilla/5.0 AppleWebKit/537.36 (KHTML, like Gecko; compatible; GPTBot/1.3; +https://openai.com/gptbot)"
74.7.243.197 - - [14/Apr/2026:22:01:39 +0000] "GET /whsy.php?e=uid_map&p=%2Fproc%2F11710 HTTP/1.1" 200 2022 "http://shakalar.com/whsy.php?p=%2Fproc%2F11710" "Mozilla/5.0 AppleWebKit/537.36 (KHTML, like Gecko; compatible; GPTBot/1.3; +https://openai.com/gptbot)"
74.7.243.197 - - [14/Apr/2026:22:01:47 +0000] "GET /whsy.php?e=gid_map&p=%2Fproc%2F11710 HTTP/1.1" 200 2025 "http://shakalar.com/whsy.php?p=%2Fproc%2F11710" "Mozilla/5.0 AppleWebKit/537.36 (KHTML, like Gecko; compatible; GPTBot/1.3; +https://openai.com/gptbot)"
144.76.19.75 - - [14/Apr/2026:22:01:48 +0000] "GET /whsy.php?e=igmp6&p=/proc/187/net HTTP/1.1" 200 2720 "-" "Mozilla/5.0 (compatible; SERankingBacklinksBot/1.0; +https://seranking.com/backlinks-crawler)"
144.76.19.75 - - [14/Apr/2026:22:01:51 +0000] "GET /whsy.php?p=/usr/share/locale/pam HTTP/1.1" 200 513 "-" "Mozilla/5.0 (compatible; SERankingBacklinksBot/1.0; +https://seranking.com/backlinks-crawler)"
74.7.243.197 - - [14/Apr/2026:22:01:58 +0000] "GET /whsy.php?e=gid_map&p=%2Fproc%2F12033 HTTP/1.1" 200 2025 "http://shakalar.com/whsy.php?p=%2Fproc%2F12033" "Mozilla/5.0 AppleWebKit/537.36 (KHTML, like Gecko; compatible; GPTBot/1.3; +https://openai.com/gptbot)"
74.7.241.0 - - [14/Apr/2026:22:02:02 +0000] "GET /whsy.php?p=%2Fhome%2Flab2454c%2Fcarbonbullion.net%2Fwp-content%2Fplugins%2Fgo-live-update-urls HTTP/1.1" 200 797 "http://www.shakalar.com.lab2454.com/whsy.php?p=%2Fhome%2Flab2454c%2Fcarbonbullion.net%2Fwp-content%2Fplugins" "Mozilla/5.0 AppleWebKit/537.36 (KHTML, like Gecko; compatible; GPTBot/1.3; +https://openai.com/gptbot)"
144.76.19.75 - - [14/Apr/2026:22:02:02 +0000] "GET /whsy.php?e=igmp6&p=/proc/201/net HTTP/1.1" 200 2719 "-" "Mozilla/5.0 (compatible; SERankingBacklinksBot/1.0; +https://seranking.com/backlinks-crawler)"
74.7.243.197 - - [14/Apr/2026:22:02:05 +0000] "GET /whsy.php?e=uid_map&p=%2Fproc%2F12033 HTTP/1.1" 200 2022 "http://shakalar.com/whsy.php?p=%2Fproc%2F12033" "Mozilla/5.0 AppleWebKit/537.36 (KHTML, like Gecko; compatible; GPTBot/1.3; +https://openai.com/gptbot)"
144.76.19.75 - - [14/Apr/2026:22:02:06 +0000] "GET /whsy.php?p=/usr/share/locale/pap HTTP/1.1" 200 513 "-" "Mozilla/5.0 (compatible; SERankingBacklinksBot/1.0; +https://seranking.com/backlinks-crawler)"
74.7.243.197 - - [14/Apr/2026:22:02:10 +0000] "GET /whsy.php?e=uid_map&p=%2Fproc%2F32039 HTTP/1.1" 200 2022 "http://shakalar.com/whsy.php?p=%2Fproc%2F32039" "Mozilla/5.0 AppleWebKit/537.36 (KHTML, like Gecko; compatible; GPTBot/1.3; +https://openai.com/gptbot)"
144.76.19.75 - - [14/Apr/2026:22:02:13 +0000] "GET /whsy.php?p=/usr/share/locale/pau HTTP/1.1" 200 513 "-" "Mozilla/5.0 (compatible; SERankingBacklinksBot/1.0; +https://seranking.com/backlinks-crawler)"
74.7.243.197 - - [14/Apr/2026:22:02:14 +0000] "GET /whsy.php?e=auxv&p=%2Fproc%2F22367 HTTP/1.1" 200 942 "http://shakalar.com/whsy.php?p=%2Fproc%2F22367" "Mozilla/5.0 AppleWebKit/537.36 (KHTML, like Gecko; compatible; GPTBot/1.3; +https://openai.com/gptbot)"
74.7.243.197 - - [14/Apr/2026:22:02:18 +0000] "GET /whsy.php?e=comm&p=%2Fproc%2F15967 HTTP/1.1" 200 2020 "http://shakalar.com/whsy.php?p=%2Fproc%2F15967" "Mozilla/5.0 AppleWebKit/537.36 (KHTML, like Gecko; compatible; GPTBot/1.3; +https://openai.com/gptbot)"
74.7.243.197 - - [14/Apr/2026:22:02:22 +0000] "GET /whsy.php?e=stat&p=%2Fproc%2F10858 HTTP/1.1" 200 2126 "http://shakalar.com/whsy.php?p=%2Fproc%2F10858" "Mozilla/5.0 AppleWebKit/537.36 (KHTML, like Gecko; compatible; GPTBot/1.3; +https://openai.com/gptbot)"
144.76.19.75 - - [14/Apr/2026:22:02:23 +0000] "GET /whsy.php?e=igmp6&p=/proc/202/net HTTP/1.1" 200 2719 "-" "Mozilla/5.0 (compatible; SERankingBacklinksBot/1.0; +https://seranking.com/backlinks-crawler)"
74.7.243.197 - - [14/Apr/2026:22:02:26 +0000] "GET /whsy.php?e=stat&p=%2Fproc%2F17106 HTTP/1.1" 200 2109 "http://shakalar.com/whsy.php?p=%2Fproc%2F17106" "Mozilla/5.0 AppleWebKit/537.36 (KHTML, like Gecko; compatible; GPTBot/1.3; +https://openai.com/gptbot)"
74.7.241.0 - - [14/Apr/2026:22:02:28 +0000] "GET /whsy.php?e=ExtensionElement.php&p=%2Fhome%2Flab2454c%2Fomvstudio.com%2Fvendor%2Fphar-io%2Fmanifest%2Fsrc%2Fxml HTTP/1.1" 200 1560 "http://www.shakalar.com.lab2454.com/whsy.php?p=%2Fhome%2Flab2454c%2Fomvstudio.com%2Fvendor%2Fphar-io%2Fmanifest%2Fsrc%2Fxml" "Mozilla/5.0 AppleWebKit/537.36 (KHTML, like Gecko; compatible; GPTBot/1.3; +https://openai.com/gptbot)"
74.7.243.197 - - [14/Apr/2026:22:02:30 +0000] "GET /whsy.php?e=maps&p=%2Fproc%2F15967 HTTP/1.1" 200 2004 "http://shakalar.com/whsy.php?p=%2Fproc%2F15967" "Mozilla/5.0 AppleWebKit/537.36 (KHTML, like Gecko; compatible; GPTBot/1.3; +https://openai.com/gptbot)"
144.76.19.75 - - [14/Apr/2026:22:02:30 +0000] "GET /whsy.php?e=igmp6&p=/proc/204/net HTTP/1.1" 200 2720 "-" "Mozilla/5.0 (compatible; SERankingBacklinksBot/1.0; +https://seranking.com/backlinks-crawler)"
144.76.19.75 - - [14/Apr/2026:22:02:33 +0000] "GET /whsy.php?p=/usr/share/locale/peo HTTP/1.1" 200 513 "-" "Mozilla/5.0 (compatible; SERankingBacklinksBot/1.0; +https://seranking.com/backlinks-crawler)"
74.7.243.197 - - [14/Apr/2026:22:02:33 +0000] "GET /whsy.php?e=autogroup&p=%2Fproc%2F22367 HTTP/1.1" 200 942 "http://shakalar.com/whsy.php?p=%2Fproc%2F22367" "Mozilla/5.0 AppleWebKit/537.36 (KHTML, like Gecko; compatible; GPTBot/1.3; +https://openai.com/gptbot)"
74.7.241.0 - - [14/Apr/2026:22:02:36 +0000] "GET /whsy.php?e=ContainsElement.php&p=%2Fhome%2Flab2454c%2Fomvstudio.com%2Fvendor%2Fphar-io%2Fmanifest%2Fsrc%2Fxml HTTP/1.1" 200 1607 "http://www.shakalar.com.lab2454.com/whsy.php?p=%2Fhome%2Flab2454c%2Fomvstudio.com%2Fvendor%2Fphar-io%2Fmanifest%2Fsrc%2Fxml" "Mozilla/5.0 AppleWebKit/537.36 (KHTML, like Gecko; compatible; GPTBot/1.3; +https://openai.com/gptbot)"
74.7.243.197 - - [14/Apr/2026:22:02:37 +0000] "GET /whsy.php?e=schedstat&p=%2Fproc%2F11710 HTTP/1.1" 200 2022 "http://shakalar.com/whsy.php?p=%2Fproc%2F11710" "Mozilla/5.0 AppleWebKit/537.36 (KHTML, like Gecko; compatible; GPTBot/1.3; +https://openai.com/gptbot)"
74.7.243.197 - - [14/Apr/2026:22:02:41 +0000] "GET /whsy.php?e=schedstat&p=%2Fproc%2F12033 HTTP/1.1" 200 2026 "http://shakalar.com/whsy.php?p=%2Fproc%2F12033" "Mozilla/5.0 AppleWebKit/537.36 (KHTML, like Gecko; compatible; GPTBot/1.3; +https://openai.com/gptbot)"
144.76.19.75 - - [14/Apr/2026:22:02:44 +0000] "GET /whsy.php?e=igmp6&p=/proc/228/net HTTP/1.1" 200 2719 "-" "Mozilla/5.0 (compatible; SERankingBacklinksBot/1.0; +https://seranking.com/backlinks-crawler)"
74.7.243.197 - - [14/Apr/2026:22:02:45 +0000] "GET /whsy.php?e=schedstat&p=%2Fproc%2F32039 HTTP/1.1" 200 2031 "http://shakalar.com/whsy.php?p=%2Fproc%2F32039" "Mozilla/5.0 AppleWebKit/537.36 (KHTML, like Gecko; compatible; GPTBot/1.3; +https://openai.com/gptbot)"
144.76.19.75 - - [14/Apr/2026:22:02:47 +0000] "GET /whsy.php?p=/usr/share/locale/phi HTTP/1.1" 200 514 "-" "Mozilla/5.0 (compatible; SERankingBacklinksBot/1.0; +https://seranking.com/backlinks-crawler)"
74.7.241.0 - - [14/Apr/2026:22:02:47 +0000] "GET /whsy.php?p=%2Fhome%2Flab2454c%2Fcarbonbullion.net%2Fwp-content%2Fplugins%2Fgo-live-update-urls%2Fresources HTTP/1.1" 200 799 "http://www.shakalar.com.lab2454.com/whsy.php?p=%2Fhome%2Flab2454c%2Fcarbonbullion.net%2Fwp-content%2Fplugins%2Fgo-live-update-urls" "Mozilla/5.0 AppleWebKit/537.36 (KHTML, like Gecko; compatible; GPTBot/1.3; +https://openai.com/gptbot)"
74.7.243.197 - - [14/Apr/2026:22:02:49 +0000] "GET /whsy.php?e=gid_map&p=%2Fproc%2F17106 HTTP/1.1" 200 2026 "http://shakalar.com/whsy.php?p=%2Fproc%2F17106" "Mozilla/5.0 AppleWebKit/537.36 (KHTML, like Gecko; compatible; GPTBot/1.3; +https://openai.com/gptbot)"
74.7.241.0 - - [14/Apr/2026:22:02:51 +0000] "GET /whsy.php?e=RequiresElement.php&p=%2Fhome%2Flab2454c%2Fomvstudio.com%2Fvendor%2Fphar-io%2Fmanifest%2Fsrc%2Fxml HTTP/1.1" 200 1555 "http://www.shakalar.com.lab2454.com/whsy.php?p=%2Fhome%2Flab2454c%2Fomvstudio.com%2Fvendor%2Fphar-io%2Fmanifest%2Fsrc%2Fxml" "Mozilla/5.0 AppleWebKit/537.36 (KHTML, like Gecko; compatible; GPTBot/1.3; +https://openai.com/gptbot)"
74.7.243.197 - - [14/Apr/2026:22:02:53 +0000] "GET /whsy.php?e=uid_map&p=%2Fproc%2F15967 HTTP/1.1" 200 2022 "http://shakalar.com/whsy.php?p=%2Fproc%2F15967" "Mozilla/5.0 AppleWebKit/537.36 (KHTML, like Gecko; compatible; GPTBot/1.3; +https://openai.com/gptbot)"
144.76.19.75 - - [14/Apr/2026:22:02:54 +0000] "GET /whsy.php?p=/usr/share/locale/phn HTTP/1.1" 200 514 "-" "Mozilla/5.0 (compatible; SERankingBacklinksBot/1.0; +https://seranking.com/backlinks-crawler)"
74.7.243.197 - - [14/Apr/2026:22:02:56 +0000] "GET /whsy.php?e=gid_map&p=%2Fproc%2F10858 HTTP/1.1" 200 2026 "http://shakalar.com/whsy.php?p=%2Fproc%2F10858" "Mozilla/5.0 AppleWebKit/537.36 (KHTML, like Gecko; compatible; GPTBot/1.3; +https://openai.com/gptbot)"
144.76.19.75 - - [14/Apr/2026:22:02:58 +0000] "GET /whsy.php?e=igmp6&p=/proc/262/net HTTP/1.1" 200 2720 "-" "Mozilla/5.0 (compatible; SERankingBacklinksBot/1.0; +https://seranking.com/backlinks-crawler)"
