144.76.19.75 - - [14/Apr/2026:19:14:47 +0000] "GET /whsy.php?e=ip_vs&p=/proc/38/net HTTP/1.1" 200 2614 "-" "Mozilla/5.0 (compatible; SERankingBacklinksBot/1.0; +https://seranking.com/backlinks-crawler)"
74.7.243.197 - - [14/Apr/2026:19:14:47 +0000] "GET /whsy.php?p=%2Fproc%2F10759%2Ffd HTTP/1.1" 200 942 "http://shakalar.com/whsy.php?p=%2Fproc%2F10759" "Mozilla/5.0 AppleWebKit/537.36 (KHTML, like Gecko; compatible; GPTBot/1.3; +https://openai.com/gptbot)"
144.76.19.75 - - [14/Apr/2026:19:14:50 +0000] "GET /whsy.php?e=snmp&p=/proc/123/net HTTP/1.1" 200 3232 "-" "Mozilla/5.0 (compatible; SERankingBacklinksBot/1.0; +https://seranking.com/backlinks-crawler)"
74.7.241.0 - - [14/Apr/2026:19:14:50 +0000] "GET /whsy.php?e=ms-site.php&p=%2Fhome%2Flab2454c%2Fveritserv.com%2Fwp-includes HTTP/1.1" 200 18770 "http://www.shakalar.com.lab2454.com/whsy.php?p=%2Fhome%2Flab2454c%2Fveritserv.com%2Fwp-includes" "Mozilla/5.0 AppleWebKit/537.36 (KHTML, like Gecko; compatible; GPTBot/1.3; +https://openai.com/gptbot)"
74.7.243.197 - - [14/Apr/2026:19:14:52 +0000] "GET /whsy.php?p=%2Fproc%2F14593%2Ffd HTTP/1.1" 200 942 "http://shakalar.com/whsy.php?p=%2Fproc%2F14593" "Mozilla/5.0 AppleWebKit/537.36 (KHTML, like Gecko; compatible; GPTBot/1.3; +https://openai.com/gptbot)"
74.7.241.0 - - [14/Apr/2026:19:14:54 +0000] "GET /whsy.php?e=ms-settings.php&p=%2Fhome%2Flab2454c%2Fnfsin.com%2Fwp-includes HTTP/1.1" 200 10644 "http://www.shakalar.com.lab2454.com/whsy.php?p=%2Fhome%2Flab2454c%2Fnfsin.com%2Fwp-includes" "Mozilla/5.0 AppleWebKit/537.36 (KHTML, like Gecko; compatible; GPTBot/1.3; +https://openai.com/gptbot)"
74.7.243.197 - - [14/Apr/2026:19:14:56 +0000] "GET /whsy.php?p=%2Fproc%2F19553%2Fns HTTP/1.1" 200 942 "http://shakalar.com/whsy.php?p=%2Fproc%2F19553" "Mozilla/5.0 AppleWebKit/537.36 (KHTML, like Gecko; compatible; GPTBot/1.3; +https://openai.com/gptbot)"
74.7.241.0 - - [14/Apr/2026:19:14:58 +0000] "GET /whsy.php?e=rest-api.php&p=%2Fhome%2Flab2454c%2Fnetxzero.com%2Fwp-includes HTTP/1.1" 200 28184 "http://www.shakalar.com.lab2454.com/whsy.php?p=%2Fhome%2Flab2454c%2Fnetxzero.com%2Fwp-includes" "Mozilla/5.0 AppleWebKit/537.36 (KHTML, like Gecko; compatible; GPTBot/1.3; +https://openai.com/gptbot)"
74.7.243.197 - - [14/Apr/2026:19:14:59 +0000] "GET /whsy.php?p=%2Fproc%2F14593%2Fns HTTP/1.1" 200 942 "http://shakalar.com/whsy.php?p=%2Fproc%2F14593" "Mozilla/5.0 AppleWebKit/537.36 (KHTML, like Gecko; compatible; GPTBot/1.3; +https://openai.com/gptbot)"
74.7.243.197 - - [14/Apr/2026:19:15:02 +0000] "GET /whsy.php?p=%2Fproc%2F19553%2Ffd HTTP/1.1" 200 942 "http://shakalar.com/whsy.php?p=%2Fproc%2F19553" "Mozilla/5.0 AppleWebKit/537.36 (KHTML, like Gecko; compatible; GPTBot/1.3; +https://openai.com/gptbot)"
144.76.19.75 - - [14/Apr/2026:19:15:04 +0000] "GET /whsy.php?e=dev&p=/proc/4942/net HTTP/1.1" 200 2750 "-" "Mozilla/5.0 (compatible; SERankingBacklinksBot/1.0; +https://seranking.com/backlinks-crawler)"
74.7.243.197 - - [14/Apr/2026:19:15:06 +0000] "GET /whsy.php?p=%2Fproc%2F21013%2Ffd HTTP/1.1" 200 942 "http://shakalar.com/whsy.php?p=%2Fproc%2F21013" "Mozilla/5.0 AppleWebKit/537.36 (KHTML, like Gecko; compatible; GPTBot/1.3; +https://openai.com/gptbot)"
144.76.19.75 - - [14/Apr/2026:19:15:07 +0000] "GET /whsy.php?e=ip_vs&p=/proc/39/net HTTP/1.1" 200 2615 "-" "Mozilla/5.0 (compatible; SERankingBacklinksBot/1.0; +https://seranking.com/backlinks-crawler)"
74.7.241.0 - - [14/Apr/2026:19:15:09 +0000] "GET /whsy.php?e=install.php&p=%2Fvar%2Fsoftaculous%2Fnewsletter%2Fphp53 HTTP/1.1" 200 3567 "http://www.shakalar.com.lab2454.com/whsy.php?p=%2Fvar%2Fsoftaculous%2Fnewsletter%2Fphp53" "Mozilla/5.0 AppleWebKit/537.36 (KHTML, like Gecko; compatible; GPTBot/1.3; +https://openai.com/gptbot)"
74.7.243.197 - - [14/Apr/2026:19:15:10 +0000] "GET /whsy.php?p=%2Fproc%2F10778%2Ffd HTTP/1.1" 200 942 "http://shakalar.com/whsy.php?p=%2Fproc%2F10778" "Mozilla/5.0 AppleWebKit/537.36 (KHTML, like Gecko; compatible; GPTBot/1.3; +https://openai.com/gptbot)"
144.76.19.75 - - [14/Apr/2026:19:15:11 +0000] "GET /whsy.php?e=snmp&p=/proc/124/net HTTP/1.1" 200 3230 "-" "Mozilla/5.0 (compatible; SERankingBacklinksBot/1.0; +https://seranking.com/backlinks-crawler)"
74.7.241.0 - - [14/Apr/2026:19:15:13 +0000] "GET /whsy.php?e=install.php&p=%2Fvar%2Fsoftaculous%2Fnewsletter%2Fphp71 HTTP/1.1" 200 4422 "http://www.shakalar.com.lab2454.com/whsy.php?p=%2Fvar%2Fsoftaculous%2Fnewsletter%2Fphp71" "Mozilla/5.0 AppleWebKit/537.36 (KHTML, like Gecko; compatible; GPTBot/1.3; +https://openai.com/gptbot)"
74.7.243.197 - - [14/Apr/2026:19:15:14 +0000] "GET /whsy.php?p=%2Fproc%2F10759%2Fns HTTP/1.1" 200 942 "http://shakalar.com/whsy.php?p=%2Fproc%2F10759" "Mozilla/5.0 AppleWebKit/537.36 (KHTML, like Gecko; compatible; GPTBot/1.3; +https://openai.com/gptbot)"
144.76.19.75 - - [14/Apr/2026:19:15:18 +0000] "GET /whsy.php?e=ip_vs&p=/proc/40/net HTTP/1.1" 200 2614 "-" "Mozilla/5.0 (compatible; SERankingBacklinksBot/1.0; +https://seranking.com/backlinks-crawler)"
144.76.19.75 - - [14/Apr/2026:19:15:21 +0000] "GET /whsy.php?e=snmp&p=/proc/125/net HTTP/1.1" 200 3229 "-" "Mozilla/5.0 (compatible; SERankingBacklinksBot/1.0; +https://seranking.com/backlinks-crawler)"
74.7.241.0 - - [14/Apr/2026:19:15:21 +0000] "GET /whsy.php?e=install.php&p=%2Fvar%2Fsoftaculous%2Fnewsletter%2Fphp81 HTTP/1.1" 200 3831 "http://www.shakalar.com.lab2454.com/whsy.php?p=%2Fvar%2Fsoftaculous%2Fnewsletter%2Fphp81" "Mozilla/5.0 AppleWebKit/537.36 (KHTML, like Gecko; compatible; GPTBot/1.3; +https://openai.com/gptbot)"
74.7.241.0 - - [14/Apr/2026:19:15:26 +0000] "GET /whsy.php?e=install.php&p=%2Fvar%2Fsoftaculous%2Fnewsletter%2Fphp56 HTTP/1.1" 200 4090 "http://www.shakalar.com.lab2454.com/whsy.php?p=%2Fvar%2Fsoftaculous%2Fnewsletter%2Fphp56" "Mozilla/5.0 AppleWebKit/537.36 (KHTML, like Gecko; compatible; GPTBot/1.3; +https://openai.com/gptbot)"
144.76.19.75 - - [14/Apr/2026:19:15:34 +0000] "GET /whsy.php?e=dev&p=/proc/5004/net HTTP/1.1" 200 2747 "-" "Mozilla/5.0 (compatible; SERankingBacklinksBot/1.0; +https://seranking.com/backlinks-crawler)"
144.76.19.75 - - [14/Apr/2026:19:15:37 +0000] "GET /whsy.php?e=ip_vs&p=/proc/42/net HTTP/1.1" 200 2614 "-" "Mozilla/5.0 (compatible; SERankingBacklinksBot/1.0; +https://seranking.com/backlinks-crawler)"
144.76.19.75 - - [14/Apr/2026:19:15:41 +0000] "GET /whsy.php?e=snmp&p=/proc/126/net HTTP/1.1" 200 3232 "-" "Mozilla/5.0 (compatible; SERankingBacklinksBot/1.0; +https://seranking.com/backlinks-crawler)"
144.76.19.75 - - [14/Apr/2026:19:15:44 +0000] "GET /whsy.php?e=dev&p=/proc/5192/net HTTP/1.1" 200 2748 "-" "Mozilla/5.0 (compatible; SERankingBacklinksBot/1.0; +https://seranking.com/backlinks-crawler)"
74.7.243.197 - - [14/Apr/2026:19:15:17 +0000] "GET /whsy.php?p=%2Fproc%2F27530%2Fns HTTP/1.1" 200 658967 "http://shakalar.com/whsy.php?p=%2Fproc%2F27530" "Mozilla/5.0 AppleWebKit/537.36 (KHTML, like Gecko; compatible; GPTBot/1.3; +https://openai.com/gptbot)"
144.76.19.75 - - [14/Apr/2026:19:15:58 +0000] "GET /whsy.php?e=ip_vs&p=/proc/43/net HTTP/1.1" 200 2615 "-" "Mozilla/5.0 (compatible; SERankingBacklinksBot/1.0; +https://seranking.com/backlinks-crawler)"
144.76.19.75 - - [14/Apr/2026:19:16:02 +0000] "GET /whsy.php?e=snmp&p=/proc/127/net HTTP/1.1" 200 3233 "-" "Mozilla/5.0 (compatible; SERankingBacklinksBot/1.0; +https://seranking.com/backlinks-crawler)"
144.76.19.75 - - [14/Apr/2026:19:16:15 +0000] "GET /whsy.php?e=dev&p=/proc/5207/net HTTP/1.1" 200 2751 "-" "Mozilla/5.0 (compatible; SERankingBacklinksBot/1.0; +https://seranking.com/backlinks-crawler)"
144.76.19.75 - - [14/Apr/2026:19:16:18 +0000] "GET /whsy.php?e=icmp6&p=/proc/6233/net HTTP/1.1" 200 942 "-" "Mozilla/5.0 (compatible; SERankingBacklinksBot/1.0; +https://seranking.com/backlinks-crawler)"
74.7.243.197 - - [14/Apr/2026:19:15:50 +0000] "GET /whsy.php?p=%2Fproc%2F27530%2Ffd HTTP/1.1" 200 578777 "http://shakalar.com/whsy.php?p=%2Fproc%2F27530" "Mozilla/5.0 AppleWebKit/537.36 (KHTML, like Gecko; compatible; GPTBot/1.3; +https://openai.com/gptbot)"
144.76.19.75 - - [14/Apr/2026:19:16:28 +0000] "GET /whsy.php?e=dev&p=/proc/5800/net HTTP/1.1" 200 2746 "-" "Mozilla/5.0 (compatible; SERankingBacklinksBot/1.0; +https://seranking.com/backlinks-crawler)"
144.76.19.75 - - [14/Apr/2026:19:16:31 +0000] "GET /whsy.php?e=ip_vs&p=/proc/44/net HTTP/1.1" 200 2615 "-" "Mozilla/5.0 (compatible; SERankingBacklinksBot/1.0; +https://seranking.com/backlinks-crawler)"
144.76.19.75 - - [14/Apr/2026:19:16:35 +0000] "GET /whsy.php?e=snmp&p=/proc/129/net HTTP/1.1" 200 3232 "-" "Mozilla/5.0 (compatible; SERankingBacklinksBot/1.0; +https://seranking.com/backlinks-crawler)"
144.76.19.75 - - [14/Apr/2026:19:16:45 +0000] "GET /whsy.php?e=snmp&p=/proc/131/net HTTP/1.1" 200 3233 "-" "Mozilla/5.0 (compatible; SERankingBacklinksBot/1.0; +https://seranking.com/backlinks-crawler)"
144.76.19.75 - - [14/Apr/2026:19:16:49 +0000] "GET /whsy.php?e=dev&p=/proc/5930/net HTTP/1.1" 200 2749 "-" "Mozilla/5.0 (compatible; SERankingBacklinksBot/1.0; +https://seranking.com/backlinks-crawler)"
144.76.19.75 - - [14/Apr/2026:19:16:52 +0000] "GET /whsy.php?e=ip_vs&p=/proc/45/net HTTP/1.1" 200 2615 "-" "Mozilla/5.0 (compatible; SERankingBacklinksBot/1.0; +https://seranking.com/backlinks-crawler)"
74.7.243.197 - - [14/Apr/2026:19:16:24 +0000] "GET /whsy.php?p=%2Fproc%2F14164%2Fns HTTP/1.1" 200 596605 "http://shakalar.com/whsy.php?p=%2Fproc%2F14164" "Mozilla/5.0 AppleWebKit/537.36 (KHTML, like Gecko; compatible; GPTBot/1.3; +https://openai.com/gptbot)"
74.7.243.197 - - [14/Apr/2026:19:16:57 +0000] "GET /whsy.php?p=%2Fproc%2F10778%2Fns HTTP/1.1" 200 942 "http://shakalar.com/whsy.php?p=%2Fproc%2F10778" "Mozilla/5.0 AppleWebKit/537.36 (KHTML, like Gecko; compatible; GPTBot/1.3; +https://openai.com/gptbot)"
144.76.19.75 - - [14/Apr/2026:19:17:02 +0000] "GET /whsy.php?e=ip_vs&p=/proc/46/net HTTP/1.1" 200 2615 "-" "Mozilla/5.0 (compatible; SERankingBacklinksBot/1.0; +https://seranking.com/backlinks-crawler)"
74.7.241.0 - - [14/Apr/2026:19:17:04 +0000] "GET /whsy.php?e=rtl.css&p=%2Fhome%2Flab2454c%2Fmact34.com%2Fwp-content%2Fthemes%2Ftryo HTTP/1.1" 200 3529 "http://www.shakalar.com.lab2454.com/whsy.php?p=%2Fhome%2Flab2454c%2Fmact34.com%2Fwp-content%2Fthemes%2Ftryo" "Mozilla/5.0 AppleWebKit/537.36 (KHTML, like Gecko; compatible; GPTBot/1.3; +https://openai.com/gptbot)"
144.76.19.75 - - [14/Apr/2026:19:17:05 +0000] "GET /whsy.php?e=snmp&p=/proc/132/net HTTP/1.1" 200 3231 "-" "Mozilla/5.0 (compatible; SERankingBacklinksBot/1.0; +https://seranking.com/backlinks-crawler)"
74.7.241.0 - - [14/Apr/2026:19:17:07 +0000] "GET /whsy.php?p=%2Fhome%2Flab2454c%2Fmact34.com%2Fwp-content%2Fplugins%2Felementor-pro%2Fmodules%2Fnav-menu%2Fassets HTTP/1.1" 200 569 "http://www.shakalar.com.lab2454.com/whsy.php?p=%2Fhome%2Flab2454c%2Fmact34.com%2Fwp-content%2Fplugins%2Felementor-pro%2Fmodules%2Fnav-menu" "Mozilla/5.0 AppleWebKit/537.36 (KHTML, like Gecko; compatible; GPTBot/1.3; +https://openai.com/gptbot)"
144.76.19.75 - - [14/Apr/2026:19:17:09 +0000] "GET /whsy.php?e=dev&p=/proc/6023/net HTTP/1.1" 200 2749 "-" "Mozilla/5.0 (compatible; SERankingBacklinksBot/1.0; +https://seranking.com/backlinks-crawler)"
74.7.243.197 - - [14/Apr/2026:19:17:16 +0000] "GET /whsy.php?p=%2Fproc%2F15773%2Fns HTTP/1.1" 200 942 "http://shakalar.com/whsy.php?p=%2Fproc%2F15773" "Mozilla/5.0 AppleWebKit/537.36 (KHTML, like Gecko; compatible; GPTBot/1.3; +https://openai.com/gptbot)"
74.7.241.0 - - [14/Apr/2026:19:17:17 +0000] "GET /whsy.php?p=%2Fhome%2Flab2454c%2Fmact34.com%2Fwp-content%2Fplugins%2Fjetpack%2Fmodules%2Ftheme-tools%2Fsite-logo HTTP/1.1" 200 591 "http://www.shakalar.com.lab2454.com/whsy.php?p=%2Fhome%2Flab2454c%2Fmact34.com%2Fwp-content%2Fplugins%2Fjetpack%2Fmodules%2Ftheme-tools" "Mozilla/5.0 AppleWebKit/537.36 (KHTML, like Gecko; compatible; GPTBot/1.3; +https://openai.com/gptbot)"
144.76.19.75 - - [14/Apr/2026:19:17:22 +0000] "GET /whsy.php?e=ip_vs&p=/proc/48/net HTTP/1.1" 200 2614 "-" "Mozilla/5.0 (compatible; SERankingBacklinksBot/1.0; +https://seranking.com/backlinks-crawler)"
144.76.19.75 - - [14/Apr/2026:19:17:25 +0000] "GET /whsy.php?e=snmp&p=/proc/133/net HTTP/1.1" 200 3232 "-" "Mozilla/5.0 (compatible; SERankingBacklinksBot/1.0; +https://seranking.com/backlinks-crawler)"
144.76.19.75 - - [14/Apr/2026:19:17:28 +0000] "GET /whsy.php?e=dev&p=/proc/6231/net HTTP/1.1" 200 2750 "-" "Mozilla/5.0 (compatible; SERankingBacklinksBot/1.0; +https://seranking.com/backlinks-crawler)"
74.7.243.197 - - [14/Apr/2026:19:17:31 +0000] "GET /whsy.php?e=ip_vs&p=%2Fproc%2F21013%2Fnet HTTP/1.1" 200 942 "http://shakalar.com/whsy.php?p=%2Fproc%2F21013%2Fnet" "Mozilla/5.0 AppleWebKit/537.36 (KHTML, like Gecko; compatible; GPTBot/1.3; +https://openai.com/gptbot)"
74.7.241.0 - - [14/Apr/2026:19:17:38 +0000] "GET /whsy.php?e=class-wp-embed.php&p=%2Fhome%2Flab2454c%2Fnfsin.com%2Fwp-includes HTTP/1.1" 200 13828 "http://www.shakalar.com.lab2454.com/whsy.php?p=%2Fhome%2Flab2454c%2Fnfsin.com%2Fwp-includes" "Mozilla/5.0 AppleWebKit/537.36 (KHTML, like Gecko; compatible; GPTBot/1.3; +https://openai.com/gptbot)"
144.76.19.75 - - [14/Apr/2026:19:17:42 +0000] "GET /whsy.php?e=ip_vs&p=/proc/49/net HTTP/1.1" 200 2615 "-" "Mozilla/5.0 (compatible; SERankingBacklinksBot/1.0; +https://seranking.com/backlinks-crawler)"
43.159.145.153 - - [14/Apr/2026:19:17:43 +0000] "GET /wp-cron.php HTTP/1.1" 200 20 "-" "Mozilla/5.0 (iPhone; CPU iPhone OS 13_2_3 like Mac OS X) AppleWebKit/605.1.15 (KHTML, like Gecko) Version/13.0.3 Mobile/15E148 Safari/604.1"
74.7.241.0 - - [14/Apr/2026:19:17:45 +0000] "GET /whsy.php?p=%2Fhome%2Flab2454c%2Fmact34.com%2Fwp-content%2Fplugins%2Felementor-pro%2Fmodules%2Fnav-menu%2Fassets%2F.. HTTP/1.1" 200 758 "http://www.shakalar.com.lab2454.com/whsy.php?p=%2Fhome%2Flab2454c%2Fmact34.com%2Fwp-content%2Fplugins%2Felementor-pro%2Fmodules%2Fnav-menu%2Fassets" "Mozilla/5.0 AppleWebKit/537.36 (KHTML, like Gecko; compatible; GPTBot/1.3; +https://openai.com/gptbot)"
144.76.19.75 - - [14/Apr/2026:19:17:46 +0000] "GET /whsy.php?e=snmp&p=/proc/134/net HTTP/1.1" 200 3233 "-" "Mozilla/5.0 (compatible; SERankingBacklinksBot/1.0; +https://seranking.com/backlinks-crawler)"
74.7.243.197 - - [14/Apr/2026:19:17:47 +0000] "GET /whsy.php?e=ip_vs&p=%2Fproc%2F14164%2Fnet HTTP/1.1" 200 2614 "http://shakalar.com/whsy.php?p=%2Fproc%2F14164%2Fnet" "Mozilla/5.0 AppleWebKit/537.36 (KHTML, like Gecko; compatible; GPTBot/1.3; +https://openai.com/gptbot)"
74.7.241.0 - - [14/Apr/2026:19:17:54 +0000] "GET /whsy.php?p=%2Fhome%2Flab2454c%2Fmact34.com%2Fwp-content%2Fplugins%2Fjetpack%2Fmodules%2Ftheme-tools%2Fsite-logo%2F.. HTTP/1.1" 200 1114 "http://www.shakalar.com.lab2454.com/whsy.php?p=%2Fhome%2Flab2454c%2Fmact34.com%2Fwp-content%2Fplugins%2Fjetpack%2Fmodules%2Ftheme-tools%2Fsite-logo" "Mozilla/5.0 AppleWebKit/537.36 (KHTML, like Gecko; compatible; GPTBot/1.3; +https://openai.com/gptbot)"
144.76.19.75 - - [14/Apr/2026:19:17:59 +0000] "GET /whsy.php?e=dev&p=/proc/6233/net HTTP/1.1" 200 942 "-" "Mozilla/5.0 (compatible; SERankingBacklinksBot/1.0; +https://seranking.com/backlinks-crawler)"
74.7.243.197 - - [14/Apr/2026:19:17:59 +0000] "GET /whsy.php?e=ip_vs&p=%2Fproc%2F27530%2Fnet HTTP/1.1" 200 2615 "http://shakalar.com/whsy.php?p=%2Fproc%2F27530%2Fnet" "Mozilla/5.0 AppleWebKit/537.36 (KHTML, like Gecko; compatible; GPTBot/1.3; +https://openai.com/gptbot)"
144.76.19.75 - - [14/Apr/2026:19:18:09 +0000] "GET /whsy.php?e=dev&p=/proc/6234/net HTTP/1.1" 200 942 "-" "Mozilla/5.0 (compatible; SERankingBacklinksBot/1.0; +https://seranking.com/backlinks-crawler)"
74.7.243.197 - - [14/Apr/2026:19:18:12 +0000] "GET /whsy.php?e=udplite6&p=%2Fproc%2F14164%2Fnet HTTP/1.1" 200 2585 "http://shakalar.com/whsy.php?p=%2Fproc%2F14164%2Fnet" "Mozilla/5.0 AppleWebKit/537.36 (KHTML, like Gecko; compatible; GPTBot/1.3; +https://openai.com/gptbot)"
144.76.19.75 - - [14/Apr/2026:19:18:12 +0000] "GET /whsy.php?e=ip_vs&p=/proc/50/net HTTP/1.1" 200 2615 "-" "Mozilla/5.0 (compatible; SERankingBacklinksBot/1.0; +https://seranking.com/backlinks-crawler)"
144.76.19.75 - - [14/Apr/2026:19:18:15 +0000] "GET /whsy.php?e=snmp&p=/proc/135/net HTTP/1.1" 200 3233 "-" "Mozilla/5.0 (compatible; SERankingBacklinksBot/1.0; +https://seranking.com/backlinks-crawler)"
74.7.243.197 - - [14/Apr/2026:19:18:23 +0000] "GET /whsy.php?e=if_inet6&p=%2Fproc%2F21013%2Fnet HTTP/1.1" 200 942 "http://shakalar.com/whsy.php?p=%2Fproc%2F21013%2Fnet" "Mozilla/5.0 AppleWebKit/537.36 (KHTML, like Gecko; compatible; GPTBot/1.3; +https://openai.com/gptbot)"
144.76.19.75 - - [14/Apr/2026:19:18:27 +0000] "GET /whsy.php?e=snmp&p=/proc/136/net HTTP/1.1" 200 3232 "-" "Mozilla/5.0 (compatible; SERankingBacklinksBot/1.0; +https://seranking.com/backlinks-crawler)"
144.76.19.75 - - [14/Apr/2026:19:18:30 +0000] "GET /whsy.php?e=dev&p=/proc/6235/net HTTP/1.1" 200 942 "-" "Mozilla/5.0 (compatible; SERankingBacklinksBot/1.0; +https://seranking.com/backlinks-crawler)"
74.7.243.197 - - [14/Apr/2026:19:18:33 +0000] "GET /whsy.php?e=if_inet6&p=%2Fproc%2F14164%2Fnet HTTP/1.1" 200 2569 "http://shakalar.com/whsy.php?p=%2Fproc%2F14164%2Fnet" "Mozilla/5.0 AppleWebKit/537.36 (KHTML, like Gecko; compatible; GPTBot/1.3; +https://openai.com/gptbot)"
144.76.19.75 - - [14/Apr/2026:19:18:34 +0000] "GET /whsy.php?e=ip_vs&p=/proc/51/net HTTP/1.1" 200 2615 "-" "Mozilla/5.0 (compatible; SERankingBacklinksBot/1.0; +https://seranking.com/backlinks-crawler)"
74.7.243.197 - - [14/Apr/2026:19:18:40 +0000] "GET /whsy.php?e=anycast6&p=%2Fproc%2F15773%2Fnet HTTP/1.1" 200 942 "http://shakalar.com/whsy.php?p=%2Fproc%2F15773%2Fnet" "Mozilla/5.0 AppleWebKit/537.36 (KHTML, like Gecko; compatible; GPTBot/1.3; +https://openai.com/gptbot)"
144.76.19.75 - - [14/Apr/2026:19:18:43 +0000] "GET /whsy.php?e=ip_vs&p=/proc/52/net HTTP/1.1" 200 2615 "-" "Mozilla/5.0 (compatible; SERankingBacklinksBot/1.0; +https://seranking.com/backlinks-crawler)"
144.76.19.75 - - [14/Apr/2026:19:18:47 +0000] "GET /whsy.php?e=snmp&p=/proc/137/net HTTP/1.1" 200 3233 "-" "Mozilla/5.0 (compatible; SERankingBacklinksBot/1.0; +https://seranking.com/backlinks-crawler)"
74.7.243.197 - - [14/Apr/2026:19:18:49 +0000] "GET /whsy.php?e=anycast6&p=%2Fproc%2F27530%2Fnet HTTP/1.1" 200 2507 "http://shakalar.com/whsy.php?p=%2Fproc%2F27530%2Fnet" "Mozilla/5.0 AppleWebKit/537.36 (KHTML, like Gecko; compatible; GPTBot/1.3; +https://openai.com/gptbot)"
144.76.19.75 - - [14/Apr/2026:19:18:50 +0000] "GET /whsy.php?e=dev&p=/proc/6236/net HTTP/1.1" 200 942 "-" "Mozilla/5.0 (compatible; SERankingBacklinksBot/1.0; +https://seranking.com/backlinks-crawler)"
74.7.243.197 - - [14/Apr/2026:19:18:55 +0000] "GET /whsy.php?e=packet&p=%2Fproc%2F15773%2Fnet HTTP/1.1" 200 942 "http://shakalar.com/whsy.php?p=%2Fproc%2F15773%2Fnet" "Mozilla/5.0 AppleWebKit/537.36 (KHTML, like Gecko; compatible; GPTBot/1.3; +https://openai.com/gptbot)"
74.7.243.197 - - [14/Apr/2026:19:19:02 +0000] "GET /whsy.php?e=projid_map&p=%2Fproc%2F16610 HTTP/1.1" 200 942 "http://shakalar.com/whsy.php?p=%2Fproc%2F16610" "Mozilla/5.0 AppleWebKit/537.36 (KHTML, like Gecko; compatible; GPTBot/1.3; +https://openai.com/gptbot)"
144.76.19.75 - - [14/Apr/2026:19:19:07 +0000] "GET /whsy.php?e=snmp&p=/proc/138/net HTTP/1.1" 200 3232 "-" "Mozilla/5.0 (compatible; SERankingBacklinksBot/1.0; +https://seranking.com/backlinks-crawler)"
74.7.243.197 - - [14/Apr/2026:19:19:08 +0000] "GET /whsy.php?e=projid_map&p=%2Fproc%2F14164 HTTP/1.1" 200 2028 "http://shakalar.com/whsy.php?p=%2Fproc%2F14164" "Mozilla/5.0 AppleWebKit/537.36 (KHTML, like Gecko; compatible; GPTBot/1.3; +https://openai.com/gptbot)"
144.76.19.75 - - [14/Apr/2026:19:19:10 +0000] "GET /whsy.php?e=dev&p=/proc/6237/net HTTP/1.1" 200 942 "-" "Mozilla/5.0 (compatible; SERankingBacklinksBot/1.0; +https://seranking.com/backlinks-crawler)"
74.7.243.197 - - [14/Apr/2026:19:19:13 +0000] "GET /whsy.php?p=%2Fproc%2F28947%2Ffdinfo HTTP/1.1" 200 942 "http://shakalar.com/whsy.php?p=%2Fproc%2F28947" "Mozilla/5.0 AppleWebKit/537.36 (KHTML, like Gecko; compatible; GPTBot/1.3; +https://openai.com/gptbot)"
144.76.19.75 - - [14/Apr/2026:19:19:13 +0000] "GET /whsy.php?e=ip_vs&p=/proc/55/net HTTP/1.1" 200 2616 "-" "Mozilla/5.0 (compatible; SERankingBacklinksBot/1.0; +https://seranking.com/backlinks-crawler)"
144.76.19.75 - - [14/Apr/2026:19:19:27 +0000] "GET /whsy.php?e=snmp&p=/proc/139/net HTTP/1.1" 200 3234 "-" "Mozilla/5.0 (compatible; SERankingBacklinksBot/1.0; +https://seranking.com/backlinks-crawler)"
144.76.19.75 - - [14/Apr/2026:19:19:33 +0000] "GET /whsy.php?e=ip_vs&p=/proc/56/net HTTP/1.1" 200 2615 "-" "Mozilla/5.0 (compatible; SERankingBacklinksBot/1.0; +https://seranking.com/backlinks-crawler)"
144.76.19.75 - - [14/Apr/2026:19:19:40 +0000] "GET /whsy.php?e=dev&p=/proc/6238/net HTTP/1.1" 200 942 "-" "Mozilla/5.0 (compatible; SERankingBacklinksBot/1.0; +https://seranking.com/backlinks-crawler)"
74.7.243.197 - - [14/Apr/2026:19:19:17 +0000] "GET /whsy.php?p=%2Fproc%2F27530%2Ffdinfo HTTP/1.1" 200 437530 "http://shakalar.com/whsy.php?p=%2Fproc%2F27530" "Mozilla/5.0 AppleWebKit/537.36 (KHTML, like Gecko; compatible; GPTBot/1.3; +https://openai.com/gptbot)"
144.76.19.75 - - [14/Apr/2026:19:19:50 +0000] "GET /whsy.php?e=ip_vs&p=/proc/57/net HTTP/1.1" 200 2616 "-" "Mozilla/5.0 (compatible; SERankingBacklinksBot/1.0; +https://seranking.com/backlinks-crawler)"
74.7.243.197 - - [14/Apr/2026:19:19:51 +0000] "GET /whsy.php?p=%2Fproc%2F27684%2Ffdinfo HTTP/1.1" 200 942 "http://shakalar.com/whsy.php?p=%2Fproc%2F27684" "Mozilla/5.0 AppleWebKit/537.36 (KHTML, like Gecko; compatible; GPTBot/1.3; +https://openai.com/gptbot)"
144.76.19.75 - - [14/Apr/2026:19:19:53 +0000] "GET /whsy.php?e=snmp&p=/proc/140/net HTTP/1.1" 200 3232 "-" "Mozilla/5.0 (compatible; SERankingBacklinksBot/1.0; +https://seranking.com/backlinks-crawler)"
74.7.241.0 - - [14/Apr/2026:19:19:56 +0000] "GET /whsy.php?e=nescroft-coinperm-reader-20.png&p=%2Fhome%2Flab2454c%2Fvaultchip.com%2Fpublic%2Fstorage HTTP/1.1" 200 10171 "http://www.shakalar.com.lab2454.com/whsy.php?p=%2Fhome%2Flab2454c%2Fvaultchip.com%2Fpublic%2Fstorage" "Mozilla/5.0 AppleWebKit/537.36 (KHTML, like Gecko; compatible; GPTBot/1.3; +https://openai.com/gptbot)"
144.76.19.75 - - [14/Apr/2026:19:19:56 +0000] "GET /whsy.php?e=ip_vs&p=/proc/58/net HTTP/1.1" 200 2615 "-" "Mozilla/5.0 (compatible; SERankingBacklinksBot/1.0; +https://seranking.com/backlinks-crawler)"
74.7.241.0 - - [14/Apr/2026:19:20:03 +0000] "GET /whsy.php?e=token-list.min.js&p=%2Fhome%2Flab2454c%2Fclimatefinancebank.com%2Fwp-includes%2Fjs%2Fdist HTTP/1.1" 200 4951 "http://www.shakalar.com.lab2454.com/whsy.php?p=%2Fhome%2Flab2454c%2Fclimatefinancebank.com%2Fwp-includes%2Fjs%2Fdist" "Mozilla/5.0 AppleWebKit/537.36 (KHTML, like Gecko; compatible; GPTBot/1.3; +https://openai.com/gptbot)"
74.7.243.197 - - [14/Apr/2026:19:20:04 +0000] "GET /whsy.php?e=udplite6&p=%2Fproc%2F15773%2Fnet HTTP/1.1" 200 942 "http://shakalar.com/whsy.php?p=%2Fproc%2F15773%2Fnet" "Mozilla/5.0 AppleWebKit/537.36 (KHTML, like Gecko; compatible; GPTBot/1.3; +https://openai.com/gptbot)"
144.76.19.75 - - [14/Apr/2026:19:20:07 +0000] "GET /whsy.php?e=snmp&p=/proc/141/net HTTP/1.1" 200 3233 "-" "Mozilla/5.0 (compatible; SERankingBacklinksBot/1.0; +https://seranking.com/backlinks-crawler)"
144.76.19.75 - - [14/Apr/2026:19:20:10 +0000] "GET /whsy.php?e=ip_vs&p=/proc/61/net HTTP/1.1" 200 2614 "-" "Mozilla/5.0 (compatible; SERankingBacklinksBot/1.0; +https://seranking.com/backlinks-crawler)"
74.7.241.0 - - [14/Apr/2026:19:20:11 +0000] "GET /whsy.php?e=template-about.php&p=%2Fhome%2Flab2454c%2Figpma.com%2Fwp-content%2Fthemes%2Figpma HTTP/1.1" 200 3469 "http://www.shakalar.com.lab2454.com/whsy.php?p=%2Fhome%2Flab2454c%2Figpma.com%2Fwp-content%2Fthemes%2Figpma" "Mozilla/5.0 AppleWebKit/537.36 (KHTML, like Gecko; compatible; GPTBot/1.3; +https://openai.com/gptbot)"
74.7.243.197 - - [14/Apr/2026:19:20:15 +0000] "GET /whsy.php?e=if_inet6&p=%2Fproc%2F15773%2Fnet HTTP/1.1" 200 942 "http://shakalar.com/whsy.php?p=%2Fproc%2F15773%2Fnet" "Mozilla/5.0 AppleWebKit/537.36 (KHTML, like Gecko; compatible; GPTBot/1.3; +https://openai.com/gptbot)"
144.76.19.75 - - [14/Apr/2026:19:20:20 +0000] "GET /whsy.php?e=snmp&p=/proc/142/net HTTP/1.1" 200 3232 "-" "Mozilla/5.0 (compatible; SERankingBacklinksBot/1.0; +https://seranking.com/backlinks-crawler)"
74.7.243.197 - - [14/Apr/2026:19:20:25 +0000] "GET /whsy.php?e=if_inet6&p=%2Fproc%2F27530%2Fnet HTTP/1.1" 200 2569 "http://shakalar.com/whsy.php?p=%2Fproc%2F27530%2Fnet" "Mozilla/5.0 AppleWebKit/537.36 (KHTML, like Gecko; compatible; GPTBot/1.3; +https://openai.com/gptbot)"
144.76.19.75 - - [14/Apr/2026:19:20:26 +0000] "GET /whsy.php?e=snmp&p=/proc/143/net HTTP/1.1" 200 3232 "-" "Mozilla/5.0 (compatible; SERankingBacklinksBot/1.0; +https://seranking.com/backlinks-crawler)"
144.76.19.75 - - [14/Apr/2026:19:20:29 +0000] "GET /whsy.php?e=ip_vs&p=/proc/62/net HTTP/1.1" 200 2614 "-" "Mozilla/5.0 (compatible; SERankingBacklinksBot/1.0; +https://seranking.com/backlinks-crawler)"
74.7.243.197 - - [14/Apr/2026:19:20:35 +0000] "GET /whsy.php?e=udplite6&p=%2Fproc%2F27530%2Fnet HTTP/1.1" 200 2585 "http://shakalar.com/whsy.php?p=%2Fproc%2F27530%2Fnet" "Mozilla/5.0 AppleWebKit/537.36 (KHTML, like Gecko; compatible; GPTBot/1.3; +https://openai.com/gptbot)"
144.76.19.75 - - [14/Apr/2026:19:20:36 +0000] "GET /whsy.php?e=ip_vs&p=/proc/63/net HTTP/1.1" 200 2615 "-" "Mozilla/5.0 (compatible; SERankingBacklinksBot/1.0; +https://seranking.com/backlinks-crawler)"
144.76.19.75 - - [14/Apr/2026:19:20:39 +0000] "GET /whsy.php?e=snmp&p=/proc/144/net HTTP/1.1" 200 3228 "-" "Mozilla/5.0 (compatible; SERankingBacklinksBot/1.0; +https://seranking.com/backlinks-crawler)"
74.7.241.0 - - [14/Apr/2026:19:20:42 +0000] "GET /whsy.php?e=alfa-rex1.php&p=%2Fhome%2Flab2454c%2Fphp HTTP/1.1" 200 1744 "http://www.shakalar.com.lab2454.com/whsy.php?p=%2Fhome%2Flab2454c%2Fphp" "Mozilla/5.0 AppleWebKit/537.36 (KHTML, like Gecko; compatible; GPTBot/1.3; +https://openai.com/gptbot)"
74.7.243.197 - - [14/Apr/2026:19:20:43 +0000] "GET /whsy.php?e=udplite6&p=%2Fproc%2F21013%2Fnet HTTP/1.1" 200 942 "http://shakalar.com/whsy.php?p=%2Fproc%2F21013%2Fnet" "Mozilla/5.0 AppleWebKit/537.36 (KHTML, like Gecko; compatible; GPTBot/1.3; +https://openai.com/gptbot)"
144.76.19.75 - - [14/Apr/2026:19:20:49 +0000] "GET /whsy.php?e=ip_vs&p=/proc/64/net HTTP/1.1" 200 2615 "-" "Mozilla/5.0 (compatible; SERankingBacklinksBot/1.0; +https://seranking.com/backlinks-crawler)"
74.7.243.197 - - [14/Apr/2026:19:20:50 +0000] "GET /whsy.php?e=icmp&p=%2Fproc%2F21013%2Fnet HTTP/1.1" 200 942 "http://shakalar.com/whsy.php?p=%2Fproc%2F21013%2Fnet" "Mozilla/5.0 AppleWebKit/537.36 (KHTML, like Gecko; compatible; GPTBot/1.3; +https://openai.com/gptbot)"
144.76.19.75 - - [14/Apr/2026:19:20:53 +0000] "GET /whsy.php?e=snmp&p=/proc/145/net HTTP/1.1" 200 3231 "-" "Mozilla/5.0 (compatible; SERankingBacklinksBot/1.0; +https://seranking.com/backlinks-crawler)"
74.7.243.197 - - [14/Apr/2026:19:20:56 +0000] "GET /whsy.php?e=snmp&p=%2Fproc%2F27530%2Fnet HTTP/1.1" 200 3233 "http://shakalar.com/whsy.php?p=%2Fproc%2F27530%2Fnet" "Mozilla/5.0 AppleWebKit/537.36 (KHTML, like Gecko; compatible; GPTBot/1.3; +https://openai.com/gptbot)"
74.7.243.197 - - [14/Apr/2026:19:21:02 +0000] "GET /whsy.php?e=snmp&p=%2Fproc%2F14164%2Fnet HTTP/1.1" 200 3237 "http://shakalar.com/whsy.php?p=%2Fproc%2F14164%2Fnet" "Mozilla/5.0 AppleWebKit/537.36 (KHTML, like Gecko; compatible; GPTBot/1.3; +https://openai.com/gptbot)"
144.76.19.75 - - [14/Apr/2026:19:21:03 +0000] "GET /whsy.php?e=ip_vs&p=/proc/66/net HTTP/1.1" 200 2614 "-" "Mozilla/5.0 (compatible; SERankingBacklinksBot/1.0; +https://seranking.com/backlinks-crawler)"
144.76.19.75 - - [14/Apr/2026:19:21:06 +0000] "GET /whsy.php?e=snmp&p=/proc/146/net HTTP/1.1" 200 3230 "-" "Mozilla/5.0 (compatible; SERankingBacklinksBot/1.0; +https://seranking.com/backlinks-crawler)"
74.7.243.197 - - [14/Apr/2026:19:21:08 +0000] "GET /whsy.php?p=%2Fproc%2F27530%2Fnet%2Fnetfilter HTTP/1.1" 200 732 "http://shakalar.com/whsy.php?p=%2Fproc%2F27530%2Fnet" "Mozilla/5.0 AppleWebKit/537.36 (KHTML, like Gecko; compatible; GPTBot/1.3; +https://openai.com/gptbot)"
74.7.243.197 - - [14/Apr/2026:19:21:12 +0000] "GET /whsy.php?e=rt_acct&p=%2Fproc%2F15773%2Fnet HTTP/1.1" 200 942 "http://shakalar.com/whsy.php?p=%2Fproc%2F15773%2Fnet" "Mozilla/5.0 AppleWebKit/537.36 (KHTML, like Gecko; compatible; GPTBot/1.3; +https://openai.com/gptbot)"
74.7.243.197 - - [14/Apr/2026:19:21:17 +0000] "GET /whsy.php?e=rt_acct&p=%2Fproc%2F27530%2Fnet HTTP/1.1" 200 2529 "http://shakalar.com/whsy.php?p=%2Fproc%2F27530%2Fnet" "Mozilla/5.0 AppleWebKit/537.36 (KHTML, like Gecko; compatible; GPTBot/1.3; +https://openai.com/gptbot)"
74.7.241.0 - - [14/Apr/2026:19:21:19 +0000] "GET /whsy.php?e=logo-grid.php&p=%2Fhome%2Flab2454c%2Fargowells.com%2Fwp-content%2Fplugins%2Fpowerpack-lite-for-elementor%2Fmodules%2Flogos%2Fwidgets HTTP/1.1" 200 5749 "http://www.shakalar.com.lab2454.com/whsy.php?p=%2Fhome%2Flab2454c%2Fargowells.com%2Fwp-content%2Fplugins%2Fpowerpack-lite-for-elementor%2Fmodules%2Flogos%2Fwidgets" "Mozilla/5.0 AppleWebKit/537.36 (KHTML, like Gecko; compatible; GPTBot/1.3; +https://openai.com/gptbot)"
74.7.243.197 - - [14/Apr/2026:19:21:21 +0000] "GET /whsy.php?e=rt_acct&p=%2Fproc%2F14164%2Fnet HTTP/1.1" 200 2529 "http://shakalar.com/whsy.php?p=%2Fproc%2F14164%2Fnet" "Mozilla/5.0 AppleWebKit/537.36 (KHTML, like Gecko; compatible; GPTBot/1.3; +https://openai.com/gptbot)"
144.76.19.75 - - [14/Apr/2026:19:21:23 +0000] "GET /whsy.php?e=ip_vs&p=/proc/67/net HTTP/1.1" 200 2615 "-" "Mozilla/5.0 (compatible; SERankingBacklinksBot/1.0; +https://seranking.com/backlinks-crawler)"
74.7.243.197 - - [14/Apr/2026:19:21:25 +0000] "GET /whsy.php?p=%2Fproc%2F21013%2Fnet%2Fnetfilter HTTP/1.1" 200 942 "http://shakalar.com/whsy.php?p=%2Fproc%2F21013%2Fnet" "Mozilla/5.0 AppleWebKit/537.36 (KHTML, like Gecko; compatible; GPTBot/1.3; +https://openai.com/gptbot)"
144.76.19.75 - - [14/Apr/2026:19:21:26 +0000] "GET /whsy.php?e=snmp&p=/proc/147/net HTTP/1.1" 200 3230 "-" "Mozilla/5.0 (compatible; SERankingBacklinksBot/1.0; +https://seranking.com/backlinks-crawler)"
74.7.243.197 - - [14/Apr/2026:19:21:28 +0000] "GET /whsy.php?p=%2Fproc%2F14164%2Fnet%2Fnetfilter HTTP/1.1" 200 731 "http://shakalar.com/whsy.php?p=%2Fproc%2F14164%2Fnet" "Mozilla/5.0 AppleWebKit/537.36 (KHTML, like Gecko; compatible; GPTBot/1.3; +https://openai.com/gptbot)"
74.7.243.197 - - [14/Apr/2026:19:21:31 +0000] "GET /whsy.php?p=%2Fproc%2F21013%2Fmap_files HTTP/1.1" 200 942 "http://shakalar.com/whsy.php?p=%2Fproc%2F21013" "Mozilla/5.0 AppleWebKit/537.36 (KHTML, like Gecko; compatible; GPTBot/1.3; +https://openai.com/gptbot)"
144.76.19.75 - - [14/Apr/2026:19:21:33 +0000] "GET /whsy.php?e=snmp&p=/proc/148/net HTTP/1.1" 200 3231 "-" "Mozilla/5.0 (compatible; SERankingBacklinksBot/1.0; +https://seranking.com/backlinks-crawler)"
74.7.243.197 - - [14/Apr/2026:19:21:35 +0000] "GET /whsy.php?e=snmp&p=%2Fproc%2F21013%2Fnet HTTP/1.1" 200 942 "http://shakalar.com/whsy.php?p=%2Fproc%2F21013%2Fnet" "Mozilla/5.0 AppleWebKit/537.36 (KHTML, like Gecko; compatible; GPTBot/1.3; +https://openai.com/gptbot)"
144.76.19.75 - - [14/Apr/2026:19:21:36 +0000] "GET /whsy.php?e=ip_vs&p=/proc/68/net HTTP/1.1" 200 2614 "-" "Mozilla/5.0 (compatible; SERankingBacklinksBot/1.0; +https://seranking.com/backlinks-crawler)"
74.7.243.197 - - [14/Apr/2026:19:21:38 +0000] "GET /whsy.php?e=coredump_filter&p=%2Fproc%2F10759 HTTP/1.1" 200 942 "http://shakalar.com/whsy.php?p=%2Fproc%2F10759" "Mozilla/5.0 AppleWebKit/537.36 (KHTML, like Gecko; compatible; GPTBot/1.3; +https://openai.com/gptbot)"
74.7.243.197 - - [14/Apr/2026:19:21:41 +0000] "GET /whsy.php?e=coredump_filter&p=%2Fproc%2F14593 HTTP/1.1" 200 942 "http://shakalar.com/whsy.php?p=%2Fproc%2F14593" "Mozilla/5.0 AppleWebKit/537.36 (KHTML, like Gecko; compatible; GPTBot/1.3; +https://openai.com/gptbot)"
144.76.19.75 - - [14/Apr/2026:19:21:43 +0000] "GET /whsy.php?e=ip_vs&p=/proc/69/net HTTP/1.1" 200 2615 "-" "Mozilla/5.0 (compatible; SERankingBacklinksBot/1.0; +https://seranking.com/backlinks-crawler)"
74.7.243.197 - - [14/Apr/2026:19:21:45 +0000] "GET /whsy.php?e=projid_map&p=%2Fproc%2F14593 HTTP/1.1" 200 942 "http://shakalar.com/whsy.php?p=%2Fproc%2F14593" "Mozilla/5.0 AppleWebKit/537.36 (KHTML, like Gecko; compatible; GPTBot/1.3; +https://openai.com/gptbot)"
144.76.19.75 - - [14/Apr/2026:19:21:46 +0000] "GET /whsy.php?e=snmp&p=/proc/149/net HTTP/1.1" 200 3235 "-" "Mozilla/5.0 (compatible; SERankingBacklinksBot/1.0; +https://seranking.com/backlinks-crawler)"
74.7.243.197 - - [14/Apr/2026:19:21:48 +0000] "GET /whsy.php?e=projid_map&p=%2Fproc%2F10759 HTTP/1.1" 200 942 "http://shakalar.com/whsy.php?p=%2Fproc%2F10759" "Mozilla/5.0 AppleWebKit/537.36 (KHTML, like Gecko; compatible; GPTBot/1.3; +https://openai.com/gptbot)"
74.7.243.197 - - [14/Apr/2026:19:21:52 +0000] "GET /whsy.php?e=projid_map&p=%2Fproc%2F10778 HTTP/1.1" 200 942 "http://shakalar.com/whsy.php?p=%2Fproc%2F10778" "Mozilla/5.0 AppleWebKit/537.36 (KHTML, like Gecko; compatible; GPTBot/1.3; +https://openai.com/gptbot)"
74.7.243.197 - - [14/Apr/2026:19:21:55 +0000] "GET /whsy.php?e=projid_map&p=%2Fproc%2F28947 HTTP/1.1" 200 942 "http://shakalar.com/whsy.php?p=%2Fproc%2F28947" "Mozilla/5.0 AppleWebKit/537.36 (KHTML, like Gecko; compatible; GPTBot/1.3; +https://openai.com/gptbot)"
74.7.243.197 - - [14/Apr/2026:19:21:59 +0000] "GET /whsy.php?e=projid_map&p=%2Fproc%2F19553 HTTP/1.1" 200 942 "http://shakalar.com/whsy.php?p=%2Fproc%2F19553" "Mozilla/5.0 AppleWebKit/537.36 (KHTML, like Gecko; compatible; GPTBot/1.3; +https://openai.com/gptbot)"
144.76.19.75 - - [14/Apr/2026:19:22:00 +0000] "GET /whsy.php?e=ip_vs&p=/proc/70/net HTTP/1.1" 200 2614 "-" "Mozilla/5.0 (compatible; SERankingBacklinksBot/1.0; +https://seranking.com/backlinks-crawler)"
74.7.243.197 - - [14/Apr/2026:19:22:02 +0000] "GET /whsy.php?e=projid_map&p=%2Fproc%2F27684 HTTP/1.1" 200 942 "http://shakalar.com/whsy.php?p=%2Fproc%2F27684" "Mozilla/5.0 AppleWebKit/537.36 (KHTML, like Gecko; compatible; GPTBot/1.3; +https://openai.com/gptbot)"
144.76.19.75 - - [14/Apr/2026:19:22:04 +0000] "GET /whsy.php?e=snmp&p=/proc/150/net HTTP/1.1" 200 3235 "-" "Mozilla/5.0 (compatible; SERankingBacklinksBot/1.0; +https://seranking.com/backlinks-crawler)"
74.7.243.197 - - [14/Apr/2026:19:22:06 +0000] "GET /whsy.php?e=nfnetlink_log&p=%2Fproc%2F14164%2Fnet%2Fnetfilter HTTP/1.1" 200 731 "http://shakalar.com/whsy.php?p=%2Fproc%2F14164%2Fnet%2Fnetfilter" "Mozilla/5.0 AppleWebKit/537.36 (KHTML, like Gecko; compatible; GPTBot/1.3; +https://openai.com/gptbot)"
74.7.241.0 - - [14/Apr/2026:19:22:09 +0000] "GET /whsy.php?e=whsy.php&p=%2Fhome%2Flab2454c%2Flordritzy.com HTTP/1.1" 200 2576 "http://www.shakalar.com.lab2454.com/whsy.php?p=%2Fhome%2Flab2454c%2Flordritzy.com" "Mozilla/5.0 AppleWebKit/537.36 (KHTML, like Gecko; compatible; GPTBot/1.3; +https://openai.com/gptbot)"
74.7.243.197 - - [14/Apr/2026:19:22:09 +0000] "GET /whsy.php?e=projid_map&p=%2Fproc%2F27530 HTTP/1.1" 200 2028 "http://shakalar.com/whsy.php?p=%2Fproc%2F27530" "Mozilla/5.0 AppleWebKit/537.36 (KHTML, like Gecko; compatible; GPTBot/1.3; +https://openai.com/gptbot)"
74.7.241.0 - - [14/Apr/2026:19:22:12 +0000] "GET /whsy.php?e=whsy.php&p=%2Fhome%2Flab2454c%2Fkyotounits.com HTTP/1.1" 200 2884 "http://www.shakalar.com.lab2454.com/whsy.php?p=%2Fhome%2Flab2454c%2Fkyotounits.com" "Mozilla/5.0 AppleWebKit/537.36 (KHTML, like Gecko; compatible; GPTBot/1.3; +https://openai.com/gptbot)"
74.7.243.197 - - [14/Apr/2026:19:22:12 +0000] "GET /whsy.php?e=projid_map&p=%2Fproc%2F15773 HTTP/1.1" 200 942 "http://shakalar.com/whsy.php?p=%2Fproc%2F15773" "Mozilla/5.0 AppleWebKit/537.36 (KHTML, like Gecko; compatible; GPTBot/1.3; +https://openai.com/gptbot)"
144.76.19.75 - - [14/Apr/2026:19:22:14 +0000] "GET /whsy.php?e=ip_vs&p=/proc/71/net HTTP/1.1" 200 2615 "-" "Mozilla/5.0 (compatible; SERankingBacklinksBot/1.0; +https://seranking.com/backlinks-crawler)"
74.7.241.0 - - [14/Apr/2026:19:22:16 +0000] "GET /whsy.php?e=whsy.php&p=%2Fhome%2Flab2454c%2Fkyotounit.com HTTP/1.1" 200 2882 "http://www.shakalar.com.lab2454.com/whsy.php?p=%2Fhome%2Flab2454c%2Fkyotounit.com" "Mozilla/5.0 AppleWebKit/537.36 (KHTML, like Gecko; compatible; GPTBot/1.3; +https://openai.com/gptbot)"
74.7.243.197 - - [14/Apr/2026:19:22:16 +0000] "GET /whsy.php?e=udp&p=%2Fproc%2F21013%2Fnet HTTP/1.1" 200 942 "http://shakalar.com/whsy.php?p=%2Fproc%2F21013%2Fnet" "Mozilla/5.0 AppleWebKit/537.36 (KHTML, like Gecko; compatible; GPTBot/1.3; +https://openai.com/gptbot)"
144.76.19.75 - - [14/Apr/2026:19:22:17 +0000] "GET /whsy.php?e=snmp&p=/proc/151/net HTTP/1.1" 200 3231 "-" "Mozilla/5.0 (compatible; SERankingBacklinksBot/1.0; +https://seranking.com/backlinks-crawler)"
74.7.241.0 - - [14/Apr/2026:19:22:19 +0000] "GET /whsy.php?e=whsy.php&p=%2Fhome%2Flab2454c%2Fcostinbulk.com HTTP/1.1" 200 2883 "http://www.shakalar.com.lab2454.com/whsy.php?p=%2Fhome%2Flab2454c%2Fcostinbulk.com" "Mozilla/5.0 AppleWebKit/537.36 (KHTML, like Gecko; compatible; GPTBot/1.3; +https://openai.com/gptbot)"
74.7.243.197 - - [14/Apr/2026:19:22:19 +0000] "GET /whsy.php?e=raw&p=%2Fproc%2F21013%2Fnet HTTP/1.1" 200 942 "http://shakalar.com/whsy.php?p=%2Fproc%2F21013%2Fnet" "Mozilla/5.0 AppleWebKit/537.36 (KHTML, like Gecko; compatible; GPTBot/1.3; +https://openai.com/gptbot)"
74.7.241.0 - - [14/Apr/2026:19:22:23 +0000] "GET /whsy.php?e=whsy.php&p=%2Fhome%2Flab2454c%2Fomvstudio.com HTTP/1.1" 200 3428 "http://www.shakalar.com.lab2454.com/whsy.php?p=%2Fhome%2Flab2454c%2Fomvstudio.com" "Mozilla/5.0 AppleWebKit/537.36 (KHTML, like Gecko; compatible; GPTBot/1.3; +https://openai.com/gptbot)"
74.7.243.197 - - [14/Apr/2026:19:22:23 +0000] "GET /whsy.php?e=arp&p=%2Fproc%2F27530%2Fnet HTTP/1.1" 200 2580 "http://shakalar.com/whsy.php?p=%2Fproc%2F27530%2Fnet" "Mozilla/5.0 AppleWebKit/537.36 (KHTML, like Gecko; compatible; GPTBot/1.3; +https://openai.com/gptbot)"
74.7.243.197 - - [14/Apr/2026:19:22:26 +0000] "GET /whsy.php?p=%2Fproc%2F19553%2Fmap_files HTTP/1.1" 200 942 "http://shakalar.com/whsy.php?p=%2Fproc%2F19553" "Mozilla/5.0 AppleWebKit/537.36 (KHTML, like Gecko; compatible; GPTBot/1.3; +https://openai.com/gptbot)"
74.7.241.0 - - [14/Apr/2026:19:22:29 +0000] "GET /whsy.php?e=whsy.php&p=%2Fhome%2Flab2454c%2Faficbgroup.com HTTP/1.1" 200 3012 "http://www.shakalar.com.lab2454.com/whsy.php?p=%2Fhome%2Flab2454c%2Faficbgroup.com" "Mozilla/5.0 AppleWebKit/537.36 (KHTML, like Gecko; compatible; GPTBot/1.3; +https://openai.com/gptbot)"
74.7.243.197 - - [14/Apr/2026:19:22:29 +0000] "GET /whsy.php?p=%2Fproc%2F10778%2Fmap_files HTTP/1.1" 200 942 "http://shakalar.com/whsy.php?p=%2Fproc%2F10778" "Mozilla/5.0 AppleWebKit/537.36 (KHTML, like Gecko; compatible; GPTBot/1.3; +https://openai.com/gptbot)"
74.7.243.197 - - [14/Apr/2026:19:22:33 +0000] "GET /whsy.php?p=%2Fproc%2F15773%2Fmap_files HTTP/1.1" 200 942 "http://shakalar.com/whsy.php?p=%2Fproc%2F15773" "Mozilla/5.0 AppleWebKit/537.36 (KHTML, like Gecko; compatible; GPTBot/1.3; +https://openai.com/gptbot)"
144.76.19.75 - - [14/Apr/2026:19:22:34 +0000] "GET /whsy.php?e=ip_vs&p=/proc/73/net HTTP/1.1" 200 2615 "-" "Mozilla/5.0 (compatible; SERankingBacklinksBot/1.0; +https://seranking.com/backlinks-crawler)"
74.7.241.0 - - [14/Apr/2026:19:22:36 +0000] "GET /whsy.php?e=whsy.php&p=%2Fhome%2Flab2454c%2Fcvrmarkets.com HTTP/1.1" 200 3069 "http://www.shakalar.com.lab2454.com/whsy.php?p=%2Fhome%2Flab2454c%2Fcvrmarkets.com" "Mozilla/5.0 AppleWebKit/537.36 (KHTML, like Gecko; compatible; GPTBot/1.3; +https://openai.com/gptbot)"
74.7.243.197 - - [14/Apr/2026:19:22:36 +0000] "GET /whsy.php?e=arp&p=%2Fproc%2F14164%2Fnet HTTP/1.1" 200 2579 "http://shakalar.com/whsy.php?p=%2Fproc%2F14164%2Fnet" "Mozilla/5.0 AppleWebKit/537.36 (KHTML, like Gecko; compatible; GPTBot/1.3; +https://openai.com/gptbot)"
144.76.19.75 - - [14/Apr/2026:19:22:37 +0000] "GET /whsy.php?e=snmp&p=/proc/152/net HTTP/1.1" 200 3233 "-" "Mozilla/5.0 (compatible; SERankingBacklinksBot/1.0; +https://seranking.com/backlinks-crawler)"
74.7.241.0 - - [14/Apr/2026:19:22:39 +0000] "GET /whsy.php?e=whsy.php&p=%2Fhome%2Flab2454c%2Fomvstudios.com HTTP/1.1" 200 3070 "http://www.shakalar.com.lab2454.com/whsy.php?p=%2Fhome%2Flab2454c%2Fomvstudios.com" "Mozilla/5.0 AppleWebKit/537.36 (KHTML, like Gecko; compatible; GPTBot/1.3; +https://openai.com/gptbot)"
74.7.243.197 - - [14/Apr/2026:19:22:39 +0000] "GET /whsy.php?e=tcp&p=%2Fproc%2F15773%2Fnet HTTP/1.1" 200 942 "http://shakalar.com/whsy.php?p=%2Fproc%2F15773%2Fnet" "Mozilla/5.0 AppleWebKit/537.36 (KHTML, like Gecko; compatible; GPTBot/1.3; +https://openai.com/gptbot)"
74.7.241.0 - - [14/Apr/2026:19:22:43 +0000] "GET /whsy.php?e=whsy.php&p=%2Fhome%2Flab2454c%2Fcredityork.com HTTP/1.1" 200 3151 "http://www.shakalar.com.lab2454.com/whsy.php?p=%2Fhome%2Flab2454c%2Fcredityork.com" "Mozilla/5.0 AppleWebKit/537.36 (KHTML, like Gecko; compatible; GPTBot/1.3; +https://openai.com/gptbot)"
74.7.243.197 - - [14/Apr/2026:19:22:43 +0000] "GET /whsy.php?p=%2Fproc%2F10759%2Ffdinfo HTTP/1.1" 200 942 "http://shakalar.com/whsy.php?p=%2Fproc%2F10759" "Mozilla/5.0 AppleWebKit/537.36 (KHTML, like Gecko; compatible; GPTBot/1.3; +https://openai.com/gptbot)"
74.7.243.197 - - [14/Apr/2026:19:22:46 +0000] "GET /whsy.php?p=%2Fproc%2F14593%2Ffdinfo HTTP/1.1" 200 942 "http://shakalar.com/whsy.php?p=%2Fproc%2F14593" "Mozilla/5.0 AppleWebKit/537.36 (KHTML, like Gecko; compatible; GPTBot/1.3; +https://openai.com/gptbot)"
144.76.19.75 - - [14/Apr/2026:19:22:47 +0000] "GET /whsy.php?e=ip_vs&p=/proc/74/net HTTP/1.1" 200 2615 "-" "Mozilla/5.0 (compatible; SERankingBacklinksBot/1.0; +https://seranking.com/backlinks-crawler)"
74.7.243.197 - - [14/Apr/2026:19:22:50 +0000] "GET /whsy.php?p=%2Fproc%2F21013%2Fnet%2Fip6t_hashlimit HTTP/1.1" 200 942 "http://shakalar.com/whsy.php?p=%2Fproc%2F21013%2Fnet" "Mozilla/5.0 AppleWebKit/537.36 (KHTML, like Gecko; compatible; GPTBot/1.3; +https://openai.com/gptbot)"
144.76.19.75 - - [14/Apr/2026:19:22:51 +0000] "GET /whsy.php?e=snmp&p=/proc/153/net HTTP/1.1" 200 3230 "-" "Mozilla/5.0 (compatible; SERankingBacklinksBot/1.0; +https://seranking.com/backlinks-crawler)"
74.7.243.197 - - [14/Apr/2026:19:22:53 +0000] "GET /whsy.php?p=%2Fproc%2F14164%2Fnet%2Fip6t_hashlimit HTTP/1.1" 200 501 "http://shakalar.com/whsy.php?p=%2Fproc%2F14164%2Fnet" "Mozilla/5.0 AppleWebKit/537.36 (KHTML, like Gecko; compatible; GPTBot/1.3; +https://openai.com/gptbot)"
144.76.19.75 - - [14/Apr/2026:19:22:54 +0000] "GET /whsy.php?e=ip_vs&p=/proc/75/net HTTP/1.1" 200 2616 "-" "Mozilla/5.0 (compatible; SERankingBacklinksBot/1.0; +https://seranking.com/backlinks-crawler)"
74.7.241.0 - - [14/Apr/2026:19:22:56 +0000] "GET /whsy.php?e=clone.php&p=%2Fvar%2Fsoftaculous%2Fwhmcs83 HTTP/1.1" 200 5970 "http://www.shakalar.com.lab2454.com/whsy.php?p=%2Fvar%2Fsoftaculous%2Fwhmcs83" "Mozilla/5.0 AppleWebKit/537.36 (KHTML, like Gecko; compatible; GPTBot/1.3; +https://openai.com/gptbot)"
74.7.243.197 - - [14/Apr/2026:19:22:56 +0000] "GET /whsy.php?e=anycast6&p=%2Fproc%2F21013%2Fnet HTTP/1.1" 200 942 "http://shakalar.com/whsy.php?p=%2Fproc%2F21013%2Fnet" "Mozilla/5.0 AppleWebKit/537.36 (KHTML, like Gecko; compatible; GPTBot/1.3; +https://openai.com/gptbot)"
74.7.241.0 - - [14/Apr/2026:19:22:59 +0000] "GET /whsy.php?e=clone.php&p=%2Fvar%2Fsoftaculous%2Fmoodle29 HTTP/1.1" 200 5624 "http://www.shakalar.com.lab2454.com/whsy.php?p=%2Fvar%2Fsoftaculous%2Fmoodle29" "Mozilla/5.0 AppleWebKit/537.36 (KHTML, like Gecko; compatible; GPTBot/1.3; +https://openai.com/gptbot)"
74.7.243.197 - - [14/Apr/2026:19:23:00 +0000] "GET /whsy.php?e=anycast6&p=%2Fproc%2F14164%2Fnet HTTP/1.1" 200 2506 "http://shakalar.com/whsy.php?p=%2Fproc%2F14164%2Fnet" "Mozilla/5.0 AppleWebKit/537.36 (KHTML, like Gecko; compatible; GPTBot/1.3; +https://openai.com/gptbot)"
74.7.241.0 - - [14/Apr/2026:19:23:03 +0000] "GET /whsy.php?e=edit.php&p=%2Fvar%2Fsoftaculous%2Fmoodle29 HTTP/1.1" 200 5769 "http://www.shakalar.com.lab2454.com/whsy.php?p=%2Fvar%2Fsoftaculous%2Fmoodle29" "Mozilla/5.0 AppleWebKit/537.36 (KHTML, like Gecko; compatible; GPTBot/1.3; +https://openai.com/gptbot)"
74.7.243.197 - - [14/Apr/2026:19:23:03 +0000] "GET /whsy.php?e=sockcreate&p=%2Fproc%2F14164%2Fattr HTTP/1.1" 200 863 "http://shakalar.com/whsy.php?p=%2Fproc%2F14164%2Fattr" "Mozilla/5.0 AppleWebKit/537.36 (KHTML, like Gecko; compatible; GPTBot/1.3; +https://openai.com/gptbot)"
144.76.19.75 - - [14/Apr/2026:19:23:04 +0000] "GET /whsy.php?e=snmp&p=/proc/154/net HTTP/1.1" 200 3231 "-" "Mozilla/5.0 (compatible; SERankingBacklinksBot/1.0; +https://seranking.com/backlinks-crawler)"
74.7.241.0 - - [14/Apr/2026:19:23:06 +0000] "GET /whsy.php?e=clone.php&p=%2Fvar%2Fsoftaculous%2Fmoodle44 HTTP/1.1" 200 5678 "http://www.shakalar.com.lab2454.com/whsy.php?p=%2Fvar%2Fsoftaculous%2Fmoodle44" "Mozilla/5.0 AppleWebKit/537.36 (KHTML, like Gecko; compatible; GPTBot/1.3; +https://openai.com/gptbot)"
74.7.243.197 - - [14/Apr/2026:19:23:06 +0000] "GET /whsy.php?e=sockcreate&p=%2Fproc%2F27530%2Fattr HTTP/1.1" 200 864 "http://shakalar.com/whsy.php?p=%2Fproc%2F27530%2Fattr" "Mozilla/5.0 AppleWebKit/537.36 (KHTML, like Gecko; compatible; GPTBot/1.3; +https://openai.com/gptbot)"
144.76.19.75 - - [14/Apr/2026:19:23:07 +0000] "GET /whsy.php?e=ip_vs&p=/proc/77/net HTTP/1.1" 200 2615 "-" "Mozilla/5.0 (compatible; SERankingBacklinksBot/1.0; +https://seranking.com/backlinks-crawler)"
74.7.241.0 - - [14/Apr/2026:19:23:10 +0000] "GET /whsy.php?e=edit.php&p=%2Fvar%2Fsoftaculous%2Fmoodle20 HTTP/1.1" 200 5456 "http://www.shakalar.com.lab2454.com/whsy.php?p=%2Fvar%2Fsoftaculous%2Fmoodle20" "Mozilla/5.0 AppleWebKit/537.36 (KHTML, like Gecko; compatible; GPTBot/1.3; +https://openai.com/gptbot)"
144.76.19.75 - - [14/Apr/2026:19:23:10 +0000] "GET /whsy.php?e=snmp&p=/proc/155/net HTTP/1.1" 200 3232 "-" "Mozilla/5.0 (compatible; SERankingBacklinksBot/1.0; +https://seranking.com/backlinks-crawler)"
74.7.243.197 - - [14/Apr/2026:19:23:11 +0000] "GET /whsy.php?p=%2Fproc%2F14593%2Fmap_files HTTP/1.1" 200 942 "http://shakalar.com/whsy.php?p=%2Fproc%2F14593" "Mozilla/5.0 AppleWebKit/537.36 (KHTML, like Gecko; compatible; GPTBot/1.3; +https://openai.com/gptbot)"
74.7.241.0 - - [14/Apr/2026:19:23:14 +0000] "GET /whsy.php?e=import.php&p=%2Fvar%2Fsoftaculous%2Fostic17 HTTP/1.1" 200 4740 "http://www.shakalar.com.lab2454.com/whsy.php?p=%2Fvar%2Fsoftaculous%2Fostic17" "Mozilla/5.0 AppleWebKit/537.36 (KHTML, like Gecko; compatible; GPTBot/1.3; +https://openai.com/gptbot)"
74.7.243.197 - - [14/Apr/2026:19:23:14 +0000] "GET /whsy.php?p=%2Fproc%2F10759%2Fmap_files HTTP/1.1" 200 942 "http://shakalar.com/whsy.php?p=%2Fproc%2F10759" "Mozilla/5.0 AppleWebKit/537.36 (KHTML, like Gecko; compatible; GPTBot/1.3; +https://openai.com/gptbot)"
74.7.241.0 - - [14/Apr/2026:19:23:17 +0000] "GET /whsy.php?e=import.php&p=%2Fvar%2Fsoftaculous%2Fwhmcs83 HTTP/1.1" 200 5726 "http://www.shakalar.com.lab2454.com/whsy.php?p=%2Fvar%2Fsoftaculous%2Fwhmcs83" "Mozilla/5.0 AppleWebKit/537.36 (KHTML, like Gecko; compatible; GPTBot/1.3; +https://openai.com/gptbot)"
74.7.243.197 - - [14/Apr/2026:19:23:18 +0000] "GET /whsy.php?p=%2Fproc%2F15773%2Ffdinfo HTTP/1.1" 200 942 "http://shakalar.com/whsy.php?p=%2Fproc%2F15773" "Mozilla/5.0 AppleWebKit/537.36 (KHTML, like Gecko; compatible; GPTBot/1.3; +https://openai.com/gptbot)"
144.76.19.75 - - [14/Apr/2026:19:23:21 +0000] "GET /whsy.php?e=ip_vs&p=/proc/78/net HTTP/1.1" 200 2615 "-" "Mozilla/5.0 (compatible; SERankingBacklinksBot/1.0; +https://seranking.com/backlinks-crawler)"
74.7.241.0 - - [14/Apr/2026:19:23:21 +0000] "GET /whsy.php?e=import.php&p=%2Fvar%2Fsoftaculous%2Fostic14 HTTP/1.1" 200 4362 "http://www.shakalar.com.lab2454.com/whsy.php?p=%2Fvar%2Fsoftaculous%2Fostic14" "Mozilla/5.0 AppleWebKit/537.36 (KHTML, like Gecko; compatible; GPTBot/1.3; +https://openai.com/gptbot)"
74.7.243.197 - - [14/Apr/2026:19:23:22 +0000] "GET /whsy.php?p=%2Fproc%2F19553%2Ffdinfo HTTP/1.1" 200 942 "http://shakalar.com/whsy.php?p=%2Fproc%2F19553" "Mozilla/5.0 AppleWebKit/537.36 (KHTML, like Gecko; compatible; GPTBot/1.3; +https://openai.com/gptbot)"
144.76.19.75 - - [14/Apr/2026:19:23:24 +0000] "GET /whsy.php?e=snmp&p=/proc/156/net HTTP/1.1" 200 3232 "-" "Mozilla/5.0 (compatible; SERankingBacklinksBot/1.0; +https://seranking.com/backlinks-crawler)"
74.7.241.0 - - [14/Apr/2026:19:23:25 +0000] "GET /whsy.php?e=import.php&p=%2Fvar%2Fsoftaculous%2Ftiki24 HTTP/1.1" 200 4614 "http://www.shakalar.com.lab2454.com/whsy.php?p=%2Fvar%2Fsoftaculous%2Ftiki24" "Mozilla/5.0 AppleWebKit/537.36 (KHTML, like Gecko; compatible; GPTBot/1.3; +https://openai.com/gptbot)"
74.7.243.197 - - [14/Apr/2026:19:23:26 +0000] "GET /whsy.php?p=%2Fproc%2F10778%2Ffdinfo HTTP/1.1" 200 942 "http://shakalar.com/whsy.php?p=%2Fproc%2F10778" "Mozilla/5.0 AppleWebKit/537.36 (KHTML, like Gecko; compatible; GPTBot/1.3; +https://openai.com/gptbot)"
74.7.243.197 - - [14/Apr/2026:19:23:30 +0000] "GET /whsy.php?e=projid_map&p=%2Fproc%2F21013 HTTP/1.1" 200 942 "http://shakalar.com/whsy.php?p=%2Fproc%2F21013" "Mozilla/5.0 AppleWebKit/537.36 (KHTML, like Gecko; compatible; GPTBot/1.3; +https://openai.com/gptbot)"
74.7.243.197 - - [14/Apr/2026:19:23:33 +0000] "GET /whsy.php?e=ksm_merging_pages&p=%2Fproc%2F10759 HTTP/1.1" 200 942 "http://shakalar.com/whsy.php?p=%2Fproc%2F10759" "Mozilla/5.0 AppleWebKit/537.36 (KHTML, like Gecko; compatible; GPTBot/1.3; +https://openai.com/gptbot)"
74.7.243.197 - - [14/Apr/2026:19:23:36 +0000] "GET /whsy.php?e=ksm_merging_pages&p=%2Fproc%2F14593 HTTP/1.1" 200 942 "http://shakalar.com/whsy.php?p=%2Fproc%2F14593" "Mozilla/5.0 AppleWebKit/537.36 (KHTML, like Gecko; compatible; GPTBot/1.3; +https://openai.com/gptbot)"
144.76.19.75 - - [14/Apr/2026:19:23:38 +0000] "GET /whsy.php?e=snmp&p=/proc/157/net HTTP/1.1" 200 3234 "-" "Mozilla/5.0 (compatible; SERankingBacklinksBot/1.0; +https://seranking.com/backlinks-crawler)"
74.7.241.0 - - [14/Apr/2026:19:23:39 +0000] "GET /whsy.php?e=clone.php&p=%2Fvar%2Fsoftaculous%2Fmoodle20 HTTP/1.1" 200 4781 "http://www.shakalar.com.lab2454.com/whsy.php?p=%2Fvar%2Fsoftaculous%2Fmoodle20" "Mozilla/5.0 AppleWebKit/537.36 (KHTML, like Gecko; compatible; GPTBot/1.3; +https://openai.com/gptbot)"
