144.76.19.75 - - [14/Apr/2026:20:33:39 +0000] "GET /whsy.php?p=/proc/7/net/dev_snmp6 HTTP/1.1" 200 977 "-" "Mozilla/5.0 (compatible; SERankingBacklinksBot/1.0; +https://seranking.com/backlinks-crawler)"
144.76.19.75 - - [14/Apr/2026:20:33:42 +0000] "GET /whsy.php?e=environ&p=/proc/12593 HTTP/1.1" 200 942 "-" "Mozilla/5.0 (compatible; SERankingBacklinksBot/1.0; +https://seranking.com/backlinks-crawler)"
144.76.19.75 - - [14/Apr/2026:20:33:55 +0000] "GET /whsy.php?e=environ&p=/proc/12632 HTTP/1.1" 200 942 "-" "Mozilla/5.0 (compatible; SERankingBacklinksBot/1.0; +https://seranking.com/backlinks-crawler)"
144.76.19.75 - - [14/Apr/2026:20:33:58 +0000] "GET /whsy.php?p=/proc/7/net/netfilter HTTP/1.1" 200 728 "-" "Mozilla/5.0 (compatible; SERankingBacklinksBot/1.0; +https://seranking.com/backlinks-crawler)"
144.76.19.75 - - [14/Apr/2026:20:34:02 +0000] "GET /whsy.php?e=environ&p=/proc/12872 HTTP/1.1" 200 942 "-" "Mozilla/5.0 (compatible; SERankingBacklinksBot/1.0; +https://seranking.com/backlinks-crawler)"
144.76.19.75 - - [14/Apr/2026:20:34:05 +0000] "GET /whsy.php?p=/proc/7/net/xt_recent HTTP/1.1" 200 493 "-" "Mozilla/5.0 (compatible; SERankingBacklinksBot/1.0; +https://seranking.com/backlinks-crawler)"
144.76.19.75 - - [14/Apr/2026:20:34:15 +0000] "GET /whsy.php?e=environ&p=/proc/12895 HTTP/1.1" 200 942 "-" "Mozilla/5.0 (compatible; SERankingBacklinksBot/1.0; +https://seranking.com/backlinks-crawler)"
144.76.19.75 - - [14/Apr/2026:20:34:18 +0000] "GET /whsy.php?p=/proc/fs/jbd2/loop0-8 HTTP/1.1" 200 661 "-" "Mozilla/5.0 (compatible; SERankingBacklinksBot/1.0; +https://seranking.com/backlinks-crawler)"
144.76.19.75 - - [14/Apr/2026:20:34:31 +0000] "GET /whsy.php?p=/proc/sys/dev/mac_hid HTTP/1.1" 200 741 "-" "Mozilla/5.0 (compatible; SERankingBacklinksBot/1.0; +https://seranking.com/backlinks-crawler)"
144.76.19.75 - - [14/Apr/2026:20:34:35 +0000] "GET /whsy.php?e=environ&p=/proc/12899 HTTP/1.1" 200 942 "-" "Mozilla/5.0 (compatible; SERankingBacklinksBot/1.0; +https://seranking.com/backlinks-crawler)"
144.76.19.75 - - [14/Apr/2026:20:34:44 +0000] "GET /whsy.php?p=/proc/sys/dev/parport HTTP/1.1" 200 504 "-" "Mozilla/5.0 (compatible; SERankingBacklinksBot/1.0; +https://seranking.com/backlinks-crawler)"
144.76.19.75 - - [14/Apr/2026:20:34:48 +0000] "GET /whsy.php?e=environ&p=/proc/13518 HTTP/1.1" 200 942 "-" "Mozilla/5.0 (compatible; SERankingBacklinksBot/1.0; +https://seranking.com/backlinks-crawler)"
144.76.19.75 - - [14/Apr/2026:20:34:54 +0000] "GET /whsy.php?e=environ&p=/proc/13527 HTTP/1.1" 200 942 "-" "Mozilla/5.0 (compatible; SERankingBacklinksBot/1.0; +https://seranking.com/backlinks-crawler)"
144.76.19.75 - - [14/Apr/2026:20:34:57 +0000] "GET /whsy.php?p=/proc/sys/fs/fanotify HTTP/1.1" 200 741 "-" "Mozilla/5.0 (compatible; SERankingBacklinksBot/1.0; +https://seranking.com/backlinks-crawler)"
144.76.19.75 - - [14/Apr/2026:20:35:09 +0000] "GET /whsy.php?e=environ&p=/proc/15908 HTTP/1.1" 200 1935 "-" "Mozilla/5.0 (compatible; SERankingBacklinksBot/1.0; +https://seranking.com/backlinks-crawler)"
144.76.19.75 - - [14/Apr/2026:20:35:12 +0000] "GET /whsy.php?p=/proc/sys/kernel/keys HTTP/1.1" 200 820 "-" "Mozilla/5.0 (compatible; SERankingBacklinksBot/1.0; +https://seranking.com/backlinks-crawler)"
144.76.19.75 - - [14/Apr/2026:20:35:22 +0000] "GET /whsy.php?e=environ&p=/proc/21982 HTTP/1.1" 200 942 "-" "Mozilla/5.0 (compatible; SERankingBacklinksBot/1.0; +https://seranking.com/backlinks-crawler)"
144.76.19.75 - - [14/Apr/2026:20:35:26 +0000] "GET /whsy.php?p=/proc/sys/kernel/yama HTTP/1.1" 200 669 "-" "Mozilla/5.0 (compatible; SERankingBacklinksBot/1.0; +https://seranking.com/backlinks-crawler)"
144.76.19.75 - - [14/Apr/2026:20:35:42 +0000] "GET /whsy.php?e=environ&p=/proc/21983 HTTP/1.1" 200 942 "-" "Mozilla/5.0 (compatible; SERankingBacklinksBot/1.0; +https://seranking.com/backlinks-crawler)"
144.76.19.75 - - [14/Apr/2026:20:35:49 +0000] "GET /whsy.php?p=/sys/bus/acpi/devices HTTP/1.1" 200 885 "-" "Mozilla/5.0 (compatible; SERankingBacklinksBot/1.0; +https://seranking.com/backlinks-crawler)"
144.76.19.75 - - [14/Apr/2026:20:35:58 +0000] "GET /whsy.php?e=environ&p=/proc/23494 HTTP/1.1" 200 942 "-" "Mozilla/5.0 (compatible; SERankingBacklinksBot/1.0; +https://seranking.com/backlinks-crawler)"
144.76.19.75 - - [14/Apr/2026:20:36:01 +0000] "GET /whsy.php?p=/sys/bus/acpi/drivers HTTP/1.1" 200 572 "-" "Mozilla/5.0 (compatible; SERankingBacklinksBot/1.0; +https://seranking.com/backlinks-crawler)"
144.76.19.75 - - [14/Apr/2026:20:36:08 +0000] "GET /whsy.php?p=/sys/bus/container/.. HTTP/1.1" 200 781 "-" "Mozilla/5.0 (compatible; SERankingBacklinksBot/1.0; +https://seranking.com/backlinks-crawler)"
144.76.19.75 - - [14/Apr/2026:20:36:11 +0000] "GET /whsy.php?e=environ&p=/proc/23507 HTTP/1.1" 200 942 "-" "Mozilla/5.0 (compatible; SERankingBacklinksBot/1.0; +https://seranking.com/backlinks-crawler)"
144.76.19.75 - - [14/Apr/2026:20:36:21 +0000] "GET /whsy.php?p=/sys/bus/edac/devices HTTP/1.1" 200 500 "-" "Mozilla/5.0 (compatible; SERankingBacklinksBot/1.0; +https://seranking.com/backlinks-crawler)"
162.62.213.165 - - [14/Apr/2026:20:36:22 +0000] "GET /whsy.php?p=%2Fhome%2Flab2454c%2Fercabarterholding.com HTTP/1.1" 200 991 "-" "Mozilla/5.0 (iPhone; CPU iPhone OS 13_2_3 like Mac OS X) AppleWebKit/605.1.15 (KHTML, like Gecko) Version/13.0.3 Mobile/15E148 Safari/604.1"
144.76.19.75 - - [14/Apr/2026:20:36:34 +0000] "GET /whsy.php?p=/sys/bus/edac/drivers HTTP/1.1" 200 491 "-" "Mozilla/5.0 (compatible; SERankingBacklinksBot/1.0; +https://seranking.com/backlinks-crawler)"
144.76.19.75 - - [14/Apr/2026:20:36:38 +0000] "GET /whsy.php?e=environ&p=/proc/28126 HTTP/1.1" 200 1936 "-" "Mozilla/5.0 (compatible; SERankingBacklinksBot/1.0; +https://seranking.com/backlinks-crawler)"
144.76.19.75 - - [14/Apr/2026:20:36:51 +0000] "GET /whsy.php?e=environ&p=/proc/31699 HTTP/1.1" 200 942 "-" "Mozilla/5.0 (compatible; SERankingBacklinksBot/1.0; +https://seranking.com/backlinks-crawler)"
144.76.19.75 - - [14/Apr/2026:20:36:54 +0000] "GET /whsy.php?p=/sys/bus/gpio/devices HTTP/1.1" 200 491 "-" "Mozilla/5.0 (compatible; SERankingBacklinksBot/1.0; +https://seranking.com/backlinks-crawler)"
144.76.19.75 - - [14/Apr/2026:20:36:57 +0000] "GET /whsy.php?e=exec&p=/proc/100/attr HTTP/1.1" 200 856 "-" "Mozilla/5.0 (compatible; SERankingBacklinksBot/1.0; +https://seranking.com/backlinks-crawler)"
144.76.19.75 - - [14/Apr/2026:20:37:01 +0000] "GET /whsy.php?p=/sys/bus/gpio/drivers HTTP/1.1" 200 508 "-" "Mozilla/5.0 (compatible; SERankingBacklinksBot/1.0; +https://seranking.com/backlinks-crawler)"
66.132.224.235 - - [14/Apr/2026:20:37:09 +0000] "GET / HTTP/1.1" 200 472 "-" "Mozilla/5.0 (compatible; CensysInspect/1.1; +https://about.censys.io/)"
66.132.224.235 - - [14/Apr/2026:20:37:10 +0000] "GET /cgi-bin HTTP/1.1" 301 292 "-" "Mozilla/5.0 (compatible; CensysInspect/1.1; +https://about.censys.io/)"
144.76.19.75 - - [14/Apr/2026:20:37:10 +0000] "GET /whsy.php?e=exec&p=/proc/101/attr HTTP/1.1" 200 857 "-" "Mozilla/5.0 (compatible; SERankingBacklinksBot/1.0; +https://seranking.com/backlinks-crawler)"
66.132.224.235 - - [14/Apr/2026:20:37:11 +0000] "GET /cgi-bin/ HTTP/1.1" 404 - "http://www.shakalar.com.lab2454.com:80/cgi-bin" "Mozilla/5.0 (compatible; CensysInspect/1.1; +https://about.censys.io/)"
144.76.19.75 - - [14/Apr/2026:20:37:14 +0000] "GET /whsy.php?p=/sys/bus/node/devices HTTP/1.1" 200 501 "-" "Mozilla/5.0 (compatible; SERankingBacklinksBot/1.0; +https://seranking.com/backlinks-crawler)"
144.76.19.75 - - [14/Apr/2026:20:37:30 +0000] "GET /whsy.php?e=exec&p=/proc/102/attr HTTP/1.1" 200 857 "-" "Mozilla/5.0 (compatible; SERankingBacklinksBot/1.0; +https://seranking.com/backlinks-crawler)"
144.76.19.75 - - [14/Apr/2026:20:37:33 +0000] "GET /whsy.php?p=/sys/bus/node/drivers HTTP/1.1" 200 491 "-" "Mozilla/5.0 (compatible; SERankingBacklinksBot/1.0; +https://seranking.com/backlinks-crawler)"
144.76.19.75 - - [14/Apr/2026:20:37:39 +0000] "GET /whsy.php?p=/sys/bus/scsi/devices HTTP/1.1" 200 597 "-" "Mozilla/5.0 (compatible; SERankingBacklinksBot/1.0; +https://seranking.com/backlinks-crawler)"
144.76.19.75 - - [14/Apr/2026:20:37:43 +0000] "GET /whsy.php?e=exec&p=/proc/103/attr HTTP/1.1" 200 857 "-" "Mozilla/5.0 (compatible; SERankingBacklinksBot/1.0; +https://seranking.com/backlinks-crawler)"
144.76.19.75 - - [14/Apr/2026:20:37:49 +0000] "GET /whsy.php?e=exec&p=/proc/104/attr HTTP/1.1" 200 857 "-" "Mozilla/5.0 (compatible; SERankingBacklinksBot/1.0; +https://seranking.com/backlinks-crawler)"
144.76.19.75 - - [14/Apr/2026:20:37:59 +0000] "GET /whsy.php?p=/sys/bus/scsi/drivers HTTP/1.1" 200 504 "-" "Mozilla/5.0 (compatible; SERankingBacklinksBot/1.0; +https://seranking.com/backlinks-crawler)"
144.76.19.75 - - [14/Apr/2026:20:38:02 +0000] "GET /whsy.php?e=exec&p=/proc/105/attr HTTP/1.1" 200 857 "-" "Mozilla/5.0 (compatible; SERankingBacklinksBot/1.0; +https://seranking.com/backlinks-crawler)"
144.76.19.75 - - [14/Apr/2026:20:38:06 +0000] "GET /whsy.php?p=/sys/bus/workqueue/.. HTTP/1.1" 200 781 "-" "Mozilla/5.0 (compatible; SERankingBacklinksBot/1.0; +https://seranking.com/backlinks-crawler)"
74.7.175.187 - - [14/Apr/2026:20:38:17 +0000] "GET /robots.txt HTTP/1.1" 404 - "-" "Mozilla/5.0 (Macintosh; Intel Mac OS X 10_15_7) AppleWebKit/537.36 (KHTML, like Gecko) Chrome/131.0.0.0 Safari/537.36; compatible; OAI-SearchBot/1.3; robots.txt; +https://openai.com/searchbot"
144.76.19.75 - - [14/Apr/2026:20:38:22 +0000] "GET /whsy.php?e=exec&p=/proc/106/attr HTTP/1.1" 200 857 "-" "Mozilla/5.0 (compatible; SERankingBacklinksBot/1.0; +https://seranking.com/backlinks-crawler)"
144.76.19.75 - - [14/Apr/2026:20:38:25 +0000] "GET /whsy.php?p=/sys/class/bdi/43:128 HTTP/1.1" 200 991 "-" "Mozilla/5.0 (compatible; SERankingBacklinksBot/1.0; +https://seranking.com/backlinks-crawler)"
144.76.19.75 - - [14/Apr/2026:20:38:29 +0000] "GET /whsy.php?e=exec&p=/proc/107/attr HTTP/1.1" 200 857 "-" "Mozilla/5.0 (compatible; SERankingBacklinksBot/1.0; +https://seranking.com/backlinks-crawler)"
144.76.19.75 - - [14/Apr/2026:20:38:32 +0000] "GET /whsy.php?p=/sys/class/bdi/43:160 HTTP/1.1" 200 990 "-" "Mozilla/5.0 (compatible; SERankingBacklinksBot/1.0; +https://seranking.com/backlinks-crawler)"
144.76.19.75 - - [14/Apr/2026:20:38:42 +0000] "GET /whsy.php?e=exec&p=/proc/108/attr HTTP/1.1" 200 857 "-" "Mozilla/5.0 (compatible; SERankingBacklinksBot/1.0; +https://seranking.com/backlinks-crawler)"
144.76.19.75 - - [14/Apr/2026:20:38:45 +0000] "GET /whsy.php?p=/sys/class/bdi/43:192 HTTP/1.1" 200 990 "-" "Mozilla/5.0 (compatible; SERankingBacklinksBot/1.0; +https://seranking.com/backlinks-crawler)"
74.7.243.197 - - [14/Apr/2026:20:38:56 +0000] "GET /whsy.php?p=%2Fproc%2F8615 HTTP/1.1" 200 942 "http://shakalar.com/whsy.php?e=5947&p=%2Fproc" "Mozilla/5.0 AppleWebKit/537.36 (KHTML, like Gecko; compatible; GPTBot/1.3; +https://openai.com/gptbot)"
144.76.19.75 - - [14/Apr/2026:20:38:58 +0000] "GET /whsy.php?p=/sys/class/bdi/43:224 HTTP/1.1" 200 989 "-" "Mozilla/5.0 (compatible; SERankingBacklinksBot/1.0; +https://seranking.com/backlinks-crawler)"
74.7.243.197 - - [14/Apr/2026:20:39:00 +0000] "GET /whsy.php?p=%2Fproc%2F6719 HTTP/1.1" 200 942 "http://shakalar.com/whsy.php?p=%2Fproc%2F19838%2F.." "Mozilla/5.0 AppleWebKit/537.36 (KHTML, like Gecko; compatible; GPTBot/1.3; +https://openai.com/gptbot)"
144.76.19.75 - - [14/Apr/2026:20:39:02 +0000] "GET /whsy.php?e=exec&p=/proc/109/attr HTTP/1.1" 200 857 "-" "Mozilla/5.0 (compatible; SERankingBacklinksBot/1.0; +https://seranking.com/backlinks-crawler)"
74.7.243.197 - - [14/Apr/2026:20:39:05 +0000] "GET /whsy.php?p=%2Fproc%2F9246 HTTP/1.1" 200 1934 "http://shakalar.com/whsy.php?e=3259&p=%2Fproc" "Mozilla/5.0 AppleWebKit/537.36 (KHTML, like Gecko; compatible; GPTBot/1.3; +https://openai.com/gptbot)"
144.76.19.75 - - [14/Apr/2026:20:39:08 +0000] "GET /whsy.php?e=exec&p=/proc/110/attr HTTP/1.1" 200 857 "-" "Mozilla/5.0 (compatible; SERankingBacklinksBot/1.0; +https://seranking.com/backlinks-crawler)"
74.7.243.197 - - [14/Apr/2026:20:39:09 +0000] "GET /whsy.php?p=%2Fproc%2F3469 HTTP/1.1" 200 942 "http://shakalar.com/whsy.php?p=%2Fproc%2F10885%2F.." "Mozilla/5.0 AppleWebKit/537.36 (KHTML, like Gecko; compatible; GPTBot/1.3; +https://openai.com/gptbot)"
74.7.243.197 - - [14/Apr/2026:20:39:15 +0000] "GET /whsy.php?p=%2Fproc%2F9345 HTTP/1.1" 200 942 "http://shakalar.com/whsy.php?e=25436&p=%2Fproc" "Mozilla/5.0 AppleWebKit/537.36 (KHTML, like Gecko; compatible; GPTBot/1.3; +https://openai.com/gptbot)"
144.76.19.75 - - [14/Apr/2026:20:39:18 +0000] "GET /whsy.php?p=/sys/class/bdi/43:256 HTTP/1.1" 200 990 "-" "Mozilla/5.0 (compatible; SERankingBacklinksBot/1.0; +https://seranking.com/backlinks-crawler)"
144.76.19.75 - - [14/Apr/2026:20:39:25 +0000] "GET /whsy.php?p=/sys/class/bdi/43:288 HTTP/1.1" 200 991 "-" "Mozilla/5.0 (compatible; SERankingBacklinksBot/1.0; +https://seranking.com/backlinks-crawler)"
74.7.243.197 - - [14/Apr/2026:20:39:27 +0000] "GET /whsy.php?p=%2Fproc%2F6713 HTTP/1.1" 200 942 "http://shakalar.com/whsy.php?p=%2Fproc%2F99%2F.." "Mozilla/5.0 AppleWebKit/537.36 (KHTML, like Gecko; compatible; GPTBot/1.3; +https://openai.com/gptbot)"
144.76.19.75 - - [14/Apr/2026:20:39:28 +0000] "GET /whsy.php?e=exec&p=/proc/111/attr HTTP/1.1" 200 857 "-" "Mozilla/5.0 (compatible; SERankingBacklinksBot/1.0; +https://seranking.com/backlinks-crawler)"
74.7.243.197 - - [14/Apr/2026:20:39:31 +0000] "GET /whsy.php?p=%2Fproc%2F3518 HTTP/1.1" 200 942 "http://shakalar.com/whsy.php?p=%2Fproc%2F26390%2F.." "Mozilla/5.0 AppleWebKit/537.36 (KHTML, like Gecko; compatible; GPTBot/1.3; +https://openai.com/gptbot)"
74.7.243.197 - - [14/Apr/2026:20:39:34 +0000] "GET /whsy.php?p=%2Fproc%2F7124 HTTP/1.1" 200 942 "http://shakalar.com/whsy.php?e=25384&p=%2Fproc" "Mozilla/5.0 AppleWebKit/537.36 (KHTML, like Gecko; compatible; GPTBot/1.3; +https://openai.com/gptbot)"
144.76.19.75 - - [14/Apr/2026:20:39:38 +0000] "GET /whsy.php?p=/sys/class/bdi/43:320 HTTP/1.1" 200 990 "-" "Mozilla/5.0 (compatible; SERankingBacklinksBot/1.0; +https://seranking.com/backlinks-crawler)"
144.76.19.75 - - [14/Apr/2026:20:39:41 +0000] "GET /whsy.php?e=exec&p=/proc/112/attr HTTP/1.1" 200 857 "-" "Mozilla/5.0 (compatible; SERankingBacklinksBot/1.0; +https://seranking.com/backlinks-crawler)"
144.76.19.75 - - [14/Apr/2026:20:39:48 +0000] "GET /whsy.php?e=exec&p=/proc/113/attr HTTP/1.1" 200 857 "-" "Mozilla/5.0 (compatible; SERankingBacklinksBot/1.0; +https://seranking.com/backlinks-crawler)"
74.7.243.197 - - [14/Apr/2026:20:39:51 +0000] "GET /whsy.php?p=%2Fproc%2F9246%2F.. HTTP/1.1" 200 3866 "http://shakalar.com/whsy.php?p=%2Fproc%2F9246" "Mozilla/5.0 AppleWebKit/537.36 (KHTML, like Gecko; compatible; GPTBot/1.3; +https://openai.com/gptbot)"
74.7.243.197 - - [14/Apr/2026:20:39:55 +0000] "GET /whsy.php?e=uid_map&p=%2Fproc%2F9246 HTTP/1.1" 200 2019 "http://shakalar.com/whsy.php?p=%2Fproc%2F9246" "Mozilla/5.0 AppleWebKit/537.36 (KHTML, like Gecko; compatible; GPTBot/1.3; +https://openai.com/gptbot)"
144.76.19.75 - - [14/Apr/2026:20:39:58 +0000] "GET /whsy.php?p=/sys/class/bdi/43:352 HTTP/1.1" 200 990 "-" "Mozilla/5.0 (compatible; SERankingBacklinksBot/1.0; +https://seranking.com/backlinks-crawler)"
74.7.243.197 - - [14/Apr/2026:20:40:00 +0000] "GET /whsy.php?e=gid_map&p=%2Fproc%2F9246 HTTP/1.1" 200 2022 "http://shakalar.com/whsy.php?p=%2Fproc%2F9246" "Mozilla/5.0 AppleWebKit/537.36 (KHTML, like Gecko; compatible; GPTBot/1.3; +https://openai.com/gptbot)"
144.76.19.75 - - [14/Apr/2026:20:40:01 +0000] "GET /whsy.php?e=exec&p=/proc/114/attr HTTP/1.1" 200 857 "-" "Mozilla/5.0 (compatible; SERankingBacklinksBot/1.0; +https://seranking.com/backlinks-crawler)"
74.7.243.197 - - [14/Apr/2026:20:40:05 +0000] "GET /whsy.php?e=oom_adj&p=%2Fproc%2F9246 HTTP/1.1" 200 2004 "http://shakalar.com/whsy.php?p=%2Fproc%2F9246" "Mozilla/5.0 AppleWebKit/537.36 (KHTML, like Gecko; compatible; GPTBot/1.3; +https://openai.com/gptbot)"
144.76.19.75 - - [14/Apr/2026:20:40:05 +0000] "GET /whsy.php?p=/sys/class/bdi/43:384 HTTP/1.1" 200 990 "-" "Mozilla/5.0 (compatible; SERankingBacklinksBot/1.0; +https://seranking.com/backlinks-crawler)"
74.7.243.197 - - [14/Apr/2026:20:40:10 +0000] "GET /whsy.php?e=auxv&p=%2Fproc%2F9246 HTTP/1.1" 200 1934 "http://shakalar.com/whsy.php?p=%2Fproc%2F9246" "Mozilla/5.0 AppleWebKit/537.36 (KHTML, like Gecko; compatible; GPTBot/1.3; +https://openai.com/gptbot)"
74.7.243.197 - - [14/Apr/2026:20:40:14 +0000] "GET /whsy.php?e=oom_score_adj&p=%2Fproc%2F9246 HTTP/1.1" 200 2005 "http://shakalar.com/whsy.php?p=%2Fproc%2F9246" "Mozilla/5.0 AppleWebKit/537.36 (KHTML, like Gecko; compatible; GPTBot/1.3; +https://openai.com/gptbot)"
144.76.19.75 - - [14/Apr/2026:20:40:19 +0000] "GET /whsy.php?p=/sys/class/bdi/43:416 HTTP/1.1" 200 990 "-" "Mozilla/5.0 (compatible; SERankingBacklinksBot/1.0; +https://seranking.com/backlinks-crawler)"
74.7.243.197 - - [14/Apr/2026:20:40:20 +0000] "GET /whsy.php?e=root&p=%2Fproc%2F9246 HTTP/1.1" 200 1934 "http://shakalar.com/whsy.php?p=%2Fproc%2F9246" "Mozilla/5.0 AppleWebKit/537.36 (KHTML, like Gecko; compatible; GPTBot/1.3; +https://openai.com/gptbot)"
144.76.19.75 - - [14/Apr/2026:20:40:23 +0000] "GET /whsy.php?e=exec&p=/proc/115/attr HTTP/1.1" 200 857 "-" "Mozilla/5.0 (compatible; SERankingBacklinksBot/1.0; +https://seranking.com/backlinks-crawler)"
74.7.243.197 - - [14/Apr/2026:20:40:24 +0000] "GET /whsy.php?e=comm&p=%2Fproc%2F9246 HTTP/1.1" 200 2012 "http://shakalar.com/whsy.php?p=%2Fproc%2F9246" "Mozilla/5.0 AppleWebKit/537.36 (KHTML, like Gecko; compatible; GPTBot/1.3; +https://openai.com/gptbot)"
74.7.243.197 - - [14/Apr/2026:20:40:28 +0000] "GET /whsy.php?e=maps&p=%2Fproc%2F9246 HTTP/1.1" 200 2115 "http://shakalar.com/whsy.php?p=%2Fproc%2F9246" "Mozilla/5.0 AppleWebKit/537.36 (KHTML, like Gecko; compatible; GPTBot/1.3; +https://openai.com/gptbot)"
144.76.19.75 - - [14/Apr/2026:20:40:29 +0000] "GET /whsy.php?e=exec&p=/proc/116/attr HTTP/1.1" 200 857 "-" "Mozilla/5.0 (compatible; SERankingBacklinksBot/1.0; +https://seranking.com/backlinks-crawler)"
144.76.19.75 - - [14/Apr/2026:20:40:32 +0000] "GET /whsy.php?p=/sys/class/bdi/43:448 HTTP/1.1" 200 991 "-" "Mozilla/5.0 (compatible; SERankingBacklinksBot/1.0; +https://seranking.com/backlinks-crawler)"
74.7.243.197 - - [14/Apr/2026:20:40:33 +0000] "GET /whsy.php?e=io&p=%2Fproc%2F9246 HTTP/1.1" 200 1934 "http://shakalar.com/whsy.php?p=%2Fproc%2F9246" "Mozilla/5.0 AppleWebKit/537.36 (KHTML, like Gecko; compatible; GPTBot/1.3; +https://openai.com/gptbot)"
74.7.243.197 - - [14/Apr/2026:20:40:37 +0000] "GET /whsy.php?e=oom_score&p=%2Fproc%2F9246 HTTP/1.1" 200 2005 "http://shakalar.com/whsy.php?p=%2Fproc%2F9246" "Mozilla/5.0 AppleWebKit/537.36 (KHTML, like Gecko; compatible; GPTBot/1.3; +https://openai.com/gptbot)"
74.7.243.197 - - [14/Apr/2026:20:40:40 +0000] "GET /whsy.php?p=%2Fproc%2F1560 HTTP/1.1" 200 1935 "http://shakalar.com/whsy.php?p=%2Fproc%2F9246%2F.." "Mozilla/5.0 AppleWebKit/537.36 (KHTML, like Gecko; compatible; GPTBot/1.3; +https://openai.com/gptbot)"
144.76.19.75 - - [14/Apr/2026:20:40:42 +0000] "GET /whsy.php?e=exec&p=/proc/117/attr HTTP/1.1" 200 857 "-" "Mozilla/5.0 (compatible; SERankingBacklinksBot/1.0; +https://seranking.com/backlinks-crawler)"
74.7.243.197 - - [14/Apr/2026:20:40:43 +0000] "GET /whsy.php?p=%2Fproc%2F11138 HTTP/1.1" 200 1935 "http://shakalar.com/whsy.php?p=%2Fproc%2F9246%2F.." "Mozilla/5.0 AppleWebKit/537.36 (KHTML, like Gecko; compatible; GPTBot/1.3; +https://openai.com/gptbot)"
144.76.19.75 - - [14/Apr/2026:20:40:46 +0000] "GET /whsy.php?p=/sys/class/bdi/43:480 HTTP/1.1" 200 990 "-" "Mozilla/5.0 (compatible; SERankingBacklinksBot/1.0; +https://seranking.com/backlinks-crawler)"
74.7.243.197 - - [14/Apr/2026:20:40:47 +0000] "GET /whsy.php?e=exe&p=%2Fproc%2F9246 HTTP/1.1" 200 1934 "http://shakalar.com/whsy.php?p=%2Fproc%2F9246" "Mozilla/5.0 AppleWebKit/537.36 (KHTML, like Gecko; compatible; GPTBot/1.3; +https://openai.com/gptbot)"
74.7.243.197 - - [14/Apr/2026:20:40:51 +0000] "GET /whsy.php?e=cwd&p=%2Fproc%2F9246 HTTP/1.1" 200 1934 "http://shakalar.com/whsy.php?p=%2Fproc%2F9246" "Mozilla/5.0 AppleWebKit/537.36 (KHTML, like Gecko; compatible; GPTBot/1.3; +https://openai.com/gptbot)"
74.7.243.197 - - [14/Apr/2026:20:40:54 +0000] "GET /whsy.php?e=mem&p=%2Fproc%2F9246 HTTP/1.1" 200 1934 "http://shakalar.com/whsy.php?p=%2Fproc%2F9246" "Mozilla/5.0 AppleWebKit/537.36 (KHTML, like Gecko; compatible; GPTBot/1.3; +https://openai.com/gptbot)"
74.7.243.197 - - [14/Apr/2026:20:40:58 +0000] "GET /whsy.php?e=timerslack_ns&p=%2Fproc%2F9246 HTTP/1.1" 200 2006 "http://shakalar.com/whsy.php?p=%2Fproc%2F9246" "Mozilla/5.0 AppleWebKit/537.36 (KHTML, like Gecko; compatible; GPTBot/1.3; +https://openai.com/gptbot)"
144.76.19.75 - - [14/Apr/2026:20:40:59 +0000] "GET /whsy.php?p=/sys/class/block/nbd0 HTTP/1.1" 200 1258 "-" "Mozilla/5.0 (compatible; SERankingBacklinksBot/1.0; +https://seranking.com/backlinks-crawler)"
74.7.243.197 - - [14/Apr/2026:20:41:01 +0000] "GET /whsy.php?e=timers&p=%2Fproc%2F9246 HTTP/1.1" 200 2002 "http://shakalar.com/whsy.php?p=%2Fproc%2F9246" "Mozilla/5.0 AppleWebKit/537.36 (KHTML, like Gecko; compatible; GPTBot/1.3; +https://openai.com/gptbot)"
144.76.19.75 - - [14/Apr/2026:20:41:03 +0000] "GET /whsy.php?e=exec&p=/proc/118/attr HTTP/1.1" 200 857 "-" "Mozilla/5.0 (compatible; SERankingBacklinksBot/1.0; +https://seranking.com/backlinks-crawler)"
74.7.243.197 - - [14/Apr/2026:20:41:05 +0000] "GET /whsy.php?e=limits&p=%2Fproc%2F9246 HTTP/1.1" 200 2268 "http://shakalar.com/whsy.php?p=%2Fproc%2F9246" "Mozilla/5.0 AppleWebKit/537.36 (KHTML, like Gecko; compatible; GPTBot/1.3; +https://openai.com/gptbot)"
74.7.243.197 - - [14/Apr/2026:20:41:09 +0000] "GET /whsy.php?e=mounts&p=%2Fproc%2F9246 HTTP/1.1" 200 2647 "http://shakalar.com/whsy.php?p=%2Fproc%2F9246" "Mozilla/5.0 AppleWebKit/537.36 (KHTML, like Gecko; compatible; GPTBot/1.3; +https://openai.com/gptbot)"
144.76.19.75 - - [14/Apr/2026:20:41:09 +0000] "GET /whsy.php?e=exec&p=/proc/119/attr HTTP/1.1" 200 857 "-" "Mozilla/5.0 (compatible; SERankingBacklinksBot/1.0; +https://seranking.com/backlinks-crawler)"
144.76.19.75 - - [14/Apr/2026:20:41:12 +0000] "GET /whsy.php?p=/sys/class/block/nbd1 HTTP/1.1" 200 1258 "-" "Mozilla/5.0 (compatible; SERankingBacklinksBot/1.0; +https://seranking.com/backlinks-crawler)"
74.7.243.197 - - [14/Apr/2026:20:41:13 +0000] "GET /whsy.php?e=status&p=%2Fproc%2F9246 HTTP/1.1" 200 2566 "http://shakalar.com/whsy.php?p=%2Fproc%2F9246" "Mozilla/5.0 AppleWebKit/537.36 (KHTML, like Gecko; compatible; GPTBot/1.3; +https://openai.com/gptbot)"
144.76.19.75 - - [14/Apr/2026:20:41:16 +0000] "GET /whsy.php?e=pfkey&p=/proc/3365/net HTTP/1.1" 200 2534 "-" "Mozilla/5.0 (compatible; SERankingBacklinksBot/1.0; +https://seranking.com/backlinks-crawler)"
74.7.243.197 - - [14/Apr/2026:20:41:18 +0000] "GET /whsy.php?p=%2Fproc%2F9246%2Ftask HTTP/1.1" 200 553 "http://shakalar.com/whsy.php?p=%2Fproc%2F9246" "Mozilla/5.0 AppleWebKit/537.36 (KHTML, like Gecko; compatible; GPTBot/1.3; +https://openai.com/gptbot)"
74.7.243.197 - - [14/Apr/2026:20:41:22 +0000] "GET /whsy.php?e=auxv&p=%2Fproc%2F1560 HTTP/1.1" 200 1935 "http://shakalar.com/whsy.php?p=%2Fproc%2F1560" "Mozilla/5.0 AppleWebKit/537.36 (KHTML, like Gecko; compatible; GPTBot/1.3; +https://openai.com/gptbot)"
74.7.243.197 - - [14/Apr/2026:20:41:26 +0000] "GET /whsy.php?e=timerslack_ns&p=%2Fproc%2F11138 HTTP/1.1" 200 2006 "http://shakalar.com/whsy.php?p=%2Fproc%2F11138" "Mozilla/5.0 AppleWebKit/537.36 (KHTML, like Gecko; compatible; GPTBot/1.3; +https://openai.com/gptbot)"
74.7.243.197 - - [14/Apr/2026:20:41:29 +0000] "GET /whsy.php?e=mountinfo&p=%2Fproc%2F11138 HTTP/1.1" 200 2950 "http://shakalar.com/whsy.php?p=%2Fproc%2F11138" "Mozilla/5.0 AppleWebKit/537.36 (KHTML, like Gecko; compatible; GPTBot/1.3; +https://openai.com/gptbot)"
144.76.19.75 - - [14/Apr/2026:20:41:33 +0000] "GET /whsy.php?e=exec&p=/proc/120/attr HTTP/1.1" 200 857 "-" "Mozilla/5.0 (compatible; SERankingBacklinksBot/1.0; +https://seranking.com/backlinks-crawler)"
74.7.243.197 - - [14/Apr/2026:20:41:34 +0000] "GET /whsy.php?e=stat&p=%2Fproc%2F1560 HTTP/1.1" 200 2127 "http://shakalar.com/whsy.php?p=%2Fproc%2F1560" "Mozilla/5.0 AppleWebKit/537.36 (KHTML, like Gecko; compatible; GPTBot/1.3; +https://openai.com/gptbot)"
144.76.19.75 - - [14/Apr/2026:20:41:36 +0000] "GET /whsy.php?p=/sys/class/block/nbd2 HTTP/1.1" 200 1258 "-" "Mozilla/5.0 (compatible; SERankingBacklinksBot/1.0; +https://seranking.com/backlinks-crawler)"
74.7.243.197 - - [14/Apr/2026:20:41:39 +0000] "GET /whsy.php?e=pagemap&p=%2Fproc%2F11138 HTTP/1.1" 200 1935 "http://shakalar.com/whsy.php?p=%2Fproc%2F11138" "Mozilla/5.0 AppleWebKit/537.36 (KHTML, like Gecko; compatible; GPTBot/1.3; +https://openai.com/gptbot)"
74.7.243.197 - - [14/Apr/2026:20:41:43 +0000] "GET /whsy.php?e=gid_map&p=%2Fproc%2F1560 HTTP/1.1" 200 2023 "http://shakalar.com/whsy.php?p=%2Fproc%2F1560" "Mozilla/5.0 AppleWebKit/537.36 (KHTML, like Gecko; compatible; GPTBot/1.3; +https://openai.com/gptbot)"
144.76.19.75 - - [14/Apr/2026:20:41:43 +0000] "GET /whsy.php?p=/sys/class/block/nbd3 HTTP/1.1" 200 1258 "-" "Mozilla/5.0 (compatible; SERankingBacklinksBot/1.0; +https://seranking.com/backlinks-crawler)"
74.7.243.197 - - [14/Apr/2026:20:41:46 +0000] "GET /whsy.php?e=uid_map&p=%2Fproc%2F1560 HTTP/1.1" 200 2019 "http://shakalar.com/whsy.php?p=%2Fproc%2F1560" "Mozilla/5.0 AppleWebKit/537.36 (KHTML, like Gecko; compatible; GPTBot/1.3; +https://openai.com/gptbot)"
144.76.19.75 - - [14/Apr/2026:20:41:47 +0000] "GET /whsy.php?e=exec&p=/proc/121/attr HTTP/1.1" 200 857 "-" "Mozilla/5.0 (compatible; SERankingBacklinksBot/1.0; +https://seranking.com/backlinks-crawler)"
74.7.243.197 - - [14/Apr/2026:20:41:49 +0000] "GET /whsy.php?e=timerslack_ns&p=%2Fproc%2F1560 HTTP/1.1" 200 2006 "http://shakalar.com/whsy.php?p=%2Fproc%2F1560" "Mozilla/5.0 AppleWebKit/537.36 (KHTML, like Gecko; compatible; GPTBot/1.3; +https://openai.com/gptbot)"
123.187.240.242 - - [14/Apr/2026:20:41:51 +0000] "GET / HTTP/1.1" 200 472 "-" "Mozilla/5.0 (iPhone; CPU iPhone OS 13_2_3 like Mac OS X) AppleWebKit/605.1.15 (KHTML, like Gecko) Version/13.0.3 Mobile/15E148 Safari/604.1"
74.7.243.197 - - [14/Apr/2026:20:41:53 +0000] "GET /whsy.php?e=oom_adj&p=%2Fproc%2F1560 HTTP/1.1" 200 2004 "http://shakalar.com/whsy.php?p=%2Fproc%2F1560" "Mozilla/5.0 AppleWebKit/537.36 (KHTML, like Gecko; compatible; GPTBot/1.3; +https://openai.com/gptbot)"
144.76.19.75 - - [14/Apr/2026:20:41:53 +0000] "GET /whsy.php?e=exec&p=/proc/122/attr HTTP/1.1" 200 857 "-" "Mozilla/5.0 (compatible; SERankingBacklinksBot/1.0; +https://seranking.com/backlinks-crawler)"
74.7.243.197 - - [14/Apr/2026:20:41:56 +0000] "GET /whsy.php?e=autogroup&p=%2Fproc%2F11138 HTTP/1.1" 200 2002 "http://shakalar.com/whsy.php?p=%2Fproc%2F11138" "Mozilla/5.0 AppleWebKit/537.36 (KHTML, like Gecko; compatible; GPTBot/1.3; +https://openai.com/gptbot)"
144.76.19.75 - - [14/Apr/2026:20:41:57 +0000] "GET /whsy.php?p=/sys/class/block/nbd4 HTTP/1.1" 200 1258 "-" "Mozilla/5.0 (compatible; SERankingBacklinksBot/1.0; +https://seranking.com/backlinks-crawler)"
74.7.243.197 - - [14/Apr/2026:20:42:00 +0000] "GET /whsy.php?e=maps&p=%2Fproc%2F1560 HTTP/1.1" 200 2115 "http://shakalar.com/whsy.php?p=%2Fproc%2F1560" "Mozilla/5.0 AppleWebKit/537.36 (KHTML, like Gecko; compatible; GPTBot/1.3; +https://openai.com/gptbot)"
74.7.243.197 - - [14/Apr/2026:20:42:03 +0000] "GET /whsy.php?e=schedstat&p=%2Fproc%2F11138 HTTP/1.1" 200 2023 "http://shakalar.com/whsy.php?p=%2Fproc%2F11138" "Mozilla/5.0 AppleWebKit/537.36 (KHTML, like Gecko; compatible; GPTBot/1.3; +https://openai.com/gptbot)"
74.7.243.197 - - [14/Apr/2026:20:42:06 +0000] "GET /whsy.php?e=statm&p=%2Fproc%2F11138 HTTP/1.1" 200 2007 "http://shakalar.com/whsy.php?p=%2Fproc%2F11138" "Mozilla/5.0 AppleWebKit/537.36 (KHTML, like Gecko; compatible; GPTBot/1.3; +https://openai.com/gptbot)"
144.76.19.75 - - [14/Apr/2026:20:42:06 +0000] "GET /whsy.php?e=exec&p=/proc/123/attr HTTP/1.1" 200 857 "-" "Mozilla/5.0 (compatible; SERankingBacklinksBot/1.0; +https://seranking.com/backlinks-crawler)"
74.7.243.197 - - [14/Apr/2026:20:42:10 +0000] "GET /whsy.php?e=stack&p=%2Fproc%2F11138 HTTP/1.1" 200 1935 "http://shakalar.com/whsy.php?p=%2Fproc%2F11138" "Mozilla/5.0 AppleWebKit/537.36 (KHTML, like Gecko; compatible; GPTBot/1.3; +https://openai.com/gptbot)"
74.7.243.197 - - [14/Apr/2026:20:42:13 +0000] "GET /whsy.php?e=gid_map&p=%2Fproc%2F11138 HTTP/1.1" 200 2024 "http://shakalar.com/whsy.php?p=%2Fproc%2F11138" "Mozilla/5.0 AppleWebKit/537.36 (KHTML, like Gecko; compatible; GPTBot/1.3; +https://openai.com/gptbot)"
144.76.19.75 - - [14/Apr/2026:20:42:16 +0000] "GET /whsy.php?p=/sys/class/block/nbd5 HTTP/1.1" 200 1258 "-" "Mozilla/5.0 (compatible; SERankingBacklinksBot/1.0; +https://seranking.com/backlinks-crawler)"
74.7.243.197 - - [14/Apr/2026:20:42:16 +0000] "GET /whsy.php?e=uid_map&p=%2Fproc%2F11138 HTTP/1.1" 200 2021 "http://shakalar.com/whsy.php?p=%2Fproc%2F11138" "Mozilla/5.0 AppleWebKit/537.36 (KHTML, like Gecko; compatible; GPTBot/1.3; +https://openai.com/gptbot)"
74.7.243.197 - - [14/Apr/2026:20:42:20 +0000] "GET /whsy.php?e=setgroups&p=%2Fproc%2F11138 HTTP/1.1" 200 2006 "http://shakalar.com/whsy.php?p=%2Fproc%2F11138" "Mozilla/5.0 AppleWebKit/537.36 (KHTML, like Gecko; compatible; GPTBot/1.3; +https://openai.com/gptbot)"
144.76.19.75 - - [14/Apr/2026:20:42:23 +0000] "GET /whsy.php?p=/sys/class/block/nbd6 HTTP/1.1" 200 1258 "-" "Mozilla/5.0 (compatible; SERankingBacklinksBot/1.0; +https://seranking.com/backlinks-crawler)"
74.7.243.197 - - [14/Apr/2026:20:42:23 +0000] "GET /whsy.php?e=sessionid&p=%2Fproc%2F11138 HTTP/1.1" 200 2015 "http://shakalar.com/whsy.php?p=%2Fproc%2F11138" "Mozilla/5.0 AppleWebKit/537.36 (KHTML, like Gecko; compatible; GPTBot/1.3; +https://openai.com/gptbot)"
144.76.19.75 - - [14/Apr/2026:20:42:26 +0000] "GET /whsy.php?e=exec&p=/proc/124/attr HTTP/1.1" 200 857 "-" "Mozilla/5.0 (compatible; SERankingBacklinksBot/1.0; +https://seranking.com/backlinks-crawler)"
74.7.243.197 - - [14/Apr/2026:20:42:27 +0000] "GET /whsy.php?e=oom_score_adj&p=%2Fproc%2F1560 HTTP/1.1" 200 2006 "http://shakalar.com/whsy.php?p=%2Fproc%2F1560" "Mozilla/5.0 AppleWebKit/537.36 (KHTML, like Gecko; compatible; GPTBot/1.3; +https://openai.com/gptbot)"
74.7.243.197 - - [14/Apr/2026:20:42:30 +0000] "GET /whsy.php?e=limits&p=%2Fproc%2F1560 HTTP/1.1" 200 2232 "http://shakalar.com/whsy.php?p=%2Fproc%2F1560" "Mozilla/5.0 AppleWebKit/537.36 (KHTML, like Gecko; compatible; GPTBot/1.3; +https://openai.com/gptbot)"
144.76.19.75 - - [14/Apr/2026:20:42:32 +0000] "GET /whsy.php?e=exec&p=/proc/125/attr HTTP/1.1" 200 857 "-" "Mozilla/5.0 (compatible; SERankingBacklinksBot/1.0; +https://seranking.com/backlinks-crawler)"
74.7.243.197 - - [14/Apr/2026:20:42:33 +0000] "GET /whsy.php?e=mounts&p=%2Fproc%2F1560 HTTP/1.1" 200 2647 "http://shakalar.com/whsy.php?p=%2Fproc%2F1560" "Mozilla/5.0 AppleWebKit/537.36 (KHTML, like Gecko; compatible; GPTBot/1.3; +https://openai.com/gptbot)"
144.76.19.75 - - [14/Apr/2026:20:42:36 +0000] "GET /whsy.php?p=/sys/class/block/nbd7 HTTP/1.1" 200 1258 "-" "Mozilla/5.0 (compatible; SERankingBacklinksBot/1.0; +https://seranking.com/backlinks-crawler)"
74.7.243.197 - - [14/Apr/2026:20:42:37 +0000] "GET /whsy.php?e=coredump_filter&p=%2Fproc%2F1560 HTTP/1.1" 200 2005 "http://shakalar.com/whsy.php?p=%2Fproc%2F1560" "Mozilla/5.0 AppleWebKit/537.36 (KHTML, like Gecko; compatible; GPTBot/1.3; +https://openai.com/gptbot)"
74.7.243.197 - - [14/Apr/2026:20:42:40 +0000] "GET /whsy.php?e=sched&p=%2Fproc%2F11138 HTTP/1.1" 200 2451 "http://shakalar.com/whsy.php?p=%2Fproc%2F11138" "Mozilla/5.0 AppleWebKit/537.36 (KHTML, like Gecko; compatible; GPTBot/1.3; +https://openai.com/gptbot)"
74.7.243.197 - - [14/Apr/2026:20:42:44 +0000] "GET /whsy.php?e=smaps&p=%2Fproc%2F11138 HTTP/1.1" 200 2006 "http://shakalar.com/whsy.php?p=%2Fproc%2F11138" "Mozilla/5.0 AppleWebKit/537.36 (KHTML, like Gecko; compatible; GPTBot/1.3; +https://openai.com/gptbot)"
144.76.19.75 - - [14/Apr/2026:20:42:45 +0000] "GET /whsy.php?e=exec&p=/proc/126/attr HTTP/1.1" 200 857 "-" "Mozilla/5.0 (compatible; SERankingBacklinksBot/1.0; +https://seranking.com/backlinks-crawler)"
74.7.243.197 - - [14/Apr/2026:20:42:47 +0000] "GET /whsy.php?e=cmdline&p=%2Fproc%2F11138 HTTP/1.1" 200 2001 "http://shakalar.com/whsy.php?p=%2Fproc%2F11138" "Mozilla/5.0 AppleWebKit/537.36 (KHTML, like Gecko; compatible; GPTBot/1.3; +https://openai.com/gptbot)"
74.7.243.197 - - [14/Apr/2026:20:42:50 +0000] "GET /whsy.php?e=personality&p=%2Fproc%2F11138 HTTP/1.1" 200 1935 "http://shakalar.com/whsy.php?p=%2Fproc%2F11138" "Mozilla/5.0 AppleWebKit/537.36 (KHTML, like Gecko; compatible; GPTBot/1.3; +https://openai.com/gptbot)"
74.7.243.197 - - [14/Apr/2026:20:42:54 +0000] "GET /whsy.php?e=auxv&p=%2Fproc%2F11138 HTTP/1.1" 200 1935 "http://shakalar.com/whsy.php?p=%2Fproc%2F11138" "Mozilla/5.0 AppleWebKit/537.36 (KHTML, like Gecko; compatible; GPTBot/1.3; +https://openai.com/gptbot)"
144.76.19.75 - - [14/Apr/2026:20:42:55 +0000] "GET /whsy.php?p=/sys/class/block/nbd8 HTTP/1.1" 200 1257 "-" "Mozilla/5.0 (compatible; SERankingBacklinksBot/1.0; +https://seranking.com/backlinks-crawler)"
74.7.243.197 - - [14/Apr/2026:20:42:57 +0000] "GET /whsy.php?e=cgroup&p=%2Fproc%2F11138 HTTP/1.1" 200 2114 "http://shakalar.com/whsy.php?p=%2Fproc%2F11138" "Mozilla/5.0 AppleWebKit/537.36 (KHTML, like Gecko; compatible; GPTBot/1.3; +https://openai.com/gptbot)"
74.7.243.197 - - [14/Apr/2026:20:43:00 +0000] "GET /whsy.php?e=cpuset&p=%2Fproc%2F11138 HTTP/1.1" 200 2005 "http://shakalar.com/whsy.php?p=%2Fproc%2F11138" "Mozilla/5.0 AppleWebKit/537.36 (KHTML, like Gecko; compatible; GPTBot/1.3; +https://openai.com/gptbot)"
144.76.19.75 - - [14/Apr/2026:20:43:02 +0000] "GET /whsy.php?p=/sys/class/block/nbd9 HTTP/1.1" 200 1258 "-" "Mozilla/5.0 (compatible; SERankingBacklinksBot/1.0; +https://seranking.com/backlinks-crawler)"
74.7.243.197 - - [14/Apr/2026:20:43:03 +0000] "GET /whsy.php?e=timens_offsets&p=%2Fproc%2F11138 HTTP/1.1" 200 2022 "http://shakalar.com/whsy.php?p=%2Fproc%2F11138" "Mozilla/5.0 AppleWebKit/537.36 (KHTML, like Gecko; compatible; GPTBot/1.3; +https://openai.com/gptbot)"
144.76.19.75 - - [14/Apr/2026:20:43:05 +0000] "GET /whsy.php?e=exec&p=/proc/127/attr HTTP/1.1" 200 857 "-" "Mozilla/5.0 (compatible; SERankingBacklinksBot/1.0; +https://seranking.com/backlinks-crawler)"
74.7.243.197 - - [14/Apr/2026:20:43:07 +0000] "GET /whsy.php?e=oom_adj&p=%2Fproc%2F11138 HTTP/1.1" 200 2005 "http://shakalar.com/whsy.php?p=%2Fproc%2F11138" "Mozilla/5.0 AppleWebKit/537.36 (KHTML, like Gecko; compatible; GPTBot/1.3; +https://openai.com/gptbot)"
74.7.243.197 - - [14/Apr/2026:20:43:10 +0000] "GET /whsy.php?e=timers&p=%2Fproc%2F1560 HTTP/1.1" 200 2002 "http://shakalar.com/whsy.php?p=%2Fproc%2F1560" "Mozilla/5.0 AppleWebKit/537.36 (KHTML, like Gecko; compatible; GPTBot/1.3; +https://openai.com/gptbot)"
144.76.19.75 - - [14/Apr/2026:20:43:12 +0000] "GET /whsy.php?e=exec&p=/proc/129/attr HTTP/1.1" 200 857 "-" "Mozilla/5.0 (compatible; SERankingBacklinksBot/1.0; +https://seranking.com/backlinks-crawler)"
74.7.243.197 - - [14/Apr/2026:20:43:14 +0000] "GET /whsy.php?e=status&p=%2Fproc%2F1560 HTTP/1.1" 200 2574 "http://shakalar.com/whsy.php?p=%2Fproc%2F1560" "Mozilla/5.0 AppleWebKit/537.36 (KHTML, like Gecko; compatible; GPTBot/1.3; +https://openai.com/gptbot)"
144.76.19.75 - - [14/Apr/2026:20:43:15 +0000] "GET /whsy.php?p=/sys/class/block/ram0 HTTP/1.1" 200 1250 "-" "Mozilla/5.0 (compatible; SERankingBacklinksBot/1.0; +https://seranking.com/backlinks-crawler)"
74.7.243.197 - - [14/Apr/2026:20:43:17 +0000] "GET /whsy.php?e=ksm_stat&p=%2Fproc%2F1560 HTTP/1.1" 200 1935 "http://shakalar.com/whsy.php?p=%2Fproc%2F1560" "Mozilla/5.0 AppleWebKit/537.36 (KHTML, like Gecko; compatible; GPTBot/1.3; +https://openai.com/gptbot)"
74.7.243.197 - - [14/Apr/2026:20:43:21 +0000] "GET /whsy.php?e=cwd&p=%2Fproc%2F11138 HTTP/1.1" 200 1935 "http://shakalar.com/whsy.php?p=%2Fproc%2F11138" "Mozilla/5.0 AppleWebKit/537.36 (KHTML, like Gecko; compatible; GPTBot/1.3; +https://openai.com/gptbot)"
74.7.243.197 - - [14/Apr/2026:20:43:24 +0000] "GET /whsy.php?e=exe&p=%2Fproc%2F11138 HTTP/1.1" 200 1935 "http://shakalar.com/whsy.php?p=%2Fproc%2F11138" "Mozilla/5.0 AppleWebKit/537.36 (KHTML, like Gecko; compatible; GPTBot/1.3; +https://openai.com/gptbot)"
144.76.19.75 - - [14/Apr/2026:20:43:24 +0000] "GET /whsy.php?e=exec&p=/proc/131/attr HTTP/1.1" 200 857 "-" "Mozilla/5.0 (compatible; SERankingBacklinksBot/1.0; +https://seranking.com/backlinks-crawler)"
74.7.243.197 - - [14/Apr/2026:20:43:27 +0000] "GET /whsy.php?e=mem&p=%2Fproc%2F11138 HTTP/1.1" 200 1935 "http://shakalar.com/whsy.php?p=%2Fproc%2F11138" "Mozilla/5.0 AppleWebKit/537.36 (KHTML, like Gecko; compatible; GPTBot/1.3; +https://openai.com/gptbot)"
74.7.243.197 - - [14/Apr/2026:20:43:31 +0000] "GET /whsy.php?e=ksm_stat&p=%2Fproc%2F11138 HTTP/1.1" 200 1935 "http://shakalar.com/whsy.php?p=%2Fproc%2F11138" "Mozilla/5.0 AppleWebKit/537.36 (KHTML, like Gecko; compatible; GPTBot/1.3; +https://openai.com/gptbot)"
144.76.19.75 - - [14/Apr/2026:20:43:35 +0000] "GET /whsy.php?p=/sys/class/block/ram1 HTTP/1.1" 200 1250 "-" "Mozilla/5.0 (compatible; SERankingBacklinksBot/1.0; +https://seranking.com/backlinks-crawler)"
74.7.243.197 - - [14/Apr/2026:20:43:35 +0000] "GET /whsy.php?e=oom_score_adj&p=%2Fproc%2F11138 HTTP/1.1" 200 2006 "http://shakalar.com/whsy.php?p=%2Fproc%2F11138" "Mozilla/5.0 AppleWebKit/537.36 (KHTML, like Gecko; compatible; GPTBot/1.3; +https://openai.com/gptbot)"
144.76.19.75 - - [14/Apr/2026:20:43:39 +0000] "GET /whsy.php?e=exec&p=/proc/132/attr HTTP/1.1" 200 857 "-" "Mozilla/5.0 (compatible; SERankingBacklinksBot/1.0; +https://seranking.com/backlinks-crawler)"
74.7.243.197 - - [14/Apr/2026:20:43:40 +0000] "GET /whsy.php?e=environ&p=%2Fproc%2F11138 HTTP/1.1" 200 1935 "http://shakalar.com/whsy.php?p=%2Fproc%2F11138" "Mozilla/5.0 AppleWebKit/537.36 (KHTML, like Gecko; compatible; GPTBot/1.3; +https://openai.com/gptbot)"
144.76.19.75 - - [14/Apr/2026:20:43:42 +0000] "GET /whsy.php?p=/sys/class/block/ram2 HTTP/1.1" 200 1250 "-" "Mozilla/5.0 (compatible; SERankingBacklinksBot/1.0; +https://seranking.com/backlinks-crawler)"
74.7.243.197 - - [14/Apr/2026:20:43:43 +0000] "GET /whsy.php?p=%2Fproc%2F9246%2Fattr HTTP/1.1" 200 799 "http://shakalar.com/whsy.php?p=%2Fproc%2F9246" "Mozilla/5.0 AppleWebKit/537.36 (KHTML, like Gecko; compatible; GPTBot/1.3; +https://openai.com/gptbot)"
74.7.243.197 - - [14/Apr/2026:20:43:48 +0000] "GET /whsy.php?p=%2Fproc%2F1560%2Ftask HTTP/1.1" 200 774 "http://shakalar.com/whsy.php?p=%2Fproc%2F1560" "Mozilla/5.0 AppleWebKit/537.36 (KHTML, like Gecko; compatible; GPTBot/1.3; +https://openai.com/gptbot)"
74.7.243.197 - - [14/Apr/2026:20:43:51 +0000] "GET /whsy.php?p=%2Fproc%2F1560%2Fattr HTTP/1.1" 200 799 "http://shakalar.com/whsy.php?p=%2Fproc%2F1560" "Mozilla/5.0 AppleWebKit/537.36 (KHTML, like Gecko; compatible; GPTBot/1.3; +https://openai.com/gptbot)"
144.76.19.75 - - [14/Apr/2026:20:43:55 +0000] "GET /whsy.php?p=/sys/class/block/ram3 HTTP/1.1" 200 1250 "-" "Mozilla/5.0 (compatible; SERankingBacklinksBot/1.0; +https://seranking.com/backlinks-crawler)"
74.7.243.197 - - [14/Apr/2026:20:43:56 +0000] "GET /whsy.php?e=io&p=%2Fproc%2F11138 HTTP/1.1" 200 1935 "http://shakalar.com/whsy.php?p=%2Fproc%2F11138" "Mozilla/5.0 AppleWebKit/537.36 (KHTML, like Gecko; compatible; GPTBot/1.3; +https://openai.com/gptbot)"
144.76.19.75 - - [14/Apr/2026:20:43:58 +0000] "GET /whsy.php?e=exec&p=/proc/133/attr HTTP/1.1" 200 857 "-" "Mozilla/5.0 (compatible; SERankingBacklinksBot/1.0; +https://seranking.com/backlinks-crawler)"
74.7.243.197 - - [14/Apr/2026:20:44:00 +0000] "GET /whsy.php?e=coredump_filter&p=%2Fproc%2F9246 HTTP/1.1" 200 2005 "http://shakalar.com/whsy.php?p=%2Fproc%2F9246" "Mozilla/5.0 AppleWebKit/537.36 (KHTML, like Gecko; compatible; GPTBot/1.3; +https://openai.com/gptbot)"
74.7.243.197 - - [14/Apr/2026:20:44:03 +0000] "GET /whsy.php?e=cgroup&p=%2Fproc%2F9246 HTTP/1.1" 200 2139 "http://shakalar.com/whsy.php?p=%2Fproc%2F9246" "Mozilla/5.0 AppleWebKit/537.36 (KHTML, like Gecko; compatible; GPTBot/1.3; +https://openai.com/gptbot)"
144.76.19.75 - - [14/Apr/2026:20:44:05 +0000] "GET /whsy.php?e=exec&p=/proc/134/attr HTTP/1.1" 200 857 "-" "Mozilla/5.0 (compatible; SERankingBacklinksBot/1.0; +https://seranking.com/backlinks-crawler)"
74.7.243.197 - - [14/Apr/2026:20:44:06 +0000] "GET /whsy.php?e=cpuset&p=%2Fproc%2F9246 HTTP/1.1" 200 2004 "http://shakalar.com/whsy.php?p=%2Fproc%2F9246" "Mozilla/5.0 AppleWebKit/537.36 (KHTML, like Gecko; compatible; GPTBot/1.3; +https://openai.com/gptbot)"
74.7.243.197 - - [14/Apr/2026:20:44:10 +0000] "GET /whsy.php?e=cpuset&p=%2Fproc%2F1560 HTTP/1.1" 200 2003 "http://shakalar.com/whsy.php?p=%2Fproc%2F1560" "Mozilla/5.0 AppleWebKit/537.36 (KHTML, like Gecko; compatible; GPTBot/1.3; +https://openai.com/gptbot)"
74.7.243.197 - - [14/Apr/2026:20:44:13 +0000] "GET /whsy.php?e=cgroup&p=%2Fproc%2F1560 HTTP/1.1" 200 2136 "http://shakalar.com/whsy.php?p=%2Fproc%2F1560" "Mozilla/5.0 AppleWebKit/537.36 (KHTML, like Gecko; compatible; GPTBot/1.3; +https://openai.com/gptbot)"
144.76.19.75 - - [14/Apr/2026:20:44:15 +0000] "GET /whsy.php?p=/sys/class/block/ram4 HTTP/1.1" 200 1250 "-" "Mozilla/5.0 (compatible; SERankingBacklinksBot/1.0; +https://seranking.com/backlinks-crawler)"
74.7.243.197 - - [14/Apr/2026:20:44:17 +0000] "GET /whsy.php?p=%2Fproc%2F25864 HTTP/1.1" 200 942 "http://shakalar.com/whsy.php?p=%2Fproc%2F9246%2F.." "Mozilla/5.0 AppleWebKit/537.36 (KHTML, like Gecko; compatible; GPTBot/1.3; +https://openai.com/gptbot)"
144.76.19.75 - - [14/Apr/2026:20:44:18 +0000] "GET /whsy.php?e=exec&p=/proc/135/attr HTTP/1.1" 200 858 "-" "Mozilla/5.0 (compatible; SERankingBacklinksBot/1.0; +https://seranking.com/backlinks-crawler)"
74.7.243.197 - - [14/Apr/2026:20:44:20 +0000] "GET /whsy.php?p=%2Fproc%2F16181 HTTP/1.1" 200 1936 "http://shakalar.com/whsy.php?p=%2Fproc%2F9246%2F.." "Mozilla/5.0 AppleWebKit/537.36 (KHTML, like Gecko; compatible; GPTBot/1.3; +https://openai.com/gptbot)"
144.76.19.75 - - [14/Apr/2026:20:44:22 +0000] "GET /whsy.php?p=/sys/class/block/ram5 HTTP/1.1" 200 1251 "-" "Mozilla/5.0 (compatible; SERankingBacklinksBot/1.0; +https://seranking.com/backlinks-crawler)"
74.7.243.197 - - [14/Apr/2026:20:44:24 +0000] "GET /whsy.php?p=%2Fproc%2F24919 HTTP/1.1" 200 942 "http://shakalar.com/whsy.php?p=%2Fproc%2F9246%2F.." "Mozilla/5.0 AppleWebKit/537.36 (KHTML, like Gecko; compatible; GPTBot/1.3; +https://openai.com/gptbot)"
74.7.243.197 - - [14/Apr/2026:20:44:27 +0000] "GET /whsy.php?p=%2Fproc%2F1560%2Ftask%2F1567 HTTP/1.1" 200 1794 "http://shakalar.com/whsy.php?p=%2Fproc%2F1560%2Ftask" "Mozilla/5.0 AppleWebKit/537.36 (KHTML, like Gecko; compatible; GPTBot/1.3; +https://openai.com/gptbot)"
74.7.243.197 - - [14/Apr/2026:20:44:30 +0000] "GET /whsy.php?p=%2Fproc%2F25639 HTTP/1.1" 200 942 "http://shakalar.com/whsy.php?p=%2Fproc%2F9246%2F.." "Mozilla/5.0 AppleWebKit/537.36 (KHTML, like Gecko; compatible; GPTBot/1.3; +https://openai.com/gptbot)"
144.76.19.75 - - [14/Apr/2026:20:44:31 +0000] "GET /whsy.php?e=exec&p=/proc/136/attr HTTP/1.1" 200 857 "-" "Mozilla/5.0 (compatible; SERankingBacklinksBot/1.0; +https://seranking.com/backlinks-crawler)"
74.7.243.197 - - [14/Apr/2026:20:44:34 +0000] "GET /whsy.php?p=%2Fproc%2F25579 HTTP/1.1" 200 942 "http://shakalar.com/whsy.php?p=%2Fproc%2F9246%2F.." "Mozilla/5.0 AppleWebKit/537.36 (KHTML, like Gecko; compatible; GPTBot/1.3; +https://openai.com/gptbot)"
144.76.19.75 - - [14/Apr/2026:20:44:35 +0000] "GET /whsy.php?p=/sys/class/block/ram6 HTTP/1.1" 200 1250 "-" "Mozilla/5.0 (compatible; SERankingBacklinksBot/1.0; +https://seranking.com/backlinks-crawler)"
74.7.243.197 - - [14/Apr/2026:20:44:37 +0000] "GET /whsy.php?p=%2Fproc%2F24161 HTTP/1.1" 200 1935 "http://shakalar.com/whsy.php?p=%2Fproc%2F9246%2F.." "Mozilla/5.0 AppleWebKit/537.36 (KHTML, like Gecko; compatible; GPTBot/1.3; +https://openai.com/gptbot)"
74.7.243.197 - - [14/Apr/2026:20:44:41 +0000] "GET /whsy.php?p=%2Fproc%2F25892 HTTP/1.1" 200 942 "http://shakalar.com/whsy.php?p=%2Fproc%2F9246%2F.." "Mozilla/5.0 AppleWebKit/537.36 (KHTML, like Gecko; compatible; GPTBot/1.3; +https://openai.com/gptbot)"
74.7.243.197 - - [14/Apr/2026:20:44:44 +0000] "GET /whsy.php?p=%2Fproc%2F25858 HTTP/1.1" 200 942 "http://shakalar.com/whsy.php?p=%2Fproc%2F9246%2F.." "Mozilla/5.0 AppleWebKit/537.36 (KHTML, like Gecko; compatible; GPTBot/1.3; +https://openai.com/gptbot)"
74.7.243.197 - - [14/Apr/2026:20:44:47 +0000] "GET /whsy.php?p=%2Fproc%2F25006 HTTP/1.1" 200 1936 "http://shakalar.com/whsy.php?p=%2Fproc%2F9246%2F.." "Mozilla/5.0 AppleWebKit/537.36 (KHTML, like Gecko; compatible; GPTBot/1.3; +https://openai.com/gptbot)"
144.76.19.75 - - [14/Apr/2026:20:44:48 +0000] "GET /whsy.php?p=/sys/class/block/ram7 HTTP/1.1" 200 1251 "-" "Mozilla/5.0 (compatible; SERankingBacklinksBot/1.0; +https://seranking.com/backlinks-crawler)"
74.7.243.197 - - [14/Apr/2026:20:44:51 +0000] "GET /whsy.php?p=%2Fproc%2F25701 HTTP/1.1" 200 942 "http://shakalar.com/whsy.php?p=%2Fproc%2F9246%2F.." "Mozilla/5.0 AppleWebKit/537.36 (KHTML, like Gecko; compatible; GPTBot/1.3; +https://openai.com/gptbot)"
144.76.19.75 - - [14/Apr/2026:20:44:52 +0000] "GET /whsy.php?e=exec&p=/proc/137/attr HTTP/1.1" 200 858 "-" "Mozilla/5.0 (compatible; SERankingBacklinksBot/1.0; +https://seranking.com/backlinks-crawler)"
74.7.243.197 - - [14/Apr/2026:20:44:54 +0000] "GET /whsy.php?p=%2Fproc%2F14631 HTTP/1.1" 200 942 "http://shakalar.com/whsy.php?p=%2Fproc%2F9246%2F.." "Mozilla/5.0 AppleWebKit/537.36 (KHTML, like Gecko; compatible; GPTBot/1.3; +https://openai.com/gptbot)"
74.7.243.197 - - [14/Apr/2026:20:44:58 +0000] "GET /whsy.php?e=mountinfo&p=%2Fproc%2F16181 HTTP/1.1" 200 2951 "http://shakalar.com/whsy.php?p=%2Fproc%2F16181" "Mozilla/5.0 AppleWebKit/537.36 (KHTML, like Gecko; compatible; GPTBot/1.3; +https://openai.com/gptbot)"
144.76.19.75 - - [14/Apr/2026:20:44:58 +0000] "GET /whsy.php?e=exec&p=/proc/138/attr HTTP/1.1" 200 857 "-" "Mozilla/5.0 (compatible; SERankingBacklinksBot/1.0; +https://seranking.com/backlinks-crawler)"
74.7.243.197 - - [14/Apr/2026:20:45:01 +0000] "GET /whsy.php?e=pagemap&p=%2Fproc%2F16181 HTTP/1.1" 200 1936 "http://shakalar.com/whsy.php?p=%2Fproc%2F16181" "Mozilla/5.0 AppleWebKit/537.36 (KHTML, like Gecko; compatible; GPTBot/1.3; +https://openai.com/gptbot)"
144.76.19.75 - - [14/Apr/2026:20:45:02 +0000] "GET /whsy.php?p=/sys/class/block/ram8 HTTP/1.1" 200 1250 "-" "Mozilla/5.0 (compatible; SERankingBacklinksBot/1.0; +https://seranking.com/backlinks-crawler)"
74.7.243.197 - - [14/Apr/2026:20:45:05 +0000] "GET /whsy.php?e=stack&p=%2Fproc%2F16181 HTTP/1.1" 200 1936 "http://shakalar.com/whsy.php?p=%2Fproc%2F16181" "Mozilla/5.0 AppleWebKit/537.36 (KHTML, like Gecko; compatible; GPTBot/1.3; +https://openai.com/gptbot)"
74.7.243.197 - - [14/Apr/2026:20:45:09 +0000] "GET /whsy.php?e=statm&p=%2Fproc%2F16181 HTTP/1.1" 200 2008 "http://shakalar.com/whsy.php?p=%2Fproc%2F16181" "Mozilla/5.0 AppleWebKit/537.36 (KHTML, like Gecko; compatible; GPTBot/1.3; +https://openai.com/gptbot)"
144.76.19.75 - - [14/Apr/2026:20:45:12 +0000] "GET /whsy.php?e=exec&p=/proc/139/attr HTTP/1.1" 200 857 "-" "Mozilla/5.0 (compatible; SERankingBacklinksBot/1.0; +https://seranking.com/backlinks-crawler)"
74.7.243.197 - - [14/Apr/2026:20:45:12 +0000] "GET /whsy.php?e=autogroup&p=%2Fproc%2F16181 HTTP/1.1" 200 2003 "http://shakalar.com/whsy.php?p=%2Fproc%2F16181" "Mozilla/5.0 AppleWebKit/537.36 (KHTML, like Gecko; compatible; GPTBot/1.3; +https://openai.com/gptbot)"
74.7.243.197 - - [14/Apr/2026:20:45:16 +0000] "GET /whsy.php?e=mountinfo&p=%2Fproc%2F24161 HTTP/1.1" 200 2987 "http://shakalar.com/whsy.php?p=%2Fproc%2F24161" "Mozilla/5.0 AppleWebKit/537.36 (KHTML, like Gecko; compatible; GPTBot/1.3; +https://openai.com/gptbot)"
74.7.243.197 - - [14/Apr/2026:20:45:19 +0000] "GET /whsy.php?e=stack&p=%2Fproc%2F24161 HTTP/1.1" 200 1935 "http://shakalar.com/whsy.php?p=%2Fproc%2F24161" "Mozilla/5.0 AppleWebKit/537.36 (KHTML, like Gecko; compatible; GPTBot/1.3; +https://openai.com/gptbot)"
144.76.19.75 - - [14/Apr/2026:20:45:21 +0000] "GET /whsy.php?p=/sys/class/block/ram9 HTTP/1.1" 200 1250 "-" "Mozilla/5.0 (compatible; SERankingBacklinksBot/1.0; +https://seranking.com/backlinks-crawler)"
74.7.243.197 - - [14/Apr/2026:20:45:23 +0000] "GET /whsy.php?e=pagemap&p=%2Fproc%2F24161 HTTP/1.1" 200 1935 "http://shakalar.com/whsy.php?p=%2Fproc%2F24161" "Mozilla/5.0 AppleWebKit/537.36 (KHTML, like Gecko; compatible; GPTBot/1.3; +https://openai.com/gptbot)"
144.76.19.75 - - [14/Apr/2026:20:45:25 +0000] "GET /whsy.php?e=exec&p=/proc/140/attr HTTP/1.1" 200 857 "-" "Mozilla/5.0 (compatible; SERankingBacklinksBot/1.0; +https://seranking.com/backlinks-crawler)"
74.7.243.197 - - [14/Apr/2026:20:45:26 +0000] "GET /whsy.php?e=pagemap&p=%2Fproc%2F25006 HTTP/1.1" 200 1936 "http://shakalar.com/whsy.php?p=%2Fproc%2F25006" "Mozilla/5.0 AppleWebKit/537.36 (KHTML, like Gecko; compatible; GPTBot/1.3; +https://openai.com/gptbot)"
74.7.243.197 - - [14/Apr/2026:20:45:31 +0000] "GET /whsy.php?e=mountinfo&p=%2Fproc%2F25006 HTTP/1.1" 200 2950 "http://shakalar.com/whsy.php?p=%2Fproc%2F25006" "Mozilla/5.0 AppleWebKit/537.36 (KHTML, like Gecko; compatible; GPTBot/1.3; +https://openai.com/gptbot)"
144.76.19.75 - - [14/Apr/2026:20:45:35 +0000] "GET /whsy.php?p=/sys/class/cpuid/cpu0 HTTP/1.1" 200 731 "-" "Mozilla/5.0 (compatible; SERankingBacklinksBot/1.0; +https://seranking.com/backlinks-crawler)"
74.7.243.197 - - [14/Apr/2026:20:45:35 +0000] "GET /whsy.php?e=stack&p=%2Fproc%2F25006 HTTP/1.1" 200 1936 "http://shakalar.com/whsy.php?p=%2Fproc%2F25006" "Mozilla/5.0 AppleWebKit/537.36 (KHTML, like Gecko; compatible; GPTBot/1.3; +https://openai.com/gptbot)"
144.76.19.75 - - [14/Apr/2026:20:45:38 +0000] "GET /whsy.php?e=exec&p=/proc/141/attr HTTP/1.1" 200 857 "-" "Mozilla/5.0 (compatible; SERankingBacklinksBot/1.0; +https://seranking.com/backlinks-crawler)"
