74.7.241.0 - - [14/Apr/2026:16:36:58 +0000] "GET /whsy.php?e=edit.php&p=%2Fvar%2Fsoftaculous%2Fmoodle29%2Fphp82 HTTP/1.1" 200 5337 "http://www.shakalar.com.lab2454.com/whsy.php?p=%2Fvar%2Fsoftaculous%2Fmoodle29%2Fphp82" "Mozilla/5.0 AppleWebKit/537.36 (KHTML, like Gecko; compatible; GPTBot/1.3; +https://openai.com/gptbot)"
74.7.227.50 - - [14/Apr/2026:16:37:00 +0000] "GET /whsy.php?p=%2Fproc%2F12430%2Ftask%2F12430 HTTP/1.1" 200 942 "http://www.shakalar.com/whsy.php?p=%2Fproc%2F12430%2Ftask" "Mozilla/5.0 AppleWebKit/537.36 (KHTML, like Gecko; compatible; GPTBot/1.3; +https://openai.com/gptbot)"
74.7.243.197 - - [14/Apr/2026:16:37:01 +0000] "GET /whsy.php?e=coredump_filter&p=%2Fproc%2F12447 HTTP/1.1" 200 942 "http://shakalar.com/whsy.php?p=%2Fproc%2F12447" "Mozilla/5.0 AppleWebKit/537.36 (KHTML, like Gecko; compatible; GPTBot/1.3; +https://openai.com/gptbot)"
144.76.19.75 - - [14/Apr/2026:16:37:02 +0000] "GET /whsy.php?p=/usr/share/vala/vapi HTTP/1.1" 200 671 "-" "Mozilla/5.0 (compatible; SERankingBacklinksBot/1.0; +https://seranking.com/backlinks-crawler)"
74.7.227.50 - - [14/Apr/2026:16:37:03 +0000] "GET /whsy.php?p=%2Fproc%2F17660%2Ftask%2F17660 HTTP/1.1" 200 942 "http://www.shakalar.com/whsy.php?p=%2Fproc%2F17660%2Ftask" "Mozilla/5.0 AppleWebKit/537.36 (KHTML, like Gecko; compatible; GPTBot/1.3; +https://openai.com/gptbot)"
74.7.243.197 - - [14/Apr/2026:16:37:05 +0000] "GET /whsy.php?e=coredump_filter&p=%2Fproc%2F12454 HTTP/1.1" 200 942 "http://shakalar.com/whsy.php?p=%2Fproc%2F12454" "Mozilla/5.0 AppleWebKit/537.36 (KHTML, like Gecko; compatible; GPTBot/1.3; +https://openai.com/gptbot)"
74.7.227.50 - - [14/Apr/2026:16:37:07 +0000] "GET /whsy.php?p=%2Fproc%2F16452%2Ftask%2F16452 HTTP/1.1" 200 942 "http://www.shakalar.com/whsy.php?p=%2Fproc%2F16452%2Ftask" "Mozilla/5.0 AppleWebKit/537.36 (KHTML, like Gecko; compatible; GPTBot/1.3; +https://openai.com/gptbot)"
74.7.243.197 - - [14/Apr/2026:16:37:09 +0000] "GET /whsy.php?e=coredump_filter&p=%2Fproc%2F17119 HTTP/1.1" 200 942 "http://shakalar.com/whsy.php?p=%2Fproc%2F17119" "Mozilla/5.0 AppleWebKit/537.36 (KHTML, like Gecko; compatible; GPTBot/1.3; +https://openai.com/gptbot)"
74.7.227.50 - - [14/Apr/2026:16:37:11 +0000] "GET /whsy.php?p=%2Fproc%2F15631%2Ftask%2F15631 HTTP/1.1" 200 942 "http://www.shakalar.com/whsy.php?p=%2Fproc%2F15631%2Ftask" "Mozilla/5.0 AppleWebKit/537.36 (KHTML, like Gecko; compatible; GPTBot/1.3; +https://openai.com/gptbot)"
74.7.243.197 - - [14/Apr/2026:16:37:12 +0000] "GET /whsy.php?p=%2Fproc%2F19852%2Fnet%2Fstat HTTP/1.1" 200 942 "http://shakalar.com/whsy.php?p=%2Fproc%2F19852%2Fnet" "Mozilla/5.0 AppleWebKit/537.36 (KHTML, like Gecko; compatible; GPTBot/1.3; +https://openai.com/gptbot)"
74.7.241.0 - - [14/Apr/2026:16:37:13 +0000] "GET /whsy.php?e=elementor-safe-mode.php&p=%2Fhome%2Flab2454c%2Fbaas.elementalrock.com%2Fwp-content%2Fplugins%2Felementor%2Fmodules%2Fsafe-mode%2Fmu-plugin HTTP/1.1" 200 2260 "http://www.shakalar.com.lab2454.com/whsy.php?p=%2Fhome%2Flab2454c%2Fbaas.elementalrock.com%2Fwp-content%2Fplugins%2Felementor%2Fmodules%2Fsafe-mode%2Fmu-plugin" "Mozilla/5.0 AppleWebKit/537.36 (KHTML, like Gecko; compatible; GPTBot/1.3; +https://openai.com/gptbot)"
144.76.19.75 - - [14/Apr/2026:16:37:13 +0000] "GET /whsy.php?p=/sys/bus/cpu/devices HTTP/1.1" 200 543 "-" "Mozilla/5.0 (compatible; SERankingBacklinksBot/1.0; +https://seranking.com/backlinks-crawler)"
74.7.227.50 - - [14/Apr/2026:16:37:14 +0000] "GET /whsy.php?e=content&p=%2Fproc%2F3206%2Fnet%2Frpc%2Fnfsd.export HTTP/1.1" 200 741 "http://www.shakalar.com/whsy.php?p=%2Fproc%2F3206%2Fnet%2Frpc%2Fnfsd.export" "Mozilla/5.0 AppleWebKit/537.36 (KHTML, like Gecko; compatible; GPTBot/1.3; +https://openai.com/gptbot)"
74.7.243.197 - - [14/Apr/2026:16:37:16 +0000] "GET /whsy.php?p=%2Fproc%2F14414%2Fnet%2Fvlan HTTP/1.1" 200 661 "http://shakalar.com/whsy.php?p=%2Fproc%2F14414%2Fnet" "Mozilla/5.0 AppleWebKit/537.36 (KHTML, like Gecko; compatible; GPTBot/1.3; +https://openai.com/gptbot)"
144.76.19.75 - - [14/Apr/2026:16:37:17 +0000] "GET /whsy.php?p=/usr/share/vim/vim74 HTTP/1.1" 200 1224 "-" "Mozilla/5.0 (compatible; SERankingBacklinksBot/1.0; +https://seranking.com/backlinks-crawler)"
74.7.227.50 - - [14/Apr/2026:16:37:18 +0000] "GET /whsy.php?e=keycreate&p=%2Fproc%2F12452%2Fattr HTTP/1.1" 200 942 "http://www.shakalar.com/whsy.php?p=%2Fproc%2F12452%2Fattr" "Mozilla/5.0 AppleWebKit/537.36 (KHTML, like Gecko; compatible; GPTBot/1.3; +https://openai.com/gptbot)"
74.7.243.197 - - [14/Apr/2026:16:37:19 +0000] "GET /whsy.php?p=%2Fproc%2F12452%2Fnet%2Fvlan HTTP/1.1" 200 942 "http://shakalar.com/whsy.php?p=%2Fproc%2F12452%2Fnet" "Mozilla/5.0 AppleWebKit/537.36 (KHTML, like Gecko; compatible; GPTBot/1.3; +https://openai.com/gptbot)"
144.76.19.75 - - [14/Apr/2026:16:37:20 +0000] "GET /whsy.php?p=/sys/bus/cpu/drivers HTTP/1.1" 200 503 "-" "Mozilla/5.0 (compatible; SERankingBacklinksBot/1.0; +https://seranking.com/backlinks-crawler)"
74.7.227.50 - - [14/Apr/2026:16:37:22 +0000] "GET /whsy.php?e=keycreate&p=%2Fproc%2F26152%2Fattr HTTP/1.1" 200 942 "http://www.shakalar.com/whsy.php?p=%2Fproc%2F26152%2Fattr" "Mozilla/5.0 AppleWebKit/537.36 (KHTML, like Gecko; compatible; GPTBot/1.3; +https://openai.com/gptbot)"
74.7.243.197 - - [14/Apr/2026:16:37:23 +0000] "GET /whsy.php?p=%2Fproc%2F18499%2Fnet%2Fstat HTTP/1.1" 200 942 "http://shakalar.com/whsy.php?p=%2Fproc%2F18499%2Fnet" "Mozilla/5.0 AppleWebKit/537.36 (KHTML, like Gecko; compatible; GPTBot/1.3; +https://openai.com/gptbot)"
74.7.227.50 - - [14/Apr/2026:16:37:25 +0000] "GET /whsy.php?e=keycreate&p=%2Fproc%2F23502%2Fattr HTTP/1.1" 200 942 "http://www.shakalar.com/whsy.php?p=%2Fproc%2F23502%2Fattr" "Mozilla/5.0 AppleWebKit/537.36 (KHTML, like Gecko; compatible; GPTBot/1.3; +https://openai.com/gptbot)"
74.7.243.197 - - [14/Apr/2026:16:37:27 +0000] "GET /whsy.php?p=%2Fproc%2F28512%2Fnet%2Fvlan HTTP/1.1" 200 662 "http://shakalar.com/whsy.php?p=%2Fproc%2F28512%2Fnet" "Mozilla/5.0 AppleWebKit/537.36 (KHTML, like Gecko; compatible; GPTBot/1.3; +https://openai.com/gptbot)"
74.7.241.0 - - [14/Apr/2026:16:37:27 +0000] "GET /whsy.php?e=archive.php&p=%2Fhome%2Flab2454c%2Fmact34.com%2Fwp-content%2Fthemes%2Ftwentytwentyone HTTP/1.1" 200 1912 "http://www.shakalar.com.lab2454.com/whsy.php?p=%2Fhome%2Flab2454c%2Fmact34.com%2Fwp-content%2Fthemes%2Ftwentytwentyone" "Mozilla/5.0 AppleWebKit/537.36 (KHTML, like Gecko; compatible; GPTBot/1.3; +https://openai.com/gptbot)"
74.7.227.50 - - [14/Apr/2026:16:37:29 +0000] "GET /whsy.php?p=%2Fproc%2F3183%2Fnet%2Frpc%2Fnfs4.idtoname%2F.. HTTP/1.1" 200 859 "http://www.shakalar.com/whsy.php?p=%2Fproc%2F3183%2Fnet%2Frpc%2Fnfs4.idtoname" "Mozilla/5.0 AppleWebKit/537.36 (KHTML, like Gecko; compatible; GPTBot/1.3; +https://openai.com/gptbot)"
144.76.19.75 - - [14/Apr/2026:16:37:30 +0000] "GET /whsy.php?e=pm2&p=/usr/local/bin HTTP/1.1" 200 2106 "-" "Mozilla/5.0 (compatible; SERankingBacklinksBot/1.0; +https://seranking.com/backlinks-crawler)"
74.7.243.197 - - [14/Apr/2026:16:37:30 +0000] "GET /whsy.php?p=%2Fproc%2F12449%2Fnet%2Fstat HTTP/1.1" 200 942 "http://shakalar.com/whsy.php?p=%2Fproc%2F12449%2Fnet" "Mozilla/5.0 AppleWebKit/537.36 (KHTML, like Gecko; compatible; GPTBot/1.3; +https://openai.com/gptbot)"
74.7.227.50 - - [14/Apr/2026:16:37:32 +0000] "GET /whsy.php?p=%2Fproc%2F3183%2Fnet%2Frpc%2Fnfs4.nametoid%2F.. HTTP/1.1" 200 859 "http://www.shakalar.com/whsy.php?p=%2Fproc%2F3183%2Fnet%2Frpc%2Fnfs4.nametoid" "Mozilla/5.0 AppleWebKit/537.36 (KHTML, like Gecko; compatible; GPTBot/1.3; +https://openai.com/gptbot)"
144.76.19.75 - - [14/Apr/2026:16:37:33 +0000] "GET /whsy.php?p=/sys/bus/dax/devices HTTP/1.1" 200 490 "-" "Mozilla/5.0 (compatible; SERankingBacklinksBot/1.0; +https://seranking.com/backlinks-crawler)"
74.7.243.197 - - [14/Apr/2026:16:37:34 +0000] "GET /whsy.php?p=%2Fproc%2F21517%2Fnet%2Fstat HTTP/1.1" 200 942 "http://shakalar.com/whsy.php?p=%2Fproc%2F21517%2Fnet" "Mozilla/5.0 AppleWebKit/537.36 (KHTML, like Gecko; compatible; GPTBot/1.3; +https://openai.com/gptbot)"
74.7.227.50 - - [14/Apr/2026:16:37:36 +0000] "GET /whsy.php?p=%2Fproc%2F15631%2Fnet%2Fvlan HTTP/1.1" 200 942 "http://www.shakalar.com/whsy.php?p=%2Fproc%2F15631%2Fnet" "Mozilla/5.0 AppleWebKit/537.36 (KHTML, like Gecko; compatible; GPTBot/1.3; +https://openai.com/gptbot)"
144.76.19.75 - - [14/Apr/2026:16:37:37 +0000] "GET /whsy.php?e=pppoe&p=/proc/12/net HTTP/1.1" 200 2520 "-" "Mozilla/5.0 (compatible; SERankingBacklinksBot/1.0; +https://seranking.com/backlinks-crawler)"
74.7.243.197 - - [14/Apr/2026:16:37:37 +0000] "GET /whsy.php?p=%2Fproc%2F12450%2Fnet%2Fstat HTTP/1.1" 200 942 "http://shakalar.com/whsy.php?p=%2Fproc%2F12450%2Fnet" "Mozilla/5.0 AppleWebKit/537.36 (KHTML, like Gecko; compatible; GPTBot/1.3; +https://openai.com/gptbot)"
74.7.227.50 - - [14/Apr/2026:16:37:40 +0000] "GET /whsy.php?e=snmp&p=%2Fproc%2F3206%2Fnet%2Fsctp HTTP/1.1" 200 1102 "http://www.shakalar.com/whsy.php?p=%2Fproc%2F3206%2Fnet%2Fsctp" "Mozilla/5.0 AppleWebKit/537.36 (KHTML, like Gecko; compatible; GPTBot/1.3; +https://openai.com/gptbot)"
74.7.243.197 - - [14/Apr/2026:16:37:41 +0000] "GET /whsy.php?p=%2Fproc%2F12447%2Fnet%2Fstat HTTP/1.1" 200 942 "http://shakalar.com/whsy.php?p=%2Fproc%2F12447%2Fnet" "Mozilla/5.0 AppleWebKit/537.36 (KHTML, like Gecko; compatible; GPTBot/1.3; +https://openai.com/gptbot)"
74.7.241.0 - - [14/Apr/2026:16:37:41 +0000] "GET /whsy.php?p=%2Fhome%2Flab2454c%2Flogs%2Froundcube HTTP/1.1" 200 810 "http://www.shakalar.com.lab2454.com/whsy.php?p=%2Fhome%2Flab2454c%2Flogs" "Mozilla/5.0 AppleWebKit/537.36 (KHTML, like Gecko; compatible; GPTBot/1.3; +https://openai.com/gptbot)"
74.7.227.50 - - [14/Apr/2026:16:37:43 +0000] "GET /whsy.php?e=xfrm_stat&p=%2Fproc%2F10019%2Fnet HTTP/1.1" 200 942 "http://www.shakalar.com/whsy.php?p=%2Fproc%2F10019%2Fnet" "Mozilla/5.0 AppleWebKit/537.36 (KHTML, like Gecko; compatible; GPTBot/1.3; +https://openai.com/gptbot)"
74.7.243.197 - - [14/Apr/2026:16:37:45 +0000] "GET /whsy.php?p=%2Fproc%2F15418%2Fnet%2Frpc HTTP/1.1" 200 942 "http://shakalar.com/whsy.php?p=%2Fproc%2F15418%2Fnet" "Mozilla/5.0 AppleWebKit/537.36 (KHTML, like Gecko; compatible; GPTBot/1.3; +https://openai.com/gptbot)"
144.76.19.75 - - [14/Apr/2026:16:37:46 +0000] "GET /whsy.php?p=/sys/bus/dax/drivers HTTP/1.1" 200 489 "-" "Mozilla/5.0 (compatible; SERankingBacklinksBot/1.0; +https://seranking.com/backlinks-crawler)"
74.7.227.50 - - [14/Apr/2026:16:37:47 +0000] "GET /whsy.php?e=xfrm_stat&p=%2Fproc%2F15454%2Fnet HTTP/1.1" 200 942 "http://www.shakalar.com/whsy.php?p=%2Fproc%2F15454%2Fnet" "Mozilla/5.0 AppleWebKit/537.36 (KHTML, like Gecko; compatible; GPTBot/1.3; +https://openai.com/gptbot)"
74.7.243.197 - - [14/Apr/2026:16:37:48 +0000] "GET /whsy.php?p=%2Fproc%2F14755%2Fnet%2Frpc HTTP/1.1" 200 942 "http://shakalar.com/whsy.php?p=%2Fproc%2F14755%2Fnet" "Mozilla/5.0 AppleWebKit/537.36 (KHTML, like Gecko; compatible; GPTBot/1.3; +https://openai.com/gptbot)"
144.76.19.75 - - [14/Apr/2026:16:37:49 +0000] "GET /whsy.php?e=pppoe&p=/proc/14/net HTTP/1.1" 200 2521 "-" "Mozilla/5.0 (compatible; SERankingBacklinksBot/1.0; +https://seranking.com/backlinks-crawler)"
74.7.227.50 - - [14/Apr/2026:16:37:50 +0000] "GET /whsy.php?e=dev_mcast&p=%2Fproc%2F15454%2Fnet HTTP/1.1" 200 942 "http://www.shakalar.com/whsy.php?p=%2Fproc%2F15454%2Fnet" "Mozilla/5.0 AppleWebKit/537.36 (KHTML, like Gecko; compatible; GPTBot/1.3; +https://openai.com/gptbot)"
74.7.243.197 - - [14/Apr/2026:16:37:52 +0000] "GET /whsy.php?p=%2Fproc%2F14755%2Fnet%2Fsctp HTTP/1.1" 200 942 "http://shakalar.com/whsy.php?p=%2Fproc%2F14755%2Fnet" "Mozilla/5.0 AppleWebKit/537.36 (KHTML, like Gecko; compatible; GPTBot/1.3; +https://openai.com/gptbot)"
74.7.227.50 - - [14/Apr/2026:16:37:54 +0000] "GET /whsy.php?e=dev_mcast&p=%2Fproc%2F10019%2Fnet HTTP/1.1" 200 942 "http://www.shakalar.com/whsy.php?p=%2Fproc%2F10019%2Fnet" "Mozilla/5.0 AppleWebKit/537.36 (KHTML, like Gecko; compatible; GPTBot/1.3; +https://openai.com/gptbot)"
74.7.243.197 - - [14/Apr/2026:16:37:56 +0000] "GET /whsy.php?p=%2Fproc%2F12455%2Fnet%2Fstat HTTP/1.1" 200 942 "http://shakalar.com/whsy.php?p=%2Fproc%2F12455%2Fnet" "Mozilla/5.0 AppleWebKit/537.36 (KHTML, like Gecko; compatible; GPTBot/1.3; +https://openai.com/gptbot)"
74.7.227.50 - - [14/Apr/2026:16:37:58 +0000] "GET /whsy.php?p=%2Fproc%2F3799 HTTP/1.1" 200 942 "http://www.shakalar.com/whsy.php?p=%2Fproc%2F10922%2F.." "Mozilla/5.0 AppleWebKit/537.36 (KHTML, like Gecko; compatible; GPTBot/1.3; +https://openai.com/gptbot)"
74.7.243.197 - - [14/Apr/2026:16:37:59 +0000] "GET /whsy.php?p=%2Fproc%2F11734%2Fnet%2Frpc HTTP/1.1" 200 942 "http://shakalar.com/whsy.php?p=%2Fproc%2F11734%2Fnet" "Mozilla/5.0 AppleWebKit/537.36 (KHTML, like Gecko; compatible; GPTBot/1.3; +https://openai.com/gptbot)"
144.76.19.75 - - [14/Apr/2026:16:38:00 +0000] "GET /whsy.php?p=/sys/bus/hid/devices HTTP/1.1" 200 490 "-" "Mozilla/5.0 (compatible; SERankingBacklinksBot/1.0; +https://seranking.com/backlinks-crawler)"
74.7.227.50 - - [14/Apr/2026:16:38:02 +0000] "GET /whsy.php?p=%2Fproc%2F9593 HTTP/1.1" 200 942 "http://www.shakalar.com/whsy.php?p=%2Fproc%2F3183%2F.." "Mozilla/5.0 AppleWebKit/537.36 (KHTML, like Gecko; compatible; GPTBot/1.3; +https://openai.com/gptbot)"
74.7.243.197 - - [14/Apr/2026:16:38:03 +0000] "GET /whsy.php?p=%2Fproc%2F15418%2Fnet%2Fstat HTTP/1.1" 200 942 "http://shakalar.com/whsy.php?p=%2Fproc%2F15418%2Fnet" "Mozilla/5.0 AppleWebKit/537.36 (KHTML, like Gecko; compatible; GPTBot/1.3; +https://openai.com/gptbot)"
144.76.19.75 - - [14/Apr/2026:16:38:03 +0000] "GET /whsy.php?e=pppoe&p=/proc/15/net HTTP/1.1" 200 2522 "-" "Mozilla/5.0 (compatible; SERankingBacklinksBot/1.0; +https://seranking.com/backlinks-crawler)"
74.7.227.50 - - [14/Apr/2026:16:38:05 +0000] "GET /whsy.php?p=%2Fproc%2F3008 HTTP/1.1" 200 942 "http://www.shakalar.com/whsy.php?p=%2Fproc%2F15454%2F.." "Mozilla/5.0 AppleWebKit/537.36 (KHTML, like Gecko; compatible; GPTBot/1.3; +https://openai.com/gptbot)"
74.7.243.197 - - [14/Apr/2026:16:38:07 +0000] "GET /whsy.php?p=%2Fproc%2F12429%2Fnet%2Fvlan HTTP/1.1" 200 942 "http://shakalar.com/whsy.php?p=%2Fproc%2F12429%2Fnet" "Mozilla/5.0 AppleWebKit/537.36 (KHTML, like Gecko; compatible; GPTBot/1.3; +https://openai.com/gptbot)"
74.7.227.50 - - [14/Apr/2026:16:38:09 +0000] "GET /whsy.php?p=%2Fproc%2F3084 HTTP/1.1" 200 942 "http://www.shakalar.com/whsy.php?p=%2Fproc%2F15454%2F.." "Mozilla/5.0 AppleWebKit/537.36 (KHTML, like Gecko; compatible; GPTBot/1.3; +https://openai.com/gptbot)"
74.7.243.197 - - [14/Apr/2026:16:38:11 +0000] "GET /whsy.php?p=%2Fproc%2F15418%2Fnet%2Fsctp HTTP/1.1" 200 942 "http://shakalar.com/whsy.php?p=%2Fproc%2F15418%2Fnet" "Mozilla/5.0 AppleWebKit/537.36 (KHTML, like Gecko; compatible; GPTBot/1.3; +https://openai.com/gptbot)"
74.7.227.50 - - [14/Apr/2026:16:38:13 +0000] "GET /whsy.php?p=%2Fproc%2F1904 HTTP/1.1" 200 942 "http://www.shakalar.com/whsy.php?p=%2Fproc%2F16452%2F.." "Mozilla/5.0 AppleWebKit/537.36 (KHTML, like Gecko; compatible; GPTBot/1.3; +https://openai.com/gptbot)"
144.76.19.75 - - [14/Apr/2026:16:38:13 +0000] "GET /whsy.php?p=/sys/bus/hid/drivers HTTP/1.1" 200 490 "-" "Mozilla/5.0 (compatible; SERankingBacklinksBot/1.0; +https://seranking.com/backlinks-crawler)"
74.7.243.197 - - [14/Apr/2026:16:38:14 +0000] "GET /whsy.php?p=%2Fproc%2F11734%2Fnet%2Fsctp HTTP/1.1" 200 942 "http://shakalar.com/whsy.php?p=%2Fproc%2F11734%2Fnet" "Mozilla/5.0 AppleWebKit/537.36 (KHTML, like Gecko; compatible; GPTBot/1.3; +https://openai.com/gptbot)"
74.7.241.0 - - [14/Apr/2026:16:38:14 +0000] "GET /whsy.php?e=editor-rtl.css&p=%2Fhome%2Flab2454c%2Fclimatefinancebank.com%2Fwp-includes%2Fblocks%2Fquery HTTP/1.1" 200 1486 "http://www.shakalar.com.lab2454.com/whsy.php?p=%2Fhome%2Flab2454c%2Fclimatefinancebank.com%2Fwp-includes%2Fblocks%2Fquery" "Mozilla/5.0 AppleWebKit/537.36 (KHTML, like Gecko; compatible; GPTBot/1.3; +https://openai.com/gptbot)"
74.7.227.50 - - [14/Apr/2026:16:38:17 +0000] "GET /whsy.php?p=%2Fproc%2F7782 HTTP/1.1" 200 942 "http://www.shakalar.com/whsy.php?p=%2Fproc%2F10922%2F.." "Mozilla/5.0 AppleWebKit/537.36 (KHTML, like Gecko; compatible; GPTBot/1.3; +https://openai.com/gptbot)"
74.7.243.197 - - [14/Apr/2026:16:38:18 +0000] "GET /whsy.php?p=%2Fproc%2F18499%2Fnet%2Frpc HTTP/1.1" 200 942 "http://shakalar.com/whsy.php?p=%2Fproc%2F18499%2Fnet" "Mozilla/5.0 AppleWebKit/537.36 (KHTML, like Gecko; compatible; GPTBot/1.3; +https://openai.com/gptbot)"
74.7.227.50 - - [14/Apr/2026:16:38:21 +0000] "GET /whsy.php?p=%2Fproc%2F4803 HTTP/1.1" 200 942 "http://www.shakalar.com/whsy.php?p=%2Fproc%2F3183%2F.." "Mozilla/5.0 AppleWebKit/537.36 (KHTML, like Gecko; compatible; GPTBot/1.3; +https://openai.com/gptbot)"
74.7.243.197 - - [14/Apr/2026:16:38:22 +0000] "GET /whsy.php?p=%2Fproc%2F16452%2Fnet%2Fstat HTTP/1.1" 200 942 "http://shakalar.com/whsy.php?p=%2Fproc%2F16452%2Fnet" "Mozilla/5.0 AppleWebKit/537.36 (KHTML, like Gecko; compatible; GPTBot/1.3; +https://openai.com/gptbot)"
74.7.241.0 - - [14/Apr/2026:16:38:22 +0000] "GET /whsy.php?e=.htaccess&p=%2Fhome%2Flab2454c%2Flogs%2Froundcube HTTP/1.1" 200 988 "http://www.shakalar.com.lab2454.com/whsy.php?p=%2Fhome%2Flab2454c%2Flogs%2Froundcube" "Mozilla/5.0 AppleWebKit/537.36 (KHTML, like Gecko; compatible; GPTBot/1.3; +https://openai.com/gptbot)"
144.76.19.75 - - [14/Apr/2026:16:38:23 +0000] "GET /whsy.php?e=pppoe&p=/proc/16/net HTTP/1.1" 200 2521 "-" "Mozilla/5.0 (compatible; SERankingBacklinksBot/1.0; +https://seranking.com/backlinks-crawler)"
74.7.227.50 - - [14/Apr/2026:16:38:25 +0000] "GET /whsy.php?p=%2Fproc%2F9639 HTTP/1.1" 200 942 "http://www.shakalar.com/whsy.php?p=%2Fproc%2F12454%2F.." "Mozilla/5.0 AppleWebKit/537.36 (KHTML, like Gecko; compatible; GPTBot/1.3; +https://openai.com/gptbot)"
74.7.243.197 - - [14/Apr/2026:16:38:26 +0000] "GET /whsy.php?p=%2Fproc%2F19762%2Fnet%2Fstat HTTP/1.1" 200 942 "http://shakalar.com/whsy.php?p=%2Fproc%2F19762%2Fnet" "Mozilla/5.0 AppleWebKit/537.36 (KHTML, like Gecko; compatible; GPTBot/1.3; +https://openai.com/gptbot)"
144.76.19.75 - - [14/Apr/2026:16:38:27 +0000] "GET /whsy.php?p=/sys/bus/i2c/devices HTTP/1.1" 200 501 "-" "Mozilla/5.0 (compatible; SERankingBacklinksBot/1.0; +https://seranking.com/backlinks-crawler)"
74.7.227.50 - - [14/Apr/2026:16:38:28 +0000] "GET /whsy.php?p=%2Fproc%2F6259 HTTP/1.1" 200 942 "http://www.shakalar.com/whsy.php?p=%2Fproc%2F16452%2F.." "Mozilla/5.0 AppleWebKit/537.36 (KHTML, like Gecko; compatible; GPTBot/1.3; +https://openai.com/gptbot)"
74.7.243.197 - - [14/Apr/2026:16:38:30 +0000] "GET /whsy.php?p=%2Fproc%2F14755%2Fnet%2Fstat HTTP/1.1" 200 942 "http://shakalar.com/whsy.php?p=%2Fproc%2F14755%2Fnet" "Mozilla/5.0 AppleWebKit/537.36 (KHTML, like Gecko; compatible; GPTBot/1.3; +https://openai.com/gptbot)"
74.7.241.0 - - [14/Apr/2026:16:38:30 +0000] "GET /whsy.php?e=errors.log&p=%2Fhome%2Flab2454c%2Flogs%2Froundcube HTTP/1.1" 200 1113 "http://www.shakalar.com.lab2454.com/whsy.php?p=%2Fhome%2Flab2454c%2Flogs%2Froundcube" "Mozilla/5.0 AppleWebKit/537.36 (KHTML, like Gecko; compatible; GPTBot/1.3; +https://openai.com/gptbot)"
144.76.19.75 - - [14/Apr/2026:16:38:30 +0000] "GET /whsy.php?e=pppoe&p=/proc/17/net HTTP/1.1" 200 2522 "-" "Mozilla/5.0 (compatible; SERankingBacklinksBot/1.0; +https://seranking.com/backlinks-crawler)"
74.7.243.197 - - [14/Apr/2026:16:38:33 +0000] "GET /whsy.php?p=%2Fproc%2F12454%2Fnet%2Fstat HTTP/1.1" 200 942 "http://shakalar.com/whsy.php?p=%2Fproc%2F12454%2Fnet" "Mozilla/5.0 AppleWebKit/537.36 (KHTML, like Gecko; compatible; GPTBot/1.3; +https://openai.com/gptbot)"
74.7.243.197 - - [14/Apr/2026:16:38:37 +0000] "GET /whsy.php?p=%2Fproc%2F16644%2Fnet%2Fstat HTTP/1.1" 200 820 "http://shakalar.com/whsy.php?p=%2Fproc%2F16644%2Fnet" "Mozilla/5.0 AppleWebKit/537.36 (KHTML, like Gecko; compatible; GPTBot/1.3; +https://openai.com/gptbot)"
74.7.241.0 - - [14/Apr/2026:16:38:37 +0000] "GET /whsy.php?e=editor-rtl.css&p=%2Fhome%2Flab2454c%2Fsecurepaychip.com%2Fwp-includes%2Fblocks%2Fseparator HTTP/1.1" 200 1179 "http://www.shakalar.com.lab2454.com/whsy.php?p=%2Fhome%2Flab2454c%2Fsecurepaychip.com%2Fwp-includes%2Fblocks%2Fseparator" "Mozilla/5.0 AppleWebKit/537.36 (KHTML, like Gecko; compatible; GPTBot/1.3; +https://openai.com/gptbot)"
74.7.243.197 - - [14/Apr/2026:16:38:41 +0000] "GET /whsy.php?p=%2Fproc%2F12456%2Fnet%2Fstat HTTP/1.1" 200 942 "http://shakalar.com/whsy.php?p=%2Fproc%2F12456%2Fnet" "Mozilla/5.0 AppleWebKit/537.36 (KHTML, like Gecko; compatible; GPTBot/1.3; +https://openai.com/gptbot)"
74.7.241.0 - - [14/Apr/2026:16:38:41 +0000] "GET /whsy.php?e=editor.css&p=%2Fhome%2Flab2454c%2Fchristianitybank.com%2Fwp-includes%2Fblocks%2Fnextpage HTTP/1.1" 200 1213 "http://www.shakalar.com.lab2454.com/whsy.php?p=%2Fhome%2Flab2454c%2Fchristianitybank.com%2Fwp-includes%2Fblocks%2Fnextpage" "Mozilla/5.0 AppleWebKit/537.36 (KHTML, like Gecko; compatible; GPTBot/1.3; +https://openai.com/gptbot)"
144.76.19.75 - - [14/Apr/2026:16:38:44 +0000] "GET /whsy.php?e=pppoe&p=/proc/18/net HTTP/1.1" 200 2521 "-" "Mozilla/5.0 (compatible; SERankingBacklinksBot/1.0; +https://seranking.com/backlinks-crawler)"
74.7.243.197 - - [14/Apr/2026:16:38:45 +0000] "GET /whsy.php?p=%2Fproc%2F12453%2Fnet%2Fstat HTTP/1.1" 200 942 "http://shakalar.com/whsy.php?p=%2Fproc%2F12453%2Fnet" "Mozilla/5.0 AppleWebKit/537.36 (KHTML, like Gecko; compatible; GPTBot/1.3; +https://openai.com/gptbot)"
74.7.241.0 - - [14/Apr/2026:16:38:45 +0000] "GET /whsy.php?e=editor.min.css&p=%2Fhome%2Flab2454c%2Fchristianitybank.com%2Fwp-includes%2Fblocks%2Ffreeform HTTP/1.1" 200 3436 "http://www.shakalar.com.lab2454.com/whsy.php?p=%2Fhome%2Flab2454c%2Fchristianitybank.com%2Fwp-includes%2Fblocks%2Ffreeform" "Mozilla/5.0 AppleWebKit/537.36 (KHTML, like Gecko; compatible; GPTBot/1.3; +https://openai.com/gptbot)"
144.76.19.75 - - [14/Apr/2026:16:38:47 +0000] "GET /whsy.php?p=/sys/bus/i2c/drivers HTTP/1.1" 200 787 "-" "Mozilla/5.0 (compatible; SERankingBacklinksBot/1.0; +https://seranking.com/backlinks-crawler)"
74.7.243.197 - - [14/Apr/2026:16:38:48 +0000] "GET /whsy.php?p=%2Fproc%2F11734%2Fnet%2Fstat HTTP/1.1" 200 942 "http://shakalar.com/whsy.php?p=%2Fproc%2F11734%2Fnet" "Mozilla/5.0 AppleWebKit/537.36 (KHTML, like Gecko; compatible; GPTBot/1.3; +https://openai.com/gptbot)"
74.7.241.0 - - [14/Apr/2026:16:38:48 +0000] "GET /whsy.php?e=editor.css&p=%2Fhome%2Flab2454c%2Fclimatefinancebank.com%2Fwp-includes%2Fblocks%2Fsite-title HTTP/1.1" 200 1084 "http://www.shakalar.com.lab2454.com/whsy.php?p=%2Fhome%2Flab2454c%2Fclimatefinancebank.com%2Fwp-includes%2Fblocks%2Fsite-title" "Mozilla/5.0 AppleWebKit/537.36 (KHTML, like Gecko; compatible; GPTBot/1.3; +https://openai.com/gptbot)"
74.7.227.50 - - [14/Apr/2026:16:38:50 +0000] "GET /whsy.php?p=%2Fproc%2F9748 HTTP/1.1" 200 942 "http://www.shakalar.com/whsy.php?p=%2Fproc%2F3365%2F.." "Mozilla/5.0 AppleWebKit/537.36 (KHTML, like Gecko; compatible; GPTBot/1.3; +https://openai.com/gptbot)"
74.7.243.197 - - [14/Apr/2026:16:38:52 +0000] "GET /whsy.php?p=%2Fproc%2F21350%2Fnet%2Fstat HTTP/1.1" 200 942 "http://shakalar.com/whsy.php?p=%2Fproc%2F21350%2Fnet" "Mozilla/5.0 AppleWebKit/537.36 (KHTML, like Gecko; compatible; GPTBot/1.3; +https://openai.com/gptbot)"
74.7.241.0 - - [14/Apr/2026:16:38:52 +0000] "GET /whsy.php?e=style-rtl.css&p=%2Fhome%2Flab2454c%2Fclimatefinancebank.com%2Fwp-includes%2Fblocks%2Fquote HTTP/1.1" 200 1207 "http://www.shakalar.com.lab2454.com/whsy.php?p=%2Fhome%2Flab2454c%2Fclimatefinancebank.com%2Fwp-includes%2Fblocks%2Fquote" "Mozilla/5.0 AppleWebKit/537.36 (KHTML, like Gecko; compatible; GPTBot/1.3; +https://openai.com/gptbot)"
144.76.19.75 - - [14/Apr/2026:16:38:54 +0000] "GET /whsy.php?p=/sys/bus/mdio_bus/.. HTTP/1.1" 200 781 "-" "Mozilla/5.0 (compatible; SERankingBacklinksBot/1.0; +https://seranking.com/backlinks-crawler)"
74.7.243.197 - - [14/Apr/2026:16:38:56 +0000] "GET /whsy.php?p=%2Fproc%2F25667%2Fnet%2Fstat HTTP/1.1" 200 942 "http://shakalar.com/whsy.php?p=%2Fproc%2F25667%2Fnet" "Mozilla/5.0 AppleWebKit/537.36 (KHTML, like Gecko; compatible; GPTBot/1.3; +https://openai.com/gptbot)"
74.7.241.0 - - [14/Apr/2026:16:38:56 +0000] "GET /whsy.php?e=style.css&p=%2Fhome%2Flab2454c%2Fchristianitybank.com%2Fwp-includes%2Fblocks%2Fdetails HTTP/1.1" 200 1049 "http://www.shakalar.com.lab2454.com/whsy.php?p=%2Fhome%2Flab2454c%2Fchristianitybank.com%2Fwp-includes%2Fblocks%2Fdetails" "Mozilla/5.0 AppleWebKit/537.36 (KHTML, like Gecko; compatible; GPTBot/1.3; +https://openai.com/gptbot)"
144.76.19.75 - - [14/Apr/2026:16:38:57 +0000] "GET /whsy.php?e=pppoe&p=/proc/19/net HTTP/1.1" 200 2521 "-" "Mozilla/5.0 (compatible; SERankingBacklinksBot/1.0; +https://seranking.com/backlinks-crawler)"
74.7.243.197 - - [14/Apr/2026:16:38:59 +0000] "GET /whsy.php?p=%2Fproc%2F18499%2Fnet%2Fsctp HTTP/1.1" 200 942 "http://shakalar.com/whsy.php?p=%2Fproc%2F18499%2Fnet" "Mozilla/5.0 AppleWebKit/537.36 (KHTML, like Gecko; compatible; GPTBot/1.3; +https://openai.com/gptbot)"
74.7.241.0 - - [14/Apr/2026:16:38:59 +0000] "GET /whsy.php?e=theme-rtl.css&p=%2Fhome%2Flab2454c%2Fclimatefinancebank.com%2Fwp-includes%2Fblocks%2Fquote HTTP/1.1" 200 1194 "http://www.shakalar.com.lab2454.com/whsy.php?p=%2Fhome%2Flab2454c%2Fclimatefinancebank.com%2Fwp-includes%2Fblocks%2Fquote" "Mozilla/5.0 AppleWebKit/537.36 (KHTML, like Gecko; compatible; GPTBot/1.3; +https://openai.com/gptbot)"
74.7.227.50 - - [14/Apr/2026:16:39:01 +0000] "GET /whsy.php?p=%2Fproc%2F1574 HTTP/1.1" 200 942 "http://www.shakalar.com/whsy.php?p=%2Fproc%2F10692%2F.." "Mozilla/5.0 AppleWebKit/537.36 (KHTML, like Gecko; compatible; GPTBot/1.3; +https://openai.com/gptbot)"
74.7.243.197 - - [14/Apr/2026:16:39:03 +0000] "GET /whsy.php?e=nfnetlink_log&p=%2Fproc%2F12456%2Fnet%2Fnetfilter HTTP/1.1" 200 942 "http://shakalar.com/whsy.php?p=%2Fproc%2F12456%2Fnet%2Fnetfilter" "Mozilla/5.0 AppleWebKit/537.36 (KHTML, like Gecko; compatible; GPTBot/1.3; +https://openai.com/gptbot)"
74.7.241.0 - - [14/Apr/2026:16:39:04 +0000] "GET /whsy.php?e=style-rtl.css&p=%2Fhome%2Flab2454c%2Fsecurepaychip.com%2Fwp-includes%2Fblocks%2Fcategories HTTP/1.1" 200 1060 "http://www.shakalar.com.lab2454.com/whsy.php?p=%2Fhome%2Flab2454c%2Fsecurepaychip.com%2Fwp-includes%2Fblocks%2Fcategories" "Mozilla/5.0 AppleWebKit/537.36 (KHTML, like Gecko; compatible; GPTBot/1.3; +https://openai.com/gptbot)"
74.7.227.50 - - [14/Apr/2026:16:39:06 +0000] "GET /whsy.php?p=%2Fproc%2F6314 HTTP/1.1" 200 942 "http://www.shakalar.com/whsy.php?e=15048&p=%2Fproc" "Mozilla/5.0 AppleWebKit/537.36 (KHTML, like Gecko; compatible; GPTBot/1.3; +https://openai.com/gptbot)"
74.7.243.197 - - [14/Apr/2026:16:39:07 +0000] "GET /whsy.php?e=nfnetlink_log&p=%2Fproc%2F12450%2Fnet%2Fnetfilter HTTP/1.1" 200 942 "http://shakalar.com/whsy.php?p=%2Fproc%2F12450%2Fnet%2Fnetfilter" "Mozilla/5.0 AppleWebKit/537.36 (KHTML, like Gecko; compatible; GPTBot/1.3; +https://openai.com/gptbot)"
144.76.19.75 - - [14/Apr/2026:16:39:08 +0000] "GET /whsy.php?p=/sys/bus/pci/devices HTTP/1.1" 200 564 "-" "Mozilla/5.0 (compatible; SERankingBacklinksBot/1.0; +https://seranking.com/backlinks-crawler)"
144.76.19.75 - - [14/Apr/2026:16:39:12 +0000] "GET /whsy.php?e=pppoe&p=/proc/20/net HTTP/1.1" 200 2519 "-" "Mozilla/5.0 (compatible; SERankingBacklinksBot/1.0; +https://seranking.com/backlinks-crawler)"
74.7.243.197 - - [14/Apr/2026:16:39:12 +0000] "GET /whsy.php?e=nfnetlink_log&p=%2Fproc%2F12453%2Fnet%2Fnetfilter HTTP/1.1" 200 942 "http://shakalar.com/whsy.php?p=%2Fproc%2F12453%2Fnet%2Fnetfilter" "Mozilla/5.0 AppleWebKit/537.36 (KHTML, like Gecko; compatible; GPTBot/1.3; +https://openai.com/gptbot)"
74.7.241.0 - - [14/Apr/2026:16:39:13 +0000] "GET /whsy.php?e=editor.css&p=%2Fhome%2Flab2454c%2Fsothebankuab.com%2Fwp-includes%2Fblocks%2Fquery-pagination-numbers HTTP/1.1" 200 1596 "http://www.shakalar.com.lab2454.com/whsy.php?p=%2Fhome%2Flab2454c%2Fsothebankuab.com%2Fwp-includes%2Fblocks%2Fquery-pagination-numbers" "Mozilla/5.0 AppleWebKit/537.36 (KHTML, like Gecko; compatible; GPTBot/1.3; +https://openai.com/gptbot)"
74.7.227.50 - - [14/Apr/2026:16:39:15 +0000] "GET /whsy.php?p=%2Fproc%2F9120 HTTP/1.1" 200 942 "http://www.shakalar.com/whsy.php?p=%2Fproc%2F10241%2F.." "Mozilla/5.0 AppleWebKit/537.36 (KHTML, like Gecko; compatible; GPTBot/1.3; +https://openai.com/gptbot)"
74.7.243.197 - - [14/Apr/2026:16:39:16 +0000] "GET /whsy.php?e=nfnetlink_log&p=%2Fproc%2F15418%2Fnet%2Fnetfilter HTTP/1.1" 200 942 "http://shakalar.com/whsy.php?p=%2Fproc%2F15418%2Fnet%2Fnetfilter" "Mozilla/5.0 AppleWebKit/537.36 (KHTML, like Gecko; compatible; GPTBot/1.3; +https://openai.com/gptbot)"
74.7.241.0 - - [14/Apr/2026:16:39:16 +0000] "GET /whsy.php?e=style.css&p=%2Fhome%2Flab2454c%2Fclimatefinancebank.com%2Fwp-includes%2Fblocks%2Fquote HTTP/1.1" 200 1221 "http://www.shakalar.com.lab2454.com/whsy.php?p=%2Fhome%2Flab2454c%2Fclimatefinancebank.com%2Fwp-includes%2Fblocks%2Fquote" "Mozilla/5.0 AppleWebKit/537.36 (KHTML, like Gecko; compatible; GPTBot/1.3; +https://openai.com/gptbot)"
74.7.227.50 - - [14/Apr/2026:16:39:18 +0000] "GET /whsy.php?p=%2Fproc%2F5285 HTTP/1.1" 200 942 "http://www.shakalar.com/whsy.php?p=%2Fproc%2F19455%2F.." "Mozilla/5.0 AppleWebKit/537.36 (KHTML, like Gecko; compatible; GPTBot/1.3; +https://openai.com/gptbot)"
74.7.243.197 - - [14/Apr/2026:16:39:20 +0000] "GET /whsy.php?e=synproxy&p=%2Fproc%2F16644%2Fnet%2Fstat HTTP/1.1" 200 936 "http://shakalar.com/whsy.php?p=%2Fproc%2F16644%2Fnet%2Fstat" "Mozilla/5.0 AppleWebKit/537.36 (KHTML, like Gecko; compatible; GPTBot/1.3; +https://openai.com/gptbot)"
74.7.241.0 - - [14/Apr/2026:16:39:20 +0000] "GET /whsy.php?e=style.css&p=%2Fhome%2Flab2454c%2Ftransferwit.elementalrock.com%2Fwp-includes%2Fblocks%2Fbutton HTTP/1.1" 200 2243 "http://www.shakalar.com.lab2454.com/whsy.php?p=%2Fhome%2Flab2454c%2Ftransferwit.elementalrock.com%2Fwp-includes%2Fblocks%2Fbutton" "Mozilla/5.0 AppleWebKit/537.36 (KHTML, like Gecko; compatible; GPTBot/1.3; +https://openai.com/gptbot)"
74.7.227.50 - - [14/Apr/2026:16:39:22 +0000] "GET /whsy.php?p=%2Fproc%2F9064 HTTP/1.1" 200 942 "http://www.shakalar.com/whsy.php?p=%2Fproc%2F17291%2F.." "Mozilla/5.0 AppleWebKit/537.36 (KHTML, like Gecko; compatible; GPTBot/1.3; +https://openai.com/gptbot)"
144.76.19.75 - - [14/Apr/2026:16:39:22 +0000] "GET /whsy.php?p=/sys/bus/pci/drivers HTTP/1.1" 200 781 "-" "Mozilla/5.0 (compatible; SERankingBacklinksBot/1.0; +https://seranking.com/backlinks-crawler)"
74.7.243.197 - - [14/Apr/2026:16:39:24 +0000] "GET /whsy.php?p=%2Fproc%2F19852%2Ftask%2F19882%2Fns HTTP/1.1" 200 942 "http://shakalar.com/whsy.php?p=%2Fproc%2F19852%2Ftask%2F19882" "Mozilla/5.0 AppleWebKit/537.36 (KHTML, like Gecko; compatible; GPTBot/1.3; +https://openai.com/gptbot)"
74.7.243.197 - - [14/Apr/2026:16:39:28 +0000] "GET /whsy.php?e=xfrm_stat&p=%2Fproc%2F11734%2Fnet HTTP/1.1" 200 942 "http://shakalar.com/whsy.php?p=%2Fproc%2F11734%2Fnet" "Mozilla/5.0 AppleWebKit/537.36 (KHTML, like Gecko; compatible; GPTBot/1.3; +https://openai.com/gptbot)"
74.7.241.0 - - [14/Apr/2026:16:39:28 +0000] "GET /whsy.php?e=theme.css&p=%2Fhome%2Flab2454c%2Fclimatefinancebank.com%2Fwp-includes%2Fblocks%2Fquote HTTP/1.1" 200 1193 "http://www.shakalar.com.lab2454.com/whsy.php?p=%2Fhome%2Flab2454c%2Fclimatefinancebank.com%2Fwp-includes%2Fblocks%2Fquote" "Mozilla/5.0 AppleWebKit/537.36 (KHTML, like Gecko; compatible; GPTBot/1.3; +https://openai.com/gptbot)"
74.7.243.197 - - [14/Apr/2026:16:39:31 +0000] "GET /whsy.php?e=dev_mcast&p=%2Fproc%2F18499%2Fnet HTTP/1.1" 200 942 "http://shakalar.com/whsy.php?p=%2Fproc%2F18499%2Fnet" "Mozilla/5.0 AppleWebKit/537.36 (KHTML, like Gecko; compatible; GPTBot/1.3; +https://openai.com/gptbot)"
74.7.241.0 - - [14/Apr/2026:16:39:32 +0000] "GET /whsy.php?e=style.css&p=%2Fhome%2Flab2454c%2Finvest.westernclear.com%2Fwp-includes%2Fcss%2Fdist%2Fcustomize-widgets HTTP/1.1" 200 2342 "http://www.shakalar.com.lab2454.com/whsy.php?p=%2Fhome%2Flab2454c%2Finvest.westernclear.com%2Fwp-includes%2Fcss%2Fdist%2Fcustomize-widgets" "Mozilla/5.0 AppleWebKit/537.36 (KHTML, like Gecko; compatible; GPTBot/1.3; +https://openai.com/gptbot)"
144.76.19.75 - - [14/Apr/2026:16:39:33 +0000] "GET /whsy.php?e=pppoe&p=/proc/21/net HTTP/1.1" 200 2520 "-" "Mozilla/5.0 (compatible; SERankingBacklinksBot/1.0; +https://seranking.com/backlinks-crawler)"
74.7.227.50 - - [14/Apr/2026:16:39:34 +0000] "GET /whsy.php?p=%2Fproc%2F9380 HTTP/1.1" 200 942 "http://www.shakalar.com/whsy.php?p=%2Fproc%2F17291%2F.." "Mozilla/5.0 AppleWebKit/537.36 (KHTML, like Gecko; compatible; GPTBot/1.3; +https://openai.com/gptbot)"
74.7.243.197 - - [14/Apr/2026:16:39:35 +0000] "GET /whsy.php?e=dev_mcast&p=%2Fproc%2F14755%2Fnet HTTP/1.1" 200 942 "http://shakalar.com/whsy.php?p=%2Fproc%2F14755%2Fnet" "Mozilla/5.0 AppleWebKit/537.36 (KHTML, like Gecko; compatible; GPTBot/1.3; +https://openai.com/gptbot)"
74.7.241.0 - - [14/Apr/2026:16:39:35 +0000] "GET /whsy.php?e=theme-rtl.css&p=%2Fhome%2Flab2454c%2Fclimatefinancebank.com%2Fwp-includes%2Fblocks%2Fvideo HTTP/1.1" 200 1191 "http://www.shakalar.com.lab2454.com/whsy.php?p=%2Fhome%2Flab2454c%2Fclimatefinancebank.com%2Fwp-includes%2Fblocks%2Fvideo" "Mozilla/5.0 AppleWebKit/537.36 (KHTML, like Gecko; compatible; GPTBot/1.3; +https://openai.com/gptbot)"
144.76.19.75 - - [14/Apr/2026:16:39:36 +0000] "GET /whsy.php?p=/sys/bus/platform/.. HTTP/1.1" 200 781 "-" "Mozilla/5.0 (compatible; SERankingBacklinksBot/1.0; +https://seranking.com/backlinks-crawler)"
74.7.243.197 - - [14/Apr/2026:16:39:38 +0000] "GET /whsy.php?e=xfrm_stat&p=%2Fproc%2F18499%2Fnet HTTP/1.1" 200 942 "http://shakalar.com/whsy.php?p=%2Fproc%2F18499%2Fnet" "Mozilla/5.0 AppleWebKit/537.36 (KHTML, like Gecko; compatible; GPTBot/1.3; +https://openai.com/gptbot)"
74.7.241.0 - - [14/Apr/2026:16:39:39 +0000] "GET /whsy.php?e=editor-rtl.css&p=%2Fhome%2Flab2454c%2Fsecurepaychip.com%2Fwp-includes%2Fblocks%2Fnavigation HTTP/1.1" 200 3451 "http://www.shakalar.com.lab2454.com/whsy.php?p=%2Fhome%2Flab2454c%2Fsecurepaychip.com%2Fwp-includes%2Fblocks%2Fnavigation" "Mozilla/5.0 AppleWebKit/537.36 (KHTML, like Gecko; compatible; GPTBot/1.3; +https://openai.com/gptbot)"
74.7.227.50 - - [14/Apr/2026:16:39:41 +0000] "GET /whsy.php?p=%2Fproc%2F1092 HTTP/1.1" 200 942 "http://www.shakalar.com/whsy.php?e=31974&p=%2Fproc" "Mozilla/5.0 AppleWebKit/537.36 (KHTML, like Gecko; compatible; GPTBot/1.3; +https://openai.com/gptbot)"
74.7.243.197 - - [14/Apr/2026:16:39:42 +0000] "GET /whsy.php?e=dev_mcast&p=%2Fproc%2F11734%2Fnet HTTP/1.1" 200 942 "http://shakalar.com/whsy.php?p=%2Fproc%2F11734%2Fnet" "Mozilla/5.0 AppleWebKit/537.36 (KHTML, like Gecko; compatible; GPTBot/1.3; +https://openai.com/gptbot)"
74.7.243.197 - - [14/Apr/2026:16:39:46 +0000] "GET /whsy.php?e=dev_mcast&p=%2Fproc%2F15418%2Fnet HTTP/1.1" 200 942 "http://shakalar.com/whsy.php?p=%2Fproc%2F15418%2Fnet" "Mozilla/5.0 AppleWebKit/537.36 (KHTML, like Gecko; compatible; GPTBot/1.3; +https://openai.com/gptbot)"
144.76.19.75 - - [14/Apr/2026:16:39:46 +0000] "GET /whsy.php?e=pppoe&p=/proc/22/net HTTP/1.1" 200 2520 "-" "Mozilla/5.0 (compatible; SERankingBacklinksBot/1.0; +https://seranking.com/backlinks-crawler)"
74.7.241.0 - - [14/Apr/2026:16:39:46 +0000] "GET /whsy.php?e=editor.min.css&p=%2Fhome%2Flab2454c%2Ftransferwit.elementalrock.com%2Fwp-includes%2Fblocks%2Fparagraph HTTP/1.1" 200 1107 "http://www.shakalar.com.lab2454.com/whsy.php?p=%2Fhome%2Flab2454c%2Ftransferwit.elementalrock.com%2Fwp-includes%2Fblocks%2Fparagraph" "Mozilla/5.0 AppleWebKit/537.36 (KHTML, like Gecko; compatible; GPTBot/1.3; +https://openai.com/gptbot)"
74.7.227.50 - - [14/Apr/2026:16:39:49 +0000] "GET /whsy.php?p=%2Fproc%2F3562 HTTP/1.1" 200 942 "http://www.shakalar.com/whsy.php?p=%2Fproc%2F31025%2F.." "Mozilla/5.0 AppleWebKit/537.36 (KHTML, like Gecko; compatible; GPTBot/1.3; +https://openai.com/gptbot)"
144.76.19.75 - - [14/Apr/2026:16:39:49 +0000] "GET /whsy.php?p=/sys/bus/pnp/devices HTTP/1.1" 200 533 "-" "Mozilla/5.0 (compatible; SERankingBacklinksBot/1.0; +https://seranking.com/backlinks-crawler)"
74.7.243.197 - - [14/Apr/2026:16:39:50 +0000] "GET /whsy.php?e=xfrm_stat&p=%2Fproc%2F15418%2Fnet HTTP/1.1" 200 942 "http://shakalar.com/whsy.php?p=%2Fproc%2F15418%2Fnet" "Mozilla/5.0 AppleWebKit/537.36 (KHTML, like Gecko; compatible; GPTBot/1.3; +https://openai.com/gptbot)"
74.7.241.0 - - [14/Apr/2026:16:39:50 +0000] "GET /whsy.php?e=theme.css&p=%2Fhome%2Flab2454c%2Fclimatefinancebank.com%2Fwp-includes%2Fblocks%2Fvideo HTTP/1.1" 200 1190 "http://www.shakalar.com.lab2454.com/whsy.php?p=%2Fhome%2Flab2454c%2Fclimatefinancebank.com%2Fwp-includes%2Fblocks%2Fvideo" "Mozilla/5.0 AppleWebKit/537.36 (KHTML, like Gecko; compatible; GPTBot/1.3; +https://openai.com/gptbot)"
74.7.243.197 - - [14/Apr/2026:16:39:53 +0000] "GET /whsy.php?e=xfrm_stat&p=%2Fproc%2F14755%2Fnet HTTP/1.1" 200 942 "http://shakalar.com/whsy.php?p=%2Fproc%2F14755%2Fnet" "Mozilla/5.0 AppleWebKit/537.36 (KHTML, like Gecko; compatible; GPTBot/1.3; +https://openai.com/gptbot)"
74.7.241.0 - - [14/Apr/2026:16:39:53 +0000] "GET /whsy.php?e=editor.css&p=%2Fhome%2Flab2454c%2Fclimatefinancebank.com%2Fwp-includes%2Fblocks%2Ftable HTTP/1.1" 200 1478 "http://www.shakalar.com.lab2454.com/whsy.php?p=%2Fhome%2Flab2454c%2Fclimatefinancebank.com%2Fwp-includes%2Fblocks%2Ftable" "Mozilla/5.0 AppleWebKit/537.36 (KHTML, like Gecko; compatible; GPTBot/1.3; +https://openai.com/gptbot)"
74.7.243.197 - - [14/Apr/2026:16:39:57 +0000] "GET /whsy.php?e=nfnetlink_log&p=%2Fproc%2F14414%2Fnet%2Fnetfilter HTTP/1.1" 200 731 "http://shakalar.com/whsy.php?p=%2Fproc%2F14414%2Fnet%2Fnetfilter" "Mozilla/5.0 AppleWebKit/537.36 (KHTML, like Gecko; compatible; GPTBot/1.3; +https://openai.com/gptbot)"
74.7.241.0 - - [14/Apr/2026:16:39:57 +0000] "GET /whsy.php?e=editor.min.css&p=%2Fhome%2Flab2454c%2Faficbgroup.com%2Fwp-includes%2Fblocks%2Fcomments-pagination-numbers HTTP/1.1" 200 968 "http://www.shakalar.com.lab2454.com/whsy.php?p=%2Fhome%2Flab2454c%2Faficbgroup.com%2Fwp-includes%2Fblocks%2Fcomments-pagination-numbers" "Mozilla/5.0 AppleWebKit/537.36 (KHTML, like Gecko; compatible; GPTBot/1.3; +https://openai.com/gptbot)"
144.76.19.75 - - [14/Apr/2026:16:39:59 +0000] "GET /whsy.php?e=pppoe&p=/proc/23/net HTTP/1.1" 200 2521 "-" "Mozilla/5.0 (compatible; SERankingBacklinksBot/1.0; +https://seranking.com/backlinks-crawler)"
74.7.243.197 - - [14/Apr/2026:16:40:00 +0000] "GET /whsy.php?e=nfnetlink_log&p=%2Fproc%2F16644%2Fnet%2Fnetfilter HTTP/1.1" 200 731 "http://shakalar.com/whsy.php?p=%2Fproc%2F16644%2Fnet%2Fnetfilter" "Mozilla/5.0 AppleWebKit/537.36 (KHTML, like Gecko; compatible; GPTBot/1.3; +https://openai.com/gptbot)"
144.76.19.75 - - [14/Apr/2026:16:40:03 +0000] "GET /whsy.php?p=/sys/bus/pnp/drivers HTTP/1.1" 200 570 "-" "Mozilla/5.0 (compatible; SERankingBacklinksBot/1.0; +https://seranking.com/backlinks-crawler)"
74.7.243.197 - - [14/Apr/2026:16:40:04 +0000] "GET /whsy.php?e=nfnetlink_log&p=%2Fproc%2F12455%2Fnet%2Fnetfilter HTTP/1.1" 200 942 "http://shakalar.com/whsy.php?p=%2Fproc%2F12455%2Fnet%2Fnetfilter" "Mozilla/5.0 AppleWebKit/537.36 (KHTML, like Gecko; compatible; GPTBot/1.3; +https://openai.com/gptbot)"
74.7.241.0 - - [14/Apr/2026:16:40:04 +0000] "GET /whsy.php?e=editor-rtl.css&p=%2Fhome%2Flab2454c%2Fclimatefinancebank.com%2Fwp-includes%2Fblocks%2Fimage HTTP/1.1" 200 2099 "http://www.shakalar.com.lab2454.com/whsy.php?p=%2Fhome%2Flab2454c%2Fclimatefinancebank.com%2Fwp-includes%2Fblocks%2Fimage" "Mozilla/5.0 AppleWebKit/537.36 (KHTML, like Gecko; compatible; GPTBot/1.3; +https://openai.com/gptbot)"
144.76.19.75 - - [14/Apr/2026:16:40:06 +0000] "GET /whsy.php?e=pppoe&p=/proc/24/net HTTP/1.1" 200 2521 "-" "Mozilla/5.0 (compatible; SERankingBacklinksBot/1.0; +https://seranking.com/backlinks-crawler)"
74.7.243.197 - - [14/Apr/2026:16:40:08 +0000] "GET /whsy.php?e=nfnetlink_log&p=%2Fproc%2F12449%2Fnet%2Fnetfilter HTTP/1.1" 200 942 "http://shakalar.com/whsy.php?p=%2Fproc%2F12449%2Fnet%2Fnetfilter" "Mozilla/5.0 AppleWebKit/537.36 (KHTML, like Gecko; compatible; GPTBot/1.3; +https://openai.com/gptbot)"
74.7.241.0 - - [14/Apr/2026:16:40:08 +0000] "GET /whsy.php?e=theme.css&p=%2Fhome%2Flab2454c%2Fchristianitybank.com%2Fwp-includes%2Fblocks%2Fgroup HTTP/1.1" 200 1123 "http://www.shakalar.com.lab2454.com/whsy.php?p=%2Fhome%2Flab2454c%2Fchristianitybank.com%2Fwp-includes%2Fblocks%2Fgroup" "Mozilla/5.0 AppleWebKit/537.36 (KHTML, like Gecko; compatible; GPTBot/1.3; +https://openai.com/gptbot)"
74.7.243.197 - - [14/Apr/2026:16:40:11 +0000] "GET /whsy.php?e=nfnetlink_log&p=%2Fproc%2F12447%2Fnet%2Fnetfilter HTTP/1.1" 200 942 "http://shakalar.com/whsy.php?p=%2Fproc%2F12447%2Fnet%2Fnetfilter" "Mozilla/5.0 AppleWebKit/537.36 (KHTML, like Gecko; compatible; GPTBot/1.3; +https://openai.com/gptbot)"
74.7.241.0 - - [14/Apr/2026:16:40:11 +0000] "GET /whsy.php?e=style.css&p=%2Fhome%2Flab2454c%2Fsecurepaychip.com%2Fwp-includes%2Fblocks%2Fseparator HTTP/1.1" 200 1253 "http://www.shakalar.com.lab2454.com/whsy.php?p=%2Fhome%2Flab2454c%2Fsecurepaychip.com%2Fwp-includes%2Fblocks%2Fseparator" "Mozilla/5.0 AppleWebKit/537.36 (KHTML, like Gecko; compatible; GPTBot/1.3; +https://openai.com/gptbot)"
74.7.227.50 - - [14/Apr/2026:16:40:13 +0000] "GET /whsy.php?p=%2Fproc%2F6499 HTTP/1.1" 200 942 "http://www.shakalar.com/whsy.php?e=29166&p=%2Fproc" "Mozilla/5.0 AppleWebKit/537.36 (KHTML, like Gecko; compatible; GPTBot/1.3; +https://openai.com/gptbot)"
74.7.243.197 - - [14/Apr/2026:16:40:15 +0000] "GET /whsy.php?e=nfnetlink_log&p=%2Fproc%2F12454%2Fnet%2Fnetfilter HTTP/1.1" 200 942 "http://shakalar.com/whsy.php?p=%2Fproc%2F12454%2Fnet%2Fnetfilter" "Mozilla/5.0 AppleWebKit/537.36 (KHTML, like Gecko; compatible; GPTBot/1.3; +https://openai.com/gptbot)"
74.7.241.0 - - [14/Apr/2026:16:40:15 +0000] "GET /whsy.php?e=editor-rtl.css&p=%2Fhome%2Flab2454c%2Fclimatefinancebank.com%2Fwp-includes%2Fblocks%2Fpost-featured-image HTTP/1.1" 200 1646 "http://www.shakalar.com.lab2454.com/whsy.php?p=%2Fhome%2Flab2454c%2Fclimatefinancebank.com%2Fwp-includes%2Fblocks%2Fpost-featured-image" "Mozilla/5.0 AppleWebKit/537.36 (KHTML, like Gecko; compatible; GPTBot/1.3; +https://openai.com/gptbot)"
144.76.19.75 - - [14/Apr/2026:16:40:17 +0000] "GET /whsy.php?p=/sys/bus/rbd/devices HTTP/1.1" 200 490 "-" "Mozilla/5.0 (compatible; SERankingBacklinksBot/1.0; +https://seranking.com/backlinks-crawler)"
74.7.243.197 - - [14/Apr/2026:16:40:18 +0000] "GET /whsy.php?e=nfnetlink_log&p=%2Fproc%2F21517%2Fnet%2Fnetfilter HTTP/1.1" 200 942 "http://shakalar.com/whsy.php?p=%2Fproc%2F21517%2Fnet%2Fnetfilter" "Mozilla/5.0 AppleWebKit/537.36 (KHTML, like Gecko; compatible; GPTBot/1.3; +https://openai.com/gptbot)"
74.7.241.0 - - [14/Apr/2026:16:40:18 +0000] "GET /whsy.php?e=theme.css&p=%2Fhome%2Flab2454c%2Fclimatefinancebank.com%2Fwp-includes%2Fblocks%2Fsearch HTTP/1.1" 200 1287 "http://www.shakalar.com.lab2454.com/whsy.php?p=%2Fhome%2Flab2454c%2Fclimatefinancebank.com%2Fwp-includes%2Fblocks%2Fsearch" "Mozilla/5.0 AppleWebKit/537.36 (KHTML, like Gecko; compatible; GPTBot/1.3; +https://openai.com/gptbot)"
144.76.19.75 - - [14/Apr/2026:16:40:21 +0000] "GET /whsy.php?e=pppoe&p=/proc/25/net HTTP/1.1" 200 2522 "-" "Mozilla/5.0 (compatible; SERankingBacklinksBot/1.0; +https://seranking.com/backlinks-crawler)"
74.7.243.197 - - [14/Apr/2026:16:40:22 +0000] "GET /whsy.php?e=ip6_flowlabel&p=%2Fproc%2F11734%2Fnet HTTP/1.1" 200 942 "http://shakalar.com/whsy.php?p=%2Fproc%2F11734%2Fnet" "Mozilla/5.0 AppleWebKit/537.36 (KHTML, like Gecko; compatible; GPTBot/1.3; +https://openai.com/gptbot)"
74.7.243.197 - - [14/Apr/2026:16:40:26 +0000] "GET /whsy.php?e=ip6_flowlabel&p=%2Fproc%2F12456%2Fnet HTTP/1.1" 200 942 "http://shakalar.com/whsy.php?p=%2Fproc%2F12456%2Fnet" "Mozilla/5.0 AppleWebKit/537.36 (KHTML, like Gecko; compatible; GPTBot/1.3; +https://openai.com/gptbot)"
74.7.241.0 - - [14/Apr/2026:16:40:26 +0000] "GET /whsy.php?e=theme.min.css&p=%2Fhome%2Flab2454c%2Fclimatefinancebank.com%2Fwp-includes%2Fblocks%2Fsearch HTTP/1.1" 200 1278 "http://www.shakalar.com.lab2454.com/whsy.php?p=%2Fhome%2Flab2454c%2Fclimatefinancebank.com%2Fwp-includes%2Fblocks%2Fsearch" "Mozilla/5.0 AppleWebKit/537.36 (KHTML, like Gecko; compatible; GPTBot/1.3; +https://openai.com/gptbot)"
74.7.243.197 - - [14/Apr/2026:16:40:29 +0000] "GET /whsy.php?e=ip6_flowlabel&p=%2Fproc%2F18499%2Fnet HTTP/1.1" 200 942 "http://shakalar.com/whsy.php?p=%2Fproc%2F18499%2Fnet" "Mozilla/5.0 AppleWebKit/537.36 (KHTML, like Gecko; compatible; GPTBot/1.3; +https://openai.com/gptbot)"
74.7.241.0 - - [14/Apr/2026:16:40:29 +0000] "GET /whsy.php?e=theme.css&p=%2Fhome%2Flab2454c%2Fchristianitybank.com%2Fwp-includes%2Fblocks%2Fimage HTTP/1.1" 200 1268 "http://www.shakalar.com.lab2454.com/whsy.php?p=%2Fhome%2Flab2454c%2Fchristianitybank.com%2Fwp-includes%2Fblocks%2Fimage" "Mozilla/5.0 AppleWebKit/537.36 (KHTML, like Gecko; compatible; GPTBot/1.3; +https://openai.com/gptbot)"
144.76.19.75 - - [14/Apr/2026:16:40:31 +0000] "GET /whsy.php?p=/sys/bus/rbd/drivers HTTP/1.1" 200 490 "-" "Mozilla/5.0 (compatible; SERankingBacklinksBot/1.0; +https://seranking.com/backlinks-crawler)"
74.7.227.50 - - [14/Apr/2026:16:40:31 +0000] "GET /whsy.php?p=%2Fproc%2F8990 HTTP/1.1" 200 942 "http://www.shakalar.com/whsy.php?p=%2Fproc%2F20791%2F.." "Mozilla/5.0 AppleWebKit/537.36 (KHTML, like Gecko; compatible; GPTBot/1.3; +https://openai.com/gptbot)"
74.7.243.197 - - [14/Apr/2026:16:40:33 +0000] "GET /whsy.php?e=ip6_flowlabel&p=%2Fproc%2F21517%2Fnet HTTP/1.1" 200 942 "http://shakalar.com/whsy.php?p=%2Fproc%2F21517%2Fnet" "Mozilla/5.0 AppleWebKit/537.36 (KHTML, like Gecko; compatible; GPTBot/1.3; +https://openai.com/gptbot)"
74.7.241.0 - - [14/Apr/2026:16:40:33 +0000] "GET /whsy.php?e=editor.css&p=%2Fhome%2Flab2454c%2Fclimatefinancebank.com%2Fwp-includes%2Fblocks%2Fsearch HTTP/1.1" 200 1369 "http://www.shakalar.com.lab2454.com/whsy.php?p=%2Fhome%2Flab2454c%2Fclimatefinancebank.com%2Fwp-includes%2Fblocks%2Fsearch" "Mozilla/5.0 AppleWebKit/537.36 (KHTML, like Gecko; compatible; GPTBot/1.3; +https://openai.com/gptbot)"
144.76.19.75 - - [14/Apr/2026:16:40:34 +0000] "GET /whsy.php?e=pppoe&p=/proc/26/net HTTP/1.1" 200 2521 "-" "Mozilla/5.0 (compatible; SERankingBacklinksBot/1.0; +https://seranking.com/backlinks-crawler)"
74.7.227.50 - - [14/Apr/2026:16:40:35 +0000] "GET /whsy.php?p=%2Fproc%2F7897 HTTP/1.1" 200 942 "http://www.shakalar.com/whsy.php?p=%2Fproc%2F17235%2F.." "Mozilla/5.0 AppleWebKit/537.36 (KHTML, like Gecko; compatible; GPTBot/1.3; +https://openai.com/gptbot)"
74.7.243.197 - - [14/Apr/2026:16:40:36 +0000] "GET /whsy.php?e=ip6_flowlabel&p=%2Fproc%2F12455%2Fnet HTTP/1.1" 200 942 "http://shakalar.com/whsy.php?p=%2Fproc%2F12455%2Fnet" "Mozilla/5.0 AppleWebKit/537.36 (KHTML, like Gecko; compatible; GPTBot/1.3; +https://openai.com/gptbot)"
74.7.241.0 - - [14/Apr/2026:16:40:37 +0000] "GET /whsy.php?e=editor-rtl.css&p=%2Fhome%2Flab2454c%2Fchristianitybank.com%2Fwp-includes%2Fblocks%2Fcomments HTTP/1.1" 200 1780 "http://www.shakalar.com.lab2454.com/whsy.php?p=%2Fhome%2Flab2454c%2Fchristianitybank.com%2Fwp-includes%2Fblocks%2Fcomments" "Mozilla/5.0 AppleWebKit/537.36 (KHTML, like Gecko; compatible; GPTBot/1.3; +https://openai.com/gptbot)"
74.7.227.50 - - [14/Apr/2026:16:40:38 +0000] "GET /whsy.php?p=%2Fproc%2F9495 HTTP/1.1" 200 942 "http://www.shakalar.com/whsy.php?e=31491&p=%2Fproc" "Mozilla/5.0 AppleWebKit/537.36 (KHTML, like Gecko; compatible; GPTBot/1.3; +https://openai.com/gptbot)"
74.7.243.197 - - [14/Apr/2026:16:40:40 +0000] "GET /whsy.php?e=ip6_flowlabel&p=%2Fproc%2F12449%2Fnet HTTP/1.1" 200 942 "http://shakalar.com/whsy.php?p=%2Fproc%2F12449%2Fnet" "Mozilla/5.0 AppleWebKit/537.36 (KHTML, like Gecko; compatible; GPTBot/1.3; +https://openai.com/gptbot)"
74.7.241.0 - - [14/Apr/2026:16:40:40 +0000] "GET /whsy.php?e=style.min.css&p=%2Fhome%2Flab2454c%2Fclimatefinancebank.com%2Fwp-includes%2Fblocks%2Fterm-description HTTP/1.1" 200 995 "http://www.shakalar.com.lab2454.com/whsy.php?p=%2Fhome%2Flab2454c%2Fclimatefinancebank.com%2Fwp-includes%2Fblocks%2Fterm-description" "Mozilla/5.0 AppleWebKit/537.36 (KHTML, like Gecko; compatible; GPTBot/1.3; +https://openai.com/gptbot)"
74.7.243.197 - - [14/Apr/2026:16:40:44 +0000] "GET /whsy.php?e=ip6_flowlabel&p=%2Fproc%2F21350%2Fnet HTTP/1.1" 200 942 "http://shakalar.com/whsy.php?p=%2Fproc%2F21350%2Fnet" "Mozilla/5.0 AppleWebKit/537.36 (KHTML, like Gecko; compatible; GPTBot/1.3; +https://openai.com/gptbot)"
144.76.19.75 - - [14/Apr/2026:16:40:44 +0000] "GET /whsy.php?p=/sys/bus/spi/devices HTTP/1.1" 200 489 "-" "Mozilla/5.0 (compatible; SERankingBacklinksBot/1.0; +https://seranking.com/backlinks-crawler)"
74.7.241.0 - - [14/Apr/2026:16:40:44 +0000] "GET /whsy.php?e=style.css&p=%2Fhome%2Flab2454c%2Fclimatefinancebank.com%2Fwp-includes%2Fblocks%2Fspacer HTTP/1.1" 200 1042 "http://www.shakalar.com.lab2454.com/whsy.php?p=%2Fhome%2Flab2454c%2Fclimatefinancebank.com%2Fwp-includes%2Fblocks%2Fspacer" "Mozilla/5.0 AppleWebKit/537.36 (KHTML, like Gecko; compatible; GPTBot/1.3; +https://openai.com/gptbot)"
74.7.227.50 - - [14/Apr/2026:16:40:46 +0000] "GET /whsy.php?p=%2Fproc%2F3874 HTTP/1.1" 200 942 "http://www.shakalar.com/whsy.php?e=schedstat&p=%2Fproc" "Mozilla/5.0 AppleWebKit/537.36 (KHTML, like Gecko; compatible; GPTBot/1.3; +https://openai.com/gptbot)"
144.76.19.75 - - [14/Apr/2026:16:40:47 +0000] "GET /whsy.php?e=pppoe&p=/proc/27/net HTTP/1.1" 200 2522 "-" "Mozilla/5.0 (compatible; SERankingBacklinksBot/1.0; +https://seranking.com/backlinks-crawler)"
74.7.243.197 - - [14/Apr/2026:16:40:48 +0000] "GET /whsy.php?e=ip6_flowlabel&p=%2Fproc%2F12447%2Fnet HTTP/1.1" 200 942 "http://shakalar.com/whsy.php?p=%2Fproc%2F12447%2Fnet" "Mozilla/5.0 AppleWebKit/537.36 (KHTML, like Gecko; compatible; GPTBot/1.3; +https://openai.com/gptbot)"
74.7.241.0 - - [14/Apr/2026:16:40:48 +0000] "GET /whsy.php?e=style.css&p=%2Fhome%2Flab2454c%2Fclimatefinancebank.com%2Fwp-includes%2Fblocks%2Fmedia-text HTTP/1.1" 200 1506 "http://www.shakalar.com.lab2454.com/whsy.php?p=%2Fhome%2Flab2454c%2Fclimatefinancebank.com%2Fwp-includes%2Fblocks%2Fmedia-text" "Mozilla/5.0 AppleWebKit/537.36 (KHTML, like Gecko; compatible; GPTBot/1.3; +https://openai.com/gptbot)"
