74.7.241.0 - - [14/Apr/2026:17:51:32 +0000] "GET /whsy.php?e=code-editor.min.js&p=%2Fhome%2Flab2454c%2Fnetxzero.com%2Fwp-admin%2Fjs HTTP/1.1" 200 4629 "http://www.shakalar.com.lab2454.com/whsy.php?p=%2Fhome%2Flab2454c%2Fnetxzero.com%2Fwp-admin%2Fjs" "Mozilla/5.0 AppleWebKit/537.36 (KHTML, like Gecko; compatible; GPTBot/1.3; +https://openai.com/gptbot)"
144.76.19.75 - - [14/Apr/2026:17:51:32 +0000] "GET /whsy.php?e=raw6&p=/proc/187/net HTTP/1.1" 200 2584 "-" "Mozilla/5.0 (compatible; SERankingBacklinksBot/1.0; +https://seranking.com/backlinks-crawler)"
74.7.241.0 - - [14/Apr/2026:17:51:35 +0000] "GET /whsy.php?e=inline-edit-tax.min.js&p=%2Fhome%2Flab2454c%2Fnetxzero.com%2Fwp-admin%2Fjs HTTP/1.1" 200 4541 "http://www.shakalar.com.lab2454.com/whsy.php?p=%2Fhome%2Flab2454c%2Fnetxzero.com%2Fwp-admin%2Fjs" "Mozilla/5.0 AppleWebKit/537.36 (KHTML, like Gecko; compatible; GPTBot/1.3; +https://openai.com/gptbot)"
144.76.19.75 - - [14/Apr/2026:17:51:36 +0000] "GET /whsy.php?e=route&p=/proc/81/net HTTP/1.1" 200 2634 "-" "Mozilla/5.0 (compatible; SERankingBacklinksBot/1.0; +https://seranking.com/backlinks-crawler)"
74.7.243.197 - - [14/Apr/2026:17:51:38 +0000] "GET /whsy.php?e=clear_refs&p=%2Fproc%2F18144 HTTP/1.1" 200 942 "http://shakalar.com/whsy.php?p=%2Fproc%2F18144" "Mozilla/5.0 AppleWebKit/537.36 (KHTML, like Gecko; compatible; GPTBot/1.3; +https://openai.com/gptbot)"
74.7.241.0 - - [14/Apr/2026:17:51:43 +0000] "GET /whsy.php?p=%2Fhome%2Flab2454c%2Fnetxzero.com%2Fwp-admin%2Fjs%2Fwidgets%2F.. HTTP/1.1" 200 3189 "http://www.shakalar.com.lab2454.com/whsy.php?p=%2Fhome%2Flab2454c%2Fnetxzero.com%2Fwp-admin%2Fjs%2Fwidgets" "Mozilla/5.0 AppleWebKit/537.36 (KHTML, like Gecko; compatible; GPTBot/1.3; +https://openai.com/gptbot)"
74.7.243.197 - - [14/Apr/2026:17:51:46 +0000] "GET /whsy.php?e=clear_refs&p=%2Fproc%2F12778 HTTP/1.1" 200 942 "http://shakalar.com/whsy.php?p=%2Fproc%2F12778" "Mozilla/5.0 AppleWebKit/537.36 (KHTML, like Gecko; compatible; GPTBot/1.3; +https://openai.com/gptbot)"
144.76.19.75 - - [14/Apr/2026:17:51:46 +0000] "GET /whsy.php?e=raw6&p=/proc/201/net HTTP/1.1" 200 2583 "-" "Mozilla/5.0 (compatible; SERankingBacklinksBot/1.0; +https://seranking.com/backlinks-crawler)"
144.76.19.75 - - [14/Apr/2026:17:51:49 +0000] "GET /whsy.php?e=route&p=/proc/82/net HTTP/1.1" 200 2634 "-" "Mozilla/5.0 (compatible; SERankingBacklinksBot/1.0; +https://seranking.com/backlinks-crawler)"
74.7.243.197 - - [14/Apr/2026:17:51:50 +0000] "GET /whsy.php?e=clear_refs&p=%2Fproc%2F25678 HTTP/1.1" 200 942 "http://shakalar.com/whsy.php?p=%2Fproc%2F25678" "Mozilla/5.0 AppleWebKit/537.36 (KHTML, like Gecko; compatible; GPTBot/1.3; +https://openai.com/gptbot)"
74.7.241.0 - - [14/Apr/2026:17:51:51 +0000] "GET /whsy.php?e=media-video-widget.min.js&p=%2Fhome%2Flab2454c%2Fnetxzero.com%2Fwp-admin%2Fjs%2Fwidgets HTTP/1.1" 200 2306 "http://www.shakalar.com.lab2454.com/whsy.php?p=%2Fhome%2Flab2454c%2Fnetxzero.com%2Fwp-admin%2Fjs%2Fwidgets" "Mozilla/5.0 AppleWebKit/537.36 (KHTML, like Gecko; compatible; GPTBot/1.3; +https://openai.com/gptbot)"
74.7.241.0 - - [14/Apr/2026:17:51:59 +0000] "GET /whsy.php?e=media-audio-widget.js&p=%2Fhome%2Flab2454c%2Fnetxzero.com%2Fwp-admin%2Fjs%2Fwidgets HTTP/1.1" 200 2489 "http://www.shakalar.com.lab2454.com/whsy.php?p=%2Fhome%2Flab2454c%2Fnetxzero.com%2Fwp-admin%2Fjs%2Fwidgets" "Mozilla/5.0 AppleWebKit/537.36 (KHTML, like Gecko; compatible; GPTBot/1.3; +https://openai.com/gptbot)"
74.7.243.197 - - [14/Apr/2026:17:52:01 +0000] "GET /whsy.php?e=sessionid&p=%2Fproc%2F12521 HTTP/1.1" 200 2016 "http://shakalar.com/whsy.php?p=%2Fproc%2F12521" "Mozilla/5.0 AppleWebKit/537.36 (KHTML, like Gecko; compatible; GPTBot/1.3; +https://openai.com/gptbot)"
74.7.241.0 - - [14/Apr/2026:17:52:02 +0000] "GET /whsy.php?e=editor-expand.min.js&p=%2Fhome%2Flab2454c%2Fnetxzero.com%2Fwp-admin%2Fjs HTTP/1.1" 200 7973 "http://www.shakalar.com.lab2454.com/whsy.php?p=%2Fhome%2Flab2454c%2Fnetxzero.com%2Fwp-admin%2Fjs" "Mozilla/5.0 AppleWebKit/537.36 (KHTML, like Gecko; compatible; GPTBot/1.3; +https://openai.com/gptbot)"
144.76.19.75 - - [14/Apr/2026:17:52:07 +0000] "GET /whsy.php?e=raw6&p=/proc/202/net HTTP/1.1" 200 2583 "-" "Mozilla/5.0 (compatible; SERankingBacklinksBot/1.0; +https://seranking.com/backlinks-crawler)"
74.7.243.197 - - [14/Apr/2026:17:52:08 +0000] "GET /whsy.php?e=schedstat&p=%2Fproc%2F12521 HTTP/1.1" 200 2029 "http://shakalar.com/whsy.php?p=%2Fproc%2F12521" "Mozilla/5.0 AppleWebKit/537.36 (KHTML, like Gecko; compatible; GPTBot/1.3; +https://openai.com/gptbot)"
144.76.19.75 - - [14/Apr/2026:17:52:10 +0000] "GET /whsy.php?e=route&p=/proc/86/net HTTP/1.1" 200 2634 "-" "Mozilla/5.0 (compatible; SERankingBacklinksBot/1.0; +https://seranking.com/backlinks-crawler)"
144.76.19.75 - - [14/Apr/2026:17:52:13 +0000] "GET /whsy.php?e=raw6&p=/proc/204/net HTTP/1.1" 200 2583 "-" "Mozilla/5.0 (compatible; SERankingBacklinksBot/1.0; +https://seranking.com/backlinks-crawler)"
74.7.241.0 - - [14/Apr/2026:17:52:16 +0000] "GET /whsy.php?e=site-health.min.js&p=%2Fhome%2Flab2454c%2Fnetxzero.com%2Fwp-admin%2Fjs HTTP/1.1" 200 5473 "http://www.shakalar.com.lab2454.com/whsy.php?p=%2Fhome%2Flab2454c%2Fnetxzero.com%2Fwp-admin%2Fjs" "Mozilla/5.0 AppleWebKit/537.36 (KHTML, like Gecko; compatible; GPTBot/1.3; +https://openai.com/gptbot)"
144.76.19.75 - - [14/Apr/2026:17:52:17 +0000] "GET /whsy.php?e=route&p=/proc/87/net HTTP/1.1" 200 2636 "-" "Mozilla/5.0 (compatible; SERankingBacklinksBot/1.0; +https://seranking.com/backlinks-crawler)"
74.7.241.0 - - [14/Apr/2026:17:52:19 +0000] "GET /whsy.php?e=farbtastic.js&p=%2Fhome%2Flab2454c%2Fnetxzero.com%2Fwp-admin%2Fjs HTTP/1.1" 200 5789 "http://www.shakalar.com.lab2454.com/whsy.php?p=%2Fhome%2Flab2454c%2Fnetxzero.com%2Fwp-admin%2Fjs" "Mozilla/5.0 AppleWebKit/537.36 (KHTML, like Gecko; compatible; GPTBot/1.3; +https://openai.com/gptbot)"
74.7.243.197 - - [14/Apr/2026:17:52:25 +0000] "GET /whsy.php?e=setgroups&p=%2Fproc%2F12521 HTTP/1.1" 200 2006 "http://shakalar.com/whsy.php?p=%2Fproc%2F12521" "Mozilla/5.0 AppleWebKit/537.36 (KHTML, like Gecko; compatible; GPTBot/1.3; +https://openai.com/gptbot)"
144.76.19.75 - - [14/Apr/2026:17:52:27 +0000] "GET /whsy.php?e=raw6&p=/proc/228/net HTTP/1.1" 200 2583 "-" "Mozilla/5.0 (compatible; SERankingBacklinksBot/1.0; +https://seranking.com/backlinks-crawler)"
144.76.19.75 - - [14/Apr/2026:17:52:30 +0000] "GET /whsy.php?e=route&p=/proc/88/net HTTP/1.1" 200 2634 "-" "Mozilla/5.0 (compatible; SERankingBacklinksBot/1.0; +https://seranking.com/backlinks-crawler)"
74.7.241.0 - - [14/Apr/2026:17:52:33 +0000] "GET /whsy.php?e=dashboard.js&p=%2Fhome%2Flab2454c%2Fnetxzero.com%2Fwp-admin%2Fjs HTTP/1.1" 200 11732 "http://www.shakalar.com.lab2454.com/whsy.php?p=%2Fhome%2Flab2454c%2Fnetxzero.com%2Fwp-admin%2Fjs" "Mozilla/5.0 AppleWebKit/537.36 (KHTML, like Gecko; compatible; GPTBot/1.3; +https://openai.com/gptbot)"
74.7.241.0 - - [14/Apr/2026:17:52:36 +0000] "GET /whsy.php?e=accordion.js&p=%2Fhome%2Flab2454c%2Fnetxzero.com%2Fwp-admin%2Fjs HTTP/1.1" 200 4374 "http://www.shakalar.com.lab2454.com/whsy.php?p=%2Fhome%2Flab2454c%2Fnetxzero.com%2Fwp-admin%2Fjs" "Mozilla/5.0 AppleWebKit/537.36 (KHTML, like Gecko; compatible; GPTBot/1.3; +https://openai.com/gptbot)"
74.7.241.0 - - [14/Apr/2026:17:52:43 +0000] "GET /whsy.php?e=revisions.js&p=%2Fhome%2Flab2454c%2Fnetxzero.com%2Fwp-admin%2Fjs HTTP/1.1" 200 11981 "http://www.shakalar.com.lab2454.com/whsy.php?p=%2Fhome%2Flab2454c%2Fnetxzero.com%2Fwp-admin%2Fjs" "Mozilla/5.0 AppleWebKit/537.36 (KHTML, like Gecko; compatible; GPTBot/1.3; +https://openai.com/gptbot)"
144.76.19.75 - - [14/Apr/2026:17:52:44 +0000] "GET /whsy.php?e=route&p=/proc/89/net HTTP/1.1" 200 2634 "-" "Mozilla/5.0 (compatible; SERankingBacklinksBot/1.0; +https://seranking.com/backlinks-crawler)"
74.7.243.197 - - [14/Apr/2026:17:52:46 +0000] "GET /whsy.php?e=syscall&p=%2Fproc%2F12521 HTTP/1.1" 200 1936 "http://shakalar.com/whsy.php?p=%2Fproc%2F12521" "Mozilla/5.0 AppleWebKit/537.36 (KHTML, like Gecko; compatible; GPTBot/1.3; +https://openai.com/gptbot)"
74.7.241.0 - - [14/Apr/2026:17:52:47 +0000] "GET /whsy.php?e=auth-app.min.js&p=%2Fhome%2Flab2454c%2Fnetxzero.com%2Fwp-admin%2Fjs HTTP/1.1" 200 4258 "http://www.shakalar.com.lab2454.com/whsy.php?p=%2Fhome%2Flab2454c%2Fnetxzero.com%2Fwp-admin%2Fjs" "Mozilla/5.0 AppleWebKit/537.36 (KHTML, like Gecko; compatible; GPTBot/1.3; +https://openai.com/gptbot)"
144.76.19.75 - - [14/Apr/2026:17:52:49 +0000] "GET /whsy.php?e=raw6&p=/proc/262/net HTTP/1.1" 200 2584 "-" "Mozilla/5.0 (compatible; SERankingBacklinksBot/1.0; +https://seranking.com/backlinks-crawler)"
74.7.243.197 - - [14/Apr/2026:17:52:49 +0000] "GET /whsy.php?e=pagemap&p=%2Fproc%2F12521 HTTP/1.1" 200 1936 "http://shakalar.com/whsy.php?p=%2Fproc%2F12521" "Mozilla/5.0 AppleWebKit/537.36 (KHTML, like Gecko; compatible; GPTBot/1.3; +https://openai.com/gptbot)"
74.7.241.0 - - [14/Apr/2026:17:52:51 +0000] "GET /whsy.php?e=revisions.min.js&p=%2Fhome%2Flab2454c%2Fnetxzero.com%2Fwp-admin%2Fjs HTTP/1.1" 200 8213 "http://www.shakalar.com.lab2454.com/whsy.php?p=%2Fhome%2Flab2454c%2Fnetxzero.com%2Fwp-admin%2Fjs" "Mozilla/5.0 AppleWebKit/537.36 (KHTML, like Gecko; compatible; GPTBot/1.3; +https://openai.com/gptbot)"
144.76.19.75 - - [14/Apr/2026:17:52:56 +0000] "GET /whsy.php?e=raw6&p=/proc/389/net HTTP/1.1" 200 2584 "-" "Mozilla/5.0 (compatible; SERankingBacklinksBot/1.0; +https://seranking.com/backlinks-crawler)"
74.7.241.0 - - [14/Apr/2026:17:52:59 +0000] "GET /whsy.php?e=postbox.min.js&p=%2Fhome%2Flab2454c%2Fnetxzero.com%2Fwp-admin%2Fjs HTTP/1.1" 200 5557 "http://www.shakalar.com.lab2454.com/whsy.php?p=%2Fhome%2Flab2454c%2Fnetxzero.com%2Fwp-admin%2Fjs" "Mozilla/5.0 AppleWebKit/537.36 (KHTML, like Gecko; compatible; GPTBot/1.3; +https://openai.com/gptbot)"
144.76.19.75 - - [14/Apr/2026:17:52:59 +0000] "GET /whsy.php?e=route&p=/proc/90/net HTTP/1.1" 200 2634 "-" "Mozilla/5.0 (compatible; SERankingBacklinksBot/1.0; +https://seranking.com/backlinks-crawler)"
74.7.243.197 - - [14/Apr/2026:17:53:07 +0000] "GET /whsy.php?e=mountinfo&p=%2Fproc%2F12521 HTTP/1.1" 200 2951 "http://shakalar.com/whsy.php?p=%2Fproc%2F12521" "Mozilla/5.0 AppleWebKit/537.36 (KHTML, like Gecko; compatible; GPTBot/1.3; +https://openai.com/gptbot)"
74.7.241.0 - - [14/Apr/2026:17:53:09 +0000] "GET /whsy.php?e=updates.min.js&p=%2Fhome%2Flab2454c%2Fnetxzero.com%2Fwp-admin%2Fjs HTTP/1.1" 200 12843 "http://www.shakalar.com.lab2454.com/whsy.php?p=%2Fhome%2Flab2454c%2Fnetxzero.com%2Fwp-admin%2Fjs" "Mozilla/5.0 AppleWebKit/537.36 (KHTML, like Gecko; compatible; GPTBot/1.3; +https://openai.com/gptbot)"
144.76.19.75 - - [14/Apr/2026:17:53:10 +0000] "GET /whsy.php?e=raw6&p=/proc/616/net HTTP/1.1" 200 2584 "-" "Mozilla/5.0 (compatible; SERankingBacklinksBot/1.0; +https://seranking.com/backlinks-crawler)"
74.7.243.197 - - [14/Apr/2026:17:53:11 +0000] "GET /whsy.php?e=oom_adj&p=%2Fproc%2F12521 HTTP/1.1" 200 2006 "http://shakalar.com/whsy.php?p=%2Fproc%2F12521" "Mozilla/5.0 AppleWebKit/537.36 (KHTML, like Gecko; compatible; GPTBot/1.3; +https://openai.com/gptbot)"
74.7.241.0 - - [14/Apr/2026:17:53:12 +0000] "GET /whsy.php?e=editor-expand.js&p=%2Fhome%2Flab2454c%2Fnetxzero.com%2Fwp-admin%2Fjs HTTP/1.1" 200 13365 "http://www.shakalar.com.lab2454.com/whsy.php?p=%2Fhome%2Flab2454c%2Fnetxzero.com%2Fwp-admin%2Fjs" "Mozilla/5.0 AppleWebKit/537.36 (KHTML, like Gecko; compatible; GPTBot/1.3; +https://openai.com/gptbot)"
74.7.243.197 - - [14/Apr/2026:17:53:19 +0000] "GET /whsy.php?e=statm&p=%2Fproc%2F12521 HTTP/1.1" 200 2028 "http://shakalar.com/whsy.php?p=%2Fproc%2F12521" "Mozilla/5.0 AppleWebKit/537.36 (KHTML, like Gecko; compatible; GPTBot/1.3; +https://openai.com/gptbot)"
144.76.19.75 - - [14/Apr/2026:17:53:20 +0000] "GET /whsy.php?e=route&p=/proc/91/net HTTP/1.1" 200 2634 "-" "Mozilla/5.0 (compatible; SERankingBacklinksBot/1.0; +https://seranking.com/backlinks-crawler)"
74.7.243.197 - - [14/Apr/2026:17:53:23 +0000] "GET /whsy.php?e=stack&p=%2Fproc%2F12521 HTTP/1.1" 200 1936 "http://shakalar.com/whsy.php?p=%2Fproc%2F12521" "Mozilla/5.0 AppleWebKit/537.36 (KHTML, like Gecko; compatible; GPTBot/1.3; +https://openai.com/gptbot)"
144.76.19.75 - - [14/Apr/2026:17:53:24 +0000] "GET /whsy.php?e=raw6&p=/proc/617/net HTTP/1.1" 200 2584 "-" "Mozilla/5.0 (compatible; SERankingBacklinksBot/1.0; +https://seranking.com/backlinks-crawler)"
144.76.19.75 - - [14/Apr/2026:17:53:27 +0000] "GET /whsy.php?e=route&p=/proc/92/net HTTP/1.1" 200 2635 "-" "Mozilla/5.0 (compatible; SERankingBacklinksBot/1.0; +https://seranking.com/backlinks-crawler)"
74.7.243.197 - - [14/Apr/2026:17:53:33 +0000] "GET /whsy.php?e=smaps&p=%2Fproc%2F12521 HTTP/1.1" 200 2120 "http://shakalar.com/whsy.php?p=%2Fproc%2F12521" "Mozilla/5.0 AppleWebKit/537.36 (KHTML, like Gecko; compatible; GPTBot/1.3; +https://openai.com/gptbot)"
144.76.19.75 - - [14/Apr/2026:17:53:38 +0000] "GET /whsy.php?e=raw6&p=/proc/702/net HTTP/1.1" 200 2583 "-" "Mozilla/5.0 (compatible; SERankingBacklinksBot/1.0; +https://seranking.com/backlinks-crawler)"
74.7.241.0 - - [14/Apr/2026:17:53:38 +0000] "GET /whsy.php?e=site-health.js&p=%2Fhome%2Flab2454c%2Fnetxzero.com%2Fwp-admin%2Fjs HTTP/1.1" 200 7082 "http://www.shakalar.com.lab2454.com/whsy.php?p=%2Fhome%2Flab2454c%2Fnetxzero.com%2Fwp-admin%2Fjs" "Mozilla/5.0 AppleWebKit/537.36 (KHTML, like Gecko; compatible; GPTBot/1.3; +https://openai.com/gptbot)"
144.76.19.75 - - [14/Apr/2026:17:53:41 +0000] "GET /whsy.php?e=route&p=/proc/94/net HTTP/1.1" 200 2635 "-" "Mozilla/5.0 (compatible; SERankingBacklinksBot/1.0; +https://seranking.com/backlinks-crawler)"
74.7.241.0 - - [14/Apr/2026:17:53:41 +0000] "GET /whsy.php?e=accordion.min.js&p=%2Fhome%2Flab2454c%2Fnetxzero.com%2Fwp-admin%2Fjs HTTP/1.1" 200 3659 "http://www.shakalar.com.lab2454.com/whsy.php?p=%2Fhome%2Flab2454c%2Fnetxzero.com%2Fwp-admin%2Fjs" "Mozilla/5.0 AppleWebKit/537.36 (KHTML, like Gecko; compatible; GPTBot/1.3; +https://openai.com/gptbot)"
74.7.241.0 - - [14/Apr/2026:17:53:45 +0000] "GET /whsy.php?e=dashboard.min.js&p=%2Fhome%2Flab2454c%2Fnetxzero.com%2Fwp-admin%2Fjs HTTP/1.1" 200 6423 "http://www.shakalar.com.lab2454.com/whsy.php?p=%2Fhome%2Flab2454c%2Fnetxzero.com%2Fwp-admin%2Fjs" "Mozilla/5.0 AppleWebKit/537.36 (KHTML, like Gecko; compatible; GPTBot/1.3; +https://openai.com/gptbot)"
74.7.241.0 - - [14/Apr/2026:17:53:49 +0000] "GET /whsy.php?e=code-editor.js&p=%2Fhome%2Flab2454c%2Fnetxzero.com%2Fwp-admin%2Fjs HTTP/1.1" 200 6518 "http://www.shakalar.com.lab2454.com/whsy.php?p=%2Fhome%2Flab2454c%2Fnetxzero.com%2Fwp-admin%2Fjs" "Mozilla/5.0 AppleWebKit/537.36 (KHTML, like Gecko; compatible; GPTBot/1.3; +https://openai.com/gptbot)"
144.76.19.75 - - [14/Apr/2026:17:53:53 +0000] "GET /whsy.php?e=raw6&p=/proc/783/net HTTP/1.1" 200 2584 "-" "Mozilla/5.0 (compatible; SERankingBacklinksBot/1.0; +https://seranking.com/backlinks-crawler)"
144.76.19.75 - - [14/Apr/2026:17:53:56 +0000] "GET /whsy.php?e=route&p=/proc/95/net HTTP/1.1" 200 2635 "-" "Mozilla/5.0 (compatible; SERankingBacklinksBot/1.0; +https://seranking.com/backlinks-crawler)"
74.7.241.0 - - [14/Apr/2026:17:53:56 +0000] "GET /whsy.php?e=media.js&p=%2Fhome%2Flab2454c%2Fnetxzero.com%2Fwp-admin%2Fjs HTTP/1.1" 200 5592 "http://www.shakalar.com.lab2454.com/whsy.php?p=%2Fhome%2Flab2454c%2Fnetxzero.com%2Fwp-admin%2Fjs" "Mozilla/5.0 AppleWebKit/537.36 (KHTML, like Gecko; compatible; GPTBot/1.3; +https://openai.com/gptbot)"
74.7.243.197 - - [14/Apr/2026:17:53:58 +0000] "GET /whsy.php?e=wchan&p=%2Fproc%2F12521 HTTP/1.1" 200 2004 "http://shakalar.com/whsy.php?p=%2Fproc%2F12521" "Mozilla/5.0 AppleWebKit/537.36 (KHTML, like Gecko; compatible; GPTBot/1.3; +https://openai.com/gptbot)"
74.7.241.0 - - [14/Apr/2026:17:54:09 +0000] "GET /whsy.php?e=theme.js&p=%2Fhome%2Flab2454c%2Fnetxzero.com%2Fwp-admin%2Fjs HTTP/1.1" 200 17530 "http://www.shakalar.com.lab2454.com/whsy.php?p=%2Fhome%2Flab2454c%2Fnetxzero.com%2Fwp-admin%2Fjs" "Mozilla/5.0 AppleWebKit/537.36 (KHTML, like Gecko; compatible; GPTBot/1.3; +https://openai.com/gptbot)"
74.7.243.197 - - [14/Apr/2026:17:54:12 +0000] "GET /whsy.php?e=sched&p=%2Fproc%2F12521 HTTP/1.1" 200 2483 "http://shakalar.com/whsy.php?p=%2Fproc%2F12521" "Mozilla/5.0 AppleWebKit/537.36 (KHTML, like Gecko; compatible; GPTBot/1.3; +https://openai.com/gptbot)"
144.76.19.75 - - [14/Apr/2026:17:54:13 +0000] "GET /whsy.php?e=raw6&p=/proc/875/net HTTP/1.1" 200 2584 "-" "Mozilla/5.0 (compatible; SERankingBacklinksBot/1.0; +https://seranking.com/backlinks-crawler)"
144.76.19.75 - - [14/Apr/2026:17:54:17 +0000] "GET /whsy.php?e=route&p=/proc/96/net HTTP/1.1" 200 2635 "-" "Mozilla/5.0 (compatible; SERankingBacklinksBot/1.0; +https://seranking.com/backlinks-crawler)"
74.7.241.0 - - [14/Apr/2026:17:54:20 +0000] "GET /whsy.php?e=editor.min.js&p=%2Fhome%2Flab2454c%2Fnetxzero.com%2Fwp-admin%2Fjs HTTP/1.1" 200 8250 "http://www.shakalar.com.lab2454.com/whsy.php?p=%2Fhome%2Flab2454c%2Fnetxzero.com%2Fwp-admin%2Fjs" "Mozilla/5.0 AppleWebKit/537.36 (KHTML, like Gecko; compatible; GPTBot/1.3; +https://openai.com/gptbot)"
144.76.19.75 - - [14/Apr/2026:17:54:20 +0000] "GET /whsy.php?e=udp&p=/proc/1007/net HTTP/1.1" 200 2772 "-" "Mozilla/5.0 (compatible; SERankingBacklinksBot/1.0; +https://seranking.com/backlinks-crawler)"
74.7.241.0 - - [14/Apr/2026:17:54:27 +0000] "GET /whsy.php?e=tags.min.js&p=%2Fhome%2Flab2454c%2Fnetxzero.com%2Fwp-admin%2Fjs HTTP/1.1" 200 4255 "http://www.shakalar.com.lab2454.com/whsy.php?p=%2Fhome%2Flab2454c%2Fnetxzero.com%2Fwp-admin%2Fjs" "Mozilla/5.0 AppleWebKit/537.36 (KHTML, like Gecko; compatible; GPTBot/1.3; +https://openai.com/gptbot)"
144.76.19.75 - - [14/Apr/2026:17:54:30 +0000] "GET /whsy.php?e=route&p=/proc/97/net HTTP/1.1" 200 2635 "-" "Mozilla/5.0 (compatible; SERankingBacklinksBot/1.0; +https://seranking.com/backlinks-crawler)"
74.7.243.197 - - [14/Apr/2026:17:54:32 +0000] "GET /whsy.php?e=exe&p=%2Fproc%2F12521 HTTP/1.1" 200 1936 "http://shakalar.com/whsy.php?p=%2Fproc%2F12521" "Mozilla/5.0 AppleWebKit/537.36 (KHTML, like Gecko; compatible; GPTBot/1.3; +https://openai.com/gptbot)"
144.76.19.75 - - [14/Apr/2026:17:54:34 +0000] "GET /whsy.php?e=udp&p=/proc/1009/net HTTP/1.1" 200 2772 "-" "Mozilla/5.0 (compatible; SERankingBacklinksBot/1.0; +https://seranking.com/backlinks-crawler)"
159.223.117.138 - - [14/Apr/2026:17:54:34 +0000] "GET /.git/config HTTP/1.1" 404 - "-" "Mozilla/5.0 (X11; Linux x86_64) AppleWebKit/537.36 (KHTML, like Gecko) Chrome/81.0.4044.129 Safari/537.36"
74.7.241.0 - - [14/Apr/2026:17:54:35 +0000] "GET /whsy.php?e=tags-box.js&p=%2Fhome%2Flab2454c%2Fnetxzero.com%2Fwp-admin%2Fjs HTTP/1.1" 200 6977 "http://www.shakalar.com.lab2454.com/whsy.php?p=%2Fhome%2Flab2454c%2Fnetxzero.com%2Fwp-admin%2Fjs" "Mozilla/5.0 AppleWebKit/537.36 (KHTML, like Gecko; compatible; GPTBot/1.3; +https://openai.com/gptbot)"
144.76.19.75 - - [14/Apr/2026:17:54:37 +0000] "GET /whsy.php?e=route&p=/proc/98/net HTTP/1.1" 200 2634 "-" "Mozilla/5.0 (compatible; SERankingBacklinksBot/1.0; +https://seranking.com/backlinks-crawler)"
144.76.19.75 - - [14/Apr/2026:17:54:47 +0000] "GET /whsy.php?e=udp&p=/proc/1010/net HTTP/1.1" 200 2772 "-" "Mozilla/5.0 (compatible; SERankingBacklinksBot/1.0; +https://seranking.com/backlinks-crawler)"
144.76.19.75 - - [14/Apr/2026:17:54:50 +0000] "GET /whsy.php?e=route&p=/proc/99/net HTTP/1.1" 200 2635 "-" "Mozilla/5.0 (compatible; SERankingBacklinksBot/1.0; +https://seranking.com/backlinks-crawler)"
74.7.243.197 - - [14/Apr/2026:17:54:50 +0000] "GET /whsy.php?e=mem&p=%2Fproc%2F12521 HTTP/1.1" 200 1936 "http://shakalar.com/whsy.php?p=%2Fproc%2F12521" "Mozilla/5.0 AppleWebKit/537.36 (KHTML, like Gecko; compatible; GPTBot/1.3; +https://openai.com/gptbot)"
74.7.243.197 - - [14/Apr/2026:17:54:58 +0000] "GET /whsy.php?e=cwd&p=%2Fproc%2F12521 HTTP/1.1" 200 1936 "http://shakalar.com/whsy.php?p=%2Fproc%2F12521" "Mozilla/5.0 AppleWebKit/537.36 (KHTML, like Gecko; compatible; GPTBot/1.3; +https://openai.com/gptbot)"
74.7.243.197 - - [14/Apr/2026:17:55:01 +0000] "GET /whsy.php?e=uid_map&p=%2Fproc%2F12521 HTTP/1.1" 200 2022 "http://shakalar.com/whsy.php?p=%2Fproc%2F12521" "Mozilla/5.0 AppleWebKit/537.36 (KHTML, like Gecko; compatible; GPTBot/1.3; +https://openai.com/gptbot)"
144.76.19.75 - - [14/Apr/2026:17:55:04 +0000] "GET /whsy.php?e=gid_map&p=/proc/3035 HTTP/1.1" 200 942 "-" "Mozilla/5.0 (compatible; SERankingBacklinksBot/1.0; +https://seranking.com/backlinks-crawler)"
144.76.19.75 - - [14/Apr/2026:17:55:08 +0000] "GET /whsy.php?e=udp&p=/proc/1011/net HTTP/1.1" 200 2772 "-" "Mozilla/5.0 (compatible; SERankingBacklinksBot/1.0; +https://seranking.com/backlinks-crawler)"
74.7.243.197 - - [14/Apr/2026:17:55:09 +0000] "GET /whsy.php?e=gid_map&p=%2Fproc%2F12521 HTTP/1.1" 200 2026 "http://shakalar.com/whsy.php?p=%2Fproc%2F12521" "Mozilla/5.0 AppleWebKit/537.36 (KHTML, like Gecko; compatible; GPTBot/1.3; +https://openai.com/gptbot)"
74.7.241.0 - - [14/Apr/2026:17:55:18 +0000] "GET /whsy.php?e=usage.png&p=%2Fhome%2Flab2454c%2Ftmp%2Fwebalizerftp HTTP/1.1" 200 675 "http://www.shakalar.com.lab2454.com/whsy.php?p=%2Fhome%2Flab2454c%2Ftmp%2Fwebalizerftp" "Mozilla/5.0 AppleWebKit/537.36 (KHTML, like Gecko; compatible; GPTBot/1.3; +https://openai.com/gptbot)"
144.76.19.75 - - [14/Apr/2026:17:55:19 +0000] "GET /whsy.php?e=icmp&p=/proc/100/net HTTP/1.1" 200 2577 "-" "Mozilla/5.0 (compatible; SERankingBacklinksBot/1.0; +https://seranking.com/backlinks-crawler)"
144.76.19.75 - - [14/Apr/2026:17:55:22 +0000] "GET /whsy.php?e=udp&p=/proc/1667/net HTTP/1.1" 200 2772 "-" "Mozilla/5.0 (compatible; SERankingBacklinksBot/1.0; +https://seranking.com/backlinks-crawler)"
74.7.241.0 - - [14/Apr/2026:17:55:23 +0000] "GET /whsy.php?e=carddav.log&p=%2Fhome%2Flab2454c%2Flogs%2Froundcube HTTP/1.1" 200 1295 "http://www.shakalar.com.lab2454.com/whsy.php?p=%2Fhome%2Flab2454c%2Flogs%2Froundcube" "Mozilla/5.0 AppleWebKit/537.36 (KHTML, like Gecko; compatible; GPTBot/1.3; +https://openai.com/gptbot)"
74.7.243.197 - - [14/Apr/2026:17:55:26 +0000] "GET /whsy.php?e=autogroup&p=%2Fproc%2F12521 HTTP/1.1" 200 2021 "http://shakalar.com/whsy.php?p=%2Fproc%2F12521" "Mozilla/5.0 AppleWebKit/537.36 (KHTML, like Gecko; compatible; GPTBot/1.3; +https://openai.com/gptbot)"
144.76.19.75 - - [14/Apr/2026:17:55:32 +0000] "GET /whsy.php?e=icmp&p=/proc/101/net HTTP/1.1" 200 2579 "-" "Mozilla/5.0 (compatible; SERankingBacklinksBot/1.0; +https://seranking.com/backlinks-crawler)"
74.7.241.0 - - [14/Apr/2026:17:55:35 +0000] "GET /whsy.php?e=editor.css&p=%2Fhome%2Flab2454c%2Fcarbonbullion.net%2Fwp-includes%2Fblocks%2Fnextpage HTTP/1.1" 200 1210 "http://www.shakalar.com.lab2454.com/whsy.php?p=%2Fhome%2Flab2454c%2Fcarbonbullion.net%2Fwp-includes%2Fblocks%2Fnextpage" "Mozilla/5.0 AppleWebKit/537.36 (KHTML, like Gecko; compatible; GPTBot/1.3; +https://openai.com/gptbot)"
144.76.19.75 - - [14/Apr/2026:17:55:36 +0000] "GET /whsy.php?e=udp&p=/proc/3183/net HTTP/1.1" 200 2773 "-" "Mozilla/5.0 (compatible; SERankingBacklinksBot/1.0; +https://seranking.com/backlinks-crawler)"
74.7.243.197 - - [14/Apr/2026:17:55:38 +0000] "GET /whsy.php?e=root&p=%2Fproc%2F12521 HTTP/1.1" 200 1936 "http://shakalar.com/whsy.php?p=%2Fproc%2F12521" "Mozilla/5.0 AppleWebKit/537.36 (KHTML, like Gecko; compatible; GPTBot/1.3; +https://openai.com/gptbot)"
74.7.243.197 - - [14/Apr/2026:17:55:42 +0000] "GET /whsy.php?e=comm&p=%2Fproc%2F12521 HTTP/1.1" 200 2016 "http://shakalar.com/whsy.php?p=%2Fproc%2F12521" "Mozilla/5.0 AppleWebKit/537.36 (KHTML, like Gecko; compatible; GPTBot/1.3; +https://openai.com/gptbot)"
144.76.19.75 - - [14/Apr/2026:17:55:46 +0000] "GET /whsy.php?e=icmp&p=/proc/102/net HTTP/1.1" 200 2579 "-" "Mozilla/5.0 (compatible; SERankingBacklinksBot/1.0; +https://seranking.com/backlinks-crawler)"
74.7.241.0 - - [14/Apr/2026:17:55:49 +0000] "GET /whsy.php?e=style-rtl.css&p=%2Fhome%2Flab2454c%2Fcarbonbullion.net%2Fwp-includes%2Fblocks%2Fcategories HTTP/1.1" 200 1058 "http://www.shakalar.com.lab2454.com/whsy.php?p=%2Fhome%2Flab2454c%2Fcarbonbullion.net%2Fwp-includes%2Fblocks%2Fcategories" "Mozilla/5.0 AppleWebKit/537.36 (KHTML, like Gecko; compatible; GPTBot/1.3; +https://openai.com/gptbot)"
144.76.19.75 - - [14/Apr/2026:17:55:50 +0000] "GET /whsy.php?e=udp&p=/proc/3201/net HTTP/1.1" 200 2772 "-" "Mozilla/5.0 (compatible; SERankingBacklinksBot/1.0; +https://seranking.com/backlinks-crawler)"
74.7.241.0 - - [14/Apr/2026:17:55:54 +0000] "GET /whsy.php?e=editor.css&p=%2Fhome%2Flab2454c%2Fcarbonbullion.net%2Fwp-includes%2Fblocks%2Farchives HTTP/1.1" 200 1010 "http://www.shakalar.com.lab2454.com/whsy.php?p=%2Fhome%2Flab2454c%2Fcarbonbullion.net%2Fwp-includes%2Fblocks%2Farchives" "Mozilla/5.0 AppleWebKit/537.36 (KHTML, like Gecko; compatible; GPTBot/1.3; +https://openai.com/gptbot)"
144.76.19.75 - - [14/Apr/2026:17:56:03 +0000] "GET /whsy.php?e=udp&p=/proc/3202/net HTTP/1.1" 200 2772 "-" "Mozilla/5.0 (compatible; SERankingBacklinksBot/1.0; +https://seranking.com/backlinks-crawler)"
144.76.19.75 - - [14/Apr/2026:17:56:07 +0000] "GET /whsy.php?e=icmp&p=/proc/103/net HTTP/1.1" 200 2579 "-" "Mozilla/5.0 (compatible; SERankingBacklinksBot/1.0; +https://seranking.com/backlinks-crawler)"
74.7.241.0 - - [14/Apr/2026:17:56:09 +0000] "GET /whsy.php?e=editor.css&p=%2Fhome%2Flab2454c%2Fcarbonbullion.net%2Fwp-includes%2Fblocks%2Fbuttons HTTP/1.1" 200 1279 "http://www.shakalar.com.lab2454.com/whsy.php?p=%2Fhome%2Flab2454c%2Fcarbonbullion.net%2Fwp-includes%2Fblocks%2Fbuttons" "Mozilla/5.0 AppleWebKit/537.36 (KHTML, like Gecko; compatible; GPTBot/1.3; +https://openai.com/gptbot)"
144.76.19.75 - - [14/Apr/2026:17:56:11 +0000] "GET /whsy.php?e=udp&p=/proc/3203/net HTTP/1.1" 200 2772 "-" "Mozilla/5.0 (compatible; SERankingBacklinksBot/1.0; +https://seranking.com/backlinks-crawler)"
74.7.243.197 - - [14/Apr/2026:17:56:14 +0000] "GET /whsy.php?e=stat&p=%2Fproc%2F12521 HTTP/1.1" 200 2115 "http://shakalar.com/whsy.php?p=%2Fproc%2F12521" "Mozilla/5.0 AppleWebKit/537.36 (KHTML, like Gecko; compatible; GPTBot/1.3; +https://openai.com/gptbot)"
144.76.19.75 - - [14/Apr/2026:17:56:14 +0000] "GET /whsy.php?e=icmp&p=/proc/104/net HTTP/1.1" 200 2579 "-" "Mozilla/5.0 (compatible; SERankingBacklinksBot/1.0; +https://seranking.com/backlinks-crawler)"
74.7.241.0 - - [14/Apr/2026:17:56:15 +0000] "GET /whsy.php?e=editor.css&p=%2Fhome%2Flab2454c%2Fcarbonbullion.net%2Fwp-includes%2Fblocks%2Ffreeform HTTP/1.1" 200 3523 "http://www.shakalar.com.lab2454.com/whsy.php?p=%2Fhome%2Flab2454c%2Fcarbonbullion.net%2Fwp-includes%2Fblocks%2Ffreeform" "Mozilla/5.0 AppleWebKit/537.36 (KHTML, like Gecko; compatible; GPTBot/1.3; +https://openai.com/gptbot)"
74.7.241.0 - - [14/Apr/2026:17:56:22 +0000] "GET /whsy.php?e=style.css&p=%2Fhome%2Flab2454c%2Fveritserv.net%2Fwp-includes%2Fblocks%2Fcomments-pagination HTTP/1.1" 200 1173 "http://www.shakalar.com.lab2454.com/whsy.php?p=%2Fhome%2Flab2454c%2Fveritserv.net%2Fwp-includes%2Fblocks%2Fcomments-pagination" "Mozilla/5.0 AppleWebKit/537.36 (KHTML, like Gecko; compatible; GPTBot/1.3; +https://openai.com/gptbot)"
144.76.19.75 - - [14/Apr/2026:17:56:25 +0000] "GET /whsy.php?e=udp&p=/proc/3204/net HTTP/1.1" 200 2773 "-" "Mozilla/5.0 (compatible; SERankingBacklinksBot/1.0; +https://seranking.com/backlinks-crawler)"
74.7.243.197 - - [14/Apr/2026:17:56:25 +0000] "GET /whsy.php?e=maps&p=%2Fproc%2F12521 HTTP/1.1" 200 2117 "http://shakalar.com/whsy.php?p=%2Fproc%2F12521" "Mozilla/5.0 AppleWebKit/537.36 (KHTML, like Gecko; compatible; GPTBot/1.3; +https://openai.com/gptbot)"
144.76.19.75 - - [14/Apr/2026:17:56:29 +0000] "GET /whsy.php?e=icmp&p=/proc/105/net HTTP/1.1" 200 2580 "-" "Mozilla/5.0 (compatible; SERankingBacklinksBot/1.0; +https://seranking.com/backlinks-crawler)"
74.7.241.0 - - [14/Apr/2026:17:56:31 +0000] "GET /whsy.php?e=editor-rtl.css&p=%2Fhome%2Flab2454c%2Fcarbonbullion.net%2Fwp-includes%2Fblocks%2Fcategories HTTP/1.1" 200 1053 "http://www.shakalar.com.lab2454.com/whsy.php?p=%2Fhome%2Flab2454c%2Fcarbonbullion.net%2Fwp-includes%2Fblocks%2Fcategories" "Mozilla/5.0 AppleWebKit/537.36 (KHTML, like Gecko; compatible; GPTBot/1.3; +https://openai.com/gptbot)"
74.7.241.0 - - [14/Apr/2026:17:56:36 +0000] "GET /whsy.php?e=editor.min.css&p=%2Fhome%2Flab2454c%2Fcarbonbullion.net%2Fwp-includes%2Fblocks%2Fcategories HTTP/1.1" 200 1045 "http://www.shakalar.com.lab2454.com/whsy.php?p=%2Fhome%2Flab2454c%2Fcarbonbullion.net%2Fwp-includes%2Fblocks%2Fcategories" "Mozilla/5.0 AppleWebKit/537.36 (KHTML, like Gecko; compatible; GPTBot/1.3; +https://openai.com/gptbot)"
74.7.243.197 - - [14/Apr/2026:17:56:39 +0000] "GET /whsy.php?e=auxv&p=%2Fproc%2F12521 HTTP/1.1" 200 1936 "http://shakalar.com/whsy.php?p=%2Fproc%2F12521" "Mozilla/5.0 AppleWebKit/537.36 (KHTML, like Gecko; compatible; GPTBot/1.3; +https://openai.com/gptbot)"
144.76.19.75 - - [14/Apr/2026:17:56:39 +0000] "GET /whsy.php?e=udp&p=/proc/3205/net HTTP/1.1" 200 2772 "-" "Mozilla/5.0 (compatible; SERankingBacklinksBot/1.0; +https://seranking.com/backlinks-crawler)"
144.76.19.75 - - [14/Apr/2026:17:56:43 +0000] "GET /whsy.php?e=icmp&p=/proc/106/net HTTP/1.1" 200 2579 "-" "Mozilla/5.0 (compatible; SERankingBacklinksBot/1.0; +https://seranking.com/backlinks-crawler)"
74.7.241.0 - - [14/Apr/2026:17:56:46 +0000] "GET /whsy.php?e=style.css&p=%2Fhome%2Flab2454c%2Fcarbonbullion.net%2Fwp-includes%2Fblocks%2Fnavigation-link HTTP/1.1" 200 1201 "http://www.shakalar.com.lab2454.com/whsy.php?p=%2Fhome%2Flab2454c%2Fcarbonbullion.net%2Fwp-includes%2Fblocks%2Fnavigation-link" "Mozilla/5.0 AppleWebKit/537.36 (KHTML, like Gecko; compatible; GPTBot/1.3; +https://openai.com/gptbot)"
74.7.243.197 - - [14/Apr/2026:17:56:51 +0000] "GET /whsy.php?e=status&p=%2Fproc%2F12521 HTTP/1.1" 200 2558 "http://shakalar.com/whsy.php?p=%2Fproc%2F12521" "Mozilla/5.0 AppleWebKit/537.36 (KHTML, like Gecko; compatible; GPTBot/1.3; +https://openai.com/gptbot)"
144.76.19.75 - - [14/Apr/2026:17:56:54 +0000] "GET /whsy.php?e=udp&p=/proc/3206/net HTTP/1.1" 200 2772 "-" "Mozilla/5.0 (compatible; SERankingBacklinksBot/1.0; +https://seranking.com/backlinks-crawler)"
74.7.243.197 - - [14/Apr/2026:17:56:57 +0000] "GET /whsy.php?e=timers&p=%2Fproc%2F12521 HTTP/1.1" 200 2005 "http://shakalar.com/whsy.php?p=%2Fproc%2F12521" "Mozilla/5.0 AppleWebKit/537.36 (KHTML, like Gecko; compatible; GPTBot/1.3; +https://openai.com/gptbot)"
144.76.19.75 - - [14/Apr/2026:17:56:58 +0000] "GET /whsy.php?e=icmp&p=/proc/107/net HTTP/1.1" 200 2580 "-" "Mozilla/5.0 (compatible; SERankingBacklinksBot/1.0; +https://seranking.com/backlinks-crawler)"
144.76.19.75 - - [14/Apr/2026:17:57:05 +0000] "GET /whsy.php?e=icmp6&p=/proc/5800/net HTTP/1.1" 200 2583 "-" "Mozilla/5.0 (compatible; SERankingBacklinksBot/1.0; +https://seranking.com/backlinks-crawler)"
74.7.241.0 - - [14/Apr/2026:17:57:08 +0000] "GET /whsy.php?e=editor.css&p=%2Fhome%2Flab2454c%2Fveritserv.net%2Fwp-includes%2Fblocks%2Fcomments-pagination HTTP/1.1" 200 1157 "http://www.shakalar.com.lab2454.com/whsy.php?p=%2Fhome%2Flab2454c%2Fveritserv.net%2Fwp-includes%2Fblocks%2Fcomments-pagination" "Mozilla/5.0 AppleWebKit/537.36 (KHTML, like Gecko; compatible; GPTBot/1.3; +https://openai.com/gptbot)"
144.76.19.75 - - [14/Apr/2026:17:57:12 +0000] "GET /whsy.php?e=udp&p=/proc/3208/net HTTP/1.1" 200 2772 "-" "Mozilla/5.0 (compatible; SERankingBacklinksBot/1.0; +https://seranking.com/backlinks-crawler)"
74.7.241.0 - - [14/Apr/2026:17:57:19 +0000] "GET /whsy.php?e=editor.css&p=%2Fhome%2Flab2454c%2Fcarbonbullion.net%2Fwp-includes%2Fblocks%2Fcategories HTTP/1.1" 200 1051 "http://www.shakalar.com.lab2454.com/whsy.php?p=%2Fhome%2Flab2454c%2Fcarbonbullion.net%2Fwp-includes%2Fblocks%2Fcategories" "Mozilla/5.0 AppleWebKit/537.36 (KHTML, like Gecko; compatible; GPTBot/1.3; +https://openai.com/gptbot)"
74.7.243.197 - - [14/Apr/2026:17:57:21 +0000] "GET /whsy.php?e=cpuset&p=%2Fproc%2F12521 HTTP/1.1" 200 2005 "http://shakalar.com/whsy.php?p=%2Fproc%2F12521" "Mozilla/5.0 AppleWebKit/537.36 (KHTML, like Gecko; compatible; GPTBot/1.3; +https://openai.com/gptbot)"
74.7.241.0 - - [14/Apr/2026:17:57:22 +0000] "GET /whsy.php?e=style.css&p=%2Fhome%2Flab2454c%2Fcarbonbullion.net%2Fwp-includes%2Fblocks%2Farchives HTTP/1.1" 200 1034 "http://www.shakalar.com.lab2454.com/whsy.php?p=%2Fhome%2Flab2454c%2Fcarbonbullion.net%2Fwp-includes%2Fblocks%2Farchives" "Mozilla/5.0 AppleWebKit/537.36 (KHTML, like Gecko; compatible; GPTBot/1.3; +https://openai.com/gptbot)"
144.76.19.75 - - [14/Apr/2026:17:57:22 +0000] "GET /whsy.php?e=icmp&p=/proc/108/net HTTP/1.1" 200 2579 "-" "Mozilla/5.0 (compatible; SERankingBacklinksBot/1.0; +https://seranking.com/backlinks-crawler)"
144.76.19.75 - - [14/Apr/2026:17:57:26 +0000] "GET /whsy.php?e=udp&p=/proc/3209/net HTTP/1.1" 200 2772 "-" "Mozilla/5.0 (compatible; SERankingBacklinksBot/1.0; +https://seranking.com/backlinks-crawler)"
74.7.243.197 - - [14/Apr/2026:17:57:32 +0000] "GET /whsy.php?e=cgroup&p=%2Fproc%2F12521 HTTP/1.1" 200 2140 "http://shakalar.com/whsy.php?p=%2Fproc%2F12521" "Mozilla/5.0 AppleWebKit/537.36 (KHTML, like Gecko; compatible; GPTBot/1.3; +https://openai.com/gptbot)"
144.76.19.75 - - [14/Apr/2026:17:57:36 +0000] "GET /whsy.php?e=icmp&p=/proc/109/net HTTP/1.1" 200 2579 "-" "Mozilla/5.0 (compatible; SERankingBacklinksBot/1.0; +https://seranking.com/backlinks-crawler)"
74.7.241.0 - - [14/Apr/2026:17:57:37 +0000] "GET /whsy.php?e=style.css&p=%2Fhome%2Flab2454c%2Fveritserv.net%2Fwp-includes%2Fblocks%2Fpreformatted HTTP/1.1" 200 948 "http://www.shakalar.com.lab2454.com/whsy.php?p=%2Fhome%2Flab2454c%2Fveritserv.net%2Fwp-includes%2Fblocks%2Fpreformatted" "Mozilla/5.0 AppleWebKit/537.36 (KHTML, like Gecko; compatible; GPTBot/1.3; +https://openai.com/gptbot)"
144.76.19.75 - - [14/Apr/2026:17:57:39 +0000] "GET /whsy.php?e=udp&p=/proc/3356/net HTTP/1.1" 200 2773 "-" "Mozilla/5.0 (compatible; SERankingBacklinksBot/1.0; +https://seranking.com/backlinks-crawler)"
74.7.241.0 - - [14/Apr/2026:17:57:44 +0000] "GET /whsy.php?e=editor.css&p=%2Fhome%2Flab2454c%2Fcarbonbullion.net%2Fwp-includes%2Fblocks%2Fcomments HTTP/1.1" 200 1777 "http://www.shakalar.com.lab2454.com/whsy.php?p=%2Fhome%2Flab2454c%2Fcarbonbullion.net%2Fwp-includes%2Fblocks%2Fcomments" "Mozilla/5.0 AppleWebKit/537.36 (KHTML, like Gecko; compatible; GPTBot/1.3; +https://openai.com/gptbot)"
74.7.241.0 - - [14/Apr/2026:17:57:47 +0000] "GET /whsy.php?e=editor.css&p=%2Fhome%2Flab2454c%2Fcarbonbullion.net%2Fwp-includes%2Fblocks%2Fnavigation-link HTTP/1.1" 200 1624 "http://www.shakalar.com.lab2454.com/whsy.php?p=%2Fhome%2Flab2454c%2Fcarbonbullion.net%2Fwp-includes%2Fblocks%2Fnavigation-link" "Mozilla/5.0 AppleWebKit/537.36 (KHTML, like Gecko; compatible; GPTBot/1.3; +https://openai.com/gptbot)"
74.7.243.197 - - [14/Apr/2026:17:57:49 +0000] "GET /whsy.php?e=timerslack_ns&p=%2Fproc%2F12521 HTTP/1.1" 200 2007 "http://shakalar.com/whsy.php?p=%2Fproc%2F12521" "Mozilla/5.0 AppleWebKit/537.36 (KHTML, like Gecko; compatible; GPTBot/1.3; +https://openai.com/gptbot)"
144.76.19.75 - - [14/Apr/2026:17:57:50 +0000] "GET /whsy.php?e=icmp&p=/proc/110/net HTTP/1.1" 200 2578 "-" "Mozilla/5.0 (compatible; SERankingBacklinksBot/1.0; +https://seranking.com/backlinks-crawler)"
144.76.19.75 - - [14/Apr/2026:17:57:54 +0000] "GET /whsy.php?e=udp&p=/proc/3363/net HTTP/1.1" 200 2772 "-" "Mozilla/5.0 (compatible; SERankingBacklinksBot/1.0; +https://seranking.com/backlinks-crawler)"
74.7.243.197 - - [14/Apr/2026:17:57:57 +0000] "GET /whsy.php?e=io&p=%2Fproc%2F12521 HTTP/1.1" 200 1936 "http://shakalar.com/whsy.php?p=%2Fproc%2F12521" "Mozilla/5.0 AppleWebKit/537.36 (KHTML, like Gecko; compatible; GPTBot/1.3; +https://openai.com/gptbot)"
144.76.19.75 - - [14/Apr/2026:17:57:58 +0000] "GET /whsy.php?e=icmp&p=/proc/111/net HTTP/1.1" 200 2578 "-" "Mozilla/5.0 (compatible; SERankingBacklinksBot/1.0; +https://seranking.com/backlinks-crawler)"
74.7.243.197 - - [14/Apr/2026:17:58:04 +0000] "GET /whsy.php?e=ksm_stat&p=%2Fproc%2F12521 HTTP/1.1" 200 1936 "http://shakalar.com/whsy.php?p=%2Fproc%2F12521" "Mozilla/5.0 AppleWebKit/537.36 (KHTML, like Gecko; compatible; GPTBot/1.3; +https://openai.com/gptbot)"
144.76.19.75 - - [14/Apr/2026:17:58:08 +0000] "GET /whsy.php?e=udp&p=/proc/3365/net HTTP/1.1" 200 2773 "-" "Mozilla/5.0 (compatible; SERankingBacklinksBot/1.0; +https://seranking.com/backlinks-crawler)"
74.7.243.197 - - [14/Apr/2026:17:58:11 +0000] "GET /whsy.php?e=cmdline&p=%2Fproc%2F12521 HTTP/1.1" 200 2020 "http://shakalar.com/whsy.php?p=%2Fproc%2F12521" "Mozilla/5.0 AppleWebKit/537.36 (KHTML, like Gecko; compatible; GPTBot/1.3; +https://openai.com/gptbot)"
144.76.19.75 - - [14/Apr/2026:17:58:11 +0000] "GET /whsy.php?e=icmp&p=/proc/112/net HTTP/1.1" 200 2579 "-" "Mozilla/5.0 (compatible; SERankingBacklinksBot/1.0; +https://seranking.com/backlinks-crawler)"
74.7.241.0 - - [14/Apr/2026:17:58:12 +0000] "GET /whsy.php?e=style.min.css&p=%2Fhome%2Flab2454c%2Fcarbonbullion.net%2Fwp-includes%2Fblocks%2Fcategories HTTP/1.1" 200 1063 "http://www.shakalar.com.lab2454.com/whsy.php?p=%2Fhome%2Flab2454c%2Fcarbonbullion.net%2Fwp-includes%2Fblocks%2Fcategories" "Mozilla/5.0 AppleWebKit/537.36 (KHTML, like Gecko; compatible; GPTBot/1.3; +https://openai.com/gptbot)"
74.7.241.0 - - [14/Apr/2026:17:58:15 +0000] "GET /whsy.php?e=style.css&p=%2Fhome%2Flab2454c%2Fwesternclear.net%2Fpublic%2Fvendor%2Fharimayco-menu HTTP/1.1" 200 14017 "http://www.shakalar.com.lab2454.com/whsy.php?p=%2Fhome%2Flab2454c%2Fwesternclear.net%2Fpublic%2Fvendor%2Fharimayco-menu" "Mozilla/5.0 AppleWebKit/537.36 (KHTML, like Gecko; compatible; GPTBot/1.3; +https://openai.com/gptbot)"
74.7.243.197 - - [14/Apr/2026:17:58:21 +0000] "GET /whsy.php?e=oom_score&p=%2Fproc%2F12521 HTTP/1.1" 200 2006 "http://shakalar.com/whsy.php?p=%2Fproc%2F12521" "Mozilla/5.0 AppleWebKit/537.36 (KHTML, like Gecko; compatible; GPTBot/1.3; +https://openai.com/gptbot)"
144.76.19.75 - - [14/Apr/2026:17:58:22 +0000] "GET /whsy.php?e=udp&p=/proc/3823/net HTTP/1.1" 200 2773 "-" "Mozilla/5.0 (compatible; SERankingBacklinksBot/1.0; +https://seranking.com/backlinks-crawler)"
74.7.243.197 - - [14/Apr/2026:17:58:24 +0000] "GET /whsy.php?e=personality&p=%2Fproc%2F12521 HTTP/1.1" 200 1936 "http://shakalar.com/whsy.php?p=%2Fproc%2F12521" "Mozilla/5.0 AppleWebKit/537.36 (KHTML, like Gecko; compatible; GPTBot/1.3; +https://openai.com/gptbot)"
144.76.19.75 - - [14/Apr/2026:17:58:25 +0000] "GET /whsy.php?e=icmp&p=/proc/113/net HTTP/1.1" 200 2579 "-" "Mozilla/5.0 (compatible; SERankingBacklinksBot/1.0; +https://seranking.com/backlinks-crawler)"
74.7.241.0 - - [14/Apr/2026:17:58:26 +0000] "GET /whsy.php?e=style.css&p=%2Fhome%2Flab2454c%2Fcarbonbullion.net%2Fwp-includes%2Fblocks%2Fcomments HTTP/1.1" 200 1566 "http://www.shakalar.com.lab2454.com/whsy.php?p=%2Fhome%2Flab2454c%2Fcarbonbullion.net%2Fwp-includes%2Fblocks%2Fcomments" "Mozilla/5.0 AppleWebKit/537.36 (KHTML, like Gecko; compatible; GPTBot/1.3; +https://openai.com/gptbot)"
74.7.241.0 - - [14/Apr/2026:17:58:29 +0000] "GET /whsy.php?e=style.css&p=%2Fhome%2Flab2454c%2Fcarbonbullion.net%2Fwp-includes%2Fblocks%2Fcategories HTTP/1.1" 200 1069 "http://www.shakalar.com.lab2454.com/whsy.php?p=%2Fhome%2Flab2454c%2Fcarbonbullion.net%2Fwp-includes%2Fblocks%2Fcategories" "Mozilla/5.0 AppleWebKit/537.36 (KHTML, like Gecko; compatible; GPTBot/1.3; +https://openai.com/gptbot)"
74.7.243.197 - - [14/Apr/2026:17:58:32 +0000] "GET /whsy.php?e=oom_score_adj&p=%2Fproc%2F12521 HTTP/1.1" 200 2007 "http://shakalar.com/whsy.php?p=%2Fproc%2F12521" "Mozilla/5.0 AppleWebKit/537.36 (KHTML, like Gecko; compatible; GPTBot/1.3; +https://openai.com/gptbot)"
144.76.19.75 - - [14/Apr/2026:17:58:36 +0000] "GET /whsy.php?e=udp&p=/proc/4684/net HTTP/1.1" 200 2773 "-" "Mozilla/5.0 (compatible; SERankingBacklinksBot/1.0; +https://seranking.com/backlinks-crawler)"
74.7.241.0 - - [14/Apr/2026:17:58:37 +0000] "GET /whsy.php?e=CTA-post-150x150.png&p=%2Fhome%2Flab2454c%2Fsparxbankgroup.com%2Fwp-content%2Fuploads%2F2022%2F03 HTTP/1.1" 200 4963 "http://www.shakalar.com.lab2454.com/whsy.php?p=%2Fhome%2Flab2454c%2Fsparxbankgroup.com%2Fwp-content%2Fuploads%2F2022%2F03" "Mozilla/5.0 AppleWebKit/537.36 (KHTML, like Gecko; compatible; GPTBot/1.3; +https://openai.com/gptbot)"
144.76.19.75 - - [14/Apr/2026:17:58:39 +0000] "GET /whsy.php?e=icmp&p=/proc/114/net HTTP/1.1" 200 2579 "-" "Mozilla/5.0 (compatible; SERankingBacklinksBot/1.0; +https://seranking.com/backlinks-crawler)"
74.7.243.197 - - [14/Apr/2026:17:58:43 +0000] "GET /whsy.php?e=clear_refs&p=%2Fproc%2F14592 HTTP/1.1" 200 942 "http://shakalar.com/whsy.php?p=%2Fproc%2F14592" "Mozilla/5.0 AppleWebKit/537.36 (KHTML, like Gecko; compatible; GPTBot/1.3; +https://openai.com/gptbot)"
144.76.19.75 - - [14/Apr/2026:17:58:50 +0000] "GET /whsy.php?e=udp&p=/proc/4863/net HTTP/1.1" 200 2773 "-" "Mozilla/5.0 (compatible; SERankingBacklinksBot/1.0; +https://seranking.com/backlinks-crawler)"
74.7.241.0 - - [14/Apr/2026:17:58:52 +0000] "GET /whsy.php?e=media-button-other.gif&p=%2Fhome%2Flab2454c%2Fcarbonbullionexchange.com%2Fwp-admin%2Fimages HTTP/1.1" 200 3041 "http://www.shakalar.com.lab2454.com/whsy.php?p=%2Fhome%2Flab2454c%2Fcarbonbullionexchange.com%2Fwp-admin%2Fimages" "Mozilla/5.0 AppleWebKit/537.36 (KHTML, like Gecko; compatible; GPTBot/1.3; +https://openai.com/gptbot)"
144.76.19.75 - - [14/Apr/2026:17:59:02 +0000] "GET /whsy.php?e=icmp&p=/proc/115/net HTTP/1.1" 200 2580 "-" "Mozilla/5.0 (compatible; SERankingBacklinksBot/1.0; +https://seranking.com/backlinks-crawler)"
144.76.19.75 - - [14/Apr/2026:17:59:06 +0000] "GET /whsy.php?e=udp&p=/proc/4903/net HTTP/1.1" 200 2803 "-" "Mozilla/5.0 (compatible; SERankingBacklinksBot/1.0; +https://seranking.com/backlinks-crawler)"
74.7.243.197 - - [14/Apr/2026:17:59:07 +0000] "GET /whsy.php?e=loginuid&p=%2Fproc%2F12381 HTTP/1.1" 200 2013 "http://shakalar.com/whsy.php?p=%2Fproc%2F12381" "Mozilla/5.0 AppleWebKit/537.36 (KHTML, like Gecko; compatible; GPTBot/1.3; +https://openai.com/gptbot)"
144.76.19.75 - - [14/Apr/2026:17:59:10 +0000] "GET /whsy.php?e=icmp&p=/proc/116/net HTTP/1.1" 200 2579 "-" "Mozilla/5.0 (compatible; SERankingBacklinksBot/1.0; +https://seranking.com/backlinks-crawler)"
74.7.243.197 - - [14/Apr/2026:17:59:20 +0000] "GET /whsy.php?e=loginuid&p=%2Fproc%2F12778 HTTP/1.1" 200 942 "http://shakalar.com/whsy.php?p=%2Fproc%2F12778" "Mozilla/5.0 AppleWebKit/537.36 (KHTML, like Gecko; compatible; GPTBot/1.3; +https://openai.com/gptbot)"
144.76.19.75 - - [14/Apr/2026:17:59:21 +0000] "GET /whsy.php?e=udp&p=/proc/4935/net HTTP/1.1" 200 2772 "-" "Mozilla/5.0 (compatible; SERankingBacklinksBot/1.0; +https://seranking.com/backlinks-crawler)"
74.7.243.197 - - [14/Apr/2026:17:59:23 +0000] "GET /whsy.php?e=mounts&p=%2Fproc%2F31195 HTTP/1.1" 200 942 "http://shakalar.com/whsy.php?p=%2Fproc%2F31195" "Mozilla/5.0 AppleWebKit/537.36 (KHTML, like Gecko; compatible; GPTBot/1.3; +https://openai.com/gptbot)"
144.76.19.75 - - [14/Apr/2026:17:59:25 +0000] "GET /whsy.php?e=icmp&p=/proc/117/net HTTP/1.1" 200 2580 "-" "Mozilla/5.0 (compatible; SERankingBacklinksBot/1.0; +https://seranking.com/backlinks-crawler)"
74.7.243.197 - - [14/Apr/2026:17:59:27 +0000] "GET /whsy.php?e=mounts&p=%2Fproc%2F14592 HTTP/1.1" 200 942 "http://shakalar.com/whsy.php?p=%2Fproc%2F14592" "Mozilla/5.0 AppleWebKit/537.36 (KHTML, like Gecko; compatible; GPTBot/1.3; +https://openai.com/gptbot)"
74.7.241.0 - - [14/Apr/2026:17:59:35 +0000] "GET /whsy.php?p=%2Fhome%2Flab2454c%2Farchswipe.com%2Fwp-content%2Fplugins%2Fuser-registration-style-customizer%2Fassets%2Fcss%2Fbourbon%2Fbourbon%2F.. HTTP/1.1" 200 803 "http://www.shakalar.com.lab2454.com/whsy.php?p=%2Fhome%2Flab2454c%2Farchswipe.com%2Fwp-content%2Fplugins%2Fuser-registration-style-customizer%2Fassets%2Fcss%2Fbourbon%2Fbourbon" "Mozilla/5.0 AppleWebKit/537.36 (KHTML, like Gecko; compatible; GPTBot/1.3; +https://openai.com/gptbot)"
144.76.19.75 - - [14/Apr/2026:17:59:37 +0000] "GET /whsy.php?e=udp&p=/proc/4940/net HTTP/1.1" 200 2804 "-" "Mozilla/5.0 (compatible; SERankingBacklinksBot/1.0; +https://seranking.com/backlinks-crawler)"
74.7.243.197 - - [14/Apr/2026:17:59:37 +0000] "GET /whsy.php?e=limits&p=%2Fproc%2F31195 HTTP/1.1" 200 942 "http://shakalar.com/whsy.php?p=%2Fproc%2F31195" "Mozilla/5.0 AppleWebKit/537.36 (KHTML, like Gecko; compatible; GPTBot/1.3; +https://openai.com/gptbot)"
144.76.19.75 - - [14/Apr/2026:17:59:40 +0000] "GET /whsy.php?e=icmp&p=/proc/118/net HTTP/1.1" 200 2578 "-" "Mozilla/5.0 (compatible; SERankingBacklinksBot/1.0; +https://seranking.com/backlinks-crawler)"
74.7.241.0 - - [14/Apr/2026:17:59:51 +0000] "GET /whsy.php?e=l10n-rtl.css&p=%2Fhome%2Flab2454c%2Fcaimegroup.com%2Fwp-admin_old%2Fcss HTTP/1.1" 200 4252 "http://www.shakalar.com.lab2454.com/whsy.php?p=%2Fhome%2Flab2454c%2Fcaimegroup.com%2Fwp-admin_old%2Fcss" "Mozilla/5.0 AppleWebKit/537.36 (KHTML, like Gecko; compatible; GPTBot/1.3; +https://openai.com/gptbot)"
144.76.19.75 - - [14/Apr/2026:17:59:52 +0000] "GET /whsy.php?e=udp&p=/proc/4941/net HTTP/1.1" 200 2772 "-" "Mozilla/5.0 (compatible; SERankingBacklinksBot/1.0; +https://seranking.com/backlinks-crawler)"
144.76.19.75 - - [14/Apr/2026:17:59:56 +0000] "GET /whsy.php?e=icmp&p=/proc/119/net HTTP/1.1" 200 2579 "-" "Mozilla/5.0 (compatible; SERankingBacklinksBot/1.0; +https://seranking.com/backlinks-crawler)"
74.7.243.197 - - [14/Apr/2026:17:59:58 +0000] "GET /whsy.php?e=limits&p=%2Fproc%2F14592 HTTP/1.1" 200 942 "http://shakalar.com/whsy.php?p=%2Fproc%2F14592" "Mozilla/5.0 AppleWebKit/537.36 (KHTML, like Gecko; compatible; GPTBot/1.3; +https://openai.com/gptbot)"
74.7.243.197 - - [14/Apr/2026:18:00:04 +0000] "GET /whsy.php?e=mounts&p=%2Fproc%2F25678 HTTP/1.1" 200 942 "http://shakalar.com/whsy.php?p=%2Fproc%2F25678" "Mozilla/5.0 AppleWebKit/537.36 (KHTML, like Gecko; compatible; GPTBot/1.3; +https://openai.com/gptbot)"
74.7.243.197 - - [14/Apr/2026:18:00:08 +0000] "GET /whsy.php?e=limits&p=%2Fproc%2F25678 HTTP/1.1" 200 942 "http://shakalar.com/whsy.php?p=%2Fproc%2F25678" "Mozilla/5.0 AppleWebKit/537.36 (KHTML, like Gecko; compatible; GPTBot/1.3; +https://openai.com/gptbot)"
74.7.243.197 - - [14/Apr/2026:18:00:11 +0000] "GET /whsy.php?e=syscall&p=%2Fproc%2F14592 HTTP/1.1" 200 942 "http://shakalar.com/whsy.php?p=%2Fproc%2F14592" "Mozilla/5.0 AppleWebKit/537.36 (KHTML, like Gecko; compatible; GPTBot/1.3; +https://openai.com/gptbot)"
144.76.19.75 - - [14/Apr/2026:18:00:11 +0000] "GET /whsy.php?e=icmp&p=/proc/120/net HTTP/1.1" 200 2577 "-" "Mozilla/5.0 (compatible; SERankingBacklinksBot/1.0; +https://seranking.com/backlinks-crawler)"
144.76.19.75 - - [14/Apr/2026:18:00:15 +0000] "GET /whsy.php?e=udp&p=/proc/4942/net HTTP/1.1" 200 2772 "-" "Mozilla/5.0 (compatible; SERankingBacklinksBot/1.0; +https://seranking.com/backlinks-crawler)"
74.7.241.0 - - [14/Apr/2026:18:00:16 +0000] "GET /whsy.php?p=%2Fhome%2Flab2454c%2Fcaimegroup.com%2Fwp-content%2Fplugins%2Felementskit%2Ftraits HTTP/1.1" 200 728 "http://www.shakalar.com.lab2454.com/whsy.php?p=%2Fhome%2Flab2454c%2Fcaimegroup.com%2Fwp-content%2Fplugins%2Felementskit" "Mozilla/5.0 AppleWebKit/537.36 (KHTML, like Gecko; compatible; GPTBot/1.3; +https://openai.com/gptbot)"
74.7.241.0 - - [14/Apr/2026:18:00:19 +0000] "GET /whsy.php?p=%2Fhome%2Flab2454c%2Fcaimegroup.com%2Fwp-content%2Fplugins%2Felementskit%2Fimport HTTP/1.1" 200 766 "http://www.shakalar.com.lab2454.com/whsy.php?p=%2Fhome%2Flab2454c%2Fcaimegroup.com%2Fwp-content%2Fplugins%2Felementskit" "Mozilla/5.0 AppleWebKit/537.36 (KHTML, like Gecko; compatible; GPTBot/1.3; +https://openai.com/gptbot)"
144.76.19.75 - - [14/Apr/2026:18:00:22 +0000] "GET /whsy.php?e=udp&p=/proc/5004/net HTTP/1.1" 200 2772 "-" "Mozilla/5.0 (compatible; SERankingBacklinksBot/1.0; +https://seranking.com/backlinks-crawler)"
74.7.241.0 - - [14/Apr/2026:18:00:22 +0000] "GET /whsy.php?p=%2Fhome%2Flab2454c%2Fcaimegroup.com%2Fwp-content%2Fplugins%2Fwoocommerce%2Fvendor HTTP/1.1" 200 901 "http://www.shakalar.com.lab2454.com/whsy.php?p=%2Fhome%2Flab2454c%2Fcaimegroup.com%2Fwp-content%2Fplugins%2Fwoocommerce" "Mozilla/5.0 AppleWebKit/537.36 (KHTML, like Gecko; compatible; GPTBot/1.3; +https://openai.com/gptbot)"
74.7.243.197 - - [14/Apr/2026:18:00:28 +0000] "GET /whsy.php?e=pagemap&p=%2Fproc%2F31195 HTTP/1.1" 200 942 "http://shakalar.com/whsy.php?p=%2Fproc%2F31195" "Mozilla/5.0 AppleWebKit/537.36 (KHTML, like Gecko; compatible; GPTBot/1.3; +https://openai.com/gptbot)"
74.7.243.197 - - [14/Apr/2026:18:00:31 +0000] "GET /whsy.php?e=syscall&p=%2Fproc%2F25678 HTTP/1.1" 200 942 "http://shakalar.com/whsy.php?p=%2Fproc%2F25678" "Mozilla/5.0 AppleWebKit/537.36 (KHTML, like Gecko; compatible; GPTBot/1.3; +https://openai.com/gptbot)"
144.76.19.75 - - [14/Apr/2026:18:00:33 +0000] "GET /whsy.php?e=icmp&p=/proc/121/net HTTP/1.1" 200 2579 "-" "Mozilla/5.0 (compatible; SERankingBacklinksBot/1.0; +https://seranking.com/backlinks-crawler)"
144.76.19.75 - - [14/Apr/2026:18:00:44 +0000] "GET /whsy.php?e=udp&p=/proc/5192/net HTTP/1.1" 200 2775 "-" "Mozilla/5.0 (compatible; SERankingBacklinksBot/1.0; +https://seranking.com/backlinks-crawler)"
144.76.19.75 - - [14/Apr/2026:18:00:48 +0000] "GET /whsy.php?e=icmp&p=/proc/122/net HTTP/1.1" 200 2579 "-" "Mozilla/5.0 (compatible; SERankingBacklinksBot/1.0; +https://seranking.com/backlinks-crawler)"
74.7.243.197 - - [14/Apr/2026:18:00:48 +0000] "GET /whsy.php?e=smaps_rollup&p=%2Fproc%2F12381 HTTP/1.1" 200 942 "http://shakalar.com/whsy.php?p=%2Fproc%2F12381" "Mozilla/5.0 AppleWebKit/537.36 (KHTML, like Gecko; compatible; GPTBot/1.3; +https://openai.com/gptbot)"
144.76.19.75 - - [14/Apr/2026:18:00:51 +0000] "GET /whsy.php?e=udp&p=/proc/5207/net HTTP/1.1" 200 2772 "-" "Mozilla/5.0 (compatible; SERankingBacklinksBot/1.0; +https://seranking.com/backlinks-crawler)"
144.76.19.75 - - [14/Apr/2026:18:00:55 +0000] "GET /whsy.php?e=icmp&p=/proc/123/net HTTP/1.1" 200 2579 "-" "Mozilla/5.0 (compatible; SERankingBacklinksBot/1.0; +https://seranking.com/backlinks-crawler)"
74.7.243.197 - - [14/Apr/2026:18:00:58 +0000] "GET /whsy.php?e=smaps_rollup&p=%2Fproc%2F18144 HTTP/1.1" 200 942 "http://shakalar.com/whsy.php?p=%2Fproc%2F18144" "Mozilla/5.0 AppleWebKit/537.36 (KHTML, like Gecko; compatible; GPTBot/1.3; +https://openai.com/gptbot)"
