74.7.243.197 - - [14/Apr/2026:18:01:03 +0000] "GET /whsy.php?e=smaps_rollup&p=%2Fproc%2F14592 HTTP/1.1" 200 942 "http://shakalar.com/whsy.php?p=%2Fproc%2F14592" "Mozilla/5.0 AppleWebKit/537.36 (KHTML, like Gecko; compatible; GPTBot/1.3; +https://openai.com/gptbot)"
144.76.19.75 - - [14/Apr/2026:18:01:06 +0000] "GET /whsy.php?e=udp&p=/proc/5800/net HTTP/1.1" 200 2771 "-" "Mozilla/5.0 (compatible; SERankingBacklinksBot/1.0; +https://seranking.com/backlinks-crawler)"
74.7.243.197 - - [14/Apr/2026:18:01:08 +0000] "GET /whsy.php?e=timens_offsets&p=%2Fproc%2F12521 HTTP/1.1" 200 2022 "http://shakalar.com/whsy.php?p=%2Fproc%2F12521" "Mozilla/5.0 AppleWebKit/537.36 (KHTML, like Gecko; compatible; GPTBot/1.3; +https://openai.com/gptbot)"
74.7.241.0 - - [14/Apr/2026:18:01:09 +0000] "GET /whsy.php?p=%2Fhome%2Flab2454c%2Fcaimegroup.com%2Fwp-content%2Fplugins%2Fwoocommerce%2Fvendor%2Fmaxmind-db HTTP/1.1" 200 576 "http://www.shakalar.com.lab2454.com/whsy.php?p=%2Fhome%2Flab2454c%2Fcaimegroup.com%2Fwp-content%2Fplugins%2Fwoocommerce%2Fvendor" "Mozilla/5.0 AppleWebKit/537.36 (KHTML, like Gecko; compatible; GPTBot/1.3; +https://openai.com/gptbot)"
144.76.19.75 - - [14/Apr/2026:18:01:10 +0000] "GET /whsy.php?e=icmp&p=/proc/124/net HTTP/1.1" 200 2579 "-" "Mozilla/5.0 (compatible; SERankingBacklinksBot/1.0; +https://seranking.com/backlinks-crawler)"
74.7.241.0 - - [14/Apr/2026:18:01:13 +0000] "GET /whsy.php?p=%2Fhome%2Flab2454c%2Fcaimegroup.com%2Fwp-content%2Fplugins%2Fwoocommerce%2Fvendor%2Fcomposer HTTP/1.1" 200 1207 "http://www.shakalar.com.lab2454.com/whsy.php?p=%2Fhome%2Flab2454c%2Fcaimegroup.com%2Fwp-content%2Fplugins%2Fwoocommerce%2Fvendor" "Mozilla/5.0 AppleWebKit/537.36 (KHTML, like Gecko; compatible; GPTBot/1.3; +https://openai.com/gptbot)"
74.7.241.0 - - [14/Apr/2026:18:01:16 +0000] "GET /whsy.php?e=autoload_packages.php&p=%2Fhome%2Flab2454c%2Fcaimegroup.com%2Fwp-content%2Fplugins%2Fwoocommerce%2Fvendor HTTP/1.1" 200 1121 "http://www.shakalar.com.lab2454.com/whsy.php?p=%2Fhome%2Flab2454c%2Fcaimegroup.com%2Fwp-content%2Fplugins%2Fwoocommerce%2Fvendor" "Mozilla/5.0 AppleWebKit/537.36 (KHTML, like Gecko; compatible; GPTBot/1.3; +https://openai.com/gptbot)"
144.76.19.75 - - [14/Apr/2026:18:01:21 +0000] "GET /whsy.php?e=udp&p=/proc/5930/net HTTP/1.1" 200 2772 "-" "Mozilla/5.0 (compatible; SERankingBacklinksBot/1.0; +https://seranking.com/backlinks-crawler)"
144.76.19.75 - - [14/Apr/2026:18:01:24 +0000] "GET /whsy.php?e=icmp&p=/proc/125/net HTTP/1.1" 200 2580 "-" "Mozilla/5.0 (compatible; SERankingBacklinksBot/1.0; +https://seranking.com/backlinks-crawler)"
74.7.241.0 - - [14/Apr/2026:18:01:26 +0000] "GET /whsy.php?p=%2Fhome%2Flab2454c%2Figpma.com%2Fwp-content%2Fplugins%2Fwoocommerce%2Flib HTTP/1.1" 200 555 "http://www.shakalar.com.lab2454.com/whsy.php?p=%2Fhome%2Flab2454c%2Figpma.com%2Fwp-content%2Fplugins%2Fwoocommerce" "Mozilla/5.0 AppleWebKit/537.36 (KHTML, like Gecko; compatible; GPTBot/1.3; +https://openai.com/gptbot)"
74.7.243.197 - - [14/Apr/2026:18:01:29 +0000] "GET /whsy.php?e=smaps_rollup&p=%2Fproc%2F25678 HTTP/1.1" 200 942 "http://shakalar.com/whsy.php?p=%2Fproc%2F25678" "Mozilla/5.0 AppleWebKit/537.36 (KHTML, like Gecko; compatible; GPTBot/1.3; +https://openai.com/gptbot)"
74.7.243.197 - - [14/Apr/2026:18:01:32 +0000] "GET /whsy.php?e=smaps_rollup&p=%2Fproc%2F12778 HTTP/1.1" 200 942 "http://shakalar.com/whsy.php?p=%2Fproc%2F12778" "Mozilla/5.0 AppleWebKit/537.36 (KHTML, like Gecko; compatible; GPTBot/1.3; +https://openai.com/gptbot)"
74.7.241.0 - - [14/Apr/2026:18:01:33 +0000] "GET /whsy.php?p=%2Fhome%2Flab2454c%2Fcaimegroup.com%2Fwp-content%2Fuploads%2Fwpcode%2Fcache HTTP/1.1" 200 767 "http://www.shakalar.com.lab2454.com/whsy.php?p=%2Fhome%2Flab2454c%2Fcaimegroup.com%2Fwp-content%2Fuploads%2Fwpcode" "Mozilla/5.0 AppleWebKit/537.36 (KHTML, like Gecko; compatible; GPTBot/1.3; +https://openai.com/gptbot)"
74.7.243.197 - - [14/Apr/2026:18:01:39 +0000] "GET /whsy.php?e=io&p=%2Fproc%2F25678 HTTP/1.1" 200 942 "http://shakalar.com/whsy.php?p=%2Fproc%2F25678" "Mozilla/5.0 AppleWebKit/537.36 (KHTML, like Gecko; compatible; GPTBot/1.3; +https://openai.com/gptbot)"
144.76.19.75 - - [14/Apr/2026:18:01:42 +0000] "GET /whsy.php?e=udp&p=/proc/6023/net HTTP/1.1" 200 2772 "-" "Mozilla/5.0 (compatible; SERankingBacklinksBot/1.0; +https://seranking.com/backlinks-crawler)"
74.7.241.0 - - [14/Apr/2026:18:01:44 +0000] "GET /whsy.php?e=nested-accordion.294d40984397351fd0f5.bundle.min.js&p=%2Fhome%2Flab2454c%2Fargowells.com%2Fwp-content%2Fplugins%2Felementor%2Fassets%2Fjs HTTP/1.1" 200 16791 "http://www.shakalar.com.lab2454.com/whsy.php?p=%2Fhome%2Flab2454c%2Fargowells.com%2Fwp-content%2Fplugins%2Felementor%2Fassets%2Fjs" "Mozilla/5.0 AppleWebKit/537.36 (KHTML, like Gecko; compatible; GPTBot/1.3; +https://openai.com/gptbot)"
144.76.19.75 - - [14/Apr/2026:18:01:46 +0000] "GET /whsy.php?e=icmp&p=/proc/126/net HTTP/1.1" 200 2579 "-" "Mozilla/5.0 (compatible; SERankingBacklinksBot/1.0; +https://seranking.com/backlinks-crawler)"
74.7.243.197 - - [14/Apr/2026:18:01:50 +0000] "GET /whsy.php?e=io&p=%2Fproc%2F31195 HTTP/1.1" 200 942 "http://shakalar.com/whsy.php?p=%2Fproc%2F31195" "Mozilla/5.0 AppleWebKit/537.36 (KHTML, like Gecko; compatible; GPTBot/1.3; +https://openai.com/gptbot)"
74.7.241.0 - - [14/Apr/2026:18:01:51 +0000] "GET /whsy.php?e=ClassLoader.php&p=%2Fhome%2Flab2454c%2Fcaimegroup.com%2Fwp-content%2Fplugins%2Fwoocommerce%2Fvendor%2Fcomposer HTTP/1.1" 200 4757 "http://www.shakalar.com.lab2454.com/whsy.php?p=%2Fhome%2Flab2454c%2Fcaimegroup.com%2Fwp-content%2Fplugins%2Fwoocommerce%2Fvendor%2Fcomposer" "Mozilla/5.0 AppleWebKit/537.36 (KHTML, like Gecko; compatible; GPTBot/1.3; +https://openai.com/gptbot)"
74.7.241.0 - - [14/Apr/2026:18:01:55 +0000] "GET /whsy.php?e=InstalledVersions.php&p=%2Fhome%2Flab2454c%2Fcaimegroup.com%2Fwp-content%2Fplugins%2Fwoocommerce%2Fvendor%2Fcomposer HTTP/1.1" 200 4212 "http://www.shakalar.com.lab2454.com/whsy.php?p=%2Fhome%2Flab2454c%2Fcaimegroup.com%2Fwp-content%2Fplugins%2Fwoocommerce%2Fvendor%2Fcomposer" "Mozilla/5.0 AppleWebKit/537.36 (KHTML, like Gecko; compatible; GPTBot/1.3; +https://openai.com/gptbot)"
144.76.19.75 - - [14/Apr/2026:18:01:56 +0000] "GET /whsy.php?e=udp&p=/proc/6231/net HTTP/1.1" 200 2772 "-" "Mozilla/5.0 (compatible; SERankingBacklinksBot/1.0; +https://seranking.com/backlinks-crawler)"
74.7.243.197 - - [14/Apr/2026:18:01:57 +0000] "GET /whsy.php?e=io&p=%2Fproc%2F14592 HTTP/1.1" 200 942 "http://shakalar.com/whsy.php?p=%2Fproc%2F14592" "Mozilla/5.0 AppleWebKit/537.36 (KHTML, like Gecko; compatible; GPTBot/1.3; +https://openai.com/gptbot)"
74.7.241.0 - - [14/Apr/2026:18:01:59 +0000] "GET /whsy.php?e=autoload_namespaces.php&p=%2Fhome%2Flab2454c%2Fcaimegroup.com%2Fwp-content%2Fplugins%2Fwoocommerce%2Fvendor%2Fcomposer HTTP/1.1" 200 1397 "http://www.shakalar.com.lab2454.com/whsy.php?p=%2Fhome%2Flab2454c%2Fcaimegroup.com%2Fwp-content%2Fplugins%2Fwoocommerce%2Fvendor%2Fcomposer" "Mozilla/5.0 AppleWebKit/537.36 (KHTML, like Gecko; compatible; GPTBot/1.3; +https://openai.com/gptbot)"
144.76.19.75 - - [14/Apr/2026:18:01:59 +0000] "GET /whsy.php?e=icmp&p=/proc/127/net HTTP/1.1" 200 2580 "-" "Mozilla/5.0 (compatible; SERankingBacklinksBot/1.0; +https://seranking.com/backlinks-crawler)"
74.7.243.197 - - [14/Apr/2026:18:02:01 +0000] "GET /whsy.php?e=pagemap&p=%2Fproc%2F14592 HTTP/1.1" 200 942 "http://shakalar.com/whsy.php?p=%2Fproc%2F14592" "Mozilla/5.0 AppleWebKit/537.36 (KHTML, like Gecko; compatible; GPTBot/1.3; +https://openai.com/gptbot)"
144.76.19.75 - - [14/Apr/2026:18:02:02 +0000] "GET /whsy.php?e=udp&p=/proc/6233/net HTTP/1.1" 200 942 "-" "Mozilla/5.0 (compatible; SERankingBacklinksBot/1.0; +https://seranking.com/backlinks-crawler)"
74.7.243.197 - - [14/Apr/2026:18:02:05 +0000] "GET /whsy.php?e=syscall&p=%2Fproc%2F18144 HTTP/1.1" 200 942 "http://shakalar.com/whsy.php?p=%2Fproc%2F18144" "Mozilla/5.0 AppleWebKit/537.36 (KHTML, like Gecko; compatible; GPTBot/1.3; +https://openai.com/gptbot)"
144.76.19.75 - - [14/Apr/2026:18:02:06 +0000] "GET /whsy.php?e=icmp&p=/proc/129/net HTTP/1.1" 200 2579 "-" "Mozilla/5.0 (compatible; SERankingBacklinksBot/1.0; +https://seranking.com/backlinks-crawler)"
74.7.243.197 - - [14/Apr/2026:18:02:11 +0000] "GET /whsy.php?e=pagemap&p=%2Fproc%2F25678 HTTP/1.1" 200 942 "http://shakalar.com/whsy.php?p=%2Fproc%2F25678" "Mozilla/5.0 AppleWebKit/537.36 (KHTML, like Gecko; compatible; GPTBot/1.3; +https://openai.com/gptbot)"
144.76.19.75 - - [14/Apr/2026:18:02:16 +0000] "GET /whsy.php?e=udp&p=/proc/6234/net HTTP/1.1" 200 942 "-" "Mozilla/5.0 (compatible; SERankingBacklinksBot/1.0; +https://seranking.com/backlinks-crawler)"
74.7.241.0 - - [14/Apr/2026:18:02:17 +0000] "GET /whsy.php?p=%2Fhome%2Flab2454c%2Fcaimegroup.com%2Fwp-content%2Fuploads%2Fwpcode%2Fcache%2Flibrary HTTP/1.1" 200 770 "http://www.shakalar.com.lab2454.com/whsy.php?p=%2Fhome%2Flab2454c%2Fcaimegroup.com%2Fwp-content%2Fuploads%2Fwpcode%2Fcache" "Mozilla/5.0 AppleWebKit/537.36 (KHTML, like Gecko; compatible; GPTBot/1.3; +https://openai.com/gptbot)"
144.76.19.75 - - [14/Apr/2026:18:02:19 +0000] "GET /whsy.php?e=icmp&p=/proc/131/net HTTP/1.1" 200 2579 "-" "Mozilla/5.0 (compatible; SERankingBacklinksBot/1.0; +https://seranking.com/backlinks-crawler)"
144.76.19.75 - - [14/Apr/2026:18:02:30 +0000] "GET /whsy.php?e=udp&p=/proc/6235/net HTTP/1.1" 200 942 "-" "Mozilla/5.0 (compatible; SERankingBacklinksBot/1.0; +https://seranking.com/backlinks-crawler)"
74.7.243.197 - - [14/Apr/2026:18:02:32 +0000] "GET /whsy.php?e=mountstats&p=%2Fproc%2F12521 HTTP/1.1" 200 1936 "http://shakalar.com/whsy.php?p=%2Fproc%2F12521" "Mozilla/5.0 AppleWebKit/537.36 (KHTML, like Gecko; compatible; GPTBot/1.3; +https://openai.com/gptbot)"
144.76.19.75 - - [14/Apr/2026:18:02:33 +0000] "GET /whsy.php?e=icmp&p=/proc/132/net HTTP/1.1" 200 2579 "-" "Mozilla/5.0 (compatible; SERankingBacklinksBot/1.0; +https://seranking.com/backlinks-crawler)"
74.7.243.197 - - [14/Apr/2026:18:02:39 +0000] "GET /whsy.php?e=syscall&p=%2Fproc%2F12381 HTTP/1.1" 200 942 "http://shakalar.com/whsy.php?p=%2Fproc%2F12381" "Mozilla/5.0 AppleWebKit/537.36 (KHTML, like Gecko; compatible; GPTBot/1.3; +https://openai.com/gptbot)"
74.7.243.197 - - [14/Apr/2026:18:02:42 +0000] "GET /whsy.php?e=environ&p=%2Fproc%2F12521 HTTP/1.1" 200 1936 "http://shakalar.com/whsy.php?p=%2Fproc%2F12521" "Mozilla/5.0 AppleWebKit/537.36 (KHTML, like Gecko; compatible; GPTBot/1.3; +https://openai.com/gptbot)"
144.76.19.75 - - [14/Apr/2026:18:02:50 +0000] "GET /whsy.php?e=udp&p=/proc/6236/net HTTP/1.1" 200 942 "-" "Mozilla/5.0 (compatible; SERankingBacklinksBot/1.0; +https://seranking.com/backlinks-crawler)"
74.7.243.197 - - [14/Apr/2026:18:02:50 +0000] "GET /whsy.php?e=pagemap&p=%2Fproc%2F18144 HTTP/1.1" 200 942 "http://shakalar.com/whsy.php?p=%2Fproc%2F18144" "Mozilla/5.0 AppleWebKit/537.36 (KHTML, like Gecko; compatible; GPTBot/1.3; +https://openai.com/gptbot)"
144.76.19.75 - - [14/Apr/2026:18:02:53 +0000] "GET /whsy.php?e=icmp&p=/proc/133/net HTTP/1.1" 200 2579 "-" "Mozilla/5.0 (compatible; SERankingBacklinksBot/1.0; +https://seranking.com/backlinks-crawler)"
144.76.19.75 - - [14/Apr/2026:18:03:00 +0000] "GET /whsy.php?e=icmp&p=/proc/134/net HTTP/1.1" 200 2579 "-" "Mozilla/5.0 (compatible; SERankingBacklinksBot/1.0; +https://seranking.com/backlinks-crawler)"
144.76.19.75 - - [14/Apr/2026:18:03:03 +0000] "GET /whsy.php?e=pfkey&p=/proc/3204/net HTTP/1.1" 200 2533 "-" "Mozilla/5.0 (compatible; SERankingBacklinksBot/1.0; +https://seranking.com/backlinks-crawler)"
144.76.19.75 - - [14/Apr/2026:18:03:07 +0000] "GET /whsy.php?e=udp&p=/proc/6237/net HTTP/1.1" 200 942 "-" "Mozilla/5.0 (compatible; SERankingBacklinksBot/1.0; +https://seranking.com/backlinks-crawler)"
74.7.243.197 - - [14/Apr/2026:18:03:07 +0000] "GET /whsy.php?e=syscall&p=%2Fproc%2F12778 HTTP/1.1" 200 942 "http://shakalar.com/whsy.php?p=%2Fproc%2F12778" "Mozilla/5.0 AppleWebKit/537.36 (KHTML, like Gecko; compatible; GPTBot/1.3; +https://openai.com/gptbot)"
144.76.19.75 - - [14/Apr/2026:18:03:13 +0000] "GET /whsy.php?e=udp&p=/proc/6238/net HTTP/1.1" 200 942 "-" "Mozilla/5.0 (compatible; SERankingBacklinksBot/1.0; +https://seranking.com/backlinks-crawler)"
74.7.243.197 - - [14/Apr/2026:18:03:14 +0000] "GET /whsy.php?e=smaps_rollup&p=%2Fproc%2F12521 HTTP/1.1" 200 2119 "http://shakalar.com/whsy.php?p=%2Fproc%2F12521" "Mozilla/5.0 AppleWebKit/537.36 (KHTML, like Gecko; compatible; GPTBot/1.3; +https://openai.com/gptbot)"
144.76.19.75 - - [14/Apr/2026:18:03:17 +0000] "GET /whsy.php?e=icmp&p=/proc/135/net HTTP/1.1" 200 2580 "-" "Mozilla/5.0 (compatible; SERankingBacklinksBot/1.0; +https://seranking.com/backlinks-crawler)"
144.76.19.75 - - [14/Apr/2026:18:03:27 +0000] "GET /whsy.php?e=udp6&p=/proc/100/net HTTP/1.1" 200 2678 "-" "Mozilla/5.0 (compatible; SERankingBacklinksBot/1.0; +https://seranking.com/backlinks-crawler)"
74.7.243.197 - - [14/Apr/2026:18:03:28 +0000] "GET /whsy.php?e=comm&p=%2Fproc%2F25678 HTTP/1.1" 200 942 "http://shakalar.com/whsy.php?p=%2Fproc%2F25678" "Mozilla/5.0 AppleWebKit/537.36 (KHTML, like Gecko; compatible; GPTBot/1.3; +https://openai.com/gptbot)"
144.76.19.75 - - [14/Apr/2026:18:03:31 +0000] "GET /whsy.php?e=icmp&p=/proc/136/net HTTP/1.1" 200 2579 "-" "Mozilla/5.0 (compatible; SERankingBacklinksBot/1.0; +https://seranking.com/backlinks-crawler)"
74.7.243.197 - - [14/Apr/2026:18:03:32 +0000] "GET /whsy.php?e=maps&p=%2Fproc%2F14592 HTTP/1.1" 200 942 "http://shakalar.com/whsy.php?p=%2Fproc%2F14592" "Mozilla/5.0 AppleWebKit/537.36 (KHTML, like Gecko; compatible; GPTBot/1.3; +https://openai.com/gptbot)"
74.7.243.197 - - [14/Apr/2026:18:03:35 +0000] "GET /whsy.php?e=maps&p=%2Fproc%2F25678 HTTP/1.1" 200 942 "http://shakalar.com/whsy.php?p=%2Fproc%2F25678" "Mozilla/5.0 AppleWebKit/537.36 (KHTML, like Gecko; compatible; GPTBot/1.3; +https://openai.com/gptbot)"
144.76.19.75 - - [14/Apr/2026:18:03:41 +0000] "GET /whsy.php?e=udp6&p=/proc/101/net HTTP/1.1" 200 2680 "-" "Mozilla/5.0 (compatible; SERankingBacklinksBot/1.0; +https://seranking.com/backlinks-crawler)"
144.76.19.75 - - [14/Apr/2026:18:03:44 +0000] "GET /whsy.php?e=icmp&p=/proc/137/net HTTP/1.1" 200 2580 "-" "Mozilla/5.0 (compatible; SERankingBacklinksBot/1.0; +https://seranking.com/backlinks-crawler)"
74.7.243.197 - - [14/Apr/2026:18:03:50 +0000] "GET /whsy.php?e=stat&p=%2Fproc%2F12778 HTTP/1.1" 200 942 "http://shakalar.com/whsy.php?p=%2Fproc%2F12778" "Mozilla/5.0 AppleWebKit/537.36 (KHTML, like Gecko; compatible; GPTBot/1.3; +https://openai.com/gptbot)"
144.76.19.75 - - [14/Apr/2026:18:03:55 +0000] "GET /whsy.php?e=udp6&p=/proc/102/net HTTP/1.1" 200 2680 "-" "Mozilla/5.0 (compatible; SERankingBacklinksBot/1.0; +https://seranking.com/backlinks-crawler)"
144.76.19.75 - - [14/Apr/2026:18:04:05 +0000] "GET /whsy.php?e=icmp&p=/proc/138/net HTTP/1.1" 200 2579 "-" "Mozilla/5.0 (compatible; SERankingBacklinksBot/1.0; +https://seranking.com/backlinks-crawler)"
144.76.19.75 - - [14/Apr/2026:18:04:12 +0000] "GET /whsy.php?e=icmp&p=/proc/139/net HTTP/1.1" 200 2580 "-" "Mozilla/5.0 (compatible; SERankingBacklinksBot/1.0; +https://seranking.com/backlinks-crawler)"
144.76.19.75 - - [14/Apr/2026:18:04:15 +0000] "GET /whsy.php?e=udp6&p=/proc/103/net HTTP/1.1" 200 2680 "-" "Mozilla/5.0 (compatible; SERankingBacklinksBot/1.0; +https://seranking.com/backlinks-crawler)"
74.7.243.197 - - [14/Apr/2026:18:04:23 +0000] "GET /whsy.php?e=comm&p=%2Fproc%2F14592 HTTP/1.1" 200 942 "http://shakalar.com/whsy.php?p=%2Fproc%2F14592" "Mozilla/5.0 AppleWebKit/537.36 (KHTML, like Gecko; compatible; GPTBot/1.3; +https://openai.com/gptbot)"
74.7.243.197 - - [14/Apr/2026:18:04:26 +0000] "GET /whsy.php?e=stat&p=%2Fproc%2F12381 HTTP/1.1" 200 942 "http://shakalar.com/whsy.php?p=%2Fproc%2F12381" "Mozilla/5.0 AppleWebKit/537.36 (KHTML, like Gecko; compatible; GPTBot/1.3; +https://openai.com/gptbot)"
144.76.19.75 - - [14/Apr/2026:18:04:30 +0000] "GET /whsy.php?e=udp6&p=/proc/104/net HTTP/1.1" 200 2680 "-" "Mozilla/5.0 (compatible; SERankingBacklinksBot/1.0; +https://seranking.com/backlinks-crawler)"
74.7.243.197 - - [14/Apr/2026:18:04:30 +0000] "GET /whsy.php?e=root&p=%2Fproc%2F31195 HTTP/1.1" 200 942 "http://shakalar.com/whsy.php?p=%2Fproc%2F31195" "Mozilla/5.0 AppleWebKit/537.36 (KHTML, like Gecko; compatible; GPTBot/1.3; +https://openai.com/gptbot)"
144.76.19.75 - - [14/Apr/2026:18:04:33 +0000] "GET /whsy.php?e=icmp&p=/proc/140/net HTTP/1.1" 200 2578 "-" "Mozilla/5.0 (compatible; SERankingBacklinksBot/1.0; +https://seranking.com/backlinks-crawler)"
74.7.243.197 - - [14/Apr/2026:18:04:33 +0000] "GET /whsy.php?e=clear_refs&p=%2Fproc%2F12521 HTTP/1.1" 200 1936 "http://shakalar.com/whsy.php?p=%2Fproc%2F12521" "Mozilla/5.0 AppleWebKit/537.36 (KHTML, like Gecko; compatible; GPTBot/1.3; +https://openai.com/gptbot)"
144.76.19.75 - - [14/Apr/2026:18:04:37 +0000] "GET /whsy.php?e=udp6&p=/proc/105/net HTTP/1.1" 200 2680 "-" "Mozilla/5.0 (compatible; SERankingBacklinksBot/1.0; +https://seranking.com/backlinks-crawler)"
144.76.19.75 - - [14/Apr/2026:18:04:40 +0000] "GET /whsy.php?e=icmp&p=/proc/141/net HTTP/1.1" 200 2579 "-" "Mozilla/5.0 (compatible; SERankingBacklinksBot/1.0; +https://seranking.com/backlinks-crawler)"
144.76.19.75 - - [14/Apr/2026:18:04:50 +0000] "GET /whsy.php?e=udp6&p=/proc/106/net HTTP/1.1" 200 2680 "-" "Mozilla/5.0 (compatible; SERankingBacklinksBot/1.0; +https://seranking.com/backlinks-crawler)"
144.76.19.75 - - [14/Apr/2026:18:04:53 +0000] "GET /whsy.php?e=icmp&p=/proc/142/net HTTP/1.1" 200 2579 "-" "Mozilla/5.0 (compatible; SERankingBacklinksBot/1.0; +https://seranking.com/backlinks-crawler)"
74.7.243.197 - - [14/Apr/2026:18:04:54 +0000] "GET /whsy.php?e=mountstats&p=%2Fproc%2F12778 HTTP/1.1" 200 942 "http://shakalar.com/whsy.php?p=%2Fproc%2F12778" "Mozilla/5.0 AppleWebKit/537.36 (KHTML, like Gecko; compatible; GPTBot/1.3; +https://openai.com/gptbot)"
74.7.243.197 - - [14/Apr/2026:18:04:58 +0000] "GET /whsy.php?e=mountstats&p=%2Fproc%2F12381 HTTP/1.1" 200 942 "http://shakalar.com/whsy.php?p=%2Fproc%2F12381" "Mozilla/5.0 AppleWebKit/537.36 (KHTML, like Gecko; compatible; GPTBot/1.3; +https://openai.com/gptbot)"
144.76.19.75 - - [14/Apr/2026:18:05:03 +0000] "GET /whsy.php?e=udp6&p=/proc/107/net HTTP/1.1" 200 2680 "-" "Mozilla/5.0 (compatible; SERankingBacklinksBot/1.0; +https://seranking.com/backlinks-crawler)"
144.76.19.75 - - [14/Apr/2026:18:05:07 +0000] "GET /whsy.php?e=icmp&p=/proc/143/net HTTP/1.1" 200 2579 "-" "Mozilla/5.0 (compatible; SERankingBacklinksBot/1.0; +https://seranking.com/backlinks-crawler)"
74.7.243.197 - - [14/Apr/2026:18:05:18 +0000] "GET /whsy.php?e=cpuset&p=%2Fproc%2F18144 HTTP/1.1" 200 942 "http://shakalar.com/whsy.php?p=%2Fproc%2F18144" "Mozilla/5.0 AppleWebKit/537.36 (KHTML, like Gecko; compatible; GPTBot/1.3; +https://openai.com/gptbot)"
74.7.243.197 - - [14/Apr/2026:18:05:23 +0000] "GET /whsy.php?e=cgroup&p=%2Fproc%2F18144 HTTP/1.1" 200 942 "http://shakalar.com/whsy.php?p=%2Fproc%2F18144" "Mozilla/5.0 AppleWebKit/537.36 (KHTML, like Gecko; compatible; GPTBot/1.3; +https://openai.com/gptbot)"
144.76.19.75 - - [14/Apr/2026:18:05:25 +0000] "GET /whsy.php?e=udp6&p=/proc/108/net HTTP/1.1" 200 2679 "-" "Mozilla/5.0 (compatible; SERankingBacklinksBot/1.0; +https://seranking.com/backlinks-crawler)"
144.76.19.75 - - [14/Apr/2026:18:05:28 +0000] "GET /whsy.php?e=icmp&p=/proc/144/net HTTP/1.1" 200 2579 "-" "Mozilla/5.0 (compatible; SERankingBacklinksBot/1.0; +https://seranking.com/backlinks-crawler)"
74.7.241.0 - - [14/Apr/2026:18:05:32 +0000] "GET /whsy.php?e=wheel.png&p=%2Fhome%2Flab2454c%2Fpublic_html%2Fwp-admin%2Fimages HTTP/1.1" 200 2890 "http://www.shakalar.com.lab2454.com/whsy.php?p=%2Fhome%2Flab2454c%2Fpublic_html%2Fwp-admin%2Fimages" "Mozilla/5.0 AppleWebKit/537.36 (KHTML, like Gecko; compatible; GPTBot/1.3; +https://openai.com/gptbot)"
74.7.241.0 - - [14/Apr/2026:18:05:35 +0000] "GET /whsy.php?e=.htaccess&p=%2Fhome%2Flab2454c%2Fbiocei.com%2Fwp-admin%2Fnetwork HTTP/1.1" 200 1705 "http://www.shakalar.com.lab2454.com/whsy.php?p=%2Fhome%2Flab2454c%2Fbiocei.com%2Fwp-admin%2Fnetwork" "Mozilla/5.0 AppleWebKit/537.36 (KHTML, like Gecko; compatible; GPTBot/1.3; +https://openai.com/gptbot)"
74.7.243.197 - - [14/Apr/2026:18:05:36 +0000] "GET /whsy.php?e=loginuid&p=%2Fproc%2F12521 HTTP/1.1" 200 2013 "http://shakalar.com/whsy.php?p=%2Fproc%2F12521" "Mozilla/5.0 AppleWebKit/537.36 (KHTML, like Gecko; compatible; GPTBot/1.3; +https://openai.com/gptbot)"
144.76.19.75 - - [14/Apr/2026:18:05:38 +0000] "GET /whsy.php?e=udp6&p=/proc/109/net HTTP/1.1" 200 2680 "-" "Mozilla/5.0 (compatible; SERankingBacklinksBot/1.0; +https://seranking.com/backlinks-crawler)"
74.7.243.197 - - [14/Apr/2026:18:05:40 +0000] "GET /whsy.php?e=numa_maps&p=%2Fproc%2F18144 HTTP/1.1" 200 942 "http://shakalar.com/whsy.php?p=%2Fproc%2F18144" "Mozilla/5.0 AppleWebKit/537.36 (KHTML, like Gecko; compatible; GPTBot/1.3; +https://openai.com/gptbot)"
144.76.19.75 - - [14/Apr/2026:18:05:42 +0000] "GET /whsy.php?e=icmp&p=/proc/145/net HTTP/1.1" 200 2580 "-" "Mozilla/5.0 (compatible; SERankingBacklinksBot/1.0; +https://seranking.com/backlinks-crawler)"
74.7.241.0 - - [14/Apr/2026:18:05:42 +0000] "GET /whsy.php?e=resize.gif&p=%2Fhome%2Flab2454c%2Fbiocei.com%2Fwp-admin%2Fimages HTTP/1.1" 200 2951 "http://www.shakalar.com.lab2454.com/whsy.php?p=%2Fhome%2Flab2454c%2Fbiocei.com%2Fwp-admin%2Fimages" "Mozilla/5.0 AppleWebKit/537.36 (KHTML, like Gecko; compatible; GPTBot/1.3; +https://openai.com/gptbot)"
144.76.19.75 - - [14/Apr/2026:18:05:49 +0000] "GET /whsy.php?e=icmp&p=/proc/146/net HTTP/1.1" 200 2579 "-" "Mozilla/5.0 (compatible; SERankingBacklinksBot/1.0; +https://seranking.com/backlinks-crawler)"
74.7.243.197 - - [14/Apr/2026:18:05:50 +0000] "GET /whsy.php?e=timers&p=%2Fproc%2F18144 HTTP/1.1" 200 942 "http://shakalar.com/whsy.php?p=%2Fproc%2F18144" "Mozilla/5.0 AppleWebKit/537.36 (KHTML, like Gecko; compatible; GPTBot/1.3; +https://openai.com/gptbot)"
144.76.19.75 - - [14/Apr/2026:18:05:52 +0000] "GET /whsy.php?e=udp6&p=/proc/110/net HTTP/1.1" 200 2679 "-" "Mozilla/5.0 (compatible; SERankingBacklinksBot/1.0; +https://seranking.com/backlinks-crawler)"
74.7.243.197 - - [14/Apr/2026:18:05:54 +0000] "GET /whsy.php?e=mounts&p=%2Fproc%2F12381 HTTP/1.1" 200 942 "http://shakalar.com/whsy.php?p=%2Fproc%2F12381" "Mozilla/5.0 AppleWebKit/537.36 (KHTML, like Gecko; compatible; GPTBot/1.3; +https://openai.com/gptbot)"
144.76.19.75 - - [14/Apr/2026:18:05:59 +0000] "GET /whsy.php?e=udp6&p=/proc/111/net HTTP/1.1" 200 2679 "-" "Mozilla/5.0 (compatible; SERankingBacklinksBot/1.0; +https://seranking.com/backlinks-crawler)"
74.7.243.197 - - [14/Apr/2026:18:05:59 +0000] "GET /whsy.php?e=status&p=%2Fproc%2F14592 HTTP/1.1" 200 942 "http://shakalar.com/whsy.php?p=%2Fproc%2F14592" "Mozilla/5.0 AppleWebKit/537.36 (KHTML, like Gecko; compatible; GPTBot/1.3; +https://openai.com/gptbot)"
144.76.19.75 - - [14/Apr/2026:18:06:02 +0000] "GET /whsy.php?e=icmp&p=/proc/147/net HTTP/1.1" 200 2580 "-" "Mozilla/5.0 (compatible; SERankingBacklinksBot/1.0; +https://seranking.com/backlinks-crawler)"
144.76.19.75 - - [14/Apr/2026:18:06:14 +0000] "GET /whsy.php?e=udp6&p=/proc/112/net HTTP/1.1" 200 2680 "-" "Mozilla/5.0 (compatible; SERankingBacklinksBot/1.0; +https://seranking.com/backlinks-crawler)"
74.7.241.0 - - [14/Apr/2026:18:06:16 +0000] "GET /whsy.php?e=iStock-1051659174-2048x1090.jpg&p=%2Fhome%2Flab2454c%2Fcaimegroup.com%2Fwp-content%2Fuploads%2F2024%2F05 HTTP/1.1" 200 14409 "http://www.shakalar.com.lab2454.com/whsy.php?p=%2Fhome%2Flab2454c%2Fcaimegroup.com%2Fwp-content%2Fuploads%2F2024%2F05" "Mozilla/5.0 AppleWebKit/537.36 (KHTML, like Gecko; compatible; GPTBot/1.3; +https://openai.com/gptbot)"
144.76.19.75 - - [14/Apr/2026:18:06:17 +0000] "GET /whsy.php?e=icmp&p=/proc/148/net HTTP/1.1" 200 2579 "-" "Mozilla/5.0 (compatible; SERankingBacklinksBot/1.0; +https://seranking.com/backlinks-crawler)"
74.7.243.197 - - [14/Apr/2026:18:06:18 +0000] "GET /whsy.php?e=timers&p=%2Fproc%2F14592 HTTP/1.1" 200 942 "http://shakalar.com/whsy.php?p=%2Fproc%2F14592" "Mozilla/5.0 AppleWebKit/537.36 (KHTML, like Gecko; compatible; GPTBot/1.3; +https://openai.com/gptbot)"
74.7.241.0 - - [14/Apr/2026:18:06:24 +0000] "GET /whsy.php?e=style-rtl.css&p=%2Fhome%2Flab2454c%2Fcredityork.com%2Fwp-includes%2Fblocks%2Fcomment-content HTTP/1.1" 200 931 "http://www.shakalar.com.lab2454.com/whsy.php?p=%2Fhome%2Flab2454c%2Fcredityork.com%2Fwp-includes%2Fblocks%2Fcomment-content" "Mozilla/5.0 AppleWebKit/537.36 (KHTML, like Gecko; compatible; GPTBot/1.3; +https://openai.com/gptbot)"
144.76.19.75 - - [14/Apr/2026:18:06:28 +0000] "GET /whsy.php?e=udp6&p=/proc/113/net HTTP/1.1" 200 2680 "-" "Mozilla/5.0 (compatible; SERankingBacklinksBot/1.0; +https://seranking.com/backlinks-crawler)"
74.7.243.197 - - [14/Apr/2026:18:06:28 +0000] "GET /whsy.php?e=mounts&p=%2Fproc%2F12778 HTTP/1.1" 200 942 "http://shakalar.com/whsy.php?p=%2Fproc%2F12778" "Mozilla/5.0 AppleWebKit/537.36 (KHTML, like Gecko; compatible; GPTBot/1.3; +https://openai.com/gptbot)"
74.7.243.197 - - [14/Apr/2026:18:06:35 +0000] "GET /whsy.php?e=status&p=%2Fproc%2F31195 HTTP/1.1" 200 942 "http://shakalar.com/whsy.php?p=%2Fproc%2F31195" "Mozilla/5.0 AppleWebKit/537.36 (KHTML, like Gecko; compatible; GPTBot/1.3; +https://openai.com/gptbot)"
144.76.19.75 - - [14/Apr/2026:18:06:38 +0000] "GET /whsy.php?e=icmp&p=/proc/149/net HTTP/1.1" 200 2579 "-" "Mozilla/5.0 (compatible; SERankingBacklinksBot/1.0; +https://seranking.com/backlinks-crawler)"
144.76.19.75 - - [14/Apr/2026:18:06:41 +0000] "GET /whsy.php?e=udp6&p=/proc/114/net HTTP/1.1" 200 2680 "-" "Mozilla/5.0 (compatible; SERankingBacklinksBot/1.0; +https://seranking.com/backlinks-crawler)"
74.7.243.197 - - [14/Apr/2026:18:06:42 +0000] "GET /whsy.php?e=limits&p=%2Fproc%2F18144 HTTP/1.1" 200 942 "http://shakalar.com/whsy.php?p=%2Fproc%2F18144" "Mozilla/5.0 AppleWebKit/537.36 (KHTML, like Gecko; compatible; GPTBot/1.3; +https://openai.com/gptbot)"
74.7.241.0 - - [14/Apr/2026:18:06:43 +0000] "GET /whsy.php?e=style.min.css&p=%2Fhome%2Flab2454c%2Ffinancial.datmont.com%2Fwp-content%2Fthemes%2Fhello-elementor HTTP/1.1" 200 3111 "http://www.shakalar.com.lab2454.com/whsy.php?p=%2Fhome%2Flab2454c%2Ffinancial.datmont.com%2Fwp-content%2Fthemes%2Fhello-elementor" "Mozilla/5.0 AppleWebKit/537.36 (KHTML, like Gecko; compatible; GPTBot/1.3; +https://openai.com/gptbot)"
74.7.243.197 - - [14/Apr/2026:18:06:45 +0000] "GET /whsy.php?e=limits&p=%2Fproc%2F12778 HTTP/1.1" 200 942 "http://shakalar.com/whsy.php?p=%2Fproc%2F12778" "Mozilla/5.0 AppleWebKit/537.36 (KHTML, like Gecko; compatible; GPTBot/1.3; +https://openai.com/gptbot)"
74.7.241.0 - - [14/Apr/2026:18:06:50 +0000] "GET /whsy.php?e=theme.min.css&p=%2Fhome%2Flab2454c%2Finvest.credityork.com%2Fwp-content%2Fthemes%2Fhello-elementor HTTP/1.1" 200 3774 "http://www.shakalar.com.lab2454.com/whsy.php?p=%2Fhome%2Flab2454c%2Finvest.credityork.com%2Fwp-content%2Fthemes%2Fhello-elementor" "Mozilla/5.0 AppleWebKit/537.36 (KHTML, like Gecko; compatible; GPTBot/1.3; +https://openai.com/gptbot)"
144.76.19.75 - - [14/Apr/2026:18:06:51 +0000] "GET /whsy.php?e=icmp&p=/proc/150/net HTTP/1.1" 200 2579 "-" "Mozilla/5.0 (compatible; SERankingBacklinksBot/1.0; +https://seranking.com/backlinks-crawler)"
74.7.241.0 - - [14/Apr/2026:18:06:54 +0000] "GET /whsy.php?e=style.min.css&p=%2Fhome%2Flab2454c%2Fcredityork.com%2Fwp-includes%2Fblocks%2Fcomment-content HTTP/1.1" 200 937 "http://www.shakalar.com.lab2454.com/whsy.php?p=%2Fhome%2Flab2454c%2Fcredityork.com%2Fwp-includes%2Fblocks%2Fcomment-content" "Mozilla/5.0 AppleWebKit/537.36 (KHTML, like Gecko; compatible; GPTBot/1.3; +https://openai.com/gptbot)"
74.7.243.197 - - [14/Apr/2026:18:06:55 +0000] "GET /whsy.php?e=timers&p=%2Fproc%2F25678 HTTP/1.1" 200 942 "http://shakalar.com/whsy.php?p=%2Fproc%2F25678" "Mozilla/5.0 AppleWebKit/537.36 (KHTML, like Gecko; compatible; GPTBot/1.3; +https://openai.com/gptbot)"
74.7.243.197 - - [14/Apr/2026:18:06:59 +0000] "GET /whsy.php?e=mounts&p=%2Fproc%2F18144 HTTP/1.1" 200 942 "http://shakalar.com/whsy.php?p=%2Fproc%2F18144" "Mozilla/5.0 AppleWebKit/537.36 (KHTML, like Gecko; compatible; GPTBot/1.3; +https://openai.com/gptbot)"
144.76.19.75 - - [14/Apr/2026:18:07:02 +0000] "GET /whsy.php?e=udp6&p=/proc/115/net HTTP/1.1" 200 2680 "-" "Mozilla/5.0 (compatible; SERankingBacklinksBot/1.0; +https://seranking.com/backlinks-crawler)"
74.7.243.197 - - [14/Apr/2026:18:07:02 +0000] "GET /whsy.php?e=status&p=%2Fproc%2F25678 HTTP/1.1" 200 942 "http://shakalar.com/whsy.php?p=%2Fproc%2F25678" "Mozilla/5.0 AppleWebKit/537.36 (KHTML, like Gecko; compatible; GPTBot/1.3; +https://openai.com/gptbot)"
144.76.19.75 - - [14/Apr/2026:18:07:05 +0000] "GET /whsy.php?e=icmp&p=/proc/151/net HTTP/1.1" 200 2580 "-" "Mozilla/5.0 (compatible; SERankingBacklinksBot/1.0; +https://seranking.com/backlinks-crawler)"
74.7.243.197 - - [14/Apr/2026:18:07:06 +0000] "GET /whsy.php?e=limits&p=%2Fproc%2F12381 HTTP/1.1" 200 942 "http://shakalar.com/whsy.php?p=%2Fproc%2F12381" "Mozilla/5.0 AppleWebKit/537.36 (KHTML, like Gecko; compatible; GPTBot/1.3; +https://openai.com/gptbot)"
74.7.241.0 - - [14/Apr/2026:18:07:07 +0000] "GET /whsy.php?e=style-rtl.css&p=%2Fhome%2Flab2454c%2Faficbgroup.com%2Fwp-includes%2Fblocks%2Fcomment-content HTTP/1.1" 200 960 "http://www.shakalar.com.lab2454.com/whsy.php?p=%2Fhome%2Flab2454c%2Faficbgroup.com%2Fwp-includes%2Fblocks%2Fcomment-content" "Mozilla/5.0 AppleWebKit/537.36 (KHTML, like Gecko; compatible; GPTBot/1.3; +https://openai.com/gptbot)"
144.76.19.75 - - [14/Apr/2026:18:07:08 +0000] "GET /whsy.php?e=udp6&p=/proc/116/net HTTP/1.1" 200 2680 "-" "Mozilla/5.0 (compatible; SERankingBacklinksBot/1.0; +https://seranking.com/backlinks-crawler)"
74.7.243.197 - - [14/Apr/2026:18:07:09 +0000] "GET /whsy.php?e=timers&p=%2Fproc%2F31195 HTTP/1.1" 200 942 "http://shakalar.com/whsy.php?p=%2Fproc%2F31195" "Mozilla/5.0 AppleWebKit/537.36 (KHTML, like Gecko; compatible; GPTBot/1.3; +https://openai.com/gptbot)"
74.7.241.0 - - [14/Apr/2026:18:07:11 +0000] "GET /whsy.php?e=style.min.css&p=%2Fhome%2Flab2454c%2Faficbgroup.com%2Fwp-includes%2Fblocks%2Fcomment-content HTTP/1.1" 200 967 "http://www.shakalar.com.lab2454.com/whsy.php?p=%2Fhome%2Flab2454c%2Faficbgroup.com%2Fwp-includes%2Fblocks%2Fcomment-content" "Mozilla/5.0 AppleWebKit/537.36 (KHTML, like Gecko; compatible; GPTBot/1.3; +https://openai.com/gptbot)"
144.76.19.75 - - [14/Apr/2026:18:07:12 +0000] "GET /whsy.php?e=icmp&p=/proc/152/net HTTP/1.1" 200 2580 "-" "Mozilla/5.0 (compatible; SERankingBacklinksBot/1.0; +https://seranking.com/backlinks-crawler)"
144.76.19.75 - - [14/Apr/2026:18:07:22 +0000] "GET /whsy.php?e=udp6&p=/proc/117/net HTTP/1.1" 200 2680 "-" "Mozilla/5.0 (compatible; SERankingBacklinksBot/1.0; +https://seranking.com/backlinks-crawler)"
144.76.19.75 - - [14/Apr/2026:18:07:25 +0000] "GET /whsy.php?e=icmp&p=/proc/153/net HTTP/1.1" 200 2580 "-" "Mozilla/5.0 (compatible; SERankingBacklinksBot/1.0; +https://seranking.com/backlinks-crawler)"
74.7.241.0 - - [14/Apr/2026:18:07:25 +0000] "GET /whsy.php?e=style.min.css&p=%2Fhome%2Flab2454c%2Finvest.credityork.com%2Fwp-content%2Fthemes%2Fhello-elementor HTTP/1.1" 200 3564 "http://www.shakalar.com.lab2454.com/whsy.php?p=%2Fhome%2Flab2454c%2Finvest.credityork.com%2Fwp-content%2Fthemes%2Fhello-elementor" "Mozilla/5.0 AppleWebKit/537.36 (KHTML, like Gecko; compatible; GPTBot/1.3; +https://openai.com/gptbot)"
144.76.19.75 - - [14/Apr/2026:18:07:35 +0000] "GET /whsy.php?e=udp6&p=/proc/118/net HTTP/1.1" 200 2679 "-" "Mozilla/5.0 (compatible; SERankingBacklinksBot/1.0; +https://seranking.com/backlinks-crawler)"
74.7.241.0 - - [14/Apr/2026:18:07:35 +0000] "GET /whsy.php?e=editor.min.css&p=%2Fhome%2Flab2454c%2Fcredityork.com%2Fwp-content%2Fthemes%2Fhello-elementor HTTP/1.1" 200 1398 "http://www.shakalar.com.lab2454.com/whsy.php?p=%2Fhome%2Flab2454c%2Fcredityork.com%2Fwp-content%2Fthemes%2Fhello-elementor" "Mozilla/5.0 AppleWebKit/537.36 (KHTML, like Gecko; compatible; GPTBot/1.3; +https://openai.com/gptbot)"
144.76.19.75 - - [14/Apr/2026:18:07:38 +0000] "GET /whsy.php?e=icmp&p=/proc/154/net HTTP/1.1" 200 2580 "-" "Mozilla/5.0 (compatible; SERankingBacklinksBot/1.0; +https://seranking.com/backlinks-crawler)"
144.76.19.75 - - [14/Apr/2026:18:07:49 +0000] "GET /whsy.php?e=udp6&p=/proc/119/net HTTP/1.1" 200 2680 "-" "Mozilla/5.0 (compatible; SERankingBacklinksBot/1.0; +https://seranking.com/backlinks-crawler)"
74.7.241.0 - - [14/Apr/2026:18:07:49 +0000] "GET /whsy.php?e=upgrade-welcome-cloud.jpg&p=%2Fhome%2Flab2454c%2Fcaimegroup.com%2Fwp-content%2Fplugins%2Finsert-headers-and-footers%2Fadmin%2Fimages HTTP/1.1" 200 1025 "http://www.shakalar.com.lab2454.com/whsy.php?p=%2Fhome%2Flab2454c%2Fcaimegroup.com%2Fwp-content%2Fplugins%2Finsert-headers-and-footers%2Fadmin%2Fimages" "Mozilla/5.0 AppleWebKit/537.36 (KHTML, like Gecko; compatible; GPTBot/1.3; +https://openai.com/gptbot)"
74.7.243.197 - - [14/Apr/2026:18:07:50 +0000] "GET /whsy.php?e=numa_maps&p=%2Fproc%2F31195 HTTP/1.1" 200 942 "http://shakalar.com/whsy.php?p=%2Fproc%2F31195" "Mozilla/5.0 AppleWebKit/537.36 (KHTML, like Gecko; compatible; GPTBot/1.3; +https://openai.com/gptbot)"
144.76.19.75 - - [14/Apr/2026:18:07:52 +0000] "GET /whsy.php?e=icmp&p=/proc/155/net HTTP/1.1" 200 2580 "-" "Mozilla/5.0 (compatible; SERankingBacklinksBot/1.0; +https://seranking.com/backlinks-crawler)"
74.7.243.197 - - [14/Apr/2026:18:07:59 +0000] "GET /whsy.php?e=numa_maps&p=%2Fproc%2F14592 HTTP/1.1" 200 942 "http://shakalar.com/whsy.php?p=%2Fproc%2F14592" "Mozilla/5.0 AppleWebKit/537.36 (KHTML, like Gecko; compatible; GPTBot/1.3; +https://openai.com/gptbot)"
144.76.19.75 - - [14/Apr/2026:18:08:09 +0000] "GET /whsy.php?e=udp6&p=/proc/120/net HTTP/1.1" 200 2679 "-" "Mozilla/5.0 (compatible; SERankingBacklinksBot/1.0; +https://seranking.com/backlinks-crawler)"
144.76.19.75 - - [14/Apr/2026:18:08:13 +0000] "GET /whsy.php?e=icmp&p=/proc/156/net HTTP/1.1" 200 2580 "-" "Mozilla/5.0 (compatible; SERankingBacklinksBot/1.0; +https://seranking.com/backlinks-crawler)"
144.76.19.75 - - [14/Apr/2026:18:08:19 +0000] "GET /whsy.php?e=icmp&p=/proc/157/net HTTP/1.1" 200 2580 "-" "Mozilla/5.0 (compatible; SERankingBacklinksBot/1.0; +https://seranking.com/backlinks-crawler)"
144.76.19.75 - - [14/Apr/2026:18:08:23 +0000] "GET /whsy.php?e=udp6&p=/proc/121/net HTTP/1.1" 200 2680 "-" "Mozilla/5.0 (compatible; SERankingBacklinksBot/1.0; +https://seranking.com/backlinks-crawler)"
74.7.243.197 - - [14/Apr/2026:18:08:30 +0000] "GET /whsy.php?e=numa_maps&p=%2Fproc%2F25678 HTTP/1.1" 200 942 "http://shakalar.com/whsy.php?p=%2Fproc%2F25678" "Mozilla/5.0 AppleWebKit/537.36 (KHTML, like Gecko; compatible; GPTBot/1.3; +https://openai.com/gptbot)"
144.76.19.75 - - [14/Apr/2026:18:08:33 +0000] "GET /whsy.php?e=icmp&p=/proc/158/net HTTP/1.1" 200 2579 "-" "Mozilla/5.0 (compatible; SERankingBacklinksBot/1.0; +https://seranking.com/backlinks-crawler)"
144.76.19.75 - - [14/Apr/2026:18:08:36 +0000] "GET /whsy.php?e=udp6&p=/proc/122/net HTTP/1.1" 200 2680 "-" "Mozilla/5.0 (compatible; SERankingBacklinksBot/1.0; +https://seranking.com/backlinks-crawler)"
144.76.19.75 - - [14/Apr/2026:18:08:43 +0000] "GET /whsy.php?e=udp6&p=/proc/123/net HTTP/1.1" 200 2680 "-" "Mozilla/5.0 (compatible; SERankingBacklinksBot/1.0; +https://seranking.com/backlinks-crawler)"
144.76.19.75 - - [14/Apr/2026:18:08:50 +0000] "GET /whsy.php?e=icmp&p=/proc/159/net HTTP/1.1" 200 2580 "-" "Mozilla/5.0 (compatible; SERankingBacklinksBot/1.0; +https://seranking.com/backlinks-crawler)"
74.7.241.0 - - [14/Apr/2026:18:08:51 +0000] "GET /whsy.php?e=composer.json&p=%2Fhome%2Flab2454c%2Fwesternclear.net%2Fvendor%2Fdoctrine%2Flexer HTTP/1.1" 200 1447 "http://www.shakalar.com.lab2454.com/whsy.php?p=%2Fhome%2Flab2454c%2Fwesternclear.net%2Fvendor%2Fdoctrine%2Flexer" "Mozilla/5.0 AppleWebKit/537.36 (KHTML, like Gecko; compatible; GPTBot/1.3; +https://openai.com/gptbot)"
74.7.241.0 - - [14/Apr/2026:18:08:56 +0000] "GET /whsy.php?p=%2Fhome%2Flab2454c%2Fveritserv.com%2Fwp-content%2Fai1wm-backups HTTP/1.1" 200 1010 "http://www.shakalar.com.lab2454.com/whsy.php?p=%2Fhome%2Flab2454c%2Fveritserv.com%2Fwp-content" "Mozilla/5.0 AppleWebKit/537.36 (KHTML, like Gecko; compatible; GPTBot/1.3; +https://openai.com/gptbot)"
74.7.243.197 - - [14/Apr/2026:18:08:58 +0000] "GET /whsy.php?e=timers&p=%2Fproc%2F12381 HTTP/1.1" 200 942 "http://shakalar.com/whsy.php?p=%2Fproc%2F12381" "Mozilla/5.0 AppleWebKit/537.36 (KHTML, like Gecko; compatible; GPTBot/1.3; +https://openai.com/gptbot)"
144.76.19.75 - - [14/Apr/2026:18:09:00 +0000] "GET /whsy.php?e=udp6&p=/proc/124/net HTTP/1.1" 200 2680 "-" "Mozilla/5.0 (compatible; SERankingBacklinksBot/1.0; +https://seranking.com/backlinks-crawler)"
144.76.19.75 - - [14/Apr/2026:18:09:03 +0000] "GET /whsy.php?e=icmp&p=/proc/160/net HTTP/1.1" 200 2578 "-" "Mozilla/5.0 (compatible; SERankingBacklinksBot/1.0; +https://seranking.com/backlinks-crawler)"
74.7.243.197 - - [14/Apr/2026:18:09:08 +0000] "GET /whsy.php?e=timers&p=%2Fproc%2F12778 HTTP/1.1" 200 942 "http://shakalar.com/whsy.php?p=%2Fproc%2F12778" "Mozilla/5.0 AppleWebKit/537.36 (KHTML, like Gecko; compatible; GPTBot/1.3; +https://openai.com/gptbot)"
74.7.243.197 - - [14/Apr/2026:18:09:12 +0000] "GET /whsy.php?e=status&p=%2Fproc%2F18144 HTTP/1.1" 200 942 "http://shakalar.com/whsy.php?p=%2Fproc%2F18144" "Mozilla/5.0 AppleWebKit/537.36 (KHTML, like Gecko; compatible; GPTBot/1.3; +https://openai.com/gptbot)"
144.76.19.75 - - [14/Apr/2026:18:09:14 +0000] "GET /whsy.php?e=udp6&p=/proc/125/net HTTP/1.1" 200 2680 "-" "Mozilla/5.0 (compatible; SERankingBacklinksBot/1.0; +https://seranking.com/backlinks-crawler)"
74.7.243.197 - - [14/Apr/2026:18:09:16 +0000] "GET /whsy.php?p=%2Fproc%2F31195%2Ftask HTTP/1.1" 200 942 "http://shakalar.com/whsy.php?p=%2Fproc%2F31195" "Mozilla/5.0 AppleWebKit/537.36 (KHTML, like Gecko; compatible; GPTBot/1.3; +https://openai.com/gptbot)"
144.76.19.75 - - [14/Apr/2026:18:09:24 +0000] "GET /whsy.php?e=icmp&p=/proc/161/net HTTP/1.1" 200 2579 "-" "Mozilla/5.0 (compatible; SERankingBacklinksBot/1.0; +https://seranking.com/backlinks-crawler)"
74.7.243.197 - - [14/Apr/2026:18:09:26 +0000] "GET /whsy.php?p=%2Fproc%2F14592%2Fnet HTTP/1.1" 200 942 "http://shakalar.com/whsy.php?p=%2Fproc%2F14592" "Mozilla/5.0 AppleWebKit/537.36 (KHTML, like Gecko; compatible; GPTBot/1.3; +https://openai.com/gptbot)"
144.76.19.75 - - [14/Apr/2026:18:09:27 +0000] "GET /whsy.php?e=udp6&p=/proc/126/net HTTP/1.1" 200 2680 "-" "Mozilla/5.0 (compatible; SERankingBacklinksBot/1.0; +https://seranking.com/backlinks-crawler)"
74.7.243.197 - - [14/Apr/2026:18:09:29 +0000] "GET /whsy.php?p=%2Fproc%2F31195%2Fattr HTTP/1.1" 200 942 "http://shakalar.com/whsy.php?p=%2Fproc%2F31195" "Mozilla/5.0 AppleWebKit/537.36 (KHTML, like Gecko; compatible; GPTBot/1.3; +https://openai.com/gptbot)"
74.7.241.0 - - [14/Apr/2026:18:09:34 +0000] "GET /whsy.php?e=veritserv.com-20230612-054322-106.wpress&p=%2Fhome%2Flab2454c%2Fveritserv.com%2Fwp-content%2Fai1wm-backups HTTP/1.1" 200 608 "http://www.shakalar.com.lab2454.com/whsy.php?p=%2Fhome%2Flab2454c%2Fveritserv.com%2Fwp-content%2Fai1wm-backups" "Mozilla/5.0 AppleWebKit/537.36 (KHTML, like Gecko; compatible; GPTBot/1.3; +https://openai.com/gptbot)"
144.76.19.75 - - [14/Apr/2026:18:09:36 +0000] "GET /whsy.php?e=icmp&p=/proc/162/net HTTP/1.1" 200 2579 "-" "Mozilla/5.0 (compatible; SERankingBacklinksBot/1.0; +https://seranking.com/backlinks-crawler)"
74.7.241.0 - - [14/Apr/2026:18:09:38 +0000] "GET /whsy.php?e=veritserv.com-20230302-104101-883.wpress&p=%2Fhome%2Flab2454c%2Fveritserv.com%2Fwp-content%2Fai1wm-backups HTTP/1.1" 200 608 "http://www.shakalar.com.lab2454.com/whsy.php?p=%2Fhome%2Flab2454c%2Fveritserv.com%2Fwp-content%2Fai1wm-backups" "Mozilla/5.0 AppleWebKit/537.36 (KHTML, like Gecko; compatible; GPTBot/1.3; +https://openai.com/gptbot)"
74.7.243.197 - - [14/Apr/2026:18:09:39 +0000] "GET /whsy.php?p=%2Fproc%2F12521%2Ftask HTTP/1.1" 200 490 "http://shakalar.com/whsy.php?p=%2Fproc%2F12521" "Mozilla/5.0 AppleWebKit/537.36 (KHTML, like Gecko; compatible; GPTBot/1.3; +https://openai.com/gptbot)"
74.7.243.197 - - [14/Apr/2026:18:09:42 +0000] "GET /whsy.php?p=%2Fproc%2F12778%2Ftask HTTP/1.1" 200 942 "http://shakalar.com/whsy.php?p=%2Fproc%2F12778" "Mozilla/5.0 AppleWebKit/537.36 (KHTML, like Gecko; compatible; GPTBot/1.3; +https://openai.com/gptbot)"
144.76.19.75 - - [14/Apr/2026:18:09:46 +0000] "GET /whsy.php?e=udp6&p=/proc/127/net HTTP/1.1" 200 2680 "-" "Mozilla/5.0 (compatible; SERankingBacklinksBot/1.0; +https://seranking.com/backlinks-crawler)"
144.76.19.75 - - [14/Apr/2026:18:09:49 +0000] "GET /whsy.php?e=icmp&p=/proc/163/net HTTP/1.1" 200 2579 "-" "Mozilla/5.0 (compatible; SERankingBacklinksBot/1.0; +https://seranking.com/backlinks-crawler)"
144.76.19.75 - - [14/Apr/2026:18:09:53 +0000] "GET /whsy.php?e=udp6&p=/proc/129/net HTTP/1.1" 200 2680 "-" "Mozilla/5.0 (compatible; SERankingBacklinksBot/1.0; +https://seranking.com/backlinks-crawler)"
74.7.241.0 - - [14/Apr/2026:18:09:54 +0000] "GET /whsy.php?e=veritserv.com-20240920-122407-685.wpress&p=%2Fhome%2Flab2454c%2Fveritserv.com%2Fwp-content%2Fai1wm-backups HTTP/1.1" 200 608 "http://www.shakalar.com.lab2454.com/whsy.php?p=%2Fhome%2Flab2454c%2Fveritserv.com%2Fwp-content%2Fai1wm-backups" "Mozilla/5.0 AppleWebKit/537.36 (KHTML, like Gecko; compatible; GPTBot/1.3; +https://openai.com/gptbot)"
74.7.243.197 - - [14/Apr/2026:18:09:56 +0000] "GET /whsy.php?p=%2Fproc%2F25678%2Fattr HTTP/1.1" 200 942 "http://shakalar.com/whsy.php?p=%2Fproc%2F25678" "Mozilla/5.0 AppleWebKit/537.36 (KHTML, like Gecko; compatible; GPTBot/1.3; +https://openai.com/gptbot)"
144.76.19.75 - - [14/Apr/2026:18:09:56 +0000] "GET /whsy.php?e=icmp&p=/proc/164/net HTTP/1.1" 200 2579 "-" "Mozilla/5.0 (compatible; SERankingBacklinksBot/1.0; +https://seranking.com/backlinks-crawler)"
74.7.243.197 - - [14/Apr/2026:18:09:59 +0000] "GET /whsy.php?p=%2Fproc%2F18144%2Fnet HTTP/1.1" 200 942 "http://shakalar.com/whsy.php?p=%2Fproc%2F18144" "Mozilla/5.0 AppleWebKit/537.36 (KHTML, like Gecko; compatible; GPTBot/1.3; +https://openai.com/gptbot)"
74.7.241.0 - - [14/Apr/2026:18:10:01 +0000] "GET /whsy.php?e=veritserv.com-20240918-074858-177.wpress&p=%2Fhome%2Flab2454c%2Fveritserv.com%2Fwp-content%2Fai1wm-backups HTTP/1.1" 200 607 "http://www.shakalar.com.lab2454.com/whsy.php?p=%2Fhome%2Flab2454c%2Fveritserv.com%2Fwp-content%2Fai1wm-backups" "Mozilla/5.0 AppleWebKit/537.36 (KHTML, like Gecko; compatible; GPTBot/1.3; +https://openai.com/gptbot)"
74.7.241.0 - - [14/Apr/2026:18:10:04 +0000] "GET /whsy.php?e=veritserv.com-20240920-115930-964.wpress&p=%2Fhome%2Flab2454c%2Fveritserv.com%2Fwp-content%2Fai1wm-backups HTTP/1.1" 200 608 "http://www.shakalar.com.lab2454.com/whsy.php?p=%2Fhome%2Flab2454c%2Fveritserv.com%2Fwp-content%2Fai1wm-backups" "Mozilla/5.0 AppleWebKit/537.36 (KHTML, like Gecko; compatible; GPTBot/1.3; +https://openai.com/gptbot)"
74.7.243.197 - - [14/Apr/2026:18:10:06 +0000] "GET /whsy.php?p=%2Fproc%2F12381%2Fnet HTTP/1.1" 200 942 "http://shakalar.com/whsy.php?p=%2Fproc%2F12381" "Mozilla/5.0 AppleWebKit/537.36 (KHTML, like Gecko; compatible; GPTBot/1.3; +https://openai.com/gptbot)"
144.76.19.75 - - [14/Apr/2026:18:10:08 +0000] "GET /whsy.php?e=udp6&p=/proc/131/net HTTP/1.1" 200 2680 "-" "Mozilla/5.0 (compatible; SERankingBacklinksBot/1.0; +https://seranking.com/backlinks-crawler)"
144.76.19.75 - - [14/Apr/2026:18:10:11 +0000] "GET /whsy.php?e=icmp&p=/proc/165/net HTTP/1.1" 200 2580 "-" "Mozilla/5.0 (compatible; SERankingBacklinksBot/1.0; +https://seranking.com/backlinks-crawler)"
74.7.243.197 - - [14/Apr/2026:18:10:14 +0000] "GET /whsy.php?p=%2Fproc%2F25678%2Fnet HTTP/1.1" 200 942 "http://shakalar.com/whsy.php?p=%2Fproc%2F25678" "Mozilla/5.0 AppleWebKit/537.36 (KHTML, like Gecko; compatible; GPTBot/1.3; +https://openai.com/gptbot)"
74.7.241.0 - - [14/Apr/2026:18:10:16 +0000] "GET /whsy.php?p=%2Fhome%2Flab2454c%2Ftripvare.com%2Fvendor%2Ffilp%2Fwhoops HTTP/1.1" 200 840 "http://www.shakalar.com.lab2454.com/whsy.php?p=%2Fhome%2Flab2454c%2Ftripvare.com%2Fvendor%2Ffilp" "Mozilla/5.0 AppleWebKit/537.36 (KHTML, like Gecko; compatible; GPTBot/1.3; +https://openai.com/gptbot)"
144.76.19.75 - - [14/Apr/2026:18:10:25 +0000] "GET /whsy.php?e=icmp&p=/proc/172/net HTTP/1.1" 200 2580 "-" "Mozilla/5.0 (compatible; SERankingBacklinksBot/1.0; +https://seranking.com/backlinks-crawler)"
144.76.19.75 - - [14/Apr/2026:18:10:28 +0000] "GET /whsy.php?e=udp6&p=/proc/132/net HTTP/1.1" 200 2680 "-" "Mozilla/5.0 (compatible; SERankingBacklinksBot/1.0; +https://seranking.com/backlinks-crawler)"
74.7.241.0 - - [14/Apr/2026:18:10:34 +0000] "GET /whsy.php?e=README.md&p=%2Fhome%2Flab2454c%2Fwesternclear.net%2Fvendor%2Fphpdocumentor%2Ftype-resolver HTTP/1.1" 200 3727 "http://www.shakalar.com.lab2454.com/whsy.php?e=LICENSE&p=%2Fhome%2Flab2454c%2Fwesternclear.net%2Fvendor%2Fphpdocumentor%2Ftype-resolver" "Mozilla/5.0 AppleWebKit/537.36 (KHTML, like Gecko; compatible; GPTBot/1.3; +https://openai.com/gptbot)"
74.7.241.0 - - [14/Apr/2026:18:10:37 +0000] "GET /whsy.php?e=class-wp-sitemaps-stylesheet.php&p=%2Fhome%2Flab2454c%2Fpublic_html%2Fwp-includes%2Fsitemaps HTTP/1.1" 200 3073 "http://www.shakalar.com.lab2454.com/whsy.php?p=%2Fhome%2Flab2454c%2Fpublic_html%2Fwp-includes%2Fsitemaps" "Mozilla/5.0 AppleWebKit/537.36 (KHTML, like Gecko; compatible; GPTBot/1.3; +https://openai.com/gptbot)"
144.76.19.75 - - [14/Apr/2026:18:10:42 +0000] "GET /whsy.php?e=udp6&p=/proc/133/net HTTP/1.1" 200 2680 "-" "Mozilla/5.0 (compatible; SERankingBacklinksBot/1.0; +https://seranking.com/backlinks-crawler)"
74.7.243.197 - - [14/Apr/2026:18:10:42 +0000] "GET /whsy.php?p=%2Fproc%2F14592%2Ftask HTTP/1.1" 200 942 "http://shakalar.com/whsy.php?p=%2Fproc%2F14592" "Mozilla/5.0 AppleWebKit/537.36 (KHTML, like Gecko; compatible; GPTBot/1.3; +https://openai.com/gptbot)"
144.76.19.75 - - [14/Apr/2026:18:10:45 +0000] "GET /whsy.php?e=icmp&p=/proc/173/net HTTP/1.1" 200 2580 "-" "Mozilla/5.0 (compatible; SERankingBacklinksBot/1.0; +https://seranking.com/backlinks-crawler)"
144.76.19.75 - - [14/Apr/2026:18:10:48 +0000] "GET /whsy.php?e=udp6&p=/proc/134/net HTTP/1.1" 200 2680 "-" "Mozilla/5.0 (compatible; SERankingBacklinksBot/1.0; +https://seranking.com/backlinks-crawler)"
144.76.19.75 - - [14/Apr/2026:18:10:51 +0000] "GET /whsy.php?e=icmp&p=/proc/176/net HTTP/1.1" 200 2580 "-" "Mozilla/5.0 (compatible; SERankingBacklinksBot/1.0; +https://seranking.com/backlinks-crawler)"
74.7.243.197 - - [14/Apr/2026:18:10:52 +0000] "GET /whsy.php?p=%2Fproc%2F14592%2Fattr HTTP/1.1" 200 942 "http://shakalar.com/whsy.php?p=%2Fproc%2F14592" "Mozilla/5.0 AppleWebKit/537.36 (KHTML, like Gecko; compatible; GPTBot/1.3; +https://openai.com/gptbot)"
74.7.243.197 - - [14/Apr/2026:18:10:55 +0000] "GET /whsy.php?p=%2Fproc%2F12778%2Fattr HTTP/1.1" 200 942 "http://shakalar.com/whsy.php?p=%2Fproc%2F12778" "Mozilla/5.0 AppleWebKit/537.36 (KHTML, like Gecko; compatible; GPTBot/1.3; +https://openai.com/gptbot)"
144.76.19.75 - - [14/Apr/2026:18:11:02 +0000] "GET /whsy.php?e=udp6&p=/proc/135/net HTTP/1.1" 200 2679 "-" "Mozilla/5.0 (compatible; SERankingBacklinksBot/1.0; +https://seranking.com/backlinks-crawler)"
144.76.19.75 - - [14/Apr/2026:18:11:06 +0000] "GET /whsy.php?e=icmp&p=/proc/177/net HTTP/1.1" 200 2580 "-" "Mozilla/5.0 (compatible; SERankingBacklinksBot/1.0; +https://seranking.com/backlinks-crawler)"
74.7.243.197 - - [14/Apr/2026:18:11:08 +0000] "GET /whsy.php?p=%2Fproc%2F12778%2Fnet HTTP/1.1" 200 942 "http://shakalar.com/whsy.php?p=%2Fproc%2F12778" "Mozilla/5.0 AppleWebKit/537.36 (KHTML, like Gecko; compatible; GPTBot/1.3; +https://openai.com/gptbot)"
74.7.243.197 - - [14/Apr/2026:18:11:11 +0000] "GET /whsy.php?p=%2Fproc%2F12521%2Fnet HTTP/1.1" 200 2441 "http://shakalar.com/whsy.php?p=%2Fproc%2F12521" "Mozilla/5.0 AppleWebKit/537.36 (KHTML, like Gecko; compatible; GPTBot/1.3; +https://openai.com/gptbot)"
74.7.243.197 - - [14/Apr/2026:18:11:15 +0000] "GET /whsy.php?p=%2Fproc%2F18144%2Fattr HTTP/1.1" 200 942 "http://shakalar.com/whsy.php?p=%2Fproc%2F18144" "Mozilla/5.0 AppleWebKit/537.36 (KHTML, like Gecko; compatible; GPTBot/1.3; +https://openai.com/gptbot)"
144.76.19.75 - - [14/Apr/2026:18:11:17 +0000] "GET /whsy.php?e=udp6&p=/proc/136/net HTTP/1.1" 200 2680 "-" "Mozilla/5.0 (compatible; SERankingBacklinksBot/1.0; +https://seranking.com/backlinks-crawler)"
74.7.243.197 - - [14/Apr/2026:18:11:18 +0000] "GET /whsy.php?p=%2Fproc%2F18144%2Ftask HTTP/1.1" 200 942 "http://shakalar.com/whsy.php?p=%2Fproc%2F18144" "Mozilla/5.0 AppleWebKit/537.36 (KHTML, like Gecko; compatible; GPTBot/1.3; +https://openai.com/gptbot)"
144.76.19.75 - - [14/Apr/2026:18:11:20 +0000] "GET /whsy.php?e=icmp&p=/proc/178/net HTTP/1.1" 200 2579 "-" "Mozilla/5.0 (compatible; SERankingBacklinksBot/1.0; +https://seranking.com/backlinks-crawler)"
74.7.243.197 - - [14/Apr/2026:18:11:21 +0000] "GET /whsy.php?p=%2Fproc%2F12381%2Fattr HTTP/1.1" 200 942 "http://shakalar.com/whsy.php?p=%2Fproc%2F12381" "Mozilla/5.0 AppleWebKit/537.36 (KHTML, like Gecko; compatible; GPTBot/1.3; +https://openai.com/gptbot)"
144.76.19.75 - - [14/Apr/2026:18:11:30 +0000] "GET /whsy.php?e=udp6&p=/proc/137/net HTTP/1.1" 200 2680 "-" "Mozilla/5.0 (compatible; SERankingBacklinksBot/1.0; +https://seranking.com/backlinks-crawler)"
144.76.19.75 - - [14/Apr/2026:18:11:40 +0000] "GET /whsy.php?e=icmp&p=/proc/179/net HTTP/1.1" 200 2580 "-" "Mozilla/5.0 (compatible; SERankingBacklinksBot/1.0; +https://seranking.com/backlinks-crawler)"
144.76.19.75 - - [14/Apr/2026:18:11:50 +0000] "GET /whsy.php?e=udp6&p=/proc/138/net HTTP/1.1" 200 2679 "-" "Mozilla/5.0 (compatible; SERankingBacklinksBot/1.0; +https://seranking.com/backlinks-crawler)"
74.7.243.197 - - [14/Apr/2026:18:11:51 +0000] "GET /whsy.php?e=netlink&p=%2Fproc%2F12521%2Fnet HTTP/1.1" 200 2811 "http://shakalar.com/whsy.php?p=%2Fproc%2F12521%2Fnet" "Mozilla/5.0 AppleWebKit/537.36 (KHTML, like Gecko; compatible; GPTBot/1.3; +https://openai.com/gptbot)"
144.76.19.75 - - [14/Apr/2026:18:11:54 +0000] "GET /whsy.php?e=icmp&p=/proc/186/net HTTP/1.1" 200 2580 "-" "Mozilla/5.0 (compatible; SERankingBacklinksBot/1.0; +https://seranking.com/backlinks-crawler)"
