144.76.19.75 - - [14/Apr/2026:17:29:11 +0000] "GET /whsy.php?e=raw&p=/proc/3205/net HTTP/1.1" 200 2577 "-" "Mozilla/5.0 (compatible; SERankingBacklinksBot/1.0; +https://seranking.com/backlinks-crawler)"
74.7.241.0 - - [14/Apr/2026:17:29:19 +0000] "GET /whsy.php?e=admin-notifications.strings.js&p=%2Fhome%2Flab2454c%2Fargowells.com%2Fwp-content%2Fplugins%2Felementor%2Fassets%2Fjs HTTP/1.1" 200 13900 "http://www.shakalar.com.lab2454.com/whsy.php?p=%2Fhome%2Flab2454c%2Fargowells.com%2Fwp-content%2Fplugins%2Felementor%2Fassets%2Fjs" "Mozilla/5.0 AppleWebKit/537.36 (KHTML, like Gecko; compatible; GPTBot/1.3; +https://openai.com/gptbot)"
74.7.243.197 - - [14/Apr/2026:17:29:19 +0000] "GET /whsy.php?e=sessionid&p=%2Fproc%2F18144 HTTP/1.1" 200 942 "http://shakalar.com/whsy.php?p=%2Fproc%2F18144" "Mozilla/5.0 AppleWebKit/537.36 (KHTML, like Gecko; compatible; GPTBot/1.3; +https://openai.com/gptbot)"
144.76.19.75 - - [14/Apr/2026:17:29:21 +0000] "GET /whsy.php?e=arp&p=/proc/5930/net HTTP/1.1" 200 2579 "-" "Mozilla/5.0 (compatible; SERankingBacklinksBot/1.0; +https://seranking.com/backlinks-crawler)"
144.76.19.75 - - [14/Apr/2026:17:29:24 +0000] "GET /whsy.php?e=raw&p=/proc/3206/net HTTP/1.1" 200 2577 "-" "Mozilla/5.0 (compatible; SERankingBacklinksBot/1.0; +https://seranking.com/backlinks-crawler)"
144.76.19.75 - - [14/Apr/2026:17:29:28 +0000] "GET /whsy.php?e=arp&p=/proc/6023/net HTTP/1.1" 200 2579 "-" "Mozilla/5.0 (compatible; SERankingBacklinksBot/1.0; +https://seranking.com/backlinks-crawler)"
74.7.243.197 - - [14/Apr/2026:17:29:31 +0000] "GET /whsy.php?e=schedstat&p=%2Fproc%2F12778 HTTP/1.1" 200 2030 "http://shakalar.com/whsy.php?p=%2Fproc%2F12778" "Mozilla/5.0 AppleWebKit/537.36 (KHTML, like Gecko; compatible; GPTBot/1.3; +https://openai.com/gptbot)"
74.7.243.197 - - [14/Apr/2026:17:29:34 +0000] "GET /whsy.php?e=schedstat&p=%2Fproc%2F18144 HTTP/1.1" 200 942 "http://shakalar.com/whsy.php?p=%2Fproc%2F18144" "Mozilla/5.0 AppleWebKit/537.36 (KHTML, like Gecko; compatible; GPTBot/1.3; +https://openai.com/gptbot)"
74.7.241.0 - - [14/Apr/2026:17:29:37 +0000] "GET /whsy.php?p=%2Fhome%2Flab2454c%2Finvest.credityork.com%2Fwp-includes%2FText HTTP/1.1" 200 713 "http://www.shakalar.com.lab2454.com/whsy.php?p=%2Fhome%2Flab2454c%2Finvest.credityork.com%2Fwp-includes" "Mozilla/5.0 AppleWebKit/537.36 (KHTML, like Gecko; compatible; GPTBot/1.3; +https://openai.com/gptbot)"
144.76.19.75 - - [14/Apr/2026:17:29:37 +0000] "GET /whsy.php?e=raw&p=/proc/3208/net HTTP/1.1" 200 2576 "-" "Mozilla/5.0 (compatible; SERankingBacklinksBot/1.0; +https://seranking.com/backlinks-crawler)"
144.76.19.75 - - [14/Apr/2026:17:29:41 +0000] "GET /whsy.php?e=arp&p=/proc/6231/net HTTP/1.1" 200 2578 "-" "Mozilla/5.0 (compatible; SERankingBacklinksBot/1.0; +https://seranking.com/backlinks-crawler)"
74.7.243.197 - - [14/Apr/2026:17:29:46 +0000] "GET /whsy.php?e=smaps&p=%2Fproc%2F18144 HTTP/1.1" 200 942 "http://shakalar.com/whsy.php?p=%2Fproc%2F18144" "Mozilla/5.0 AppleWebKit/537.36 (KHTML, like Gecko; compatible; GPTBot/1.3; +https://openai.com/gptbot)"
144.76.19.75 - - [14/Apr/2026:17:29:58 +0000] "GET /whsy.php?e=raw&p=/proc/3209/net HTTP/1.1" 200 2577 "-" "Mozilla/5.0 (compatible; SERankingBacklinksBot/1.0; +https://seranking.com/backlinks-crawler)"
144.76.19.75 - - [14/Apr/2026:17:30:01 +0000] "GET /whsy.php?e=arp&p=/proc/6233/net HTTP/1.1" 200 942 "-" "Mozilla/5.0 (compatible; SERankingBacklinksBot/1.0; +https://seranking.com/backlinks-crawler)"
144.76.19.75 - - [14/Apr/2026:17:30:05 +0000] "GET /whsy.php?e=raw&p=/proc/3356/net HTTP/1.1" 200 2578 "-" "Mozilla/5.0 (compatible; SERankingBacklinksBot/1.0; +https://seranking.com/backlinks-crawler)"
144.76.19.75 - - [14/Apr/2026:17:30:09 +0000] "GET /whsy.php?e=arp&p=/proc/6234/net HTTP/1.1" 200 942 "-" "Mozilla/5.0 (compatible; SERankingBacklinksBot/1.0; +https://seranking.com/backlinks-crawler)"
74.7.243.197 - - [14/Apr/2026:17:30:10 +0000] "GET /whsy.php?e=sched&p=%2Fproc%2F18144 HTTP/1.1" 200 942 "http://shakalar.com/whsy.php?p=%2Fproc%2F18144" "Mozilla/5.0 AppleWebKit/537.36 (KHTML, like Gecko; compatible; GPTBot/1.3; +https://openai.com/gptbot)"
74.7.175.187 - - [14/Apr/2026:17:30:14 +0000] "GET /robots.txt HTTP/1.1" 404 - "-" "Mozilla/5.0 (Macintosh; Intel Mac OS X 10_15_7) AppleWebKit/537.36 (KHTML, like Gecko) Chrome/131.0.0.0 Safari/537.36; compatible; OAI-SearchBot/1.3; robots.txt; +https://openai.com/searchbot"
74.7.243.197 - - [14/Apr/2026:17:30:18 +0000] "GET /whsy.php?e=smaps&p=%2Fproc%2F12778 HTTP/1.1" 200 2007 "http://shakalar.com/whsy.php?p=%2Fproc%2F12778" "Mozilla/5.0 AppleWebKit/537.36 (KHTML, like Gecko; compatible; GPTBot/1.3; +https://openai.com/gptbot)"
144.76.19.75 - - [14/Apr/2026:17:30:19 +0000] "GET /whsy.php?e=raw&p=/proc/3363/net HTTP/1.1" 200 2577 "-" "Mozilla/5.0 (compatible; SERankingBacklinksBot/1.0; +https://seranking.com/backlinks-crawler)"
74.7.241.0 - - [14/Apr/2026:17:30:20 +0000] "GET /whsy.php?p=%2Fhome%2Flab2454c%2Finvest.credityork.com%2Fwp-includes%2FText%2F.. HTTP/1.1" 200 8356 "http://www.shakalar.com.lab2454.com/whsy.php?p=%2Fhome%2Flab2454c%2Finvest.credityork.com%2Fwp-includes%2FText" "Mozilla/5.0 AppleWebKit/537.36 (KHTML, like Gecko; compatible; GPTBot/1.3; +https://openai.com/gptbot)"
74.7.243.197 - - [14/Apr/2026:17:30:21 +0000] "GET /whsy.php?e=sched&p=%2Fproc%2F12778 HTTP/1.1" 200 2448 "http://shakalar.com/whsy.php?p=%2Fproc%2F12778" "Mozilla/5.0 AppleWebKit/537.36 (KHTML, like Gecko; compatible; GPTBot/1.3; +https://openai.com/gptbot)"
144.76.19.75 - - [14/Apr/2026:17:30:22 +0000] "GET /whsy.php?e=arp&p=/proc/6235/net HTTP/1.1" 200 942 "-" "Mozilla/5.0 (compatible; SERankingBacklinksBot/1.0; +https://seranking.com/backlinks-crawler)"
74.7.243.197 - - [14/Apr/2026:17:30:29 +0000] "GET /whsy.php?e=gid_map&p=%2Fproc%2F14592 HTTP/1.1" 200 2025 "http://shakalar.com/whsy.php?p=%2Fproc%2F14592" "Mozilla/5.0 AppleWebKit/537.36 (KHTML, like Gecko; compatible; GPTBot/1.3; +https://openai.com/gptbot)"
144.76.19.75 - - [14/Apr/2026:17:30:36 +0000] "GET /whsy.php?e=arp&p=/proc/6236/net HTTP/1.1" 200 942 "-" "Mozilla/5.0 (compatible; SERankingBacklinksBot/1.0; +https://seranking.com/backlinks-crawler)"
74.7.243.197 - - [14/Apr/2026:17:30:36 +0000] "GET /whsy.php?e=oom_adj&p=%2Fproc%2F14592 HTTP/1.1" 200 2006 "http://shakalar.com/whsy.php?p=%2Fproc%2F14592" "Mozilla/5.0 AppleWebKit/537.36 (KHTML, like Gecko; compatible; GPTBot/1.3; +https://openai.com/gptbot)"
144.76.19.75 - - [14/Apr/2026:17:30:39 +0000] "GET /whsy.php?e=raw&p=/proc/3365/net HTTP/1.1" 200 2578 "-" "Mozilla/5.0 (compatible; SERankingBacklinksBot/1.0; +https://seranking.com/backlinks-crawler)"
144.76.19.75 - - [14/Apr/2026:17:30:46 +0000] "GET /whsy.php?e=raw&p=/proc/3823/net HTTP/1.1" 200 2578 "-" "Mozilla/5.0 (compatible; SERankingBacklinksBot/1.0; +https://seranking.com/backlinks-crawler)"
144.76.19.75 - - [14/Apr/2026:17:30:49 +0000] "GET /whsy.php?e=arp&p=/proc/6237/net HTTP/1.1" 200 942 "-" "Mozilla/5.0 (compatible; SERankingBacklinksBot/1.0; +https://seranking.com/backlinks-crawler)"
74.7.243.197 - - [14/Apr/2026:17:30:51 +0000] "GET /whsy.php?e=gid_map&p=%2Fproc%2F18144 HTTP/1.1" 200 942 "http://shakalar.com/whsy.php?p=%2Fproc%2F18144" "Mozilla/5.0 AppleWebKit/537.36 (KHTML, like Gecko; compatible; GPTBot/1.3; +https://openai.com/gptbot)"
144.76.19.75 - - [14/Apr/2026:17:30:59 +0000] "GET /whsy.php?e=raw&p=/proc/4684/net HTTP/1.1" 200 2578 "-" "Mozilla/5.0 (compatible; SERankingBacklinksBot/1.0; +https://seranking.com/backlinks-crawler)"
74.7.243.197 - - [14/Apr/2026:17:31:06 +0000] "GET /whsy.php?e=uid_map&p=%2Fproc%2F25678 HTTP/1.1" 200 942 "http://shakalar.com/whsy.php?p=%2Fproc%2F25678" "Mozilla/5.0 AppleWebKit/537.36 (KHTML, like Gecko; compatible; GPTBot/1.3; +https://openai.com/gptbot)"
144.76.19.75 - - [14/Apr/2026:17:31:10 +0000] "GET /whsy.php?e=arp&p=/proc/6238/net HTTP/1.1" 200 942 "-" "Mozilla/5.0 (compatible; SERankingBacklinksBot/1.0; +https://seranking.com/backlinks-crawler)"
74.7.243.197 - - [14/Apr/2026:17:31:10 +0000] "GET /whsy.php?e=uid_map&p=%2Fproc%2F18144 HTTP/1.1" 200 942 "http://shakalar.com/whsy.php?p=%2Fproc%2F18144" "Mozilla/5.0 AppleWebKit/537.36 (KHTML, like Gecko; compatible; GPTBot/1.3; +https://openai.com/gptbot)"
74.7.243.197 - - [14/Apr/2026:17:31:14 +0000] "GET /whsy.php?e=oom_adj&p=%2Fproc%2F25678 HTTP/1.1" 200 942 "http://shakalar.com/whsy.php?p=%2Fproc%2F25678" "Mozilla/5.0 AppleWebKit/537.36 (KHTML, like Gecko; compatible; GPTBot/1.3; +https://openai.com/gptbot)"
144.76.19.75 - - [14/Apr/2026:17:31:17 +0000] "GET /whsy.php?e=bl&p=/usr/local/sbin HTTP/1.1" 200 1639 "-" "Mozilla/5.0 (compatible; SERankingBacklinksBot/1.0; +https://seranking.com/backlinks-crawler)"
74.7.243.197 - - [14/Apr/2026:17:31:18 +0000] "GET /whsy.php?e=uid_map&p=%2Fproc%2F14592 HTTP/1.1" 200 2022 "http://shakalar.com/whsy.php?p=%2Fproc%2F14592" "Mozilla/5.0 AppleWebKit/537.36 (KHTML, like Gecko; compatible; GPTBot/1.3; +https://openai.com/gptbot)"
144.76.19.75 - - [14/Apr/2026:17:31:20 +0000] "GET /whsy.php?e=raw&p=/proc/4863/net HTTP/1.1" 200 2578 "-" "Mozilla/5.0 (compatible; SERankingBacklinksBot/1.0; +https://seranking.com/backlinks-crawler)"
74.7.243.197 - - [14/Apr/2026:17:31:21 +0000] "GET /whsy.php?e=gid_map&p=%2Fproc%2F25678 HTTP/1.1" 200 942 "http://shakalar.com/whsy.php?p=%2Fproc%2F25678" "Mozilla/5.0 AppleWebKit/537.36 (KHTML, like Gecko; compatible; GPTBot/1.3; +https://openai.com/gptbot)"
144.76.19.75 - - [14/Apr/2026:17:31:27 +0000] "GET /whsy.php?e=raw&p=/proc/4903/net HTTP/1.1" 200 2577 "-" "Mozilla/5.0 (compatible; SERankingBacklinksBot/1.0; +https://seranking.com/backlinks-crawler)"
144.76.19.75 - - [14/Apr/2026:17:31:31 +0000] "GET /whsy.php?e=cgroup&p=/proc/12592 HTTP/1.1" 200 942 "-" "Mozilla/5.0 (compatible; SERankingBacklinksBot/1.0; +https://seranking.com/backlinks-crawler)"
74.7.243.197 - - [14/Apr/2026:17:31:36 +0000] "GET /whsy.php?e=auxv&p=%2Fproc%2F12778 HTTP/1.1" 200 1936 "http://shakalar.com/whsy.php?p=%2Fproc%2F12778" "Mozilla/5.0 AppleWebKit/537.36 (KHTML, like Gecko; compatible; GPTBot/1.3; +https://openai.com/gptbot)"
74.7.243.197 - - [14/Apr/2026:17:31:39 +0000] "GET /whsy.php?e=auxv&p=%2Fproc%2F18144 HTTP/1.1" 200 942 "http://shakalar.com/whsy.php?p=%2Fproc%2F18144" "Mozilla/5.0 AppleWebKit/537.36 (KHTML, like Gecko; compatible; GPTBot/1.3; +https://openai.com/gptbot)"
144.76.19.75 - - [14/Apr/2026:17:31:40 +0000] "GET /whsy.php?e=raw&p=/proc/4935/net HTTP/1.1" 200 2578 "-" "Mozilla/5.0 (compatible; SERankingBacklinksBot/1.0; +https://seranking.com/backlinks-crawler)"
144.76.19.75 - - [14/Apr/2026:17:31:50 +0000] "GET /whsy.php?e=cgroup&p=/proc/12593 HTTP/1.1" 200 942 "-" "Mozilla/5.0 (compatible; SERankingBacklinksBot/1.0; +https://seranking.com/backlinks-crawler)"
144.76.19.75 - - [14/Apr/2026:17:31:57 +0000] "GET /whsy.php?e=cgroup&p=/proc/12632 HTTP/1.1" 200 942 "-" "Mozilla/5.0 (compatible; SERankingBacklinksBot/1.0; +https://seranking.com/backlinks-crawler)"
144.76.19.75 - - [14/Apr/2026:17:32:00 +0000] "GET /whsy.php?e=raw&p=/proc/4940/net HTTP/1.1" 200 2576 "-" "Mozilla/5.0 (compatible; SERankingBacklinksBot/1.0; +https://seranking.com/backlinks-crawler)"
144.76.19.75 - - [14/Apr/2026:17:32:04 +0000] "GET /whsy.php?e=cgroup&p=/proc/12872 HTTP/1.1" 200 942 "-" "Mozilla/5.0 (compatible; SERankingBacklinksBot/1.0; +https://seranking.com/backlinks-crawler)"
74.7.243.197 - - [14/Apr/2026:17:32:05 +0000] "GET /whsy.php?e=setgroups&p=%2Fproc%2F12778 HTTP/1.1" 200 2007 "http://shakalar.com/whsy.php?p=%2Fproc%2F12778" "Mozilla/5.0 AppleWebKit/537.36 (KHTML, like Gecko; compatible; GPTBot/1.3; +https://openai.com/gptbot)"
74.7.243.197 - - [14/Apr/2026:17:32:08 +0000] "GET /whsy.php?e=sessionid&p=%2Fproc%2F12778 HTTP/1.1" 200 2015 "http://shakalar.com/whsy.php?p=%2Fproc%2F12778" "Mozilla/5.0 AppleWebKit/537.36 (KHTML, like Gecko; compatible; GPTBot/1.3; +https://openai.com/gptbot)"
144.76.19.75 - - [14/Apr/2026:17:32:14 +0000] "GET /whsy.php?e=raw&p=/proc/4941/net HTTP/1.1" 200 2577 "-" "Mozilla/5.0 (compatible; SERankingBacklinksBot/1.0; +https://seranking.com/backlinks-crawler)"
144.76.19.75 - - [14/Apr/2026:17:32:17 +0000] "GET /whsy.php?e=cgroup&p=/proc/12895 HTTP/1.1" 200 942 "-" "Mozilla/5.0 (compatible; SERankingBacklinksBot/1.0; +https://seranking.com/backlinks-crawler)"
144.76.19.75 - - [14/Apr/2026:17:32:20 +0000] "GET /whsy.php?e=raw&p=/proc/4942/net HTTP/1.1" 200 2577 "-" "Mozilla/5.0 (compatible; SERankingBacklinksBot/1.0; +https://seranking.com/backlinks-crawler)"
74.7.243.197 - - [14/Apr/2026:17:32:30 +0000] "GET /whsy.php?e=exe&p=%2Fproc%2F18144 HTTP/1.1" 200 942 "http://shakalar.com/whsy.php?p=%2Fproc%2F18144" "Mozilla/5.0 AppleWebKit/537.36 (KHTML, like Gecko; compatible; GPTBot/1.3; +https://openai.com/gptbot)"
144.76.19.75 - - [14/Apr/2026:17:32:31 +0000] "GET /whsy.php?e=cgroup&p=/proc/12899 HTTP/1.1" 200 942 "-" "Mozilla/5.0 (compatible; SERankingBacklinksBot/1.0; +https://seranking.com/backlinks-crawler)"
144.76.19.75 - - [14/Apr/2026:17:32:34 +0000] "GET /whsy.php?e=raw&p=/proc/5004/net HTTP/1.1" 200 2578 "-" "Mozilla/5.0 (compatible; SERankingBacklinksBot/1.0; +https://seranking.com/backlinks-crawler)"
74.7.243.197 - - [14/Apr/2026:17:32:41 +0000] "GET /whsy.php?e=exe&p=%2Fproc%2F12778 HTTP/1.1" 200 1936 "http://shakalar.com/whsy.php?p=%2Fproc%2F12778" "Mozilla/5.0 AppleWebKit/537.36 (KHTML, like Gecko; compatible; GPTBot/1.3; +https://openai.com/gptbot)"
144.76.19.75 - - [14/Apr/2026:17:32:47 +0000] "GET /whsy.php?e=raw&p=/proc/5192/net HTTP/1.1" 200 2577 "-" "Mozilla/5.0 (compatible; SERankingBacklinksBot/1.0; +https://seranking.com/backlinks-crawler)"
144.76.19.75 - - [14/Apr/2026:17:32:50 +0000] "GET /whsy.php?e=cgroup&p=/proc/13518 HTTP/1.1" 200 942 "-" "Mozilla/5.0 (compatible; SERankingBacklinksBot/1.0; +https://seranking.com/backlinks-crawler)"
74.7.243.197 - - [14/Apr/2026:17:32:52 +0000] "GET /whsy.php?e=cwd&p=%2Fproc%2F12778 HTTP/1.1" 200 1936 "http://shakalar.com/whsy.php?p=%2Fproc%2F12778" "Mozilla/5.0 AppleWebKit/537.36 (KHTML, like Gecko; compatible; GPTBot/1.3; +https://openai.com/gptbot)"
74.7.243.197 - - [14/Apr/2026:17:32:59 +0000] "GET /whsy.php?e=mem&p=%2Fproc%2F12778 HTTP/1.1" 200 1936 "http://shakalar.com/whsy.php?p=%2Fproc%2F12778" "Mozilla/5.0 AppleWebKit/537.36 (KHTML, like Gecko; compatible; GPTBot/1.3; +https://openai.com/gptbot)"
74.7.243.197 - - [14/Apr/2026:17:33:03 +0000] "GET /whsy.php?e=mem&p=%2Fproc%2F18144 HTTP/1.1" 200 942 "http://shakalar.com/whsy.php?p=%2Fproc%2F18144" "Mozilla/5.0 AppleWebKit/537.36 (KHTML, like Gecko; compatible; GPTBot/1.3; +https://openai.com/gptbot)"
144.76.19.75 - - [14/Apr/2026:17:33:04 +0000] "GET /whsy.php?e=cgroup&p=/proc/13527 HTTP/1.1" 200 942 "-" "Mozilla/5.0 (compatible; SERankingBacklinksBot/1.0; +https://seranking.com/backlinks-crawler)"
144.76.19.75 - - [14/Apr/2026:17:33:07 +0000] "GET /whsy.php?e=raw&p=/proc/5207/net HTTP/1.1" 200 2577 "-" "Mozilla/5.0 (compatible; SERankingBacklinksBot/1.0; +https://seranking.com/backlinks-crawler)"
74.7.243.197 - - [14/Apr/2026:17:33:10 +0000] "GET /whsy.php?e=cwd&p=%2Fproc%2F18144 HTTP/1.1" 200 942 "http://shakalar.com/whsy.php?p=%2Fproc%2F18144" "Mozilla/5.0 AppleWebKit/537.36 (KHTML, like Gecko; compatible; GPTBot/1.3; +https://openai.com/gptbot)"
144.76.19.75 - - [14/Apr/2026:17:33:17 +0000] "GET /whsy.php?e=cgroup&p=/proc/15908 HTTP/1.1" 200 2138 "-" "Mozilla/5.0 (compatible; SERankingBacklinksBot/1.0; +https://seranking.com/backlinks-crawler)"
144.76.19.75 - - [14/Apr/2026:17:33:20 +0000] "GET /whsy.php?e=raw&p=/proc/5800/net HTTP/1.1" 200 2576 "-" "Mozilla/5.0 (compatible; SERankingBacklinksBot/1.0; +https://seranking.com/backlinks-crawler)"
74.7.243.197 - - [14/Apr/2026:17:33:21 +0000] "GET /whsy.php?e=stat&p=%2Fproc%2F14592 HTTP/1.1" 200 2109 "http://shakalar.com/whsy.php?p=%2Fproc%2F14592" "Mozilla/5.0 AppleWebKit/537.36 (KHTML, like Gecko; compatible; GPTBot/1.3; +https://openai.com/gptbot)"
144.76.19.75 - - [14/Apr/2026:17:33:24 +0000] "GET /whsy.php?e=cgroup&p=/proc/21982 HTTP/1.1" 200 942 "-" "Mozilla/5.0 (compatible; SERankingBacklinksBot/1.0; +https://seranking.com/backlinks-crawler)"
74.7.243.197 - - [14/Apr/2026:17:33:30 +0000] "GET /whsy.php?e=stat&p=%2Fproc%2F25678 HTTP/1.1" 200 942 "http://shakalar.com/whsy.php?p=%2Fproc%2F25678" "Mozilla/5.0 AppleWebKit/537.36 (KHTML, like Gecko; compatible; GPTBot/1.3; +https://openai.com/gptbot)"
144.76.19.75 - - [14/Apr/2026:17:33:33 +0000] "GET /whsy.php?e=raw&p=/proc/5930/net HTTP/1.1" 200 2577 "-" "Mozilla/5.0 (compatible; SERankingBacklinksBot/1.0; +https://seranking.com/backlinks-crawler)"
144.76.19.75 - - [14/Apr/2026:17:33:37 +0000] "GET /whsy.php?e=cgroup&p=/proc/21983 HTTP/1.1" 200 942 "-" "Mozilla/5.0 (compatible; SERankingBacklinksBot/1.0; +https://seranking.com/backlinks-crawler)"
74.7.243.197 - - [14/Apr/2026:17:33:37 +0000] "GET /whsy.php?e=ksm_stat&p=%2Fproc%2F18144 HTTP/1.1" 200 942 "http://shakalar.com/whsy.php?p=%2Fproc%2F18144" "Mozilla/5.0 AppleWebKit/537.36 (KHTML, like Gecko; compatible; GPTBot/1.3; +https://openai.com/gptbot)"
144.76.19.75 - - [14/Apr/2026:17:33:40 +0000] "GET /whsy.php?e=raw&p=/proc/6023/net HTTP/1.1" 200 2577 "-" "Mozilla/5.0 (compatible; SERankingBacklinksBot/1.0; +https://seranking.com/backlinks-crawler)"
144.76.19.75 - - [14/Apr/2026:17:33:53 +0000] "GET /whsy.php?e=raw&p=/proc/6231/net HTTP/1.1" 200 2577 "-" "Mozilla/5.0 (compatible; SERankingBacklinksBot/1.0; +https://seranking.com/backlinks-crawler)"
74.7.243.197 - - [14/Apr/2026:17:33:55 +0000] "GET /whsy.php?e=ksm_stat&p=%2Fproc%2F12778 HTTP/1.1" 200 1936 "http://shakalar.com/whsy.php?p=%2Fproc%2F12778" "Mozilla/5.0 AppleWebKit/537.36 (KHTML, like Gecko; compatible; GPTBot/1.3; +https://openai.com/gptbot)"
144.76.19.75 - - [14/Apr/2026:17:33:56 +0000] "GET /whsy.php?e=cgroup&p=/proc/23494 HTTP/1.1" 200 942 "-" "Mozilla/5.0 (compatible; SERankingBacklinksBot/1.0; +https://seranking.com/backlinks-crawler)"
74.7.243.197 - - [14/Apr/2026:17:33:59 +0000] "GET /whsy.php?e=exe&p=%2Fproc%2F25678 HTTP/1.1" 200 942 "http://shakalar.com/whsy.php?p=%2Fproc%2F25678" "Mozilla/5.0 AppleWebKit/537.36 (KHTML, like Gecko; compatible; GPTBot/1.3; +https://openai.com/gptbot)"
74.7.243.197 - - [14/Apr/2026:17:34:10 +0000] "GET /whsy.php?e=exe&p=%2Fproc%2F14592 HTTP/1.1" 200 1936 "http://shakalar.com/whsy.php?p=%2Fproc%2F14592" "Mozilla/5.0 AppleWebKit/537.36 (KHTML, like Gecko; compatible; GPTBot/1.3; +https://openai.com/gptbot)"
144.76.19.75 - - [14/Apr/2026:17:34:14 +0000] "GET /whsy.php?e=raw&p=/proc/6233/net HTTP/1.1" 200 942 "-" "Mozilla/5.0 (compatible; SERankingBacklinksBot/1.0; +https://seranking.com/backlinks-crawler)"
144.76.19.75 - - [14/Apr/2026:17:34:17 +0000] "GET /whsy.php?e=cgroup&p=/proc/23507 HTTP/1.1" 200 942 "-" "Mozilla/5.0 (compatible; SERankingBacklinksBot/1.0; +https://seranking.com/backlinks-crawler)"
144.76.19.75 - - [14/Apr/2026:17:34:27 +0000] "GET /whsy.php?e=raw&p=/proc/6234/net HTTP/1.1" 200 942 "-" "Mozilla/5.0 (compatible; SERankingBacklinksBot/1.0; +https://seranking.com/backlinks-crawler)"
74.7.243.197 - - [14/Apr/2026:17:34:28 +0000] "GET /whsy.php?e=oom_adj&p=%2Fproc%2F12778 HTTP/1.1" 200 2006 "http://shakalar.com/whsy.php?p=%2Fproc%2F12778" "Mozilla/5.0 AppleWebKit/537.36 (KHTML, like Gecko; compatible; GPTBot/1.3; +https://openai.com/gptbot)"
74.7.243.197 - - [14/Apr/2026:17:34:39 +0000] "GET /whsy.php?e=cmdline&p=%2Fproc%2F12778 HTTP/1.1" 200 2002 "http://shakalar.com/whsy.php?p=%2Fproc%2F12778" "Mozilla/5.0 AppleWebKit/537.36 (KHTML, like Gecko; compatible; GPTBot/1.3; +https://openai.com/gptbot)"
144.76.19.75 - - [14/Apr/2026:17:34:40 +0000] "GET /whsy.php?e=cgroup&p=/proc/28126 HTTP/1.1" 200 2139 "-" "Mozilla/5.0 (compatible; SERankingBacklinksBot/1.0; +https://seranking.com/backlinks-crawler)"
144.76.19.75 - - [14/Apr/2026:17:34:43 +0000] "GET /whsy.php?e=raw&p=/proc/6235/net HTTP/1.1" 200 942 "-" "Mozilla/5.0 (compatible; SERankingBacklinksBot/1.0; +https://seranking.com/backlinks-crawler)"
144.76.19.75 - - [14/Apr/2026:17:34:46 +0000] "GET /whsy.php?e=cgroup&p=/proc/31699 HTTP/1.1" 200 942 "-" "Mozilla/5.0 (compatible; SERankingBacklinksBot/1.0; +https://seranking.com/backlinks-crawler)"
74.7.243.197 - - [14/Apr/2026:17:34:49 +0000] "GET /whsy.php?e=ksm_stat&p=%2Fproc%2F25678 HTTP/1.1" 200 942 "http://shakalar.com/whsy.php?p=%2Fproc%2F25678" "Mozilla/5.0 AppleWebKit/537.36 (KHTML, like Gecko; compatible; GPTBot/1.3; +https://openai.com/gptbot)"
144.76.19.75 - - [14/Apr/2026:17:34:49 +0000] "GET /whsy.php?e=raw&p=/proc/6236/net HTTP/1.1" 200 942 "-" "Mozilla/5.0 (compatible; SERankingBacklinksBot/1.0; +https://seranking.com/backlinks-crawler)"
74.7.243.197 - - [14/Apr/2026:17:34:53 +0000] "GET /whsy.php?e=ksm_stat&p=%2Fproc%2F14592 HTTP/1.1" 200 1936 "http://shakalar.com/whsy.php?p=%2Fproc%2F14592" "Mozilla/5.0 AppleWebKit/537.36 (KHTML, like Gecko; compatible; GPTBot/1.3; +https://openai.com/gptbot)"
144.76.19.75 - - [14/Apr/2026:17:34:59 +0000] "GET /whsy.php?e=cmdline&p=/proc/3035 HTTP/1.1" 200 942 "-" "Mozilla/5.0 (compatible; SERankingBacklinksBot/1.0; +https://seranking.com/backlinks-crawler)"
74.7.243.197 - - [14/Apr/2026:17:35:00 +0000] "GET /whsy.php?e=oom_score_adj&p=%2Fproc%2F18144 HTTP/1.1" 200 942 "http://shakalar.com/whsy.php?p=%2Fproc%2F18144" "Mozilla/5.0 AppleWebKit/537.36 (KHTML, like Gecko; compatible; GPTBot/1.3; +https://openai.com/gptbot)"
144.76.19.75 - - [14/Apr/2026:17:35:03 +0000] "GET /whsy.php?e=raw&p=/proc/6237/net HTTP/1.1" 200 942 "-" "Mozilla/5.0 (compatible; SERankingBacklinksBot/1.0; +https://seranking.com/backlinks-crawler)"
74.7.243.197 - - [14/Apr/2026:17:35:08 +0000] "GET /whsy.php?e=oom_score_adj&p=%2Fproc%2F12778 HTTP/1.1" 200 2007 "http://shakalar.com/whsy.php?p=%2Fproc%2F12778" "Mozilla/5.0 AppleWebKit/537.36 (KHTML, like Gecko; compatible; GPTBot/1.3; +https://openai.com/gptbot)"
144.76.19.75 - - [14/Apr/2026:17:35:13 +0000] "GET /whsy.php?e=cpuset&p=/proc/12592 HTTP/1.1" 200 942 "-" "Mozilla/5.0 (compatible; SERankingBacklinksBot/1.0; +https://seranking.com/backlinks-crawler)"
144.76.19.75 - - [14/Apr/2026:17:35:17 +0000] "GET /whsy.php?e=raw&p=/proc/6238/net HTTP/1.1" 200 942 "-" "Mozilla/5.0 (compatible; SERankingBacklinksBot/1.0; +https://seranking.com/backlinks-crawler)"
74.7.243.197 - - [14/Apr/2026:17:35:26 +0000] "GET /whsy.php?e=root&p=%2Fproc%2F14592 HTTP/1.1" 200 1936 "http://shakalar.com/whsy.php?p=%2Fproc%2F14592" "Mozilla/5.0 AppleWebKit/537.36 (KHTML, like Gecko; compatible; GPTBot/1.3; +https://openai.com/gptbot)"
144.76.19.75 - - [14/Apr/2026:17:35:26 +0000] "GET /whsy.php?e=cpuset&p=/proc/12593 HTTP/1.1" 200 942 "-" "Mozilla/5.0 (compatible; SERankingBacklinksBot/1.0; +https://seranking.com/backlinks-crawler)"
74.7.243.197 - - [14/Apr/2026:17:35:30 +0000] "GET /whsy.php?e=root&p=%2Fproc%2F25678 HTTP/1.1" 200 942 "http://shakalar.com/whsy.php?p=%2Fproc%2F25678" "Mozilla/5.0 AppleWebKit/537.36 (KHTML, like Gecko; compatible; GPTBot/1.3; +https://openai.com/gptbot)"
144.76.19.75 - - [14/Apr/2026:17:35:37 +0000] "GET /whsy.php?e=raw6&p=/proc/100/net HTTP/1.1" 200 2581 "-" "Mozilla/5.0 (compatible; SERankingBacklinksBot/1.0; +https://seranking.com/backlinks-crawler)"
74.7.243.197 - - [14/Apr/2026:17:35:37 +0000] "GET /whsy.php?e=maps&p=%2Fproc%2F18144 HTTP/1.1" 200 942 "http://shakalar.com/whsy.php?p=%2Fproc%2F18144" "Mozilla/5.0 AppleWebKit/537.36 (KHTML, like Gecko; compatible; GPTBot/1.3; +https://openai.com/gptbot)"
144.76.19.75 - - [14/Apr/2026:17:35:40 +0000] "GET /whsy.php?e=cpuset&p=/proc/12632 HTTP/1.1" 200 942 "-" "Mozilla/5.0 (compatible; SERankingBacklinksBot/1.0; +https://seranking.com/backlinks-crawler)"
74.7.243.197 - - [14/Apr/2026:17:35:45 +0000] "GET /whsy.php?e=comm&p=%2Fproc%2F18144 HTTP/1.1" 200 942 "http://shakalar.com/whsy.php?p=%2Fproc%2F18144" "Mozilla/5.0 AppleWebKit/537.36 (KHTML, like Gecko; compatible; GPTBot/1.3; +https://openai.com/gptbot)"
144.76.19.75 - - [14/Apr/2026:17:35:49 +0000] "GET /whsy.php?e=raw6&p=/proc/101/net HTTP/1.1" 200 2583 "-" "Mozilla/5.0 (compatible; SERankingBacklinksBot/1.0; +https://seranking.com/backlinks-crawler)"
74.7.243.197 - - [14/Apr/2026:17:35:52 +0000] "GET /whsy.php?e=personality&p=%2Fproc%2F18144 HTTP/1.1" 200 942 "http://shakalar.com/whsy.php?p=%2Fproc%2F18144" "Mozilla/5.0 AppleWebKit/537.36 (KHTML, like Gecko; compatible; GPTBot/1.3; +https://openai.com/gptbot)"
144.76.19.75 - - [14/Apr/2026:17:35:53 +0000] "GET /whsy.php?e=cpuset&p=/proc/12872 HTTP/1.1" 200 942 "-" "Mozilla/5.0 (compatible; SERankingBacklinksBot/1.0; +https://seranking.com/backlinks-crawler)"
144.76.19.75 - - [14/Apr/2026:17:35:57 +0000] "GET /whsy.php?e=raw6&p=/proc/102/net HTTP/1.1" 200 2583 "-" "Mozilla/5.0 (compatible; SERankingBacklinksBot/1.0; +https://seranking.com/backlinks-crawler)"
144.76.19.75 - - [14/Apr/2026:17:36:07 +0000] "GET /whsy.php?e=cpuset&p=/proc/12895 HTTP/1.1" 200 942 "-" "Mozilla/5.0 (compatible; SERankingBacklinksBot/1.0; +https://seranking.com/backlinks-crawler)"
74.7.243.197 - - [14/Apr/2026:17:36:10 +0000] "GET /whsy.php?e=personality&p=%2Fproc%2F12778 HTTP/1.1" 200 1936 "http://shakalar.com/whsy.php?p=%2Fproc%2F12778" "Mozilla/5.0 AppleWebKit/537.36 (KHTML, like Gecko; compatible; GPTBot/1.3; +https://openai.com/gptbot)"
144.76.19.75 - - [14/Apr/2026:17:36:10 +0000] "GET /whsy.php?e=raw6&p=/proc/103/net HTTP/1.1" 200 2583 "-" "Mozilla/5.0 (compatible; SERankingBacklinksBot/1.0; +https://seranking.com/backlinks-crawler)"
144.76.19.75 - - [14/Apr/2026:17:36:13 +0000] "GET /whsy.php?e=cpuset&p=/proc/12899 HTTP/1.1" 200 942 "-" "Mozilla/5.0 (compatible; SERankingBacklinksBot/1.0; +https://seranking.com/backlinks-crawler)"
74.7.243.197 - - [14/Apr/2026:17:36:13 +0000] "GET /whsy.php?e=oom_score_adj&p=%2Fproc%2F25678 HTTP/1.1" 200 942 "http://shakalar.com/whsy.php?p=%2Fproc%2F25678" "Mozilla/5.0 AppleWebKit/537.36 (KHTML, like Gecko; compatible; GPTBot/1.3; +https://openai.com/gptbot)"
74.7.243.197 - - [14/Apr/2026:17:36:17 +0000] "GET /whsy.php?e=oom_score_adj&p=%2Fproc%2F14592 HTTP/1.1" 200 2008 "http://shakalar.com/whsy.php?p=%2Fproc%2F14592" "Mozilla/5.0 AppleWebKit/537.36 (KHTML, like Gecko; compatible; GPTBot/1.3; +https://openai.com/gptbot)"
144.76.19.75 - - [14/Apr/2026:17:36:23 +0000] "GET /whsy.php?e=raw6&p=/proc/104/net HTTP/1.1" 200 2583 "-" "Mozilla/5.0 (compatible; SERankingBacklinksBot/1.0; +https://seranking.com/backlinks-crawler)"
144.76.19.75 - - [14/Apr/2026:17:36:27 +0000] "GET /whsy.php?e=cpuset&p=/proc/13518 HTTP/1.1" 200 942 "-" "Mozilla/5.0 (compatible; SERankingBacklinksBot/1.0; +https://seranking.com/backlinks-crawler)"
144.76.19.75 - - [14/Apr/2026:17:36:40 +0000] "GET /whsy.php?e=cpuset&p=/proc/13527 HTTP/1.1" 200 942 "-" "Mozilla/5.0 (compatible; SERankingBacklinksBot/1.0; +https://seranking.com/backlinks-crawler)"
74.7.243.197 - - [14/Apr/2026:17:36:41 +0000] "GET /whsy.php?e=root&p=%2Fproc%2F18144 HTTP/1.1" 200 942 "http://shakalar.com/whsy.php?p=%2Fproc%2F18144" "Mozilla/5.0 AppleWebKit/537.36 (KHTML, like Gecko; compatible; GPTBot/1.3; +https://openai.com/gptbot)"
144.76.19.75 - - [14/Apr/2026:17:36:43 +0000] "GET /whsy.php?e=raw6&p=/proc/105/net HTTP/1.1" 200 2583 "-" "Mozilla/5.0 (compatible; SERankingBacklinksBot/1.0; +https://seranking.com/backlinks-crawler)"
74.7.243.197 - - [14/Apr/2026:17:36:52 +0000] "GET /whsy.php?e=comm&p=%2Fproc%2F12778 HTTP/1.1" 200 2028 "http://shakalar.com/whsy.php?p=%2Fproc%2F12778" "Mozilla/5.0 AppleWebKit/537.36 (KHTML, like Gecko; compatible; GPTBot/1.3; +https://openai.com/gptbot)"
144.76.19.75 - - [14/Apr/2026:17:36:53 +0000] "GET /whsy.php?e=cpuset&p=/proc/15908 HTTP/1.1" 200 2005 "-" "Mozilla/5.0 (compatible; SERankingBacklinksBot/1.0; +https://seranking.com/backlinks-crawler)"
144.76.19.75 - - [14/Apr/2026:17:36:56 +0000] "GET /whsy.php?e=raw6&p=/proc/106/net HTTP/1.1" 200 2584 "-" "Mozilla/5.0 (compatible; SERankingBacklinksBot/1.0; +https://seranking.com/backlinks-crawler)"
74.7.243.197 - - [14/Apr/2026:17:37:00 +0000] "GET /whsy.php?e=maps&p=%2Fproc%2F12778 HTTP/1.1" 200 2004 "http://shakalar.com/whsy.php?p=%2Fproc%2F12778" "Mozilla/5.0 AppleWebKit/537.36 (KHTML, like Gecko; compatible; GPTBot/1.3; +https://openai.com/gptbot)"
144.76.19.75 - - [14/Apr/2026:17:37:10 +0000] "GET /whsy.php?e=raw6&p=/proc/107/net HTTP/1.1" 200 2583 "-" "Mozilla/5.0 (compatible; SERankingBacklinksBot/1.0; +https://seranking.com/backlinks-crawler)"
74.7.243.197 - - [14/Apr/2026:17:37:10 +0000] "GET /whsy.php?e=root&p=%2Fproc%2F12778 HTTP/1.1" 200 1936 "http://shakalar.com/whsy.php?p=%2Fproc%2F12778" "Mozilla/5.0 AppleWebKit/537.36 (KHTML, like Gecko; compatible; GPTBot/1.3; +https://openai.com/gptbot)"
144.76.19.75 - - [14/Apr/2026:17:37:14 +0000] "GET /whsy.php?e=cpuset&p=/proc/21982 HTTP/1.1" 200 942 "-" "Mozilla/5.0 (compatible; SERankingBacklinksBot/1.0; +https://seranking.com/backlinks-crawler)"
74.7.243.197 - - [14/Apr/2026:17:37:14 +0000] "GET /whsy.php?e=stat&p=%2Fproc%2F18144 HTTP/1.1" 200 942 "http://shakalar.com/whsy.php?p=%2Fproc%2F18144" "Mozilla/5.0 AppleWebKit/537.36 (KHTML, like Gecko; compatible; GPTBot/1.3; +https://openai.com/gptbot)"
144.76.19.75 - - [14/Apr/2026:17:37:17 +0000] "GET /whsy.php?e=raw6&p=/proc/108/net HTTP/1.1" 200 2583 "-" "Mozilla/5.0 (compatible; SERankingBacklinksBot/1.0; +https://seranking.com/backlinks-crawler)"
144.76.19.75 - - [14/Apr/2026:17:37:20 +0000] "GET /whsy.php?e=cpuset&p=/proc/21983 HTTP/1.1" 200 942 "-" "Mozilla/5.0 (compatible; SERankingBacklinksBot/1.0; +https://seranking.com/backlinks-crawler)"
74.7.243.197 - - [14/Apr/2026:17:37:28 +0000] "GET /whsy.php?e=cpuset&p=%2Fproc%2F12778 HTTP/1.1" 200 2006 "http://shakalar.com/whsy.php?p=%2Fproc%2F12778" "Mozilla/5.0 AppleWebKit/537.36 (KHTML, like Gecko; compatible; GPTBot/1.3; +https://openai.com/gptbot)"
144.76.19.75 - - [14/Apr/2026:17:37:31 +0000] "GET /whsy.php?e=raw6&p=/proc/109/net HTTP/1.1" 200 2583 "-" "Mozilla/5.0 (compatible; SERankingBacklinksBot/1.0; +https://seranking.com/backlinks-crawler)"
74.7.243.197 - - [14/Apr/2026:17:37:32 +0000] "GET /whsy.php?e=cgroup&p=%2Fproc%2F12778 HTTP/1.1" 200 2116 "http://shakalar.com/whsy.php?p=%2Fproc%2F12778" "Mozilla/5.0 AppleWebKit/537.36 (KHTML, like Gecko; compatible; GPTBot/1.3; +https://openai.com/gptbot)"
144.76.19.75 - - [14/Apr/2026:17:37:44 +0000] "GET /whsy.php?e=raw6&p=/proc/110/net HTTP/1.1" 200 2583 "-" "Mozilla/5.0 (compatible; SERankingBacklinksBot/1.0; +https://seranking.com/backlinks-crawler)"
144.76.19.75 - - [14/Apr/2026:17:37:48 +0000] "GET /whsy.php?e=cpuset&p=/proc/23494 HTTP/1.1" 200 942 "-" "Mozilla/5.0 (compatible; SERankingBacklinksBot/1.0; +https://seranking.com/backlinks-crawler)"
74.7.243.197 - - [14/Apr/2026:17:37:53 +0000] "GET /whsy.php?e=timens_offsets&p=%2Fproc%2F25678 HTTP/1.1" 200 942 "http://shakalar.com/whsy.php?p=%2Fproc%2F25678" "Mozilla/5.0 AppleWebKit/537.36 (KHTML, like Gecko; compatible; GPTBot/1.3; +https://openai.com/gptbot)"
144.76.19.75 - - [14/Apr/2026:17:37:54 +0000] "GET /whsy.php?e=cpuset&p=/proc/23507 HTTP/1.1" 200 942 "-" "Mozilla/5.0 (compatible; SERankingBacklinksBot/1.0; +https://seranking.com/backlinks-crawler)"
144.76.19.75 - - [14/Apr/2026:17:37:57 +0000] "GET /whsy.php?e=raw6&p=/proc/111/net HTTP/1.1" 200 2583 "-" "Mozilla/5.0 (compatible; SERankingBacklinksBot/1.0; +https://seranking.com/backlinks-crawler)"
74.7.243.197 - - [14/Apr/2026:17:38:01 +0000] "GET /whsy.php?e=timens_offsets&p=%2Fproc%2F14592 HTTP/1.1" 200 2022 "http://shakalar.com/whsy.php?p=%2Fproc%2F14592" "Mozilla/5.0 AppleWebKit/537.36 (KHTML, like Gecko; compatible; GPTBot/1.3; +https://openai.com/gptbot)"
74.7.243.197 - - [14/Apr/2026:17:38:04 +0000] "GET /whsy.php?e=cmdline&p=%2Fproc%2F14592 HTTP/1.1" 200 2002 "http://shakalar.com/whsy.php?p=%2Fproc%2F14592" "Mozilla/5.0 AppleWebKit/537.36 (KHTML, like Gecko; compatible; GPTBot/1.3; +https://openai.com/gptbot)"
74.7.243.197 - - [14/Apr/2026:17:38:08 +0000] "GET /whsy.php?e=cmdline&p=%2Fproc%2F18144 HTTP/1.1" 200 942 "http://shakalar.com/whsy.php?p=%2Fproc%2F18144" "Mozilla/5.0 AppleWebKit/537.36 (KHTML, like Gecko; compatible; GPTBot/1.3; +https://openai.com/gptbot)"
74.7.243.197 - - [14/Apr/2026:17:38:11 +0000] "GET /whsy.php?e=cmdline&p=%2Fproc%2F25678 HTTP/1.1" 200 942 "http://shakalar.com/whsy.php?p=%2Fproc%2F25678" "Mozilla/5.0 AppleWebKit/537.36 (KHTML, like Gecko; compatible; GPTBot/1.3; +https://openai.com/gptbot)"
144.76.19.75 - - [14/Apr/2026:17:38:14 +0000] "GET /whsy.php?e=cpuset&p=/proc/28126 HTTP/1.1" 200 2006 "-" "Mozilla/5.0 (compatible; SERankingBacklinksBot/1.0; +https://seranking.com/backlinks-crawler)"
144.76.19.75 - - [14/Apr/2026:17:38:18 +0000] "GET /whsy.php?e=raw6&p=/proc/112/net HTTP/1.1" 200 2583 "-" "Mozilla/5.0 (compatible; SERankingBacklinksBot/1.0; +https://seranking.com/backlinks-crawler)"
144.76.19.75 - - [14/Apr/2026:17:38:24 +0000] "GET /whsy.php?e=raw6&p=/proc/113/net HTTP/1.1" 200 2583 "-" "Mozilla/5.0 (compatible; SERankingBacklinksBot/1.0; +https://seranking.com/backlinks-crawler)"
74.7.241.175 - - [14/Apr/2026:17:38:28 +0000] "GET /robots.txt HTTP/1.1" 404 - "-" "Mozilla/5.0 (Macintosh; Intel Mac OS X 10_15_7) AppleWebKit/537.36 (KHTML, like Gecko) Chrome/131.0.0.0 Safari/537.36; compatible; OAI-SearchBot/1.3; robots.txt; +https://openai.com/searchbot"
74.7.243.197 - - [14/Apr/2026:17:38:29 +0000] "GET /whsy.php?e=timens_offsets&p=%2Fproc%2F12778 HTTP/1.1" 200 2023 "http://shakalar.com/whsy.php?p=%2Fproc%2F12778" "Mozilla/5.0 AppleWebKit/537.36 (KHTML, like Gecko; compatible; GPTBot/1.3; +https://openai.com/gptbot)"
74.7.243.197 - - [14/Apr/2026:17:38:33 +0000] "GET /whsy.php?e=timens_offsets&p=%2Fproc%2F18144 HTTP/1.1" 200 942 "http://shakalar.com/whsy.php?p=%2Fproc%2F18144" "Mozilla/5.0 AppleWebKit/537.36 (KHTML, like Gecko; compatible; GPTBot/1.3; +https://openai.com/gptbot)"
144.76.19.75 - - [14/Apr/2026:17:38:35 +0000] "GET /whsy.php?e=cpuset&p=/proc/31699 HTTP/1.1" 200 942 "-" "Mozilla/5.0 (compatible; SERankingBacklinksBot/1.0; +https://seranking.com/backlinks-crawler)"
144.76.19.75 - - [14/Apr/2026:17:38:38 +0000] "GET /whsy.php?e=raw6&p=/proc/114/net HTTP/1.1" 200 2584 "-" "Mozilla/5.0 (compatible; SERankingBacklinksBot/1.0; +https://seranking.com/backlinks-crawler)"
144.76.19.75 - - [14/Apr/2026:17:38:41 +0000] "GET /whsy.php?e=route&p=/proc/12/net HTTP/1.1" 200 2634 "-" "Mozilla/5.0 (compatible; SERankingBacklinksBot/1.0; +https://seranking.com/backlinks-crawler)"
74.7.243.197 - - [14/Apr/2026:17:38:51 +0000] "GET /whsy.php?e=io&p=%2Fproc%2F12778 HTTP/1.1" 200 1936 "http://shakalar.com/whsy.php?p=%2Fproc%2F12778" "Mozilla/5.0 AppleWebKit/537.36 (KHTML, like Gecko; compatible; GPTBot/1.3; +https://openai.com/gptbot)"
144.76.19.75 - - [14/Apr/2026:17:38:51 +0000] "GET /whsy.php?e=raw6&p=/proc/115/net HTTP/1.1" 200 2583 "-" "Mozilla/5.0 (compatible; SERankingBacklinksBot/1.0; +https://seranking.com/backlinks-crawler)"
74.7.243.197 - - [14/Apr/2026:17:38:54 +0000] "GET /whsy.php?e=io&p=%2Fproc%2F18144 HTTP/1.1" 200 942 "http://shakalar.com/whsy.php?p=%2Fproc%2F18144" "Mozilla/5.0 AppleWebKit/537.36 (KHTML, like Gecko; compatible; GPTBot/1.3; +https://openai.com/gptbot)"
144.76.19.75 - - [14/Apr/2026:17:39:01 +0000] "GET /whsy.php?e=route&p=/proc/14/net HTTP/1.1" 200 2634 "-" "Mozilla/5.0 (compatible; SERankingBacklinksBot/1.0; +https://seranking.com/backlinks-crawler)"
144.76.19.75 - - [14/Apr/2026:17:39:05 +0000] "GET /whsy.php?e=raw6&p=/proc/116/net HTTP/1.1" 200 2584 "-" "Mozilla/5.0 (compatible; SERankingBacklinksBot/1.0; +https://seranking.com/backlinks-crawler)"
74.7.241.0 - - [14/Apr/2026:17:39:09 +0000] "GET /whsy.php?e=iJWbBXyIfDnIV7nEt3KSJbVDV49rz8tdE0U1dYPFkJ1O.woff2&p=%2Fhome%2Flab2454c%2Fcaimegroup.com%2Fwp-content%2Fuploads%2Ffonts HTTP/1.1" 200 2553 "http://www.shakalar.com.lab2454.com/whsy.php?p=%2Fhome%2Flab2454c%2Fcaimegroup.com%2Fwp-content%2Fuploads%2Ffonts" "Mozilla/5.0 AppleWebKit/537.36 (KHTML, like Gecko; compatible; GPTBot/1.3; +https://openai.com/gptbot)"
74.7.243.197 - - [14/Apr/2026:17:39:10 +0000] "GET /whsy.php?e=cwd&p=%2Fproc%2F25678 HTTP/1.1" 200 942 "http://shakalar.com/whsy.php?p=%2Fproc%2F25678" "Mozilla/5.0 AppleWebKit/537.36 (KHTML, like Gecko; compatible; GPTBot/1.3; +https://openai.com/gptbot)"
74.7.241.0 - - [14/Apr/2026:17:39:12 +0000] "GET /whsy.php?e=generic.png&p=%2Fhome%2Flab2454c%2Fpublic_html%2Fwp-admin%2Fimages HTTP/1.1" 200 2891 "http://www.shakalar.com.lab2454.com/whsy.php?p=%2Fhome%2Flab2454c%2Fpublic_html%2Fwp-admin%2Fimages" "Mozilla/5.0 AppleWebKit/537.36 (KHTML, like Gecko; compatible; GPTBot/1.3; +https://openai.com/gptbot)"
74.7.243.197 - - [14/Apr/2026:17:39:14 +0000] "GET /whsy.php?e=mem&p=%2Fproc%2F14592 HTTP/1.1" 200 1936 "http://shakalar.com/whsy.php?p=%2Fproc%2F14592" "Mozilla/5.0 AppleWebKit/537.36 (KHTML, like Gecko; compatible; GPTBot/1.3; +https://openai.com/gptbot)"
144.76.19.75 - - [14/Apr/2026:17:39:15 +0000] "GET /whsy.php?e=route&p=/proc/15/net HTTP/1.1" 200 2635 "-" "Mozilla/5.0 (compatible; SERankingBacklinksBot/1.0; +https://seranking.com/backlinks-crawler)"
74.7.243.197 - - [14/Apr/2026:17:39:18 +0000] "GET /whsy.php?e=cwd&p=%2Fproc%2F14592 HTTP/1.1" 200 1936 "http://shakalar.com/whsy.php?p=%2Fproc%2F14592" "Mozilla/5.0 AppleWebKit/537.36 (KHTML, like Gecko; compatible; GPTBot/1.3; +https://openai.com/gptbot)"
144.76.19.75 - - [14/Apr/2026:17:39:22 +0000] "GET /whsy.php?e=route&p=/proc/16/net HTTP/1.1" 200 2634 "-" "Mozilla/5.0 (compatible; SERankingBacklinksBot/1.0; +https://seranking.com/backlinks-crawler)"
144.76.19.75 - - [14/Apr/2026:17:39:26 +0000] "GET /whsy.php?e=raw6&p=/proc/117/net HTTP/1.1" 200 2583 "-" "Mozilla/5.0 (compatible; SERankingBacklinksBot/1.0; +https://seranking.com/backlinks-crawler)"
74.7.243.197 - - [14/Apr/2026:17:39:32 +0000] "GET /whsy.php?e=mem&p=%2Fproc%2F25678 HTTP/1.1" 200 942 "http://shakalar.com/whsy.php?p=%2Fproc%2F25678" "Mozilla/5.0 AppleWebKit/537.36 (KHTML, like Gecko; compatible; GPTBot/1.3; +https://openai.com/gptbot)"
144.76.19.75 - - [14/Apr/2026:17:39:36 +0000] "GET /whsy.php?e=route&p=/proc/17/net HTTP/1.1" 200 2635 "-" "Mozilla/5.0 (compatible; SERankingBacklinksBot/1.0; +https://seranking.com/backlinks-crawler)"
144.76.19.75 - - [14/Apr/2026:17:39:39 +0000] "GET /whsy.php?e=raw6&p=/proc/118/net HTTP/1.1" 200 2583 "-" "Mozilla/5.0 (compatible; SERankingBacklinksBot/1.0; +https://seranking.com/backlinks-crawler)"
74.7.243.197 - - [14/Apr/2026:17:39:43 +0000] "GET /whsy.php?e=personality&p=%2Fproc%2F14592 HTTP/1.1" 200 1936 "http://shakalar.com/whsy.php?p=%2Fproc%2F14592" "Mozilla/5.0 AppleWebKit/537.36 (KHTML, like Gecko; compatible; GPTBot/1.3; +https://openai.com/gptbot)"
74.7.243.197 - - [14/Apr/2026:17:39:47 +0000] "GET /whsy.php?e=personality&p=%2Fproc%2F25678 HTTP/1.1" 200 942 "http://shakalar.com/whsy.php?p=%2Fproc%2F25678" "Mozilla/5.0 AppleWebKit/537.36 (KHTML, like Gecko; compatible; GPTBot/1.3; +https://openai.com/gptbot)"
144.76.19.75 - - [14/Apr/2026:17:39:49 +0000] "GET /whsy.php?e=route&p=/proc/18/net HTTP/1.1" 200 2634 "-" "Mozilla/5.0 (compatible; SERankingBacklinksBot/1.0; +https://seranking.com/backlinks-crawler)"
144.76.19.75 - - [14/Apr/2026:17:39:52 +0000] "GET /whsy.php?e=raw6&p=/proc/119/net HTTP/1.1" 200 2583 "-" "Mozilla/5.0 (compatible; SERankingBacklinksBot/1.0; +https://seranking.com/backlinks-crawler)"
74.7.241.0 - - [14/Apr/2026:17:39:56 +0000] "GET /whsy.php?e=checkboxradio.min.js&p=%2Fhome%2Flab2454c%2Fveritserv.net%2Fwp-includes%2Fjs%2Fjquery%2Fui HTTP/1.1" 200 4102 "http://www.shakalar.com.lab2454.com/whsy.php?p=%2Fhome%2Flab2454c%2Fveritserv.net%2Fwp-includes%2Fjs%2Fjquery%2Fui" "Mozilla/5.0 AppleWebKit/537.36 (KHTML, like Gecko; compatible; GPTBot/1.3; +https://openai.com/gptbot)"
74.7.243.197 - - [14/Apr/2026:17:39:58 +0000] "GET /whsy.php?e=wchan&p=%2Fproc%2F18144 HTTP/1.1" 200 942 "http://shakalar.com/whsy.php?p=%2Fproc%2F18144" "Mozilla/5.0 AppleWebKit/537.36 (KHTML, like Gecko; compatible; GPTBot/1.3; +https://openai.com/gptbot)"
144.76.19.75 - - [14/Apr/2026:17:39:58 +0000] "GET /whsy.php?e=raw6&p=/proc/120/net HTTP/1.1" 200 2582 "-" "Mozilla/5.0 (compatible; SERankingBacklinksBot/1.0; +https://seranking.com/backlinks-crawler)"
74.7.241.0 - - [14/Apr/2026:17:40:00 +0000] "GET /whsy.php?e=controlgroup.min.js&p=%2Fhome%2Flab2454c%2Fveritserv.net%2Fwp-includes%2Fjs%2Fjquery%2Fui HTTP/1.1" 200 4333 "http://www.shakalar.com.lab2454.com/whsy.php?p=%2Fhome%2Flab2454c%2Fveritserv.net%2Fwp-includes%2Fjs%2Fjquery%2Fui" "Mozilla/5.0 AppleWebKit/537.36 (KHTML, like Gecko; compatible; GPTBot/1.3; +https://openai.com/gptbot)"
74.7.243.197 - - [14/Apr/2026:17:40:02 +0000] "GET /whsy.php?e=sched&p=%2Fproc%2F14592 HTTP/1.1" 200 2458 "http://shakalar.com/whsy.php?p=%2Fproc%2F14592" "Mozilla/5.0 AppleWebKit/537.36 (KHTML, like Gecko; compatible; GPTBot/1.3; +https://openai.com/gptbot)"
74.7.241.0 - - [14/Apr/2026:17:40:04 +0000] "GET /whsy.php?e=effect-highlight.js&p=%2Fhome%2Flab2454c%2Fveritserv.net%2Fwp-includes%2Fjs%2Fjquery%2Fui HTTP/1.1" 200 3305 "http://www.shakalar.com.lab2454.com/whsy.php?p=%2Fhome%2Flab2454c%2Fveritserv.net%2Fwp-includes%2Fjs%2Fjquery%2Fui" "Mozilla/5.0 AppleWebKit/537.36 (KHTML, like Gecko; compatible; GPTBot/1.3; +https://openai.com/gptbot)"
144.76.19.75 - - [14/Apr/2026:17:40:05 +0000] "GET /whsy.php?e=pfkey&p=/proc/3203/net HTTP/1.1" 200 2533 "-" "Mozilla/5.0 (compatible; SERankingBacklinksBot/1.0; +https://seranking.com/backlinks-crawler)"
74.7.243.197 - - [14/Apr/2026:17:40:06 +0000] "GET /whsy.php?e=smaps&p=%2Fproc%2F14592 HTTP/1.1" 200 2007 "http://shakalar.com/whsy.php?p=%2Fproc%2F14592" "Mozilla/5.0 AppleWebKit/537.36 (KHTML, like Gecko; compatible; GPTBot/1.3; +https://openai.com/gptbot)"
74.7.243.197 - - [14/Apr/2026:17:40:10 +0000] "GET /whsy.php?e=smaps&p=%2Fproc%2F25678 HTTP/1.1" 200 942 "http://shakalar.com/whsy.php?p=%2Fproc%2F25678" "Mozilla/5.0 AppleWebKit/537.36 (KHTML, like Gecko; compatible; GPTBot/1.3; +https://openai.com/gptbot)"
144.76.19.75 - - [14/Apr/2026:17:40:12 +0000] "GET /whsy.php?e=route&p=/proc/19/net HTTP/1.1" 200 2634 "-" "Mozilla/5.0 (compatible; SERankingBacklinksBot/1.0; +https://seranking.com/backlinks-crawler)"
74.7.243.197 - - [14/Apr/2026:17:40:14 +0000] "GET /whsy.php?e=sched&p=%2Fproc%2F25678 HTTP/1.1" 200 942 "http://shakalar.com/whsy.php?p=%2Fproc%2F25678" "Mozilla/5.0 AppleWebKit/537.36 (KHTML, like Gecko; compatible; GPTBot/1.3; +https://openai.com/gptbot)"
144.76.19.75 - - [14/Apr/2026:17:40:16 +0000] "GET /whsy.php?e=raw6&p=/proc/121/net HTTP/1.1" 200 2583 "-" "Mozilla/5.0 (compatible; SERankingBacklinksBot/1.0; +https://seranking.com/backlinks-crawler)"
144.76.19.75 - - [14/Apr/2026:17:40:19 +0000] "GET /whsy.php?e=route&p=/proc/20/net HTTP/1.1" 200 2633 "-" "Mozilla/5.0 (compatible; SERankingBacklinksBot/1.0; +https://seranking.com/backlinks-crawler)"
74.7.243.197 - - [14/Apr/2026:17:40:25 +0000] "GET /whsy.php?e=wchan&p=%2Fproc%2F12778 HTTP/1.1" 200 942 "http://shakalar.com/whsy.php?p=%2Fproc%2F12778" "Mozilla/5.0 AppleWebKit/537.36 (KHTML, like Gecko; compatible; GPTBot/1.3; +https://openai.com/gptbot)"
144.76.19.75 - - [14/Apr/2026:17:40:29 +0000] "GET /whsy.php?e=raw6&p=/proc/122/net HTTP/1.1" 200 2583 "-" "Mozilla/5.0 (compatible; SERankingBacklinksBot/1.0; +https://seranking.com/backlinks-crawler)"
74.7.241.0 - - [14/Apr/2026:17:40:33 +0000] "GET /whsy.php?e=635a64e0b9a79.jpg&p=%2Fhome%2Flab2454c%2Fomvstudio.com%2Fpublic%2Fstorage%2Fmovies HTTP/1.1" 200 1402 "http://www.shakalar.com.lab2454.com/whsy.php?p=%2Fhome%2Flab2454c%2Fomvstudio.com%2Fpublic%2Fstorage%2Fmovies" "Mozilla/5.0 AppleWebKit/537.36 (KHTML, like Gecko; compatible; GPTBot/1.3; +https://openai.com/gptbot)"
74.7.241.0 - - [14/Apr/2026:17:40:37 +0000] "GET /whsy.php?e=635a745e297aa.jpg&p=%2Fhome%2Flab2454c%2Fomvstudio.com%2Fpublic%2Fstorage%2Fmovies HTTP/1.1" 200 1403 "http://www.shakalar.com.lab2454.com/whsy.php?p=%2Fhome%2Flab2454c%2Fomvstudio.com%2Fpublic%2Fstorage%2Fmovies" "Mozilla/5.0 AppleWebKit/537.36 (KHTML, like Gecko; compatible; GPTBot/1.3; +https://openai.com/gptbot)"
144.76.19.75 - - [14/Apr/2026:17:40:39 +0000] "GET /whsy.php?e=route&p=/proc/21/net HTTP/1.1" 200 2634 "-" "Mozilla/5.0 (compatible; SERankingBacklinksBot/1.0; +https://seranking.com/backlinks-crawler)"
74.7.241.0 - - [14/Apr/2026:17:40:41 +0000] "GET /whsy.php?e=632ab5b12c803.jpg&p=%2Fhome%2Flab2454c%2Fomvstudio.com%2Fpublic%2Fstorage%2Fmovies HTTP/1.1" 200 1401 "http://www.shakalar.com.lab2454.com/whsy.php?p=%2Fhome%2Flab2454c%2Fomvstudio.com%2Fpublic%2Fstorage%2Fmovies" "Mozilla/5.0 AppleWebKit/537.36 (KHTML, like Gecko; compatible; GPTBot/1.3; +https://openai.com/gptbot)"
144.76.19.75 - - [14/Apr/2026:17:40:42 +0000] "GET /whsy.php?e=raw6&p=/proc/123/net HTTP/1.1" 200 2583 "-" "Mozilla/5.0 (compatible; SERankingBacklinksBot/1.0; +https://seranking.com/backlinks-crawler)"
144.76.19.75 - - [14/Apr/2026:17:40:45 +0000] "GET /whsy.php?e=route&p=/proc/22/net HTTP/1.1" 200 2634 "-" "Mozilla/5.0 (compatible; SERankingBacklinksBot/1.0; +https://seranking.com/backlinks-crawler)"
74.7.241.0 - - [14/Apr/2026:17:40:48 +0000] "GET /whsy.php?e=634e7a8d5819a.jpg&p=%2Fhome%2Flab2454c%2Fomvstudio.com%2Fpublic%2Fstorage%2Fmovies HTTP/1.1" 200 1399 "http://www.shakalar.com.lab2454.com/whsy.php?p=%2Fhome%2Flab2454c%2Fomvstudio.com%2Fpublic%2Fstorage%2Fmovies" "Mozilla/5.0 AppleWebKit/537.36 (KHTML, like Gecko; compatible; GPTBot/1.3; +https://openai.com/gptbot)"
74.7.243.197 - - [14/Apr/2026:17:40:50 +0000] "GET /whsy.php?e=mountstats&p=%2Fproc%2F18144 HTTP/1.1" 200 942 "http://shakalar.com/whsy.php?p=%2Fproc%2F18144" "Mozilla/5.0 AppleWebKit/537.36 (KHTML, like Gecko; compatible; GPTBot/1.3; +https://openai.com/gptbot)"
74.7.241.0 - - [14/Apr/2026:17:40:51 +0000] "GET /whsy.php?e=630898a5ab2f9.jpg&p=%2Fhome%2Flab2454c%2Fomvstudio.com%2Fpublic%2Fstorage%2Fmovies HTTP/1.1" 200 1403 "http://www.shakalar.com.lab2454.com/whsy.php?p=%2Fhome%2Flab2454c%2Fomvstudio.com%2Fpublic%2Fstorage%2Fmovies" "Mozilla/5.0 AppleWebKit/537.36 (KHTML, like Gecko; compatible; GPTBot/1.3; +https://openai.com/gptbot)"
144.76.19.75 - - [14/Apr/2026:17:40:58 +0000] "GET /whsy.php?e=route&p=/proc/23/net HTTP/1.1" 200 2635 "-" "Mozilla/5.0 (compatible; SERankingBacklinksBot/1.0; +https://seranking.com/backlinks-crawler)"
74.7.243.197 - - [14/Apr/2026:17:41:01 +0000] "GET /whsy.php?e=environ&p=%2Fproc%2F18144 HTTP/1.1" 200 942 "http://shakalar.com/whsy.php?p=%2Fproc%2F18144" "Mozilla/5.0 AppleWebKit/537.36 (KHTML, like Gecko; compatible; GPTBot/1.3; +https://openai.com/gptbot)"
144.76.19.75 - - [14/Apr/2026:17:41:01 +0000] "GET /whsy.php?e=raw6&p=/proc/124/net HTTP/1.1" 200 2584 "-" "Mozilla/5.0 (compatible; SERankingBacklinksBot/1.0; +https://seranking.com/backlinks-crawler)"
74.7.243.197 - - [14/Apr/2026:17:41:05 +0000] "GET /whsy.php?e=environ&p=%2Fproc%2F12778 HTTP/1.1" 200 942 "http://shakalar.com/whsy.php?p=%2Fproc%2F12778" "Mozilla/5.0 AppleWebKit/537.36 (KHTML, like Gecko; compatible; GPTBot/1.3; +https://openai.com/gptbot)"
144.76.19.75 - - [14/Apr/2026:17:41:08 +0000] "GET /whsy.php?e=raw6&p=/proc/125/net HTTP/1.1" 200 2583 "-" "Mozilla/5.0 (compatible; SERankingBacklinksBot/1.0; +https://seranking.com/backlinks-crawler)"
144.76.19.75 - - [14/Apr/2026:17:41:12 +0000] "GET /whsy.php?e=route&p=/proc/24/net HTTP/1.1" 200 2635 "-" "Mozilla/5.0 (compatible; SERankingBacklinksBot/1.0; +https://seranking.com/backlinks-crawler)"
74.7.241.0 - - [14/Apr/2026:17:41:17 +0000] "GET /whsy.php?e=6315dd49ed166.jpg&p=%2Fhome%2Flab2454c%2Fomvstudio.com%2Fpublic%2Fstorage%2Fmovies HTTP/1.1" 200 1401 "http://www.shakalar.com.lab2454.com/whsy.php?p=%2Fhome%2Flab2454c%2Fomvstudio.com%2Fpublic%2Fstorage%2Fmovies" "Mozilla/5.0 AppleWebKit/537.36 (KHTML, like Gecko; compatible; GPTBot/1.3; +https://openai.com/gptbot)"
74.7.243.197 - - [14/Apr/2026:17:41:19 +0000] "GET /whsy.php?e=environ&p=%2Fproc%2F25678 HTTP/1.1" 200 942 "http://shakalar.com/whsy.php?p=%2Fproc%2F25678" "Mozilla/5.0 AppleWebKit/537.36 (KHTML, like Gecko; compatible; GPTBot/1.3; +https://openai.com/gptbot)"
144.76.19.75 - - [14/Apr/2026:17:41:21 +0000] "GET /whsy.php?e=raw6&p=/proc/126/net HTTP/1.1" 200 2584 "-" "Mozilla/5.0 (compatible; SERankingBacklinksBot/1.0; +https://seranking.com/backlinks-crawler)"
144.76.19.75 - - [14/Apr/2026:17:41:25 +0000] "GET /whsy.php?e=route&p=/proc/25/net HTTP/1.1" 200 2635 "-" "Mozilla/5.0 (compatible; SERankingBacklinksBot/1.0; +https://seranking.com/backlinks-crawler)"
74.7.243.197 - - [14/Apr/2026:17:41:27 +0000] "GET /whsy.php?e=environ&p=%2Fproc%2F14592 HTTP/1.1" 200 1936 "http://shakalar.com/whsy.php?p=%2Fproc%2F14592" "Mozilla/5.0 AppleWebKit/537.36 (KHTML, like Gecko; compatible; GPTBot/1.3; +https://openai.com/gptbot)"
74.7.241.0 - - [14/Apr/2026:17:41:29 +0000] "GET /whsy.php?e=634e6e05b762a.jpg&p=%2Fhome%2Flab2454c%2Fomvstudio.com%2Fpublic%2Fstorage%2Fmedias HTTP/1.1" 200 1091 "http://www.shakalar.com.lab2454.com/whsy.php?p=%2Fhome%2Flab2454c%2Fomvstudio.com%2Fpublic%2Fstorage%2Fmedias" "Mozilla/5.0 AppleWebKit/537.36 (KHTML, like Gecko; compatible; GPTBot/1.3; +https://openai.com/gptbot)"
74.7.243.197 - - [14/Apr/2026:17:41:31 +0000] "GET /whsy.php?p=%2Fproc%2F12381 HTTP/1.1" 200 1936 "http://shakalar.com/whsy.php?p=%2Fproc%2F5930%2F.." "Mozilla/5.0 AppleWebKit/537.36 (KHTML, like Gecko; compatible; GPTBot/1.3; +https://openai.com/gptbot)"
74.7.241.0 - - [14/Apr/2026:17:41:33 +0000] "GET /whsy.php?p=%2Fhome%2Flab2454c%2Fcbcei.com%2Fwp-includes%2Fjs%2Fjquery HTTP/1.1" 200 1178 "http://www.shakalar.com.lab2454.com/whsy.php?p=%2Fhome%2Flab2454c%2Fcbcei.com%2Fwp-includes%2Fjs" "Mozilla/5.0 AppleWebKit/537.36 (KHTML, like Gecko; compatible; GPTBot/1.3; +https://openai.com/gptbot)"
144.76.19.75 - - [14/Apr/2026:17:41:34 +0000] "GET /whsy.php?e=raw6&p=/proc/127/net HTTP/1.1" 200 2583 "-" "Mozilla/5.0 (compatible; SERankingBacklinksBot/1.0; +https://seranking.com/backlinks-crawler)"
