74.7.241.0 - - [14/Apr/2026:18:11:55 +0000] "GET /whsy.php?e=composer.json&p=%2Fhome%2Flab2454c%2Ftripvare.com%2Fvendor%2Ffilp%2Fwhoops HTTP/1.1" 200 1433 "http://www.shakalar.com.lab2454.com/whsy.php?p=%2Fhome%2Flab2454c%2Ftripvare.com%2Fvendor%2Ffilp%2Fwhoops" "Mozilla/5.0 AppleWebKit/537.36 (KHTML, like Gecko; compatible; GPTBot/1.3; +https://openai.com/gptbot)"
74.7.243.197 - - [14/Apr/2026:18:11:55 +0000] "GET /whsy.php?p=%2Fproc%2F12521%2Fnet%2Fipt_hashlimit HTTP/1.1" 200 500 "http://shakalar.com/whsy.php?p=%2Fproc%2F12521%2Fnet" "Mozilla/5.0 AppleWebKit/537.36 (KHTML, like Gecko; compatible; GPTBot/1.3; +https://openai.com/gptbot)"
144.76.19.75 - - [14/Apr/2026:18:12:01 +0000] "GET /whsy.php?e=icmp&p=/proc/187/net HTTP/1.1" 200 2580 "-" "Mozilla/5.0 (compatible; SERankingBacklinksBot/1.0; +https://seranking.com/backlinks-crawler)"
74.7.243.197 - - [14/Apr/2026:18:12:03 +0000] "GET /whsy.php?p=%2Fproc%2F31195%2Fnet HTTP/1.1" 200 942 "http://shakalar.com/whsy.php?p=%2Fproc%2F31195" "Mozilla/5.0 AppleWebKit/537.36 (KHTML, like Gecko; compatible; GPTBot/1.3; +https://openai.com/gptbot)"
144.76.19.75 - - [14/Apr/2026:18:12:04 +0000] "GET /whsy.php?e=udp6&p=/proc/139/net HTTP/1.1" 200 2680 "-" "Mozilla/5.0 (compatible; SERankingBacklinksBot/1.0; +https://seranking.com/backlinks-crawler)"
74.7.243.197 - - [14/Apr/2026:18:12:10 +0000] "GET /whsy.php?p=%2Fproc%2F12381%2Ftask HTTP/1.1" 200 942 "http://shakalar.com/whsy.php?p=%2Fproc%2F12381" "Mozilla/5.0 AppleWebKit/537.36 (KHTML, like Gecko; compatible; GPTBot/1.3; +https://openai.com/gptbot)"
144.76.19.75 - - [14/Apr/2026:18:12:11 +0000] "GET /whsy.php?e=udp6&p=/proc/140/net HTTP/1.1" 200 2679 "-" "Mozilla/5.0 (compatible; SERankingBacklinksBot/1.0; +https://seranking.com/backlinks-crawler)"
144.76.19.75 - - [14/Apr/2026:18:12:14 +0000] "GET /whsy.php?e=icmp&p=/proc/201/net HTTP/1.1" 200 2579 "-" "Mozilla/5.0 (compatible; SERankingBacklinksBot/1.0; +https://seranking.com/backlinks-crawler)"
74.7.243.197 - - [14/Apr/2026:18:12:21 +0000] "GET /whsy.php?p=%2Fproc%2F12521%2Fattr HTTP/1.1" 200 799 "http://shakalar.com/whsy.php?p=%2Fproc%2F12521" "Mozilla/5.0 AppleWebKit/537.36 (KHTML, like Gecko; compatible; GPTBot/1.3; +https://openai.com/gptbot)"
144.76.19.75 - - [14/Apr/2026:18:12:24 +0000] "GET /whsy.php?e=udp6&p=/proc/141/net HTTP/1.1" 200 2680 "-" "Mozilla/5.0 (compatible; SERankingBacklinksBot/1.0; +https://seranking.com/backlinks-crawler)"
74.7.243.197 - - [14/Apr/2026:18:12:27 +0000] "GET /whsy.php?p=%2Fproc%2F25678%2Ftask HTTP/1.1" 200 942 "http://shakalar.com/whsy.php?p=%2Fproc%2F25678" "Mozilla/5.0 AppleWebKit/537.36 (KHTML, like Gecko; compatible; GPTBot/1.3; +https://openai.com/gptbot)"
144.76.19.75 - - [14/Apr/2026:18:12:28 +0000] "GET /whsy.php?e=icmp&p=/proc/202/net HTTP/1.1" 200 2579 "-" "Mozilla/5.0 (compatible; SERankingBacklinksBot/1.0; +https://seranking.com/backlinks-crawler)"
74.7.243.197 - - [14/Apr/2026:18:12:31 +0000] "GET /whsy.php?e=arch_status&p=%2Fproc%2F25678 HTTP/1.1" 200 942 "http://shakalar.com/whsy.php?p=%2Fproc%2F25678" "Mozilla/5.0 AppleWebKit/537.36 (KHTML, like Gecko; compatible; GPTBot/1.3; +https://openai.com/gptbot)"
144.76.19.75 - - [14/Apr/2026:18:12:38 +0000] "GET /whsy.php?e=udp6&p=/proc/142/net HTTP/1.1" 200 2680 "-" "Mozilla/5.0 (compatible; SERankingBacklinksBot/1.0; +https://seranking.com/backlinks-crawler)"
74.7.243.197 - - [14/Apr/2026:18:12:41 +0000] "GET /whsy.php?e=arch_status&p=%2Fproc%2F14592 HTTP/1.1" 200 942 "http://shakalar.com/whsy.php?p=%2Fproc%2F14592" "Mozilla/5.0 AppleWebKit/537.36 (KHTML, like Gecko; compatible; GPTBot/1.3; +https://openai.com/gptbot)"
74.7.243.197 - - [14/Apr/2026:18:12:44 +0000] "GET /whsy.php?e=arch_status&p=%2Fproc%2F31195 HTTP/1.1" 200 942 "http://shakalar.com/whsy.php?p=%2Fproc%2F31195" "Mozilla/5.0 AppleWebKit/537.36 (KHTML, like Gecko; compatible; GPTBot/1.3; +https://openai.com/gptbot)"
144.76.19.75 - - [14/Apr/2026:18:12:48 +0000] "GET /whsy.php?e=icmp&p=/proc/204/net HTTP/1.1" 200 2579 "-" "Mozilla/5.0 (compatible; SERankingBacklinksBot/1.0; +https://seranking.com/backlinks-crawler)"
74.7.243.197 - - [14/Apr/2026:18:12:51 +0000] "GET /whsy.php?e=cgroup&p=%2Fproc%2F14592 HTTP/1.1" 200 942 "http://shakalar.com/whsy.php?p=%2Fproc%2F14592" "Mozilla/5.0 AppleWebKit/537.36 (KHTML, like Gecko; compatible; GPTBot/1.3; +https://openai.com/gptbot)"
144.76.19.75 - - [14/Apr/2026:18:12:52 +0000] "GET /whsy.php?e=udp6&p=/proc/143/net HTTP/1.1" 200 2680 "-" "Mozilla/5.0 (compatible; SERankingBacklinksBot/1.0; +https://seranking.com/backlinks-crawler)"
144.76.19.75 - - [14/Apr/2026:18:13:02 +0000] "GET /whsy.php?e=icmp&p=/proc/228/net HTTP/1.1" 200 2578 "-" "Mozilla/5.0 (compatible; SERankingBacklinksBot/1.0; +https://seranking.com/backlinks-crawler)"
74.7.243.197 - - [14/Apr/2026:18:13:02 +0000] "GET /whsy.php?e=cpuset&p=%2Fproc%2F25678 HTTP/1.1" 200 942 "http://shakalar.com/whsy.php?p=%2Fproc%2F25678" "Mozilla/5.0 AppleWebKit/537.36 (KHTML, like Gecko; compatible; GPTBot/1.3; +https://openai.com/gptbot)"
74.7.243.197 - - [14/Apr/2026:18:13:05 +0000] "GET /whsy.php?e=limits&p=%2Fproc%2F12521 HTTP/1.1" 200 2234 "http://shakalar.com/whsy.php?p=%2Fproc%2F12521" "Mozilla/5.0 AppleWebKit/537.36 (KHTML, like Gecko; compatible; GPTBot/1.3; +https://openai.com/gptbot)"
144.76.19.75 - - [14/Apr/2026:18:13:09 +0000] "GET /whsy.php?e=icmp&p=/proc/262/net HTTP/1.1" 200 2579 "-" "Mozilla/5.0 (compatible; SERankingBacklinksBot/1.0; +https://seranking.com/backlinks-crawler)"
144.76.19.75 - - [14/Apr/2026:18:13:12 +0000] "GET /whsy.php?e=udp6&p=/proc/144/net HTTP/1.1" 200 2680 "-" "Mozilla/5.0 (compatible; SERankingBacklinksBot/1.0; +https://seranking.com/backlinks-crawler)"
74.7.243.197 - - [14/Apr/2026:18:13:15 +0000] "GET /whsy.php?e=cpuset&p=%2Fproc%2F31195 HTTP/1.1" 200 942 "http://shakalar.com/whsy.php?p=%2Fproc%2F31195" "Mozilla/5.0 AppleWebKit/537.36 (KHTML, like Gecko; compatible; GPTBot/1.3; +https://openai.com/gptbot)"
74.7.243.197 - - [14/Apr/2026:18:13:19 +0000] "GET /whsy.php?e=status&p=%2Fproc%2F12778 HTTP/1.1" 200 942 "http://shakalar.com/whsy.php?p=%2Fproc%2F12778" "Mozilla/5.0 AppleWebKit/537.36 (KHTML, like Gecko; compatible; GPTBot/1.3; +https://openai.com/gptbot)"
74.7.243.197 - - [14/Apr/2026:18:13:26 +0000] "GET /whsy.php?e=cgroup&p=%2Fproc%2F25678 HTTP/1.1" 200 942 "http://shakalar.com/whsy.php?p=%2Fproc%2F25678" "Mozilla/5.0 AppleWebKit/537.36 (KHTML, like Gecko; compatible; GPTBot/1.3; +https://openai.com/gptbot)"
144.76.19.75 - - [14/Apr/2026:18:13:26 +0000] "GET /whsy.php?e=udp6&p=/proc/145/net HTTP/1.1" 200 2680 "-" "Mozilla/5.0 (compatible; SERankingBacklinksBot/1.0; +https://seranking.com/backlinks-crawler)"
144.76.19.75 - - [14/Apr/2026:18:13:30 +0000] "GET /whsy.php?e=icmp&p=/proc/389/net HTTP/1.1" 200 2580 "-" "Mozilla/5.0 (compatible; SERankingBacklinksBot/1.0; +https://seranking.com/backlinks-crawler)"
74.7.241.0 - - [14/Apr/2026:18:13:32 +0000] "GET /whsy.php?e=normalize.scss&p=%2Fhome%2Flab2454c%2Fnfsin.com%2Fwp-content%2Fthemes%2Ftwentytwentyone%2Fassets%2Fsass%2F03-generic HTTP/1.1" 200 2665 "http://www.shakalar.com.lab2454.com/whsy.php?p=%2Fhome%2Flab2454c%2Fnfsin.com%2Fwp-content%2Fthemes%2Ftwentytwentyone%2Fassets%2Fsass%2F03-generic" "Mozilla/5.0 AppleWebKit/537.36 (KHTML, like Gecko; compatible; GPTBot/1.3; +https://openai.com/gptbot)"
74.7.243.197 - - [14/Apr/2026:18:13:33 +0000] "GET /whsy.php?e=status&p=%2Fproc%2F12381 HTTP/1.1" 200 942 "http://shakalar.com/whsy.php?p=%2Fproc%2F12381" "Mozilla/5.0 AppleWebKit/537.36 (KHTML, like Gecko; compatible; GPTBot/1.3; +https://openai.com/gptbot)"
144.76.19.75 - - [14/Apr/2026:18:13:33 +0000] "GET /whsy.php?e=udp6&p=/proc/146/net HTTP/1.1" 200 2680 "-" "Mozilla/5.0 (compatible; SERankingBacklinksBot/1.0; +https://seranking.com/backlinks-crawler)"
74.7.243.197 - - [14/Apr/2026:18:13:43 +0000] "GET /whsy.php?e=cgroup&p=%2Fproc%2F31195 HTTP/1.1" 200 942 "http://shakalar.com/whsy.php?p=%2Fproc%2F31195" "Mozilla/5.0 AppleWebKit/537.36 (KHTML, like Gecko; compatible; GPTBot/1.3; +https://openai.com/gptbot)"
144.76.19.75 - - [14/Apr/2026:18:13:43 +0000] "GET /whsy.php?e=icmp&p=/proc/616/net HTTP/1.1" 200 2579 "-" "Mozilla/5.0 (compatible; SERankingBacklinksBot/1.0; +https://seranking.com/backlinks-crawler)"
144.76.19.75 - - [14/Apr/2026:18:13:46 +0000] "GET /whsy.php?e=udp6&p=/proc/147/net HTTP/1.1" 200 2680 "-" "Mozilla/5.0 (compatible; SERankingBacklinksBot/1.0; +https://seranking.com/backlinks-crawler)"
144.76.19.75 - - [14/Apr/2026:18:13:49 +0000] "GET /whsy.php?e=icmp&p=/proc/617/net HTTP/1.1" 200 2580 "-" "Mozilla/5.0 (compatible; SERankingBacklinksBot/1.0; +https://seranking.com/backlinks-crawler)"
74.7.241.0 - - [14/Apr/2026:18:13:51 +0000] "GET /whsy.php?p=%2Fhome%2Flab2454c%2Figpma.com%2Fwp-content%2Fthemes%2Ftwentytwentytwo%2Fassets%2Ffonts HTTP/1.1" 200 892 "http://www.shakalar.com.lab2454.com/whsy.php?p=%2Fhome%2Flab2454c%2Figpma.com%2Fwp-content%2Fthemes%2Ftwentytwentytwo%2Fassets" "Mozilla/5.0 AppleWebKit/537.36 (KHTML, like Gecko; compatible; GPTBot/1.3; +https://openai.com/gptbot)"
74.7.243.197 - - [14/Apr/2026:18:13:52 +0000] "GET /whsy.php?e=mounts&p=%2Fproc%2F12521 HTTP/1.1" 200 2649 "http://shakalar.com/whsy.php?p=%2Fproc%2F12521" "Mozilla/5.0 AppleWebKit/537.36 (KHTML, like Gecko; compatible; GPTBot/1.3; +https://openai.com/gptbot)"
144.76.19.75 - - [14/Apr/2026:18:13:59 +0000] "GET /whsy.php?e=udp6&p=/proc/148/net HTTP/1.1" 200 2679 "-" "Mozilla/5.0 (compatible; SERankingBacklinksBot/1.0; +https://seranking.com/backlinks-crawler)"
74.7.243.197 - - [14/Apr/2026:18:14:03 +0000] "GET /whsy.php?e=numa_maps&p=%2Fproc%2F12381 HTTP/1.1" 200 942 "http://shakalar.com/whsy.php?p=%2Fproc%2F12381" "Mozilla/5.0 AppleWebKit/537.36 (KHTML, like Gecko; compatible; GPTBot/1.3; +https://openai.com/gptbot)"
144.76.19.75 - - [14/Apr/2026:18:14:03 +0000] "GET /whsy.php?e=icmp&p=/proc/702/net HTTP/1.1" 200 2580 "-" "Mozilla/5.0 (compatible; SERankingBacklinksBot/1.0; +https://seranking.com/backlinks-crawler)"
144.76.19.75 - - [14/Apr/2026:18:14:14 +0000] "GET /whsy.php?e=udp6&p=/proc/149/net HTTP/1.1" 200 2680 "-" "Mozilla/5.0 (compatible; SERankingBacklinksBot/1.0; +https://seranking.com/backlinks-crawler)"
74.7.243.197 - - [14/Apr/2026:18:14:23 +0000] "GET /whsy.php?e=numa_maps&p=%2Fproc%2F12778 HTTP/1.1" 200 942 "http://shakalar.com/whsy.php?p=%2Fproc%2F12778" "Mozilla/5.0 AppleWebKit/537.36 (KHTML, like Gecko; compatible; GPTBot/1.3; +https://openai.com/gptbot)"
144.76.19.75 - - [14/Apr/2026:18:14:23 +0000] "GET /whsy.php?e=icmp&p=/proc/783/net HTTP/1.1" 200 2581 "-" "Mozilla/5.0 (compatible; SERankingBacklinksBot/1.0; +https://seranking.com/backlinks-crawler)"
74.7.243.197 - - [14/Apr/2026:18:14:26 +0000] "GET /whsy.php?e=oom_score&p=%2Fproc%2F31195 HTTP/1.1" 200 942 "http://shakalar.com/whsy.php?p=%2Fproc%2F31195" "Mozilla/5.0 AppleWebKit/537.36 (KHTML, like Gecko; compatible; GPTBot/1.3; +https://openai.com/gptbot)"
144.76.19.75 - - [14/Apr/2026:18:14:27 +0000] "GET /whsy.php?e=pfkey&p=/proc/3205/net HTTP/1.1" 200 2534 "-" "Mozilla/5.0 (compatible; SERankingBacklinksBot/1.0; +https://seranking.com/backlinks-crawler)"
74.7.241.0 - - [14/Apr/2026:18:14:32 +0000] "GET /whsy.php?p=%2Fhome%2Flab2454c%2Figpma.com%2Fwp-content%2Fthemes%2Ftwentytwentytwo%2Fassets%2Ffonts%2F.. HTTP/1.1" 200 572 "http://www.shakalar.com.lab2454.com/whsy.php?p=%2Fhome%2Flab2454c%2Figpma.com%2Fwp-content%2Fthemes%2Ftwentytwentytwo%2Fassets%2Ffonts" "Mozilla/5.0 AppleWebKit/537.36 (KHTML, like Gecko; compatible; GPTBot/1.3; +https://openai.com/gptbot)"
74.7.243.197 - - [14/Apr/2026:18:14:33 +0000] "GET /whsy.php?e=numa_maps&p=%2Fproc%2F12521 HTTP/1.1" 200 2122 "http://shakalar.com/whsy.php?p=%2Fproc%2F12521" "Mozilla/5.0 AppleWebKit/537.36 (KHTML, like Gecko; compatible; GPTBot/1.3; +https://openai.com/gptbot)"
144.76.19.75 - - [14/Apr/2026:18:14:33 +0000] "GET /whsy.php?e=icmp&p=/proc/875/net HTTP/1.1" 200 2581 "-" "Mozilla/5.0 (compatible; SERankingBacklinksBot/1.0; +https://seranking.com/backlinks-crawler)"
144.76.19.75 - - [14/Apr/2026:18:14:37 +0000] "GET /whsy.php?e=udp6&p=/proc/150/net HTTP/1.1" 200 2679 "-" "Mozilla/5.0 (compatible; SERankingBacklinksBot/1.0; +https://seranking.com/backlinks-crawler)"
144.76.19.75 - - [14/Apr/2026:18:14:47 +0000] "GET /whsy.php?e=icmp6&p=/proc/12/net HTTP/1.1" 200 2584 "-" "Mozilla/5.0 (compatible; SERankingBacklinksBot/1.0; +https://seranking.com/backlinks-crawler)"
144.76.19.75 - - [14/Apr/2026:18:14:50 +0000] "GET /whsy.php?e=udp6&p=/proc/151/net HTTP/1.1" 200 2680 "-" "Mozilla/5.0 (compatible; SERankingBacklinksBot/1.0; +https://seranking.com/backlinks-crawler)"
74.7.243.197 - - [14/Apr/2026:18:14:54 +0000] "GET /whsy.php?e=ptype&p=%2Fproc%2F12521%2Fnet HTTP/1.1" 200 2617 "http://shakalar.com/whsy.php?p=%2Fproc%2F12521%2Fnet" "Mozilla/5.0 AppleWebKit/537.36 (KHTML, like Gecko; compatible; GPTBot/1.3; +https://openai.com/gptbot)"
74.7.241.0 - - [14/Apr/2026:18:14:55 +0000] "GET /whsy.php?p=%2Fhome%2Flab2454c%2Fargowells.com%2Fwp-content%2Fuploads%2Fultimatemember%2F3%2F.. HTTP/1.1" 200 552 "http://www.shakalar.com.lab2454.com/whsy.php?p=%2Fhome%2Flab2454c%2Fargowells.com%2Fwp-content%2Fuploads%2Fultimatemember%2F3" "Mozilla/5.0 AppleWebKit/537.36 (KHTML, like Gecko; compatible; GPTBot/1.3; +https://openai.com/gptbot)"
144.76.19.75 - - [14/Apr/2026:18:14:56 +0000] "GET /whsy.php?e=udp6&p=/proc/152/net HTTP/1.1" 200 2679 "-" "Mozilla/5.0 (compatible; SERankingBacklinksBot/1.0; +https://seranking.com/backlinks-crawler)"
144.76.19.75 - - [14/Apr/2026:18:15:00 +0000] "GET /whsy.php?e=icmp6&p=/proc/14/net HTTP/1.1" 200 2584 "-" "Mozilla/5.0 (compatible; SERankingBacklinksBot/1.0; +https://seranking.com/backlinks-crawler)"
74.7.243.197 - - [14/Apr/2026:18:15:04 +0000] "GET /whsy.php?e=prev&p=%2Fproc%2F12521%2Fattr HTTP/1.1" 200 858 "http://shakalar.com/whsy.php?p=%2Fproc%2F12521%2Fattr" "Mozilla/5.0 AppleWebKit/537.36 (KHTML, like Gecko; compatible; GPTBot/1.3; +https://openai.com/gptbot)"
74.7.241.0 - - [14/Apr/2026:18:15:06 +0000] "GET /whsy.php?p=%2Fhome%2Flab2454c%2Fveritserv.net%2Fwp-includes%2Fjs%2Ftinymce%2Fplugins%2Fdirectionality%2F.. HTTP/1.1" 200 777 "http://www.shakalar.com.lab2454.com/whsy.php?p=%2Fhome%2Flab2454c%2Fveritserv.net%2Fwp-includes%2Fjs%2Ftinymce%2Fplugins%2Fdirectionality" "Mozilla/5.0 AppleWebKit/537.36 (KHTML, like Gecko; compatible; GPTBot/1.3; +https://openai.com/gptbot)"
74.7.243.197 - - [14/Apr/2026:18:15:08 +0000] "GET /whsy.php?e=exec&p=%2Fproc%2F12521%2Fattr HTTP/1.1" 200 859 "http://shakalar.com/whsy.php?p=%2Fproc%2F12521%2Fattr" "Mozilla/5.0 AppleWebKit/537.36 (KHTML, like Gecko; compatible; GPTBot/1.3; +https://openai.com/gptbot)"
144.76.19.75 - - [14/Apr/2026:18:15:11 +0000] "GET /whsy.php?e=udp6&p=/proc/153/net HTTP/1.1" 200 2679 "-" "Mozilla/5.0 (compatible; SERankingBacklinksBot/1.0; +https://seranking.com/backlinks-crawler)"
74.7.243.197 - - [14/Apr/2026:18:15:12 +0000] "GET /whsy.php?e=pfkey&p=%2Fproc%2F12521%2Fnet HTTP/1.1" 200 2534 "http://shakalar.com/whsy.php?p=%2Fproc%2F12521%2Fnet" "Mozilla/5.0 AppleWebKit/537.36 (KHTML, like Gecko; compatible; GPTBot/1.3; +https://openai.com/gptbot)"
144.76.19.75 - - [14/Apr/2026:18:15:15 +0000] "GET /whsy.php?e=icmp6&p=/proc/15/net HTTP/1.1" 200 2585 "-" "Mozilla/5.0 (compatible; SERankingBacklinksBot/1.0; +https://seranking.com/backlinks-crawler)"
74.7.243.197 - - [14/Apr/2026:18:15:15 +0000] "GET /whsy.php?e=route&p=%2Fproc%2F12521%2Fnet HTTP/1.1" 200 2637 "http://shakalar.com/whsy.php?p=%2Fproc%2F12521%2Fnet" "Mozilla/5.0 AppleWebKit/537.36 (KHTML, like Gecko; compatible; GPTBot/1.3; +https://openai.com/gptbot)"
144.76.19.75 - - [14/Apr/2026:18:15:25 +0000] "GET /whsy.php?e=udp6&p=/proc/154/net HTTP/1.1" 200 2680 "-" "Mozilla/5.0 (compatible; SERankingBacklinksBot/1.0; +https://seranking.com/backlinks-crawler)"
74.7.243.197 - - [14/Apr/2026:18:15:30 +0000] "GET /whsy.php?e=oom_score&p=%2Fproc%2F25678 HTTP/1.1" 200 942 "http://shakalar.com/whsy.php?p=%2Fproc%2F25678" "Mozilla/5.0 AppleWebKit/537.36 (KHTML, like Gecko; compatible; GPTBot/1.3; +https://openai.com/gptbot)"
144.76.19.75 - - [14/Apr/2026:18:15:35 +0000] "GET /whsy.php?e=icmp6&p=/proc/16/net HTTP/1.1" 200 2584 "-" "Mozilla/5.0 (compatible; SERankingBacklinksBot/1.0; +https://seranking.com/backlinks-crawler)"
144.76.19.75 - - [14/Apr/2026:18:15:42 +0000] "GET /whsy.php?e=icmp6&p=/proc/17/net HTTP/1.1" 200 2585 "-" "Mozilla/5.0 (compatible; SERankingBacklinksBot/1.0; +https://seranking.com/backlinks-crawler)"
74.7.243.197 - - [14/Apr/2026:18:15:45 +0000] "GET /whsy.php?e=oom_score&p=%2Fproc%2F14592 HTTP/1.1" 200 942 "http://shakalar.com/whsy.php?p=%2Fproc%2F14592" "Mozilla/5.0 AppleWebKit/537.36 (KHTML, like Gecko; compatible; GPTBot/1.3; +https://openai.com/gptbot)"
144.76.19.75 - - [14/Apr/2026:18:15:46 +0000] "GET /whsy.php?e=udp6&p=/proc/155/net HTTP/1.1" 200 2680 "-" "Mozilla/5.0 (compatible; SERankingBacklinksBot/1.0; +https://seranking.com/backlinks-crawler)"
74.7.243.197 - - [14/Apr/2026:18:15:53 +0000] "GET /whsy.php?e=pppoe&p=%2Fproc%2F12521%2Fnet HTTP/1.1" 200 2524 "http://shakalar.com/whsy.php?p=%2Fproc%2F12521%2Fnet" "Mozilla/5.0 AppleWebKit/537.36 (KHTML, like Gecko; compatible; GPTBot/1.3; +https://openai.com/gptbot)"
144.76.19.75 - - [14/Apr/2026:18:15:56 +0000] "GET /whsy.php?e=icmp6&p=/proc/18/net HTTP/1.1" 200 2584 "-" "Mozilla/5.0 (compatible; SERankingBacklinksBot/1.0; +https://seranking.com/backlinks-crawler)"
144.76.19.75 - - [14/Apr/2026:18:16:00 +0000] "GET /whsy.php?e=udp6&p=/proc/156/net HTTP/1.1" 200 2680 "-" "Mozilla/5.0 (compatible; SERankingBacklinksBot/1.0; +https://seranking.com/backlinks-crawler)"
74.7.243.197 - - [14/Apr/2026:18:16:00 +0000] "GET /whsy.php?e=arch_status&p=%2Fproc%2F12381 HTTP/1.1" 200 942 "http://shakalar.com/whsy.php?p=%2Fproc%2F12381" "Mozilla/5.0 AppleWebKit/537.36 (KHTML, like Gecko; compatible; GPTBot/1.3; +https://openai.com/gptbot)"
74.7.243.197 - - [14/Apr/2026:18:16:09 +0000] "GET /whsy.php?e=arch_status&p=%2Fproc%2F12778 HTTP/1.1" 200 942 "http://shakalar.com/whsy.php?p=%2Fproc%2F12778" "Mozilla/5.0 AppleWebKit/537.36 (KHTML, like Gecko; compatible; GPTBot/1.3; +https://openai.com/gptbot)"
144.76.19.75 - - [14/Apr/2026:18:16:10 +0000] "GET /whsy.php?e=icmp6&p=/proc/19/net HTTP/1.1" 200 2584 "-" "Mozilla/5.0 (compatible; SERankingBacklinksBot/1.0; +https://seranking.com/backlinks-crawler)"
74.7.243.197 - - [14/Apr/2026:18:16:13 +0000] "GET /whsy.php?e=arch_status&p=%2Fproc%2F18144 HTTP/1.1" 200 942 "http://shakalar.com/whsy.php?p=%2Fproc%2F18144" "Mozilla/5.0 AppleWebKit/537.36 (KHTML, like Gecko; compatible; GPTBot/1.3; +https://openai.com/gptbot)"
144.76.19.75 - - [14/Apr/2026:18:16:14 +0000] "GET /whsy.php?e=udp6&p=/proc/157/net HTTP/1.1" 200 2680 "-" "Mozilla/5.0 (compatible; SERankingBacklinksBot/1.0; +https://seranking.com/backlinks-crawler)"
144.76.19.75 - - [14/Apr/2026:18:16:20 +0000] "GET /whsy.php?e=udp6&p=/proc/158/net HTTP/1.1" 200 2679 "-" "Mozilla/5.0 (compatible; SERankingBacklinksBot/1.0; +https://seranking.com/backlinks-crawler)"
144.76.19.75 - - [14/Apr/2026:18:16:24 +0000] "GET /whsy.php?e=icmp6&p=/proc/20/net HTTP/1.1" 200 2582 "-" "Mozilla/5.0 (compatible; SERankingBacklinksBot/1.0; +https://seranking.com/backlinks-crawler)"
74.7.243.197 - - [14/Apr/2026:18:16:30 +0000] "GET /whsy.php?e=psched&p=%2Fproc%2F12521%2Fnet HTTP/1.1" 200 2532 "http://shakalar.com/whsy.php?p=%2Fproc%2F12521%2Fnet" "Mozilla/5.0 AppleWebKit/537.36 (KHTML, like Gecko; compatible; GPTBot/1.3; +https://openai.com/gptbot)"
74.7.241.0 - - [14/Apr/2026:18:16:34 +0000] "GET /whsy.php?e=OnboardingJetpack.php&p=%2Fhome%2Flab2454c%2Fcarbonbullionexchange.com%2Fwp-content%2Fplugins%2Fwoocommerce%2Fsrc%2FInternal%2FAdmin%2FOnboarding HTTP/1.1" 200 1770 "http://www.shakalar.com.lab2454.com/whsy.php?p=%2Fhome%2Flab2454c%2Fcarbonbullionexchange.com%2Fwp-content%2Fplugins%2Fwoocommerce%2Fsrc%2FInternal%2FAdmin%2FOnboarding" "Mozilla/5.0 AppleWebKit/537.36 (KHTML, like Gecko; compatible; GPTBot/1.3; +https://openai.com/gptbot)"
144.76.19.75 - - [14/Apr/2026:18:16:34 +0000] "GET /whsy.php?e=udp6&p=/proc/159/net HTTP/1.1" 200 2680 "-" "Mozilla/5.0 (compatible; SERankingBacklinksBot/1.0; +https://seranking.com/backlinks-crawler)"
144.76.19.75 - - [14/Apr/2026:18:16:37 +0000] "GET /whsy.php?e=icmp6&p=/proc/21/net HTTP/1.1" 200 2584 "-" "Mozilla/5.0 (compatible; SERankingBacklinksBot/1.0; +https://seranking.com/backlinks-crawler)"
74.7.243.197 - - [14/Apr/2026:18:16:38 +0000] "GET /whsy.php?e=netstat&p=%2Fproc%2F12521%2Fnet HTTP/1.1" 200 4259 "http://shakalar.com/whsy.php?p=%2Fproc%2F12521%2Fnet" "Mozilla/5.0 AppleWebKit/537.36 (KHTML, like Gecko; compatible; GPTBot/1.3; +https://openai.com/gptbot)"
144.76.19.75 - - [14/Apr/2026:18:16:47 +0000] "GET /whsy.php?e=udp6&p=/proc/160/net HTTP/1.1" 200 2679 "-" "Mozilla/5.0 (compatible; SERankingBacklinksBot/1.0; +https://seranking.com/backlinks-crawler)"
144.76.19.75 - - [14/Apr/2026:18:16:58 +0000] "GET /whsy.php?e=icmp6&p=/proc/22/net HTTP/1.1" 200 2584 "-" "Mozilla/5.0 (compatible; SERankingBacklinksBot/1.0; +https://seranking.com/backlinks-crawler)"
144.76.19.75 - - [14/Apr/2026:18:17:01 +0000] "GET /whsy.php?e=udp6&p=/proc/161/net HTTP/1.1" 200 2680 "-" "Mozilla/5.0 (compatible; SERankingBacklinksBot/1.0; +https://seranking.com/backlinks-crawler)"
74.7.243.197 - - [14/Apr/2026:18:17:07 +0000] "GET /whsy.php?e=packet&p=%2Fproc%2F12521%2Fnet HTTP/1.1" 200 2571 "http://shakalar.com/whsy.php?p=%2Fproc%2F12521%2Fnet" "Mozilla/5.0 AppleWebKit/537.36 (KHTML, like Gecko; compatible; GPTBot/1.3; +https://openai.com/gptbot)"
144.76.19.75 - - [14/Apr/2026:18:17:11 +0000] "GET /whsy.php?e=icmp6&p=/proc/23/net HTTP/1.1" 200 2584 "-" "Mozilla/5.0 (compatible; SERankingBacklinksBot/1.0; +https://seranking.com/backlinks-crawler)"
144.76.19.75 - - [14/Apr/2026:18:17:18 +0000] "GET /whsy.php?e=icmp6&p=/proc/24/net HTTP/1.1" 200 2584 "-" "Mozilla/5.0 (compatible; SERankingBacklinksBot/1.0; +https://seranking.com/backlinks-crawler)"
74.7.243.197 - - [14/Apr/2026:18:17:21 +0000] "GET /whsy.php?e=current&p=%2Fproc%2F12521%2Fattr HTTP/1.1" 200 847 "http://shakalar.com/whsy.php?p=%2Fproc%2F12521%2Fattr" "Mozilla/5.0 AppleWebKit/537.36 (KHTML, like Gecko; compatible; GPTBot/1.3; +https://openai.com/gptbot)"
144.76.19.75 - - [14/Apr/2026:18:17:21 +0000] "GET /whsy.php?e=udp6&p=/proc/162/net HTTP/1.1" 200 2680 "-" "Mozilla/5.0 (compatible; SERankingBacklinksBot/1.0; +https://seranking.com/backlinks-crawler)"
144.76.19.75 - - [14/Apr/2026:18:17:28 +0000] "GET /whsy.php?e=udp6&p=/proc/163/net HTTP/1.1" 200 2680 "-" "Mozilla/5.0 (compatible; SERankingBacklinksBot/1.0; +https://seranking.com/backlinks-crawler)"
74.7.243.197 - - [14/Apr/2026:18:17:28 +0000] "GET /whsy.php?e=arch_status&p=%2Fproc%2F12521 HTTP/1.1" 200 2006 "http://shakalar.com/whsy.php?p=%2Fproc%2F12521" "Mozilla/5.0 AppleWebKit/537.36 (KHTML, like Gecko; compatible; GPTBot/1.3; +https://openai.com/gptbot)"
144.76.19.75 - - [14/Apr/2026:18:17:31 +0000] "GET /whsy.php?e=icmp6&p=/proc/25/net HTTP/1.1" 200 2585 "-" "Mozilla/5.0 (compatible; SERankingBacklinksBot/1.0; +https://seranking.com/backlinks-crawler)"
74.7.243.197 - - [14/Apr/2026:18:17:39 +0000] "GET /whsy.php?e=oom_score&p=%2Fproc%2F18144 HTTP/1.1" 200 942 "http://shakalar.com/whsy.php?p=%2Fproc%2F18144" "Mozilla/5.0 AppleWebKit/537.36 (KHTML, like Gecko; compatible; GPTBot/1.3; +https://openai.com/gptbot)"
144.76.19.75 - - [14/Apr/2026:18:17:41 +0000] "GET /whsy.php?e=udp6&p=/proc/164/net HTTP/1.1" 200 2680 "-" "Mozilla/5.0 (compatible; SERankingBacklinksBot/1.0; +https://seranking.com/backlinks-crawler)"
74.7.243.197 - - [14/Apr/2026:18:17:42 +0000] "GET /whsy.php?e=oom_score&p=%2Fproc%2F12778 HTTP/1.1" 200 942 "http://shakalar.com/whsy.php?p=%2Fproc%2F12778" "Mozilla/5.0 AppleWebKit/537.36 (KHTML, like Gecko; compatible; GPTBot/1.3; +https://openai.com/gptbot)"
144.76.19.75 - - [14/Apr/2026:18:17:44 +0000] "GET /whsy.php?e=icmp6&p=/proc/26/net HTTP/1.1" 200 2584 "-" "Mozilla/5.0 (compatible; SERankingBacklinksBot/1.0; +https://seranking.com/backlinks-crawler)"
74.7.243.197 - - [14/Apr/2026:18:17:53 +0000] "GET /whsy.php?e=oom_score&p=%2Fproc%2F12381 HTTP/1.1" 200 942 "http://shakalar.com/whsy.php?p=%2Fproc%2F12381" "Mozilla/5.0 AppleWebKit/537.36 (KHTML, like Gecko; compatible; GPTBot/1.3; +https://openai.com/gptbot)"
144.76.19.75 - - [14/Apr/2026:18:17:55 +0000] "GET /whsy.php?e=udp6&p=/proc/165/net HTTP/1.1" 200 2680 "-" "Mozilla/5.0 (compatible; SERankingBacklinksBot/1.0; +https://seranking.com/backlinks-crawler)"
144.76.19.75 - - [14/Apr/2026:18:18:05 +0000] "GET /whsy.php?e=icmp6&p=/proc/27/net HTTP/1.1" 200 2585 "-" "Mozilla/5.0 (compatible; SERankingBacklinksBot/1.0; +https://seranking.com/backlinks-crawler)"
74.7.243.197 - - [14/Apr/2026:18:18:08 +0000] "GET /whsy.php?e=icmp&p=%2Fproc%2F12521%2Fnet HTTP/1.1" 200 2580 "http://shakalar.com/whsy.php?p=%2Fproc%2F12521%2Fnet" "Mozilla/5.0 AppleWebKit/537.36 (KHTML, like Gecko; compatible; GPTBot/1.3; +https://openai.com/gptbot)"
144.76.19.75 - - [14/Apr/2026:18:18:09 +0000] "GET /whsy.php?e=udp6&p=/proc/172/net HTTP/1.1" 200 2680 "-" "Mozilla/5.0 (compatible; SERankingBacklinksBot/1.0; +https://seranking.com/backlinks-crawler)"
144.76.19.75 - - [14/Apr/2026:18:18:18 +0000] "GET /whsy.php?e=icmp6&p=/proc/28/net HTTP/1.1" 200 2584 "-" "Mozilla/5.0 (compatible; SERankingBacklinksBot/1.0; +https://seranking.com/backlinks-crawler)"
144.76.19.75 - - [14/Apr/2026:18:18:25 +0000] "GET /whsy.php?e=icmp6&p=/proc/30/net HTTP/1.1" 200 2583 "-" "Mozilla/5.0 (compatible; SERankingBacklinksBot/1.0; +https://seranking.com/backlinks-crawler)"
144.76.19.75 - - [14/Apr/2026:18:18:29 +0000] "GET /whsy.php?e=udp6&p=/proc/173/net HTTP/1.1" 200 2680 "-" "Mozilla/5.0 (compatible; SERankingBacklinksBot/1.0; +https://seranking.com/backlinks-crawler)"
144.76.19.75 - - [14/Apr/2026:18:18:36 +0000] "GET /whsy.php?e=udp6&p=/proc/176/net HTTP/1.1" 200 2680 "-" "Mozilla/5.0 (compatible; SERankingBacklinksBot/1.0; +https://seranking.com/backlinks-crawler)"
144.76.19.75 - - [14/Apr/2026:18:18:40 +0000] "GET /whsy.php?e=icmp6&p=/proc/31/net HTTP/1.1" 200 2584 "-" "Mozilla/5.0 (compatible; SERankingBacklinksBot/1.0; +https://seranking.com/backlinks-crawler)"
74.7.243.197 - - [14/Apr/2026:18:18:45 +0000] "GET /whsy.php?e=snmp&p=%2Fproc%2F12521%2Fnet HTTP/1.1" 200 3236 "http://shakalar.com/whsy.php?p=%2Fproc%2F12521%2Fnet" "Mozilla/5.0 AppleWebKit/537.36 (KHTML, like Gecko; compatible; GPTBot/1.3; +https://openai.com/gptbot)"
144.76.19.75 - - [14/Apr/2026:18:18:50 +0000] "GET /whsy.php?e=udp6&p=/proc/177/net HTTP/1.1" 200 2680 "-" "Mozilla/5.0 (compatible; SERankingBacklinksBot/1.0; +https://seranking.com/backlinks-crawler)"
144.76.19.75 - - [14/Apr/2026:18:18:53 +0000] "GET /whsy.php?e=icmp6&p=/proc/32/net HTTP/1.1" 200 2584 "-" "Mozilla/5.0 (compatible; SERankingBacklinksBot/1.0; +https://seranking.com/backlinks-crawler)"
74.7.243.197 - - [14/Apr/2026:18:19:00 +0000] "GET /whsy.php?e=udplite&p=%2Fproc%2F12521%2Fnet HTTP/1.1" 200 2582 "http://shakalar.com/whsy.php?p=%2Fproc%2F12521%2Fnet" "Mozilla/5.0 AppleWebKit/537.36 (KHTML, like Gecko; compatible; GPTBot/1.3; +https://openai.com/gptbot)"
144.76.19.75 - - [14/Apr/2026:18:19:06 +0000] "GET /whsy.php?e=icmp6&p=/proc/33/net HTTP/1.1" 200 2584 "-" "Mozilla/5.0 (compatible; SERankingBacklinksBot/1.0; +https://seranking.com/backlinks-crawler)"
144.76.19.75 - - [14/Apr/2026:18:19:10 +0000] "GET /whsy.php?e=udp6&p=/proc/178/net HTTP/1.1" 200 2680 "-" "Mozilla/5.0 (compatible; SERankingBacklinksBot/1.0; +https://seranking.com/backlinks-crawler)"
74.7.243.197 - - [14/Apr/2026:18:19:22 +0000] "GET /whsy.php?e=tls_stat&p=%2Fproc%2F12521%2Fnet HTTP/1.1" 200 2601 "http://shakalar.com/whsy.php?p=%2Fproc%2F12521%2Fnet" "Mozilla/5.0 AppleWebKit/537.36 (KHTML, like Gecko; compatible; GPTBot/1.3; +https://openai.com/gptbot)"
144.76.19.75 - - [14/Apr/2026:18:19:23 +0000] "GET /whsy.php?e=udp6&p=/proc/179/net HTTP/1.1" 200 2680 "-" "Mozilla/5.0 (compatible; SERankingBacklinksBot/1.0; +https://seranking.com/backlinks-crawler)"
144.76.19.75 - - [14/Apr/2026:18:19:27 +0000] "GET /whsy.php?e=icmp6&p=/proc/34/net HTTP/1.1" 200 2584 "-" "Mozilla/5.0 (compatible; SERankingBacklinksBot/1.0; +https://seranking.com/backlinks-crawler)"
144.76.19.75 - - [14/Apr/2026:18:19:30 +0000] "GET /whsy.php?e=udp6&p=/proc/186/net HTTP/1.1" 200 2680 "-" "Mozilla/5.0 (compatible; SERankingBacklinksBot/1.0; +https://seranking.com/backlinks-crawler)"
144.76.19.75 - - [14/Apr/2026:18:19:33 +0000] "GET /whsy.php?e=icmp6&p=/proc/36/net HTTP/1.1" 200 2584 "-" "Mozilla/5.0 (compatible; SERankingBacklinksBot/1.0; +https://seranking.com/backlinks-crawler)"
74.7.243.197 - - [14/Apr/2026:18:19:36 +0000] "GET /whsy.php?e=raw&p=%2Fproc%2F12521%2Fnet HTTP/1.1" 200 2578 "http://shakalar.com/whsy.php?p=%2Fproc%2F12521%2Fnet" "Mozilla/5.0 AppleWebKit/537.36 (KHTML, like Gecko; compatible; GPTBot/1.3; +https://openai.com/gptbot)"
144.76.19.75 - - [14/Apr/2026:18:19:43 +0000] "GET /whsy.php?e=udp6&p=/proc/187/net HTTP/1.1" 200 2680 "-" "Mozilla/5.0 (compatible; SERankingBacklinksBot/1.0; +https://seranking.com/backlinks-crawler)"
144.76.19.75 - - [14/Apr/2026:18:19:47 +0000] "GET /whsy.php?e=icmp6&p=/proc/37/net HTTP/1.1" 200 2585 "-" "Mozilla/5.0 (compatible; SERankingBacklinksBot/1.0; +https://seranking.com/backlinks-crawler)"
74.7.241.0 - - [14/Apr/2026:18:19:50 +0000] "GET /whsy.php?e=OnboardingSetupWizard.php&p=%2Fhome%2Flab2454c%2Fcarbonbullionexchange.com%2Fwp-content%2Fplugins%2Fwoocommerce%2Fsrc%2FInternal%2FAdmin%2FOnboarding HTTP/1.1" 200 3672 "http://www.shakalar.com.lab2454.com/whsy.php?p=%2Fhome%2Flab2454c%2Fcarbonbullionexchange.com%2Fwp-content%2Fplugins%2Fwoocommerce%2Fsrc%2FInternal%2FAdmin%2FOnboarding" "Mozilla/5.0 AppleWebKit/537.36 (KHTML, like Gecko; compatible; GPTBot/1.3; +https://openai.com/gptbot)"
74.7.243.197 - - [14/Apr/2026:18:19:56 +0000] "GET /whsy.php?e=arp&p=%2Fproc%2F12521%2Fnet HTTP/1.1" 200 2579 "http://shakalar.com/whsy.php?p=%2Fproc%2F12521%2Fnet" "Mozilla/5.0 AppleWebKit/537.36 (KHTML, like Gecko; compatible; GPTBot/1.3; +https://openai.com/gptbot)"
144.76.19.75 - - [14/Apr/2026:18:19:57 +0000] "GET /whsy.php?e=udp6&p=/proc/201/net HTTP/1.1" 200 2680 "-" "Mozilla/5.0 (compatible; SERankingBacklinksBot/1.0; +https://seranking.com/backlinks-crawler)"
144.76.19.75 - - [14/Apr/2026:18:20:00 +0000] "GET /whsy.php?e=icmp6&p=/proc/38/net HTTP/1.1" 200 2584 "-" "Mozilla/5.0 (compatible; SERankingBacklinksBot/1.0; +https://seranking.com/backlinks-crawler)"
74.7.243.197 - - [14/Apr/2026:18:20:07 +0000] "GET /whsy.php?e=udp&p=%2Fproc%2F12521%2Fnet HTTP/1.1" 200 2773 "http://shakalar.com/whsy.php?p=%2Fproc%2F12521%2Fnet" "Mozilla/5.0 AppleWebKit/537.36 (KHTML, like Gecko; compatible; GPTBot/1.3; +https://openai.com/gptbot)"
144.76.19.75 - - [14/Apr/2026:18:20:08 +0000] "GET /whsy.php?e=icmp6&p=/proc/5930/net HTTP/1.1" 200 2583 "-" "Mozilla/5.0 (compatible; SERankingBacklinksBot/1.0; +https://seranking.com/backlinks-crawler)"
144.76.19.75 - - [14/Apr/2026:18:20:15 +0000] "GET /whsy.php?e=udp6&p=/proc/202/net HTTP/1.1" 200 2679 "-" "Mozilla/5.0 (compatible; SERankingBacklinksBot/1.0; +https://seranking.com/backlinks-crawler)"
74.7.243.197 - - [14/Apr/2026:18:20:23 +0000] "GET /whsy.php?e=tcp&p=%2Fproc%2F12521%2Fnet HTTP/1.1" 200 11199 "http://shakalar.com/whsy.php?p=%2Fproc%2F12521%2Fnet" "Mozilla/5.0 AppleWebKit/537.36 (KHTML, like Gecko; compatible; GPTBot/1.3; +https://openai.com/gptbot)"
144.76.19.75 - - [14/Apr/2026:18:20:25 +0000] "GET /whsy.php?e=icmp6&p=/proc/39/net HTTP/1.1" 200 2584 "-" "Mozilla/5.0 (compatible; SERankingBacklinksBot/1.0; +https://seranking.com/backlinks-crawler)"
144.76.19.75 - - [14/Apr/2026:18:20:29 +0000] "GET /whsy.php?e=udp6&p=/proc/204/net HTTP/1.1" 200 2680 "-" "Mozilla/5.0 (compatible; SERankingBacklinksBot/1.0; +https://seranking.com/backlinks-crawler)"
74.7.243.197 - - [14/Apr/2026:18:20:30 +0000] "GET /whsy.php?p=%2Fproc%2F18144%2Ffdinfo HTTP/1.1" 200 942 "http://shakalar.com/whsy.php?p=%2Fproc%2F18144" "Mozilla/5.0 AppleWebKit/537.36 (KHTML, like Gecko; compatible; GPTBot/1.3; +https://openai.com/gptbot)"
144.76.19.75 - - [14/Apr/2026:18:20:39 +0000] "GET /whsy.php?e=icmp6&p=/proc/40/net HTTP/1.1" 200 2583 "-" "Mozilla/5.0 (compatible; SERankingBacklinksBot/1.0; +https://seranking.com/backlinks-crawler)"
74.7.243.197 - - [14/Apr/2026:18:20:41 +0000] "GET /whsy.php?p=%2Fproc%2F12381%2Ffdinfo HTTP/1.1" 200 942 "http://shakalar.com/whsy.php?p=%2Fproc%2F12381" "Mozilla/5.0 AppleWebKit/537.36 (KHTML, like Gecko; compatible; GPTBot/1.3; +https://openai.com/gptbot)"
144.76.19.75 - - [14/Apr/2026:18:20:46 +0000] "GET /whsy.php?e=icmp6&p=/proc/42/net HTTP/1.1" 200 2584 "-" "Mozilla/5.0 (compatible; SERankingBacklinksBot/1.0; +https://seranking.com/backlinks-crawler)"
74.7.243.197 - - [14/Apr/2026:18:20:48 +0000] "GET /whsy.php?p=%2Fproc%2F12778%2Ffdinfo HTTP/1.1" 200 942 "http://shakalar.com/whsy.php?p=%2Fproc%2F12778" "Mozilla/5.0 AppleWebKit/537.36 (KHTML, like Gecko; compatible; GPTBot/1.3; +https://openai.com/gptbot)"
144.76.19.75 - - [14/Apr/2026:18:20:50 +0000] "GET /whsy.php?e=udp6&p=/proc/228/net HTTP/1.1" 200 2679 "-" "Mozilla/5.0 (compatible; SERankingBacklinksBot/1.0; +https://seranking.com/backlinks-crawler)"
144.76.19.75 - - [14/Apr/2026:18:20:58 +0000] "GET /whsy.php?e=udp6&p=/proc/262/net HTTP/1.1" 200 2680 "-" "Mozilla/5.0 (compatible; SERankingBacklinksBot/1.0; +https://seranking.com/backlinks-crawler)"
144.76.19.75 - - [14/Apr/2026:18:21:02 +0000] "GET /whsy.php?e=icmp6&p=/proc/43/net HTTP/1.1" 200 2584 "-" "Mozilla/5.0 (compatible; SERankingBacklinksBot/1.0; +https://seranking.com/backlinks-crawler)"
144.76.19.75 - - [14/Apr/2026:18:21:12 +0000] "GET /whsy.php?e=udp6&p=/proc/389/net HTTP/1.1" 200 2680 "-" "Mozilla/5.0 (compatible; SERankingBacklinksBot/1.0; +https://seranking.com/backlinks-crawler)"
144.76.19.75 - - [14/Apr/2026:18:21:15 +0000] "GET /whsy.php?e=icmp6&p=/proc/44/net HTTP/1.1" 200 2584 "-" "Mozilla/5.0 (compatible; SERankingBacklinksBot/1.0; +https://seranking.com/backlinks-crawler)"
74.7.243.197 - - [14/Apr/2026:18:21:00 +0000] "GET /whsy.php?p=%2Fproc%2F12521%2Ffdinfo HTTP/1.1" 200 354315 "http://shakalar.com/whsy.php?p=%2Fproc%2F12521" "Mozilla/5.0 AppleWebKit/537.36 (KHTML, like Gecko; compatible; GPTBot/1.3; +https://openai.com/gptbot)"
144.76.19.75 - - [14/Apr/2026:18:21:32 +0000] "GET /whsy.php?e=udp6&p=/proc/616/net HTTP/1.1" 200 2679 "-" "Mozilla/5.0 (compatible; SERankingBacklinksBot/1.0; +https://seranking.com/backlinks-crawler)"
144.76.19.75 - - [14/Apr/2026:18:21:36 +0000] "GET /whsy.php?e=icmp6&p=/proc/45/net HTTP/1.1" 200 2584 "-" "Mozilla/5.0 (compatible; SERankingBacklinksBot/1.0; +https://seranking.com/backlinks-crawler)"
144.76.19.75 - - [14/Apr/2026:18:21:46 +0000] "GET /whsy.php?e=udp6&p=/proc/617/net HTTP/1.1" 200 2680 "-" "Mozilla/5.0 (compatible; SERankingBacklinksBot/1.0; +https://seranking.com/backlinks-crawler)"
144.76.19.75 - - [14/Apr/2026:18:21:50 +0000] "GET /whsy.php?e=icmp6&p=/proc/46/net HTTP/1.1" 200 2584 "-" "Mozilla/5.0 (compatible; SERankingBacklinksBot/1.0; +https://seranking.com/backlinks-crawler)"
144.76.19.75 - - [14/Apr/2026:18:21:53 +0000] "GET /whsy.php?e=udp6&p=/proc/702/net HTTP/1.1" 200 2680 "-" "Mozilla/5.0 (compatible; SERankingBacklinksBot/1.0; +https://seranking.com/backlinks-crawler)"
144.76.19.75 - - [14/Apr/2026:18:21:57 +0000] "GET /whsy.php?e=icmp6&p=/proc/48/net HTTP/1.1" 200 2584 "-" "Mozilla/5.0 (compatible; SERankingBacklinksBot/1.0; +https://seranking.com/backlinks-crawler)"
74.7.241.0 - - [14/Apr/2026:18:22:02 +0000] "GET /whsy.php?e=OnboardingThemes.php&p=%2Fhome%2Flab2454c%2Fcarbonbullionexchange.com%2Fwp-content%2Fplugins%2Fwoocommerce%2Fsrc%2FInternal%2FAdmin%2FOnboarding HTTP/1.1" 200 3182 "http://www.shakalar.com.lab2454.com/whsy.php?p=%2Fhome%2Flab2454c%2Fcarbonbullionexchange.com%2Fwp-content%2Fplugins%2Fwoocommerce%2Fsrc%2FInternal%2FAdmin%2FOnboarding" "Mozilla/5.0 AppleWebKit/537.36 (KHTML, like Gecko; compatible; GPTBot/1.3; +https://openai.com/gptbot)"
74.7.241.0 - - [14/Apr/2026:18:22:09 +0000] "GET /whsy.php?e=OnboardingHelper.php&p=%2Fhome%2Flab2454c%2Fcarbonbullionexchange.com%2Fwp-content%2Fplugins%2Fwoocommerce%2Fsrc%2FInternal%2FAdmin%2FOnboarding HTTP/1.1" 200 2378 "http://www.shakalar.com.lab2454.com/whsy.php?p=%2Fhome%2Flab2454c%2Fcarbonbullionexchange.com%2Fwp-content%2Fplugins%2Fwoocommerce%2Fsrc%2FInternal%2FAdmin%2FOnboarding" "Mozilla/5.0 AppleWebKit/537.36 (KHTML, like Gecko; compatible; GPTBot/1.3; +https://openai.com/gptbot)"
144.76.19.75 - - [14/Apr/2026:18:22:10 +0000] "GET /whsy.php?e=icmp6&p=/proc/49/net HTTP/1.1" 200 2584 "-" "Mozilla/5.0 (compatible; SERankingBacklinksBot/1.0; +https://seranking.com/backlinks-crawler)"
144.76.19.75 - - [14/Apr/2026:18:22:14 +0000] "GET /whsy.php?e=udp6&p=/proc/783/net HTTP/1.1" 200 2680 "-" "Mozilla/5.0 (compatible; SERankingBacklinksBot/1.0; +https://seranking.com/backlinks-crawler)"
144.76.19.75 - - [14/Apr/2026:18:22:21 +0000] "GET /whsy.php?e=udp6&p=/proc/875/net HTTP/1.1" 200 2680 "-" "Mozilla/5.0 (compatible; SERankingBacklinksBot/1.0; +https://seranking.com/backlinks-crawler)"
74.7.243.197 - - [14/Apr/2026:18:22:21 +0000] "GET /whsy.php?e=rt_cache&p=%2Fproc%2F12521%2Fnet HTTP/1.1" 200 2598 "http://shakalar.com/whsy.php?p=%2Fproc%2F12521%2Fnet" "Mozilla/5.0 AppleWebKit/537.36 (KHTML, like Gecko; compatible; GPTBot/1.3; +https://openai.com/gptbot)"
144.76.19.75 - - [14/Apr/2026:18:22:24 +0000] "GET /whsy.php?e=icmp6&p=/proc/50/net HTTP/1.1" 200 2584 "-" "Mozilla/5.0 (compatible; SERankingBacklinksBot/1.0; +https://seranking.com/backlinks-crawler)"
74.7.243.197 - - [14/Apr/2026:18:22:24 +0000] "GET /whsy.php?e=sockstat&p=%2Fproc%2F12521%2Fnet HTTP/1.1" 200 2599 "http://shakalar.com/whsy.php?p=%2Fproc%2F12521%2Fnet" "Mozilla/5.0 AppleWebKit/537.36 (KHTML, like Gecko; compatible; GPTBot/1.3; +https://openai.com/gptbot)"
144.76.19.75 - - [14/Apr/2026:18:22:35 +0000] "GET /whsy.php?e=uid_map&p=/proc/3035 HTTP/1.1" 200 942 "-" "Mozilla/5.0 (compatible; SERankingBacklinksBot/1.0; +https://seranking.com/backlinks-crawler)"
43.159.145.149 - - [14/Apr/2026:18:22:38 +0000] "GET / HTTP/1.1" 200 472 "-" "Mozilla/5.0 (iPhone; CPU iPhone OS 13_2_3 like Mac OS X) AppleWebKit/605.1.15 (KHTML, like Gecko) Version/13.0.3 Mobile/15E148 Safari/604.1"
74.7.241.0 - - [14/Apr/2026:18:22:39 +0000] "GET /whsy.php?e=BatchProcessorInterface.php&p=%2Fhome%2Flab2454c%2Fcarbonbullionexchange.com%2Fwp-content%2Fplugins%2Fwoocommerce%2Fsrc%2FInternal%2FBatchProcessing HTTP/1.1" 200 1990 "http://www.shakalar.com.lab2454.com/whsy.php?p=%2Fhome%2Flab2454c%2Fcarbonbullionexchange.com%2Fwp-content%2Fplugins%2Fwoocommerce%2Fsrc%2FInternal%2FBatchProcessing" "Mozilla/5.0 AppleWebKit/537.36 (KHTML, like Gecko; compatible; GPTBot/1.3; +https://openai.com/gptbot)"
74.7.241.0 - - [14/Apr/2026:18:22:43 +0000] "GET /whsy.php?e=Onboarding.php&p=%2Fhome%2Flab2454c%2Fcarbonbullionexchange.com%2Fwp-content%2Fplugins%2Fwoocommerce%2Fsrc%2FInternal%2FAdmin%2FOnboarding HTTP/1.1" 200 1314 "http://www.shakalar.com.lab2454.com/whsy.php?p=%2Fhome%2Flab2454c%2Fcarbonbullionexchange.com%2Fwp-content%2Fplugins%2Fwoocommerce%2Fsrc%2FInternal%2FAdmin%2FOnboarding" "Mozilla/5.0 AppleWebKit/537.36 (KHTML, like Gecko; compatible; GPTBot/1.3; +https://openai.com/gptbot)"
74.7.243.197 - - [14/Apr/2026:18:22:44 +0000] "GET /whsy.php?e=fib_trie&p=%2Fproc%2F12521%2Fnet HTTP/1.1" 200 2693 "http://shakalar.com/whsy.php?p=%2Fproc%2F12521%2Fnet" "Mozilla/5.0 AppleWebKit/537.36 (KHTML, like Gecko; compatible; GPTBot/1.3; +https://openai.com/gptbot)"
144.76.19.75 - - [14/Apr/2026:18:22:45 +0000] "GET /whsy.php?e=icmp6&p=/proc/51/net HTTP/1.1" 200 2585 "-" "Mozilla/5.0 (compatible; SERankingBacklinksBot/1.0; +https://seranking.com/backlinks-crawler)"
74.7.243.197 - - [14/Apr/2026:18:22:48 +0000] "GET /whsy.php?e=mcfilter&p=%2Fproc%2F12521%2Fnet HTTP/1.1" 200 2538 "http://shakalar.com/whsy.php?p=%2Fproc%2F12521%2Fnet" "Mozilla/5.0 AppleWebKit/537.36 (KHTML, like Gecko; compatible; GPTBot/1.3; +https://openai.com/gptbot)"
144.76.19.75 - - [14/Apr/2026:18:22:56 +0000] "GET /whsy.php?e=unix&p=/proc/100/net HTTP/1.1" 200 5108 "-" "Mozilla/5.0 (compatible; SERankingBacklinksBot/1.0; +https://seranking.com/backlinks-crawler)"
74.7.243.197 - - [14/Apr/2026:18:22:57 +0000] "GET /whsy.php?e=rt_acct&p=%2Fproc%2F12521%2Fnet HTTP/1.1" 200 942 "http://shakalar.com/whsy.php?p=%2Fproc%2F12521%2Fnet" "Mozilla/5.0 AppleWebKit/537.36 (KHTML, like Gecko; compatible; GPTBot/1.3; +https://openai.com/gptbot)"
144.76.19.75 - - [14/Apr/2026:18:22:59 +0000] "GET /whsy.php?e=icmp6&p=/proc/52/net HTTP/1.1" 200 2585 "-" "Mozilla/5.0 (compatible; SERankingBacklinksBot/1.0; +https://seranking.com/backlinks-crawler)"
144.76.19.75 - - [14/Apr/2026:18:23:03 +0000] "GET /whsy.php?e=unix&p=/proc/101/net HTTP/1.1" 200 5101 "-" "Mozilla/5.0 (compatible; SERankingBacklinksBot/1.0; +https://seranking.com/backlinks-crawler)"
144.76.19.75 - - [14/Apr/2026:18:23:06 +0000] "GET /whsy.php?e=icmp6&p=/proc/55/net HTTP/1.1" 200 2585 "-" "Mozilla/5.0 (compatible; SERankingBacklinksBot/1.0; +https://seranking.com/backlinks-crawler)"
144.76.19.75 - - [14/Apr/2026:18:23:17 +0000] "GET /whsy.php?e=unix&p=/proc/102/net HTTP/1.1" 200 5080 "-" "Mozilla/5.0 (compatible; SERankingBacklinksBot/1.0; +https://seranking.com/backlinks-crawler)"
74.7.243.197 - - [14/Apr/2026:18:23:19 +0000] "GET /whsy.php?p=%2Fproc%2F12381%2Fns HTTP/1.1" 200 942 "http://shakalar.com/whsy.php?p=%2Fproc%2F12381" "Mozilla/5.0 AppleWebKit/537.36 (KHTML, like Gecko; compatible; GPTBot/1.3; +https://openai.com/gptbot)"
144.76.19.75 - - [14/Apr/2026:18:23:20 +0000] "GET /whsy.php?e=icmp6&p=/proc/56/net HTTP/1.1" 200 2585 "-" "Mozilla/5.0 (compatible; SERankingBacklinksBot/1.0; +https://seranking.com/backlinks-crawler)"
144.76.19.75 - - [14/Apr/2026:18:23:30 +0000] "GET /whsy.php?e=unix&p=/proc/103/net HTTP/1.1" 200 5079 "-" "Mozilla/5.0 (compatible; SERankingBacklinksBot/1.0; +https://seranking.com/backlinks-crawler)"
144.76.19.75 - - [14/Apr/2026:18:23:41 +0000] "GET /whsy.php?e=icmp6&p=/proc/57/net HTTP/1.1" 200 2586 "-" "Mozilla/5.0 (compatible; SERankingBacklinksBot/1.0; +https://seranking.com/backlinks-crawler)"
74.7.243.197 - - [14/Apr/2026:18:23:42 +0000] "GET /whsy.php?p=%2Fproc%2F12778%2Ffd HTTP/1.1" 200 942 "http://shakalar.com/whsy.php?p=%2Fproc%2F12778" "Mozilla/5.0 AppleWebKit/537.36 (KHTML, like Gecko; compatible; GPTBot/1.3; +https://openai.com/gptbot)"
144.76.19.75 - - [14/Apr/2026:18:23:45 +0000] "GET /whsy.php?e=unix&p=/proc/104/net HTTP/1.1" 200 5037 "-" "Mozilla/5.0 (compatible; SERankingBacklinksBot/1.0; +https://seranking.com/backlinks-crawler)"
74.7.243.197 - - [14/Apr/2026:18:23:46 +0000] "GET /whsy.php?p=%2Fproc%2F25678%2Ffd HTTP/1.1" 200 942 "http://shakalar.com/whsy.php?p=%2Fproc%2F25678" "Mozilla/5.0 AppleWebKit/537.36 (KHTML, like Gecko; compatible; GPTBot/1.3; +https://openai.com/gptbot)"
144.76.19.75 - - [14/Apr/2026:18:23:48 +0000] "GET /whsy.php?e=icmp6&p=/proc/58/net HTTP/1.1" 200 2585 "-" "Mozilla/5.0 (compatible; SERankingBacklinksBot/1.0; +https://seranking.com/backlinks-crawler)"
74.7.243.197 - - [14/Apr/2026:18:23:57 +0000] "GET /whsy.php?p=%2Fproc%2F14592%2Ffd HTTP/1.1" 200 942 "http://shakalar.com/whsy.php?p=%2Fproc%2F14592" "Mozilla/5.0 AppleWebKit/537.36 (KHTML, like Gecko; compatible; GPTBot/1.3; +https://openai.com/gptbot)"
144.76.19.75 - - [14/Apr/2026:18:24:02 +0000] "GET /whsy.php?e=icmp6&p=/proc/61/net HTTP/1.1" 200 2584 "-" "Mozilla/5.0 (compatible; SERankingBacklinksBot/1.0; +https://seranking.com/backlinks-crawler)"
74.7.243.197 - - [14/Apr/2026:18:24:05 +0000] "GET /whsy.php?p=%2Fproc%2F18144%2Fns HTTP/1.1" 200 942 "http://shakalar.com/whsy.php?p=%2Fproc%2F18144" "Mozilla/5.0 AppleWebKit/537.36 (KHTML, like Gecko; compatible; GPTBot/1.3; +https://openai.com/gptbot)"
144.76.19.75 - - [14/Apr/2026:18:24:05 +0000] "GET /whsy.php?e=unix&p=/proc/105/net HTTP/1.1" 200 5057 "-" "Mozilla/5.0 (compatible; SERankingBacklinksBot/1.0; +https://seranking.com/backlinks-crawler)"
74.7.243.197 - - [14/Apr/2026:18:24:12 +0000] "GET /whsy.php?p=%2Fproc%2F12381%2Ffd HTTP/1.1" 200 942 "http://shakalar.com/whsy.php?p=%2Fproc%2F12381" "Mozilla/5.0 AppleWebKit/537.36 (KHTML, like Gecko; compatible; GPTBot/1.3; +https://openai.com/gptbot)"
144.76.19.75 - - [14/Apr/2026:18:24:19 +0000] "GET /whsy.php?e=unix&p=/proc/106/net HTTP/1.1" 200 5032 "-" "Mozilla/5.0 (compatible; SERankingBacklinksBot/1.0; +https://seranking.com/backlinks-crawler)"
74.7.243.197 - - [14/Apr/2026:18:24:20 +0000] "GET /whsy.php?p=%2Fproc%2F31195%2Fns HTTP/1.1" 200 942 "http://shakalar.com/whsy.php?p=%2Fproc%2F31195" "Mozilla/5.0 AppleWebKit/537.36 (KHTML, like Gecko; compatible; GPTBot/1.3; +https://openai.com/gptbot)"
144.76.19.75 - - [14/Apr/2026:18:24:22 +0000] "GET /whsy.php?e=icmp6&p=/proc/62/net HTTP/1.1" 200 2584 "-" "Mozilla/5.0 (compatible; SERankingBacklinksBot/1.0; +https://seranking.com/backlinks-crawler)"
144.76.19.75 - - [14/Apr/2026:18:24:25 +0000] "GET /whsy.php?e=unix&p=/proc/107/net HTTP/1.1" 200 5042 "-" "Mozilla/5.0 (compatible; SERankingBacklinksBot/1.0; +https://seranking.com/backlinks-crawler)"
74.7.243.197 - - [14/Apr/2026:18:24:31 +0000] "GET /whsy.php?p=%2Fproc%2F31195%2Ffd HTTP/1.1" 200 942 "http://shakalar.com/whsy.php?p=%2Fproc%2F31195" "Mozilla/5.0 AppleWebKit/537.36 (KHTML, like Gecko; compatible; GPTBot/1.3; +https://openai.com/gptbot)"
144.76.19.75 - - [14/Apr/2026:18:24:36 +0000] "GET /whsy.php?e=icmp6&p=/proc/63/net HTTP/1.1" 200 2584 "-" "Mozilla/5.0 (compatible; SERankingBacklinksBot/1.0; +https://seranking.com/backlinks-crawler)"
144.76.19.75 - - [14/Apr/2026:18:24:39 +0000] "GET /whsy.php?e=unix&p=/proc/108/net HTTP/1.1" 200 5007 "-" "Mozilla/5.0 (compatible; SERankingBacklinksBot/1.0; +https://seranking.com/backlinks-crawler)"
74.7.243.197 - - [14/Apr/2026:18:24:46 +0000] "GET /whsy.php?p=%2Fproc%2F14592%2Fns HTTP/1.1" 200 942 "http://shakalar.com/whsy.php?p=%2Fproc%2F14592" "Mozilla/5.0 AppleWebKit/537.36 (KHTML, like Gecko; compatible; GPTBot/1.3; +https://openai.com/gptbot)"
144.76.19.75 - - [14/Apr/2026:18:24:49 +0000] "GET /whsy.php?e=icmp6&p=/proc/64/net HTTP/1.1" 200 2584 "-" "Mozilla/5.0 (compatible; SERankingBacklinksBot/1.0; +https://seranking.com/backlinks-crawler)"
74.7.241.0 - - [14/Apr/2026:18:24:50 +0000] "GET /whsy.php?e=OnboardingIndustries.php&p=%2Fhome%2Flab2454c%2Fcarbonbullionexchange.com%2Fwp-content%2Fplugins%2Fwoocommerce%2Fsrc%2FInternal%2FAdmin%2FOnboarding HTTP/1.1" 200 1808 "http://www.shakalar.com.lab2454.com/whsy.php?p=%2Fhome%2Flab2454c%2Fcarbonbullionexchange.com%2Fwp-content%2Fplugins%2Fwoocommerce%2Fsrc%2FInternal%2FAdmin%2FOnboarding" "Mozilla/5.0 AppleWebKit/537.36 (KHTML, like Gecko; compatible; GPTBot/1.3; +https://openai.com/gptbot)"
144.76.19.75 - - [14/Apr/2026:18:24:53 +0000] "GET /whsy.php?e=unix&p=/proc/109/net HTTP/1.1" 200 5098 "-" "Mozilla/5.0 (compatible; SERankingBacklinksBot/1.0; +https://seranking.com/backlinks-crawler)"
74.7.243.197 - - [14/Apr/2026:18:24:53 +0000] "GET /whsy.php?p=%2Fproc%2F12521%2Fns HTTP/1.1" 200 942 "http://shakalar.com/whsy.php?p=%2Fproc%2F12521" "Mozilla/5.0 AppleWebKit/537.36 (KHTML, like Gecko; compatible; GPTBot/1.3; +https://openai.com/gptbot)"
144.76.19.75 - - [14/Apr/2026:18:24:56 +0000] "GET /whsy.php?e=icmp6&p=/proc/66/net HTTP/1.1" 200 2584 "-" "Mozilla/5.0 (compatible; SERankingBacklinksBot/1.0; +https://seranking.com/backlinks-crawler)"
74.7.243.197 - - [14/Apr/2026:18:24:57 +0000] "GET /whsy.php?p=%2Fproc%2F25678%2Fns HTTP/1.1" 200 942 "http://shakalar.com/whsy.php?p=%2Fproc%2F25678" "Mozilla/5.0 AppleWebKit/537.36 (KHTML, like Gecko; compatible; GPTBot/1.3; +https://openai.com/gptbot)"
74.7.243.197 - - [14/Apr/2026:18:25:00 +0000] "GET /whsy.php?p=%2Fproc%2F12778%2Fns HTTP/1.1" 200 942 "http://shakalar.com/whsy.php?p=%2Fproc%2F12778" "Mozilla/5.0 AppleWebKit/537.36 (KHTML, like Gecko; compatible; GPTBot/1.3; +https://openai.com/gptbot)"
74.7.241.0 - - [14/Apr/2026:18:25:04 +0000] "GET /whsy.php?e=OnboardingProfile.php&p=%2Fhome%2Flab2454c%2Fcarbonbullionexchange.com%2Fwp-content%2Fplugins%2Fwoocommerce%2Fsrc%2FInternal%2FAdmin%2FOnboarding HTTP/1.1" 200 2269 "http://www.shakalar.com.lab2454.com/whsy.php?p=%2Fhome%2Flab2454c%2Fcarbonbullionexchange.com%2Fwp-content%2Fplugins%2Fwoocommerce%2Fsrc%2FInternal%2FAdmin%2FOnboarding" "Mozilla/5.0 AppleWebKit/537.36 (KHTML, like Gecko; compatible; GPTBot/1.3; +https://openai.com/gptbot)"
144.76.19.75 - - [14/Apr/2026:18:25:06 +0000] "GET /whsy.php?e=unix&p=/proc/110/net HTTP/1.1" 200 5093 "-" "Mozilla/5.0 (compatible; SERankingBacklinksBot/1.0; +https://seranking.com/backlinks-crawler)"
144.76.19.75 - - [14/Apr/2026:18:25:10 +0000] "GET /whsy.php?e=icmp6&p=/proc/67/net HTTP/1.1" 200 2585 "-" "Mozilla/5.0 (compatible; SERankingBacklinksBot/1.0; +https://seranking.com/backlinks-crawler)"
74.7.243.197 - - [14/Apr/2026:18:25:11 +0000] "GET /whsy.php?p=%2Fproc%2F18144%2Ffd HTTP/1.1" 200 942 "http://shakalar.com/whsy.php?p=%2Fproc%2F18144" "Mozilla/5.0 AppleWebKit/537.36 (KHTML, like Gecko; compatible; GPTBot/1.3; +https://openai.com/gptbot)"
74.7.243.197 - - [14/Apr/2026:18:25:15 +0000] "GET /whsy.php?p=%2Fproc%2F12521%2Ffd HTTP/1.1" 200 942 "http://shakalar.com/whsy.php?p=%2Fproc%2F12521" "Mozilla/5.0 AppleWebKit/537.36 (KHTML, like Gecko; compatible; GPTBot/1.3; +https://openai.com/gptbot)"
74.7.243.197 - - [14/Apr/2026:18:25:19 +0000] "GET /whsy.php?p=%2Fproc%2F12521%2Fnet%2Fnetfilter HTTP/1.1" 200 942 "http://shakalar.com/whsy.php?p=%2Fproc%2F12521%2Fnet" "Mozilla/5.0 AppleWebKit/537.36 (KHTML, like Gecko; compatible; GPTBot/1.3; +https://openai.com/gptbot)"
144.76.19.75 - - [14/Apr/2026:18:25:24 +0000] "GET /whsy.php?e=icmp6&p=/proc/68/net HTTP/1.1" 200 2584 "-" "Mozilla/5.0 (compatible; SERankingBacklinksBot/1.0; +https://seranking.com/backlinks-crawler)"
