144.76.19.75 - - [14/Apr/2026:16:55:58 +0000] "GET /whsy.php?p=/sys/class/tty/tty59 HTTP/1.1" 200 731 "-" "Mozilla/5.0 (compatible; SERankingBacklinksBot/1.0; +https://seranking.com/backlinks-crawler)"
74.7.241.0 - - [14/Apr/2026:16:56:02 +0000] "GET /whsy.php?e=editor.min.css&p=%2Fhome%2Flab2454c%2Fsecurepaychip.com%2Fwp-includes%2Fblocks%2Fnavigation HTTP/1.1" 200 3353 "http://www.shakalar.com.lab2454.com/whsy.php?p=%2Fhome%2Flab2454c%2Fsecurepaychip.com%2Fwp-includes%2Fblocks%2Fnavigation" "Mozilla/5.0 AppleWebKit/537.36 (KHTML, like Gecko; compatible; GPTBot/1.3; +https://openai.com/gptbot)"
74.7.243.197 - - [14/Apr/2026:16:56:02 +0000] "GET /whsy.php?e=mem&p=%2Fproc%2F5930 HTTP/1.1" 200 1935 "http://shakalar.com/whsy.php?p=%2Fproc%2F5930" "Mozilla/5.0 AppleWebKit/537.36 (KHTML, like Gecko; compatible; GPTBot/1.3; +https://openai.com/gptbot)"
144.76.19.75 - - [14/Apr/2026:16:56:02 +0000] "GET /whsy.php?e=prev&p=/proc/23/attr HTTP/1.1" 200 856 "-" "Mozilla/5.0 (compatible; SERankingBacklinksBot/1.0; +https://seranking.com/backlinks-crawler)"
74.7.241.0 - - [14/Apr/2026:16:56:06 +0000] "GET /whsy.php?e=theme.css&p=%2Fhome%2Flab2454c%2Fchristianitybank.com%2Fwp-includes%2Fblocks%2Fquote HTTP/1.1" 200 1160 "http://www.shakalar.com.lab2454.com/whsy.php?p=%2Fhome%2Flab2454c%2Fchristianitybank.com%2Fwp-includes%2Fblocks%2Fquote" "Mozilla/5.0 AppleWebKit/537.36 (KHTML, like Gecko; compatible; GPTBot/1.3; +https://openai.com/gptbot)"
74.7.243.197 - - [14/Apr/2026:16:56:06 +0000] "GET /whsy.php?e=mountinfo&p=%2Fproc%2F5930 HTTP/1.1" 200 2942 "http://shakalar.com/whsy.php?p=%2Fproc%2F5930" "Mozilla/5.0 AppleWebKit/537.36 (KHTML, like Gecko; compatible; GPTBot/1.3; +https://openai.com/gptbot)"
74.7.241.0 - - [14/Apr/2026:16:56:09 +0000] "GET /whsy.php?e=editor.min.css&p=%2Fhome%2Flab2454c%2Fchristianitybank.com%2Fwp-includes%2Fblocks%2Fnextpage HTTP/1.1" 200 1191 "http://www.shakalar.com.lab2454.com/whsy.php?p=%2Fhome%2Flab2454c%2Fchristianitybank.com%2Fwp-includes%2Fblocks%2Fnextpage" "Mozilla/5.0 AppleWebKit/537.36 (KHTML, like Gecko; compatible; GPTBot/1.3; +https://openai.com/gptbot)"
74.7.243.197 - - [14/Apr/2026:16:56:10 +0000] "GET /whsy.php?e=personality&p=%2Fproc%2F5930 HTTP/1.1" 200 1935 "http://shakalar.com/whsy.php?p=%2Fproc%2F5930" "Mozilla/5.0 AppleWebKit/537.36 (KHTML, like Gecko; compatible; GPTBot/1.3; +https://openai.com/gptbot)"
144.76.19.75 - - [14/Apr/2026:16:56:12 +0000] "GET /whsy.php?p=/sys/class/tty/tty60 HTTP/1.1" 200 731 "-" "Mozilla/5.0 (compatible; SERankingBacklinksBot/1.0; +https://seranking.com/backlinks-crawler)"
74.7.241.0 - - [14/Apr/2026:16:56:13 +0000] "GET /whsy.php?e=style-rtl.css&p=%2Fhome%2Flab2454c%2Fchristianitybank.com%2Fwp-includes%2Fblocks%2Fcomments-pagination HTTP/1.1" 200 1400 "http://www.shakalar.com.lab2454.com/whsy.php?p=%2Fhome%2Flab2454c%2Fchristianitybank.com%2Fwp-includes%2Fblocks%2Fcomments-pagination" "Mozilla/5.0 AppleWebKit/537.36 (KHTML, like Gecko; compatible; GPTBot/1.3; +https://openai.com/gptbot)"
74.7.243.197 - - [14/Apr/2026:16:56:13 +0000] "GET /whsy.php?e=mountstats&p=%2Fproc%2F5930 HTTP/1.1" 200 1935 "http://shakalar.com/whsy.php?p=%2Fproc%2F5930" "Mozilla/5.0 AppleWebKit/537.36 (KHTML, like Gecko; compatible; GPTBot/1.3; +https://openai.com/gptbot)"
74.7.241.0 - - [14/Apr/2026:16:56:17 +0000] "GET /whsy.php?e=theme-rtl.css&p=%2Fhome%2Flab2454c%2Fchristianitybank.com%2Fwp-includes%2Fblocks%2Fgallery HTTP/1.1" 200 1144 "http://www.shakalar.com.lab2454.com/whsy.php?p=%2Fhome%2Flab2454c%2Fchristianitybank.com%2Fwp-includes%2Fblocks%2Fgallery" "Mozilla/5.0 AppleWebKit/537.36 (KHTML, like Gecko; compatible; GPTBot/1.3; +https://openai.com/gptbot)"
74.7.241.0 - - [14/Apr/2026:16:56:21 +0000] "GET /whsy.php?e=editor.css&p=%2Fhome%2Flab2454c%2Fchristianitybank.com%2Fwp-includes%2Fblocks%2Fvideo HTTP/1.1" 200 1594 "http://www.shakalar.com.lab2454.com/whsy.php?p=%2Fhome%2Flab2454c%2Fchristianitybank.com%2Fwp-includes%2Fblocks%2Fvideo" "Mozilla/5.0 AppleWebKit/537.36 (KHTML, like Gecko; compatible; GPTBot/1.3; +https://openai.com/gptbot)"
74.7.243.197 - - [14/Apr/2026:16:56:21 +0000] "GET /whsy.php?e=smaps_rollup&p=%2Fproc%2F5930 HTTP/1.1" 200 2118 "http://shakalar.com/whsy.php?p=%2Fproc%2F5930" "Mozilla/5.0 AppleWebKit/537.36 (KHTML, like Gecko; compatible; GPTBot/1.3; +https://openai.com/gptbot)"
144.76.19.75 - - [14/Apr/2026:16:56:22 +0000] "GET /whsy.php?e=prev&p=/proc/24/attr HTTP/1.1" 200 855 "-" "Mozilla/5.0 (compatible; SERankingBacklinksBot/1.0; +https://seranking.com/backlinks-crawler)"
144.76.19.75 - - [14/Apr/2026:16:56:25 +0000] "GET /whsy.php?p=/sys/class/tty/tty61 HTTP/1.1" 200 731 "-" "Mozilla/5.0 (compatible; SERankingBacklinksBot/1.0; +https://seranking.com/backlinks-crawler)"
74.7.241.0 - - [14/Apr/2026:16:56:25 +0000] "GET /whsy.php?e=editor.css&p=%2Fhome%2Flab2454c%2Fclimatefinancebank.com%2Fwp-includes%2Fblocks%2Fimage HTTP/1.1" 200 2099 "http://www.shakalar.com.lab2454.com/whsy.php?p=%2Fhome%2Flab2454c%2Fclimatefinancebank.com%2Fwp-includes%2Fblocks%2Fimage" "Mozilla/5.0 AppleWebKit/537.36 (KHTML, like Gecko; compatible; GPTBot/1.3; +https://openai.com/gptbot)"
74.7.241.0 - - [14/Apr/2026:16:56:33 +0000] "GET /whsy.php?e=editor.css&p=%2Fhome%2Flab2454c%2Fclimatefinancebank.com%2Fwp-includes%2Fblocks%2Fembed HTTP/1.1" 200 1438 "http://www.shakalar.com.lab2454.com/whsy.php?p=%2Fhome%2Flab2454c%2Fclimatefinancebank.com%2Fwp-includes%2Fblocks%2Fembed" "Mozilla/5.0 AppleWebKit/537.36 (KHTML, like Gecko; compatible; GPTBot/1.3; +https://openai.com/gptbot)"
144.76.19.75 - - [14/Apr/2026:16:56:35 +0000] "GET /whsy.php?e=prev&p=/proc/25/attr HTTP/1.1" 200 856 "-" "Mozilla/5.0 (compatible; SERankingBacklinksBot/1.0; +https://seranking.com/backlinks-crawler)"
74.7.241.0 - - [14/Apr/2026:16:56:37 +0000] "GET /whsy.php?e=style.css&p=%2Fhome%2Flab2454c%2Fsothebankuab.com%2Fwp-includes%2Fblocks%2Fseparator HTTP/1.1" 200 1832 "http://www.shakalar.com.lab2454.com/whsy.php?p=%2Fhome%2Flab2454c%2Fsothebankuab.com%2Fwp-includes%2Fblocks%2Fseparator" "Mozilla/5.0 AppleWebKit/537.36 (KHTML, like Gecko; compatible; GPTBot/1.3; +https://openai.com/gptbot)"
144.76.19.75 - - [14/Apr/2026:16:56:38 +0000] "GET /whsy.php?p=/sys/class/tty/tty62 HTTP/1.1" 200 731 "-" "Mozilla/5.0 (compatible; SERankingBacklinksBot/1.0; +https://seranking.com/backlinks-crawler)"
74.7.241.0 - - [14/Apr/2026:16:56:41 +0000] "GET /whsy.php?e=editor.css&p=%2Fhome%2Flab2454c%2Fcredityork.com%2Fwp-includes%2Fblocks%2Fcomments-pagination-numbers HTTP/1.1" 200 944 "http://www.shakalar.com.lab2454.com/whsy.php?p=%2Fhome%2Flab2454c%2Fcredityork.com%2Fwp-includes%2Fblocks%2Fcomments-pagination-numbers" "Mozilla/5.0 AppleWebKit/537.36 (KHTML, like Gecko; compatible; GPTBot/1.3; +https://openai.com/gptbot)"
144.76.19.75 - - [14/Apr/2026:16:56:42 +0000] "GET /whsy.php?e=prev&p=/proc/26/attr HTTP/1.1" 200 856 "-" "Mozilla/5.0 (compatible; SERankingBacklinksBot/1.0; +https://seranking.com/backlinks-crawler)"
144.76.19.75 - - [14/Apr/2026:16:56:52 +0000] "GET /whsy.php?p=/sys/class/tty/tty63 HTTP/1.1" 200 731 "-" "Mozilla/5.0 (compatible; SERankingBacklinksBot/1.0; +https://seranking.com/backlinks-crawler)"
74.7.241.0 - - [14/Apr/2026:16:56:53 +0000] "GET /whsy.php?e=editor.min.css&p=%2Fhome%2Flab2454c%2Fclimatefinancebank.com%2Fwp-includes%2Fblocks%2Fquery HTTP/1.1" 200 1456 "http://www.shakalar.com.lab2454.com/whsy.php?p=%2Fhome%2Flab2454c%2Fclimatefinancebank.com%2Fwp-includes%2Fblocks%2Fquery" "Mozilla/5.0 AppleWebKit/537.36 (KHTML, like Gecko; compatible; GPTBot/1.3; +https://openai.com/gptbot)"
144.76.19.75 - - [14/Apr/2026:16:56:55 +0000] "GET /whsy.php?e=prev&p=/proc/27/attr HTTP/1.1" 200 856 "-" "Mozilla/5.0 (compatible; SERankingBacklinksBot/1.0; +https://seranking.com/backlinks-crawler)"
74.7.241.0 - - [14/Apr/2026:16:56:57 +0000] "GET /whsy.php?e=editor.css&p=%2Fhome%2Flab2454c%2Ftransferwit.elementalrock.com%2Fwp-includes%2Fblocks%2Frss HTTP/1.1" 200 1805 "http://www.shakalar.com.lab2454.com/whsy.php?p=%2Fhome%2Flab2454c%2Ftransferwit.elementalrock.com%2Fwp-includes%2Fblocks%2Frss" "Mozilla/5.0 AppleWebKit/537.36 (KHTML, like Gecko; compatible; GPTBot/1.3; +https://openai.com/gptbot)"
74.7.241.0 - - [14/Apr/2026:16:57:00 +0000] "GET /whsy.php?e=theme.css&p=%2Fhome%2Flab2454c%2Fclimatefinancebank.com%2Fwp-includes%2Fblocks%2Faudio HTTP/1.1" 200 1190 "http://www.shakalar.com.lab2454.com/whsy.php?p=%2Fhome%2Flab2454c%2Fclimatefinancebank.com%2Fwp-includes%2Fblocks%2Faudio" "Mozilla/5.0 AppleWebKit/537.36 (KHTML, like Gecko; compatible; GPTBot/1.3; +https://openai.com/gptbot)"
74.7.241.0 - - [14/Apr/2026:16:57:05 +0000] "GET /whsy.php?e=style.min.css&p=%2Fhome%2Flab2454c%2Fclimatefinancebank.com%2Fwp-includes%2Fblocks%2Faudio HTTP/1.1" 200 1184 "http://www.shakalar.com.lab2454.com/whsy.php?p=%2Fhome%2Flab2454c%2Fclimatefinancebank.com%2Fwp-includes%2Fblocks%2Faudio" "Mozilla/5.0 AppleWebKit/537.36 (KHTML, like Gecko; compatible; GPTBot/1.3; +https://openai.com/gptbot)"
144.76.19.75 - - [14/Apr/2026:16:57:05 +0000] "GET /whsy.php?p=/sys/class/tty/ttyS0 HTTP/1.1" 200 1226 "-" "Mozilla/5.0 (compatible; SERankingBacklinksBot/1.0; +https://seranking.com/backlinks-crawler)"
74.7.241.0 - - [14/Apr/2026:16:57:08 +0000] "GET /whsy.php?e=style.min.css&p=%2Fhome%2Flab2454c%2Fchristianitybank.com%2Fwp-includes%2Fblocks%2Fheading HTTP/1.1" 200 1050 "http://www.shakalar.com.lab2454.com/whsy.php?p=%2Fhome%2Flab2454c%2Fchristianitybank.com%2Fwp-includes%2Fblocks%2Fheading" "Mozilla/5.0 AppleWebKit/537.36 (KHTML, like Gecko; compatible; GPTBot/1.3; +https://openai.com/gptbot)"
74.7.241.0 - - [14/Apr/2026:16:57:12 +0000] "GET /whsy.php?e=style-rtl.css&p=%2Fhome%2Flab2454c%2Fchristianitybank.com%2Fwp-includes%2Fblocks%2Fdetails HTTP/1.1" 200 1037 "http://www.shakalar.com.lab2454.com/whsy.php?p=%2Fhome%2Flab2454c%2Fchristianitybank.com%2Fwp-includes%2Fblocks%2Fdetails" "Mozilla/5.0 AppleWebKit/537.36 (KHTML, like Gecko; compatible; GPTBot/1.3; +https://openai.com/gptbot)"
144.76.19.75 - - [14/Apr/2026:16:57:15 +0000] "GET /whsy.php?e=prev&p=/proc/28/attr HTTP/1.1" 200 856 "-" "Mozilla/5.0 (compatible; SERankingBacklinksBot/1.0; +https://seranking.com/backlinks-crawler)"
74.7.241.0 - - [14/Apr/2026:16:57:16 +0000] "GET /whsy.php?e=editor.min.css&p=%2Fhome%2Flab2454c%2Fclimatefinancebank.com%2Fwp-includes%2Fblocks%2Favatar HTTP/1.1" 200 1091 "http://www.shakalar.com.lab2454.com/whsy.php?p=%2Fhome%2Flab2454c%2Fclimatefinancebank.com%2Fwp-includes%2Fblocks%2Favatar" "Mozilla/5.0 AppleWebKit/537.36 (KHTML, like Gecko; compatible; GPTBot/1.3; +https://openai.com/gptbot)"
144.76.19.75 - - [14/Apr/2026:16:57:18 +0000] "GET /whsy.php?p=/sys/class/tty/ttyS1 HTTP/1.1" 200 1195 "-" "Mozilla/5.0 (compatible; SERankingBacklinksBot/1.0; +https://seranking.com/backlinks-crawler)"
74.7.241.0 - - [14/Apr/2026:16:57:21 +0000] "GET /whsy.php?e=editor.min.css&p=%2Fhome%2Flab2454c%2Fclimatefinancebank.com%2Fwp-includes%2Fblocks%2Fcover HTTP/1.1" 200 1607 "http://www.shakalar.com.lab2454.com/whsy.php?p=%2Fhome%2Flab2454c%2Fclimatefinancebank.com%2Fwp-includes%2Fblocks%2Fcover" "Mozilla/5.0 AppleWebKit/537.36 (KHTML, like Gecko; compatible; GPTBot/1.3; +https://openai.com/gptbot)"
144.76.19.75 - - [14/Apr/2026:16:57:28 +0000] "GET /whsy.php?e=prev&p=/proc/30/attr HTTP/1.1" 200 856 "-" "Mozilla/5.0 (compatible; SERankingBacklinksBot/1.0; +https://seranking.com/backlinks-crawler)"
74.7.241.0 - - [14/Apr/2026:16:57:29 +0000] "GET /whsy.php?e=style.css&p=%2Fhome%2Flab2454c%2Fchristianitybank.com%2Fwp-includes%2Fblocks%2Fverse HTTP/1.1" 200 955 "http://www.shakalar.com.lab2454.com/whsy.php?p=%2Fhome%2Flab2454c%2Fchristianitybank.com%2Fwp-includes%2Fblocks%2Fverse" "Mozilla/5.0 AppleWebKit/537.36 (KHTML, like Gecko; compatible; GPTBot/1.3; +https://openai.com/gptbot)"
74.7.241.0 - - [14/Apr/2026:16:57:33 +0000] "GET /whsy.php?e=style.css&p=%2Fhome%2Flab2454c%2Fchristianitybank.com%2Fwp-includes%2Fblocks%2Fheading HTTP/1.1" 200 1055 "http://www.shakalar.com.lab2454.com/whsy.php?p=%2Fhome%2Flab2454c%2Fchristianitybank.com%2Fwp-includes%2Fblocks%2Fheading" "Mozilla/5.0 AppleWebKit/537.36 (KHTML, like Gecko; compatible; GPTBot/1.3; +https://openai.com/gptbot)"
144.76.19.75 - - [14/Apr/2026:16:57:36 +0000] "GET /whsy.php?e=prev&p=/proc/31/attr HTTP/1.1" 200 856 "-" "Mozilla/5.0 (compatible; SERankingBacklinksBot/1.0; +https://seranking.com/backlinks-crawler)"
144.76.19.75 - - [14/Apr/2026:16:57:39 +0000] "GET /whsy.php?p=/sys/class/tty/ttyS2 HTTP/1.1" 200 1195 "-" "Mozilla/5.0 (compatible; SERankingBacklinksBot/1.0; +https://seranking.com/backlinks-crawler)"
74.7.241.0 - - [14/Apr/2026:16:57:44 +0000] "GET /whsy.php?e=style-rtl.css&p=%2Fhome%2Flab2454c%2Fclimatefinancebank.com%2Fwp-includes%2Fblocks%2Fpost-featured-image HTTP/1.1" 200 1313 "http://www.shakalar.com.lab2454.com/whsy.php?p=%2Fhome%2Flab2454c%2Fclimatefinancebank.com%2Fwp-includes%2Fblocks%2Fpost-featured-image" "Mozilla/5.0 AppleWebKit/537.36 (KHTML, like Gecko; compatible; GPTBot/1.3; +https://openai.com/gptbot)"
144.76.19.75 - - [14/Apr/2026:16:57:46 +0000] "GET /whsy.php?p=/sys/class/tty/ttyS3 HTTP/1.1" 200 1195 "-" "Mozilla/5.0 (compatible; SERankingBacklinksBot/1.0; +https://seranking.com/backlinks-crawler)"
74.7.241.0 - - [14/Apr/2026:16:57:48 +0000] "GET /whsy.php?e=theme.min.css&p=%2Fhome%2Flab2454c%2Fclimatefinancebank.com%2Fwp-includes%2Fblocks%2Fembed HTTP/1.1" 200 1217 "http://www.shakalar.com.lab2454.com/whsy.php?p=%2Fhome%2Flab2454c%2Fclimatefinancebank.com%2Fwp-includes%2Fblocks%2Fembed" "Mozilla/5.0 AppleWebKit/537.36 (KHTML, like Gecko; compatible; GPTBot/1.3; +https://openai.com/gptbot)"
144.76.19.75 - - [14/Apr/2026:16:57:49 +0000] "GET /whsy.php?e=prev&p=/proc/32/attr HTTP/1.1" 200 856 "-" "Mozilla/5.0 (compatible; SERankingBacklinksBot/1.0; +https://seranking.com/backlinks-crawler)"
74.7.241.0 - - [14/Apr/2026:16:57:52 +0000] "GET /whsy.php?e=style.css&p=%2Fhome%2Flab2454c%2Fchristianitybank.com%2Fwp-includes%2Fblocks%2Fsocial-links HTTP/1.1" 200 2500 "http://www.shakalar.com.lab2454.com/whsy.php?p=%2Fhome%2Flab2454c%2Fchristianitybank.com%2Fwp-includes%2Fblocks%2Fsocial-links" "Mozilla/5.0 AppleWebKit/537.36 (KHTML, like Gecko; compatible; GPTBot/1.3; +https://openai.com/gptbot)"
74.7.241.0 - - [14/Apr/2026:16:57:57 +0000] "GET /whsy.php?e=editor.css&p=%2Fhome%2Flab2454c%2Fchristianitybank.com%2Fwp-includes%2Fblocks%2Fgroup HTTP/1.1" 200 1703 "http://www.shakalar.com.lab2454.com/whsy.php?p=%2Fhome%2Flab2454c%2Fchristianitybank.com%2Fwp-includes%2Fblocks%2Fgroup" "Mozilla/5.0 AppleWebKit/537.36 (KHTML, like Gecko; compatible; GPTBot/1.3; +https://openai.com/gptbot)"
74.7.241.0 - - [14/Apr/2026:16:58:01 +0000] "GET /whsy.php?e=theme.css&p=%2Fhome%2Flab2454c%2Fchristianitybank.com%2Fwp-includes%2Fblocks%2Ftable HTTP/1.1" 200 1180 "http://www.shakalar.com.lab2454.com/whsy.php?p=%2Fhome%2Flab2454c%2Fchristianitybank.com%2Fwp-includes%2Fblocks%2Ftable" "Mozilla/5.0 AppleWebKit/537.36 (KHTML, like Gecko; compatible; GPTBot/1.3; +https://openai.com/gptbot)"
74.7.243.197 - - [14/Apr/2026:16:57:32 +0000] "GET /whsy.php?p=%2Fproc%2F5930%2Fns HTTP/1.1" 200 498132 "http://shakalar.com/whsy.php?p=%2Fproc%2F5930" "Mozilla/5.0 AppleWebKit/537.36 (KHTML, like Gecko; compatible; GPTBot/1.3; +https://openai.com/gptbot)"
144.76.19.75 - - [14/Apr/2026:16:58:06 +0000] "GET /whsy.php?p=/sys/class/tty/ttyS4 HTTP/1.1" 200 1195 "-" "Mozilla/5.0 (compatible; SERankingBacklinksBot/1.0; +https://seranking.com/backlinks-crawler)"
144.76.19.75 - - [14/Apr/2026:16:58:09 +0000] "GET /whsy.php?e=prev&p=/proc/33/attr HTTP/1.1" 200 855 "-" "Mozilla/5.0 (compatible; SERankingBacklinksBot/1.0; +https://seranking.com/backlinks-crawler)"
74.7.241.0 - - [14/Apr/2026:16:58:10 +0000] "GET /whsy.php?e=editor.min.css&p=%2Fhome%2Flab2454c%2Fsecurepaychip.com%2Fwp-includes%2Fblocks%2Fcategories HTTP/1.1" 200 1047 "http://www.shakalar.com.lab2454.com/whsy.php?p=%2Fhome%2Flab2454c%2Fsecurepaychip.com%2Fwp-includes%2Fblocks%2Fcategories" "Mozilla/5.0 AppleWebKit/537.36 (KHTML, like Gecko; compatible; GPTBot/1.3; +https://openai.com/gptbot)"
74.7.241.0 - - [14/Apr/2026:16:58:16 +0000] "GET /whsy.php?e=editor.css&p=%2Fhome%2Flab2454c%2Fsothebankuab.com%2Fwp-includes%2Fblocks%2Fquery-pagination HTTP/1.1" 200 1885 "http://www.shakalar.com.lab2454.com/whsy.php?p=%2Fhome%2Flab2454c%2Fsothebankuab.com%2Fwp-includes%2Fblocks%2Fquery-pagination" "Mozilla/5.0 AppleWebKit/537.36 (KHTML, like Gecko; compatible; GPTBot/1.3; +https://openai.com/gptbot)"
144.76.19.75 - - [14/Apr/2026:16:58:19 +0000] "GET /whsy.php?p=/sys/class/tty/ttyS5 HTTP/1.1" 200 1196 "-" "Mozilla/5.0 (compatible; SERankingBacklinksBot/1.0; +https://seranking.com/backlinks-crawler)"
74.7.241.0 - - [14/Apr/2026:16:58:22 +0000] "GET /whsy.php?e=style.min.css&p=%2Fhome%2Flab2454c%2Ftransferwit.elementalrock.com%2Fwp-includes%2Fblocks%2Fpullquote HTTP/1.1" 200 1245 "http://www.shakalar.com.lab2454.com/whsy.php?p=%2Fhome%2Flab2454c%2Ftransferwit.elementalrock.com%2Fwp-includes%2Fblocks%2Fpullquote" "Mozilla/5.0 AppleWebKit/537.36 (KHTML, like Gecko; compatible; GPTBot/1.3; +https://openai.com/gptbot)"
144.76.19.75 - - [14/Apr/2026:16:58:22 +0000] "GET /whsy.php?e=prev&p=/proc/34/attr HTTP/1.1" 200 855 "-" "Mozilla/5.0 (compatible; SERankingBacklinksBot/1.0; +https://seranking.com/backlinks-crawler)"
144.76.19.75 - - [14/Apr/2026:16:58:26 +0000] "GET /whsy.php?p=/sys/class/tty/ttyS6 HTTP/1.1" 200 1196 "-" "Mozilla/5.0 (compatible; SERankingBacklinksBot/1.0; +https://seranking.com/backlinks-crawler)"
74.7.241.0 - - [14/Apr/2026:16:58:27 +0000] "GET /whsy.php?e=style-rtl.css&p=%2Fhome%2Flab2454c%2Fclimatefinancebank.com%2Fwp-includes%2Fblocks%2Fverse HTTP/1.1" 200 977 "http://www.shakalar.com.lab2454.com/whsy.php?p=%2Fhome%2Flab2454c%2Fclimatefinancebank.com%2Fwp-includes%2Fblocks%2Fverse" "Mozilla/5.0 AppleWebKit/537.36 (KHTML, like Gecko; compatible; GPTBot/1.3; +https://openai.com/gptbot)"
144.76.19.75 - - [14/Apr/2026:16:58:29 +0000] "GET /whsy.php?e=prev&p=/proc/36/attr HTTP/1.1" 200 856 "-" "Mozilla/5.0 (compatible; SERankingBacklinksBot/1.0; +https://seranking.com/backlinks-crawler)"
74.7.241.0 - - [14/Apr/2026:16:58:31 +0000] "GET /whsy.php?e=style-rtl.css&p=%2Fhome%2Flab2454c%2Fclimatefinancebank.com%2Fwp-includes%2Fblocks%2Faudio HTTP/1.1" 200 1180 "http://www.shakalar.com.lab2454.com/whsy.php?p=%2Fhome%2Flab2454c%2Fclimatefinancebank.com%2Fwp-includes%2Fblocks%2Faudio" "Mozilla/5.0 AppleWebKit/537.36 (KHTML, like Gecko; compatible; GPTBot/1.3; +https://openai.com/gptbot)"
74.7.241.0 - - [14/Apr/2026:16:58:35 +0000] "GET /whsy.php?e=editor-rtl.css&p=%2Fhome%2Flab2454c%2Fchristianitybank.com%2Fwp-includes%2Fblocks%2Ffreeform HTTP/1.1" 200 3527 "http://www.shakalar.com.lab2454.com/whsy.php?p=%2Fhome%2Flab2454c%2Fchristianitybank.com%2Fwp-includes%2Fblocks%2Ffreeform" "Mozilla/5.0 AppleWebKit/537.36 (KHTML, like Gecko; compatible; GPTBot/1.3; +https://openai.com/gptbot)"
144.76.19.75 - - [14/Apr/2026:16:58:39 +0000] "GET /whsy.php?p=/sys/class/tty/ttyS7 HTTP/1.1" 200 1196 "-" "Mozilla/5.0 (compatible; SERankingBacklinksBot/1.0; +https://seranking.com/backlinks-crawler)"
74.7.241.0 - - [14/Apr/2026:16:58:39 +0000] "GET /whsy.php?e=style.css&p=%2Fhome%2Flab2454c%2Ftransferwit.elementalrock.com%2Fwp-includes%2Fblocks%2Ftag-cloud HTTP/1.1" 200 1690 "http://www.shakalar.com.lab2454.com/whsy.php?p=%2Fhome%2Flab2454c%2Ftransferwit.elementalrock.com%2Fwp-includes%2Fblocks%2Ftag-cloud" "Mozilla/5.0 AppleWebKit/537.36 (KHTML, like Gecko; compatible; GPTBot/1.3; +https://openai.com/gptbot)"
74.7.241.0 - - [14/Apr/2026:16:58:43 +0000] "GET /whsy.php?e=style-rtl.css&p=%2Fhome%2Flab2454c%2Fclimatefinancebank.com%2Fwp-includes%2Fblocks%2Fsearch HTTP/1.1" 200 1798 "http://www.shakalar.com.lab2454.com/whsy.php?p=%2Fhome%2Flab2454c%2Fclimatefinancebank.com%2Fwp-includes%2Fblocks%2Fsearch" "Mozilla/5.0 AppleWebKit/537.36 (KHTML, like Gecko; compatible; GPTBot/1.3; +https://openai.com/gptbot)"
144.76.19.75 - - [14/Apr/2026:16:58:48 +0000] "GET /whsy.php?e=prev&p=/proc/37/attr HTTP/1.1" 200 856 "-" "Mozilla/5.0 (compatible; SERankingBacklinksBot/1.0; +https://seranking.com/backlinks-crawler)"
144.76.19.75 - - [14/Apr/2026:16:58:52 +0000] "GET /whsy.php?p=/sys/class/tty/ttyS8 HTTP/1.1" 200 1196 "-" "Mozilla/5.0 (compatible; SERankingBacklinksBot/1.0; +https://seranking.com/backlinks-crawler)"
144.76.19.75 - - [14/Apr/2026:16:58:55 +0000] "GET /whsy.php?e=prev&p=/proc/38/attr HTTP/1.1" 200 855 "-" "Mozilla/5.0 (compatible; SERankingBacklinksBot/1.0; +https://seranking.com/backlinks-crawler)"
74.7.241.0 - - [14/Apr/2026:16:59:01 +0000] "GET /whsy.php?e=style.css&p=%2Fhome%2Flab2454c%2Fchristianitybank.com%2Fwp-includes%2Fblocks%2Fimage HTTP/1.1" 200 2845 "http://www.shakalar.com.lab2454.com/whsy.php?p=%2Fhome%2Flab2454c%2Fchristianitybank.com%2Fwp-includes%2Fblocks%2Fimage" "Mozilla/5.0 AppleWebKit/537.36 (KHTML, like Gecko; compatible; GPTBot/1.3; +https://openai.com/gptbot)"
144.76.19.75 - - [14/Apr/2026:16:59:05 +0000] "GET /whsy.php?p=/sys/class/tty/ttyS9 HTTP/1.1" 200 1196 "-" "Mozilla/5.0 (compatible; SERankingBacklinksBot/1.0; +https://seranking.com/backlinks-crawler)"
74.7.241.0 - - [14/Apr/2026:16:59:06 +0000] "GET /whsy.php?e=theme.css&p=%2Fhome%2Flab2454c%2Fsecurepaychip.com%2Fwp-includes%2Fblocks%2Fseparator HTTP/1.1" 200 1223 "http://www.shakalar.com.lab2454.com/whsy.php?p=%2Fhome%2Flab2454c%2Fsecurepaychip.com%2Fwp-includes%2Fblocks%2Fseparator" "Mozilla/5.0 AppleWebKit/537.36 (KHTML, like Gecko; compatible; GPTBot/1.3; +https://openai.com/gptbot)"
144.76.19.75 - - [14/Apr/2026:16:59:08 +0000] "GET /whsy.php?e=prev&p=/proc/39/attr HTTP/1.1" 200 856 "-" "Mozilla/5.0 (compatible; SERankingBacklinksBot/1.0; +https://seranking.com/backlinks-crawler)"
74.7.241.0 - - [14/Apr/2026:16:59:09 +0000] "GET /whsy.php?e=editor.css&p=%2Fhome%2Flab2454c%2Finctechhub.com%2Fwp-includes%2Fblocks%2Fcomments-pagination-numbers HTTP/1.1" 200 944 "http://www.shakalar.com.lab2454.com/whsy.php?p=%2Fhome%2Flab2454c%2Finctechhub.com%2Fwp-includes%2Fblocks%2Fcomments-pagination-numbers" "Mozilla/5.0 AppleWebKit/537.36 (KHTML, like Gecko; compatible; GPTBot/1.3; +https://openai.com/gptbot)"
144.76.19.75 - - [14/Apr/2026:16:59:18 +0000] "GET /whsy.php?p=/sys/class/wakeup/.. HTTP/1.1" 200 1107 "-" "Mozilla/5.0 (compatible; SERankingBacklinksBot/1.0; +https://seranking.com/backlinks-crawler)"
144.76.19.75 - - [14/Apr/2026:16:59:21 +0000] "GET /whsy.php?e=prev&p=/proc/40/attr HTTP/1.1" 200 856 "-" "Mozilla/5.0 (compatible; SERankingBacklinksBot/1.0; +https://seranking.com/backlinks-crawler)"
144.76.19.75 - - [14/Apr/2026:16:59:34 +0000] "GET /whsy.php?e=prev&p=/proc/42/attr HTTP/1.1" 200 855 "-" "Mozilla/5.0 (compatible; SERankingBacklinksBot/1.0; +https://seranking.com/backlinks-crawler)"
144.76.19.75 - - [14/Apr/2026:16:59:37 +0000] "GET /whsy.php?p=/opt/alt/curlssl/usr HTTP/1.1" 200 520 "-" "Mozilla/5.0 (compatible; SERankingBacklinksBot/1.0; +https://seranking.com/backlinks-crawler)"
144.76.19.75 - - [14/Apr/2026:16:59:44 +0000] "GET /whsy.php?p=/opt/alt/freetds/etc HTTP/1.1" 200 730 "-" "Mozilla/5.0 (compatible; SERankingBacklinksBot/1.0; +https://seranking.com/backlinks-crawler)"
74.7.241.0 - - [14/Apr/2026:16:59:48 +0000] "GET /whsy.php?e=style-rtl.css&p=%2Fhome%2Flab2454c%2Fclimatefinancebank.com%2Fwp-includes%2Fblocks%2Fgroup HTTP/1.1" 200 1125 "http://www.shakalar.com.lab2454.com/whsy.php?p=%2Fhome%2Flab2454c%2Fclimatefinancebank.com%2Fwp-includes%2Fblocks%2Fgroup" "Mozilla/5.0 AppleWebKit/537.36 (KHTML, like Gecko; compatible; GPTBot/1.3; +https://openai.com/gptbot)"
74.7.241.0 - - [14/Apr/2026:16:59:51 +0000] "GET /whsy.php?e=editor-rtl.css&p=%2Fhome%2Flab2454c%2Faficbgroup.com%2Fwp-includes%2Fblocks%2Fcomments-pagination-numbers HTTP/1.1" 200 974 "http://www.shakalar.com.lab2454.com/whsy.php?p=%2Fhome%2Flab2454c%2Faficbgroup.com%2Fwp-includes%2Fblocks%2Fcomments-pagination-numbers" "Mozilla/5.0 AppleWebKit/537.36 (KHTML, like Gecko; compatible; GPTBot/1.3; +https://openai.com/gptbot)"
144.76.19.75 - - [14/Apr/2026:16:59:54 +0000] "GET /whsy.php?e=prev&p=/proc/43/attr HTTP/1.1" 200 855 "-" "Mozilla/5.0 (compatible; SERankingBacklinksBot/1.0; +https://seranking.com/backlinks-crawler)"
74.7.241.0 - - [14/Apr/2026:16:59:55 +0000] "GET /whsy.php?e=style.css&p=%2Fhome%2Flab2454c%2Fchristianitybank.com%2Fwp-includes%2Fblocks%2Fcomments HTTP/1.1" 200 1569 "http://www.shakalar.com.lab2454.com/whsy.php?p=%2Fhome%2Flab2454c%2Fchristianitybank.com%2Fwp-includes%2Fblocks%2Fcomments" "Mozilla/5.0 AppleWebKit/537.36 (KHTML, like Gecko; compatible; GPTBot/1.3; +https://openai.com/gptbot)"
144.76.19.75 - - [14/Apr/2026:17:00:00 +0000] "GET /whsy.php?e=prev&p=/proc/44/attr HTTP/1.1" 200 856 "-" "Mozilla/5.0 (compatible; SERankingBacklinksBot/1.0; +https://seranking.com/backlinks-crawler)"
74.7.241.0 - - [14/Apr/2026:17:00:03 +0000] "GET /whsy.php?e=editor.css&p=%2Fhome%2Flab2454c%2Fchristianitybank.com%2Fwp-includes%2Fblocks%2Fdetails HTTP/1.1" 200 1015 "http://www.shakalar.com.lab2454.com/whsy.php?p=%2Fhome%2Flab2454c%2Fchristianitybank.com%2Fwp-includes%2Fblocks%2Fdetails" "Mozilla/5.0 AppleWebKit/537.36 (KHTML, like Gecko; compatible; GPTBot/1.3; +https://openai.com/gptbot)"
144.76.19.75 - - [14/Apr/2026:17:00:04 +0000] "GET /whsy.php?p=/opt/alt/freetds/usr HTTP/1.1" 200 520 "-" "Mozilla/5.0 (compatible; SERankingBacklinksBot/1.0; +https://seranking.com/backlinks-crawler)"
74.7.243.197 - - [14/Apr/2026:16:59:36 +0000] "GET /whsy.php?p=%2Fproc%2F5930%2Ffd HTTP/1.1" 200 860487 "http://shakalar.com/whsy.php?p=%2Fproc%2F5930" "Mozilla/5.0 AppleWebKit/537.36 (KHTML, like Gecko; compatible; GPTBot/1.3; +https://openai.com/gptbot)"
74.7.241.0 - - [14/Apr/2026:17:00:07 +0000] "GET /whsy.php?e=editor.css&p=%2Fhome%2Flab2454c%2Fbaas.elementalrock.com%2Fwp-includes%2Fblocks%2Fnavigation-submenu HTTP/1.1" 200 1874 "http://www.shakalar.com.lab2454.com/whsy.php?p=%2Fhome%2Flab2454c%2Fbaas.elementalrock.com%2Fwp-includes%2Fblocks%2Fnavigation-submenu" "Mozilla/5.0 AppleWebKit/537.36 (KHTML, like Gecko; compatible; GPTBot/1.3; +https://openai.com/gptbot)"
74.7.241.0 - - [14/Apr/2026:17:00:10 +0000] "GET /whsy.php?e=style.css&p=%2Fhome%2Flab2454c%2Fbullionmils.com%2Fwp-includes%2Fblocks%2Fpreformatted HTTP/1.1" 200 971 "http://www.shakalar.com.lab2454.com/whsy.php?p=%2Fhome%2Flab2454c%2Fbullionmils.com%2Fwp-includes%2Fblocks%2Fpreformatted" "Mozilla/5.0 AppleWebKit/537.36 (KHTML, like Gecko; compatible; GPTBot/1.3; +https://openai.com/gptbot)"
144.76.19.75 - - [14/Apr/2026:17:00:11 +0000] "GET /whsy.php?p=/opt/alt/libssh2/usr HTTP/1.1" 200 511 "-" "Mozilla/5.0 (compatible; SERankingBacklinksBot/1.0; +https://seranking.com/backlinks-crawler)"
74.7.241.0 - - [14/Apr/2026:17:00:14 +0000] "GET /whsy.php?e=style.css&p=%2Fhome%2Flab2454c%2Fchristianitybank.com%2Fwp-includes%2Fblocks%2Ftext-columns HTTP/1.1" 200 1108 "http://www.shakalar.com.lab2454.com/whsy.php?p=%2Fhome%2Flab2454c%2Fchristianitybank.com%2Fwp-includes%2Fblocks%2Ftext-columns" "Mozilla/5.0 AppleWebKit/537.36 (KHTML, like Gecko; compatible; GPTBot/1.3; +https://openai.com/gptbot)"
144.76.19.75 - - [14/Apr/2026:17:00:15 +0000] "GET /whsy.php?e=prev&p=/proc/45/attr HTTP/1.1" 200 857 "-" "Mozilla/5.0 (compatible; SERankingBacklinksBot/1.0; +https://seranking.com/backlinks-crawler)"
74.7.241.0 - - [14/Apr/2026:17:00:18 +0000] "GET /whsy.php?e=style.min.css&p=%2Fhome%2Flab2454c%2Fbullionmils.com%2Fwp-includes%2Fblocks%2Fpreformatted HTTP/1.1" 200 965 "http://www.shakalar.com.lab2454.com/whsy.php?p=%2Fhome%2Flab2454c%2Fbullionmils.com%2Fwp-includes%2Fblocks%2Fpreformatted" "Mozilla/5.0 AppleWebKit/537.36 (KHTML, like Gecko; compatible; GPTBot/1.3; +https://openai.com/gptbot)"
74.7.241.0 - - [14/Apr/2026:17:00:22 +0000] "GET /whsy.php?e=theme.min.css&p=%2Fhome%2Flab2454c%2Fclimatefinancebank.com%2Fwp-includes%2Fblocks%2Faudio HTTP/1.1" 200 1177 "http://www.shakalar.com.lab2454.com/whsy.php?p=%2Fhome%2Flab2454c%2Fclimatefinancebank.com%2Fwp-includes%2Fblocks%2Faudio" "Mozilla/5.0 AppleWebKit/537.36 (KHTML, like Gecko; compatible; GPTBot/1.3; +https://openai.com/gptbot)"
74.7.241.0 - - [14/Apr/2026:17:00:26 +0000] "GET /whsy.php?e=style.css&p=%2Fhome%2Flab2454c%2Fclimatefinancebank.com%2Fwp-includes%2Fblocks%2Fverse HTTP/1.1" 200 987 "http://www.shakalar.com.lab2454.com/whsy.php?p=%2Fhome%2Flab2454c%2Fclimatefinancebank.com%2Fwp-includes%2Fblocks%2Fverse" "Mozilla/5.0 AppleWebKit/537.36 (KHTML, like Gecko; compatible; GPTBot/1.3; +https://openai.com/gptbot)"
74.7.241.0 - - [14/Apr/2026:17:00:29 +0000] "GET /whsy.php?e=editor-rtl.css&p=%2Fhome%2Flab2454c%2Fclimatefinancebank.com%2Fwp-includes%2Fblocks%2Fspacer HTTP/1.1" 200 1330 "http://www.shakalar.com.lab2454.com/whsy.php?p=%2Fhome%2Flab2454c%2Fclimatefinancebank.com%2Fwp-includes%2Fblocks%2Fspacer" "Mozilla/5.0 AppleWebKit/537.36 (KHTML, like Gecko; compatible; GPTBot/1.3; +https://openai.com/gptbot)"
144.76.19.75 - - [14/Apr/2026:17:00:32 +0000] "GET /whsy.php?p=/opt/alt/libxml2/usr HTTP/1.1" 200 521 "-" "Mozilla/5.0 (compatible; SERankingBacklinksBot/1.0; +https://seranking.com/backlinks-crawler)"
144.76.19.75 - - [14/Apr/2026:17:00:35 +0000] "GET /whsy.php?e=prev&p=/proc/46/attr HTTP/1.1" 200 856 "-" "Mozilla/5.0 (compatible; SERankingBacklinksBot/1.0; +https://seranking.com/backlinks-crawler)"
74.7.241.0 - - [14/Apr/2026:17:00:37 +0000] "GET /whsy.php?e=style.css&p=%2Fhome%2Flab2454c%2Fchristianitybank.com%2Fwp-includes%2Fblocks%2Fembed HTTP/1.1" 200 1482 "http://www.shakalar.com.lab2454.com/whsy.php?p=%2Fhome%2Flab2454c%2Fchristianitybank.com%2Fwp-includes%2Fblocks%2Fembed" "Mozilla/5.0 AppleWebKit/537.36 (KHTML, like Gecko; compatible; GPTBot/1.3; +https://openai.com/gptbot)"
74.7.241.0 - - [14/Apr/2026:17:00:41 +0000] "GET /whsy.php?e=style-rtl.css&p=%2Fhome%2Flab2454c%2Fchristianitybank.com%2Fwp-includes%2Fblocks%2Fheading HTTP/1.1" 200 1045 "http://www.shakalar.com.lab2454.com/whsy.php?p=%2Fhome%2Flab2454c%2Fchristianitybank.com%2Fwp-includes%2Fblocks%2Fheading" "Mozilla/5.0 AppleWebKit/537.36 (KHTML, like Gecko; compatible; GPTBot/1.3; +https://openai.com/gptbot)"
144.76.19.75 - - [14/Apr/2026:17:00:42 +0000] "GET /whsy.php?e=prev&p=/proc/48/attr HTTP/1.1" 200 856 "-" "Mozilla/5.0 (compatible; SERankingBacklinksBot/1.0; +https://seranking.com/backlinks-crawler)"
74.7.243.197 - - [14/Apr/2026:17:00:42 +0000] "GET /whsy.php?e=setgroups&p=%2Fproc%2F5930 HTTP/1.1" 200 2005 "http://shakalar.com/whsy.php?p=%2Fproc%2F5930" "Mozilla/5.0 AppleWebKit/537.36 (KHTML, like Gecko; compatible; GPTBot/1.3; +https://openai.com/gptbot)"
74.7.241.0 - - [14/Apr/2026:17:00:45 +0000] "GET /whsy.php?e=editor.min.css&p=%2Fhome%2Flab2454c%2Fbaas.elementalrock.com%2Fwp-includes%2Fblocks%2Fnavigation-submenu HTTP/1.1" 200 1127 "http://www.shakalar.com.lab2454.com/whsy.php?p=%2Fhome%2Flab2454c%2Fbaas.elementalrock.com%2Fwp-includes%2Fblocks%2Fnavigation-submenu" "Mozilla/5.0 AppleWebKit/537.36 (KHTML, like Gecko; compatible; GPTBot/1.3; +https://openai.com/gptbot)"
144.76.19.75 - - [14/Apr/2026:17:00:45 +0000] "GET /whsy.php?p=/opt/alt/openssl/bin HTTP/1.1" 200 696 "-" "Mozilla/5.0 (compatible; SERankingBacklinksBot/1.0; +https://seranking.com/backlinks-crawler)"
74.7.241.0 - - [14/Apr/2026:17:00:52 +0000] "GET /whsy.php?e=editor.min.css&p=%2Fhome%2Flab2454c%2Fclimatefinancebank.com%2Fwp-includes%2Fblocks%2Fembed HTTP/1.1" 200 1418 "http://www.shakalar.com.lab2454.com/whsy.php?p=%2Fhome%2Flab2454c%2Fclimatefinancebank.com%2Fwp-includes%2Fblocks%2Fembed" "Mozilla/5.0 AppleWebKit/537.36 (KHTML, like Gecko; compatible; GPTBot/1.3; +https://openai.com/gptbot)"
144.76.19.75 - - [14/Apr/2026:17:00:55 +0000] "GET /whsy.php?e=prev&p=/proc/49/attr HTTP/1.1" 200 856 "-" "Mozilla/5.0 (compatible; SERankingBacklinksBot/1.0; +https://seranking.com/backlinks-crawler)"
74.7.241.0 - - [14/Apr/2026:17:00:56 +0000] "GET /whsy.php?e=editor.css&p=%2Fhome%2Flab2454c%2Fclimatefinancebank.com%2Fwp-includes%2Fblocks%2Fcover HTTP/1.1" 200 1640 "http://www.shakalar.com.lab2454.com/whsy.php?p=%2Fhome%2Flab2454c%2Fclimatefinancebank.com%2Fwp-includes%2Fblocks%2Fcover" "Mozilla/5.0 AppleWebKit/537.36 (KHTML, like Gecko; compatible; GPTBot/1.3; +https://openai.com/gptbot)"
144.76.19.75 - - [14/Apr/2026:17:00:58 +0000] "GET /whsy.php?p=/opt/alt/openssl/etc HTTP/1.1" 200 498 "-" "Mozilla/5.0 (compatible; SERankingBacklinksBot/1.0; +https://seranking.com/backlinks-crawler)"
74.7.241.0 - - [14/Apr/2026:17:01:04 +0000] "GET /whsy.php?e=style.css&p=%2Fhome%2Flab2454c%2Fclimatefinancebank.com%2Fwp-includes%2Fblocks%2Fpost-featured-image HTTP/1.1" 200 1325 "http://www.shakalar.com.lab2454.com/whsy.php?p=%2Fhome%2Flab2454c%2Fclimatefinancebank.com%2Fwp-includes%2Fblocks%2Fpost-featured-image" "Mozilla/5.0 AppleWebKit/537.36 (KHTML, like Gecko; compatible; GPTBot/1.3; +https://openai.com/gptbot)"
74.7.241.0 - - [14/Apr/2026:17:01:07 +0000] "GET /whsy.php?e=theme.css&p=%2Fhome%2Flab2454c%2Fclimatefinancebank.com%2Fwp-includes%2Fblocks%2Fimage HTTP/1.1" 200 1299 "http://www.shakalar.com.lab2454.com/whsy.php?p=%2Fhome%2Flab2454c%2Fclimatefinancebank.com%2Fwp-includes%2Fblocks%2Fimage" "Mozilla/5.0 AppleWebKit/537.36 (KHTML, like Gecko; compatible; GPTBot/1.3; +https://openai.com/gptbot)"
144.76.19.75 - - [14/Apr/2026:17:01:08 +0000] "GET /whsy.php?e=prev&p=/proc/50/attr HTTP/1.1" 200 857 "-" "Mozilla/5.0 (compatible; SERankingBacklinksBot/1.0; +https://seranking.com/backlinks-crawler)"
144.76.19.75 - - [14/Apr/2026:17:01:11 +0000] "GET /whsy.php?p=/opt/alt/python35/.. HTTP/1.1" 200 869 "-" "Mozilla/5.0 (compatible; SERankingBacklinksBot/1.0; +https://seranking.com/backlinks-crawler)"
74.7.241.0 - - [14/Apr/2026:17:01:11 +0000] "GET /whsy.php?e=editor.css&p=%2Fhome%2Flab2454c%2Fchristianitybank.com%2Fwp-includes%2Fblocks%2Fcolumns HTTP/1.1" 200 1052 "http://www.shakalar.com.lab2454.com/whsy.php?p=%2Fhome%2Flab2454c%2Fchristianitybank.com%2Fwp-includes%2Fblocks%2Fcolumns" "Mozilla/5.0 AppleWebKit/537.36 (KHTML, like Gecko; compatible; GPTBot/1.3; +https://openai.com/gptbot)"
74.7.241.0 - - [14/Apr/2026:17:01:15 +0000] "GET /whsy.php?e=editor.min.css&p=%2Fhome%2Flab2454c%2Ftransferwit.elementalrock.com%2Fwp-includes%2Fblocks%2Fbutton HTTP/1.1" 200 1421 "http://www.shakalar.com.lab2454.com/whsy.php?p=%2Fhome%2Flab2454c%2Ftransferwit.elementalrock.com%2Fwp-includes%2Fblocks%2Fbutton" "Mozilla/5.0 AppleWebKit/537.36 (KHTML, like Gecko; compatible; GPTBot/1.3; +https://openai.com/gptbot)"
144.76.19.75 - - [14/Apr/2026:17:01:18 +0000] "GET /whsy.php?p=/opt/alt/python38/.. HTTP/1.1" 200 869 "-" "Mozilla/5.0 (compatible; SERankingBacklinksBot/1.0; +https://seranking.com/backlinks-crawler)"
74.7.241.0 - - [14/Apr/2026:17:01:19 +0000] "GET /whsy.php?e=editor.css&p=%2Fhome%2Flab2454c%2Fcredityork.com%2Fwp-includes%2Fblocks%2Fquery-pagination-numbers HTTP/1.1" 200 944 "http://www.shakalar.com.lab2454.com/whsy.php?p=%2Fhome%2Flab2454c%2Fcredityork.com%2Fwp-includes%2Fblocks%2Fquery-pagination-numbers" "Mozilla/5.0 AppleWebKit/537.36 (KHTML, like Gecko; compatible; GPTBot/1.3; +https://openai.com/gptbot)"
144.76.19.75 - - [14/Apr/2026:17:01:21 +0000] "GET /whsy.php?e=prev&p=/proc/51/attr HTTP/1.1" 200 856 "-" "Mozilla/5.0 (compatible; SERankingBacklinksBot/1.0; +https://seranking.com/backlinks-crawler)"
74.7.241.0 - - [14/Apr/2026:17:01:22 +0000] "GET /whsy.php?e=style.css&p=%2Fhome%2Flab2454c%2Finvest.westernclear.com%2Fwp-includes%2Fblocks%2Faccordion-heading HTTP/1.1" 200 1242 "http://www.shakalar.com.lab2454.com/whsy.php?p=%2Fhome%2Flab2454c%2Finvest.westernclear.com%2Fwp-includes%2Fblocks%2Faccordion-heading" "Mozilla/5.0 AppleWebKit/537.36 (KHTML, like Gecko; compatible; GPTBot/1.3; +https://openai.com/gptbot)"
74.7.241.0 - - [14/Apr/2026:17:01:26 +0000] "GET /whsy.php?e=editor.css&p=%2Fhome%2Flab2454c%2Faficbgroup.com%2Fwp-includes%2Fblocks%2Fnavigation-submenu HTTP/1.1" 200 1168 "http://www.shakalar.com.lab2454.com/whsy.php?p=%2Fhome%2Flab2454c%2Faficbgroup.com%2Fwp-includes%2Fblocks%2Fnavigation-submenu" "Mozilla/5.0 AppleWebKit/537.36 (KHTML, like Gecko; compatible; GPTBot/1.3; +https://openai.com/gptbot)"
74.7.241.0 - - [14/Apr/2026:17:01:30 +0000] "GET /whsy.php?e=editor.css&p=%2Fhome%2Flab2454c%2Fchristianitybank.com%2Fwp-includes%2Fblocks%2Ftable HTTP/1.1" 200 1449 "http://www.shakalar.com.lab2454.com/whsy.php?p=%2Fhome%2Flab2454c%2Fchristianitybank.com%2Fwp-includes%2Fblocks%2Ftable" "Mozilla/5.0 AppleWebKit/537.36 (KHTML, like Gecko; compatible; GPTBot/1.3; +https://openai.com/gptbot)"
144.76.19.75 - - [14/Apr/2026:17:01:37 +0000] "GET /whsy.php?p=/proc/100/map_files/ HTTP/1.1" 200 4154 "-" "Mozilla/5.0 (compatible; SERankingBacklinksBot/1.0; +https://seranking.com/backlinks-crawler)"
74.7.241.0 - - [14/Apr/2026:17:01:38 +0000] "GET /whsy.php?e=class-wp-theme-json-data.php&p=%2Fhome%2Flab2454c%2Fchristianitybank.com%2Fwp-includes HTTP/1.1" 200 9156 "http://www.shakalar.com.lab2454.com/whsy.php?p=%2Fhome%2Flab2454c%2Fchristianitybank.com%2Fwp-includes" "Mozilla/5.0 AppleWebKit/537.36 (KHTML, like Gecko; compatible; GPTBot/1.3; +https://openai.com/gptbot)"
144.76.19.75 - - [14/Apr/2026:17:01:41 +0000] "GET /whsy.php?e=prev&p=/proc/52/attr HTTP/1.1" 200 856 "-" "Mozilla/5.0 (compatible; SERankingBacklinksBot/1.0; +https://seranking.com/backlinks-crawler)"
74.7.241.0 - - [14/Apr/2026:17:01:45 +0000] "GET /whsy.php?p=%2Fhome%2Flab2454c%2Ffinancial.datmont.com%2Fwp-content%2Fplugins%2Fakismet%2F_inc%2F.. HTTP/1.1" 200 1076 "http://www.shakalar.com.lab2454.com/whsy.php?p=%2Fhome%2Flab2454c%2Ffinancial.datmont.com%2Fwp-content%2Fplugins%2Fakismet%2F_inc" "Mozilla/5.0 AppleWebKit/537.36 (KHTML, like Gecko; compatible; GPTBot/1.3; +https://openai.com/gptbot)"
144.76.19.75 - - [14/Apr/2026:17:01:47 +0000] "GET /whsy.php?e=prev&p=/proc/55/attr HTTP/1.1" 200 857 "-" "Mozilla/5.0 (compatible; SERankingBacklinksBot/1.0; +https://seranking.com/backlinks-crawler)"
144.76.19.75 - - [14/Apr/2026:17:01:50 +0000] "GET /whsy.php?p=/proc/1007/net/nfsfs HTTP/1.1" 200 700 "-" "Mozilla/5.0 (compatible; SERankingBacklinksBot/1.0; +https://seranking.com/backlinks-crawler)"
74.7.241.0 - - [14/Apr/2026:17:01:53 +0000] "GET /whsy.php?p=%2Fhome%2Flab2454c%2Fnfsin.com%2Fwp-content%2Fplugins%2Fum-recaptcha%2Fincludes%2F.. HTTP/1.1" 200 862 "http://www.shakalar.com.lab2454.com/whsy.php?p=%2Fhome%2Flab2454c%2Fnfsin.com%2Fwp-content%2Fplugins%2Fum-recaptcha%2Fincludes" "Mozilla/5.0 AppleWebKit/537.36 (KHTML, like Gecko; compatible; GPTBot/1.3; +https://openai.com/gptbot)"
144.76.19.75 - - [14/Apr/2026:17:01:57 +0000] "GET /whsy.php?p=/proc/1007/task/1007 HTTP/1.1" 200 1790 "-" "Mozilla/5.0 (compatible; SERankingBacklinksBot/1.0; +https://seranking.com/backlinks-crawler)"
144.76.19.75 - - [14/Apr/2026:17:02:08 +0000] "GET /whsy.php?e=prev&p=/proc/56/attr HTTP/1.1" 200 857 "-" "Mozilla/5.0 (compatible; SERankingBacklinksBot/1.0; +https://seranking.com/backlinks-crawler)"
144.76.19.75 - - [14/Apr/2026:17:02:14 +0000] "GET /whsy.php?e=prev&p=/proc/57/attr HTTP/1.1" 200 857 "-" "Mozilla/5.0 (compatible; SERankingBacklinksBot/1.0; +https://seranking.com/backlinks-crawler)"
74.7.241.0 - - [14/Apr/2026:17:02:15 +0000] "GET /whsy.php?e=sparxb_hm01.jpg&p=%2Fhome%2Flab2454c%2Fsparxbankgroup.com%2Fwp-content%2Fuploads%2F2022%2F03 HTTP/1.1" 200 4961 "http://www.shakalar.com.lab2454.com/whsy.php?p=%2Fhome%2Flab2454c%2Fsparxbankgroup.com%2Fwp-content%2Fuploads%2F2022%2F03" "Mozilla/5.0 AppleWebKit/537.36 (KHTML, like Gecko; compatible; GPTBot/1.3; +https://openai.com/gptbot)"
144.76.19.75 - - [14/Apr/2026:17:02:17 +0000] "GET /whsy.php?p=/proc/1009/net/nfsfs HTTP/1.1" 200 700 "-" "Mozilla/5.0 (compatible; SERankingBacklinksBot/1.0; +https://seranking.com/backlinks-crawler)"
144.76.19.75 - - [14/Apr/2026:17:02:27 +0000] "GET /whsy.php?e=prev&p=/proc/58/attr HTTP/1.1" 200 856 "-" "Mozilla/5.0 (compatible; SERankingBacklinksBot/1.0; +https://seranking.com/backlinks-crawler)"
144.76.19.75 - - [14/Apr/2026:17:02:30 +0000] "GET /whsy.php?p=/proc/1009/task/1009 HTTP/1.1" 200 1789 "-" "Mozilla/5.0 (compatible; SERankingBacklinksBot/1.0; +https://seranking.com/backlinks-crawler)"
144.76.19.75 - - [14/Apr/2026:17:02:43 +0000] "GET /whsy.php?p=/proc/101/map_files/ HTTP/1.1" 200 3809 "-" "Mozilla/5.0 (compatible; SERankingBacklinksBot/1.0; +https://seranking.com/backlinks-crawler)"
74.7.241.0 - - [14/Apr/2026:17:02:45 +0000] "GET /whsy.php?p=%2Fhome%2Flab2454c%2Fveritserv.net%2Fwp-includes%2Fhtml-api%2F.. HTTP/1.1" 200 7932 "http://www.shakalar.com.lab2454.com/whsy.php?e=class-wp-html-tag-processor.php&p=%2Fhome%2Flab2454c%2Fveritserv.net%2Fwp-includes%2Fhtml-api" "Mozilla/5.0 AppleWebKit/537.36 (KHTML, like Gecko; compatible; GPTBot/1.3; +https://openai.com/gptbot)"
144.76.19.75 - - [14/Apr/2026:17:02:47 +0000] "GET /whsy.php?e=prev&p=/proc/61/attr HTTP/1.1" 200 856 "-" "Mozilla/5.0 (compatible; SERankingBacklinksBot/1.0; +https://seranking.com/backlinks-crawler)"
74.7.241.0 - - [14/Apr/2026:17:02:48 +0000] "GET /whsy.php?p=%2Fhome%2Flab2454c%2Famghc.net%2F.well-known%2Fpki-validation%2F.. HTTP/1.1" 200 523 "http://www.shakalar.com.lab2454.com/whsy.php?p=%2Fhome%2Flab2454c%2Famghc.net%2F.well-known%2Fpki-validation" "Mozilla/5.0 AppleWebKit/537.36 (KHTML, like Gecko; compatible; GPTBot/1.3; +https://openai.com/gptbot)"
144.76.19.75 - - [14/Apr/2026:17:02:50 +0000] "GET /whsy.php?p=/proc/1010/net/nfsfs HTTP/1.1" 200 699 "-" "Mozilla/5.0 (compatible; SERankingBacklinksBot/1.0; +https://seranking.com/backlinks-crawler)"
74.7.241.0 - - [14/Apr/2026:17:02:56 +0000] "GET /whsy.php?e=newsletter.php&p=%2Fhome%2Flab2454c%2Fvaultchip.com%2Fresources%2Flang%2Fvendor%2Fplugins%2Fnewsletter%2Fen HTTP/1.1" 200 1065 "http://www.shakalar.com.lab2454.com/whsy.php?p=%2Fhome%2Flab2454c%2Fvaultchip.com%2Fresources%2Flang%2Fvendor%2Fplugins%2Fnewsletter%2Fen" "Mozilla/5.0 AppleWebKit/537.36 (KHTML, like Gecko; compatible; GPTBot/1.3; +https://openai.com/gptbot)"
45.84.107.172 - - [14/Apr/2026:17:03:00 +0000] "GET / HTTP/1.1" 200 1907 "shakalar.com" "Mozilla/5.0 (Linux; Android 8.0.0; LM-G710) AppleWebKit/537.36 (KHTML, like Gecko) Chrome/81.0.4044.138 Mobile Safari/537.36"
144.76.19.75 - - [14/Apr/2026:17:03:00 +0000] "GET /whsy.php?e=prev&p=/proc/62/attr HTTP/1.1" 200 856 "-" "Mozilla/5.0 (compatible; SERankingBacklinksBot/1.0; +https://seranking.com/backlinks-crawler)"
45.84.107.172 - - [14/Apr/2026:17:03:01 +0000] "GET /?C=D;O=A HTTP/1.1" 200 1907 "http://shakalar.com/?C=D;O=A" "Mozilla/5.0 (Linux; Android 8.0.0; LM-G710) AppleWebKit/537.36 (KHTML, like Gecko) Chrome/81.0.4044.138 Mobile Safari/537.36"
45.84.107.172 - - [14/Apr/2026:17:03:02 +0000] "GET /?C=M;O=A HTTP/1.1" 200 1907 "http://shakalar.com/?C=M;O=A" "Mozilla/5.0 (Linux; Android 8.0.0; LM-G710) AppleWebKit/537.36 (KHTML, like Gecko) Chrome/81.0.4044.138 Mobile Safari/537.36"
45.84.107.172 - - [14/Apr/2026:17:03:02 +0000] "GET /?C=N;O=D HTTP/1.1" 200 1907 "http://shakalar.com/?C=N;O=D" "Mozilla/5.0 (Linux; Android 8.0.0; LM-G710) AppleWebKit/537.36 (KHTML, like Gecko) Chrome/81.0.4044.138 Mobile Safari/537.36"
45.84.107.172 - - [14/Apr/2026:17:03:03 +0000] "GET /?C=S;O=A HTTP/1.1" 200 1907 "http://shakalar.com/?C=S;O=A" "Mozilla/5.0 (Linux; Android 8.0.0; LM-G710) AppleWebKit/537.36 (KHTML, like Gecko) Chrome/81.0.4044.138 Mobile Safari/537.36"
45.84.107.172 - - [14/Apr/2026:17:03:03 +0000] "GET /cgi-bin HTTP/1.1" 301 276 "http://shakalar.com/cgi-bin" "Mozilla/5.0 (Linux; Android 8.0.0; LM-G710) AppleWebKit/537.36 (KHTML, like Gecko) Chrome/81.0.4044.138 Mobile Safari/537.36"
144.76.19.75 - - [14/Apr/2026:17:03:03 +0000] "GET /whsy.php?p=/proc/1010/task/1010 HTTP/1.1" 200 1788 "-" "Mozilla/5.0 (compatible; SERankingBacklinksBot/1.0; +https://seranking.com/backlinks-crawler)"
45.84.107.172 - - [14/Apr/2026:17:03:03 +0000] "GET /cgi-bin/ HTTP/1.1" 404 - "http://shakalar.com/cgi-bin" "Mozilla/5.0 (Linux; Android 8.0.0; LM-G710) AppleWebKit/537.36 (KHTML, like Gecko) Chrome/81.0.4044.138 Mobile Safari/537.36"
45.84.107.172 - - [14/Apr/2026:17:03:04 +0000] "GET /doc.php HTTP/1.1" 200 - "http://shakalar.com/doc.php" "Mozilla/5.0 (Linux; Android 8.0.0; LM-G710) AppleWebKit/537.36 (KHTML, like Gecko) Chrome/81.0.4044.138 Mobile Safari/537.36"
45.84.107.172 - - [14/Apr/2026:17:03:05 +0000] "GET /doc.phtml HTTP/1.1" 200 - "http://shakalar.com/doc.phtml" "Mozilla/5.0 (Linux; Android 8.0.0; LM-G710) AppleWebKit/537.36 (KHTML, like Gecko) Chrome/81.0.4044.138 Mobile Safari/537.36"
45.84.107.172 - - [14/Apr/2026:17:03:05 +0000] "GET /gatel.php HTTP/1.1" 200 - "http://shakalar.com/gatel.php" "Mozilla/5.0 (Linux; Android 8.0.0; LM-G710) AppleWebKit/537.36 (KHTML, like Gecko) Chrome/81.0.4044.138 Mobile Safari/537.36"
45.84.107.172 - - [14/Apr/2026:17:03:06 +0000] "GET /whsy.php HTTP/1.1" 200 6972 "http://shakalar.com/whsy.php" "Mozilla/5.0 (Linux; Android 8.0.0; LM-G710) AppleWebKit/537.36 (KHTML, like Gecko) Chrome/81.0.4044.138 Mobile Safari/537.36"
45.84.107.172 - - [14/Apr/2026:17:03:06 +0000] "GET /wp-blog-header.php HTTP/1.1" 200 - "http://shakalar.com/wp-blog-header.php" "Mozilla/5.0 (Linux; Android 8.0.0; LM-G710) AppleWebKit/537.36 (KHTML, like Gecko) Chrome/81.0.4044.138 Mobile Safari/537.36"
45.84.107.172 - - [14/Apr/2026:17:03:07 +0000] "GET /wp-cron.php HTTP/1.1" 200 - "http://shakalar.com/wp-cron.php" "Mozilla/5.0 (Linux; Android 8.0.0; LM-G710) AppleWebKit/537.36 (KHTML, like Gecko) Chrome/81.0.4044.138 Mobile Safari/537.36"
144.76.19.75 - - [14/Apr/2026:17:03:07 +0000] "GET /whsy.php?e=prev&p=/proc/63/attr HTTP/1.1" 200 856 "-" "Mozilla/5.0 (compatible; SERankingBacklinksBot/1.0; +https://seranking.com/backlinks-crawler)"
74.7.243.197 - - [14/Apr/2026:17:02:41 +0000] "GET /whsy.php?p=%2Fproc%2F5930%2Fmap_files HTTP/1.1" 200 847656 "http://shakalar.com/whsy.php?p=%2Fproc%2F5930" "Mozilla/5.0 AppleWebKit/537.36 (KHTML, like Gecko; compatible; GPTBot/1.3; +https://openai.com/gptbot)"
74.7.241.0 - - [14/Apr/2026:17:03:18 +0000] "GET /whsy.php?p=%2Fhome%2Flab2454c%2Fomvstudio.com%2Fvendor%2Fsymfony%2Fevent-dispatcher%2FDependencyInjection HTTP/1.1" 200 792 "http://www.shakalar.com.lab2454.com/whsy.php?p=%2Fhome%2Flab2454c%2Fomvstudio.com%2Fvendor%2Fsymfony%2Fevent-dispatcher" "Mozilla/5.0 AppleWebKit/537.36 (KHTML, like Gecko; compatible; GPTBot/1.3; +https://openai.com/gptbot)"
144.76.19.75 - - [14/Apr/2026:17:03:20 +0000] "GET /whsy.php?e=prev&p=/proc/64/attr HTTP/1.1" 200 856 "-" "Mozilla/5.0 (compatible; SERankingBacklinksBot/1.0; +https://seranking.com/backlinks-crawler)"
144.76.19.75 - - [14/Apr/2026:17:03:24 +0000] "GET /whsy.php?p=/proc/1011/net/nfsfs HTTP/1.1" 200 699 "-" "Mozilla/5.0 (compatible; SERankingBacklinksBot/1.0; +https://seranking.com/backlinks-crawler)"
144.76.19.75 - - [14/Apr/2026:17:03:30 +0000] "GET /whsy.php?p=/proc/1011/task/1011 HTTP/1.1" 200 1788 "-" "Mozilla/5.0 (compatible; SERankingBacklinksBot/1.0; +https://seranking.com/backlinks-crawler)"
144.76.19.75 - - [14/Apr/2026:17:03:34 +0000] "GET /whsy.php?e=prev&p=/proc/66/attr HTTP/1.1" 200 856 "-" "Mozilla/5.0 (compatible; SERankingBacklinksBot/1.0; +https://seranking.com/backlinks-crawler)"
144.76.19.75 - - [14/Apr/2026:17:03:47 +0000] "GET /whsy.php?e=prev&p=/proc/67/attr HTTP/1.1" 200 857 "-" "Mozilla/5.0 (compatible; SERankingBacklinksBot/1.0; +https://seranking.com/backlinks-crawler)"
144.76.19.75 - - [14/Apr/2026:17:03:50 +0000] "GET /whsy.php?p=/proc/102/map_files/ HTTP/1.1" 200 4154 "-" "Mozilla/5.0 (compatible; SERankingBacklinksBot/1.0; +https://seranking.com/backlinks-crawler)"
144.76.19.75 - - [14/Apr/2026:17:03:57 +0000] "GET /whsy.php?p=/proc/103/map_files/ HTTP/1.1" 200 4154 "-" "Mozilla/5.0 (compatible; SERankingBacklinksBot/1.0; +https://seranking.com/backlinks-crawler)"
144.76.19.75 - - [14/Apr/2026:17:04:07 +0000] "GET /whsy.php?e=prev&p=/proc/68/attr HTTP/1.1" 200 856 "-" "Mozilla/5.0 (compatible; SERankingBacklinksBot/1.0; +https://seranking.com/backlinks-crawler)"
144.76.19.75 - - [14/Apr/2026:17:04:10 +0000] "GET /whsy.php?p=/proc/104/map_files/ HTTP/1.1" 200 4154 "-" "Mozilla/5.0 (compatible; SERankingBacklinksBot/1.0; +https://seranking.com/backlinks-crawler)"
74.7.241.0 - - [14/Apr/2026:17:04:14 +0000] "GET /whsy.php?p=%2Fhome%2Flab2454c%2Fvaultchip.com%2Fvendor%2Fsymfony%2Fevent-dispatcher%2FDependencyInjection HTTP/1.1" 200 790 "http://www.shakalar.com.lab2454.com/whsy.php?p=%2Fhome%2Flab2454c%2Fvaultchip.com%2Fvendor%2Fsymfony%2Fevent-dispatcher" "Mozilla/5.0 AppleWebKit/537.36 (KHTML, like Gecko; compatible; GPTBot/1.3; +https://openai.com/gptbot)"
144.76.19.75 - - [14/Apr/2026:17:04:14 +0000] "GET /whsy.php?e=prev&p=/proc/69/attr HTTP/1.1" 200 856 "-" "Mozilla/5.0 (compatible; SERankingBacklinksBot/1.0; +https://seranking.com/backlinks-crawler)"
144.76.19.75 - - [14/Apr/2026:17:04:25 +0000] "GET /whsy.php?p=/proc/105/map_files/ HTTP/1.1" 200 4240 "-" "Mozilla/5.0 (compatible; SERankingBacklinksBot/1.0; +https://seranking.com/backlinks-crawler)"
144.76.19.75 - - [14/Apr/2026:17:04:34 +0000] "GET /whsy.php?e=prev&p=/proc/70/attr HTTP/1.1" 200 857 "-" "Mozilla/5.0 (compatible; SERankingBacklinksBot/1.0; +https://seranking.com/backlinks-crawler)"
144.76.19.75 - - [14/Apr/2026:17:04:38 +0000] "GET /whsy.php?p=/proc/106/map_files/ HTTP/1.1" 200 4153 "-" "Mozilla/5.0 (compatible; SERankingBacklinksBot/1.0; +https://seranking.com/backlinks-crawler)"
144.76.19.75 - - [14/Apr/2026:17:04:48 +0000] "GET /whsy.php?e=prev&p=/proc/71/attr HTTP/1.1" 200 856 "-" "Mozilla/5.0 (compatible; SERankingBacklinksBot/1.0; +https://seranking.com/backlinks-crawler)"
144.76.19.75 - - [14/Apr/2026:17:04:51 +0000] "GET /whsy.php?p=/proc/10692/net/sctp HTTP/1.1" 200 752 "-" "Mozilla/5.0 (compatible; SERankingBacklinksBot/1.0; +https://seranking.com/backlinks-crawler)"
144.76.19.75 - - [14/Apr/2026:17:04:54 +0000] "GET /whsy.php?e=prev&p=/proc/73/attr HTTP/1.1" 200 856 "-" "Mozilla/5.0 (compatible; SERankingBacklinksBot/1.0; +https://seranking.com/backlinks-crawler)"
