144.76.19.75 - - [14/Apr/2026:21:01:33 +0000] "GET /whsy.php?p=/sys/module/ip_set/.. HTTP/1.1" 200 2338 "-" "Mozilla/5.0 (compatible; SERankingBacklinksBot/1.0; +https://seranking.com/backlinks-crawler)"
74.7.243.197 - - [14/Apr/2026:21:01:33 +0000] "GET /whsy.php?e=cwd&p=%2Fproc%2F19164 HTTP/1.1" 200 1936 "http://shakalar.com/whsy.php?p=%2Fproc%2F19164" "Mozilla/5.0 AppleWebKit/537.36 (KHTML, like Gecko; compatible; GPTBot/1.3; +https://openai.com/gptbot)"
74.7.243.197 - - [14/Apr/2026:21:01:37 +0000] "GET /whsy.php?e=cwd&p=%2Fproc%2F18751 HTTP/1.1" 200 1936 "http://shakalar.com/whsy.php?p=%2Fproc%2F18751" "Mozilla/5.0 AppleWebKit/537.36 (KHTML, like Gecko; compatible; GPTBot/1.3; +https://openai.com/gptbot)"
74.7.243.197 - - [14/Apr/2026:21:01:40 +0000] "GET /whsy.php?e=exe&p=%2Fproc%2F19164 HTTP/1.1" 200 1936 "http://shakalar.com/whsy.php?p=%2Fproc%2F19164" "Mozilla/5.0 AppleWebKit/537.36 (KHTML, like Gecko; compatible; GPTBot/1.3; +https://openai.com/gptbot)"
144.76.19.75 - - [14/Apr/2026:21:01:42 +0000] "GET /whsy.php?e=arp&p=/proc/17226/net HTTP/1.1" 200 2579 "-" "Mozilla/5.0 (compatible; SERankingBacklinksBot/1.0; +https://seranking.com/backlinks-crawler)"
74.7.243.197 - - [14/Apr/2026:21:01:44 +0000] "GET /whsy.php?e=exe&p=%2Fproc%2F19433 HTTP/1.1" 200 1936 "http://shakalar.com/whsy.php?p=%2Fproc%2F19433" "Mozilla/5.0 AppleWebKit/537.36 (KHTML, like Gecko; compatible; GPTBot/1.3; +https://openai.com/gptbot)"
144.76.19.75 - - [14/Apr/2026:21:01:46 +0000] "GET /whsy.php?p=/sys/module/kernel/.. HTTP/1.1" 200 2338 "-" "Mozilla/5.0 (compatible; SERankingBacklinksBot/1.0; +https://seranking.com/backlinks-crawler)"
74.7.243.197 - - [14/Apr/2026:21:01:47 +0000] "GET /whsy.php?e=cwd&p=%2Fproc%2F19433 HTTP/1.1" 200 1936 "http://shakalar.com/whsy.php?p=%2Fproc%2F19433" "Mozilla/5.0 AppleWebKit/537.36 (KHTML, like Gecko; compatible; GPTBot/1.3; +https://openai.com/gptbot)"
74.7.243.197 - - [14/Apr/2026:21:01:51 +0000] "GET /whsy.php?e=mem&p=%2Fproc%2F19433 HTTP/1.1" 200 1936 "http://shakalar.com/whsy.php?p=%2Fproc%2F19433" "Mozilla/5.0 AppleWebKit/537.36 (KHTML, like Gecko; compatible; GPTBot/1.3; +https://openai.com/gptbot)"
74.7.243.197 - - [14/Apr/2026:21:01:55 +0000] "GET /whsy.php?e=exe&p=%2Fproc%2F18751 HTTP/1.1" 200 1936 "http://shakalar.com/whsy.php?p=%2Fproc%2F18751" "Mozilla/5.0 AppleWebKit/537.36 (KHTML, like Gecko; compatible; GPTBot/1.3; +https://openai.com/gptbot)"
74.7.243.197 - - [14/Apr/2026:21:01:58 +0000] "GET /whsy.php?e=mem&p=%2Fproc%2F19164 HTTP/1.1" 200 1936 "http://shakalar.com/whsy.php?p=%2Fproc%2F19164" "Mozilla/5.0 AppleWebKit/537.36 (KHTML, like Gecko; compatible; GPTBot/1.3; +https://openai.com/gptbot)"
144.76.19.75 - - [14/Apr/2026:21:01:59 +0000] "GET /whsy.php?p=/sys/module/kfence/.. HTTP/1.1" 200 2338 "-" "Mozilla/5.0 (compatible; SERankingBacklinksBot/1.0; +https://seranking.com/backlinks-crawler)"
74.7.243.197 - - [14/Apr/2026:21:02:02 +0000] "GET /whsy.php?e=mem&p=%2Fproc%2F18751 HTTP/1.1" 200 1936 "http://shakalar.com/whsy.php?p=%2Fproc%2F18751" "Mozilla/5.0 AppleWebKit/537.36 (KHTML, like Gecko; compatible; GPTBot/1.3; +https://openai.com/gptbot)"
144.76.19.75 - - [14/Apr/2026:21:02:02 +0000] "GET /whsy.php?e=arp&p=/proc/17235/net HTTP/1.1" 200 2581 "-" "Mozilla/5.0 (compatible; SERankingBacklinksBot/1.0; +https://seranking.com/backlinks-crawler)"
74.7.243.197 - - [14/Apr/2026:21:02:05 +0000] "GET /whsy.php?e=personality&p=%2Fproc%2F19164 HTTP/1.1" 200 1936 "http://shakalar.com/whsy.php?p=%2Fproc%2F19164" "Mozilla/5.0 AppleWebKit/537.36 (KHTML, like Gecko; compatible; GPTBot/1.3; +https://openai.com/gptbot)"
74.7.243.197 - - [14/Apr/2026:21:02:09 +0000] "GET /whsy.php?e=personality&p=%2Fproc%2F18751 HTTP/1.1" 200 942 "http://shakalar.com/whsy.php?p=%2Fproc%2F18751" "Mozilla/5.0 AppleWebKit/537.36 (KHTML, like Gecko; compatible; GPTBot/1.3; +https://openai.com/gptbot)"
74.7.243.197 - - [14/Apr/2026:21:02:12 +0000] "GET /whsy.php?e=personality&p=%2Fproc%2F19433 HTTP/1.1" 200 1936 "http://shakalar.com/whsy.php?p=%2Fproc%2F19433" "Mozilla/5.0 AppleWebKit/537.36 (KHTML, like Gecko; compatible; GPTBot/1.3; +https://openai.com/gptbot)"
144.76.19.75 - - [14/Apr/2026:21:02:12 +0000] "GET /whsy.php?p=/sys/module/libata/.. HTTP/1.1" 200 2338 "-" "Mozilla/5.0 (compatible; SERankingBacklinksBot/1.0; +https://seranking.com/backlinks-crawler)"
74.7.241.0 - - [14/Apr/2026:21:02:15 +0000] "GET /whsy.php?e=editor-one-renew-menu-item.php&p=%2Fhome%2Flab2454c%2Fargowells.com%2Fwp-content%2Fplugins%2Felementor-pro%2Flicense%2Feditor-one-menu-items HTTP/1.1" 200 1301 "http://www.shakalar.com.lab2454.com/whsy.php?p=%2Fhome%2Flab2454c%2Fargowells.com%2Fwp-content%2Fplugins%2Felementor-pro%2Flicense%2Feditor-one-menu-items" "Mozilla/5.0 AppleWebKit/537.36 (KHTML, like Gecko; compatible; GPTBot/1.3; +https://openai.com/gptbot)"
144.76.19.75 - - [14/Apr/2026:21:02:16 +0000] "GET /whsy.php?e=arp&p=/proc/17246/net HTTP/1.1" 200 2579 "-" "Mozilla/5.0 (compatible; SERankingBacklinksBot/1.0; +https://seranking.com/backlinks-crawler)"
74.7.243.197 - - [14/Apr/2026:21:02:17 +0000] "GET /whsy.php?e=sched&p=%2Fproc%2F19433 HTTP/1.1" 200 2477 "http://shakalar.com/whsy.php?p=%2Fproc%2F19433" "Mozilla/5.0 AppleWebKit/537.36 (KHTML, like Gecko; compatible; GPTBot/1.3; +https://openai.com/gptbot)"
74.7.243.197 - - [14/Apr/2026:21:02:21 +0000] "GET /whsy.php?e=sched&p=%2Fproc%2F18751 HTTP/1.1" 200 942 "http://shakalar.com/whsy.php?p=%2Fproc%2F18751" "Mozilla/5.0 AppleWebKit/537.36 (KHTML, like Gecko; compatible; GPTBot/1.3; +https://openai.com/gptbot)"
144.76.19.75 - - [14/Apr/2026:21:02:22 +0000] "GET /whsy.php?e=arp&p=/proc/17259/net HTTP/1.1" 200 2581 "-" "Mozilla/5.0 (compatible; SERankingBacklinksBot/1.0; +https://seranking.com/backlinks-crawler)"
144.76.19.75 - - [14/Apr/2026:21:02:26 +0000] "GET /whsy.php?p=/sys/module/md_mod/.. HTTP/1.1" 200 2338 "-" "Mozilla/5.0 (compatible; SERankingBacklinksBot/1.0; +https://seranking.com/backlinks-crawler)"
74.7.243.197 - - [14/Apr/2026:21:02:26 +0000] "GET /whsy.php?e=sched&p=%2Fproc%2F19164 HTTP/1.1" 200 2460 "http://shakalar.com/whsy.php?p=%2Fproc%2F19164" "Mozilla/5.0 AppleWebKit/537.36 (KHTML, like Gecko; compatible; GPTBot/1.3; +https://openai.com/gptbot)"
74.7.243.197 - - [14/Apr/2026:21:02:31 +0000] "GET /whsy.php?e=syscall&p=%2Fproc%2F19433 HTTP/1.1" 200 1936 "http://shakalar.com/whsy.php?p=%2Fproc%2F19433" "Mozilla/5.0 AppleWebKit/537.36 (KHTML, like Gecko; compatible; GPTBot/1.3; +https://openai.com/gptbot)"
74.7.243.197 - - [14/Apr/2026:21:02:35 +0000] "GET /whsy.php?e=syscall&p=%2Fproc%2F19164 HTTP/1.1" 200 1936 "http://shakalar.com/whsy.php?p=%2Fproc%2F19164" "Mozilla/5.0 AppleWebKit/537.36 (KHTML, like Gecko; compatible; GPTBot/1.3; +https://openai.com/gptbot)"
74.7.243.197 - - [14/Apr/2026:21:02:38 +0000] "GET /whsy.php?e=syscall&p=%2Fproc%2F18751 HTTP/1.1" 200 942 "http://shakalar.com/whsy.php?p=%2Fproc%2F18751" "Mozilla/5.0 AppleWebKit/537.36 (KHTML, like Gecko; compatible; GPTBot/1.3; +https://openai.com/gptbot)"
144.76.19.75 - - [14/Apr/2026:21:02:39 +0000] "GET /whsy.php?p=/sys/module/module/.. HTTP/1.1" 200 2338 "-" "Mozilla/5.0 (compatible; SERankingBacklinksBot/1.0; +https://seranking.com/backlinks-crawler)"
144.76.19.75 - - [14/Apr/2026:21:02:42 +0000] "GET /whsy.php?e=arp&p=/proc/17268/net HTTP/1.1" 200 2579 "-" "Mozilla/5.0 (compatible; SERankingBacklinksBot/1.0; +https://seranking.com/backlinks-crawler)"
74.7.243.197 - - [14/Apr/2026:21:02:42 +0000] "GET /whsy.php?e=environ&p=%2Fproc%2F19164 HTTP/1.1" 200 1936 "http://shakalar.com/whsy.php?p=%2Fproc%2F19164" "Mozilla/5.0 AppleWebKit/537.36 (KHTML, like Gecko; compatible; GPTBot/1.3; +https://openai.com/gptbot)"
74.7.243.197 - - [14/Apr/2026:21:02:46 +0000] "GET /whsy.php?e=environ&p=%2Fproc%2F19433 HTTP/1.1" 200 1936 "http://shakalar.com/whsy.php?p=%2Fproc%2F19433" "Mozilla/5.0 AppleWebKit/537.36 (KHTML, like Gecko; compatible; GPTBot/1.3; +https://openai.com/gptbot)"
144.76.19.75 - - [14/Apr/2026:21:02:49 +0000] "GET /whsy.php?e=arp&p=/proc/17276/net HTTP/1.1" 200 2580 "-" "Mozilla/5.0 (compatible; SERankingBacklinksBot/1.0; +https://seranking.com/backlinks-crawler)"
74.7.243.197 - - [14/Apr/2026:21:02:50 +0000] "GET /whsy.php?e=environ&p=%2Fproc%2F18751 HTTP/1.1" 200 942 "http://shakalar.com/whsy.php?p=%2Fproc%2F18751" "Mozilla/5.0 AppleWebKit/537.36 (KHTML, like Gecko; compatible; GPTBot/1.3; +https://openai.com/gptbot)"
144.76.19.75 - - [14/Apr/2026:21:02:53 +0000] "GET /whsy.php?p=/sys/module/pciehp/.. HTTP/1.1" 200 2338 "-" "Mozilla/5.0 (compatible; SERankingBacklinksBot/1.0; +https://seranking.com/backlinks-crawler)"
74.7.243.197 - - [14/Apr/2026:21:02:55 +0000] "GET /whsy.php?e=loginuid&p=%2Fproc%2F19467 HTTP/1.1" 200 2013 "http://shakalar.com/whsy.php?p=%2Fproc%2F19467" "Mozilla/5.0 AppleWebKit/537.36 (KHTML, like Gecko; compatible; GPTBot/1.3; +https://openai.com/gptbot)"
74.7.243.197 - - [14/Apr/2026:21:02:59 +0000] "GET /whsy.php?e=loginuid&p=%2Fproc%2F19433 HTTP/1.1" 200 2013 "http://shakalar.com/whsy.php?p=%2Fproc%2F19433" "Mozilla/5.0 AppleWebKit/537.36 (KHTML, like Gecko; compatible; GPTBot/1.3; +https://openai.com/gptbot)"
144.76.19.75 - - [14/Apr/2026:21:03:03 +0000] "GET /whsy.php?e=arp&p=/proc/17297/net HTTP/1.1" 200 2580 "-" "Mozilla/5.0 (compatible; SERankingBacklinksBot/1.0; +https://seranking.com/backlinks-crawler)"
74.7.243.197 - - [14/Apr/2026:21:03:03 +0000] "GET /whsy.php?e=loginuid&p=%2Fproc%2F19164 HTTP/1.1" 200 2013 "http://shakalar.com/whsy.php?p=%2Fproc%2F19164" "Mozilla/5.0 AppleWebKit/537.36 (KHTML, like Gecko; compatible; GPTBot/1.3; +https://openai.com/gptbot)"
74.7.243.197 - - [14/Apr/2026:21:03:07 +0000] "GET /whsy.php?e=mountstats&p=%2Fproc%2F19433 HTTP/1.1" 200 1936 "http://shakalar.com/whsy.php?p=%2Fproc%2F19433" "Mozilla/5.0 AppleWebKit/537.36 (KHTML, like Gecko; compatible; GPTBot/1.3; +https://openai.com/gptbot)"
74.7.243.197 - - [14/Apr/2026:21:03:11 +0000] "GET /whsy.php?e=mountstats&p=%2Fproc%2F18751 HTTP/1.1" 200 942 "http://shakalar.com/whsy.php?p=%2Fproc%2F18751" "Mozilla/5.0 AppleWebKit/537.36 (KHTML, like Gecko; compatible; GPTBot/1.3; +https://openai.com/gptbot)"
144.76.19.75 - - [14/Apr/2026:21:03:12 +0000] "GET /whsy.php?p=/sys/module/printk/.. HTTP/1.1" 200 2338 "-" "Mozilla/5.0 (compatible; SERankingBacklinksBot/1.0; +https://seranking.com/backlinks-crawler)"
74.7.243.197 - - [14/Apr/2026:21:03:14 +0000] "GET /whsy.php?e=mountstats&p=%2Fproc%2F19164 HTTP/1.1" 200 1936 "http://shakalar.com/whsy.php?p=%2Fproc%2F19164" "Mozilla/5.0 AppleWebKit/537.36 (KHTML, like Gecko; compatible; GPTBot/1.3; +https://openai.com/gptbot)"
144.76.19.75 - - [14/Apr/2026:21:03:16 +0000] "GET /whsy.php?e=arp&p=/proc/17304/net HTTP/1.1" 200 2579 "-" "Mozilla/5.0 (compatible; SERankingBacklinksBot/1.0; +https://seranking.com/backlinks-crawler)"
74.7.243.197 - - [14/Apr/2026:21:03:18 +0000] "GET /whsy.php?e=maps&p=%2Fproc%2F11138 HTTP/1.1" 200 942 "http://shakalar.com/whsy.php?p=%2Fproc%2F11138" "Mozilla/5.0 AppleWebKit/537.36 (KHTML, like Gecko; compatible; GPTBot/1.3; +https://openai.com/gptbot)"
144.76.19.75 - - [14/Apr/2026:21:03:19 +0000] "GET /whsy.php?p=/sys/module/pstore/.. HTTP/1.1" 200 2338 "-" "Mozilla/5.0 (compatible; SERankingBacklinksBot/1.0; +https://seranking.com/backlinks-crawler)"
74.7.243.197 - - [14/Apr/2026:21:03:22 +0000] "GET /whsy.php?e=comm&p=%2Fproc%2F11138 HTTP/1.1" 200 942 "http://shakalar.com/whsy.php?p=%2Fproc%2F11138" "Mozilla/5.0 AppleWebKit/537.36 (KHTML, like Gecko; compatible; GPTBot/1.3; +https://openai.com/gptbot)"
74.7.243.197 - - [14/Apr/2026:21:03:25 +0000] "GET /whsy.php?e=root&p=%2Fproc%2F11138 HTTP/1.1" 200 942 "http://shakalar.com/whsy.php?p=%2Fproc%2F11138" "Mozilla/5.0 AppleWebKit/537.36 (KHTML, like Gecko; compatible; GPTBot/1.3; +https://openai.com/gptbot)"
144.76.19.75 - - [14/Apr/2026:21:03:29 +0000] "GET /whsy.php?e=arp&p=/proc/17315/net HTTP/1.1" 200 2581 "-" "Mozilla/5.0 (compatible; SERankingBacklinksBot/1.0; +https://seranking.com/backlinks-crawler)"
74.7.243.197 - - [14/Apr/2026:21:03:29 +0000] "GET /whsy.php?p=%2Fproc%2F21812 HTTP/1.1" 200 942 "http://shakalar.com/whsy.php?p=%2Fproc%2F9246%2F.." "Mozilla/5.0 AppleWebKit/537.36 (KHTML, like Gecko; compatible; GPTBot/1.3; +https://openai.com/gptbot)"
144.76.19.75 - - [14/Apr/2026:21:03:32 +0000] "GET /whsy.php?p=/sys/module/random/.. HTTP/1.1" 200 2338 "-" "Mozilla/5.0 (compatible; SERankingBacklinksBot/1.0; +https://seranking.com/backlinks-crawler)"
74.7.243.197 - - [14/Apr/2026:21:03:32 +0000] "GET /whsy.php?e=clear_refs&p=%2Fproc%2F24161 HTTP/1.1" 200 942 "http://shakalar.com/whsy.php?p=%2Fproc%2F24161" "Mozilla/5.0 AppleWebKit/537.36 (KHTML, like Gecko; compatible; GPTBot/1.3; +https://openai.com/gptbot)"
74.7.243.197 - - [14/Apr/2026:21:03:36 +0000] "GET /whsy.php?e=clear_refs&p=%2Fproc%2F25006 HTTP/1.1" 200 942 "http://shakalar.com/whsy.php?p=%2Fproc%2F25006" "Mozilla/5.0 AppleWebKit/537.36 (KHTML, like Gecko; compatible; GPTBot/1.3; +https://openai.com/gptbot)"
74.7.243.197 - - [14/Apr/2026:21:03:39 +0000] "GET /whsy.php?e=clear_refs&p=%2Fproc%2F29858 HTTP/1.1" 200 942 "http://shakalar.com/whsy.php?p=%2Fproc%2F29858" "Mozilla/5.0 AppleWebKit/537.36 (KHTML, like Gecko; compatible; GPTBot/1.3; +https://openai.com/gptbot)"
144.76.19.75 - - [14/Apr/2026:21:03:42 +0000] "GET /whsy.php?e=arp&p=/proc/17913/net HTTP/1.1" 200 2580 "-" "Mozilla/5.0 (compatible; SERankingBacklinksBot/1.0; +https://seranking.com/backlinks-crawler)"
74.7.243.197 - - [14/Apr/2026:21:03:43 +0000] "GET /whsy.php?e=clear_refs&p=%2Fproc%2F16181 HTTP/1.1" 200 942 "http://shakalar.com/whsy.php?p=%2Fproc%2F16181" "Mozilla/5.0 AppleWebKit/537.36 (KHTML, like Gecko; compatible; GPTBot/1.3; +https://openai.com/gptbot)"
74.7.243.197 - - [14/Apr/2026:21:03:46 +0000] "GET /whsy.php?e=loginuid&p=%2Fproc%2F24161 HTTP/1.1" 200 942 "http://shakalar.com/whsy.php?p=%2Fproc%2F24161" "Mozilla/5.0 AppleWebKit/537.36 (KHTML, like Gecko; compatible; GPTBot/1.3; +https://openai.com/gptbot)"
74.7.243.197 - - [14/Apr/2026:21:03:50 +0000] "GET /whsy.php?e=loginuid&p=%2Fproc%2F16181 HTTP/1.1" 200 942 "http://shakalar.com/whsy.php?p=%2Fproc%2F16181" "Mozilla/5.0 AppleWebKit/537.36 (KHTML, like Gecko; compatible; GPTBot/1.3; +https://openai.com/gptbot)"
144.76.19.75 - - [14/Apr/2026:21:03:52 +0000] "GET /whsy.php?p=/sys/module/shpchp/.. HTTP/1.1" 200 2338 "-" "Mozilla/5.0 (compatible; SERankingBacklinksBot/1.0; +https://seranking.com/backlinks-crawler)"
74.7.243.197 - - [14/Apr/2026:21:03:53 +0000] "GET /whsy.php?e=loginuid&p=%2Fproc%2F25006 HTTP/1.1" 200 942 "http://shakalar.com/whsy.php?p=%2Fproc%2F25006" "Mozilla/5.0 AppleWebKit/537.36 (KHTML, like Gecko; compatible; GPTBot/1.3; +https://openai.com/gptbot)"
74.7.243.197 - - [14/Apr/2026:21:03:57 +0000] "GET /whsy.php?e=loginuid&p=%2Fproc%2F29858 HTTP/1.1" 200 942 "http://shakalar.com/whsy.php?p=%2Fproc%2F29858" "Mozilla/5.0 AppleWebKit/537.36 (KHTML, like Gecko; compatible; GPTBot/1.3; +https://openai.com/gptbot)"
144.76.19.75 - - [14/Apr/2026:21:03:58 +0000] "GET /whsy.php?p=/sys/module/sr_mod/.. HTTP/1.1" 200 2338 "-" "Mozilla/5.0 (compatible; SERankingBacklinksBot/1.0; +https://seranking.com/backlinks-crawler)"
74.7.241.0 - - [14/Apr/2026:21:03:58 +0000] "GET /whsy.php?e=.htaccess&p=%2Fhome%2Flab2454c%2Farchswipe.com%2Fwp-content%2Fplugins%2Fuser-registration-style-customizer%2Fassets%2Fcss%2Fbourbon%2Fbourbon HTTP/1.1" 200 987 "http://www.shakalar.com.lab2454.com/whsy.php?p=%2Fhome%2Flab2454c%2Farchswipe.com%2Fwp-content%2Fplugins%2Fuser-registration-style-customizer%2Fassets%2Fcss%2Fbourbon%2Fbourbon" "Mozilla/5.0 AppleWebKit/537.36 (KHTML, like Gecko; compatible; GPTBot/1.3; +https://openai.com/gptbot)"
74.7.243.197 - - [14/Apr/2026:21:04:01 +0000] "GET /whsy.php?e=clear_refs&p=%2Fproc%2F11138 HTTP/1.1" 200 942 "http://shakalar.com/whsy.php?p=%2Fproc%2F11138" "Mozilla/5.0 AppleWebKit/537.36 (KHTML, like Gecko; compatible; GPTBot/1.3; +https://openai.com/gptbot)"
144.76.19.75 - - [14/Apr/2026:21:04:01 +0000] "GET /whsy.php?e=arp&p=/proc/18011/net HTTP/1.1" 200 2579 "-" "Mozilla/5.0 (compatible; SERankingBacklinksBot/1.0; +https://seranking.com/backlinks-crawler)"
74.7.243.197 - - [14/Apr/2026:21:04:05 +0000] "GET /whsy.php?e=timers&p=%2Fproc%2F19467 HTTP/1.1" 200 2005 "http://shakalar.com/whsy.php?p=%2Fproc%2F19467" "Mozilla/5.0 AppleWebKit/537.36 (KHTML, like Gecko; compatible; GPTBot/1.3; +https://openai.com/gptbot)"
144.76.19.75 - - [14/Apr/2026:21:04:08 +0000] "GET /whsy.php?e=arp&p=/proc/23605/net HTTP/1.1" 200 2580 "-" "Mozilla/5.0 (compatible; SERankingBacklinksBot/1.0; +https://seranking.com/backlinks-crawler)"
74.7.243.197 - - [14/Apr/2026:21:04:09 +0000] "GET /whsy.php?e=status&p=%2Fproc%2F19467 HTTP/1.1" 200 2563 "http://shakalar.com/whsy.php?p=%2Fproc%2F19467" "Mozilla/5.0 AppleWebKit/537.36 (KHTML, like Gecko; compatible; GPTBot/1.3; +https://openai.com/gptbot)"
144.76.19.75 - - [14/Apr/2026:21:04:12 +0000] "GET /whsy.php?p=/sys/module/sunrpc/.. HTTP/1.1" 200 2338 "-" "Mozilla/5.0 (compatible; SERankingBacklinksBot/1.0; +https://seranking.com/backlinks-crawler)"
74.7.243.197 - - [14/Apr/2026:21:04:15 +0000] "GET /whsy.php?e=limits&p=%2Fproc%2F19164 HTTP/1.1" 200 2273 "http://shakalar.com/whsy.php?p=%2Fproc%2F19164" "Mozilla/5.0 AppleWebKit/537.36 (KHTML, like Gecko; compatible; GPTBot/1.3; +https://openai.com/gptbot)"
74.7.243.197 - - [14/Apr/2026:21:04:19 +0000] "GET /whsy.php?e=mounts&p=%2Fproc%2F19164 HTTP/1.1" 200 2677 "http://shakalar.com/whsy.php?p=%2Fproc%2F19164" "Mozilla/5.0 AppleWebKit/537.36 (KHTML, like Gecko; compatible; GPTBot/1.3; +https://openai.com/gptbot)"
144.76.19.75 - - [14/Apr/2026:21:04:22 +0000] "GET /whsy.php?e=arp&p=/proc/28508/net HTTP/1.1" 200 2581 "-" "Mozilla/5.0 (compatible; SERankingBacklinksBot/1.0; +https://seranking.com/backlinks-crawler)"
74.7.243.197 - - [14/Apr/2026:21:04:24 +0000] "GET /whsy.php?e=mounts&p=%2Fproc%2F18751 HTTP/1.1" 200 942 "http://shakalar.com/whsy.php?p=%2Fproc%2F18751" "Mozilla/5.0 AppleWebKit/537.36 (KHTML, like Gecko; compatible; GPTBot/1.3; +https://openai.com/gptbot)"
144.76.19.75 - - [14/Apr/2026:21:04:25 +0000] "GET /whsy.php?p=/sys/module/xz_dec/.. HTTP/1.1" 200 2338 "-" "Mozilla/5.0 (compatible; SERankingBacklinksBot/1.0; +https://seranking.com/backlinks-crawler)"
74.7.243.197 - - [14/Apr/2026:21:04:28 +0000] "GET /whsy.php?e=mounts&p=%2Fproc%2F19433 HTTP/1.1" 200 2676 "http://shakalar.com/whsy.php?p=%2Fproc%2F19433" "Mozilla/5.0 AppleWebKit/537.36 (KHTML, like Gecko; compatible; GPTBot/1.3; +https://openai.com/gptbot)"
74.7.243.197 - - [14/Apr/2026:21:04:31 +0000] "GET /whsy.php?e=limits&p=%2Fproc%2F18751 HTTP/1.1" 200 942 "http://shakalar.com/whsy.php?p=%2Fproc%2F18751" "Mozilla/5.0 AppleWebKit/537.36 (KHTML, like Gecko; compatible; GPTBot/1.3; +https://openai.com/gptbot)"
74.7.243.197 - - [14/Apr/2026:21:04:35 +0000] "GET /whsy.php?e=limits&p=%2Fproc%2F19433 HTTP/1.1" 200 2232 "http://shakalar.com/whsy.php?p=%2Fproc%2F19433" "Mozilla/5.0 AppleWebKit/537.36 (KHTML, like Gecko; compatible; GPTBot/1.3; +https://openai.com/gptbot)"
144.76.19.75 - - [14/Apr/2026:21:04:35 +0000] "GET /whsy.php?e=arp&p=/proc/28849/net HTTP/1.1" 200 2580 "-" "Mozilla/5.0 (compatible; SERankingBacklinksBot/1.0; +https://seranking.com/backlinks-crawler)"
74.7.243.197 - - [14/Apr/2026:21:04:39 +0000] "GET /whsy.php?e=pagemap&p=%2Fproc%2F19433 HTTP/1.1" 200 1936 "http://shakalar.com/whsy.php?p=%2Fproc%2F19433" "Mozilla/5.0 AppleWebKit/537.36 (KHTML, like Gecko; compatible; GPTBot/1.3; +https://openai.com/gptbot)"
74.7.243.197 - - [14/Apr/2026:21:04:43 +0000] "GET /whsy.php?e=pagemap&p=%2Fproc%2F19164 HTTP/1.1" 200 1936 "http://shakalar.com/whsy.php?p=%2Fproc%2F19164" "Mozilla/5.0 AppleWebKit/537.36 (KHTML, like Gecko; compatible; GPTBot/1.3; +https://openai.com/gptbot)"
74.7.241.0 - - [14/Apr/2026:21:04:44 +0000] "GET /whsy.php?p=%2Fhome%2Flab2454c%2Fcaimegroup.com%2Fwp-content%2Fplugins%2Felementor%2Fmodules%2Fshapes%2Fwidgets HTTP/1.1" 200 747 "http://www.shakalar.com.lab2454.com/whsy.php?p=%2Fhome%2Flab2454c%2Fcaimegroup.com%2Fwp-content%2Fplugins%2Felementor%2Fmodules%2Fshapes" "Mozilla/5.0 AppleWebKit/537.36 (KHTML, like Gecko; compatible; GPTBot/1.3; +https://openai.com/gptbot)"
144.76.19.75 - - [14/Apr/2026:21:04:45 +0000] "GET /whsy.php?p=/usr/include/bind9/.. HTTP/1.1" 200 7578 "-" "Mozilla/5.0 (compatible; SERankingBacklinksBot/1.0; +https://seranking.com/backlinks-crawler)"
74.7.243.197 - - [14/Apr/2026:21:04:47 +0000] "GET /whsy.php?e=pagemap&p=%2Fproc%2F18751 HTTP/1.1" 200 942 "http://shakalar.com/whsy.php?p=%2Fproc%2F18751" "Mozilla/5.0 AppleWebKit/537.36 (KHTML, like Gecko; compatible; GPTBot/1.3; +https://openai.com/gptbot)"
74.7.243.197 - - [14/Apr/2026:21:04:52 +0000] "GET /whsy.php?e=numa_maps&p=%2Fproc%2F1560 HTTP/1.1" 200 2121 "http://shakalar.com/whsy.php?p=%2Fproc%2F1560" "Mozilla/5.0 AppleWebKit/537.36 (KHTML, like Gecko; compatible; GPTBot/1.3; +https://openai.com/gptbot)"
144.76.19.75 - - [14/Apr/2026:21:04:55 +0000] "GET /whsy.php?e=arp&p=/proc/28851/net HTTP/1.1" 200 2580 "-" "Mozilla/5.0 (compatible; SERankingBacklinksBot/1.0; +https://seranking.com/backlinks-crawler)"
74.7.243.197 - - [14/Apr/2026:21:04:57 +0000] "GET /whsy.php?e=smaps_rollup&p=%2Fproc%2F16181 HTTP/1.1" 200 942 "http://shakalar.com/whsy.php?p=%2Fproc%2F16181" "Mozilla/5.0 AppleWebKit/537.36 (KHTML, like Gecko; compatible; GPTBot/1.3; +https://openai.com/gptbot)"
74.7.241.0 - - [14/Apr/2026:21:04:58 +0000] "GET /whsy.php?e=var-dump-server.bat&p=%2Fhome%2Flab2454c%2Fwesternclear.net%2Fvendor%2Fbin HTTP/1.1" 200 1224 "http://www.shakalar.com.lab2454.com/whsy.php?p=%2Fhome%2Flab2454c%2Fwesternclear.net%2Fvendor%2Fbin" "Mozilla/5.0 AppleWebKit/537.36 (KHTML, like Gecko; compatible; GPTBot/1.3; +https://openai.com/gptbot)"
144.76.19.75 - - [14/Apr/2026:21:04:59 +0000] "GET /whsy.php?p=/usr/include/cairo/.. HTTP/1.1" 200 7578 "-" "Mozilla/5.0 (compatible; SERankingBacklinksBot/1.0; +https://seranking.com/backlinks-crawler)"
74.7.243.197 - - [14/Apr/2026:21:05:01 +0000] "GET /whsy.php?e=smaps_rollup&p=%2Fproc%2F29858 HTTP/1.1" 200 942 "http://shakalar.com/whsy.php?p=%2Fproc%2F29858" "Mozilla/5.0 AppleWebKit/537.36 (KHTML, like Gecko; compatible; GPTBot/1.3; +https://openai.com/gptbot)"
144.76.19.75 - - [14/Apr/2026:21:05:02 +0000] "GET /whsy.php?e=arp&p=/proc/29140/net HTTP/1.1" 200 2578 "-" "Mozilla/5.0 (compatible; SERankingBacklinksBot/1.0; +https://seranking.com/backlinks-crawler)"
74.7.243.197 - - [14/Apr/2026:21:05:05 +0000] "GET /whsy.php?e=smaps_rollup&p=%2Fproc%2F25006 HTTP/1.1" 200 942 "http://shakalar.com/whsy.php?p=%2Fproc%2F25006" "Mozilla/5.0 AppleWebKit/537.36 (KHTML, like Gecko; compatible; GPTBot/1.3; +https://openai.com/gptbot)"
144.76.19.75 - - [14/Apr/2026:21:05:05 +0000] "GET /whsy.php?p=/usr/include/glvnd/.. HTTP/1.1" 200 7578 "-" "Mozilla/5.0 (compatible; SERankingBacklinksBot/1.0; +https://seranking.com/backlinks-crawler)"
74.7.243.197 - - [14/Apr/2026:21:05:08 +0000] "GET /whsy.php?e=smaps_rollup&p=%2Fproc%2F24161 HTTP/1.1" 200 942 "http://shakalar.com/whsy.php?p=%2Fproc%2F24161" "Mozilla/5.0 AppleWebKit/537.36 (KHTML, like Gecko; compatible; GPTBot/1.3; +https://openai.com/gptbot)"
74.7.243.197 - - [14/Apr/2026:21:05:12 +0000] "GET /whsy.php?e=smaps_rollup&p=%2Fproc%2F11138 HTTP/1.1" 200 942 "http://shakalar.com/whsy.php?p=%2Fproc%2F11138" "Mozilla/5.0 AppleWebKit/537.36 (KHTML, like Gecko; compatible; GPTBot/1.3; +https://openai.com/gptbot)"
144.76.19.75 - - [14/Apr/2026:21:05:15 +0000] "GET /whsy.php?e=arp&p=/proc/29566/net HTTP/1.1" 200 2580 "-" "Mozilla/5.0 (compatible; SERankingBacklinksBot/1.0; +https://seranking.com/backlinks-crawler)"
74.7.243.197 - - [14/Apr/2026:21:05:16 +0000] "GET /whsy.php?e=wchan&p=%2Fproc%2F11138 HTTP/1.1" 200 942 "http://shakalar.com/whsy.php?p=%2Fproc%2F11138" "Mozilla/5.0 AppleWebKit/537.36 (KHTML, like Gecko; compatible; GPTBot/1.3; +https://openai.com/gptbot)"
74.7.241.0 - - [14/Apr/2026:21:05:16 +0000] "GET /whsy.php?e=heartbeat.min.js&p=%2Fhome%2Flab2454c%2Fcarbonbullion.net%2Fwp-includes%2Fjs HTTP/1.1" 200 5823 "http://www.shakalar.com.lab2454.com/whsy.php?p=%2Fhome%2Flab2454c%2Fcarbonbullion.net%2Fwp-includes%2Fjs" "Mozilla/5.0 AppleWebKit/537.36 (KHTML, like Gecko; compatible; GPTBot/1.3; +https://openai.com/gptbot)"
144.76.19.75 - - [14/Apr/2026:21:05:18 +0000] "GET /whsy.php?p=/usr/include/kadm5/.. HTTP/1.1" 200 7578 "-" "Mozilla/5.0 (compatible; SERankingBacklinksBot/1.0; +https://seranking.com/backlinks-crawler)"
74.7.243.197 - - [14/Apr/2026:21:05:20 +0000] "GET /whsy.php?e=io&p=%2Fproc%2F19433 HTTP/1.1" 200 1936 "http://shakalar.com/whsy.php?p=%2Fproc%2F19433" "Mozilla/5.0 AppleWebKit/537.36 (KHTML, like Gecko; compatible; GPTBot/1.3; +https://openai.com/gptbot)"
74.7.241.0 - - [14/Apr/2026:21:05:20 +0000] "GET /whsy.php?e=clipboard.min.js&p=%2Fhome%2Flab2454c%2Fcarbonbullion.net%2Fwp-includes%2Fjs HTTP/1.1" 200 6954 "http://www.shakalar.com.lab2454.com/whsy.php?p=%2Fhome%2Flab2454c%2Fcarbonbullion.net%2Fwp-includes%2Fjs" "Mozilla/5.0 AppleWebKit/537.36 (KHTML, like Gecko; compatible; GPTBot/1.3; +https://openai.com/gptbot)"
74.7.243.197 - - [14/Apr/2026:21:05:23 +0000] "GET /whsy.php?e=io&p=%2Fproc%2F19164 HTTP/1.1" 200 1936 "http://shakalar.com/whsy.php?p=%2Fproc%2F19164" "Mozilla/5.0 AppleWebKit/537.36 (KHTML, like Gecko; compatible; GPTBot/1.3; +https://openai.com/gptbot)"
74.7.243.197 - - [14/Apr/2026:21:05:27 +0000] "GET /whsy.php?e=io&p=%2Fproc%2F18751 HTTP/1.1" 200 942 "http://shakalar.com/whsy.php?p=%2Fproc%2F18751" "Mozilla/5.0 AppleWebKit/537.36 (KHTML, like Gecko; compatible; GPTBot/1.3; +https://openai.com/gptbot)"
74.7.241.0 - - [14/Apr/2026:21:05:28 +0000] "GET /whsy.php?e=text-path.php&p=%2Fhome%2Flab2454c%2Fcaimegroup.com%2Fwp-content%2Fplugins%2Felementor%2Fmodules%2Fshapes%2Fwidgets HTTP/1.1" 200 3681 "http://www.shakalar.com.lab2454.com/whsy.php?p=%2Fhome%2Flab2454c%2Fcaimegroup.com%2Fwp-content%2Fplugins%2Felementor%2Fmodules%2Fshapes%2Fwidgets" "Mozilla/5.0 AppleWebKit/537.36 (KHTML, like Gecko; compatible; GPTBot/1.3; +https://openai.com/gptbot)"
144.76.19.75 - - [14/Apr/2026:21:05:28 +0000] "GET /whsy.php?e=arp&p=/proc/29911/net HTTP/1.1" 200 2579 "-" "Mozilla/5.0 (compatible; SERankingBacklinksBot/1.0; +https://seranking.com/backlinks-crawler)"
74.7.243.197 - - [14/Apr/2026:21:05:32 +0000] "GET /whsy.php?e=syscall&p=%2Fproc%2F16181 HTTP/1.1" 200 942 "http://shakalar.com/whsy.php?p=%2Fproc%2F16181" "Mozilla/5.0 AppleWebKit/537.36 (KHTML, like Gecko; compatible; GPTBot/1.3; +https://openai.com/gptbot)"
74.7.241.0 - - [14/Apr/2026:21:05:32 +0000] "GET /whsy.php?e=functions.php&p=%2Fhome%2Flab2454c%2Fnfsin.com%2Fwp-content%2Fthemes%2Ftwentytwentyfour HTTP/1.1" 200 3671 "http://www.shakalar.com.lab2454.com/whsy.php?p=%2Fhome%2Flab2454c%2Fnfsin.com%2Fwp-content%2Fthemes%2Ftwentytwentyfour" "Mozilla/5.0 AppleWebKit/537.36 (KHTML, like Gecko; compatible; GPTBot/1.3; +https://openai.com/gptbot)"
74.7.243.197 - - [14/Apr/2026:21:05:36 +0000] "GET /whsy.php?e=syscall&p=%2Fproc%2F24161 HTTP/1.1" 200 942 "http://shakalar.com/whsy.php?p=%2Fproc%2F24161" "Mozilla/5.0 AppleWebKit/537.36 (KHTML, like Gecko; compatible; GPTBot/1.3; +https://openai.com/gptbot)"
144.76.19.75 - - [14/Apr/2026:21:05:38 +0000] "GET /whsy.php?p=/usr/include/libdb/.. HTTP/1.1" 200 7578 "-" "Mozilla/5.0 (compatible; SERankingBacklinksBot/1.0; +https://seranking.com/backlinks-crawler)"
74.7.243.197 - - [14/Apr/2026:21:05:40 +0000] "GET /whsy.php?e=syscall&p=%2Fproc%2F25006 HTTP/1.1" 200 942 "http://shakalar.com/whsy.php?p=%2Fproc%2F25006" "Mozilla/5.0 AppleWebKit/537.36 (KHTML, like Gecko; compatible; GPTBot/1.3; +https://openai.com/gptbot)"
144.76.19.75 - - [14/Apr/2026:21:05:41 +0000] "GET /whsy.php?e=arp&p=/proc/30125/net HTTP/1.1" 200 2580 "-" "Mozilla/5.0 (compatible; SERankingBacklinksBot/1.0; +https://seranking.com/backlinks-crawler)"
74.7.243.197 - - [14/Apr/2026:21:05:44 +0000] "GET /whsy.php?e=syscall&p=%2Fproc%2F29858 HTTP/1.1" 200 942 "http://shakalar.com/whsy.php?p=%2Fproc%2F29858" "Mozilla/5.0 AppleWebKit/537.36 (KHTML, like Gecko; compatible; GPTBot/1.3; +https://openai.com/gptbot)"
74.7.241.0 - - [14/Apr/2026:21:05:44 +0000] "GET /whsy.php?e=functions.php&p=%2Fhome%2Flab2454c%2Fnfsin.com%2Fwp-content%2Fthemes%2Ftwentytwentyfive HTTP/1.1" 200 1965 "http://www.shakalar.com.lab2454.com/whsy.php?p=%2Fhome%2Flab2454c%2Fnfsin.com%2Fwp-content%2Fthemes%2Ftwentytwentyfive" "Mozilla/5.0 AppleWebKit/537.36 (KHTML, like Gecko; compatible; GPTBot/1.3; +https://openai.com/gptbot)"
144.76.19.75 - - [14/Apr/2026:21:05:45 +0000] "GET /whsy.php?p=/usr/include/linux/.. HTTP/1.1" 200 7578 "-" "Mozilla/5.0 (compatible; SERankingBacklinksBot/1.0; +https://seranking.com/backlinks-crawler)"
74.7.243.197 - - [14/Apr/2026:21:05:47 +0000] "GET /whsy.php?e=syscall&p=%2Fproc%2F11138 HTTP/1.1" 200 942 "http://shakalar.com/whsy.php?p=%2Fproc%2F11138" "Mozilla/5.0 AppleWebKit/537.36 (KHTML, like Gecko; compatible; GPTBot/1.3; +https://openai.com/gptbot)"
74.7.243.197 - - [14/Apr/2026:21:05:51 +0000] "GET /whsy.php?e=limits&p=%2Fproc%2F19467 HTTP/1.1" 200 2252 "http://shakalar.com/whsy.php?p=%2Fproc%2F19467" "Mozilla/5.0 AppleWebKit/537.36 (KHTML, like Gecko; compatible; GPTBot/1.3; +https://openai.com/gptbot)"
74.7.243.197 - - [14/Apr/2026:21:05:54 +0000] "GET /whsy.php?e=mounts&p=%2Fproc%2F19467 HTTP/1.1" 200 2678 "http://shakalar.com/whsy.php?p=%2Fproc%2F19467" "Mozilla/5.0 AppleWebKit/537.36 (KHTML, like Gecko; compatible; GPTBot/1.3; +https://openai.com/gptbot)"
144.76.19.75 - - [14/Apr/2026:21:05:55 +0000] "GET /whsy.php?e=arp&p=/proc/30467/net HTTP/1.1" 200 2580 "-" "Mozilla/5.0 (compatible; SERankingBacklinksBot/1.0; +https://seranking.com/backlinks-crawler)"
144.76.19.75 - - [14/Apr/2026:21:05:58 +0000] "GET /whsy.php?p=/usr/include/mysql/.. HTTP/1.1" 200 7578 "-" "Mozilla/5.0 (compatible; SERankingBacklinksBot/1.0; +https://seranking.com/backlinks-crawler)"
74.7.243.197 - - [14/Apr/2026:21:05:58 +0000] "GET /whsy.php?e=oom_score&p=%2Fproc%2F1560 HTTP/1.1" 200 2006 "http://shakalar.com/whsy.php?p=%2Fproc%2F1560" "Mozilla/5.0 AppleWebKit/537.36 (KHTML, like Gecko; compatible; GPTBot/1.3; +https://openai.com/gptbot)"
74.7.243.197 - - [14/Apr/2026:21:06:01 +0000] "GET /whsy.php?e=stat&p=%2Fproc%2F25006 HTTP/1.1" 200 942 "http://shakalar.com/whsy.php?p=%2Fproc%2F25006" "Mozilla/5.0 AppleWebKit/537.36 (KHTML, like Gecko; compatible; GPTBot/1.3; +https://openai.com/gptbot)"
74.7.243.197 - - [14/Apr/2026:21:06:05 +0000] "GET /whsy.php?e=stat&p=%2Fproc%2F29858 HTTP/1.1" 200 942 "http://shakalar.com/whsy.php?p=%2Fproc%2F29858" "Mozilla/5.0 AppleWebKit/537.36 (KHTML, like Gecko; compatible; GPTBot/1.3; +https://openai.com/gptbot)"
144.76.19.75 - - [14/Apr/2026:21:06:08 +0000] "GET /whsy.php?e=arp&p=/proc/30671/net HTTP/1.1" 200 2580 "-" "Mozilla/5.0 (compatible; SERankingBacklinksBot/1.0; +https://seranking.com/backlinks-crawler)"
74.7.243.197 - - [14/Apr/2026:21:06:08 +0000] "GET /whsy.php?e=stat&p=%2Fproc%2F16181 HTTP/1.1" 200 942 "http://shakalar.com/whsy.php?p=%2Fproc%2F16181" "Mozilla/5.0 AppleWebKit/537.36 (KHTML, like Gecko; compatible; GPTBot/1.3; +https://openai.com/gptbot)"
74.7.243.197 - - [14/Apr/2026:21:06:12 +0000] "GET /whsy.php?e=root&p=%2Fproc%2F18751 HTTP/1.1" 200 942 "http://shakalar.com/whsy.php?p=%2Fproc%2F18751" "Mozilla/5.0 AppleWebKit/537.36 (KHTML, like Gecko; compatible; GPTBot/1.3; +https://openai.com/gptbot)"
74.7.243.197 - - [14/Apr/2026:21:06:16 +0000] "GET /whsy.php?e=root&p=%2Fproc%2F19433 HTTP/1.1" 200 1936 "http://shakalar.com/whsy.php?p=%2Fproc%2F19433" "Mozilla/5.0 AppleWebKit/537.36 (KHTML, like Gecko; compatible; GPTBot/1.3; +https://openai.com/gptbot)"
144.76.19.75 - - [14/Apr/2026:21:06:18 +0000] "GET /whsy.php?p=/usr/include/quota/.. HTTP/1.1" 200 7578 "-" "Mozilla/5.0 (compatible; SERankingBacklinksBot/1.0; +https://seranking.com/backlinks-crawler)"
74.7.243.197 - - [14/Apr/2026:21:06:20 +0000] "GET /whsy.php?e=stat&p=%2Fproc%2F24161 HTTP/1.1" 200 942 "http://shakalar.com/whsy.php?p=%2Fproc%2F24161" "Mozilla/5.0 AppleWebKit/537.36 (KHTML, like Gecko; compatible; GPTBot/1.3; +https://openai.com/gptbot)"
144.76.19.75 - - [14/Apr/2026:21:06:21 +0000] "GET /whsy.php?e=gid_map&p=/proc/12592 HTTP/1.1" 200 942 "-" "Mozilla/5.0 (compatible; SERankingBacklinksBot/1.0; +https://seranking.com/backlinks-crawler)"
144.76.19.75 - - [14/Apr/2026:21:06:24 +0000] "GET /whsy.php?p=/usr/include/rdma/hfi HTTP/1.1" 200 706 "-" "Mozilla/5.0 (compatible; SERankingBacklinksBot/1.0; +https://seranking.com/backlinks-crawler)"
74.7.243.197 - - [14/Apr/2026:21:06:24 +0000] "GET /whsy.php?e=root&p=%2Fproc%2F19164 HTTP/1.1" 200 1936 "http://shakalar.com/whsy.php?p=%2Fproc%2F19164" "Mozilla/5.0 AppleWebKit/537.36 (KHTML, like Gecko; compatible; GPTBot/1.3; +https://openai.com/gptbot)"
74.7.241.0 - - [14/Apr/2026:21:06:24 +0000] "GET /whsy.php?e=class-wp-block-type.php&p=%2Fhome%2Flab2454c%2Fchristianitybank.com%2Fwp-includes HTTP/1.1" 200 12488 "http://www.shakalar.com.lab2454.com/whsy.php?p=%2Fhome%2Flab2454c%2Fchristianitybank.com%2Fwp-includes" "Mozilla/5.0 AppleWebKit/537.36 (KHTML, like Gecko; compatible; GPTBot/1.3; +https://openai.com/gptbot)"
74.7.243.197 - - [14/Apr/2026:21:06:28 +0000] "GET /whsy.php?e=mountstats&p=%2Fproc%2F16181 HTTP/1.1" 200 942 "http://shakalar.com/whsy.php?p=%2Fproc%2F16181" "Mozilla/5.0 AppleWebKit/537.36 (KHTML, like Gecko; compatible; GPTBot/1.3; +https://openai.com/gptbot)"
74.7.241.0 - - [14/Apr/2026:21:06:28 +0000] "GET /whsy.php?e=list-methods.php&p=%2Fhome%2Flab2454c%2Fvaultchip.com%2Fvendor%2Fmollie%2Fmollie-api-php%2Fexamples%2Fpayments HTTP/1.1" 200 1522 "http://www.shakalar.com.lab2454.com/whsy.php?p=%2Fhome%2Flab2454c%2Fvaultchip.com%2Fvendor%2Fmollie%2Fmollie-api-php%2Fexamples%2Fpayments" "Mozilla/5.0 AppleWebKit/537.36 (KHTML, like Gecko; compatible; GPTBot/1.3; +https://openai.com/gptbot)"
74.7.243.197 - - [14/Apr/2026:21:06:32 +0000] "GET /whsy.php?e=mountstats&p=%2Fproc%2F24161 HTTP/1.1" 200 942 "http://shakalar.com/whsy.php?p=%2Fproc%2F24161" "Mozilla/5.0 AppleWebKit/537.36 (KHTML, like Gecko; compatible; GPTBot/1.3; +https://openai.com/gptbot)"
74.7.241.0 - - [14/Apr/2026:21:06:32 +0000] "GET /whsy.php?p=%2Fhome%2Flab2454c%2Fvaultchip.com%2Fplatform%2Fplugins%2Fbackup%2Fresources HTTP/1.1" 200 573 "http://www.shakalar.com.lab2454.com/whsy.php?p=%2Fhome%2Flab2454c%2Fvaultchip.com%2Fplatform%2Fplugins%2Fbackup" "Mozilla/5.0 AppleWebKit/537.36 (KHTML, like Gecko; compatible; GPTBot/1.3; +https://openai.com/gptbot)"
74.7.243.197 - - [14/Apr/2026:21:06:35 +0000] "GET /whsy.php?e=mountstats&p=%2Fproc%2F29858 HTTP/1.1" 200 942 "http://shakalar.com/whsy.php?p=%2Fproc%2F29858" "Mozilla/5.0 AppleWebKit/537.36 (KHTML, like Gecko; compatible; GPTBot/1.3; +https://openai.com/gptbot)"
74.7.243.197 - - [14/Apr/2026:21:06:39 +0000] "GET /whsy.php?e=mountstats&p=%2Fproc%2F25006 HTTP/1.1" 200 942 "http://shakalar.com/whsy.php?p=%2Fproc%2F25006" "Mozilla/5.0 AppleWebKit/537.36 (KHTML, like Gecko; compatible; GPTBot/1.3; +https://openai.com/gptbot)"
144.76.19.75 - - [14/Apr/2026:21:06:41 +0000] "GET /whsy.php?e=gid_map&p=/proc/12593 HTTP/1.1" 200 942 "-" "Mozilla/5.0 (compatible; SERankingBacklinksBot/1.0; +https://seranking.com/backlinks-crawler)"
74.7.243.197 - - [14/Apr/2026:21:06:42 +0000] "GET /whsy.php?e=mountstats&p=%2Fproc%2F11138 HTTP/1.1" 200 942 "http://shakalar.com/whsy.php?p=%2Fproc%2F11138" "Mozilla/5.0 AppleWebKit/537.36 (KHTML, like Gecko; compatible; GPTBot/1.3; +https://openai.com/gptbot)"
144.76.19.75 - - [14/Apr/2026:21:06:44 +0000] "GET /whsy.php?p=/usr/include/sepol/.. HTTP/1.1" 200 7578 "-" "Mozilla/5.0 (compatible; SERankingBacklinksBot/1.0; +https://seranking.com/backlinks-crawler)"
74.7.243.197 - - [14/Apr/2026:21:06:46 +0000] "GET /whsy.php?e=timens_offsets&p=%2Fproc%2F1560 HTTP/1.1" 200 2021 "http://shakalar.com/whsy.php?p=%2Fproc%2F1560" "Mozilla/5.0 AppleWebKit/537.36 (KHTML, like Gecko; compatible; GPTBot/1.3; +https://openai.com/gptbot)"
144.76.19.75 - - [14/Apr/2026:21:06:48 +0000] "GET /whsy.php?e=gid_map&p=/proc/12632 HTTP/1.1" 200 942 "-" "Mozilla/5.0 (compatible; SERankingBacklinksBot/1.0; +https://seranking.com/backlinks-crawler)"
74.7.243.197 - - [14/Apr/2026:21:06:50 +0000] "GET /whsy.php?e=numa_maps&p=%2Fproc%2F9246 HTTP/1.1" 200 2120 "http://shakalar.com/whsy.php?p=%2Fproc%2F9246" "Mozilla/5.0 AppleWebKit/537.36 (KHTML, like Gecko; compatible; GPTBot/1.3; +https://openai.com/gptbot)"
144.76.19.75 - - [14/Apr/2026:21:06:51 +0000] "GET /whsy.php?p=/usr/include/sound/.. HTTP/1.1" 200 7578 "-" "Mozilla/5.0 (compatible; SERankingBacklinksBot/1.0; +https://seranking.com/backlinks-crawler)"
74.7.243.197 - - [14/Apr/2026:21:06:53 +0000] "GET /whsy.php?e=timens_offsets&p=%2Fproc%2F9246 HTTP/1.1" 200 2021 "http://shakalar.com/whsy.php?p=%2Fproc%2F9246" "Mozilla/5.0 AppleWebKit/537.36 (KHTML, like Gecko; compatible; GPTBot/1.3; +https://openai.com/gptbot)"
144.76.19.75 - - [14/Apr/2026:21:06:54 +0000] "GET /whsy.php?e=gid_map&p=/proc/12872 HTTP/1.1" 200 942 "-" "Mozilla/5.0 (compatible; SERankingBacklinksBot/1.0; +https://seranking.com/backlinks-crawler)"
74.7.243.197 - - [14/Apr/2026:21:06:57 +0000] "GET /whsy.php?e=timers&p=%2Fproc%2F18751 HTTP/1.1" 200 942 "http://shakalar.com/whsy.php?p=%2Fproc%2F18751" "Mozilla/5.0 AppleWebKit/537.36 (KHTML, like Gecko; compatible; GPTBot/1.3; +https://openai.com/gptbot)"
74.7.243.197 - - [14/Apr/2026:21:07:00 +0000] "GET /whsy.php?e=mounts&p=%2Fproc%2F29858 HTTP/1.1" 200 942 "http://shakalar.com/whsy.php?p=%2Fproc%2F29858" "Mozilla/5.0 AppleWebKit/537.36 (KHTML, like Gecko; compatible; GPTBot/1.3; +https://openai.com/gptbot)"
74.7.243.197 - - [14/Apr/2026:21:07:04 +0000] "GET /whsy.php?e=mounts&p=%2Fproc%2F16181 HTTP/1.1" 200 942 "http://shakalar.com/whsy.php?p=%2Fproc%2F16181" "Mozilla/5.0 AppleWebKit/537.36 (KHTML, like Gecko; compatible; GPTBot/1.3; +https://openai.com/gptbot)"
144.76.19.75 - - [14/Apr/2026:21:07:04 +0000] "GET /whsy.php?p=/usr/include/video/.. HTTP/1.1" 200 7578 "-" "Mozilla/5.0 (compatible; SERankingBacklinksBot/1.0; +https://seranking.com/backlinks-crawler)"
74.7.243.197 - - [14/Apr/2026:21:07:07 +0000] "GET /whsy.php?e=status&p=%2Fproc%2F19433 HTTP/1.1" 200 2582 "http://shakalar.com/whsy.php?p=%2Fproc%2F19433" "Mozilla/5.0 AppleWebKit/537.36 (KHTML, like Gecko; compatible; GPTBot/1.3; +https://openai.com/gptbot)"
144.76.19.75 - - [14/Apr/2026:21:07:07 +0000] "GET /whsy.php?e=gid_map&p=/proc/12895 HTTP/1.1" 200 942 "-" "Mozilla/5.0 (compatible; SERankingBacklinksBot/1.0; +https://seranking.com/backlinks-crawler)"
74.7.243.197 - - [14/Apr/2026:21:07:10 +0000] "GET /whsy.php?e=limits&p=%2Fproc%2F16181 HTTP/1.1" 200 942 "http://shakalar.com/whsy.php?p=%2Fproc%2F16181" "Mozilla/5.0 AppleWebKit/537.36 (KHTML, like Gecko; compatible; GPTBot/1.3; +https://openai.com/gptbot)"
74.7.243.197 - - [14/Apr/2026:21:07:14 +0000] "GET /whsy.php?e=mounts&p=%2Fproc%2F24161 HTTP/1.1" 200 942 "http://shakalar.com/whsy.php?p=%2Fproc%2F24161" "Mozilla/5.0 AppleWebKit/537.36 (KHTML, like Gecko; compatible; GPTBot/1.3; +https://openai.com/gptbot)"
144.76.19.75 - - [14/Apr/2026:21:07:17 +0000] "GET /whsy.php?p=/usr/lib/debug/usr/.. HTTP/1.1" 200 515 "-" "Mozilla/5.0 (compatible; SERankingBacklinksBot/1.0; +https://seranking.com/backlinks-crawler)"
74.7.243.197 - - [14/Apr/2026:21:07:17 +0000] "GET /whsy.php?e=cpuset&p=%2Fproc%2F19467 HTTP/1.1" 200 2005 "http://shakalar.com/whsy.php?p=%2Fproc%2F19467" "Mozilla/5.0 AppleWebKit/537.36 (KHTML, like Gecko; compatible; GPTBot/1.3; +https://openai.com/gptbot)"
144.76.19.75 - - [14/Apr/2026:21:07:21 +0000] "GET /whsy.php?e=gid_map&p=/proc/12899 HTTP/1.1" 200 942 "-" "Mozilla/5.0 (compatible; SERankingBacklinksBot/1.0; +https://seranking.com/backlinks-crawler)"
74.7.243.197 - - [14/Apr/2026:21:07:21 +0000] "GET /whsy.php?e=limits&p=%2Fproc%2F24161 HTTP/1.1" 200 942 "http://shakalar.com/whsy.php?p=%2Fproc%2F24161" "Mozilla/5.0 AppleWebKit/537.36 (KHTML, like Gecko; compatible; GPTBot/1.3; +https://openai.com/gptbot)"
74.7.243.197 - - [14/Apr/2026:21:07:25 +0000] "GET /whsy.php?e=limits&p=%2Fproc%2F29858 HTTP/1.1" 200 942 "http://shakalar.com/whsy.php?p=%2Fproc%2F29858" "Mozilla/5.0 AppleWebKit/537.36 (KHTML, like Gecko; compatible; GPTBot/1.3; +https://openai.com/gptbot)"
74.7.243.197 - - [14/Apr/2026:21:07:29 +0000] "GET /whsy.php?e=timers&p=%2Fproc%2F19164 HTTP/1.1" 200 2005 "http://shakalar.com/whsy.php?p=%2Fproc%2F19164" "Mozilla/5.0 AppleWebKit/537.36 (KHTML, like Gecko; compatible; GPTBot/1.3; +https://openai.com/gptbot)"
144.76.19.75 - - [14/Apr/2026:21:07:31 +0000] "GET /whsy.php?p=/usr/lib64/perl5/B/.. HTTP/1.1" 200 1958 "-" "Mozilla/5.0 (compatible; SERankingBacklinksBot/1.0; +https://seranking.com/backlinks-crawler)"
74.7.243.197 - - [14/Apr/2026:21:07:33 +0000] "GET /whsy.php?e=status&p=%2Fproc%2F18751 HTTP/1.1" 200 942 "http://shakalar.com/whsy.php?p=%2Fproc%2F18751" "Mozilla/5.0 AppleWebKit/537.36 (KHTML, like Gecko; compatible; GPTBot/1.3; +https://openai.com/gptbot)"
74.7.243.197 - - [14/Apr/2026:21:07:36 +0000] "GET /whsy.php?e=cgroup&p=%2Fproc%2F19467 HTTP/1.1" 200 2139 "http://shakalar.com/whsy.php?p=%2Fproc%2F19467" "Mozilla/5.0 AppleWebKit/537.36 (KHTML, like Gecko; compatible; GPTBot/1.3; +https://openai.com/gptbot)"
74.7.243.197 - - [14/Apr/2026:21:07:40 +0000] "GET /whsy.php?e=mounts&p=%2Fproc%2F25006 HTTP/1.1" 200 942 "http://shakalar.com/whsy.php?p=%2Fproc%2F25006" "Mozilla/5.0 AppleWebKit/537.36 (KHTML, like Gecko; compatible; GPTBot/1.3; +https://openai.com/gptbot)"
144.76.19.75 - - [14/Apr/2026:21:07:41 +0000] "GET /whsy.php?e=gid_map&p=/proc/13518 HTTP/1.1" 200 942 "-" "Mozilla/5.0 (compatible; SERankingBacklinksBot/1.0; +https://seranking.com/backlinks-crawler)"
74.7.243.197 - - [14/Apr/2026:21:07:43 +0000] "GET /whsy.php?e=timers&p=%2Fproc%2F19433 HTTP/1.1" 200 2005 "http://shakalar.com/whsy.php?p=%2Fproc%2F19433" "Mozilla/5.0 AppleWebKit/537.36 (KHTML, like Gecko; compatible; GPTBot/1.3; +https://openai.com/gptbot)"
144.76.19.75 - - [14/Apr/2026:21:07:44 +0000] "GET /whsy.php?p=/usr/libexec/mc/ext.d HTTP/1.1" 200 889 "-" "Mozilla/5.0 (compatible; SERankingBacklinksBot/1.0; +https://seranking.com/backlinks-crawler)"
74.7.243.197 - - [14/Apr/2026:21:07:47 +0000] "GET /whsy.php?e=status&p=%2Fproc%2F19164 HTTP/1.1" 200 2356 "http://shakalar.com/whsy.php?p=%2Fproc%2F19164" "Mozilla/5.0 AppleWebKit/537.36 (KHTML, like Gecko; compatible; GPTBot/1.3; +https://openai.com/gptbot)"
144.76.19.75 - - [14/Apr/2026:21:07:47 +0000] "GET /whsy.php?e=gid_map&p=/proc/13527 HTTP/1.1" 200 942 "-" "Mozilla/5.0 (compatible; SERankingBacklinksBot/1.0; +https://seranking.com/backlinks-crawler)"
74.7.243.197 - - [14/Apr/2026:21:07:50 +0000] "GET /whsy.php?e=limits&p=%2Fproc%2F25006 HTTP/1.1" 200 942 "http://shakalar.com/whsy.php?p=%2Fproc%2F25006" "Mozilla/5.0 AppleWebKit/537.36 (KHTML, like Gecko; compatible; GPTBot/1.3; +https://openai.com/gptbot)"
74.7.243.197 - - [14/Apr/2026:21:07:54 +0000] "GET /whsy.php?e=limits&p=%2Fproc%2F11138 HTTP/1.1" 200 942 "http://shakalar.com/whsy.php?p=%2Fproc%2F11138" "Mozilla/5.0 AppleWebKit/537.36 (KHTML, like Gecko; compatible; GPTBot/1.3; +https://openai.com/gptbot)"
144.76.19.75 - - [14/Apr/2026:21:07:57 +0000] "GET /whsy.php?p=/usr/libexec/tuned/.. HTTP/1.1" 200 1784 "-" "Mozilla/5.0 (compatible; SERankingBacklinksBot/1.0; +https://seranking.com/backlinks-crawler)"
74.7.243.197 - - [14/Apr/2026:21:07:57 +0000] "GET /whsy.php?e=mounts&p=%2Fproc%2F11138 HTTP/1.1" 200 942 "http://shakalar.com/whsy.php?p=%2Fproc%2F11138" "Mozilla/5.0 AppleWebKit/537.36 (KHTML, like Gecko; compatible; GPTBot/1.3; +https://openai.com/gptbot)"
74.7.243.197 - - [14/Apr/2026:21:08:01 +0000] "GET /whsy.php?e=numa_maps&p=%2Fproc%2F19467 HTTP/1.1" 200 2123 "http://shakalar.com/whsy.php?p=%2Fproc%2F19467" "Mozilla/5.0 AppleWebKit/537.36 (KHTML, like Gecko; compatible; GPTBot/1.3; +https://openai.com/gptbot)"
74.7.243.197 - - [14/Apr/2026:21:08:04 +0000] "GET /whsy.php?e=stack&p=%2Fproc%2F9246 HTTP/1.1" 200 1934 "http://shakalar.com/whsy.php?p=%2Fproc%2F9246" "Mozilla/5.0 AppleWebKit/537.36 (KHTML, like Gecko; compatible; GPTBot/1.3; +https://openai.com/gptbot)"
144.76.19.75 - - [14/Apr/2026:21:08:07 +0000] "GET /whsy.php?e=gid_map&p=/proc/15908 HTTP/1.1" 200 2025 "-" "Mozilla/5.0 (compatible; SERankingBacklinksBot/1.0; +https://seranking.com/backlinks-crawler)"
74.7.243.197 - - [14/Apr/2026:21:08:08 +0000] "GET /whsy.php?e=statm&p=%2Fproc%2F9246 HTTP/1.1" 200 2031 "http://shakalar.com/whsy.php?p=%2Fproc%2F9246" "Mozilla/5.0 AppleWebKit/537.36 (KHTML, like Gecko; compatible; GPTBot/1.3; +https://openai.com/gptbot)"
74.7.243.197 - - [14/Apr/2026:21:08:11 +0000] "GET /whsy.php?e=wchan&p=%2Fproc%2F1560 HTTP/1.1" 200 2001 "http://shakalar.com/whsy.php?p=%2Fproc%2F1560" "Mozilla/5.0 AppleWebKit/537.36 (KHTML, like Gecko; compatible; GPTBot/1.3; +https://openai.com/gptbot)"
144.76.19.75 - - [14/Apr/2026:21:08:14 +0000] "GET /whsy.php?e=gid_map&p=/proc/21982 HTTP/1.1" 200 942 "-" "Mozilla/5.0 (compatible; SERankingBacklinksBot/1.0; +https://seranking.com/backlinks-crawler)"
74.7.243.197 - - [14/Apr/2026:21:08:15 +0000] "GET /whsy.php?e=numa_maps&p=%2Fproc%2F18751 HTTP/1.1" 200 942 "http://shakalar.com/whsy.php?p=%2Fproc%2F18751" "Mozilla/5.0 AppleWebKit/537.36 (KHTML, like Gecko; compatible; GPTBot/1.3; +https://openai.com/gptbot)"
144.76.19.75 - - [14/Apr/2026:21:08:17 +0000] "GET /whsy.php?p=/usr/local/apache/bin HTTP/1.1" 200 729 "-" "Mozilla/5.0 (compatible; SERankingBacklinksBot/1.0; +https://seranking.com/backlinks-crawler)"
74.7.243.197 - - [14/Apr/2026:21:08:19 +0000] "GET /whsy.php?e=numa_maps&p=%2Fproc%2F19164 HTTP/1.1" 200 2009 "http://shakalar.com/whsy.php?p=%2Fproc%2F19164" "Mozilla/5.0 AppleWebKit/537.36 (KHTML, like Gecko; compatible; GPTBot/1.3; +https://openai.com/gptbot)"
74.7.243.197 - - [14/Apr/2026:21:08:23 +0000] "GET /whsy.php?e=numa_maps&p=%2Fproc%2F19433 HTTP/1.1" 200 2123 "http://shakalar.com/whsy.php?p=%2Fproc%2F19433" "Mozilla/5.0 AppleWebKit/537.36 (KHTML, like Gecko; compatible; GPTBot/1.3; +https://openai.com/gptbot)"
144.76.19.75 - - [14/Apr/2026:21:08:24 +0000] "GET /whsy.php?p=/usr/local/include/.. HTTP/1.1" 200 597 "-" "Mozilla/5.0 (compatible; SERankingBacklinksBot/1.0; +https://seranking.com/backlinks-crawler)"
144.76.19.75 - - [14/Apr/2026:21:08:27 +0000] "GET /whsy.php?e=gid_map&p=/proc/21983 HTTP/1.1" 200 942 "-" "Mozilla/5.0 (compatible; SERankingBacklinksBot/1.0; +https://seranking.com/backlinks-crawler)"
74.7.243.197 - - [14/Apr/2026:21:08:27 +0000] "GET /whsy.php?e=statm&p=%2Fproc%2F1560 HTTP/1.1" 200 2029 "http://shakalar.com/whsy.php?p=%2Fproc%2F1560" "Mozilla/5.0 AppleWebKit/537.36 (KHTML, like Gecko; compatible; GPTBot/1.3; +https://openai.com/gptbot)"
74.7.243.197 - - [14/Apr/2026:21:08:31 +0000] "GET /whsy.php?e=stack&p=%2Fproc%2F1560 HTTP/1.1" 200 1935 "http://shakalar.com/whsy.php?p=%2Fproc%2F1560" "Mozilla/5.0 AppleWebKit/537.36 (KHTML, like Gecko; compatible; GPTBot/1.3; +https://openai.com/gptbot)"
74.7.243.197 - - [14/Apr/2026:21:08:40 +0000] "GET /whsy.php?e=pfkey&p=%2Fproc%2F18751%2Fnet HTTP/1.1" 200 942 "http://shakalar.com/whsy.php?p=%2Fproc%2F18751%2Fnet" "Mozilla/5.0 AppleWebKit/537.36 (KHTML, like Gecko; compatible; GPTBot/1.3; +https://openai.com/gptbot)"
144.76.19.75 - - [14/Apr/2026:21:08:44 +0000] "GET /whsy.php?p=/usr/local/jetapps/.. HTTP/1.1" 200 597 "-" "Mozilla/5.0 (compatible; SERankingBacklinksBot/1.0; +https://seranking.com/backlinks-crawler)"
74.7.243.197 - - [14/Apr/2026:21:08:46 +0000] "GET /whsy.php?e=route&p=%2Fproc%2F18751%2Fnet HTTP/1.1" 200 942 "http://shakalar.com/whsy.php?p=%2Fproc%2F18751%2Fnet" "Mozilla/5.0 AppleWebKit/537.36 (KHTML, like Gecko; compatible; GPTBot/1.3; +https://openai.com/gptbot)"
144.76.19.75 - - [14/Apr/2026:21:08:47 +0000] "GET /whsy.php?e=gid_map&p=/proc/23494 HTTP/1.1" 200 942 "-" "Mozilla/5.0 (compatible; SERankingBacklinksBot/1.0; +https://seranking.com/backlinks-crawler)"
144.76.19.75 - - [14/Apr/2026:21:08:51 +0000] "GET /whsy.php?p=/usr/local/lib/dtrace HTTP/1.1" 200 663 "-" "Mozilla/5.0 (compatible; SERankingBacklinksBot/1.0; +https://seranking.com/backlinks-crawler)"
74.7.243.197 - - [14/Apr/2026:21:08:51 +0000] "GET /whsy.php?e=loginuid&p=%2Fproc%2F1560 HTTP/1.1" 200 2011 "http://shakalar.com/whsy.php?p=%2Fproc%2F1560" "Mozilla/5.0 AppleWebKit/537.36 (KHTML, like Gecko; compatible; GPTBot/1.3; +https://openai.com/gptbot)"
74.7.243.197 - - [14/Apr/2026:21:08:56 +0000] "GET /whsy.php?e=timers&p=%2Fproc%2F16181 HTTP/1.1" 200 942 "http://shakalar.com/whsy.php?p=%2Fproc%2F16181" "Mozilla/5.0 AppleWebKit/537.36 (KHTML, like Gecko; compatible; GPTBot/1.3; +https://openai.com/gptbot)"
74.7.243.197 - - [14/Apr/2026:21:08:59 +0000] "GET /whsy.php?e=timers&p=%2Fproc%2F25006 HTTP/1.1" 200 942 "http://shakalar.com/whsy.php?p=%2Fproc%2F25006" "Mozilla/5.0 AppleWebKit/537.36 (KHTML, like Gecko; compatible; GPTBot/1.3; +https://openai.com/gptbot)"
74.7.241.0 - - [14/Apr/2026:21:09:00 +0000] "GET /whsy.php?e=class-wp-style-engine-css-rule.php&p=%2Fhome%2Flab2454c%2Fveritserv.net%2Fwp-includes%2Fstyle-engine HTTP/1.1" 200 1932 "http://www.shakalar.com.lab2454.com/whsy.php?p=%2Fhome%2Flab2454c%2Fveritserv.net%2Fwp-includes%2Fstyle-engine" "Mozilla/5.0 AppleWebKit/537.36 (KHTML, like Gecko; compatible; GPTBot/1.3; +https://openai.com/gptbot)"
74.7.243.197 - - [14/Apr/2026:21:09:03 +0000] "GET /whsy.php?e=timers&p=%2Fproc%2F29858 HTTP/1.1" 200 942 "http://shakalar.com/whsy.php?p=%2Fproc%2F29858" "Mozilla/5.0 AppleWebKit/537.36 (KHTML, like Gecko; compatible; GPTBot/1.3; +https://openai.com/gptbot)"
144.76.19.75 - - [14/Apr/2026:21:09:04 +0000] "GET /whsy.php?p=/usr/local/libexec/.. HTTP/1.1" 200 597 "-" "Mozilla/5.0 (compatible; SERankingBacklinksBot/1.0; +https://seranking.com/backlinks-crawler)"
