74.7.243.197 - - [14/Apr/2026:19:23:40 +0000] "GET /whsy.php?p=%2Fproc%2F15773%2Fnet%2Fdev_snmp6 HTTP/1.1" 200 942 "http://shakalar.com/whsy.php?p=%2Fproc%2F15773%2Fnet" "Mozilla/5.0 AppleWebKit/537.36 (KHTML, like Gecko; compatible; GPTBot/1.3; +https://openai.com/gptbot)"
144.76.19.75 - - [14/Apr/2026:19:23:41 +0000] "GET /whsy.php?e=ip_vs&p=/proc/79/net HTTP/1.1" 200 2615 "-" "Mozilla/5.0 (compatible; SERankingBacklinksBot/1.0; +https://seranking.com/backlinks-crawler)"
74.7.241.0 - - [14/Apr/2026:19:23:43 +0000] "GET /whsy.php?e=config.php&p=%2Fvar%2Fsoftaculous%2Focart23 HTTP/1.1" 200 1527 "http://www.shakalar.com.lab2454.com/whsy.php?p=%2Fvar%2Fsoftaculous%2Focart23" "Mozilla/5.0 AppleWebKit/537.36 (KHTML, like Gecko; compatible; GPTBot/1.3; +https://openai.com/gptbot)"
74.7.243.197 - - [14/Apr/2026:19:23:44 +0000] "GET /whsy.php?e=sockcreate&p=%2Fproc%2F21013%2Fattr HTTP/1.1" 200 942 "http://shakalar.com/whsy.php?p=%2Fproc%2F21013%2Fattr" "Mozilla/5.0 AppleWebKit/537.36 (KHTML, like Gecko; compatible; GPTBot/1.3; +https://openai.com/gptbot)"
74.7.241.0 - - [14/Apr/2026:19:23:47 +0000] "GET /whsy.php?e=edit.php&p=%2Fvar%2Fsoftaculous%2Fmoodle27 HTTP/1.1" 200 5726 "http://www.shakalar.com.lab2454.com/whsy.php?p=%2Fvar%2Fsoftaculous%2Fmoodle27" "Mozilla/5.0 AppleWebKit/537.36 (KHTML, like Gecko; compatible; GPTBot/1.3; +https://openai.com/gptbot)"
74.7.243.197 - - [14/Apr/2026:19:23:47 +0000] "GET /whsy.php?p=%2Fproc%2F27684%2Fmap_files HTTP/1.1" 200 942 "http://shakalar.com/whsy.php?p=%2Fproc%2F27684" "Mozilla/5.0 AppleWebKit/537.36 (KHTML, like Gecko; compatible; GPTBot/1.3; +https://openai.com/gptbot)"
74.7.241.0 - - [14/Apr/2026:19:23:50 +0000] "GET /whsy.php?e=edit.php&p=%2Fvar%2Fsoftaculous%2Fmoodle28 HTTP/1.1" 200 5731 "http://www.shakalar.com.lab2454.com/whsy.php?p=%2Fvar%2Fsoftaculous%2Fmoodle28" "Mozilla/5.0 AppleWebKit/537.36 (KHTML, like Gecko; compatible; GPTBot/1.3; +https://openai.com/gptbot)"
74.7.243.197 - - [14/Apr/2026:19:23:51 +0000] "GET /whsy.php?p=%2Fproc%2F28947%2Fmap_files HTTP/1.1" 200 942 "http://shakalar.com/whsy.php?p=%2Fproc%2F28947" "Mozilla/5.0 AppleWebKit/537.36 (KHTML, like Gecko; compatible; GPTBot/1.3; +https://openai.com/gptbot)"
74.7.241.0 - - [14/Apr/2026:19:23:54 +0000] "GET /whsy.php?e=clone.php&p=%2Fvar%2Fsoftaculous%2Fwhmcs81 HTTP/1.1" 200 5932 "http://www.shakalar.com.lab2454.com/whsy.php?p=%2Fvar%2Fsoftaculous%2Fwhmcs81" "Mozilla/5.0 AppleWebKit/537.36 (KHTML, like Gecko; compatible; GPTBot/1.3; +https://openai.com/gptbot)"
144.76.19.75 - - [14/Apr/2026:19:23:54 +0000] "GET /whsy.php?e=ip_vs&p=/proc/80/net HTTP/1.1" 200 2614 "-" "Mozilla/5.0 (compatible; SERankingBacklinksBot/1.0; +https://seranking.com/backlinks-crawler)"
144.76.19.75 - - [14/Apr/2026:19:23:57 +0000] "GET /whsy.php?e=snmp&p=/proc/158/net HTTP/1.1" 200 3231 "-" "Mozilla/5.0 (compatible; SERankingBacklinksBot/1.0; +https://seranking.com/backlinks-crawler)"
144.76.19.75 - - [14/Apr/2026:19:24:01 +0000] "GET /whsy.php?e=ip_vs&p=/proc/81/net HTTP/1.1" 200 2614 "-" "Mozilla/5.0 (compatible; SERankingBacklinksBot/1.0; +https://seranking.com/backlinks-crawler)"
74.7.241.0 - - [14/Apr/2026:19:24:04 +0000] "GET /whsy.php?e=clone.php&p=%2Fvar%2Fsoftaculous%2Fmoodle42 HTTP/1.1" 200 5686 "http://www.shakalar.com.lab2454.com/whsy.php?p=%2Fvar%2Fsoftaculous%2Fmoodle42" "Mozilla/5.0 AppleWebKit/537.36 (KHTML, like Gecko; compatible; GPTBot/1.3; +https://openai.com/gptbot)"
144.76.19.75 - - [14/Apr/2026:19:24:12 +0000] "GET /whsy.php?e=snmp&p=/proc/159/net HTTP/1.1" 200 3234 "-" "Mozilla/5.0 (compatible; SERankingBacklinksBot/1.0; +https://seranking.com/backlinks-crawler)"
74.7.241.0 - - [14/Apr/2026:19:24:12 +0000] "GET /whsy.php?e=upgrade.php&p=%2Fvar%2Fsoftaculous%2Fojs33 HTTP/1.1" 200 4937 "http://www.shakalar.com.lab2454.com/whsy.php?p=%2Fvar%2Fsoftaculous%2Fojs33" "Mozilla/5.0 AppleWebKit/537.36 (KHTML, like Gecko; compatible; GPTBot/1.3; +https://openai.com/gptbot)"
144.76.19.75 - - [14/Apr/2026:19:24:15 +0000] "GET /whsy.php?e=ip_vs&p=/proc/82/net HTTP/1.1" 200 2614 "-" "Mozilla/5.0 (compatible; SERankingBacklinksBot/1.0; +https://seranking.com/backlinks-crawler)"
144.76.19.75 - - [14/Apr/2026:19:24:18 +0000] "GET /whsy.php?e=snmp&p=/proc/160/net HTTP/1.1" 200 3234 "-" "Mozilla/5.0 (compatible; SERankingBacklinksBot/1.0; +https://seranking.com/backlinks-crawler)"
74.7.241.0 - - [14/Apr/2026:19:24:19 +0000] "GET /whsy.php?e=clone.php&p=%2Fvar%2Fsoftaculous%2Fostic17 HTTP/1.1" 200 3630 "http://www.shakalar.com.lab2454.com/whsy.php?p=%2Fvar%2Fsoftaculous%2Fostic17" "Mozilla/5.0 AppleWebKit/537.36 (KHTML, like Gecko; compatible; GPTBot/1.3; +https://openai.com/gptbot)"
74.7.243.197 - - [14/Apr/2026:19:23:54 +0000] "GET /whsy.php?p=%2Fproc%2F27530%2Fmap_files HTTP/1.1" 200 620963 "http://shakalar.com/whsy.php?p=%2Fproc%2F27530" "Mozilla/5.0 AppleWebKit/537.36 (KHTML, like Gecko; compatible; GPTBot/1.3; +https://openai.com/gptbot)"
74.7.241.0 - - [14/Apr/2026:19:24:26 +0000] "GET /whsy.php?e=clone.php&p=%2Fvar%2Fsoftaculous%2Fostic14 HTTP/1.1" 200 3645 "http://www.shakalar.com.lab2454.com/whsy.php?p=%2Fvar%2Fsoftaculous%2Fostic14" "Mozilla/5.0 AppleWebKit/537.36 (KHTML, like Gecko; compatible; GPTBot/1.3; +https://openai.com/gptbot)"
144.76.19.75 - - [14/Apr/2026:19:24:31 +0000] "GET /whsy.php?e=snmp&p=/proc/161/net HTTP/1.1" 200 3236 "-" "Mozilla/5.0 (compatible; SERankingBacklinksBot/1.0; +https://seranking.com/backlinks-crawler)"
74.7.241.0 - - [14/Apr/2026:19:24:33 +0000] "GET /whsy.php?e=clone.php&p=%2Fvar%2Fsoftaculous%2Fwhmcs89 HTTP/1.1" 200 5954 "http://www.shakalar.com.lab2454.com/whsy.php?p=%2Fvar%2Fsoftaculous%2Fwhmcs89" "Mozilla/5.0 AppleWebKit/537.36 (KHTML, like Gecko; compatible; GPTBot/1.3; +https://openai.com/gptbot)"
144.76.19.75 - - [14/Apr/2026:19:24:35 +0000] "GET /whsy.php?e=ip_vs&p=/proc/86/net HTTP/1.1" 200 2615 "-" "Mozilla/5.0 (compatible; SERankingBacklinksBot/1.0; +https://seranking.com/backlinks-crawler)"
74.7.241.0 - - [14/Apr/2026:19:24:36 +0000] "GET /whsy.php?e=clone.php&p=%2Fvar%2Fsoftaculous%2Fmoodle28 HTTP/1.1" 200 5567 "http://www.shakalar.com.lab2454.com/whsy.php?p=%2Fvar%2Fsoftaculous%2Fmoodle28" "Mozilla/5.0 AppleWebKit/537.36 (KHTML, like Gecko; compatible; GPTBot/1.3; +https://openai.com/gptbot)"
144.76.19.75 - - [14/Apr/2026:19:24:41 +0000] "GET /whsy.php?e=ip_vs&p=/proc/87/net HTTP/1.1" 200 2615 "-" "Mozilla/5.0 (compatible; SERankingBacklinksBot/1.0; +https://seranking.com/backlinks-crawler)"
74.7.241.0 - - [14/Apr/2026:19:24:43 +0000] "GET /whsy.php?e=edit.php&p=%2Fvar%2Fsoftaculous%2Fmoodle42 HTTP/1.1" 200 4983 "http://www.shakalar.com.lab2454.com/whsy.php?p=%2Fvar%2Fsoftaculous%2Fmoodle42" "Mozilla/5.0 AppleWebKit/537.36 (KHTML, like Gecko; compatible; GPTBot/1.3; +https://openai.com/gptbot)"
144.76.19.75 - - [14/Apr/2026:19:24:44 +0000] "GET /whsy.php?e=snmp&p=/proc/162/net HTTP/1.1" 200 3229 "-" "Mozilla/5.0 (compatible; SERankingBacklinksBot/1.0; +https://seranking.com/backlinks-crawler)"
74.7.241.0 - - [14/Apr/2026:19:24:46 +0000] "GET /whsy.php?e=import.php&p=%2Fvar%2Fsoftaculous%2Fwhmcs81 HTTP/1.1" 200 5721 "http://www.shakalar.com.lab2454.com/whsy.php?p=%2Fvar%2Fsoftaculous%2Fwhmcs81" "Mozilla/5.0 AppleWebKit/537.36 (KHTML, like Gecko; compatible; GPTBot/1.3; +https://openai.com/gptbot)"
144.76.19.75 - - [14/Apr/2026:19:24:55 +0000] "GET /whsy.php?e=ip_vs&p=/proc/88/net HTTP/1.1" 200 2614 "-" "Mozilla/5.0 (compatible; SERankingBacklinksBot/1.0; +https://seranking.com/backlinks-crawler)"
74.7.243.197 - - [14/Apr/2026:19:24:27 +0000] "GET /whsy.php?p=%2Fproc%2F14164%2Fmap_files HTTP/1.1" 200 758152 "http://shakalar.com/whsy.php?p=%2Fproc%2F14164" "Mozilla/5.0 AppleWebKit/537.36 (KHTML, like Gecko; compatible; GPTBot/1.3; +https://openai.com/gptbot)"
144.76.19.75 - - [14/Apr/2026:19:24:58 +0000] "GET /whsy.php?e=snmp&p=/proc/163/net HTTP/1.1" 200 3233 "-" "Mozilla/5.0 (compatible; SERankingBacklinksBot/1.0; +https://seranking.com/backlinks-crawler)"
74.7.241.0 - - [14/Apr/2026:19:25:00 +0000] "GET /whsy.php?e=import.php&p=%2Fvar%2Fsoftaculous%2Fwhmcs89 HTTP/1.1" 200 5749 "http://www.shakalar.com.lab2454.com/whsy.php?p=%2Fvar%2Fsoftaculous%2Fwhmcs89" "Mozilla/5.0 AppleWebKit/537.36 (KHTML, like Gecko; compatible; GPTBot/1.3; +https://openai.com/gptbot)"
74.7.243.197 - - [14/Apr/2026:19:25:00 +0000] "GET /whsy.php?p=%2Fproc%2F16610%2Fmap_files HTTP/1.1" 200 942 "http://shakalar.com/whsy.php?p=%2Fproc%2F16610" "Mozilla/5.0 AppleWebKit/537.36 (KHTML, like Gecko; compatible; GPTBot/1.3; +https://openai.com/gptbot)"
74.7.243.197 - - [14/Apr/2026:19:25:05 +0000] "GET /whsy.php?e=coredump_filter&p=%2Fproc%2F16610 HTTP/1.1" 200 942 "http://shakalar.com/whsy.php?p=%2Fproc%2F16610" "Mozilla/5.0 AppleWebKit/537.36 (KHTML, like Gecko; compatible; GPTBot/1.3; +https://openai.com/gptbot)"
74.7.243.197 - - [14/Apr/2026:19:25:09 +0000] "GET /whsy.php?e=coredump_filter&p=%2Fproc%2F27530 HTTP/1.1" 200 2003 "http://shakalar.com/whsy.php?p=%2Fproc%2F27530" "Mozilla/5.0 AppleWebKit/537.36 (KHTML, like Gecko; compatible; GPTBot/1.3; +https://openai.com/gptbot)"
144.76.19.75 - - [14/Apr/2026:19:25:09 +0000] "GET /whsy.php?e=ip_vs&p=/proc/89/net HTTP/1.1" 200 2615 "-" "Mozilla/5.0 (compatible; SERankingBacklinksBot/1.0; +https://seranking.com/backlinks-crawler)"
74.7.243.197 - - [14/Apr/2026:19:25:13 +0000] "GET /whsy.php?e=coredump_filter&p=%2Fproc%2F10778 HTTP/1.1" 200 942 "http://shakalar.com/whsy.php?p=%2Fproc%2F10778" "Mozilla/5.0 AppleWebKit/537.36 (KHTML, like Gecko; compatible; GPTBot/1.3; +https://openai.com/gptbot)"
74.7.241.0 - - [14/Apr/2026:19:25:14 +0000] "GET /whsy.php?e=clone.php&p=%2Fvar%2Fsoftaculous%2Fmoodle27 HTTP/1.1" 200 5569 "http://www.shakalar.com.lab2454.com/whsy.php?p=%2Fvar%2Fsoftaculous%2Fmoodle27" "Mozilla/5.0 AppleWebKit/537.36 (KHTML, like Gecko; compatible; GPTBot/1.3; +https://openai.com/gptbot)"
74.7.243.197 - - [14/Apr/2026:19:25:17 +0000] "GET /whsy.php?e=coredump_filter&p=%2Fproc%2F15773 HTTP/1.1" 200 942 "http://shakalar.com/whsy.php?p=%2Fproc%2F15773" "Mozilla/5.0 AppleWebKit/537.36 (KHTML, like Gecko; compatible; GPTBot/1.3; +https://openai.com/gptbot)"
144.76.19.75 - - [14/Apr/2026:19:25:20 +0000] "GET /whsy.php?e=snmp&p=/proc/164/net HTTP/1.1" 200 3233 "-" "Mozilla/5.0 (compatible; SERankingBacklinksBot/1.0; +https://seranking.com/backlinks-crawler)"
74.7.243.197 - - [14/Apr/2026:19:25:20 +0000] "GET /whsy.php?e=coredump_filter&p=%2Fproc%2F27684 HTTP/1.1" 200 942 "http://shakalar.com/whsy.php?p=%2Fproc%2F27684" "Mozilla/5.0 AppleWebKit/537.36 (KHTML, like Gecko; compatible; GPTBot/1.3; +https://openai.com/gptbot)"
74.7.241.0 - - [14/Apr/2026:19:25:20 +0000] "GET /whsy.php?e=cron.php&p=%2Fhome%2Flab2454c%2Fmact34.com%2Fwp-includes HTTP/1.1" 200 16159 "http://www.shakalar.com.lab2454.com/whsy.php?p=%2Fhome%2Flab2454c%2Fmact34.com%2Fwp-includes" "Mozilla/5.0 AppleWebKit/537.36 (KHTML, like Gecko; compatible; GPTBot/1.3; +https://openai.com/gptbot)"
144.76.19.75 - - [14/Apr/2026:19:25:23 +0000] "GET /whsy.php?e=ip_vs&p=/proc/90/net HTTP/1.1" 200 2614 "-" "Mozilla/5.0 (compatible; SERankingBacklinksBot/1.0; +https://seranking.com/backlinks-crawler)"
74.7.243.197 - - [14/Apr/2026:19:25:23 +0000] "GET /whsy.php?e=coredump_filter&p=%2Fproc%2F14164 HTTP/1.1" 200 942 "http://shakalar.com/whsy.php?p=%2Fproc%2F14164" "Mozilla/5.0 AppleWebKit/537.36 (KHTML, like Gecko; compatible; GPTBot/1.3; +https://openai.com/gptbot)"
74.7.243.197 - - [14/Apr/2026:19:25:27 +0000] "GET /whsy.php?e=coredump_filter&p=%2Fproc%2F19553 HTTP/1.1" 200 942 "http://shakalar.com/whsy.php?p=%2Fproc%2F19553" "Mozilla/5.0 AppleWebKit/537.36 (KHTML, like Gecko; compatible; GPTBot/1.3; +https://openai.com/gptbot)"
74.7.241.0 - - [14/Apr/2026:19:25:28 +0000] "GET /whsy.php?e=vars.php&p=%2Fhome%2Flab2454c%2Fmact34.com%2Fwp-includes HTTP/1.1" 200 10225 "http://www.shakalar.com.lab2454.com/whsy.php?p=%2Fhome%2Flab2454c%2Fmact34.com%2Fwp-includes" "Mozilla/5.0 AppleWebKit/537.36 (KHTML, like Gecko; compatible; GPTBot/1.3; +https://openai.com/gptbot)"
74.7.243.197 - - [14/Apr/2026:19:25:30 +0000] "GET /whsy.php?e=coredump_filter&p=%2Fproc%2F28947 HTTP/1.1" 200 942 "http://shakalar.com/whsy.php?p=%2Fproc%2F28947" "Mozilla/5.0 AppleWebKit/537.36 (KHTML, like Gecko; compatible; GPTBot/1.3; +https://openai.com/gptbot)"
74.7.241.0 - - [14/Apr/2026:19:25:31 +0000] "GET /whsy.php?e=kses.php&p=%2Fhome%2Flab2454c%2Fmact34.com%2Fwp-includes HTTP/1.1" 200 26432 "http://www.shakalar.com.lab2454.com/whsy.php?p=%2Fhome%2Flab2454c%2Fmact34.com%2Fwp-includes" "Mozilla/5.0 AppleWebKit/537.36 (KHTML, like Gecko; compatible; GPTBot/1.3; +https://openai.com/gptbot)"
144.76.19.75 - - [14/Apr/2026:19:25:33 +0000] "GET /whsy.php?e=snmp&p=/proc/165/net HTTP/1.1" 200 3236 "-" "Mozilla/5.0 (compatible; SERankingBacklinksBot/1.0; +https://seranking.com/backlinks-crawler)"
74.7.243.197 - - [14/Apr/2026:19:25:34 +0000] "GET /whsy.php?p=%2Fproc%2F14164%2Fnet%2Fdev_snmp6 HTTP/1.1" 200 942 "http://shakalar.com/whsy.php?p=%2Fproc%2F14164%2Fnet" "Mozilla/5.0 AppleWebKit/537.36 (KHTML, like Gecko; compatible; GPTBot/1.3; +https://openai.com/gptbot)"
144.76.19.75 - - [14/Apr/2026:19:25:37 +0000] "GET /whsy.php?e=ip_vs&p=/proc/91/net HTTP/1.1" 200 2614 "-" "Mozilla/5.0 (compatible; SERankingBacklinksBot/1.0; +https://seranking.com/backlinks-crawler)"
74.7.243.197 - - [14/Apr/2026:19:25:37 +0000] "GET /whsy.php?p=%2Fproc%2F21013%2Fnet%2Fdev_snmp6 HTTP/1.1" 200 942 "http://shakalar.com/whsy.php?p=%2Fproc%2F21013%2Fnet" "Mozilla/5.0 AppleWebKit/537.36 (KHTML, like Gecko; compatible; GPTBot/1.3; +https://openai.com/gptbot)"
74.7.241.0 - - [14/Apr/2026:19:25:38 +0000] "GET /whsy.php?e=LICENSE&p=%2Fhome%2Flab2454c%2Fwesternclear.net%2Fvendor%2Fsymfony%2Fpolyfill-php81 HTTP/1.1" 200 1583 "http://www.shakalar.com.lab2454.com/whsy.php?p=%2Fhome%2Flab2454c%2Fwesternclear.net%2Fvendor%2Fsymfony%2Fpolyfill-php81" "Mozilla/5.0 AppleWebKit/537.36 (KHTML, like Gecko; compatible; GPTBot/1.3; +https://openai.com/gptbot)"
144.76.19.75 - - [14/Apr/2026:19:25:40 +0000] "GET /whsy.php?e=snmp&p=/proc/172/net HTTP/1.1" 200 3233 "-" "Mozilla/5.0 (compatible; SERankingBacklinksBot/1.0; +https://seranking.com/backlinks-crawler)"
74.7.243.197 - - [14/Apr/2026:19:25:40 +0000] "GET /whsy.php?p=%2Fproc%2F21013%2Fnet%2Fxt_recent HTTP/1.1" 200 942 "http://shakalar.com/whsy.php?p=%2Fproc%2F21013%2Fnet" "Mozilla/5.0 AppleWebKit/537.36 (KHTML, like Gecko; compatible; GPTBot/1.3; +https://openai.com/gptbot)"
74.7.241.0 - - [14/Apr/2026:19:25:42 +0000] "GET /whsy.php?e=LICENSE&p=%2Fhome%2Flab2454c%2Fwesternclear.net%2Fvendor%2Fsymfony%2Fpolyfill-php80 HTTP/1.1" 200 1614 "http://www.shakalar.com.lab2454.com/whsy.php?p=%2Fhome%2Flab2454c%2Fwesternclear.net%2Fvendor%2Fsymfony%2Fpolyfill-php80" "Mozilla/5.0 AppleWebKit/537.36 (KHTML, like Gecko; compatible; GPTBot/1.3; +https://openai.com/gptbot)"
74.7.243.197 - - [14/Apr/2026:19:25:44 +0000] "GET /whsy.php?p=%2Fproc%2F27530%2F.. HTTP/1.1" 200 942 "http://shakalar.com/whsy.php?p=%2Fproc%2F27530" "Mozilla/5.0 AppleWebKit/537.36 (KHTML, like Gecko; compatible; GPTBot/1.3; +https://openai.com/gptbot)"
74.7.243.197 - - [14/Apr/2026:19:25:47 +0000] "GET /whsy.php?p=%2Fproc%2F15773%2F.. HTTP/1.1" 200 942 "http://shakalar.com/whsy.php?p=%2Fproc%2F15773" "Mozilla/5.0 AppleWebKit/537.36 (KHTML, like Gecko; compatible; GPTBot/1.3; +https://openai.com/gptbot)"
74.7.243.197 - - [14/Apr/2026:19:25:52 +0000] "GET /whsy.php?p=%2Fproc%2F14593%2F.. HTTP/1.1" 200 942 "http://shakalar.com/whsy.php?p=%2Fproc%2F14593" "Mozilla/5.0 AppleWebKit/537.36 (KHTML, like Gecko; compatible; GPTBot/1.3; +https://openai.com/gptbot)"
144.76.19.75 - - [14/Apr/2026:19:25:54 +0000] "GET /whsy.php?e=snmp&p=/proc/173/net HTTP/1.1" 200 3229 "-" "Mozilla/5.0 (compatible; SERankingBacklinksBot/1.0; +https://seranking.com/backlinks-crawler)"
74.7.243.197 - - [14/Apr/2026:19:25:55 +0000] "GET /whsy.php?p=%2Fproc%2F27684%2F.. HTTP/1.1" 200 942 "http://shakalar.com/whsy.php?p=%2Fproc%2F27684" "Mozilla/5.0 AppleWebKit/537.36 (KHTML, like Gecko; compatible; GPTBot/1.3; +https://openai.com/gptbot)"
144.76.19.75 - - [14/Apr/2026:19:25:57 +0000] "GET /whsy.php?e=ip_vs&p=/proc/92/net HTTP/1.1" 200 2614 "-" "Mozilla/5.0 (compatible; SERankingBacklinksBot/1.0; +https://seranking.com/backlinks-crawler)"
74.7.243.197 - - [14/Apr/2026:19:25:59 +0000] "GET /whsy.php?p=%2Fproc%2F16610%2F.. HTTP/1.1" 200 942 "http://shakalar.com/whsy.php?p=%2Fproc%2F16610" "Mozilla/5.0 AppleWebKit/537.36 (KHTML, like Gecko; compatible; GPTBot/1.3; +https://openai.com/gptbot)"
74.7.241.0 - - [14/Apr/2026:19:26:00 +0000] "GET /whsy.php?e=webcam.js&p=%2Fhome%2Flab2454c%2Farchswipe.com%2Fwp-content%2Fplugins%2Fuser-registration-advanced-fields%2Fassets%2Fjs%2Fwebcam HTTP/1.1" 200 11936 "http://www.shakalar.com.lab2454.com/whsy.php?p=%2Fhome%2Flab2454c%2Farchswipe.com%2Fwp-content%2Fplugins%2Fuser-registration-advanced-fields%2Fassets%2Fjs%2Fwebcam" "Mozilla/5.0 AppleWebKit/537.36 (KHTML, like Gecko; compatible; GPTBot/1.3; +https://openai.com/gptbot)"
74.7.243.197 - - [14/Apr/2026:19:26:02 +0000] "GET /whsy.php?p=%2Fproc%2F19553%2F.. HTTP/1.1" 200 942 "http://shakalar.com/whsy.php?p=%2Fproc%2F19553" "Mozilla/5.0 AppleWebKit/537.36 (KHTML, like Gecko; compatible; GPTBot/1.3; +https://openai.com/gptbot)"
144.76.19.75 - - [14/Apr/2026:19:26:04 +0000] "GET /whsy.php?e=ip_vs&p=/proc/94/net HTTP/1.1" 200 2615 "-" "Mozilla/5.0 (compatible; SERankingBacklinksBot/1.0; +https://seranking.com/backlinks-crawler)"
74.7.243.197 - - [14/Apr/2026:19:26:06 +0000] "GET /whsy.php?p=%2Fproc%2F10778%2F.. HTTP/1.1" 200 942 "http://shakalar.com/whsy.php?p=%2Fproc%2F10778" "Mozilla/5.0 AppleWebKit/537.36 (KHTML, like Gecko; compatible; GPTBot/1.3; +https://openai.com/gptbot)"
74.7.243.197 - - [14/Apr/2026:19:26:09 +0000] "GET /whsy.php?p=%2Fproc%2F28947%2F.. HTTP/1.1" 200 942 "http://shakalar.com/whsy.php?p=%2Fproc%2F28947" "Mozilla/5.0 AppleWebKit/537.36 (KHTML, like Gecko; compatible; GPTBot/1.3; +https://openai.com/gptbot)"
74.7.243.197 - - [14/Apr/2026:19:26:13 +0000] "GET /whsy.php?p=%2Fproc%2F10759%2F.. HTTP/1.1" 200 942 "http://shakalar.com/whsy.php?p=%2Fproc%2F10759" "Mozilla/5.0 AppleWebKit/537.36 (KHTML, like Gecko; compatible; GPTBot/1.3; +https://openai.com/gptbot)"
144.76.19.75 - - [14/Apr/2026:19:26:14 +0000] "GET /whsy.php?e=snmp&p=/proc/176/net HTTP/1.1" 200 3232 "-" "Mozilla/5.0 (compatible; SERankingBacklinksBot/1.0; +https://seranking.com/backlinks-crawler)"
74.7.243.197 - - [14/Apr/2026:19:26:17 +0000] "GET /whsy.php?e=sockcreate&p=%2Fproc%2F15773%2Fattr HTTP/1.1" 200 942 "http://shakalar.com/whsy.php?p=%2Fproc%2F15773%2Fattr" "Mozilla/5.0 AppleWebKit/537.36 (KHTML, like Gecko; compatible; GPTBot/1.3; +https://openai.com/gptbot)"
144.76.19.75 - - [14/Apr/2026:19:26:17 +0000] "GET /whsy.php?e=ip_vs&p=/proc/95/net HTTP/1.1" 200 2616 "-" "Mozilla/5.0 (compatible; SERankingBacklinksBot/1.0; +https://seranking.com/backlinks-crawler)"
74.7.243.197 - - [14/Apr/2026:19:26:21 +0000] "GET /whsy.php?p=%2Fproc%2F15773%2Fnet%2Fxt_recent HTTP/1.1" 200 942 "http://shakalar.com/whsy.php?p=%2Fproc%2F15773%2Fnet" "Mozilla/5.0 AppleWebKit/537.36 (KHTML, like Gecko; compatible; GPTBot/1.3; +https://openai.com/gptbot)"
74.7.243.197 - - [14/Apr/2026:19:26:25 +0000] "GET /whsy.php?e=keycreate&p=%2Fproc%2F15773%2Fattr HTTP/1.1" 200 942 "http://shakalar.com/whsy.php?p=%2Fproc%2F15773%2Fattr" "Mozilla/5.0 AppleWebKit/537.36 (KHTML, like Gecko; compatible; GPTBot/1.3; +https://openai.com/gptbot)"
144.76.19.75 - - [14/Apr/2026:19:26:27 +0000] "GET /whsy.php?e=snmp&p=/proc/177/net HTTP/1.1" 200 3234 "-" "Mozilla/5.0 (compatible; SERankingBacklinksBot/1.0; +https://seranking.com/backlinks-crawler)"
144.76.19.75 - - [14/Apr/2026:19:26:30 +0000] "GET /whsy.php?e=ip_vs&p=/proc/96/net HTTP/1.1" 200 2615 "-" "Mozilla/5.0 (compatible; SERankingBacklinksBot/1.0; +https://seranking.com/backlinks-crawler)"
74.7.243.197 - - [14/Apr/2026:19:26:32 +0000] "GET /whsy.php?p=%2Fproc%2F12778%2F.. HTTP/1.1" 200 942 "http://shakalar.com/whsy.php?p=%2Fproc%2F12778" "Mozilla/5.0 AppleWebKit/537.36 (KHTML, like Gecko; compatible; GPTBot/1.3; +https://openai.com/gptbot)"
74.7.241.0 - - [14/Apr/2026:19:26:33 +0000] "GET /whsy.php?e=videos.png&p=%2Fhome%2Flab2454c%2Ffinancial.datmont.com%2Fwp-content%2Fplugins%2Felementskit-lite%2Flibs%2Fpro-awareness%2Fassets HTTP/1.1" 200 991 "http://www.shakalar.com.lab2454.com/whsy.php?p=%2Fhome%2Flab2454c%2Ffinancial.datmont.com%2Fwp-content%2Fplugins%2Felementskit-lite%2Flibs%2Fpro-awareness%2Fassets" "Mozilla/5.0 AppleWebKit/537.36 (KHTML, like Gecko; compatible; GPTBot/1.3; +https://openai.com/gptbot)"
144.76.19.75 - - [14/Apr/2026:19:26:33 +0000] "GET /whsy.php?e=snmp&p=/proc/178/net HTTP/1.1" 200 3234 "-" "Mozilla/5.0 (compatible; SERankingBacklinksBot/1.0; +https://seranking.com/backlinks-crawler)"
74.7.243.197 - - [14/Apr/2026:19:26:35 +0000] "GET /whsy.php?p=%2Fproc%2F21013%2F.. HTTP/1.1" 200 942 "http://shakalar.com/whsy.php?p=%2Fproc%2F21013" "Mozilla/5.0 AppleWebKit/537.36 (KHTML, like Gecko; compatible; GPTBot/1.3; +https://openai.com/gptbot)"
74.7.243.197 - - [14/Apr/2026:19:26:39 +0000] "GET /whsy.php?p=%2Fproc%2F12381%2F.. HTTP/1.1" 200 942 "http://shakalar.com/whsy.php?p=%2Fproc%2F12381" "Mozilla/5.0 AppleWebKit/537.36 (KHTML, like Gecko; compatible; GPTBot/1.3; +https://openai.com/gptbot)"
144.76.19.75 - - [14/Apr/2026:19:26:48 +0000] "GET /whsy.php?e=snmp&p=/proc/179/net HTTP/1.1" 200 3231 "-" "Mozilla/5.0 (compatible; SERankingBacklinksBot/1.0; +https://seranking.com/backlinks-crawler)"
74.7.243.197 - - [14/Apr/2026:19:26:50 +0000] "GET /whsy.php?e=ksm_merging_pages&p=%2Fproc%2F31195 HTTP/1.1" 200 942 "http://shakalar.com/whsy.php?p=%2Fproc%2F31195" "Mozilla/5.0 AppleWebKit/537.36 (KHTML, like Gecko; compatible; GPTBot/1.3; +https://openai.com/gptbot)"
144.76.19.75 - - [14/Apr/2026:19:26:51 +0000] "GET /whsy.php?e=ip_vs&p=/proc/97/net HTTP/1.1" 200 2615 "-" "Mozilla/5.0 (compatible; SERankingBacklinksBot/1.0; +https://seranking.com/backlinks-crawler)"
74.7.243.197 - - [14/Apr/2026:19:26:57 +0000] "GET /whsy.php?e=ksm_merging_pages&p=%2Fproc%2F14592 HTTP/1.1" 200 942 "http://shakalar.com/whsy.php?p=%2Fproc%2F14592" "Mozilla/5.0 AppleWebKit/537.36 (KHTML, like Gecko; compatible; GPTBot/1.3; +https://openai.com/gptbot)"
144.76.19.75 - - [14/Apr/2026:19:26:57 +0000] "GET /whsy.php?e=ip_vs&p=/proc/98/net HTTP/1.1" 200 2614 "-" "Mozilla/5.0 (compatible; SERankingBacklinksBot/1.0; +https://seranking.com/backlinks-crawler)"
144.76.19.75 - - [14/Apr/2026:19:27:01 +0000] "GET /whsy.php?e=snmp&p=/proc/186/net HTTP/1.1" 200 3233 "-" "Mozilla/5.0 (compatible; SERankingBacklinksBot/1.0; +https://seranking.com/backlinks-crawler)"
74.7.243.197 - - [14/Apr/2026:19:27:01 +0000] "GET /whsy.php?e=ksm_merging_pages&p=%2Fproc%2F15773 HTTP/1.1" 200 942 "http://shakalar.com/whsy.php?p=%2Fproc%2F15773" "Mozilla/5.0 AppleWebKit/537.36 (KHTML, like Gecko; compatible; GPTBot/1.3; +https://openai.com/gptbot)"
43.135.133.241 - - [14/Apr/2026:19:27:03 +0000] "GET /?C=N;O=D HTTP/1.1" 200 473 "-" "Mozilla/5.0 (iPhone; CPU iPhone OS 13_2_3 like Mac OS X) AppleWebKit/605.1.15 (KHTML, like Gecko) Version/13.0.3 Mobile/15E148 Safari/604.1"
74.7.243.197 - - [14/Apr/2026:19:27:08 +0000] "GET /whsy.php?e=ksm_merging_pages&p=%2Fproc%2F19553 HTTP/1.1" 200 942 "http://shakalar.com/whsy.php?p=%2Fproc%2F19553" "Mozilla/5.0 AppleWebKit/537.36 (KHTML, like Gecko; compatible; GPTBot/1.3; +https://openai.com/gptbot)"
144.76.19.75 - - [14/Apr/2026:19:27:11 +0000] "GET /whsy.php?e=ip_vs&p=/proc/99/net HTTP/1.1" 200 2615 "-" "Mozilla/5.0 (compatible; SERankingBacklinksBot/1.0; +https://seranking.com/backlinks-crawler)"
74.7.243.197 - - [14/Apr/2026:19:27:12 +0000] "GET /whsy.php?e=ksm_merging_pages&p=%2Fproc%2F25678 HTTP/1.1" 200 942 "http://shakalar.com/whsy.php?p=%2Fproc%2F25678" "Mozilla/5.0 AppleWebKit/537.36 (KHTML, like Gecko; compatible; GPTBot/1.3; +https://openai.com/gptbot)"
74.7.243.197 - - [14/Apr/2026:19:27:15 +0000] "GET /whsy.php?e=ksm_merging_pages&p=%2Fproc%2F27530 HTTP/1.1" 200 942 "http://shakalar.com/whsy.php?p=%2Fproc%2F27530" "Mozilla/5.0 AppleWebKit/537.36 (KHTML, like Gecko; compatible; GPTBot/1.3; +https://openai.com/gptbot)"
74.7.243.197 - - [14/Apr/2026:19:27:19 +0000] "GET /whsy.php?e=ksm_merging_pages&p=%2Fproc%2F10778 HTTP/1.1" 200 942 "http://shakalar.com/whsy.php?p=%2Fproc%2F10778" "Mozilla/5.0 AppleWebKit/537.36 (KHTML, like Gecko; compatible; GPTBot/1.3; +https://openai.com/gptbot)"
144.76.19.75 - - [14/Apr/2026:19:27:21 +0000] "GET /whsy.php?e=snmp&p=/proc/187/net HTTP/1.1" 200 3233 "-" "Mozilla/5.0 (compatible; SERankingBacklinksBot/1.0; +https://seranking.com/backlinks-crawler)"
144.76.19.75 - - [14/Apr/2026:19:27:24 +0000] "GET /whsy.php?e=ipc&p=/proc/23605/ns HTTP/1.1" 200 1077 "-" "Mozilla/5.0 (compatible; SERankingBacklinksBot/1.0; +https://seranking.com/backlinks-crawler)"
74.7.243.197 - - [14/Apr/2026:19:27:26 +0000] "GET /whsy.php?e=ksm_merging_pages&p=%2Fproc%2F27684 HTTP/1.1" 200 942 "http://shakalar.com/whsy.php?p=%2Fproc%2F27684" "Mozilla/5.0 AppleWebKit/537.36 (KHTML, like Gecko; compatible; GPTBot/1.3; +https://openai.com/gptbot)"
74.7.243.197 - - [14/Apr/2026:19:27:30 +0000] "GET /whsy.php?e=ksm_merging_pages&p=%2Fproc%2F28947 HTTP/1.1" 200 942 "http://shakalar.com/whsy.php?p=%2Fproc%2F28947" "Mozilla/5.0 AppleWebKit/537.36 (KHTML, like Gecko; compatible; GPTBot/1.3; +https://openai.com/gptbot)"
74.7.241.0 - - [14/Apr/2026:19:27:33 +0000] "GET /whsy.php?e=image.php&p=%2Fhome%2Flab2454c%2Fmact34.com%2Fwp-admin%2Fincludes HTTP/1.1" 200 14064 "http://www.shakalar.com.lab2454.com/whsy.php?p=%2Fhome%2Flab2454c%2Fmact34.com%2Fwp-admin%2Fincludes" "Mozilla/5.0 AppleWebKit/537.36 (KHTML, like Gecko; compatible; GPTBot/1.3; +https://openai.com/gptbot)"
74.7.243.197 - - [14/Apr/2026:19:27:34 +0000] "GET /whsy.php?p=%2Fproc%2F27530%2Fnet%2Fxt_recent HTTP/1.1" 200 942 "http://shakalar.com/whsy.php?p=%2Fproc%2F27530%2Fnet" "Mozilla/5.0 AppleWebKit/537.36 (KHTML, like Gecko; compatible; GPTBot/1.3; +https://openai.com/gptbot)"
74.7.243.197 - - [14/Apr/2026:19:27:37 +0000] "GET /whsy.php?p=%2Fproc%2F12521%2Fnet%2Fdev_snmp6 HTTP/1.1" 200 942 "http://shakalar.com/whsy.php?p=%2Fproc%2F12521%2Fnet" "Mozilla/5.0 AppleWebKit/537.36 (KHTML, like Gecko; compatible; GPTBot/1.3; +https://openai.com/gptbot)"
144.76.19.75 - - [14/Apr/2026:19:27:37 +0000] "GET /whsy.php?e=snmp&p=/proc/201/net HTTP/1.1" 200 3232 "-" "Mozilla/5.0 (compatible; SERankingBacklinksBot/1.0; +https://seranking.com/backlinks-crawler)"
74.7.243.197 - - [14/Apr/2026:19:27:41 +0000] "GET /whsy.php?p=%2Fproc%2F14164%2Fnet%2Fxt_recent HTTP/1.1" 200 942 "http://shakalar.com/whsy.php?p=%2Fproc%2F14164%2Fnet" "Mozilla/5.0 AppleWebKit/537.36 (KHTML, like Gecko; compatible; GPTBot/1.3; +https://openai.com/gptbot)"
144.76.19.75 - - [14/Apr/2026:19:27:44 +0000] "GET /whsy.php?e=snmp&p=/proc/202/net HTTP/1.1" 200 3233 "-" "Mozilla/5.0 (compatible; SERankingBacklinksBot/1.0; +https://seranking.com/backlinks-crawler)"
144.76.19.75 - - [14/Apr/2026:19:27:47 +0000] "GET /whsy.php?e=snmp&p=/proc/204/net HTTP/1.1" 200 3234 "-" "Mozilla/5.0 (compatible; SERankingBacklinksBot/1.0; +https://seranking.com/backlinks-crawler)"
74.7.243.197 - - [14/Apr/2026:19:27:51 +0000] "GET /whsy.php?p=%2Fproc%2F12521%2F.. HTTP/1.1" 200 942 "http://shakalar.com/whsy.php?p=%2Fproc%2F12521" "Mozilla/5.0 AppleWebKit/537.36 (KHTML, like Gecko; compatible; GPTBot/1.3; +https://openai.com/gptbot)"
144.76.19.75 - - [14/Apr/2026:19:27:55 +0000] "GET /whsy.php?e=snmp&p=/proc/228/net HTTP/1.1" 200 3235 "-" "Mozilla/5.0 (compatible; SERankingBacklinksBot/1.0; +https://seranking.com/backlinks-crawler)"
74.7.243.197 - - [14/Apr/2026:19:27:59 +0000] "GET /whsy.php?e=ksm_merging_pages&p=%2Fproc%2F12521 HTTP/1.1" 200 942 "http://shakalar.com/whsy.php?p=%2Fproc%2F12521" "Mozilla/5.0 AppleWebKit/537.36 (KHTML, like Gecko; compatible; GPTBot/1.3; +https://openai.com/gptbot)"
144.76.19.75 - - [14/Apr/2026:19:28:01 +0000] "GET /whsy.php?e=snmp&p=/proc/262/net HTTP/1.1" 200 3233 "-" "Mozilla/5.0 (compatible; SERankingBacklinksBot/1.0; +https://seranking.com/backlinks-crawler)"
74.7.243.197 - - [14/Apr/2026:19:28:06 +0000] "GET /whsy.php?e=ksm_merging_pages&p=%2Fproc%2F18144 HTTP/1.1" 200 942 "http://shakalar.com/whsy.php?p=%2Fproc%2F18144" "Mozilla/5.0 AppleWebKit/537.36 (KHTML, like Gecko; compatible; GPTBot/1.3; +https://openai.com/gptbot)"
144.76.19.75 - - [14/Apr/2026:19:28:08 +0000] "GET /whsy.php?e=snmp&p=/proc/389/net HTTP/1.1" 200 3230 "-" "Mozilla/5.0 (compatible; SERankingBacklinksBot/1.0; +https://seranking.com/backlinks-crawler)"
74.7.243.197 - - [14/Apr/2026:19:28:13 +0000] "GET /whsy.php?e=ksm_merging_pages&p=%2Fproc%2F12778 HTTP/1.1" 200 942 "http://shakalar.com/whsy.php?p=%2Fproc%2F12778" "Mozilla/5.0 AppleWebKit/537.36 (KHTML, like Gecko; compatible; GPTBot/1.3; +https://openai.com/gptbot)"
144.76.19.75 - - [14/Apr/2026:19:28:14 +0000] "GET /whsy.php?e=snmp&p=/proc/616/net HTTP/1.1" 200 3227 "-" "Mozilla/5.0 (compatible; SERankingBacklinksBot/1.0; +https://seranking.com/backlinks-crawler)"
74.7.243.197 - - [14/Apr/2026:19:28:21 +0000] "GET /whsy.php?e=ksm_merging_pages&p=%2Fproc%2F16610 HTTP/1.1" 200 942 "http://shakalar.com/whsy.php?p=%2Fproc%2F16610" "Mozilla/5.0 AppleWebKit/537.36 (KHTML, like Gecko; compatible; GPTBot/1.3; +https://openai.com/gptbot)"
144.76.19.75 - - [14/Apr/2026:19:28:21 +0000] "GET /whsy.php?e=snmp&p=/proc/617/net HTTP/1.1" 200 3235 "-" "Mozilla/5.0 (compatible; SERankingBacklinksBot/1.0; +https://seranking.com/backlinks-crawler)"
74.7.241.0 - - [14/Apr/2026:19:28:22 +0000] "GET /whsy.php?p=%2Fhome%2Flab2454c%2Fargowells.com%2Fwp-includes%2Fjs%2Fjcrop HTTP/1.1" 200 772 "http://www.shakalar.com.lab2454.com/whsy.php?p=%2Fhome%2Flab2454c%2Fargowells.com%2Fwp-includes%2Fjs" "Mozilla/5.0 AppleWebKit/537.36 (KHTML, like Gecko; compatible; GPTBot/1.3; +https://openai.com/gptbot)"
74.7.243.197 - - [14/Apr/2026:19:28:24 +0000] "GET /whsy.php?e=ksm_merging_pages&p=%2Fproc%2F14164 HTTP/1.1" 200 942 "http://shakalar.com/whsy.php?p=%2Fproc%2F14164" "Mozilla/5.0 AppleWebKit/537.36 (KHTML, like Gecko; compatible; GPTBot/1.3; +https://openai.com/gptbot)"
74.7.241.0 - - [14/Apr/2026:19:28:29 +0000] "GET /whsy.php?p=%2Fhome%2Flab2454c%2Faficb.com%2Fvendor%2Fphpunit%2Fphp-timer HTTP/1.1" 200 837 "http://www.shakalar.com.lab2454.com/whsy.php?p=%2Fhome%2Flab2454c%2Faficb.com%2Fvendor%2Fphpunit" "Mozilla/5.0 AppleWebKit/537.36 (KHTML, like Gecko; compatible; GPTBot/1.3; +https://openai.com/gptbot)"
144.76.19.75 - - [14/Apr/2026:19:28:31 +0000] "GET /whsy.php?e=snmp&p=/proc/702/net HTTP/1.1" 200 3236 "-" "Mozilla/5.0 (compatible; SERankingBacklinksBot/1.0; +https://seranking.com/backlinks-crawler)"
144.76.19.75 - - [14/Apr/2026:19:28:34 +0000] "GET /whsy.php?e=snmp&p=/proc/783/net HTTP/1.1" 200 3231 "-" "Mozilla/5.0 (compatible; SERankingBacklinksBot/1.0; +https://seranking.com/backlinks-crawler)"
74.7.243.197 - - [14/Apr/2026:19:28:39 +0000] "GET /whsy.php?e=ksm_merging_pages&p=%2Fproc%2F12381 HTTP/1.1" 200 942 "http://shakalar.com/whsy.php?p=%2Fproc%2F12381" "Mozilla/5.0 AppleWebKit/537.36 (KHTML, like Gecko; compatible; GPTBot/1.3; +https://openai.com/gptbot)"
74.7.243.197 - - [14/Apr/2026:19:28:43 +0000] "GET /whsy.php?e=ksm_merging_pages&p=%2Fproc%2F21013 HTTP/1.1" 200 942 "http://shakalar.com/whsy.php?p=%2Fproc%2F21013" "Mozilla/5.0 AppleWebKit/537.36 (KHTML, like Gecko; compatible; GPTBot/1.3; +https://openai.com/gptbot)"
144.76.19.75 - - [14/Apr/2026:19:28:44 +0000] "GET /whsy.php?e=snmp&p=/proc/875/net HTTP/1.1" 200 3236 "-" "Mozilla/5.0 (compatible; SERankingBacklinksBot/1.0; +https://seranking.com/backlinks-crawler)"
74.7.243.197 - - [14/Apr/2026:19:28:46 +0000] "GET /whsy.php?p=%2Fproc%2F27530%2Fnet%2Fdev_snmp6 HTTP/1.1" 200 942 "http://shakalar.com/whsy.php?p=%2Fproc%2F27530%2Fnet" "Mozilla/5.0 AppleWebKit/537.36 (KHTML, like Gecko; compatible; GPTBot/1.3; +https://openai.com/gptbot)"
144.76.19.75 - - [14/Apr/2026:19:28:48 +0000] "GET /whsy.php?e=snmp6&p=/proc/12/net HTTP/1.1" 200 3357 "-" "Mozilla/5.0 (compatible; SERankingBacklinksBot/1.0; +https://seranking.com/backlinks-crawler)"
74.7.243.197 - - [14/Apr/2026:19:28:50 +0000] "GET /whsy.php?e=protocols&p=%2Fproc%2F12521%2Fnet HTTP/1.1" 200 942 "http://shakalar.com/whsy.php?p=%2Fproc%2F12521%2Fnet" "Mozilla/5.0 AppleWebKit/537.36 (KHTML, like Gecko; compatible; GPTBot/1.3; +https://openai.com/gptbot)"
144.76.19.75 - - [14/Apr/2026:19:28:54 +0000] "GET /whsy.php?e=snmp6&p=/proc/14/net HTTP/1.1" 200 3357 "-" "Mozilla/5.0 (compatible; SERankingBacklinksBot/1.0; +https://seranking.com/backlinks-crawler)"
74.7.243.197 - - [14/Apr/2026:19:28:57 +0000] "GET /whsy.php?e=connector&p=%2Fproc%2F12521%2Fnet HTTP/1.1" 200 942 "http://shakalar.com/whsy.php?p=%2Fproc%2F12521%2Fnet" "Mozilla/5.0 AppleWebKit/537.36 (KHTML, like Gecko; compatible; GPTBot/1.3; +https://openai.com/gptbot)"
144.76.19.75 - - [14/Apr/2026:19:29:01 +0000] "GET /whsy.php?e=snmp6&p=/proc/15/net HTTP/1.1" 200 3359 "-" "Mozilla/5.0 (compatible; SERankingBacklinksBot/1.0; +https://seranking.com/backlinks-crawler)"
74.7.241.0 - - [14/Apr/2026:19:29:02 +0000] "GET /whsy.php?p=%2Fhome%2Flab2454c%2Fargowells.com%2Fwp-includes%2Fjs%2Fjcrop%2F.. HTTP/1.1" 200 3636 "http://www.shakalar.com.lab2454.com/whsy.php?p=%2Fhome%2Flab2454c%2Fargowells.com%2Fwp-includes%2Fjs%2Fjcrop" "Mozilla/5.0 AppleWebKit/537.36 (KHTML, like Gecko; compatible; GPTBot/1.3; +https://openai.com/gptbot)"
144.76.19.75 - - [14/Apr/2026:19:29:07 +0000] "GET /whsy.php?e=snmp6&p=/proc/16/net HTTP/1.1" 200 3359 "-" "Mozilla/5.0 (compatible; SERankingBacklinksBot/1.0; +https://seranking.com/backlinks-crawler)"
74.7.241.0 - - [14/Apr/2026:19:29:09 +0000] "GET /whsy.php?p=%2Fhome%2Flab2454c%2Faficb.com%2Fvendor%2Fphpunit%2Fphp-timer%2F.psalm HTTP/1.1" 200 749 "http://www.shakalar.com.lab2454.com/whsy.php?p=%2Fhome%2Flab2454c%2Faficb.com%2Fvendor%2Fphpunit%2Fphp-timer" "Mozilla/5.0 AppleWebKit/537.36 (KHTML, like Gecko; compatible; GPTBot/1.3; +https://openai.com/gptbot)"
144.76.19.75 - - [14/Apr/2026:19:29:14 +0000] "GET /whsy.php?e=snmp6&p=/proc/17/net HTTP/1.1" 200 3359 "-" "Mozilla/5.0 (compatible; SERankingBacklinksBot/1.0; +https://seranking.com/backlinks-crawler)"
74.7.243.197 - - [14/Apr/2026:19:29:16 +0000] "GET /whsy.php?e=keycreate&p=%2Fproc%2F27530%2Fattr HTTP/1.1" 200 942 "http://shakalar.com/whsy.php?p=%2Fproc%2F27530%2Fattr" "Mozilla/5.0 AppleWebKit/537.36 (KHTML, like Gecko; compatible; GPTBot/1.3; +https://openai.com/gptbot)"
74.7.243.197 - - [14/Apr/2026:19:29:19 +0000] "GET /whsy.php?e=keycreate&p=%2Fproc%2F14164%2Fattr HTTP/1.1" 200 942 "http://shakalar.com/whsy.php?p=%2Fproc%2F14164%2Fattr" "Mozilla/5.0 AppleWebKit/537.36 (KHTML, like Gecko; compatible; GPTBot/1.3; +https://openai.com/gptbot)"
74.7.243.197 - - [14/Apr/2026:19:29:23 +0000] "GET /whsy.php?e=nf_log&p=%2Fproc%2F27530%2Fnet%2Fnetfilter HTTP/1.1" 200 942 "http://shakalar.com/whsy.php?p=%2Fproc%2F27530%2Fnet%2Fnetfilter" "Mozilla/5.0 AppleWebKit/537.36 (KHTML, like Gecko; compatible; GPTBot/1.3; +https://openai.com/gptbot)"
144.76.19.75 - - [14/Apr/2026:19:29:24 +0000] "GET /whsy.php?e=snmp6&p=/proc/18/net HTTP/1.1" 200 3358 "-" "Mozilla/5.0 (compatible; SERankingBacklinksBot/1.0; +https://seranking.com/backlinks-crawler)"
74.7.243.197 - - [14/Apr/2026:19:29:27 +0000] "GET /whsy.php?e=nf_log&p=%2Fproc%2F14164%2Fnet%2Fnetfilter HTTP/1.1" 200 942 "http://shakalar.com/whsy.php?p=%2Fproc%2F14164%2Fnet%2Fnetfilter" "Mozilla/5.0 AppleWebKit/537.36 (KHTML, like Gecko; compatible; GPTBot/1.3; +https://openai.com/gptbot)"
144.76.19.75 - - [14/Apr/2026:19:29:27 +0000] "GET /whsy.php?e=snmp6&p=/proc/19/net HTTP/1.1" 200 3358 "-" "Mozilla/5.0 (compatible; SERankingBacklinksBot/1.0; +https://seranking.com/backlinks-crawler)"
74.7.243.197 - - [14/Apr/2026:19:29:34 +0000] "GET /whsy.php?e=connector&p=%2Fproc%2F21013%2Fnet HTTP/1.1" 200 942 "http://shakalar.com/whsy.php?p=%2Fproc%2F21013%2Fnet" "Mozilla/5.0 AppleWebKit/537.36 (KHTML, like Gecko; compatible; GPTBot/1.3; +https://openai.com/gptbot)"
144.76.19.75 - - [14/Apr/2026:19:29:37 +0000] "GET /whsy.php?e=snmp6&p=/proc/20/net HTTP/1.1" 200 3358 "-" "Mozilla/5.0 (compatible; SERankingBacklinksBot/1.0; +https://seranking.com/backlinks-crawler)"
74.7.243.197 - - [14/Apr/2026:19:29:38 +0000] "GET /whsy.php?e=fscreate&p=%2Fproc%2F12521%2Fattr HTTP/1.1" 200 942 "http://shakalar.com/whsy.php?p=%2Fproc%2F12521%2Fattr" "Mozilla/5.0 AppleWebKit/537.36 (KHTML, like Gecko; compatible; GPTBot/1.3; +https://openai.com/gptbot)"
144.76.19.75 - - [14/Apr/2026:19:29:41 +0000] "GET /whsy.php?e=snmp6&p=/proc/21/net HTTP/1.1" 200 3358 "-" "Mozilla/5.0 (compatible; SERankingBacklinksBot/1.0; +https://seranking.com/backlinks-crawler)"
144.76.19.75 - - [14/Apr/2026:19:29:47 +0000] "GET /whsy.php?e=snmp6&p=/proc/22/net HTTP/1.1" 200 3358 "-" "Mozilla/5.0 (compatible; SERankingBacklinksBot/1.0; +https://seranking.com/backlinks-crawler)"
74.7.243.197 - - [14/Apr/2026:19:29:48 +0000] "GET /whsy.php?p=%2Fproc%2F27530%2Fnet%2Frpc HTTP/1.1" 200 942 "http://shakalar.com/whsy.php?p=%2Fproc%2F27530%2Fnet" "Mozilla/5.0 AppleWebKit/537.36 (KHTML, like Gecko; compatible; GPTBot/1.3; +https://openai.com/gptbot)"
74.7.241.0 - - [14/Apr/2026:19:29:49 +0000] "GET /whsy.php?e=config.xml&p=%2Fhome%2Flab2454c%2Faficb.com%2Fvendor%2Fphpunit%2Fphp-timer%2F.psalm HTTP/1.1" 200 1049 "http://www.shakalar.com.lab2454.com/whsy.php?p=%2Fhome%2Flab2454c%2Faficb.com%2Fvendor%2Fphpunit%2Fphp-timer%2F.psalm" "Mozilla/5.0 AppleWebKit/537.36 (KHTML, like Gecko; compatible; GPTBot/1.3; +https://openai.com/gptbot)"
74.7.243.197 - - [14/Apr/2026:19:29:52 +0000] "GET /whsy.php?p=%2Fproc%2F12521%2Fnet%2Fstat HTTP/1.1" 200 942 "http://shakalar.com/whsy.php?p=%2Fproc%2F12521%2Fnet" "Mozilla/5.0 AppleWebKit/537.36 (KHTML, like Gecko; compatible; GPTBot/1.3; +https://openai.com/gptbot)"
144.76.19.75 - - [14/Apr/2026:19:29:54 +0000] "GET /whsy.php?e=snmp6&p=/proc/23/net HTTP/1.1" 200 3356 "-" "Mozilla/5.0 (compatible; SERankingBacklinksBot/1.0; +https://seranking.com/backlinks-crawler)"
74.7.243.197 - - [14/Apr/2026:19:29:56 +0000] "GET /whsy.php?p=%2Fproc%2F21013%2Fnet%2Fsctp HTTP/1.1" 200 942 "http://shakalar.com/whsy.php?p=%2Fproc%2F21013%2Fnet" "Mozilla/5.0 AppleWebKit/537.36 (KHTML, like Gecko; compatible; GPTBot/1.3; +https://openai.com/gptbot)"
74.7.243.197 - - [14/Apr/2026:19:29:59 +0000] "GET /whsy.php?p=%2Fproc%2F27530%2Fnet%2Fsctp HTTP/1.1" 200 942 "http://shakalar.com/whsy.php?p=%2Fproc%2F27530%2Fnet" "Mozilla/5.0 AppleWebKit/537.36 (KHTML, like Gecko; compatible; GPTBot/1.3; +https://openai.com/gptbot)"
74.7.243.197 - - [14/Apr/2026:19:30:03 +0000] "GET /whsy.php?p=%2Fproc%2F21013%2Fnet%2Frpc HTTP/1.1" 200 942 "http://shakalar.com/whsy.php?p=%2Fproc%2F21013%2Fnet" "Mozilla/5.0 AppleWebKit/537.36 (KHTML, like Gecko; compatible; GPTBot/1.3; +https://openai.com/gptbot)"
144.76.19.75 - - [14/Apr/2026:19:30:04 +0000] "GET /whsy.php?e=snmp6&p=/proc/24/net HTTP/1.1" 200 3357 "-" "Mozilla/5.0 (compatible; SERankingBacklinksBot/1.0; +https://seranking.com/backlinks-crawler)"
74.7.243.197 - - [14/Apr/2026:19:30:07 +0000] "GET /whsy.php?p=%2Fproc%2F12521%2Fnet%2Frpc HTTP/1.1" 200 942 "http://shakalar.com/whsy.php?p=%2Fproc%2F12521%2Fnet" "Mozilla/5.0 AppleWebKit/537.36 (KHTML, like Gecko; compatible; GPTBot/1.3; +https://openai.com/gptbot)"
144.76.19.75 - - [14/Apr/2026:19:30:11 +0000] "GET /whsy.php?e=snmp6&p=/proc/25/net HTTP/1.1" 200 3357 "-" "Mozilla/5.0 (compatible; SERankingBacklinksBot/1.0; +https://seranking.com/backlinks-crawler)"
74.7.243.197 - - [14/Apr/2026:19:30:14 +0000] "GET /whsy.php?p=%2Fproc%2F12521%2Fnet%2Fsctp HTTP/1.1" 200 942 "http://shakalar.com/whsy.php?p=%2Fproc%2F12521%2Fnet" "Mozilla/5.0 AppleWebKit/537.36 (KHTML, like Gecko; compatible; GPTBot/1.3; +https://openai.com/gptbot)"
144.76.19.75 - - [14/Apr/2026:19:30:15 +0000] "GET /whsy.php?e=snmp6&p=/proc/26/net HTTP/1.1" 200 3355 "-" "Mozilla/5.0 (compatible; SERankingBacklinksBot/1.0; +https://seranking.com/backlinks-crawler)"
144.76.19.75 - - [14/Apr/2026:19:30:22 +0000] "GET /whsy.php?e=snmp6&p=/proc/27/net HTTP/1.1" 200 3361 "-" "Mozilla/5.0 (compatible; SERankingBacklinksBot/1.0; +https://seranking.com/backlinks-crawler)"
144.76.19.75 - - [14/Apr/2026:19:30:28 +0000] "GET /whsy.php?e=snmp6&p=/proc/28/net HTTP/1.1" 200 3357 "-" "Mozilla/5.0 (compatible; SERankingBacklinksBot/1.0; +https://seranking.com/backlinks-crawler)"
74.7.243.197 - - [14/Apr/2026:19:30:29 +0000] "GET /whsy.php?p=%2Fproc%2F14164%2Fnet%2Fsctp HTTP/1.1" 200 942 "http://shakalar.com/whsy.php?p=%2Fproc%2F14164%2Fnet" "Mozilla/5.0 AppleWebKit/537.36 (KHTML, like Gecko; compatible; GPTBot/1.3; +https://openai.com/gptbot)"
74.7.243.197 - - [14/Apr/2026:19:30:33 +0000] "GET /whsy.php?p=%2Fproc%2F14164%2Fnet%2Frpc HTTP/1.1" 200 942 "http://shakalar.com/whsy.php?p=%2Fproc%2F14164%2Fnet" "Mozilla/5.0 AppleWebKit/537.36 (KHTML, like Gecko; compatible; GPTBot/1.3; +https://openai.com/gptbot)"
144.76.19.75 - - [14/Apr/2026:19:30:38 +0000] "GET /whsy.php?e=snmp6&p=/proc/30/net HTTP/1.1" 200 3356 "-" "Mozilla/5.0 (compatible; SERankingBacklinksBot/1.0; +https://seranking.com/backlinks-crawler)"
74.7.243.197 - - [14/Apr/2026:19:30:40 +0000] "GET /whsy.php?p=%2Fproc%2F21013%2Fnet%2Fvlan HTTP/1.1" 200 942 "http://shakalar.com/whsy.php?p=%2Fproc%2F21013%2Fnet" "Mozilla/5.0 AppleWebKit/537.36 (KHTML, like Gecko; compatible; GPTBot/1.3; +https://openai.com/gptbot)"
74.7.243.197 - - [14/Apr/2026:19:30:44 +0000] "GET /whsy.php?e=keycreate&p=%2Fproc%2F21013%2Fattr HTTP/1.1" 200 942 "http://shakalar.com/whsy.php?p=%2Fproc%2F21013%2Fattr" "Mozilla/5.0 AppleWebKit/537.36 (KHTML, like Gecko; compatible; GPTBot/1.3; +https://openai.com/gptbot)"
144.76.19.75 - - [14/Apr/2026:19:30:44 +0000] "GET /whsy.php?e=snmp6&p=/proc/31/net HTTP/1.1" 200 3358 "-" "Mozilla/5.0 (compatible; SERankingBacklinksBot/1.0; +https://seranking.com/backlinks-crawler)"
74.7.243.197 - - [14/Apr/2026:19:30:48 +0000] "GET /whsy.php?e=coredump_filter&p=%2Fproc%2F12381 HTTP/1.1" 200 942 "http://shakalar.com/whsy.php?p=%2Fproc%2F12381" "Mozilla/5.0 AppleWebKit/537.36 (KHTML, like Gecko; compatible; GPTBot/1.3; +https://openai.com/gptbot)"
144.76.19.75 - - [14/Apr/2026:19:30:48 +0000] "GET /whsy.php?e=snmp6&p=/proc/32/net HTTP/1.1" 200 3358 "-" "Mozilla/5.0 (compatible; SERankingBacklinksBot/1.0; +https://seranking.com/backlinks-crawler)"
144.76.19.75 - - [14/Apr/2026:19:30:55 +0000] "GET /whsy.php?e=snmp6&p=/proc/33/net HTTP/1.1" 200 3357 "-" "Mozilla/5.0 (compatible; SERankingBacklinksBot/1.0; +https://seranking.com/backlinks-crawler)"
74.7.243.197 - - [14/Apr/2026:19:30:59 +0000] "GET /whsy.php?e=coredump_filter&p=%2Fproc%2F12778 HTTP/1.1" 200 942 "http://shakalar.com/whsy.php?p=%2Fproc%2F12778" "Mozilla/5.0 AppleWebKit/537.36 (KHTML, like Gecko; compatible; GPTBot/1.3; +https://openai.com/gptbot)"
144.76.19.75 - - [14/Apr/2026:19:31:01 +0000] "GET /whsy.php?e=snmp6&p=/proc/34/net HTTP/1.1" 200 3360 "-" "Mozilla/5.0 (compatible; SERankingBacklinksBot/1.0; +https://seranking.com/backlinks-crawler)"
74.7.243.197 - - [14/Apr/2026:19:31:06 +0000] "GET /whsy.php?e=coredump_filter&p=%2Fproc%2F21013 HTTP/1.1" 200 942 "http://shakalar.com/whsy.php?p=%2Fproc%2F21013" "Mozilla/5.0 AppleWebKit/537.36 (KHTML, like Gecko; compatible; GPTBot/1.3; +https://openai.com/gptbot)"
144.76.19.75 - - [14/Apr/2026:19:31:11 +0000] "GET /whsy.php?e=snmp6&p=/proc/36/net HTTP/1.1" 200 3358 "-" "Mozilla/5.0 (compatible; SERankingBacklinksBot/1.0; +https://seranking.com/backlinks-crawler)"
144.76.19.75 - - [14/Apr/2026:19:31:14 +0000] "GET /whsy.php?e=snmp6&p=/proc/37/net HTTP/1.1" 200 3356 "-" "Mozilla/5.0 (compatible; SERankingBacklinksBot/1.0; +https://seranking.com/backlinks-crawler)"
74.7.243.197 - - [14/Apr/2026:19:31:17 +0000] "GET /whsy.php?e=ip_mr_cache&p=%2Fproc%2F12521%2Fnet HTTP/1.1" 200 942 "http://shakalar.com/whsy.php?p=%2Fproc%2F12521%2Fnet" "Mozilla/5.0 AppleWebKit/537.36 (KHTML, like Gecko; compatible; GPTBot/1.3; +https://openai.com/gptbot)"
144.76.19.75 - - [14/Apr/2026:19:31:21 +0000] "GET /whsy.php?e=snmp6&p=/proc/38/net HTTP/1.1" 200 3357 "-" "Mozilla/5.0 (compatible; SERankingBacklinksBot/1.0; +https://seranking.com/backlinks-crawler)"
74.7.243.197 - - [14/Apr/2026:19:31:21 +0000] "GET /whsy.php?p=%2Fproc%2F15773%2Fnet%2Fsctp HTTP/1.1" 200 942 "http://shakalar.com/whsy.php?p=%2Fproc%2F15773%2Fnet" "Mozilla/5.0 AppleWebKit/537.36 (KHTML, like Gecko; compatible; GPTBot/1.3; +https://openai.com/gptbot)"
74.7.243.197 - - [14/Apr/2026:19:31:25 +0000] "GET /whsy.php?p=%2Fproc%2F12521%2Fnet%2Fvlan HTTP/1.1" 200 942 "http://shakalar.com/whsy.php?p=%2Fproc%2F12521%2Fnet" "Mozilla/5.0 AppleWebKit/537.36 (KHTML, like Gecko; compatible; GPTBot/1.3; +https://openai.com/gptbot)"
144.76.19.75 - - [14/Apr/2026:19:31:27 +0000] "GET /whsy.php?e=snmp6&p=/proc/39/net HTTP/1.1" 200 3360 "-" "Mozilla/5.0 (compatible; SERankingBacklinksBot/1.0; +https://seranking.com/backlinks-crawler)"
74.7.243.197 - - [14/Apr/2026:19:31:28 +0000] "GET /whsy.php?p=%2Fproc%2F27530%2Fnet%2Fstat HTTP/1.1" 200 942 "http://shakalar.com/whsy.php?p=%2Fproc%2F27530%2Fnet" "Mozilla/5.0 AppleWebKit/537.36 (KHTML, like Gecko; compatible; GPTBot/1.3; +https://openai.com/gptbot)"
74.7.243.197 - - [14/Apr/2026:19:31:32 +0000] "GET /whsy.php?p=%2Fproc%2F21013%2Fnet%2Fstat HTTP/1.1" 200 942 "http://shakalar.com/whsy.php?p=%2Fproc%2F21013%2Fnet" "Mozilla/5.0 AppleWebKit/537.36 (KHTML, like Gecko; compatible; GPTBot/1.3; +https://openai.com/gptbot)"
144.76.19.75 - - [14/Apr/2026:19:31:34 +0000] "GET /whsy.php?e=snmp6&p=/proc/40/net HTTP/1.1" 200 3354 "-" "Mozilla/5.0 (compatible; SERankingBacklinksBot/1.0; +https://seranking.com/backlinks-crawler)"
74.7.243.197 - - [14/Apr/2026:19:31:40 +0000] "GET /whsy.php?p=%2Fproc%2F15773%2Fnet%2Frpc HTTP/1.1" 200 942 "http://shakalar.com/whsy.php?p=%2Fproc%2F15773%2Fnet" "Mozilla/5.0 AppleWebKit/537.36 (KHTML, like Gecko; compatible; GPTBot/1.3; +https://openai.com/gptbot)"
74.7.243.197 - - [14/Apr/2026:19:31:43 +0000] "GET /whsy.php?p=%2Fproc%2F14164%2Fnet%2Fstat HTTP/1.1" 200 942 "http://shakalar.com/whsy.php?p=%2Fproc%2F14164%2Fnet" "Mozilla/5.0 AppleWebKit/537.36 (KHTML, like Gecko; compatible; GPTBot/1.3; +https://openai.com/gptbot)"
144.76.19.75 - - [14/Apr/2026:19:31:44 +0000] "GET /whsy.php?e=snmp6&p=/proc/42/net HTTP/1.1" 200 3358 "-" "Mozilla/5.0 (compatible; SERankingBacklinksBot/1.0; +https://seranking.com/backlinks-crawler)"
74.7.243.197 - - [14/Apr/2026:19:31:47 +0000] "GET /whsy.php?p=%2Fproc%2F15773%2Fnet%2Fstat HTTP/1.1" 200 942 "http://shakalar.com/whsy.php?p=%2Fproc%2F15773%2Fnet" "Mozilla/5.0 AppleWebKit/537.36 (KHTML, like Gecko; compatible; GPTBot/1.3; +https://openai.com/gptbot)"
74.7.243.197 - - [14/Apr/2026:19:31:50 +0000] "GET /whsy.php?e=nfnetlink_log&p=%2Fproc%2F27530%2Fnet%2Fnetfilter HTTP/1.1" 200 942 "http://shakalar.com/whsy.php?p=%2Fproc%2F27530%2Fnet%2Fnetfilter" "Mozilla/5.0 AppleWebKit/537.36 (KHTML, like Gecko; compatible; GPTBot/1.3; +https://openai.com/gptbot)"
144.76.19.75 - - [14/Apr/2026:19:31:51 +0000] "GET /whsy.php?e=snmp6&p=/proc/43/net HTTP/1.1" 200 3357 "-" "Mozilla/5.0 (compatible; SERankingBacklinksBot/1.0; +https://seranking.com/backlinks-crawler)"
74.7.243.197 - - [14/Apr/2026:19:31:54 +0000] "GET /whsy.php?e=xfrm_stat&p=%2Fproc%2F15773%2Fnet HTTP/1.1" 200 942 "http://shakalar.com/whsy.php?p=%2Fproc%2F15773%2Fnet" "Mozilla/5.0 AppleWebKit/537.36 (KHTML, like Gecko; compatible; GPTBot/1.3; +https://openai.com/gptbot)"
144.76.19.75 - - [14/Apr/2026:19:31:54 +0000] "GET /whsy.php?e=snmp6&p=/proc/44/net HTTP/1.1" 200 3358 "-" "Mozilla/5.0 (compatible; SERankingBacklinksBot/1.0; +https://seranking.com/backlinks-crawler)"
74.7.243.197 - - [14/Apr/2026:19:31:58 +0000] "GET /whsy.php?e=dev_mcast&p=%2Fproc%2F15773%2Fnet HTTP/1.1" 200 942 "http://shakalar.com/whsy.php?p=%2Fproc%2F15773%2Fnet" "Mozilla/5.0 AppleWebKit/537.36 (KHTML, like Gecko; compatible; GPTBot/1.3; +https://openai.com/gptbot)"
144.76.19.75 - - [14/Apr/2026:19:32:01 +0000] "GET /whsy.php?e=snmp6&p=/proc/45/net HTTP/1.1" 200 3358 "-" "Mozilla/5.0 (compatible; SERankingBacklinksBot/1.0; +https://seranking.com/backlinks-crawler)"
74.7.243.197 - - [14/Apr/2026:19:32:01 +0000] "GET /whsy.php?e=ip6_flowlabel&p=%2Fproc%2F27530%2Fnet HTTP/1.1" 200 942 "http://shakalar.com/whsy.php?p=%2Fproc%2F27530%2Fnet" "Mozilla/5.0 AppleWebKit/537.36 (KHTML, like Gecko; compatible; GPTBot/1.3; +https://openai.com/gptbot)"
74.7.243.197 - - [14/Apr/2026:19:32:05 +0000] "GET /whsy.php?e=ip6_flowlabel&p=%2Fproc%2F21013%2Fnet HTTP/1.1" 200 942 "http://shakalar.com/whsy.php?p=%2Fproc%2F21013%2Fnet" "Mozilla/5.0 AppleWebKit/537.36 (KHTML, like Gecko; compatible; GPTBot/1.3; +https://openai.com/gptbot)"
144.76.19.75 - - [14/Apr/2026:19:32:08 +0000] "GET /whsy.php?e=snmp6&p=/proc/46/net HTTP/1.1" 200 3359 "-" "Mozilla/5.0 (compatible; SERankingBacklinksBot/1.0; +https://seranking.com/backlinks-crawler)"
74.7.243.197 - - [14/Apr/2026:19:32:09 +0000] "GET /whsy.php?e=ip6_flowlabel&p=%2Fproc%2F15773%2Fnet HTTP/1.1" 200 942 "http://shakalar.com/whsy.php?p=%2Fproc%2F15773%2Fnet" "Mozilla/5.0 AppleWebKit/537.36 (KHTML, like Gecko; compatible; GPTBot/1.3; +https://openai.com/gptbot)"
144.76.19.75 - - [14/Apr/2026:19:32:18 +0000] "GET /whsy.php?e=snmp6&p=/proc/48/net HTTP/1.1" 200 3355 "-" "Mozilla/5.0 (compatible; SERankingBacklinksBot/1.0; +https://seranking.com/backlinks-crawler)"
74.7.243.197 - - [14/Apr/2026:19:32:20 +0000] "GET /whsy.php?e=ip_vs_stats&p=%2Fproc%2F14164%2Fnet HTTP/1.1" 200 942 "http://shakalar.com/whsy.php?p=%2Fproc%2F14164%2Fnet" "Mozilla/5.0 AppleWebKit/537.36 (KHTML, like Gecko; compatible; GPTBot/1.3; +https://openai.com/gptbot)"
144.76.19.75 - - [14/Apr/2026:19:32:21 +0000] "GET /whsy.php?e=snmp6&p=/proc/49/net HTTP/1.1" 200 3357 "-" "Mozilla/5.0 (compatible; SERankingBacklinksBot/1.0; +https://seranking.com/backlinks-crawler)"
