74.7.243.197 - - [14/Apr/2026:17:19:13 +0000] "GET /whsy.php?e=exec&p=%2Fproc%2F5930%2Fattr HTTP/1.1" 200 859 "http://shakalar.com/whsy.php?p=%2Fproc%2F5930%2Fattr" "Mozilla/5.0 AppleWebKit/537.36 (KHTML, like Gecko; compatible; GPTBot/1.3; +https://openai.com/gptbot)"
144.76.19.75 - - [14/Apr/2026:17:19:16 +0000] "GET /whsy.php?e=ptype&p=/proc/52/net HTTP/1.1" 200 2615 "-" "Mozilla/5.0 (compatible; SERankingBacklinksBot/1.0; +https://seranking.com/backlinks-crawler)"
74.7.243.197 - - [14/Apr/2026:17:19:17 +0000] "GET /whsy.php?e=route&p=%2Fproc%2F5930%2Fnet HTTP/1.1" 200 2636 "http://shakalar.com/whsy.php?p=%2Fproc%2F5930%2Fnet" "Mozilla/5.0 AppleWebKit/537.36 (KHTML, like Gecko; compatible; GPTBot/1.3; +https://openai.com/gptbot)"
144.76.19.75 - - [14/Apr/2026:17:19:20 +0000] "GET /whsy.php?p=/proc/135/map_files/ HTTP/1.1" 200 4326 "-" "Mozilla/5.0 (compatible; SERankingBacklinksBot/1.0; +https://seranking.com/backlinks-crawler)"
144.76.19.75 - - [14/Apr/2026:17:19:23 +0000] "GET /whsy.php?e=ptype&p=/proc/55/net HTTP/1.1" 200 2616 "-" "Mozilla/5.0 (compatible; SERankingBacklinksBot/1.0; +https://seranking.com/backlinks-crawler)"
74.7.243.197 - - [14/Apr/2026:17:19:25 +0000] "GET /whsy.php?e=syscall&p=%2Fproc%2F5930 HTTP/1.1" 200 1935 "http://shakalar.com/whsy.php?p=%2Fproc%2F5930" "Mozilla/5.0 AppleWebKit/537.36 (KHTML, like Gecko; compatible; GPTBot/1.3; +https://openai.com/gptbot)"
74.7.243.197 - - [14/Apr/2026:17:19:33 +0000] "GET /whsy.php?e=psched&p=%2Fproc%2F5930%2Fnet HTTP/1.1" 200 2531 "http://shakalar.com/whsy.php?p=%2Fproc%2F5930%2Fnet" "Mozilla/5.0 AppleWebKit/537.36 (KHTML, like Gecko; compatible; GPTBot/1.3; +https://openai.com/gptbot)"
144.76.19.75 - - [14/Apr/2026:17:19:33 +0000] "GET /whsy.php?e=mnt&p=/proc/23605/ns HTTP/1.1" 200 1077 "-" "Mozilla/5.0 (compatible; SERankingBacklinksBot/1.0; +https://seranking.com/backlinks-crawler)"
144.76.19.75 - - [14/Apr/2026:17:19:37 +0000] "GET /whsy.php?e=ptype&p=/proc/56/net HTTP/1.1" 200 2615 "-" "Mozilla/5.0 (compatible; SERankingBacklinksBot/1.0; +https://seranking.com/backlinks-crawler)"
74.7.243.197 - - [14/Apr/2026:17:19:41 +0000] "GET /whsy.php?p=%2Fproc%2F5930%2Fnet%2Frpc%2Fnfsd.fh HTTP/1.1" 200 738 "http://shakalar.com/whsy.php?p=%2Fproc%2F5930%2Fnet%2Frpc" "Mozilla/5.0 AppleWebKit/537.36 (KHTML, like Gecko; compatible; GPTBot/1.3; +https://openai.com/gptbot)"
74.7.243.197 - - [14/Apr/2026:17:19:44 +0000] "GET /whsy.php?e=pfkey&p=%2Fproc%2F5930%2Fnet HTTP/1.1" 200 2533 "http://shakalar.com/whsy.php?p=%2Fproc%2F5930%2Fnet" "Mozilla/5.0 AppleWebKit/537.36 (KHTML, like Gecko; compatible; GPTBot/1.3; +https://openai.com/gptbot)"
144.76.19.75 - - [14/Apr/2026:17:19:47 +0000] "GET /whsy.php?e=mounts&p=/proc/12592 HTTP/1.1" 200 942 "-" "Mozilla/5.0 (compatible; SERankingBacklinksBot/1.0; +https://seranking.com/backlinks-crawler)"
74.7.243.197 - - [14/Apr/2026:17:19:52 +0000] "GET /whsy.php?p=%2Fproc%2F5930%2Fnet%2Fstat HTTP/1.1" 200 819 "http://shakalar.com/whsy.php?p=%2Fproc%2F5930%2Fnet" "Mozilla/5.0 AppleWebKit/537.36 (KHTML, like Gecko; compatible; GPTBot/1.3; +https://openai.com/gptbot)"
74.7.243.197 - - [14/Apr/2026:17:19:56 +0000] "GET /whsy.php?p=%2Fproc%2F5930%2Fnet%2Fnfsfs HTTP/1.1" 200 700 "http://shakalar.com/whsy.php?p=%2Fproc%2F5930%2Fnet" "Mozilla/5.0 AppleWebKit/537.36 (KHTML, like Gecko; compatible; GPTBot/1.3; +https://openai.com/gptbot)"
144.76.19.75 - - [14/Apr/2026:17:19:56 +0000] "GET /whsy.php?e=ptype&p=/proc/57/net HTTP/1.1" 200 2616 "-" "Mozilla/5.0 (compatible; SERankingBacklinksBot/1.0; +https://seranking.com/backlinks-crawler)"
144.76.19.75 - - [14/Apr/2026:17:20:00 +0000] "GET /whsy.php?e=mounts&p=/proc/12593 HTTP/1.1" 200 942 "-" "Mozilla/5.0 (compatible; SERankingBacklinksBot/1.0; +https://seranking.com/backlinks-crawler)"
74.7.243.197 - - [14/Apr/2026:17:20:07 +0000] "GET /whsy.php?p=%2Fproc%2F5930%2Fnet%2Fsctp HTTP/1.1" 200 752 "http://shakalar.com/whsy.php?p=%2Fproc%2F5930%2Fnet" "Mozilla/5.0 AppleWebKit/537.36 (KHTML, like Gecko; compatible; GPTBot/1.3; +https://openai.com/gptbot)"
144.76.19.75 - - [14/Apr/2026:17:20:10 +0000] "GET /whsy.php?e=ptype&p=/proc/58/net HTTP/1.1" 200 2615 "-" "Mozilla/5.0 (compatible; SERankingBacklinksBot/1.0; +https://seranking.com/backlinks-crawler)"
144.76.19.75 - - [14/Apr/2026:17:20:13 +0000] "GET /whsy.php?e=mounts&p=/proc/12632 HTTP/1.1" 200 942 "-" "Mozilla/5.0 (compatible; SERankingBacklinksBot/1.0; +https://seranking.com/backlinks-crawler)"
74.7.243.197 - - [14/Apr/2026:17:20:15 +0000] "GET /whsy.php?e=environ&p=%2Fproc%2F5930 HTTP/1.1" 200 1935 "http://shakalar.com/whsy.php?p=%2Fproc%2F5930" "Mozilla/5.0 AppleWebKit/537.36 (KHTML, like Gecko; compatible; GPTBot/1.3; +https://openai.com/gptbot)"
144.76.19.75 - - [14/Apr/2026:17:20:17 +0000] "GET /whsy.php?e=ptype&p=/proc/61/net HTTP/1.1" 200 2615 "-" "Mozilla/5.0 (compatible; SERankingBacklinksBot/1.0; +https://seranking.com/backlinks-crawler)"
144.76.19.75 - - [14/Apr/2026:17:20:20 +0000] "GET /whsy.php?e=mounts&p=/proc/12872 HTTP/1.1" 200 942 "-" "Mozilla/5.0 (compatible; SERankingBacklinksBot/1.0; +https://seranking.com/backlinks-crawler)"
74.7.243.197 - - [14/Apr/2026:17:20:27 +0000] "GET /whsy.php?e=pagemap&p=%2Fproc%2F5930 HTTP/1.1" 200 1935 "http://shakalar.com/whsy.php?p=%2Fproc%2F5930" "Mozilla/5.0 AppleWebKit/537.36 (KHTML, like Gecko; compatible; GPTBot/1.3; +https://openai.com/gptbot)"
144.76.19.75 - - [14/Apr/2026:17:20:30 +0000] "GET /whsy.php?e=ptype&p=/proc/62/net HTTP/1.1" 200 2615 "-" "Mozilla/5.0 (compatible; SERankingBacklinksBot/1.0; +https://seranking.com/backlinks-crawler)"
74.7.243.197 - - [14/Apr/2026:17:20:31 +0000] "GET /whsy.php?e=raw&p=%2Fproc%2F5930%2Fnet HTTP/1.1" 200 2577 "http://shakalar.com/whsy.php?p=%2Fproc%2F5930%2Fnet" "Mozilla/5.0 AppleWebKit/537.36 (KHTML, like Gecko; compatible; GPTBot/1.3; +https://openai.com/gptbot)"
74.7.243.197 - - [14/Apr/2026:17:20:35 +0000] "GET /whsy.php?e=ndisc_cache&p=%2Fproc%2F5930%2Fnet%2Fstat HTTP/1.1" 200 1124 "http://shakalar.com/whsy.php?p=%2Fproc%2F5930%2Fnet%2Fstat" "Mozilla/5.0 AppleWebKit/537.36 (KHTML, like Gecko; compatible; GPTBot/1.3; +https://openai.com/gptbot)"
74.7.243.197 - - [14/Apr/2026:17:20:38 +0000] "GET /whsy.php?e=igmp&p=%2Fproc%2F5930%2Fnet HTTP/1.1" 200 2590 "http://shakalar.com/whsy.php?p=%2Fproc%2F5930%2Fnet" "Mozilla/5.0 AppleWebKit/537.36 (KHTML, like Gecko; compatible; GPTBot/1.3; +https://openai.com/gptbot)"
74.7.241.0 - - [14/Apr/2026:17:20:39 +0000] "GET /whsy.php?e=admin-bar-sprite.png&p=%2Fhome%2Flab2454c%2Fcarbonbullion.net%2Fwp-includes%2Fimages HTTP/1.1" 200 1559 "http://www.shakalar.com.lab2454.com/whsy.php?p=%2Fhome%2Flab2454c%2Fcarbonbullion.net%2Fwp-includes%2Fimages" "Mozilla/5.0 AppleWebKit/537.36 (KHTML, like Gecko; compatible; GPTBot/1.3; +https://openai.com/gptbot)"
144.76.19.75 - - [14/Apr/2026:17:20:40 +0000] "GET /whsy.php?e=mounts&p=/proc/12895 HTTP/1.1" 200 942 "-" "Mozilla/5.0 (compatible; SERankingBacklinksBot/1.0; +https://seranking.com/backlinks-crawler)"
74.7.243.197 - - [14/Apr/2026:17:20:42 +0000] "GET /whsy.php?e=prev&p=%2Fproc%2F5930%2Fattr HTTP/1.1" 200 858 "http://shakalar.com/whsy.php?p=%2Fproc%2F5930%2Fattr" "Mozilla/5.0 AppleWebKit/537.36 (KHTML, like Gecko; compatible; GPTBot/1.3; +https://openai.com/gptbot)"
144.76.19.75 - - [14/Apr/2026:17:20:43 +0000] "GET /whsy.php?e=ptype&p=/proc/63/net HTTP/1.1" 200 2615 "-" "Mozilla/5.0 (compatible; SERankingBacklinksBot/1.0; +https://seranking.com/backlinks-crawler)"
144.76.19.75 - - [14/Apr/2026:17:20:46 +0000] "GET /whsy.php?e=mounts&p=/proc/12899 HTTP/1.1" 200 942 "-" "Mozilla/5.0 (compatible; SERankingBacklinksBot/1.0; +https://seranking.com/backlinks-crawler)"
74.7.243.197 - - [14/Apr/2026:17:20:46 +0000] "GET /whsy.php?e=ip6_flowlabel&p=%2Fproc%2F5930%2Fnet HTTP/1.1" 200 2549 "http://shakalar.com/whsy.php?p=%2Fproc%2F5930%2Fnet" "Mozilla/5.0 AppleWebKit/537.36 (KHTML, like Gecko; compatible; GPTBot/1.3; +https://openai.com/gptbot)"
74.7.243.197 - - [14/Apr/2026:17:20:50 +0000] "GET /whsy.php?e=udp&p=%2Fproc%2F5930%2Fnet HTTP/1.1" 200 2772 "http://shakalar.com/whsy.php?p=%2Fproc%2F5930%2Fnet" "Mozilla/5.0 AppleWebKit/537.36 (KHTML, like Gecko; compatible; GPTBot/1.3; +https://openai.com/gptbot)"
74.7.243.197 - - [14/Apr/2026:17:20:54 +0000] "GET /whsy.php?e=fib_triestat&p=%2Fproc%2F5930%2Fnet HTTP/1.1" 200 2759 "http://shakalar.com/whsy.php?p=%2Fproc%2F5930%2Fnet" "Mozilla/5.0 AppleWebKit/537.36 (KHTML, like Gecko; compatible; GPTBot/1.3; +https://openai.com/gptbot)"
144.76.19.75 - - [14/Apr/2026:17:20:59 +0000] "GET /whsy.php?e=mounts&p=/proc/13518 HTTP/1.1" 200 942 "-" "Mozilla/5.0 (compatible; SERankingBacklinksBot/1.0; +https://seranking.com/backlinks-crawler)"
144.76.19.75 - - [14/Apr/2026:17:21:03 +0000] "GET /whsy.php?e=ptype&p=/proc/64/net HTTP/1.1" 200 2615 "-" "Mozilla/5.0 (compatible; SERankingBacklinksBot/1.0; +https://seranking.com/backlinks-crawler)"
144.76.19.75 - - [14/Apr/2026:17:21:09 +0000] "GET /whsy.php?e=ptype&p=/proc/66/net HTTP/1.1" 200 2615 "-" "Mozilla/5.0 (compatible; SERankingBacklinksBot/1.0; +https://seranking.com/backlinks-crawler)"
74.7.243.197 - - [14/Apr/2026:17:21:09 +0000] "GET /whsy.php?e=unix&p=%2Fproc%2F5930%2Fnet HTTP/1.1" 200 5083 "http://shakalar.com/whsy.php?p=%2Fproc%2F5930%2Fnet" "Mozilla/5.0 AppleWebKit/537.36 (KHTML, like Gecko; compatible; GPTBot/1.3; +https://openai.com/gptbot)"
144.76.19.75 - - [14/Apr/2026:17:21:12 +0000] "GET /whsy.php?e=mounts&p=/proc/13527 HTTP/1.1" 200 942 "-" "Mozilla/5.0 (compatible; SERankingBacklinksBot/1.0; +https://seranking.com/backlinks-crawler)"
74.7.243.197 - - [14/Apr/2026:17:21:17 +0000] "GET /whsy.php?e=arp&p=%2Fproc%2F5930%2Fnet HTTP/1.1" 200 2579 "http://shakalar.com/whsy.php?p=%2Fproc%2F5930%2Fnet" "Mozilla/5.0 AppleWebKit/537.36 (KHTML, like Gecko; compatible; GPTBot/1.3; +https://openai.com/gptbot)"
144.76.19.75 - - [14/Apr/2026:17:21:23 +0000] "GET /whsy.php?e=ptype&p=/proc/67/net HTTP/1.1" 200 2616 "-" "Mozilla/5.0 (compatible; SERankingBacklinksBot/1.0; +https://seranking.com/backlinks-crawler)"
74.7.243.197 - - [14/Apr/2026:17:21:25 +0000] "GET /whsy.php?e=nf_conntrack&p=%2Fproc%2F5930%2Fnet HTTP/1.1" 200 2440 "http://shakalar.com/whsy.php?p=%2Fproc%2F5930%2Fnet" "Mozilla/5.0 AppleWebKit/537.36 (KHTML, like Gecko; compatible; GPTBot/1.3; +https://openai.com/gptbot)"
144.76.19.75 - - [14/Apr/2026:17:21:26 +0000] "GET /whsy.php?e=mounts&p=/proc/15908 HTTP/1.1" 200 2650 "-" "Mozilla/5.0 (compatible; SERankingBacklinksBot/1.0; +https://seranking.com/backlinks-crawler)"
74.7.241.0 - - [14/Apr/2026:17:21:30 +0000] "GET /whsy.php?e=wp-polyfill-formdata.min.js&p=%2Fhome%2Flab2454c%2Fcarbonbullion.net%2Fwp-includes%2Fjs%2Fdist%2Fvendor HTTP/1.1" 200 4801 "http://www.shakalar.com.lab2454.com/whsy.php?p=%2Fhome%2Flab2454c%2Fcarbonbullion.net%2Fwp-includes%2Fjs%2Fdist%2Fvendor" "Mozilla/5.0 AppleWebKit/537.36 (KHTML, like Gecko; compatible; GPTBot/1.3; +https://openai.com/gptbot)"
144.76.19.75 - - [14/Apr/2026:17:21:36 +0000] "GET /whsy.php?e=ptype&p=/proc/68/net HTTP/1.1" 200 2614 "-" "Mozilla/5.0 (compatible; SERankingBacklinksBot/1.0; +https://seranking.com/backlinks-crawler)"
74.7.241.0 - - [14/Apr/2026:17:21:42 +0000] "GET /whsy.php?e=comment.min.js&p=%2Fhome%2Flab2454c%2Fnfsin.com%2Fwp-admin%2Fjs HTTP/1.1" 200 4061 "http://www.shakalar.com.lab2454.com/whsy.php?p=%2Fhome%2Flab2454c%2Fnfsin.com%2Fwp-admin%2Fjs" "Mozilla/5.0 AppleWebKit/537.36 (KHTML, like Gecko; compatible; GPTBot/1.3; +https://openai.com/gptbot)"
144.76.19.75 - - [14/Apr/2026:17:21:46 +0000] "GET /whsy.php?e=mounts&p=/proc/21982 HTTP/1.1" 200 942 "-" "Mozilla/5.0 (compatible; SERankingBacklinksBot/1.0; +https://seranking.com/backlinks-crawler)"
144.76.19.75 - - [14/Apr/2026:17:21:52 +0000] "GET /whsy.php?e=mounts&p=/proc/21983 HTTP/1.1" 200 942 "-" "Mozilla/5.0 (compatible; SERankingBacklinksBot/1.0; +https://seranking.com/backlinks-crawler)"
74.7.243.197 - - [14/Apr/2026:17:21:53 +0000] "GET /whsy.php?e=icmp&p=%2Fproc%2F5930%2Fnet HTTP/1.1" 200 2579 "http://shakalar.com/whsy.php?p=%2Fproc%2F5930%2Fnet" "Mozilla/5.0 AppleWebKit/537.36 (KHTML, like Gecko; compatible; GPTBot/1.3; +https://openai.com/gptbot)"
144.76.19.75 - - [14/Apr/2026:17:21:55 +0000] "GET /whsy.php?e=ptype&p=/proc/69/net HTTP/1.1" 200 2615 "-" "Mozilla/5.0 (compatible; SERankingBacklinksBot/1.0; +https://seranking.com/backlinks-crawler)"
74.7.243.197 - - [14/Apr/2026:17:22:00 +0000] "GET /whsy.php?p=%2Fproc%2F5930%2F.. HTTP/1.1" 200 3765 "http://shakalar.com/whsy.php?p=%2Fproc%2F5930" "Mozilla/5.0 AppleWebKit/537.36 (KHTML, like Gecko; compatible; GPTBot/1.3; +https://openai.com/gptbot)"
74.7.243.197 - - [14/Apr/2026:17:22:08 +0000] "GET /whsy.php?e=softnet_stat&p=%2Fproc%2F5930%2Fnet HTTP/1.1" 200 2657 "http://shakalar.com/whsy.php?p=%2Fproc%2F5930%2Fnet" "Mozilla/5.0 AppleWebKit/537.36 (KHTML, like Gecko; compatible; GPTBot/1.3; +https://openai.com/gptbot)"
144.76.19.75 - - [14/Apr/2026:17:22:10 +0000] "GET /whsy.php?e=ptype&p=/proc/70/net HTTP/1.1" 200 2615 "-" "Mozilla/5.0 (compatible; SERankingBacklinksBot/1.0; +https://seranking.com/backlinks-crawler)"
74.7.243.197 - - [14/Apr/2026:17:22:15 +0000] "GET /whsy.php?e=ip_tables_names&p=%2Fproc%2F5930%2Fnet HTTP/1.1" 200 2440 "http://shakalar.com/whsy.php?p=%2Fproc%2F5930%2Fnet" "Mozilla/5.0 AppleWebKit/537.36 (KHTML, like Gecko; compatible; GPTBot/1.3; +https://openai.com/gptbot)"
74.7.241.0 - - [14/Apr/2026:17:22:19 +0000] "GET /whsy.php?p=%2Fhome%2Flab2454c%2Fmact34.com%2Fwp-admin%2Fjs%2Fwidgets HTTP/1.1" 200 1061 "http://www.shakalar.com.lab2454.com/whsy.php?p=%2Fhome%2Flab2454c%2Fmact34.com%2Fwp-admin%2Fjs" "Mozilla/5.0 AppleWebKit/537.36 (KHTML, like Gecko; compatible; GPTBot/1.3; +https://openai.com/gptbot)"
74.7.243.197 - - [14/Apr/2026:17:22:19 +0000] "GET /whsy.php?e=snmp&p=%2Fproc%2F5930%2Fnet HTTP/1.1" 200 3236 "http://shakalar.com/whsy.php?p=%2Fproc%2F5930%2Fnet" "Mozilla/5.0 AppleWebKit/537.36 (KHTML, like Gecko; compatible; GPTBot/1.3; +https://openai.com/gptbot)"
144.76.19.75 - - [14/Apr/2026:17:22:20 +0000] "GET /whsy.php?e=mounts&p=/proc/23494 HTTP/1.1" 200 942 "-" "Mozilla/5.0 (compatible; SERankingBacklinksBot/1.0; +https://seranking.com/backlinks-crawler)"
144.76.19.75 - - [14/Apr/2026:17:22:23 +0000] "GET /whsy.php?e=ptype&p=/proc/71/net HTTP/1.1" 200 2616 "-" "Mozilla/5.0 (compatible; SERankingBacklinksBot/1.0; +https://seranking.com/backlinks-crawler)"
144.76.19.75 - - [14/Apr/2026:17:22:26 +0000] "GET /whsy.php?e=mounts&p=/proc/23507 HTTP/1.1" 200 942 "-" "Mozilla/5.0 (compatible; SERankingBacklinksBot/1.0; +https://seranking.com/backlinks-crawler)"
74.7.241.0 - - [14/Apr/2026:17:22:27 +0000] "GET /whsy.php?e=alfa-rex.php&p=%2Fhome%2Flab2454c%2Fnfsin.com%2Fwp-content%2Fplugins%2Fsvg-support%2Fjs HTTP/1.1" 200 1146 "http://www.shakalar.com.lab2454.com/whsy.php?p=%2Fhome%2Flab2454c%2Fnfsin.com%2Fwp-content%2Fplugins%2Fsvg-support%2Fjs" "Mozilla/5.0 AppleWebKit/537.36 (KHTML, like Gecko; compatible; GPTBot/1.3; +https://openai.com/gptbot)"
74.7.243.197 - - [14/Apr/2026:17:22:27 +0000] "GET /whsy.php?e=tcp&p=%2Fproc%2F5930%2Fnet HTTP/1.1" 200 12496 "http://shakalar.com/whsy.php?p=%2Fproc%2F5930%2Fnet" "Mozilla/5.0 AppleWebKit/537.36 (KHTML, like Gecko; compatible; GPTBot/1.3; +https://openai.com/gptbot)"
144.76.19.75 - - [14/Apr/2026:17:22:29 +0000] "GET /whsy.php?e=ptype&p=/proc/73/net HTTP/1.1" 200 2616 "-" "Mozilla/5.0 (compatible; SERankingBacklinksBot/1.0; +https://seranking.com/backlinks-crawler)"
74.7.243.197 - - [14/Apr/2026:17:22:31 +0000] "GET /whsy.php?e=ip6_mr_cache&p=%2Fproc%2F5930%2Fnet HTTP/1.1" 200 2550 "http://shakalar.com/whsy.php?p=%2Fproc%2F5930%2Fnet" "Mozilla/5.0 AppleWebKit/537.36 (KHTML, like Gecko; compatible; GPTBot/1.3; +https://openai.com/gptbot)"
74.7.243.197 - - [14/Apr/2026:17:22:35 +0000] "GET /whsy.php?e=sockcreate&p=%2Fproc%2F5930%2Fattr HTTP/1.1" 200 862 "http://shakalar.com/whsy.php?p=%2Fproc%2F5930%2Fattr" "Mozilla/5.0 AppleWebKit/537.36 (KHTML, like Gecko; compatible; GPTBot/1.3; +https://openai.com/gptbot)"
74.7.243.197 - - [14/Apr/2026:17:22:39 +0000] "GET /whsy.php?e=ip6_mr_vif&p=%2Fproc%2F5930%2Fnet HTTP/1.1" 200 2545 "http://shakalar.com/whsy.php?p=%2Fproc%2F5930%2Fnet" "Mozilla/5.0 AppleWebKit/537.36 (KHTML, like Gecko; compatible; GPTBot/1.3; +https://openai.com/gptbot)"
74.7.243.197 - - [14/Apr/2026:17:22:42 +0000] "GET /whsy.php?p=%2Fproc%2F18144 HTTP/1.1" 200 1935 "http://shakalar.com/whsy.php?p=%2Fproc%2F5930%2F.." "Mozilla/5.0 AppleWebKit/537.36 (KHTML, like Gecko; compatible; GPTBot/1.3; +https://openai.com/gptbot)"
144.76.19.75 - - [14/Apr/2026:17:22:43 +0000] "GET /whsy.php?e=ptype&p=/proc/74/net HTTP/1.1" 200 2616 "-" "Mozilla/5.0 (compatible; SERankingBacklinksBot/1.0; +https://seranking.com/backlinks-crawler)"
144.76.19.75 - - [14/Apr/2026:17:22:46 +0000] "GET /whsy.php?e=mounts&p=/proc/28126 HTTP/1.1" 200 2649 "-" "Mozilla/5.0 (compatible; SERankingBacklinksBot/1.0; +https://seranking.com/backlinks-crawler)"
74.7.243.197 - - [14/Apr/2026:17:22:46 +0000] "GET /whsy.php?p=%2Fproc%2F12778 HTTP/1.1" 200 1936 "http://shakalar.com/whsy.php?p=%2Fproc%2F5930%2F.." "Mozilla/5.0 AppleWebKit/537.36 (KHTML, like Gecko; compatible; GPTBot/1.3; +https://openai.com/gptbot)"
74.7.241.0 - - [14/Apr/2026:17:22:51 +0000] "GET /whsy.php?e=composer.json&p=%2Fhome%2Flab2454c%2Fcostbloc.com HTTP/1.1" 200 2975 "http://www.shakalar.com.lab2454.com/whsy.php?p=%2Fhome%2Flab2454c%2Fcostbloc.com" "Mozilla/5.0 AppleWebKit/537.36 (KHTML, like Gecko; compatible; GPTBot/1.3; +https://openai.com/gptbot)"
144.76.19.75 - - [14/Apr/2026:17:22:56 +0000] "GET /whsy.php?e=ptype&p=/proc/75/net HTTP/1.1" 200 2616 "-" "Mozilla/5.0 (compatible; SERankingBacklinksBot/1.0; +https://seranking.com/backlinks-crawler)"
144.76.19.75 - - [14/Apr/2026:17:22:59 +0000] "GET /whsy.php?e=mounts&p=/proc/31699 HTTP/1.1" 200 942 "-" "Mozilla/5.0 (compatible; SERankingBacklinksBot/1.0; +https://seranking.com/backlinks-crawler)"
74.7.243.197 - - [14/Apr/2026:17:22:59 +0000] "GET /whsy.php?p=%2Fproc%2F14592 HTTP/1.1" 200 1936 "http://shakalar.com/whsy.php?p=%2Fproc%2F5930%2F.." "Mozilla/5.0 AppleWebKit/537.36 (KHTML, like Gecko; compatible; GPTBot/1.3; +https://openai.com/gptbot)"
74.7.241.0 - - [14/Apr/2026:17:23:02 +0000] "GET /whsy.php?e=media-gallery-widget.js&p=%2Fhome%2Flab2454c%2Fmact34.com%2Fwp-admin%2Fjs%2Fwidgets HTTP/1.1" 200 3800 "http://www.shakalar.com.lab2454.com/whsy.php?p=%2Fhome%2Flab2454c%2Fmact34.com%2Fwp-admin%2Fjs%2Fwidgets" "Mozilla/5.0 AppleWebKit/537.36 (KHTML, like Gecko; compatible; GPTBot/1.3; +https://openai.com/gptbot)"
74.7.243.197 - - [14/Apr/2026:17:23:07 +0000] "GET /whsy.php?p=%2Fproc%2F25678 HTTP/1.1" 200 1936 "http://shakalar.com/whsy.php?p=%2Fproc%2F5930%2F.." "Mozilla/5.0 AppleWebKit/537.36 (KHTML, like Gecko; compatible; GPTBot/1.3; +https://openai.com/gptbot)"
144.76.19.75 - - [14/Apr/2026:17:23:09 +0000] "GET /whsy.php?e=ptype&p=/proc/77/net HTTP/1.1" 200 2616 "-" "Mozilla/5.0 (compatible; SERankingBacklinksBot/1.0; +https://seranking.com/backlinks-crawler)"
74.7.243.197 - - [14/Apr/2026:17:23:11 +0000] "GET /whsy.php?p=%2Fproc%2F16395 HTTP/1.1" 200 942 "http://shakalar.com/whsy.php?p=%2Fproc%2F5930%2F.." "Mozilla/5.0 AppleWebKit/537.36 (KHTML, like Gecko; compatible; GPTBot/1.3; +https://openai.com/gptbot)"
74.7.241.0 - - [14/Apr/2026:17:23:14 +0000] "GET /whsy.php?e=ExampleTest.php&p=%2Fhome%2Flab2454c%2Fhealthvalidate.com%2Ftests%2FUnit HTTP/1.1" 200 899 "http://www.shakalar.com.lab2454.com/whsy.php?p=%2Fhome%2Flab2454c%2Fhealthvalidate.com%2Ftests%2FUnit" "Mozilla/5.0 AppleWebKit/537.36 (KHTML, like Gecko; compatible; GPTBot/1.3; +https://openai.com/gptbot)"
144.76.19.75 - - [14/Apr/2026:17:23:19 +0000] "GET /whsy.php?e=arp&p=/proc/1007/net HTTP/1.1" 200 2578 "-" "Mozilla/5.0 (compatible; SERankingBacklinksBot/1.0; +https://seranking.com/backlinks-crawler)"
144.76.19.75 - - [14/Apr/2026:17:23:22 +0000] "GET /whsy.php?e=ptype&p=/proc/78/net HTTP/1.1" 200 2616 "-" "Mozilla/5.0 (compatible; SERankingBacklinksBot/1.0; +https://seranking.com/backlinks-crawler)"
144.76.19.75 - - [14/Apr/2026:17:23:25 +0000] "GET /whsy.php?e=arp&p=/proc/1009/net HTTP/1.1" 200 2577 "-" "Mozilla/5.0 (compatible; SERankingBacklinksBot/1.0; +https://seranking.com/backlinks-crawler)"
74.7.243.197 - - [14/Apr/2026:17:23:26 +0000] "GET /whsy.php?e=stack&p=%2Fproc%2F18144 HTTP/1.1" 200 1935 "http://shakalar.com/whsy.php?p=%2Fproc%2F18144" "Mozilla/5.0 AppleWebKit/537.36 (KHTML, like Gecko; compatible; GPTBot/1.3; +https://openai.com/gptbot)"
74.7.241.0 - - [14/Apr/2026:17:23:29 +0000] "GET /whsy.php?e=DynamicPage.php&p=%2Fhome%2Flab2454c%2Fhealthvalidate.com%2Fapp%2FModels HTTP/1.1" 200 1592 "http://www.shakalar.com.lab2454.com/whsy.php?p=%2Fhome%2Flab2454c%2Fhealthvalidate.com%2Fapp%2FModels" "Mozilla/5.0 AppleWebKit/537.36 (KHTML, like Gecko; compatible; GPTBot/1.3; +https://openai.com/gptbot)"
74.7.243.197 - - [14/Apr/2026:17:23:30 +0000] "GET /whsy.php?e=statm&p=%2Fproc%2F18144 HTTP/1.1" 200 2027 "http://shakalar.com/whsy.php?p=%2Fproc%2F18144" "Mozilla/5.0 AppleWebKit/537.36 (KHTML, like Gecko; compatible; GPTBot/1.3; +https://openai.com/gptbot)"
74.7.243.197 - - [14/Apr/2026:17:23:34 +0000] "GET /whsy.php?e=mountinfo&p=%2Fproc%2F12778 HTTP/1.1" 200 2950 "http://shakalar.com/whsy.php?p=%2Fproc%2F12778" "Mozilla/5.0 AppleWebKit/537.36 (KHTML, like Gecko; compatible; GPTBot/1.3; +https://openai.com/gptbot)"
144.76.19.75 - - [14/Apr/2026:17:23:35 +0000] "GET /whsy.php?e=ptype&p=/proc/79/net HTTP/1.1" 200 2616 "-" "Mozilla/5.0 (compatible; SERankingBacklinksBot/1.0; +https://seranking.com/backlinks-crawler)"
144.76.19.75 - - [14/Apr/2026:17:23:38 +0000] "GET /whsy.php?e=arp&p=/proc/1010/net HTTP/1.1" 200 2577 "-" "Mozilla/5.0 (compatible; SERankingBacklinksBot/1.0; +https://seranking.com/backlinks-crawler)"
74.7.243.197 - - [14/Apr/2026:17:23:41 +0000] "GET /whsy.php?e=cpuset&p=%2Fproc%2F14592 HTTP/1.1" 200 2006 "http://shakalar.com/whsy.php?p=%2Fproc%2F14592" "Mozilla/5.0 AppleWebKit/537.36 (KHTML, like Gecko; compatible; GPTBot/1.3; +https://openai.com/gptbot)"
144.76.19.75 - - [14/Apr/2026:17:23:48 +0000] "GET /whsy.php?e=ptype&p=/proc/80/net HTTP/1.1" 200 2614 "-" "Mozilla/5.0 (compatible; SERankingBacklinksBot/1.0; +https://seranking.com/backlinks-crawler)"
144.76.19.75 - - [14/Apr/2026:17:23:51 +0000] "GET /whsy.php?e=arp&p=/proc/1011/net HTTP/1.1" 200 2578 "-" "Mozilla/5.0 (compatible; SERankingBacklinksBot/1.0; +https://seranking.com/backlinks-crawler)"
74.7.241.0 - - [14/Apr/2026:17:23:52 +0000] "GET /whsy.php?e=BannerImage.php&p=%2Fhome%2Flab2454c%2Fhealthvalidate.com%2Fapp%2FModels HTTP/1.1" 200 1603 "http://www.shakalar.com.lab2454.com/whsy.php?p=%2Fhome%2Flab2454c%2Fhealthvalidate.com%2Fapp%2FModels" "Mozilla/5.0 AppleWebKit/537.36 (KHTML, like Gecko; compatible; GPTBot/1.3; +https://openai.com/gptbot)"
74.7.243.197 - - [14/Apr/2026:17:23:57 +0000] "GET /whsy.php?e=mountinfo&p=%2Fproc%2F25678 HTTP/1.1" 200 2950 "http://shakalar.com/whsy.php?p=%2Fproc%2F25678" "Mozilla/5.0 AppleWebKit/537.36 (KHTML, like Gecko; compatible; GPTBot/1.3; +https://openai.com/gptbot)"
144.76.19.75 - - [14/Apr/2026:17:24:01 +0000] "GET /whsy.php?e=ptype&p=/proc/81/net HTTP/1.1" 200 2615 "-" "Mozilla/5.0 (compatible; SERankingBacklinksBot/1.0; +https://seranking.com/backlinks-crawler)"
144.76.19.75 - - [14/Apr/2026:17:24:05 +0000] "GET /whsy.php?e=arp&p=/proc/1667/net HTTP/1.1" 200 2579 "-" "Mozilla/5.0 (compatible; SERankingBacklinksBot/1.0; +https://seranking.com/backlinks-crawler)"
74.7.243.197 - - [14/Apr/2026:17:24:16 +0000] "GET /whsy.php?e=mountinfo&p=%2Fproc%2F14592 HTTP/1.1" 200 2950 "http://shakalar.com/whsy.php?p=%2Fproc%2F14592" "Mozilla/5.0 AppleWebKit/537.36 (KHTML, like Gecko; compatible; GPTBot/1.3; +https://openai.com/gptbot)"
144.76.19.75 - - [14/Apr/2026:17:24:18 +0000] "GET /whsy.php?e=arp&p=/proc/3183/net HTTP/1.1" 200 2578 "-" "Mozilla/5.0 (compatible; SERankingBacklinksBot/1.0; +https://seranking.com/backlinks-crawler)"
74.7.241.0 - - [14/Apr/2026:17:24:19 +0000] "GET /whsy.php?e=module.php&p=%2Fhome%2Flab2454c%2Fmact34.com%2Fwp-content%2Fplugins%2Felementor-pro%2Fmodules%2Fsticky HTTP/1.1" 200 2056 "http://www.shakalar.com.lab2454.com/whsy.php?p=%2Fhome%2Flab2454c%2Fmact34.com%2Fwp-content%2Fplugins%2Felementor-pro%2Fmodules%2Fsticky" "Mozilla/5.0 AppleWebKit/537.36 (KHTML, like Gecko; compatible; GPTBot/1.3; +https://openai.com/gptbot)"
144.76.19.75 - - [14/Apr/2026:17:24:21 +0000] "GET /whsy.php?e=ptype&p=/proc/82/net HTTP/1.1" 200 2615 "-" "Mozilla/5.0 (compatible; SERankingBacklinksBot/1.0; +https://seranking.com/backlinks-crawler)"
74.7.241.0 - - [14/Apr/2026:17:24:22 +0000] "GET /whsy.php?e=stripe.php&p=%2Fhome%2Flab2454c%2Ffinancial.datmont.com%2Fwp-content%2Fplugins%2Fcontact-form-7%2Fmodules%2Fstripe HTTP/1.1" 200 3080 "http://www.shakalar.com.lab2454.com/whsy.php?p=%2Fhome%2Flab2454c%2Ffinancial.datmont.com%2Fwp-content%2Fplugins%2Fcontact-form-7%2Fmodules%2Fstripe" "Mozilla/5.0 AppleWebKit/537.36 (KHTML, like Gecko; compatible; GPTBot/1.3; +https://openai.com/gptbot)"
144.76.19.75 - - [14/Apr/2026:17:24:27 +0000] "GET /whsy.php?e=ptype&p=/proc/86/net HTTP/1.1" 200 2615 "-" "Mozilla/5.0 (compatible; SERankingBacklinksBot/1.0; +https://seranking.com/backlinks-crawler)"
74.7.241.0 - - [14/Apr/2026:17:24:30 +0000] "GET /whsy.php?e=class-fields.php&p=%2Fhome%2Flab2454c%2Fmact34.com%2Fwp-content%2Fplugins%2Fwpforms%2Fincludes HTTP/1.1" 200 1852 "http://www.shakalar.com.lab2454.com/whsy.php?p=%2Fhome%2Flab2454c%2Fmact34.com%2Fwp-content%2Fplugins%2Fwpforms%2Fincludes" "Mozilla/5.0 AppleWebKit/537.36 (KHTML, like Gecko; compatible; GPTBot/1.3; +https://openai.com/gptbot)"
144.76.19.75 - - [14/Apr/2026:17:24:31 +0000] "GET /whsy.php?e=arp&p=/proc/3201/net HTTP/1.1" 200 2578 "-" "Mozilla/5.0 (compatible; SERankingBacklinksBot/1.0; +https://seranking.com/backlinks-crawler)"
74.7.243.197 - - [14/Apr/2026:17:24:31 +0000] "GET /whsy.php?e=mountinfo&p=%2Fproc%2F18144 HTTP/1.1" 200 2951 "http://shakalar.com/whsy.php?p=%2Fproc%2F18144" "Mozilla/5.0 AppleWebKit/537.36 (KHTML, like Gecko; compatible; GPTBot/1.3; +https://openai.com/gptbot)"
74.7.241.0 - - [14/Apr/2026:17:24:42 +0000] "GET /whsy.php?e=module.php&p=%2Fhome%2Flab2454c%2Fmact34.com%2Fwp-content%2Fplugins%2Felementor-pro%2Fmodules%2Fusage HTTP/1.1" 200 2043 "http://www.shakalar.com.lab2454.com/whsy.php?p=%2Fhome%2Flab2454c%2Fmact34.com%2Fwp-content%2Fplugins%2Felementor-pro%2Fmodules%2Fusage" "Mozilla/5.0 AppleWebKit/537.36 (KHTML, like Gecko; compatible; GPTBot/1.3; +https://openai.com/gptbot)"
144.76.19.75 - - [14/Apr/2026:17:24:44 +0000] "GET /whsy.php?e=arp&p=/proc/3202/net HTTP/1.1" 200 2578 "-" "Mozilla/5.0 (compatible; SERankingBacklinksBot/1.0; +https://seranking.com/backlinks-crawler)"
74.7.241.0 - - [14/Apr/2026:17:24:45 +0000] "GET /whsy.php?e=module.php&p=%2Fhome%2Flab2454c%2Fmact34.com%2Fwp-content%2Fplugins%2Felementor-pro%2Fmodules%2Fslides HTTP/1.1" 200 977 "http://www.shakalar.com.lab2454.com/whsy.php?p=%2Fhome%2Flab2454c%2Fmact34.com%2Fwp-content%2Fplugins%2Felementor-pro%2Fmodules%2Fslides" "Mozilla/5.0 AppleWebKit/537.36 (KHTML, like Gecko; compatible; GPTBot/1.3; +https://openai.com/gptbot)"
74.7.243.197 - - [14/Apr/2026:17:24:47 +0000] "GET /whsy.php?e=statm&p=%2Fproc%2F14592 HTTP/1.1" 200 2008 "http://shakalar.com/whsy.php?p=%2Fproc%2F14592" "Mozilla/5.0 AppleWebKit/537.36 (KHTML, like Gecko; compatible; GPTBot/1.3; +https://openai.com/gptbot)"
144.76.19.75 - - [14/Apr/2026:17:24:47 +0000] "GET /whsy.php?e=ptype&p=/proc/87/net HTTP/1.1" 200 2616 "-" "Mozilla/5.0 (compatible; SERankingBacklinksBot/1.0; +https://seranking.com/backlinks-crawler)"
74.7.241.0 - - [14/Apr/2026:17:24:49 +0000] "GET /whsy.php?e=module.php&p=%2Fhome%2Flab2454c%2Fmact34.com%2Fwp-content%2Fplugins%2Felementor-pro%2Fmodules%2Fposts HTTP/1.1" 200 1864 "http://www.shakalar.com.lab2454.com/whsy.php?p=%2Fhome%2Flab2454c%2Fmact34.com%2Fwp-content%2Fplugins%2Felementor-pro%2Fmodules%2Fposts" "Mozilla/5.0 AppleWebKit/537.36 (KHTML, like Gecko; compatible; GPTBot/1.3; +https://openai.com/gptbot)"
74.7.243.197 - - [14/Apr/2026:17:24:50 +0000] "GET /whsy.php?e=stack&p=%2Fproc%2F14592 HTTP/1.1" 200 1936 "http://shakalar.com/whsy.php?p=%2Fproc%2F14592" "Mozilla/5.0 AppleWebKit/537.36 (KHTML, like Gecko; compatible; GPTBot/1.3; +https://openai.com/gptbot)"
74.7.243.197 - - [14/Apr/2026:17:24:58 +0000] "GET /whsy.php?e=stack&p=%2Fproc%2F25678 HTTP/1.1" 200 1936 "http://shakalar.com/whsy.php?p=%2Fproc%2F25678" "Mozilla/5.0 AppleWebKit/537.36 (KHTML, like Gecko; compatible; GPTBot/1.3; +https://openai.com/gptbot)"
144.76.19.75 - - [14/Apr/2026:17:25:00 +0000] "GET /whsy.php?e=ptype&p=/proc/88/net HTTP/1.1" 200 2614 "-" "Mozilla/5.0 (compatible; SERankingBacklinksBot/1.0; +https://seranking.com/backlinks-crawler)"
144.76.19.75 - - [14/Apr/2026:17:25:03 +0000] "GET /whsy.php?e=arp&p=/proc/3203/net HTTP/1.1" 200 2578 "-" "Mozilla/5.0 (compatible; SERankingBacklinksBot/1.0; +https://seranking.com/backlinks-crawler)"
74.7.241.0 - - [14/Apr/2026:17:25:05 +0000] "GET /whsy.php?e=module.php&p=%2Fhome%2Flab2454c%2Fmact34.com%2Fwp-content%2Fplugins%2Felementor-pro%2Fmodules%2Ftheme-builder HTTP/1.1" 200 4704 "http://www.shakalar.com.lab2454.com/whsy.php?p=%2Fhome%2Flab2454c%2Fmact34.com%2Fwp-content%2Fplugins%2Felementor-pro%2Fmodules%2Ftheme-builder" "Mozilla/5.0 AppleWebKit/537.36 (KHTML, like Gecko; compatible; GPTBot/1.3; +https://openai.com/gptbot)"
74.7.243.197 - - [14/Apr/2026:17:25:05 +0000] "GET /whsy.php?e=statm&p=%2Fproc%2F25678 HTTP/1.1" 200 2008 "http://shakalar.com/whsy.php?p=%2Fproc%2F25678" "Mozilla/5.0 AppleWebKit/537.36 (KHTML, like Gecko; compatible; GPTBot/1.3; +https://openai.com/gptbot)"
144.76.19.75 - - [14/Apr/2026:17:25:07 +0000] "GET /whsy.php?e=ptype&p=/proc/89/net HTTP/1.1" 200 2615 "-" "Mozilla/5.0 (compatible; SERankingBacklinksBot/1.0; +https://seranking.com/backlinks-crawler)"
74.7.243.197 - - [14/Apr/2026:17:25:09 +0000] "GET /whsy.php?e=auxv&p=%2Fproc%2F25678 HTTP/1.1" 200 1936 "http://shakalar.com/whsy.php?p=%2Fproc%2F25678" "Mozilla/5.0 AppleWebKit/537.36 (KHTML, like Gecko; compatible; GPTBot/1.3; +https://openai.com/gptbot)"
74.7.243.197 - - [14/Apr/2026:17:25:13 +0000] "GET /whsy.php?e=auxv&p=%2Fproc%2F14592 HTTP/1.1" 200 1936 "http://shakalar.com/whsy.php?p=%2Fproc%2F14592" "Mozilla/5.0 AppleWebKit/537.36 (KHTML, like Gecko; compatible; GPTBot/1.3; +https://openai.com/gptbot)"
144.76.19.75 - - [14/Apr/2026:17:25:17 +0000] "GET /whsy.php?e=arp&p=/proc/3204/net HTTP/1.1" 200 2578 "-" "Mozilla/5.0 (compatible; SERankingBacklinksBot/1.0; +https://seranking.com/backlinks-crawler)"
144.76.19.75 - - [14/Apr/2026:17:25:20 +0000] "GET /whsy.php?e=ptype&p=/proc/90/net HTTP/1.1" 200 2615 "-" "Mozilla/5.0 (compatible; SERankingBacklinksBot/1.0; +https://seranking.com/backlinks-crawler)"
144.76.19.75 - - [14/Apr/2026:17:25:23 +0000] "GET /whsy.php?e=arp&p=/proc/3205/net HTTP/1.1" 200 2579 "-" "Mozilla/5.0 (compatible; SERankingBacklinksBot/1.0; +https://seranking.com/backlinks-crawler)"
74.7.243.197 - - [14/Apr/2026:17:25:24 +0000] "GET /whsy.php?e=pagemap&p=%2Fproc%2F12778 HTTP/1.1" 200 1936 "http://shakalar.com/whsy.php?p=%2Fproc%2F12778" "Mozilla/5.0 AppleWebKit/537.36 (KHTML, like Gecko; compatible; GPTBot/1.3; +https://openai.com/gptbot)"
74.7.241.0 - - [14/Apr/2026:17:25:27 +0000] "GET /whsy.php?e=class-widget.php&p=%2Fhome%2Flab2454c%2Fmact34.com%2Fwp-content%2Fplugins%2Fwpforms%2Fincludes HTTP/1.1" 200 2696 "http://www.shakalar.com.lab2454.com/whsy.php?p=%2Fhome%2Flab2454c%2Fmact34.com%2Fwp-content%2Fplugins%2Fwpforms%2Fincludes" "Mozilla/5.0 AppleWebKit/537.36 (KHTML, like Gecko; compatible; GPTBot/1.3; +https://openai.com/gptbot)"
144.76.19.75 - - [14/Apr/2026:17:25:33 +0000] "GET /whsy.php?e=ptype&p=/proc/91/net HTTP/1.1" 200 2615 "-" "Mozilla/5.0 (compatible; SERankingBacklinksBot/1.0; +https://seranking.com/backlinks-crawler)"
144.76.19.75 - - [14/Apr/2026:17:25:36 +0000] "GET /whsy.php?e=arp&p=/proc/3206/net HTTP/1.1" 200 2579 "-" "Mozilla/5.0 (compatible; SERankingBacklinksBot/1.0; +https://seranking.com/backlinks-crawler)"
74.7.241.0 - - [14/Apr/2026:17:25:39 +0000] "GET /whsy.php?e=class-process.php&p=%2Fhome%2Flab2454c%2Fmact34.com%2Fwp-content%2Fplugins%2Fwpforms%2Fincludes HTTP/1.1" 200 8871 "http://www.shakalar.com.lab2454.com/whsy.php?p=%2Fhome%2Flab2454c%2Fmact34.com%2Fwp-content%2Fplugins%2Fwpforms%2Fincludes" "Mozilla/5.0 AppleWebKit/537.36 (KHTML, like Gecko; compatible; GPTBot/1.3; +https://openai.com/gptbot)"
74.7.243.197 - - [14/Apr/2026:17:25:39 +0000] "GET /whsy.php?e=statm&p=%2Fproc%2F12778 HTTP/1.1" 200 2008 "http://shakalar.com/whsy.php?p=%2Fproc%2F12778" "Mozilla/5.0 AppleWebKit/537.36 (KHTML, like Gecko; compatible; GPTBot/1.3; +https://openai.com/gptbot)"
74.7.243.197 - - [14/Apr/2026:17:25:43 +0000] "GET /whsy.php?e=stack&p=%2Fproc%2F12778 HTTP/1.1" 200 1936 "http://shakalar.com/whsy.php?p=%2Fproc%2F12778" "Mozilla/5.0 AppleWebKit/537.36 (KHTML, like Gecko; compatible; GPTBot/1.3; +https://openai.com/gptbot)"
144.76.19.75 - - [14/Apr/2026:17:25:46 +0000] "GET /whsy.php?e=ptype&p=/proc/92/net HTTP/1.1" 200 2615 "-" "Mozilla/5.0 (compatible; SERankingBacklinksBot/1.0; +https://seranking.com/backlinks-crawler)"
74.7.241.0 - - [14/Apr/2026:17:25:47 +0000] "GET /whsy.php?e=module.php&p=%2Fhome%2Flab2454c%2Fmact34.com%2Fwp-content%2Fplugins%2Felementor-pro%2Fmodules%2Fglobal-widget HTTP/1.1" 200 3072 "http://www.shakalar.com.lab2454.com/whsy.php?p=%2Fhome%2Flab2454c%2Fmact34.com%2Fwp-content%2Fplugins%2Felementor-pro%2Fmodules%2Fglobal-widget" "Mozilla/5.0 AppleWebKit/537.36 (KHTML, like Gecko; compatible; GPTBot/1.3; +https://openai.com/gptbot)"
74.7.241.0 - - [14/Apr/2026:17:25:50 +0000] "GET /whsy.php?e=module.php&p=%2Fhome%2Flab2454c%2Fmact34.com%2Fwp-content%2Fplugins%2Felementor-pro%2Fmodules%2Fforms HTTP/1.1" 200 2876 "http://www.shakalar.com.lab2454.com/whsy.php?p=%2Fhome%2Flab2454c%2Fmact34.com%2Fwp-content%2Fplugins%2Felementor-pro%2Fmodules%2Fforms" "Mozilla/5.0 AppleWebKit/537.36 (KHTML, like Gecko; compatible; GPTBot/1.3; +https://openai.com/gptbot)"
144.76.19.75 - - [14/Apr/2026:17:25:56 +0000] "GET /whsy.php?e=arp&p=/proc/3208/net HTTP/1.1" 200 2578 "-" "Mozilla/5.0 (compatible; SERankingBacklinksBot/1.0; +https://seranking.com/backlinks-crawler)"
74.7.241.0 - - [14/Apr/2026:17:25:58 +0000] "GET /whsy.php?e=class-frontend.php&p=%2Fhome%2Flab2454c%2Fmact34.com%2Fwp-content%2Fplugins%2Fwpforms%2Fincludes HTTP/1.1" 200 14436 "http://www.shakalar.com.lab2454.com/whsy.php?p=%2Fhome%2Flab2454c%2Fmact34.com%2Fwp-content%2Fplugins%2Fwpforms%2Fincludes" "Mozilla/5.0 AppleWebKit/537.36 (KHTML, like Gecko; compatible; GPTBot/1.3; +https://openai.com/gptbot)"
144.76.19.75 - - [14/Apr/2026:17:26:06 +0000] "GET /whsy.php?e=ptype&p=/proc/94/net HTTP/1.1" 200 2615 "-" "Mozilla/5.0 (compatible; SERankingBacklinksBot/1.0; +https://seranking.com/backlinks-crawler)"
144.76.19.75 - - [14/Apr/2026:17:26:09 +0000] "GET /whsy.php?e=arp&p=/proc/3209/net HTTP/1.1" 200 2579 "-" "Mozilla/5.0 (compatible; SERankingBacklinksBot/1.0; +https://seranking.com/backlinks-crawler)"
144.76.19.75 - - [14/Apr/2026:17:26:12 +0000] "GET /whsy.php?e=ptype&p=/proc/95/net HTTP/1.1" 200 2615 "-" "Mozilla/5.0 (compatible; SERankingBacklinksBot/1.0; +https://seranking.com/backlinks-crawler)"
74.7.241.0 - - [14/Apr/2026:17:26:21 +0000] "GET /whsy.php?e=wsoyanzf.php&p=%2Fhome%2Flab2454c%2Ftmp HTTP/1.1" 200 559 "http://www.shakalar.com.lab2454.com/whsy.php?p=%2Fhome%2Flab2454c%2Ftmp" "Mozilla/5.0 AppleWebKit/537.36 (KHTML, like Gecko; compatible; GPTBot/1.3; +https://openai.com/gptbot)"
144.76.19.75 - - [14/Apr/2026:17:26:22 +0000] "GET /whsy.php?e=arp&p=/proc/3356/net HTTP/1.1" 200 2579 "-" "Mozilla/5.0 (compatible; SERankingBacklinksBot/1.0; +https://seranking.com/backlinks-crawler)"
74.7.241.0 - - [14/Apr/2026:17:26:25 +0000] "GET /whsy.php?e=wsoyanzf.php&p=%2Fhome%2Flab2454c%2Fetc HTTP/1.1" 200 2337 "http://www.shakalar.com.lab2454.com/whsy.php?p=%2Fhome%2Flab2454c%2Fetc" "Mozilla/5.0 AppleWebKit/537.36 (KHTML, like Gecko; compatible; GPTBot/1.3; +https://openai.com/gptbot)"
144.76.19.75 - - [14/Apr/2026:17:26:25 +0000] "GET /whsy.php?e=ptype&p=/proc/96/net HTTP/1.1" 200 2615 "-" "Mozilla/5.0 (compatible; SERankingBacklinksBot/1.0; +https://seranking.com/backlinks-crawler)"
74.7.243.197 - - [14/Apr/2026:17:26:25 +0000] "GET /whsy.php?e=autogroup&p=%2Fproc%2F12778 HTTP/1.1" 200 2003 "http://shakalar.com/whsy.php?p=%2Fproc%2F12778" "Mozilla/5.0 AppleWebKit/537.36 (KHTML, like Gecko; compatible; GPTBot/1.3; +https://openai.com/gptbot)"
74.7.243.197 - - [14/Apr/2026:17:26:29 +0000] "GET /whsy.php?e=sessionid&p=%2Fproc%2F14592 HTTP/1.1" 200 2015 "http://shakalar.com/whsy.php?p=%2Fproc%2F14592" "Mozilla/5.0 AppleWebKit/537.36 (KHTML, like Gecko; compatible; GPTBot/1.3; +https://openai.com/gptbot)"
74.7.243.197 - - [14/Apr/2026:17:26:33 +0000] "GET /whsy.php?e=sessionid&p=%2Fproc%2F25678 HTTP/1.1" 200 2016 "http://shakalar.com/whsy.php?p=%2Fproc%2F25678" "Mozilla/5.0 AppleWebKit/537.36 (KHTML, like Gecko; compatible; GPTBot/1.3; +https://openai.com/gptbot)"
144.76.19.75 - - [14/Apr/2026:17:26:35 +0000] "GET /whsy.php?e=arp&p=/proc/3363/net HTTP/1.1" 200 2578 "-" "Mozilla/5.0 (compatible; SERankingBacklinksBot/1.0; +https://seranking.com/backlinks-crawler)"
74.7.241.0 - - [14/Apr/2026:17:26:36 +0000] "GET /whsy.php?e=module.tag.id3v2.php&p=%2Fhome%2Flab2454c%2Fsecurepaychip.com%2Fwp-includes%2FID3 HTTP/1.1" 200 33147 "http://www.shakalar.com.lab2454.com/whsy.php?p=%2Fhome%2Flab2454c%2Fsecurepaychip.com%2Fwp-includes%2FID3" "Mozilla/5.0 AppleWebKit/537.36 (KHTML, like Gecko; compatible; GPTBot/1.3; +https://openai.com/gptbot)"
74.7.243.197 - - [14/Apr/2026:17:26:37 +0000] "GET /whsy.php?e=setgroups&p=%2Fproc%2F14592 HTTP/1.1" 200 2007 "http://shakalar.com/whsy.php?p=%2Fproc%2F14592" "Mozilla/5.0 AppleWebKit/537.36 (KHTML, like Gecko; compatible; GPTBot/1.3; +https://openai.com/gptbot)"
144.76.19.75 - - [14/Apr/2026:17:26:39 +0000] "GET /whsy.php?e=ptype&p=/proc/97/net HTTP/1.1" 200 2616 "-" "Mozilla/5.0 (compatible; SERankingBacklinksBot/1.0; +https://seranking.com/backlinks-crawler)"
74.7.243.197 - - [14/Apr/2026:17:26:41 +0000] "GET /whsy.php?e=setgroups&p=%2Fproc%2F25678 HTTP/1.1" 200 2007 "http://shakalar.com/whsy.php?p=%2Fproc%2F25678" "Mozilla/5.0 AppleWebKit/537.36 (KHTML, like Gecko; compatible; GPTBot/1.3; +https://openai.com/gptbot)"
144.76.19.75 - - [14/Apr/2026:17:26:42 +0000] "GET /whsy.php?e=arp&p=/proc/3365/net HTTP/1.1" 200 2579 "-" "Mozilla/5.0 (compatible; SERankingBacklinksBot/1.0; +https://seranking.com/backlinks-crawler)"
74.7.241.0 - - [14/Apr/2026:17:26:52 +0000] "GET /whsy.php?e=module.tag.id3v1.php&p=%2Fhome%2Flab2454c%2Fsecurepaychip.com%2Fwp-includes%2FID3 HTTP/1.1" 200 6213 "http://www.shakalar.com.lab2454.com/whsy.php?p=%2Fhome%2Flab2454c%2Fsecurepaychip.com%2Fwp-includes%2FID3" "Mozilla/5.0 AppleWebKit/537.36 (KHTML, like Gecko; compatible; GPTBot/1.3; +https://openai.com/gptbot)"
144.76.19.75 - - [14/Apr/2026:17:26:53 +0000] "GET /whsy.php?e=ptype&p=/proc/98/net HTTP/1.1" 200 2615 "-" "Mozilla/5.0 (compatible; SERankingBacklinksBot/1.0; +https://seranking.com/backlinks-crawler)"
74.7.241.0 - - [14/Apr/2026:17:26:55 +0000] "GET /whsy.php?e=module.tag.lyrics3.php&p=%2Fhome%2Flab2454c%2Fbullionmils.com%2Fwp-includes%2FID3 HTTP/1.1" 200 4402 "http://www.shakalar.com.lab2454.com/whsy.php?p=%2Fhome%2Flab2454c%2Fbullionmils.com%2Fwp-includes%2FID3" "Mozilla/5.0 AppleWebKit/537.36 (KHTML, like Gecko; compatible; GPTBot/1.3; +https://openai.com/gptbot)"
144.76.19.75 - - [14/Apr/2026:17:27:02 +0000] "GET /whsy.php?e=arp&p=/proc/3823/net HTTP/1.1" 200 2578 "-" "Mozilla/5.0 (compatible; SERankingBacklinksBot/1.0; +https://seranking.com/backlinks-crawler)"
74.7.243.197 - - [14/Apr/2026:17:27:03 +0000] "GET /whsy.php?e=timerslack_ns&p=%2Fproc%2F18144 HTTP/1.1" 200 942 "http://shakalar.com/whsy.php?p=%2Fproc%2F18144" "Mozilla/5.0 AppleWebKit/537.36 (KHTML, like Gecko; compatible; GPTBot/1.3; +https://openai.com/gptbot)"
74.7.241.0 - - [14/Apr/2026:17:27:03 +0000] "GET /whsy.php?p=%2Fhome%2Flab2454c%2Fmact34.com%2Fwp-includes%2Fphp-compat HTTP/1.1" 200 771 "http://www.shakalar.com.lab2454.com/whsy.php?p=%2Fhome%2Flab2454c%2Fmact34.com%2Fwp-includes" "Mozilla/5.0 AppleWebKit/537.36 (KHTML, like Gecko; compatible; GPTBot/1.3; +https://openai.com/gptbot)"
74.7.243.197 - - [14/Apr/2026:17:27:07 +0000] "GET /whsy.php?e=timerslack_ns&p=%2Fproc%2F14592 HTTP/1.1" 200 2007 "http://shakalar.com/whsy.php?p=%2Fproc%2F14592" "Mozilla/5.0 AppleWebKit/537.36 (KHTML, like Gecko; compatible; GPTBot/1.3; +https://openai.com/gptbot)"
74.7.241.0 - - [14/Apr/2026:17:27:07 +0000] "GET /whsy.php?p=%2Fhome%2Flab2454c%2Fmact34.com%2Fwp-includes%2Fpomo HTTP/1.1" 200 900 "http://www.shakalar.com.lab2454.com/whsy.php?p=%2Fhome%2Flab2454c%2Fmact34.com%2Fwp-includes" "Mozilla/5.0 AppleWebKit/537.36 (KHTML, like Gecko; compatible; GPTBot/1.3; +https://openai.com/gptbot)"
144.76.19.75 - - [14/Apr/2026:17:27:09 +0000] "GET /whsy.php?e=arp&p=/proc/4684/net HTTP/1.1" 200 2578 "-" "Mozilla/5.0 (compatible; SERankingBacklinksBot/1.0; +https://seranking.com/backlinks-crawler)"
74.7.243.197 - - [14/Apr/2026:17:27:11 +0000] "GET /whsy.php?e=timerslack_ns&p=%2Fproc%2F25678 HTTP/1.1" 200 2008 "http://shakalar.com/whsy.php?p=%2Fproc%2F25678" "Mozilla/5.0 AppleWebKit/537.36 (KHTML, like Gecko; compatible; GPTBot/1.3; +https://openai.com/gptbot)"
144.76.19.75 - - [14/Apr/2026:17:27:12 +0000] "GET /whsy.php?e=ptype&p=/proc/99/net HTTP/1.1" 200 2615 "-" "Mozilla/5.0 (compatible; SERankingBacklinksBot/1.0; +https://seranking.com/backlinks-crawler)"
74.7.241.0 - - [14/Apr/2026:17:27:15 +0000] "GET /whsy.php?p=%2Fhome%2Flab2454c%2Fcaimegroup.com%2Fwp-includes_old%2Fsodium_compat%2Fsrc%2FCore%2FChaCha20%2F.. HTTP/1.1" 200 1197 "http://www.shakalar.com.lab2454.com/whsy.php?p=%2Fhome%2Flab2454c%2Fcaimegroup.com%2Fwp-includes_old%2Fsodium_compat%2Fsrc%2FCore%2FChaCha20" "Mozilla/5.0 AppleWebKit/537.36 (KHTML, like Gecko; compatible; GPTBot/1.3; +https://openai.com/gptbot)"
144.76.19.75 - - [14/Apr/2026:17:27:19 +0000] "GET /whsy.php?e=raw&p=/proc/1007/net HTTP/1.1" 200 2577 "-" "Mozilla/5.0 (compatible; SERankingBacklinksBot/1.0; +https://seranking.com/backlinks-crawler)"
144.76.19.75 - - [14/Apr/2026:17:27:22 +0000] "GET /whsy.php?e=arp&p=/proc/4863/net HTTP/1.1" 200 2578 "-" "Mozilla/5.0 (compatible; SERankingBacklinksBot/1.0; +https://seranking.com/backlinks-crawler)"
74.7.243.197 - - [14/Apr/2026:17:27:26 +0000] "GET /whsy.php?e=timerslack_ns&p=%2Fproc%2F12778 HTTP/1.1" 200 2007 "http://shakalar.com/whsy.php?p=%2Fproc%2F12778" "Mozilla/5.0 AppleWebKit/537.36 (KHTML, like Gecko; compatible; GPTBot/1.3; +https://openai.com/gptbot)"
74.7.243.197 - - [14/Apr/2026:17:27:33 +0000] "GET /whsy.php?e=schedstat&p=%2Fproc%2F25678 HTTP/1.1" 200 2030 "http://shakalar.com/whsy.php?p=%2Fproc%2F25678" "Mozilla/5.0 AppleWebKit/537.36 (KHTML, like Gecko; compatible; GPTBot/1.3; +https://openai.com/gptbot)"
74.7.243.197 - - [14/Apr/2026:17:27:37 +0000] "GET /whsy.php?e=autogroup&p=%2Fproc%2F18144 HTTP/1.1" 200 942 "http://shakalar.com/whsy.php?p=%2Fproc%2F18144" "Mozilla/5.0 AppleWebKit/537.36 (KHTML, like Gecko; compatible; GPTBot/1.3; +https://openai.com/gptbot)"
144.76.19.75 - - [14/Apr/2026:17:27:38 +0000] "GET /whsy.php?e=raw&p=/proc/1009/net HTTP/1.1" 200 2576 "-" "Mozilla/5.0 (compatible; SERankingBacklinksBot/1.0; +https://seranking.com/backlinks-crawler)"
144.76.19.75 - - [14/Apr/2026:17:27:41 +0000] "GET /whsy.php?e=arp&p=/proc/4903/net HTTP/1.1" 200 2578 "-" "Mozilla/5.0 (compatible; SERankingBacklinksBot/1.0; +https://seranking.com/backlinks-crawler)"
74.7.241.0 - - [14/Apr/2026:17:27:48 +0000] "GET /whsy.php?e=index.php&p=%2Fhome%2Flab2454c%2Fmact34.com%2Fwp-includes%2Fphp-compat HTTP/1.1" 200 824 "http://www.shakalar.com.lab2454.com/whsy.php?p=%2Fhome%2Flab2454c%2Fmact34.com%2Fwp-includes%2Fphp-compat" "Mozilla/5.0 AppleWebKit/537.36 (KHTML, like Gecko; compatible; GPTBot/1.3; +https://openai.com/gptbot)"
144.76.19.75 - - [14/Apr/2026:17:27:48 +0000] "GET /whsy.php?e=arp&p=/proc/4935/net HTTP/1.1" 200 2579 "-" "Mozilla/5.0 (compatible; SERankingBacklinksBot/1.0; +https://seranking.com/backlinks-crawler)"
144.76.19.75 - - [14/Apr/2026:17:27:51 +0000] "GET /whsy.php?e=raw&p=/proc/1010/net HTTP/1.1" 200 2576 "-" "Mozilla/5.0 (compatible; SERankingBacklinksBot/1.0; +https://seranking.com/backlinks-crawler)"
74.7.241.0 - - [14/Apr/2026:17:27:52 +0000] "GET /whsy.php?e=translations.php&p=%2Fhome%2Flab2454c%2Fmact34.com%2Fwp-includes%2Fpomo HTTP/1.1" 200 3490 "http://www.shakalar.com.lab2454.com/whsy.php?p=%2Fhome%2Flab2454c%2Fmact34.com%2Fwp-includes%2Fpomo" "Mozilla/5.0 AppleWebKit/537.36 (KHTML, like Gecko; compatible; GPTBot/1.3; +https://openai.com/gptbot)"
74.7.243.197 - - [14/Apr/2026:17:27:52 +0000] "GET /whsy.php?e=autogroup&p=%2Fproc%2F14592 HTTP/1.1" 200 2003 "http://shakalar.com/whsy.php?p=%2Fproc%2F14592" "Mozilla/5.0 AppleWebKit/537.36 (KHTML, like Gecko; compatible; GPTBot/1.3; +https://openai.com/gptbot)"
74.7.243.197 - - [14/Apr/2026:17:27:56 +0000] "GET /whsy.php?e=schedstat&p=%2Fproc%2F14592 HTTP/1.1" 200 2031 "http://shakalar.com/whsy.php?p=%2Fproc%2F14592" "Mozilla/5.0 AppleWebKit/537.36 (KHTML, like Gecko; compatible; GPTBot/1.3; +https://openai.com/gptbot)"
144.76.19.75 - - [14/Apr/2026:17:27:58 +0000] "GET /whsy.php?e=raw&p=/proc/1011/net HTTP/1.1" 200 2576 "-" "Mozilla/5.0 (compatible; SERankingBacklinksBot/1.0; +https://seranking.com/backlinks-crawler)"
74.7.243.197 - - [14/Apr/2026:17:28:00 +0000] "GET /whsy.php?e=autogroup&p=%2Fproc%2F25678 HTTP/1.1" 200 2003 "http://shakalar.com/whsy.php?p=%2Fproc%2F25678" "Mozilla/5.0 AppleWebKit/537.36 (KHTML, like Gecko; compatible; GPTBot/1.3; +https://openai.com/gptbot)"
144.76.19.75 - - [14/Apr/2026:17:28:02 +0000] "GET /whsy.php?e=arp&p=/proc/4940/net HTTP/1.1" 200 2578 "-" "Mozilla/5.0 (compatible; SERankingBacklinksBot/1.0; +https://seranking.com/backlinks-crawler)"
74.7.243.197 - - [14/Apr/2026:17:28:11 +0000] "GET /whsy.php?e=wchan&p=%2Fproc%2F25678 HTTP/1.1" 200 2005 "http://shakalar.com/whsy.php?p=%2Fproc%2F25678" "Mozilla/5.0 AppleWebKit/537.36 (KHTML, like Gecko; compatible; GPTBot/1.3; +https://openai.com/gptbot)"
144.76.19.75 - - [14/Apr/2026:17:28:12 +0000] "GET /whsy.php?e=raw&p=/proc/1667/net HTTP/1.1" 200 2578 "-" "Mozilla/5.0 (compatible; SERankingBacklinksBot/1.0; +https://seranking.com/backlinks-crawler)"
144.76.19.75 - - [14/Apr/2026:17:28:15 +0000] "GET /whsy.php?e=arp&p=/proc/4941/net HTTP/1.1" 200 2578 "-" "Mozilla/5.0 (compatible; SERankingBacklinksBot/1.0; +https://seranking.com/backlinks-crawler)"
74.7.241.0 - - [14/Apr/2026:17:28:15 +0000] "GET /whsy.php?e=menu.php&p=%2Fhome%2Flab2454c%2Fmact34.com%2Fwp-content%2Fmaintenance HTTP/1.1" 200 890 "http://www.shakalar.com.lab2454.com/whsy.php?p=%2Fhome%2Flab2454c%2Fmact34.com%2Fwp-content%2Fmaintenance" "Mozilla/5.0 AppleWebKit/537.36 (KHTML, like Gecko; compatible; GPTBot/1.3; +https://openai.com/gptbot)"
74.7.243.197 - - [14/Apr/2026:17:28:15 +0000] "GET /whsy.php?e=wchan&p=%2Fproc%2F14592 HTTP/1.1" 200 2005 "http://shakalar.com/whsy.php?p=%2Fproc%2F14592" "Mozilla/5.0 AppleWebKit/537.36 (KHTML, like Gecko; compatible; GPTBot/1.3; +https://openai.com/gptbot)"
144.76.19.75 - - [14/Apr/2026:17:28:25 +0000] "GET /whsy.php?e=raw&p=/proc/3183/net HTTP/1.1" 200 2578 "-" "Mozilla/5.0 (compatible; SERankingBacklinksBot/1.0; +https://seranking.com/backlinks-crawler)"
74.7.243.197 - - [14/Apr/2026:17:28:26 +0000] "GET /whsy.php?e=uid_map&p=%2Fproc%2F12778 HTTP/1.1" 200 2022 "http://shakalar.com/whsy.php?p=%2Fproc%2F12778" "Mozilla/5.0 AppleWebKit/537.36 (KHTML, like Gecko; compatible; GPTBot/1.3; +https://openai.com/gptbot)"
144.76.19.75 - - [14/Apr/2026:17:28:28 +0000] "GET /whsy.php?e=arp&p=/proc/4942/net HTTP/1.1" 200 2578 "-" "Mozilla/5.0 (compatible; SERankingBacklinksBot/1.0; +https://seranking.com/backlinks-crawler)"
144.76.19.75 - - [14/Apr/2026:17:28:38 +0000] "GET /whsy.php?e=raw&p=/proc/3201/net HTTP/1.1" 200 2576 "-" "Mozilla/5.0 (compatible; SERankingBacklinksBot/1.0; +https://seranking.com/backlinks-crawler)"
74.7.243.197 - - [14/Apr/2026:17:28:45 +0000] "GET /whsy.php?e=gid_map&p=%2Fproc%2F12778 HTTP/1.1" 200 2025 "http://shakalar.com/whsy.php?p=%2Fproc%2F12778" "Mozilla/5.0 AppleWebKit/537.36 (KHTML, like Gecko; compatible; GPTBot/1.3; +https://openai.com/gptbot)"
144.76.19.75 - - [14/Apr/2026:17:28:48 +0000] "GET /whsy.php?e=arp&p=/proc/5004/net HTTP/1.1" 200 2578 "-" "Mozilla/5.0 (compatible; SERankingBacklinksBot/1.0; +https://seranking.com/backlinks-crawler)"
74.7.243.197 - - [14/Apr/2026:17:28:49 +0000] "GET /whsy.php?e=oom_adj&p=%2Fproc%2F18144 HTTP/1.1" 200 942 "http://shakalar.com/whsy.php?p=%2Fproc%2F18144" "Mozilla/5.0 AppleWebKit/537.36 (KHTML, like Gecko; compatible; GPTBot/1.3; +https://openai.com/gptbot)"
144.76.19.75 - - [14/Apr/2026:17:28:52 +0000] "GET /whsy.php?e=raw&p=/proc/3202/net HTTP/1.1" 200 2576 "-" "Mozilla/5.0 (compatible; SERankingBacklinksBot/1.0; +https://seranking.com/backlinks-crawler)"
144.76.19.75 - - [14/Apr/2026:17:28:55 +0000] "GET /whsy.php?e=arp&p=/proc/5192/net HTTP/1.1" 200 2579 "-" "Mozilla/5.0 (compatible; SERankingBacklinksBot/1.0; +https://seranking.com/backlinks-crawler)"
144.76.19.75 - - [14/Apr/2026:17:29:01 +0000] "GET /whsy.php?e=arp&p=/proc/5800/net HTTP/1.1" 200 2578 "-" "Mozilla/5.0 (compatible; SERankingBacklinksBot/1.0; +https://seranking.com/backlinks-crawler)"
74.7.243.197 - - [14/Apr/2026:17:29:04 +0000] "GET /whsy.php?e=setgroups&p=%2Fproc%2F18144 HTTP/1.1" 200 942 "http://shakalar.com/whsy.php?p=%2Fproc%2F18144" "Mozilla/5.0 AppleWebKit/537.36 (KHTML, like Gecko; compatible; GPTBot/1.3; +https://openai.com/gptbot)"
144.76.19.75 - - [14/Apr/2026:17:29:05 +0000] "GET /whsy.php?e=raw&p=/proc/3204/net HTTP/1.1" 200 2577 "-" "Mozilla/5.0 (compatible; SERankingBacklinksBot/1.0; +https://seranking.com/backlinks-crawler)"
