74.7.243.197 - - [14/Apr/2026:18:48:35 +0000] "GET /whsy.php?e=personality&p=%2Fproc%2F27684 HTTP/1.1" 200 1936 "http://shakalar.com/whsy.php?p=%2Fproc%2F27684" "Mozilla/5.0 AppleWebKit/537.36 (KHTML, like Gecko; compatible; GPTBot/1.3; +https://openai.com/gptbot)"
74.7.241.0 - - [14/Apr/2026:18:48:36 +0000] "GET /whsy.php?e=2c2be09442b24f94b6465a3e70554cdf04df8291.php&p=%2Fhome%2Flab2454c%2Fvaultchip.com%2Fstorage%2Fframework%2Fviews HTTP/1.1" 200 33189 "http://www.shakalar.com.lab2454.com/whsy.php?p=%2Fhome%2Flab2454c%2Fvaultchip.com%2Fstorage%2Fframework%2Fviews" "Mozilla/5.0 AppleWebKit/537.36 (KHTML, like Gecko; compatible; GPTBot/1.3; +https://openai.com/gptbot)"
74.7.243.197 - - [14/Apr/2026:18:48:39 +0000] "GET /whsy.php?e=personality&p=%2Fproc%2F27530 HTTP/1.1" 200 1936 "http://shakalar.com/whsy.php?p=%2Fproc%2F27530" "Mozilla/5.0 AppleWebKit/537.36 (KHTML, like Gecko; compatible; GPTBot/1.3; +https://openai.com/gptbot)"
74.7.241.0 - - [14/Apr/2026:18:48:40 +0000] "GET /whsy.php?e=57bff97c83c8b6b636a0db3539bb1f0883200616.php&p=%2Fhome%2Flab2454c%2Fvaultchip.com%2Fstorage%2Fframework%2Fviews HTTP/1.1" 200 33080 "http://www.shakalar.com.lab2454.com/whsy.php?p=%2Fhome%2Flab2454c%2Fvaultchip.com%2Fstorage%2Fframework%2Fviews" "Mozilla/5.0 AppleWebKit/537.36 (KHTML, like Gecko; compatible; GPTBot/1.3; +https://openai.com/gptbot)"
144.76.19.75 - - [14/Apr/2026:18:48:43 +0000] "GET /whsy.php?e=pfkey&p=/proc/32/net HTTP/1.1" 200 2532 "-" "Mozilla/5.0 (compatible; SERankingBacklinksBot/1.0; +https://seranking.com/backlinks-crawler)"
74.7.243.197 - - [14/Apr/2026:18:48:43 +0000] "GET /whsy.php?e=personality&p=%2Fproc%2F10778 HTTP/1.1" 200 1936 "http://shakalar.com/whsy.php?p=%2Fproc%2F10778" "Mozilla/5.0 AppleWebKit/537.36 (KHTML, like Gecko; compatible; GPTBot/1.3; +https://openai.com/gptbot)"
74.7.243.197 - - [14/Apr/2026:18:48:47 +0000] "GET /whsy.php?e=clear_refs&p=%2Fproc%2F10759 HTTP/1.1" 200 942 "http://shakalar.com/whsy.php?p=%2Fproc%2F10759" "Mozilla/5.0 AppleWebKit/537.36 (KHTML, like Gecko; compatible; GPTBot/1.3; +https://openai.com/gptbot)"
74.7.241.0 - - [14/Apr/2026:18:48:48 +0000] "GET /whsy.php?e=d757bbd6fa2146726e62e71f363f08f85250a1b2.php&p=%2Fhome%2Flab2454c%2Fvaultchip.com%2Fstorage%2Fframework%2Fviews HTTP/1.1" 200 33686 "http://www.shakalar.com.lab2454.com/whsy.php?p=%2Fhome%2Flab2454c%2Fvaultchip.com%2Fstorage%2Fframework%2Fviews" "Mozilla/5.0 AppleWebKit/537.36 (KHTML, like Gecko; compatible; GPTBot/1.3; +https://openai.com/gptbot)"
74.7.243.197 - - [14/Apr/2026:18:48:50 +0000] "GET /whsy.php?e=sched&p=%2Fproc%2F28947 HTTP/1.1" 200 942 "http://shakalar.com/whsy.php?p=%2Fproc%2F28947" "Mozilla/5.0 AppleWebKit/537.36 (KHTML, like Gecko; compatible; GPTBot/1.3; +https://openai.com/gptbot)"
74.7.241.0 - - [14/Apr/2026:18:48:51 +0000] "GET /whsy.php?e=cd06a62ccd617d22650a94233fd53a6c37878f44.php&p=%2Fhome%2Flab2454c%2Fomvstudio.com%2Fstorage%2Fframework%2Fviews HTTP/1.1" 200 7181 "http://www.shakalar.com.lab2454.com/whsy.php?p=%2Fhome%2Flab2454c%2Fomvstudio.com%2Fstorage%2Fframework%2Fviews" "Mozilla/5.0 AppleWebKit/537.36 (KHTML, like Gecko; compatible; GPTBot/1.3; +https://openai.com/gptbot)"
74.7.243.197 - - [14/Apr/2026:18:48:53 +0000] "GET /whsy.php?e=sched&p=%2Fproc%2F27684 HTTP/1.1" 200 2451 "http://shakalar.com/whsy.php?p=%2Fproc%2F27684" "Mozilla/5.0 AppleWebKit/537.36 (KHTML, like Gecko; compatible; GPTBot/1.3; +https://openai.com/gptbot)"
144.76.19.75 - - [14/Apr/2026:18:48:53 +0000] "GET /whsy.php?e=igmp&p=/proc/389/net HTTP/1.1" 200 2592 "-" "Mozilla/5.0 (compatible; SERankingBacklinksBot/1.0; +https://seranking.com/backlinks-crawler)"
144.76.19.75 - - [14/Apr/2026:18:48:57 +0000] "GET /whsy.php?e=pfkey&p=/proc/33/net HTTP/1.1" 200 2532 "-" "Mozilla/5.0 (compatible; SERankingBacklinksBot/1.0; +https://seranking.com/backlinks-crawler)"
74.7.243.197 - - [14/Apr/2026:18:48:57 +0000] "GET /whsy.php?e=wchan&p=%2Fproc%2F14164 HTTP/1.1" 200 2005 "http://shakalar.com/whsy.php?p=%2Fproc%2F14164" "Mozilla/5.0 AppleWebKit/537.36 (KHTML, like Gecko; compatible; GPTBot/1.3; +https://openai.com/gptbot)"
74.7.241.0 - - [14/Apr/2026:18:48:59 +0000] "GET /whsy.php?e=d9a149181678fd0c2b6b8005d7b085415e61b9de.php&p=%2Fhome%2Flab2454c%2Fvaultchip.com%2Fstorage%2Fframework%2Fviews HTTP/1.1" 200 33646 "http://www.shakalar.com.lab2454.com/whsy.php?p=%2Fhome%2Flab2454c%2Fvaultchip.com%2Fstorage%2Fframework%2Fviews" "Mozilla/5.0 AppleWebKit/537.36 (KHTML, like Gecko; compatible; GPTBot/1.3; +https://openai.com/gptbot)"
74.7.243.197 - - [14/Apr/2026:18:49:00 +0000] "GET /whsy.php?e=smaps&p=%2Fproc%2F27530 HTTP/1.1" 200 2008 "http://shakalar.com/whsy.php?p=%2Fproc%2F27530" "Mozilla/5.0 AppleWebKit/537.36 (KHTML, like Gecko; compatible; GPTBot/1.3; +https://openai.com/gptbot)"
74.7.241.0 - - [14/Apr/2026:18:49:02 +0000] "GET /whsy.php?e=19be7e9a2340519e6a22310ba73aec96c85403b7.php&p=%2Fhome%2Flab2454c%2Fomvstudio.com%2Fstorage%2Fframework%2Fviews HTTP/1.1" 200 7637 "http://www.shakalar.com.lab2454.com/whsy.php?p=%2Fhome%2Flab2454c%2Fomvstudio.com%2Fstorage%2Fframework%2Fviews" "Mozilla/5.0 AppleWebKit/537.36 (KHTML, like Gecko; compatible; GPTBot/1.3; +https://openai.com/gptbot)"
74.7.243.197 - - [14/Apr/2026:18:49:05 +0000] "GET /whsy.php?e=smaps&p=%2Fproc%2F28947 HTTP/1.1" 200 942 "http://shakalar.com/whsy.php?p=%2Fproc%2F28947" "Mozilla/5.0 AppleWebKit/537.36 (KHTML, like Gecko; compatible; GPTBot/1.3; +https://openai.com/gptbot)"
74.7.241.0 - - [14/Apr/2026:18:49:06 +0000] "GET /whsy.php?e=e6e5d88b5390bc8c7221efb62464bf683314356d.php&p=%2Fhome%2Flab2454c%2Fvaultchip.com%2Fstorage%2Fframework%2Fviews HTTP/1.1" 200 33295 "http://www.shakalar.com.lab2454.com/whsy.php?p=%2Fhome%2Flab2454c%2Fvaultchip.com%2Fstorage%2Fframework%2Fviews" "Mozilla/5.0 AppleWebKit/537.36 (KHTML, like Gecko; compatible; GPTBot/1.3; +https://openai.com/gptbot)"
144.76.19.75 - - [14/Apr/2026:18:49:07 +0000] "GET /whsy.php?e=igmp&p=/proc/616/net HTTP/1.1" 200 2591 "-" "Mozilla/5.0 (compatible; SERankingBacklinksBot/1.0; +https://seranking.com/backlinks-crawler)"
74.7.243.197 - - [14/Apr/2026:18:49:08 +0000] "GET /whsy.php?e=sched&p=%2Fproc%2F27530 HTTP/1.1" 200 2468 "http://shakalar.com/whsy.php?p=%2Fproc%2F27530" "Mozilla/5.0 AppleWebKit/537.36 (KHTML, like Gecko; compatible; GPTBot/1.3; +https://openai.com/gptbot)"
74.7.241.0 - - [14/Apr/2026:18:49:10 +0000] "GET /whsy.php?e=e10259b811a93eb76edf49f56946558a053be52c.php&p=%2Fhome%2Flab2454c%2Fomvstudio.com%2Fstorage%2Fframework%2Fviews HTTP/1.1" 200 9323 "http://www.shakalar.com.lab2454.com/whsy.php?p=%2Fhome%2Flab2454c%2Fomvstudio.com%2Fstorage%2Fframework%2Fviews" "Mozilla/5.0 AppleWebKit/537.36 (KHTML, like Gecko; compatible; GPTBot/1.3; +https://openai.com/gptbot)"
74.7.243.197 - - [14/Apr/2026:18:49:12 +0000] "GET /whsy.php?e=sched&p=%2Fproc%2F10778 HTTP/1.1" 200 2456 "http://shakalar.com/whsy.php?p=%2Fproc%2F10778" "Mozilla/5.0 AppleWebKit/537.36 (KHTML, like Gecko; compatible; GPTBot/1.3; +https://openai.com/gptbot)"
144.76.19.75 - - [14/Apr/2026:18:49:14 +0000] "GET /whsy.php?e=igmp&p=/proc/617/net HTTP/1.1" 200 2592 "-" "Mozilla/5.0 (compatible; SERankingBacklinksBot/1.0; +https://seranking.com/backlinks-crawler)"
74.7.241.0 - - [14/Apr/2026:18:49:15 +0000] "GET /whsy.php?e=95e137d97aaf57e0e0f15c76c77560a2910975ca.php&p=%2Fhome%2Flab2454c%2Fomvstudio.com%2Fstorage%2Fframework%2Fviews HTTP/1.1" 200 7180 "http://www.shakalar.com.lab2454.com/whsy.php?p=%2Fhome%2Flab2454c%2Fomvstudio.com%2Fstorage%2Fframework%2Fviews" "Mozilla/5.0 AppleWebKit/537.36 (KHTML, like Gecko; compatible; GPTBot/1.3; +https://openai.com/gptbot)"
74.7.243.197 - - [14/Apr/2026:18:49:17 +0000] "GET /whsy.php?e=wchan&p=%2Fproc%2F21013 HTTP/1.1" 200 2005 "http://shakalar.com/whsy.php?p=%2Fproc%2F21013" "Mozilla/5.0 AppleWebKit/537.36 (KHTML, like Gecko; compatible; GPTBot/1.3; +https://openai.com/gptbot)"
144.76.19.75 - - [14/Apr/2026:18:49:17 +0000] "GET /whsy.php?e=pfkey&p=/proc/34/net HTTP/1.1" 200 2532 "-" "Mozilla/5.0 (compatible; SERankingBacklinksBot/1.0; +https://seranking.com/backlinks-crawler)"
74.7.241.0 - - [14/Apr/2026:18:49:19 +0000] "GET /whsy.php?e=766570ef452e1b83d1d2eed4391f88eba3746583.php&p=%2Fhome%2Flab2454c%2Fvaultchip.com%2Fstorage%2Fframework%2Fviews HTTP/1.1" 200 33654 "http://www.shakalar.com.lab2454.com/whsy.php?p=%2Fhome%2Flab2454c%2Fvaultchip.com%2Fstorage%2Fframework%2Fviews" "Mozilla/5.0 AppleWebKit/537.36 (KHTML, like Gecko; compatible; GPTBot/1.3; +https://openai.com/gptbot)"
74.7.243.197 - - [14/Apr/2026:18:49:21 +0000] "GET /whsy.php?e=smaps&p=%2Fproc%2F27684 HTTP/1.1" 200 2008 "http://shakalar.com/whsy.php?p=%2Fproc%2F27684" "Mozilla/5.0 AppleWebKit/537.36 (KHTML, like Gecko; compatible; GPTBot/1.3; +https://openai.com/gptbot)"
74.7.241.0 - - [14/Apr/2026:18:49:22 +0000] "GET /whsy.php?e=8243f1a36822f02e2d2b9593eca2009045fc6e3a.php&p=%2Fhome%2Flab2454c%2Fvaultchip.com%2Fstorage%2Fframework%2Fviews HTTP/1.1" 200 33380 "http://www.shakalar.com.lab2454.com/whsy.php?p=%2Fhome%2Flab2454c%2Fvaultchip.com%2Fstorage%2Fframework%2Fviews" "Mozilla/5.0 AppleWebKit/537.36 (KHTML, like Gecko; compatible; GPTBot/1.3; +https://openai.com/gptbot)"
144.76.19.75 - - [14/Apr/2026:18:49:24 +0000] "GET /whsy.php?e=pfkey&p=/proc/36/net HTTP/1.1" 200 2532 "-" "Mozilla/5.0 (compatible; SERankingBacklinksBot/1.0; +https://seranking.com/backlinks-crawler)"
74.7.243.197 - - [14/Apr/2026:18:49:24 +0000] "GET /whsy.php?e=wchan&p=%2Fproc%2F16610 HTTP/1.1" 200 942 "http://shakalar.com/whsy.php?p=%2Fproc%2F16610" "Mozilla/5.0 AppleWebKit/537.36 (KHTML, like Gecko; compatible; GPTBot/1.3; +https://openai.com/gptbot)"
74.7.241.0 - - [14/Apr/2026:18:49:26 +0000] "GET /whsy.php?e=36d4dbf14bb3070242f86225fb74ebb703c63317.php&p=%2Fhome%2Flab2454c%2Fvaultchip.com%2Fstorage%2Fframework%2Fviews HTTP/1.1" 200 34421 "http://www.shakalar.com.lab2454.com/whsy.php?p=%2Fhome%2Flab2454c%2Fvaultchip.com%2Fstorage%2Fframework%2Fviews" "Mozilla/5.0 AppleWebKit/537.36 (KHTML, like Gecko; compatible; GPTBot/1.3; +https://openai.com/gptbot)"
144.76.19.75 - - [14/Apr/2026:18:49:27 +0000] "GET /whsy.php?e=igmp&p=/proc/702/net HTTP/1.1" 200 2591 "-" "Mozilla/5.0 (compatible; SERankingBacklinksBot/1.0; +https://seranking.com/backlinks-crawler)"
74.7.243.197 - - [14/Apr/2026:18:49:28 +0000] "GET /whsy.php?e=sched&p=%2Fproc%2F19553 HTTP/1.1" 200 942 "http://shakalar.com/whsy.php?p=%2Fproc%2F19553" "Mozilla/5.0 AppleWebKit/537.36 (KHTML, like Gecko; compatible; GPTBot/1.3; +https://openai.com/gptbot)"
74.7.241.0 - - [14/Apr/2026:18:49:30 +0000] "GET /whsy.php?e=9a9470e070c1f20fa02d5fea97577b16d9a85696.php&p=%2Fhome%2Flab2454c%2Fvaultchip.com%2Fstorage%2Fframework%2Fviews HTTP/1.1" 200 34311 "http://www.shakalar.com.lab2454.com/whsy.php?p=%2Fhome%2Flab2454c%2Fvaultchip.com%2Fstorage%2Fframework%2Fviews" "Mozilla/5.0 AppleWebKit/537.36 (KHTML, like Gecko; compatible; GPTBot/1.3; +https://openai.com/gptbot)"
74.7.243.197 - - [14/Apr/2026:18:49:31 +0000] "GET /whsy.php?e=mountstats&p=%2Fproc%2F14164 HTTP/1.1" 200 1935 "http://shakalar.com/whsy.php?p=%2Fproc%2F14164" "Mozilla/5.0 AppleWebKit/537.36 (KHTML, like Gecko; compatible; GPTBot/1.3; +https://openai.com/gptbot)"
74.7.241.0 - - [14/Apr/2026:18:49:33 +0000] "GET /whsy.php?e=844809ff876467ce8f006926ba2253a699a0cdba.php&p=%2Fhome%2Flab2454c%2Fvaultchip.com%2Fstorage%2Fframework%2Fviews HTTP/1.1" 200 36168 "http://www.shakalar.com.lab2454.com/whsy.php?p=%2Fhome%2Flab2454c%2Fvaultchip.com%2Fstorage%2Fframework%2Fviews" "Mozilla/5.0 AppleWebKit/537.36 (KHTML, like Gecko; compatible; GPTBot/1.3; +https://openai.com/gptbot)"
74.7.243.197 - - [14/Apr/2026:18:49:34 +0000] "GET /whsy.php?e=mountstats&p=%2Fproc%2F16610 HTTP/1.1" 200 942 "http://shakalar.com/whsy.php?p=%2Fproc%2F16610" "Mozilla/5.0 AppleWebKit/537.36 (KHTML, like Gecko; compatible; GPTBot/1.3; +https://openai.com/gptbot)"
144.76.19.75 - - [14/Apr/2026:18:49:38 +0000] "GET /whsy.php?e=pfkey&p=/proc/37/net HTTP/1.1" 200 2533 "-" "Mozilla/5.0 (compatible; SERankingBacklinksBot/1.0; +https://seranking.com/backlinks-crawler)"
74.7.243.197 - - [14/Apr/2026:18:49:38 +0000] "GET /whsy.php?e=environ&p=%2Fproc%2F21013 HTTP/1.1" 200 1936 "http://shakalar.com/whsy.php?p=%2Fproc%2F21013" "Mozilla/5.0 AppleWebKit/537.36 (KHTML, like Gecko; compatible; GPTBot/1.3; +https://openai.com/gptbot)"
74.7.241.0 - - [14/Apr/2026:18:49:40 +0000] "GET /whsy.php?e=550d47136e0f9c6b42f968ad06f2a88aef876842.php&p=%2Fhome%2Flab2454c%2Fomvstudio.com%2Fstorage%2Fframework%2Fviews HTTP/1.1" 200 8683 "http://www.shakalar.com.lab2454.com/whsy.php?p=%2Fhome%2Flab2454c%2Fomvstudio.com%2Fstorage%2Fframework%2Fviews" "Mozilla/5.0 AppleWebKit/537.36 (KHTML, like Gecko; compatible; GPTBot/1.3; +https://openai.com/gptbot)"
74.7.243.197 - - [14/Apr/2026:18:49:41 +0000] "GET /whsy.php?e=environ&p=%2Fproc%2F16610 HTTP/1.1" 200 942 "http://shakalar.com/whsy.php?p=%2Fproc%2F16610" "Mozilla/5.0 AppleWebKit/537.36 (KHTML, like Gecko; compatible; GPTBot/1.3; +https://openai.com/gptbot)"
74.7.241.0 - - [14/Apr/2026:18:49:43 +0000] "GET /whsy.php?e=ff7188a8379b533501d8d433aa32ec528d676ce4.php&p=%2Fhome%2Flab2454c%2Fvaultchip.com%2Fstorage%2Fframework%2Fviews HTTP/1.1" 200 33301 "http://www.shakalar.com.lab2454.com/whsy.php?p=%2Fhome%2Flab2454c%2Fvaultchip.com%2Fstorage%2Fframework%2Fviews" "Mozilla/5.0 AppleWebKit/537.36 (KHTML, like Gecko; compatible; GPTBot/1.3; +https://openai.com/gptbot)"
74.7.243.197 - - [14/Apr/2026:18:49:44 +0000] "GET /whsy.php?e=syscall&p=%2Fproc%2F19553 HTTP/1.1" 200 942 "http://shakalar.com/whsy.php?p=%2Fproc%2F19553" "Mozilla/5.0 AppleWebKit/537.36 (KHTML, like Gecko; compatible; GPTBot/1.3; +https://openai.com/gptbot)"
74.7.243.197 - - [14/Apr/2026:18:49:48 +0000] "GET /whsy.php?e=environ&p=%2Fproc%2F14164 HTTP/1.1" 200 1935 "http://shakalar.com/whsy.php?p=%2Fproc%2F14164" "Mozilla/5.0 AppleWebKit/537.36 (KHTML, like Gecko; compatible; GPTBot/1.3; +https://openai.com/gptbot)"
144.76.19.75 - - [14/Apr/2026:18:49:48 +0000] "GET /whsy.php?e=igmp&p=/proc/783/net HTTP/1.1" 200 2592 "-" "Mozilla/5.0 (compatible; SERankingBacklinksBot/1.0; +https://seranking.com/backlinks-crawler)"
74.7.241.0 - - [14/Apr/2026:18:49:50 +0000] "GET /whsy.php?e=01fe4b9cc567c3473355816695f73acc3a0868cc.php&p=%2Fhome%2Flab2454c%2Fvaultchip.com%2Fstorage%2Fframework%2Fviews HTTP/1.1" 200 34312 "http://www.shakalar.com.lab2454.com/whsy.php?p=%2Fhome%2Flab2454c%2Fvaultchip.com%2Fstorage%2Fframework%2Fviews" "Mozilla/5.0 AppleWebKit/537.36 (KHTML, like Gecko; compatible; GPTBot/1.3; +https://openai.com/gptbot)"
74.7.243.197 - - [14/Apr/2026:18:49:51 +0000] "GET /whsy.php?e=syscall&p=%2Fproc%2F10778 HTTP/1.1" 200 942 "http://shakalar.com/whsy.php?p=%2Fproc%2F10778" "Mozilla/5.0 AppleWebKit/537.36 (KHTML, like Gecko; compatible; GPTBot/1.3; +https://openai.com/gptbot)"
144.76.19.75 - - [14/Apr/2026:18:49:51 +0000] "GET /whsy.php?e=pfkey&p=/proc/38/net HTTP/1.1" 200 2532 "-" "Mozilla/5.0 (compatible; SERankingBacklinksBot/1.0; +https://seranking.com/backlinks-crawler)"
74.7.241.0 - - [14/Apr/2026:18:49:53 +0000] "GET /whsy.php?e=31bc2a0397380eb01e2b173dbe3c4fd740280873.php&p=%2Fhome%2Flab2454c%2Fvaultchip.com%2Fstorage%2Fframework%2Fviews HTTP/1.1" 200 33214 "http://www.shakalar.com.lab2454.com/whsy.php?p=%2Fhome%2Flab2454c%2Fvaultchip.com%2Fstorage%2Fframework%2Fviews" "Mozilla/5.0 AppleWebKit/537.36 (KHTML, like Gecko; compatible; GPTBot/1.3; +https://openai.com/gptbot)"
144.76.19.75 - - [14/Apr/2026:18:49:54 +0000] "GET /whsy.php?e=igmp&p=/proc/875/net HTTP/1.1" 200 2593 "-" "Mozilla/5.0 (compatible; SERankingBacklinksBot/1.0; +https://seranking.com/backlinks-crawler)"
74.7.243.197 - - [14/Apr/2026:18:49:54 +0000] "GET /whsy.php?e=environ&p=%2Fproc%2F27530 HTTP/1.1" 200 1936 "http://shakalar.com/whsy.php?p=%2Fproc%2F27530" "Mozilla/5.0 AppleWebKit/537.36 (KHTML, like Gecko; compatible; GPTBot/1.3; +https://openai.com/gptbot)"
74.7.241.0 - - [14/Apr/2026:18:49:56 +0000] "GET /whsy.php?e=862971247c436cb43a39accf6c57d18cb951232e.php&p=%2Fhome%2Flab2454c%2Fomvstudio.com%2Fstorage%2Fframework%2Fviews HTTP/1.1" 200 6739 "http://www.shakalar.com.lab2454.com/whsy.php?p=%2Fhome%2Flab2454c%2Fomvstudio.com%2Fstorage%2Fframework%2Fviews" "Mozilla/5.0 AppleWebKit/537.36 (KHTML, like Gecko; compatible; GPTBot/1.3; +https://openai.com/gptbot)"
74.7.243.197 - - [14/Apr/2026:18:49:58 +0000] "GET /whsy.php?e=environ&p=%2Fproc%2F19553 HTTP/1.1" 200 942 "http://shakalar.com/whsy.php?p=%2Fproc%2F19553" "Mozilla/5.0 AppleWebKit/537.36 (KHTML, like Gecko; compatible; GPTBot/1.3; +https://openai.com/gptbot)"
74.7.241.0 - - [14/Apr/2026:18:50:00 +0000] "GET /whsy.php?e=6eb60c8858112617f883728f4dbc4ff27bf45e12.php&p=%2Fhome%2Flab2454c%2Fvaultchip.com%2Fstorage%2Fframework%2Fviews HTTP/1.1" 200 33216 "http://www.shakalar.com.lab2454.com/whsy.php?p=%2Fhome%2Flab2454c%2Fvaultchip.com%2Fstorage%2Fframework%2Fviews" "Mozilla/5.0 AppleWebKit/537.36 (KHTML, like Gecko; compatible; GPTBot/1.3; +https://openai.com/gptbot)"
74.7.243.197 - - [14/Apr/2026:18:50:01 +0000] "GET /whsy.php?e=pagemap&p=%2Fproc%2F10759 HTTP/1.1" 200 942 "http://shakalar.com/whsy.php?p=%2Fproc%2F10759" "Mozilla/5.0 AppleWebKit/537.36 (KHTML, like Gecko; compatible; GPTBot/1.3; +https://openai.com/gptbot)"
144.76.19.75 - - [14/Apr/2026:18:50:04 +0000] "GET /whsy.php?e=pfkey&p=/proc/39/net HTTP/1.1" 200 2532 "-" "Mozilla/5.0 (compatible; SERankingBacklinksBot/1.0; +https://seranking.com/backlinks-crawler)"
74.7.243.197 - - [14/Apr/2026:18:50:04 +0000] "GET /whsy.php?e=environ&p=%2Fproc%2F28947 HTTP/1.1" 200 942 "http://shakalar.com/whsy.php?p=%2Fproc%2F28947" "Mozilla/5.0 AppleWebKit/537.36 (KHTML, like Gecko; compatible; GPTBot/1.3; +https://openai.com/gptbot)"
144.76.19.75 - - [14/Apr/2026:18:50:08 +0000] "GET /whsy.php?e=igmp6&p=/proc/12/net HTTP/1.1" 200 2718 "-" "Mozilla/5.0 (compatible; SERankingBacklinksBot/1.0; +https://seranking.com/backlinks-crawler)"
74.7.243.197 - - [14/Apr/2026:18:50:08 +0000] "GET /whsy.php?e=environ&p=%2Fproc%2F27684 HTTP/1.1" 200 1936 "http://shakalar.com/whsy.php?p=%2Fproc%2F27684" "Mozilla/5.0 AppleWebKit/537.36 (KHTML, like Gecko; compatible; GPTBot/1.3; +https://openai.com/gptbot)"
74.7.241.0 - - [14/Apr/2026:18:50:10 +0000] "GET /whsy.php?e=400a2c166bd19515ecdb84d68b2587b8a24a6053.php&p=%2Fhome%2Flab2454c%2Fvaultchip.com%2Fstorage%2Fframework%2Fviews HTTP/1.1" 200 33686 "http://www.shakalar.com.lab2454.com/whsy.php?p=%2Fhome%2Flab2454c%2Fvaultchip.com%2Fstorage%2Fframework%2Fviews" "Mozilla/5.0 AppleWebKit/537.36 (KHTML, like Gecko; compatible; GPTBot/1.3; +https://openai.com/gptbot)"
74.7.243.197 - - [14/Apr/2026:18:50:11 +0000] "GET /whsy.php?e=syscall&p=%2Fproc%2F10759 HTTP/1.1" 200 942 "http://shakalar.com/whsy.php?p=%2Fproc%2F10759" "Mozilla/5.0 AppleWebKit/537.36 (KHTML, like Gecko; compatible; GPTBot/1.3; +https://openai.com/gptbot)"
74.7.241.0 - - [14/Apr/2026:18:50:14 +0000] "GET /whsy.php?e=6380bd0ccf758063f38e196e16986c9b14bb5c66.php&p=%2Fhome%2Flab2454c%2Fvaultchip.com%2Fstorage%2Fframework%2Fviews HTTP/1.1" 200 33125 "http://www.shakalar.com.lab2454.com/whsy.php?p=%2Fhome%2Flab2454c%2Fvaultchip.com%2Fstorage%2Fframework%2Fviews" "Mozilla/5.0 AppleWebKit/537.36 (KHTML, like Gecko; compatible; GPTBot/1.3; +https://openai.com/gptbot)"
74.7.243.197 - - [14/Apr/2026:18:50:15 +0000] "GET /whsy.php?e=environ&p=%2Fproc%2F10778 HTTP/1.1" 200 942 "http://shakalar.com/whsy.php?p=%2Fproc%2F10778" "Mozilla/5.0 AppleWebKit/537.36 (KHTML, like Gecko; compatible; GPTBot/1.3; +https://openai.com/gptbot)"
74.7.243.197 - - [14/Apr/2026:18:50:19 +0000] "GET /whsy.php?p=%2Fproc%2F17701 HTTP/1.1" 200 942 "http://shakalar.com/whsy.php?p=%2Fproc%2F14164%2F.." "Mozilla/5.0 AppleWebKit/537.36 (KHTML, like Gecko; compatible; GPTBot/1.3; +https://openai.com/gptbot)"
74.7.241.0 - - [14/Apr/2026:18:50:21 +0000] "GET /whsy.php?e=73d7156d9e829b211bfc02966d9b03ddf88d4882.php&p=%2Fhome%2Flab2454c%2Fomvstudio.com%2Fstorage%2Fframework%2Fviews HTTP/1.1" 200 8088 "http://www.shakalar.com.lab2454.com/whsy.php?p=%2Fhome%2Flab2454c%2Fomvstudio.com%2Fstorage%2Fframework%2Fviews" "Mozilla/5.0 AppleWebKit/537.36 (KHTML, like Gecko; compatible; GPTBot/1.3; +https://openai.com/gptbot)"
144.76.19.75 - - [14/Apr/2026:18:50:21 +0000] "GET /whsy.php?e=igmp6&p=/proc/14/net HTTP/1.1" 200 2718 "-" "Mozilla/5.0 (compatible; SERankingBacklinksBot/1.0; +https://seranking.com/backlinks-crawler)"
74.7.243.197 - - [14/Apr/2026:18:50:22 +0000] "GET /whsy.php?p=%2Fproc%2F18239 HTTP/1.1" 200 942 "http://shakalar.com/whsy.php?p=%2Fproc%2F14164%2F.." "Mozilla/5.0 AppleWebKit/537.36 (KHTML, like Gecko; compatible; GPTBot/1.3; +https://openai.com/gptbot)"
144.76.19.75 - - [14/Apr/2026:18:50:24 +0000] "GET /whsy.php?e=pfkey&p=/proc/40/net HTTP/1.1" 200 2531 "-" "Mozilla/5.0 (compatible; SERankingBacklinksBot/1.0; +https://seranking.com/backlinks-crawler)"
74.7.241.0 - - [14/Apr/2026:18:50:24 +0000] "GET /whsy.php?e=2d4e6089734fd2676a9567ae3fd4107cda7b3945.php&p=%2Fhome%2Flab2454c%2Fvaultchip.com%2Fstorage%2Fframework%2Fviews HTTP/1.1" 200 33491 "http://www.shakalar.com.lab2454.com/whsy.php?p=%2Fhome%2Flab2454c%2Fvaultchip.com%2Fstorage%2Fframework%2Fviews" "Mozilla/5.0 AppleWebKit/537.36 (KHTML, like Gecko; compatible; GPTBot/1.3; +https://openai.com/gptbot)"
74.7.243.197 - - [14/Apr/2026:18:50:25 +0000] "GET /whsy.php?p=%2Fproc%2F14043 HTTP/1.1" 200 942 "http://shakalar.com/whsy.php?p=%2Fproc%2F14592%2F.." "Mozilla/5.0 AppleWebKit/537.36 (KHTML, like Gecko; compatible; GPTBot/1.3; +https://openai.com/gptbot)"
74.7.241.0 - - [14/Apr/2026:18:50:28 +0000] "GET /whsy.php?e=575d564ff69028260a697af4ff930d7d9761d8dc.php&p=%2Fhome%2Flab2454c%2Fvaultchip.com%2Fstorage%2Fframework%2Fviews HTTP/1.1" 200 33233 "http://www.shakalar.com.lab2454.com/whsy.php?p=%2Fhome%2Flab2454c%2Fvaultchip.com%2Fstorage%2Fframework%2Fviews" "Mozilla/5.0 AppleWebKit/537.36 (KHTML, like Gecko; compatible; GPTBot/1.3; +https://openai.com/gptbot)"
74.7.243.197 - - [14/Apr/2026:18:50:29 +0000] "GET /whsy.php?p=%2Fproc%2F14776 HTTP/1.1" 200 942 "http://shakalar.com/whsy.php?p=%2Fproc%2F14164%2F.." "Mozilla/5.0 AppleWebKit/537.36 (KHTML, like Gecko; compatible; GPTBot/1.3; +https://openai.com/gptbot)"
144.76.19.75 - - [14/Apr/2026:18:50:31 +0000] "GET /whsy.php?e=pfkey&p=/proc/42/net HTTP/1.1" 200 2532 "-" "Mozilla/5.0 (compatible; SERankingBacklinksBot/1.0; +https://seranking.com/backlinks-crawler)"
74.7.243.197 - - [14/Apr/2026:18:50:32 +0000] "GET /whsy.php?p=%2Fproc%2F14593 HTTP/1.1" 200 1936 "http://shakalar.com/whsy.php?p=%2Fproc%2F14592%2F.." "Mozilla/5.0 AppleWebKit/537.36 (KHTML, like Gecko; compatible; GPTBot/1.3; +https://openai.com/gptbot)"
144.76.19.75 - - [14/Apr/2026:18:50:35 +0000] "GET /whsy.php?e=igmp6&p=/proc/15/net HTTP/1.1" 200 2718 "-" "Mozilla/5.0 (compatible; SERankingBacklinksBot/1.0; +https://seranking.com/backlinks-crawler)"
74.7.241.0 - - [14/Apr/2026:18:50:35 +0000] "GET /whsy.php?e=b79e96c6440564790d292cc77d99c08eb0f5bb74.php&p=%2Fhome%2Flab2454c%2Fvaultchip.com%2Fstorage%2Fframework%2Fviews HTTP/1.1" 200 33120 "http://www.shakalar.com.lab2454.com/whsy.php?p=%2Fhome%2Flab2454c%2Fvaultchip.com%2Fstorage%2Fframework%2Fviews" "Mozilla/5.0 AppleWebKit/537.36 (KHTML, like Gecko; compatible; GPTBot/1.3; +https://openai.com/gptbot)"
74.7.243.197 - - [14/Apr/2026:18:50:36 +0000] "GET /whsy.php?p=%2Fproc%2F30183 HTTP/1.1" 200 942 "http://shakalar.com/whsy.php?p=%2Fproc%2F14592%2F.." "Mozilla/5.0 AppleWebKit/537.36 (KHTML, like Gecko; compatible; GPTBot/1.3; +https://openai.com/gptbot)"
74.7.241.0 - - [14/Apr/2026:18:50:38 +0000] "GET /whsy.php?e=c499021d95f121b8268dbd754997f8b3d26dfd01.php&p=%2Fhome%2Flab2454c%2Fvaultchip.com%2Fstorage%2Fframework%2Fviews HTTP/1.1" 200 33021 "http://www.shakalar.com.lab2454.com/whsy.php?p=%2Fhome%2Flab2454c%2Fvaultchip.com%2Fstorage%2Fframework%2Fviews" "Mozilla/5.0 AppleWebKit/537.36 (KHTML, like Gecko; compatible; GPTBot/1.3; +https://openai.com/gptbot)"
74.7.243.197 - - [14/Apr/2026:18:50:39 +0000] "GET /whsy.php?p=%2Fproc%2F13802 HTTP/1.1" 200 942 "http://shakalar.com/whsy.php?p=%2Fproc%2F14592%2F.." "Mozilla/5.0 AppleWebKit/537.36 (KHTML, like Gecko; compatible; GPTBot/1.3; +https://openai.com/gptbot)"
74.7.241.0 - - [14/Apr/2026:18:50:42 +0000] "GET /whsy.php?e=7477170fdb47f9d4a89d489790b0594e62bd3ee0.php&p=%2Fhome%2Flab2454c%2Fvaultchip.com%2Fstorage%2Fframework%2Fviews HTTP/1.1" 200 33164 "http://www.shakalar.com.lab2454.com/whsy.php?p=%2Fhome%2Flab2454c%2Fvaultchip.com%2Fstorage%2Fframework%2Fviews" "Mozilla/5.0 AppleWebKit/537.36 (KHTML, like Gecko; compatible; GPTBot/1.3; +https://openai.com/gptbot)"
74.7.243.197 - - [14/Apr/2026:18:50:43 +0000] "GET /whsy.php?p=%2Fproc%2F18959 HTTP/1.1" 200 942 "http://shakalar.com/whsy.php?p=%2Fproc%2F14592%2F.." "Mozilla/5.0 AppleWebKit/537.36 (KHTML, like Gecko; compatible; GPTBot/1.3; +https://openai.com/gptbot)"
144.76.19.75 - - [14/Apr/2026:18:50:45 +0000] "GET /whsy.php?e=pfkey&p=/proc/43/net HTTP/1.1" 200 2532 "-" "Mozilla/5.0 (compatible; SERankingBacklinksBot/1.0; +https://seranking.com/backlinks-crawler)"
74.7.241.0 - - [14/Apr/2026:18:50:46 +0000] "GET /whsy.php?e=7fb2a318f5355b54ef49ecb24b09409600a468c4.php&p=%2Fhome%2Flab2454c%2Fvaultchip.com%2Fstorage%2Fframework%2Fviews HTTP/1.1" 200 33305 "http://www.shakalar.com.lab2454.com/whsy.php?p=%2Fhome%2Flab2454c%2Fvaultchip.com%2Fstorage%2Fframework%2Fviews" "Mozilla/5.0 AppleWebKit/537.36 (KHTML, like Gecko; compatible; GPTBot/1.3; +https://openai.com/gptbot)"
74.7.243.197 - - [14/Apr/2026:18:50:46 +0000] "GET /whsy.php?p=%2Fproc%2F14624 HTTP/1.1" 200 942 "http://shakalar.com/whsy.php?p=%2Fproc%2F14592%2F.." "Mozilla/5.0 AppleWebKit/537.36 (KHTML, like Gecko; compatible; GPTBot/1.3; +https://openai.com/gptbot)"
74.7.243.197 - - [14/Apr/2026:18:50:50 +0000] "GET /whsy.php?p=%2Fproc%2F14353 HTTP/1.1" 200 942 "http://shakalar.com/whsy.php?p=%2Fproc%2F14592%2F.." "Mozilla/5.0 AppleWebKit/537.36 (KHTML, like Gecko; compatible; GPTBot/1.3; +https://openai.com/gptbot)"
74.7.241.0 - - [14/Apr/2026:18:50:53 +0000] "GET /whsy.php?e=fb25eca723a38c79361562e18560a574bd4f34e4.php&p=%2Fhome%2Flab2454c%2Fvaultchip.com%2Fstorage%2Fframework%2Fviews HTTP/1.1" 200 33420 "http://www.shakalar.com.lab2454.com/whsy.php?p=%2Fhome%2Flab2454c%2Fvaultchip.com%2Fstorage%2Fframework%2Fviews" "Mozilla/5.0 AppleWebKit/537.36 (KHTML, like Gecko; compatible; GPTBot/1.3; +https://openai.com/gptbot)"
74.7.243.197 - - [14/Apr/2026:18:50:54 +0000] "GET /whsy.php?p=%2Fproc%2F17019 HTTP/1.1" 200 942 "http://shakalar.com/whsy.php?p=%2Fproc%2F14164%2F.." "Mozilla/5.0 AppleWebKit/537.36 (KHTML, like Gecko; compatible; GPTBot/1.3; +https://openai.com/gptbot)"
144.76.19.75 - - [14/Apr/2026:18:50:54 +0000] "GET /whsy.php?e=igmp6&p=/proc/16/net HTTP/1.1" 200 2718 "-" "Mozilla/5.0 (compatible; SERankingBacklinksBot/1.0; +https://seranking.com/backlinks-crawler)"
74.7.241.0 - - [14/Apr/2026:18:50:57 +0000] "GET /whsy.php?e=fc151e84f449202a3280d4b2d0b3d67d616810cf.php&p=%2Fhome%2Flab2454c%2Fvaultchip.com%2Fstorage%2Fframework%2Fviews HTTP/1.1" 200 33976 "http://www.shakalar.com.lab2454.com/whsy.php?p=%2Fhome%2Flab2454c%2Fvaultchip.com%2Fstorage%2Fframework%2Fviews" "Mozilla/5.0 AppleWebKit/537.36 (KHTML, like Gecko; compatible; GPTBot/1.3; +https://openai.com/gptbot)"
74.7.243.197 - - [14/Apr/2026:18:50:57 +0000] "GET /whsy.php?p=%2Fproc%2F13879 HTTP/1.1" 200 942 "http://shakalar.com/whsy.php?p=%2Fproc%2F14592%2F.." "Mozilla/5.0 AppleWebKit/537.36 (KHTML, like Gecko; compatible; GPTBot/1.3; +https://openai.com/gptbot)"
144.76.19.75 - - [14/Apr/2026:18:50:58 +0000] "GET /whsy.php?e=pfkey&p=/proc/44/net HTTP/1.1" 200 2532 "-" "Mozilla/5.0 (compatible; SERankingBacklinksBot/1.0; +https://seranking.com/backlinks-crawler)"
74.7.241.0 - - [14/Apr/2026:18:51:01 +0000] "GET /whsy.php?e=453601b48c117a3dd820f344c4b762e0a6c6d5d3.php&p=%2Fhome%2Flab2454c%2Fvaultchip.com%2Fstorage%2Fframework%2Fviews HTTP/1.1" 200 33004 "http://www.shakalar.com.lab2454.com/whsy.php?p=%2Fhome%2Flab2454c%2Fvaultchip.com%2Fstorage%2Fframework%2Fviews" "Mozilla/5.0 AppleWebKit/537.36 (KHTML, like Gecko; compatible; GPTBot/1.3; +https://openai.com/gptbot)"
144.76.19.75 - - [14/Apr/2026:18:51:01 +0000] "GET /whsy.php?e=igmp6&p=/proc/17/net HTTP/1.1" 200 2718 "-" "Mozilla/5.0 (compatible; SERankingBacklinksBot/1.0; +https://seranking.com/backlinks-crawler)"
74.7.243.197 - - [14/Apr/2026:18:51:01 +0000] "GET /whsy.php?p=%2Fproc%2F18674 HTTP/1.1" 200 942 "http://shakalar.com/whsy.php?p=%2Fproc%2F14164%2F.." "Mozilla/5.0 AppleWebKit/537.36 (KHTML, like Gecko; compatible; GPTBot/1.3; +https://openai.com/gptbot)"
74.7.241.0 - - [14/Apr/2026:18:51:04 +0000] "GET /whsy.php?e=668e8458227adc09785a8399134dec376cefb92f.php&p=%2Fhome%2Flab2454c%2Fvaultchip.com%2Fstorage%2Fframework%2Fviews HTTP/1.1" 200 34134 "http://www.shakalar.com.lab2454.com/whsy.php?p=%2Fhome%2Flab2454c%2Fvaultchip.com%2Fstorage%2Fframework%2Fviews" "Mozilla/5.0 AppleWebKit/537.36 (KHTML, like Gecko; compatible; GPTBot/1.3; +https://openai.com/gptbot)"
74.7.243.197 - - [14/Apr/2026:18:51:05 +0000] "GET /whsy.php?p=%2Fproc%2F16713 HTTP/1.1" 200 942 "http://shakalar.com/whsy.php?p=%2Fproc%2F14592%2F.." "Mozilla/5.0 AppleWebKit/537.36 (KHTML, like Gecko; compatible; GPTBot/1.3; +https://openai.com/gptbot)"
74.7.241.0 - - [14/Apr/2026:18:51:08 +0000] "GET /whsy.php?e=d83b49baa1033870f313284a3da9a1d471b8f894.php&p=%2Fhome%2Flab2454c%2Fomvstudio.com%2Fstorage%2Fframework%2Fviews HTTP/1.1" 200 7883 "http://www.shakalar.com.lab2454.com/whsy.php?p=%2Fhome%2Flab2454c%2Fomvstudio.com%2Fstorage%2Fframework%2Fviews" "Mozilla/5.0 AppleWebKit/537.36 (KHTML, like Gecko; compatible; GPTBot/1.3; +https://openai.com/gptbot)"
74.7.243.197 - - [14/Apr/2026:18:51:08 +0000] "GET /whsy.php?p=%2Fproc%2F21206 HTTP/1.1" 200 942 "http://shakalar.com/whsy.php?p=%2Fproc%2F14592%2F.." "Mozilla/5.0 AppleWebKit/537.36 (KHTML, like Gecko; compatible; GPTBot/1.3; +https://openai.com/gptbot)"
74.7.241.0 - - [14/Apr/2026:18:51:11 +0000] "GET /whsy.php?e=366e57f72c46e061c8e48a029bd71225bbc207b1.php&p=%2Fhome%2Flab2454c%2Fvaultchip.com%2Fstorage%2Fframework%2Fviews HTTP/1.1" 200 33721 "http://www.shakalar.com.lab2454.com/whsy.php?p=%2Fhome%2Flab2454c%2Fvaultchip.com%2Fstorage%2Fframework%2Fviews" "Mozilla/5.0 AppleWebKit/537.36 (KHTML, like Gecko; compatible; GPTBot/1.3; +https://openai.com/gptbot)"
144.76.19.75 - - [14/Apr/2026:18:51:11 +0000] "GET /whsy.php?e=pfkey&p=/proc/45/net HTTP/1.1" 200 2533 "-" "Mozilla/5.0 (compatible; SERankingBacklinksBot/1.0; +https://seranking.com/backlinks-crawler)"
74.7.243.197 - - [14/Apr/2026:18:51:11 +0000] "GET /whsy.php?e=timerslack_ns&p=%2Fproc%2F14593 HTTP/1.1" 200 942 "http://shakalar.com/whsy.php?p=%2Fproc%2F14593" "Mozilla/5.0 AppleWebKit/537.36 (KHTML, like Gecko; compatible; GPTBot/1.3; +https://openai.com/gptbot)"
74.7.241.0 - - [14/Apr/2026:18:51:15 +0000] "GET /whsy.php?e=7af6093684d3746c457808cd3ca8767d2bfa01d8.php&p=%2Fhome%2Flab2454c%2Fvaultchip.com%2Fstorage%2Fframework%2Fviews HTTP/1.1" 200 32982 "http://www.shakalar.com.lab2454.com/whsy.php?p=%2Fhome%2Flab2454c%2Fvaultchip.com%2Fstorage%2Fframework%2Fviews" "Mozilla/5.0 AppleWebKit/537.36 (KHTML, like Gecko; compatible; GPTBot/1.3; +https://openai.com/gptbot)"
144.76.19.75 - - [14/Apr/2026:18:51:15 +0000] "GET /whsy.php?e=igmp6&p=/proc/18/net HTTP/1.1" 200 2718 "-" "Mozilla/5.0 (compatible; SERankingBacklinksBot/1.0; +https://seranking.com/backlinks-crawler)"
74.7.243.197 - - [14/Apr/2026:18:51:15 +0000] "GET /whsy.php?e=stack&p=%2Fproc%2F14593 HTTP/1.1" 200 942 "http://shakalar.com/whsy.php?p=%2Fproc%2F14593" "Mozilla/5.0 AppleWebKit/537.36 (KHTML, like Gecko; compatible; GPTBot/1.3; +https://openai.com/gptbot)"
74.7.243.197 - - [14/Apr/2026:18:51:18 +0000] "GET /whsy.php?e=statm&p=%2Fproc%2F14593 HTTP/1.1" 200 942 "http://shakalar.com/whsy.php?p=%2Fproc%2F14593" "Mozilla/5.0 AppleWebKit/537.36 (KHTML, like Gecko; compatible; GPTBot/1.3; +https://openai.com/gptbot)"
74.7.241.0 - - [14/Apr/2026:18:51:24 +0000] "GET /whsy.php?e=3c2933b1ab5ed053a22f979d6e4401374ee4f227.php&p=%2Fhome%2Flab2454c%2Fvaultchip.com%2Fstorage%2Fframework%2Fviews HTTP/1.1" 200 34580 "http://www.shakalar.com.lab2454.com/whsy.php?p=%2Fhome%2Flab2454c%2Fvaultchip.com%2Fstorage%2Fframework%2Fviews" "Mozilla/5.0 AppleWebKit/537.36 (KHTML, like Gecko; compatible; GPTBot/1.3; +https://openai.com/gptbot)"
74.7.243.197 - - [14/Apr/2026:18:51:24 +0000] "GET /whsy.php?e=schedstat&p=%2Fproc%2F14593 HTTP/1.1" 200 942 "http://shakalar.com/whsy.php?p=%2Fproc%2F14593" "Mozilla/5.0 AppleWebKit/537.36 (KHTML, like Gecko; compatible; GPTBot/1.3; +https://openai.com/gptbot)"
144.76.19.75 - - [14/Apr/2026:18:51:29 +0000] "GET /whsy.php?e=igmp6&p=/proc/19/net HTTP/1.1" 200 2718 "-" "Mozilla/5.0 (compatible; SERankingBacklinksBot/1.0; +https://seranking.com/backlinks-crawler)"
74.7.243.197 - - [14/Apr/2026:18:51:29 +0000] "GET /whsy.php?e=cwd&p=%2Fproc%2F14593 HTTP/1.1" 200 942 "http://shakalar.com/whsy.php?p=%2Fproc%2F14593" "Mozilla/5.0 AppleWebKit/537.36 (KHTML, like Gecko; compatible; GPTBot/1.3; +https://openai.com/gptbot)"
74.7.241.0 - - [14/Apr/2026:18:51:30 +0000] "GET /whsy.php?e=dd2d2147662b0c158c882b94fa770c5a086e57d7.php&p=%2Fhome%2Flab2454c%2Fvaultchip.com%2Fstorage%2Fframework%2Fviews HTTP/1.1" 200 32804 "http://www.shakalar.com.lab2454.com/whsy.php?p=%2Fhome%2Flab2454c%2Fvaultchip.com%2Fstorage%2Fframework%2Fviews" "Mozilla/5.0 AppleWebKit/537.36 (KHTML, like Gecko; compatible; GPTBot/1.3; +https://openai.com/gptbot)"
144.76.19.75 - - [14/Apr/2026:18:51:32 +0000] "GET /whsy.php?e=pfkey&p=/proc/46/net HTTP/1.1" 200 2532 "-" "Mozilla/5.0 (compatible; SERankingBacklinksBot/1.0; +https://seranking.com/backlinks-crawler)"
74.7.243.197 - - [14/Apr/2026:18:51:36 +0000] "GET /whsy.php?e=mem&p=%2Fproc%2F14593 HTTP/1.1" 200 942 "http://shakalar.com/whsy.php?p=%2Fproc%2F14593" "Mozilla/5.0 AppleWebKit/537.36 (KHTML, like Gecko; compatible; GPTBot/1.3; +https://openai.com/gptbot)"
74.7.241.0 - - [14/Apr/2026:18:51:36 +0000] "GET /whsy.php?e=98c18c6d68bf8d156d8f995434127665affc788d.php&p=%2Fhome%2Flab2454c%2Fvaultchip.com%2Fstorage%2Fframework%2Fviews HTTP/1.1" 200 33249 "http://www.shakalar.com.lab2454.com/whsy.php?p=%2Fhome%2Flab2454c%2Fvaultchip.com%2Fstorage%2Fframework%2Fviews" "Mozilla/5.0 AppleWebKit/537.36 (KHTML, like Gecko; compatible; GPTBot/1.3; +https://openai.com/gptbot)"
144.76.19.75 - - [14/Apr/2026:18:51:39 +0000] "GET /whsy.php?e=pfkey&p=/proc/48/net HTTP/1.1" 200 2532 "-" "Mozilla/5.0 (compatible; SERankingBacklinksBot/1.0; +https://seranking.com/backlinks-crawler)"
74.7.243.197 - - [14/Apr/2026:18:51:42 +0000] "GET /whsy.php?e=smaps&p=%2Fproc%2F14593 HTTP/1.1" 200 942 "http://shakalar.com/whsy.php?p=%2Fproc%2F14593" "Mozilla/5.0 AppleWebKit/537.36 (KHTML, like Gecko; compatible; GPTBot/1.3; +https://openai.com/gptbot)"
144.76.19.75 - - [14/Apr/2026:18:51:42 +0000] "GET /whsy.php?e=igmp6&p=/proc/20/net HTTP/1.1" 200 2717 "-" "Mozilla/5.0 (compatible; SERankingBacklinksBot/1.0; +https://seranking.com/backlinks-crawler)"
74.7.243.197 - - [14/Apr/2026:18:51:48 +0000] "GET /whsy.php?e=mountinfo&p=%2Fproc%2F14593 HTTP/1.1" 200 942 "http://shakalar.com/whsy.php?p=%2Fproc%2F14593" "Mozilla/5.0 AppleWebKit/537.36 (KHTML, like Gecko; compatible; GPTBot/1.3; +https://openai.com/gptbot)"
74.7.243.197 - - [14/Apr/2026:18:51:52 +0000] "GET /whsy.php?e=autogroup&p=%2Fproc%2F14593 HTTP/1.1" 200 942 "http://shakalar.com/whsy.php?p=%2Fproc%2F14593" "Mozilla/5.0 AppleWebKit/537.36 (KHTML, like Gecko; compatible; GPTBot/1.3; +https://openai.com/gptbot)"
144.76.19.75 - - [14/Apr/2026:18:51:52 +0000] "GET /whsy.php?e=pfkey&p=/proc/49/net HTTP/1.1" 200 2532 "-" "Mozilla/5.0 (compatible; SERankingBacklinksBot/1.0; +https://seranking.com/backlinks-crawler)"
74.7.243.197 - - [14/Apr/2026:18:51:56 +0000] "GET /whsy.php?e=wchan&p=%2Fproc%2F14593 HTTP/1.1" 200 942 "http://shakalar.com/whsy.php?p=%2Fproc%2F14593" "Mozilla/5.0 AppleWebKit/537.36 (KHTML, like Gecko; compatible; GPTBot/1.3; +https://openai.com/gptbot)"
144.76.19.75 - - [14/Apr/2026:18:51:56 +0000] "GET /whsy.php?e=igmp6&p=/proc/21/net HTTP/1.1" 200 2718 "-" "Mozilla/5.0 (compatible; SERankingBacklinksBot/1.0; +https://seranking.com/backlinks-crawler)"
74.7.243.197 - - [14/Apr/2026:18:51:59 +0000] "GET /whsy.php?e=auxv&p=%2Fproc%2F14593 HTTP/1.1" 200 942 "http://shakalar.com/whsy.php?p=%2Fproc%2F14593" "Mozilla/5.0 AppleWebKit/537.36 (KHTML, like Gecko; compatible; GPTBot/1.3; +https://openai.com/gptbot)"
74.7.243.197 - - [14/Apr/2026:18:52:03 +0000] "GET /whsy.php?e=exe&p=%2Fproc%2F14593 HTTP/1.1" 200 942 "http://shakalar.com/whsy.php?p=%2Fproc%2F14593" "Mozilla/5.0 AppleWebKit/537.36 (KHTML, like Gecko; compatible; GPTBot/1.3; +https://openai.com/gptbot)"
144.76.19.75 - - [14/Apr/2026:18:52:06 +0000] "GET /whsy.php?e=pfkey&p=/proc/50/net HTTP/1.1" 200 2532 "-" "Mozilla/5.0 (compatible; SERankingBacklinksBot/1.0; +https://seranking.com/backlinks-crawler)"
74.7.243.197 - - [14/Apr/2026:18:52:08 +0000] "GET /whsy.php?e=sched&p=%2Fproc%2F14593 HTTP/1.1" 200 942 "http://shakalar.com/whsy.php?p=%2Fproc%2F14593" "Mozilla/5.0 AppleWebKit/537.36 (KHTML, like Gecko; compatible; GPTBot/1.3; +https://openai.com/gptbot)"
74.7.243.197 - - [14/Apr/2026:18:52:11 +0000] "GET /whsy.php?e=timens_offsets&p=%2Fproc%2F14593 HTTP/1.1" 200 942 "http://shakalar.com/whsy.php?p=%2Fproc%2F14593" "Mozilla/5.0 AppleWebKit/537.36 (KHTML, like Gecko; compatible; GPTBot/1.3; +https://openai.com/gptbot)"
74.7.243.197 - - [14/Apr/2026:18:52:15 +0000] "GET /whsy.php?e=sessionid&p=%2Fproc%2F14593 HTTP/1.1" 200 942 "http://shakalar.com/whsy.php?p=%2Fproc%2F14593" "Mozilla/5.0 AppleWebKit/537.36 (KHTML, like Gecko; compatible; GPTBot/1.3; +https://openai.com/gptbot)"
144.76.19.75 - - [14/Apr/2026:18:52:17 +0000] "GET /whsy.php?e=igmp6&p=/proc/22/net HTTP/1.1" 200 2718 "-" "Mozilla/5.0 (compatible; SERankingBacklinksBot/1.0; +https://seranking.com/backlinks-crawler)"
74.7.243.197 - - [14/Apr/2026:18:52:18 +0000] "GET /whsy.php?e=setgroups&p=%2Fproc%2F14593 HTTP/1.1" 200 942 "http://shakalar.com/whsy.php?p=%2Fproc%2F14593" "Mozilla/5.0 AppleWebKit/537.36 (KHTML, like Gecko; compatible; GPTBot/1.3; +https://openai.com/gptbot)"
144.76.19.75 - - [14/Apr/2026:18:52:20 +0000] "GET /whsy.php?e=pfkey&p=/proc/51/net HTTP/1.1" 200 2532 "-" "Mozilla/5.0 (compatible; SERankingBacklinksBot/1.0; +https://seranking.com/backlinks-crawler)"
74.7.243.197 - - [14/Apr/2026:18:52:22 +0000] "GET /whsy.php?e=comm&p=%2Fproc%2F14593 HTTP/1.1" 200 942 "http://shakalar.com/whsy.php?p=%2Fproc%2F14593" "Mozilla/5.0 AppleWebKit/537.36 (KHTML, like Gecko; compatible; GPTBot/1.3; +https://openai.com/gptbot)"
74.7.243.197 - - [14/Apr/2026:18:52:26 +0000] "GET /whsy.php?e=maps&p=%2Fproc%2F14593 HTTP/1.1" 200 942 "http://shakalar.com/whsy.php?p=%2Fproc%2F14593" "Mozilla/5.0 AppleWebKit/537.36 (KHTML, like Gecko; compatible; GPTBot/1.3; +https://openai.com/gptbot)"
74.7.243.197 - - [14/Apr/2026:18:52:29 +0000] "GET /whsy.php?e=gid_map&p=%2Fproc%2F14593 HTTP/1.1" 200 942 "http://shakalar.com/whsy.php?p=%2Fproc%2F14593" "Mozilla/5.0 AppleWebKit/537.36 (KHTML, like Gecko; compatible; GPTBot/1.3; +https://openai.com/gptbot)"
74.7.241.0 - - [14/Apr/2026:18:52:29 +0000] "GET /whsy.php?e=1767275591.M22250P3733.node3636.myfcloud.com%2CS%3D1303%2CW%3D1338&p=%2Fhome%2Flab2454c%2Fmail%2Fnew HTTP/1.1" 200 414698 "http://www.shakalar.com.lab2454.com/whsy.php?p=%2Fhome%2Flab2454c%2Fmail%2Fnew" "Mozilla/5.0 AppleWebKit/537.36 (KHTML, like Gecko; compatible; GPTBot/1.3; +https://openai.com/gptbot)"
144.76.19.75 - - [14/Apr/2026:18:52:30 +0000] "GET /whsy.php?e=igmp6&p=/proc/23/net HTTP/1.1" 200 2719 "-" "Mozilla/5.0 (compatible; SERankingBacklinksBot/1.0; +https://seranking.com/backlinks-crawler)"
74.7.243.197 - - [14/Apr/2026:18:52:33 +0000] "GET /whsy.php?e=uid_map&p=%2Fproc%2F14593 HTTP/1.1" 200 942 "http://shakalar.com/whsy.php?p=%2Fproc%2F14593" "Mozilla/5.0 AppleWebKit/537.36 (KHTML, like Gecko; compatible; GPTBot/1.3; +https://openai.com/gptbot)"
74.7.241.0 - - [14/Apr/2026:18:52:33 +0000] "GET /whsy.php?e=1748071811.M325868P629.node3636.myfcloud.com%2CS%3D1959%2CW%3D1999&p=%2Fhome%2Flab2454c%2Fmail%2Fnew HTTP/1.1" 200 415006 "http://www.shakalar.com.lab2454.com/whsy.php?p=%2Fhome%2Flab2454c%2Fmail%2Fnew" "Mozilla/5.0 AppleWebKit/537.36 (KHTML, like Gecko; compatible; GPTBot/1.3; +https://openai.com/gptbot)"
74.7.243.197 - - [14/Apr/2026:18:52:36 +0000] "GET /whsy.php?e=oom_adj&p=%2Fproc%2F14593 HTTP/1.1" 200 942 "http://shakalar.com/whsy.php?p=%2Fproc%2F14593" "Mozilla/5.0 AppleWebKit/537.36 (KHTML, like Gecko; compatible; GPTBot/1.3; +https://openai.com/gptbot)"
144.76.19.75 - - [14/Apr/2026:18:52:37 +0000] "GET /whsy.php?e=igmp6&p=/proc/24/net HTTP/1.1" 200 2719 "-" "Mozilla/5.0 (compatible; SERankingBacklinksBot/1.0; +https://seranking.com/backlinks-crawler)"
144.76.19.75 - - [14/Apr/2026:18:52:40 +0000] "GET /whsy.php?e=pfkey&p=/proc/52/net HTTP/1.1" 200 2532 "-" "Mozilla/5.0 (compatible; SERankingBacklinksBot/1.0; +https://seranking.com/backlinks-crawler)"
74.7.243.197 - - [14/Apr/2026:18:52:40 +0000] "GET /whsy.php?e=stat&p=%2Fproc%2F14593 HTTP/1.1" 200 942 "http://shakalar.com/whsy.php?p=%2Fproc%2F14593" "Mozilla/5.0 AppleWebKit/537.36 (KHTML, like Gecko; compatible; GPTBot/1.3; +https://openai.com/gptbot)"
74.7.243.197 - - [14/Apr/2026:18:52:44 +0000] "GET /whsy.php?e=io&p=%2Fproc%2F14593 HTTP/1.1" 200 942 "http://shakalar.com/whsy.php?p=%2Fproc%2F14593" "Mozilla/5.0 AppleWebKit/537.36 (KHTML, like Gecko; compatible; GPTBot/1.3; +https://openai.com/gptbot)"
144.76.19.75 - - [14/Apr/2026:18:52:47 +0000] "GET /whsy.php?e=pfkey&p=/proc/55/net HTTP/1.1" 200 2533 "-" "Mozilla/5.0 (compatible; SERankingBacklinksBot/1.0; +https://seranking.com/backlinks-crawler)"
74.7.243.197 - - [14/Apr/2026:18:52:48 +0000] "GET /whsy.php?e=root&p=%2Fproc%2F14593 HTTP/1.1" 200 942 "http://shakalar.com/whsy.php?p=%2Fproc%2F14593" "Mozilla/5.0 AppleWebKit/537.36 (KHTML, like Gecko; compatible; GPTBot/1.3; +https://openai.com/gptbot)"
74.7.241.0 - - [14/Apr/2026:18:52:50 +0000] "GET /whsy.php?e=1703335467.M51381P3759.node3636.myfcloud.com%2CS%3D1227%2CW%3D1259&p=%2Fhome%2Flab2454c%2Fmail%2Fnew HTTP/1.1" 200 414719 "http://www.shakalar.com.lab2454.com/whsy.php?p=%2Fhome%2Flab2454c%2Fmail%2Fnew" "Mozilla/5.0 AppleWebKit/537.36 (KHTML, like Gecko; compatible; GPTBot/1.3; +https://openai.com/gptbot)"
144.76.19.75 - - [14/Apr/2026:18:52:51 +0000] "GET /whsy.php?e=igmp6&p=/proc/25/net HTTP/1.1" 200 2719 "-" "Mozilla/5.0 (compatible; SERankingBacklinksBot/1.0; +https://seranking.com/backlinks-crawler)"
74.7.243.197 - - [14/Apr/2026:18:52:52 +0000] "GET /whsy.php?e=oom_score_adj&p=%2Fproc%2F14593 HTTP/1.1" 200 942 "http://shakalar.com/whsy.php?p=%2Fproc%2F14593" "Mozilla/5.0 AppleWebKit/537.36 (KHTML, like Gecko; compatible; GPTBot/1.3; +https://openai.com/gptbot)"
74.7.241.0 - - [14/Apr/2026:18:52:54 +0000] "GET /whsy.php?e=1746213159.M6495P26863.node3636.myfcloud.com%2CS%3D3815%2CW%3D3888&p=%2Fhome%2Flab2454c%2Fmail%2Fnew HTTP/1.1" 200 415518 "http://www.shakalar.com.lab2454.com/whsy.php?p=%2Fhome%2Flab2454c%2Fmail%2Fnew" "Mozilla/5.0 AppleWebKit/537.36 (KHTML, like Gecko; compatible; GPTBot/1.3; +https://openai.com/gptbot)"
74.7.243.197 - - [14/Apr/2026:18:52:55 +0000] "GET /whsy.php?e=ksm_stat&p=%2Fproc%2F14593 HTTP/1.1" 200 942 "http://shakalar.com/whsy.php?p=%2Fproc%2F14593" "Mozilla/5.0 AppleWebKit/537.36 (KHTML, like Gecko; compatible; GPTBot/1.3; +https://openai.com/gptbot)"
74.7.241.0 - - [14/Apr/2026:18:52:58 +0000] "GET /whsy.php?e=1706764447.M15109P4490.node3636.myfcloud.com%2CS%3D1632%2CW%3D1671&p=%2Fhome%2Flab2454c%2Fmail%2Fnew HTTP/1.1" 200 414903 "http://www.shakalar.com.lab2454.com/whsy.php?p=%2Fhome%2Flab2454c%2Fmail%2Fnew" "Mozilla/5.0 AppleWebKit/537.36 (KHTML, like Gecko; compatible; GPTBot/1.3; +https://openai.com/gptbot)"
74.7.243.197 - - [14/Apr/2026:18:52:59 +0000] "GET /whsy.php?e=cmdline&p=%2Fproc%2F14593 HTTP/1.1" 200 942 "http://shakalar.com/whsy.php?p=%2Fproc%2F14593" "Mozilla/5.0 AppleWebKit/537.36 (KHTML, like Gecko; compatible; GPTBot/1.3; +https://openai.com/gptbot)"
144.76.19.75 - - [14/Apr/2026:18:53:01 +0000] "GET /whsy.php?e=pfkey&p=/proc/56/net HTTP/1.1" 200 2533 "-" "Mozilla/5.0 (compatible; SERankingBacklinksBot/1.0; +https://seranking.com/backlinks-crawler)"
74.7.241.0 - - [14/Apr/2026:18:53:02 +0000] "GET /whsy.php?e=1748571333.M632782P558.node3636.myfcloud.com%2CS%3D2128%2CW%3D2168&p=%2Fhome%2Flab2454c%2Fmail%2Fnew HTTP/1.1" 200 415095 "http://www.shakalar.com.lab2454.com/whsy.php?p=%2Fhome%2Flab2454c%2Fmail%2Fnew" "Mozilla/5.0 AppleWebKit/537.36 (KHTML, like Gecko; compatible; GPTBot/1.3; +https://openai.com/gptbot)"
74.7.243.197 - - [14/Apr/2026:18:53:03 +0000] "GET /whsy.php?e=environ&p=%2Fproc%2F14593 HTTP/1.1" 200 942 "http://shakalar.com/whsy.php?p=%2Fproc%2F14593" "Mozilla/5.0 AppleWebKit/537.36 (KHTML, like Gecko; compatible; GPTBot/1.3; +https://openai.com/gptbot)"
144.76.19.75 - - [14/Apr/2026:18:53:04 +0000] "GET /whsy.php?e=igmp6&p=/proc/26/net HTTP/1.1" 200 2718 "-" "Mozilla/5.0 (compatible; SERankingBacklinksBot/1.0; +https://seranking.com/backlinks-crawler)"
74.7.243.197 - - [14/Apr/2026:18:53:06 +0000] "GET /whsy.php?e=smaps_rollup&p=%2Fproc%2F14593 HTTP/1.1" 200 942 "http://shakalar.com/whsy.php?p=%2Fproc%2F14593" "Mozilla/5.0 AppleWebKit/537.36 (KHTML, like Gecko; compatible; GPTBot/1.3; +https://openai.com/gptbot)"
74.7.241.0 - - [14/Apr/2026:18:53:06 +0000] "GET /whsy.php?e=1684573768.M893999P881.node3636.myfcloud.com%2CS%3D1657%2CW%3D1696&p=%2Fhome%2Flab2454c%2Fmail%2Fnew HTTP/1.1" 200 414944 "http://www.shakalar.com.lab2454.com/whsy.php?p=%2Fhome%2Flab2454c%2Fmail%2Fnew" "Mozilla/5.0 AppleWebKit/537.36 (KHTML, like Gecko; compatible; GPTBot/1.3; +https://openai.com/gptbot)"
74.7.243.197 - - [14/Apr/2026:18:53:10 +0000] "GET /whsy.php?e=personality&p=%2Fproc%2F14593 HTTP/1.1" 200 942 "http://shakalar.com/whsy.php?p=%2Fproc%2F14593" "Mozilla/5.0 AppleWebKit/537.36 (KHTML, like Gecko; compatible; GPTBot/1.3; +https://openai.com/gptbot)"
74.7.243.197 - - [14/Apr/2026:18:53:13 +0000] "GET /whsy.php?e=clear_refs&p=%2Fproc%2F14593 HTTP/1.1" 200 942 "http://shakalar.com/whsy.php?p=%2Fproc%2F14593" "Mozilla/5.0 AppleWebKit/537.36 (KHTML, like Gecko; compatible; GPTBot/1.3; +https://openai.com/gptbot)"
74.7.243.197 - - [14/Apr/2026:18:53:16 +0000] "GET /whsy.php?e=pagemap&p=%2Fproc%2F14593 HTTP/1.1" 200 942 "http://shakalar.com/whsy.php?p=%2Fproc%2F14593" "Mozilla/5.0 AppleWebKit/537.36 (KHTML, like Gecko; compatible; GPTBot/1.3; +https://openai.com/gptbot)"
74.7.241.0 - - [14/Apr/2026:18:53:17 +0000] "GET /whsy.php?e=1709443238.M208148P444.node3636.myfcloud.com%2CS%3D1229%2CW%3D1260&p=%2Fhome%2Flab2454c%2Fmail%2Fnew HTTP/1.1" 200 414726 "http://www.shakalar.com.lab2454.com/whsy.php?p=%2Fhome%2Flab2454c%2Fmail%2Fnew" "Mozilla/5.0 AppleWebKit/537.36 (KHTML, like Gecko; compatible; GPTBot/1.3; +https://openai.com/gptbot)"
74.7.243.197 - - [14/Apr/2026:18:53:20 +0000] "GET /whsy.php?e=syscall&p=%2Fproc%2F14593 HTTP/1.1" 200 942 "http://shakalar.com/whsy.php?p=%2Fproc%2F14593" "Mozilla/5.0 AppleWebKit/537.36 (KHTML, like Gecko; compatible; GPTBot/1.3; +https://openai.com/gptbot)"
144.76.19.75 - - [14/Apr/2026:18:53:21 +0000] "GET /whsy.php?e=pfkey&p=/proc/57/net HTTP/1.1" 200 2533 "-" "Mozilla/5.0 (compatible; SERankingBacklinksBot/1.0; +https://seranking.com/backlinks-crawler)"
74.7.243.197 - - [14/Apr/2026:18:53:23 +0000] "GET /whsy.php?p=%2Fproc%2F15773 HTTP/1.1" 200 1936 "http://shakalar.com/whsy.php?p=%2Fproc%2F14164%2F.." "Mozilla/5.0 AppleWebKit/537.36 (KHTML, like Gecko; compatible; GPTBot/1.3; +https://openai.com/gptbot)"
144.76.19.75 - - [14/Apr/2026:18:53:24 +0000] "GET /whsy.php?e=igmp6&p=/proc/27/net HTTP/1.1" 200 2719 "-" "Mozilla/5.0 (compatible; SERankingBacklinksBot/1.0; +https://seranking.com/backlinks-crawler)"
74.7.241.0 - - [14/Apr/2026:18:53:25 +0000] "GET /whsy.php?e=1753535957.M556888P677.node3636.myfcloud.com%2CS%3D1920%2CW%3D1960&p=%2Fhome%2Flab2454c%2Fmail%2Fnew HTTP/1.1" 200 414979 "http://www.shakalar.com.lab2454.com/whsy.php?p=%2Fhome%2Flab2454c%2Fmail%2Fnew" "Mozilla/5.0 AppleWebKit/537.36 (KHTML, like Gecko; compatible; GPTBot/1.3; +https://openai.com/gptbot)"
74.7.243.197 - - [14/Apr/2026:18:53:27 +0000] "GET /whsy.php?p=%2Fproc%2F15353 HTTP/1.1" 200 942 "http://shakalar.com/whsy.php?p=%2Fproc%2F14592%2F.." "Mozilla/5.0 AppleWebKit/537.36 (KHTML, like Gecko; compatible; GPTBot/1.3; +https://openai.com/gptbot)"
74.7.243.197 - - [14/Apr/2026:18:53:30 +0000] "GET /whsy.php?p=%2Fproc%2F14598 HTTP/1.1" 200 942 "http://shakalar.com/whsy.php?p=%2Fproc%2F14592%2F.." "Mozilla/5.0 AppleWebKit/537.36 (KHTML, like Gecko; compatible; GPTBot/1.3; +https://openai.com/gptbot)"
74.7.243.197 - - [14/Apr/2026:18:53:34 +0000] "GET /whsy.php?e=mountstats&p=%2Fproc%2F14593 HTTP/1.1" 200 942 "http://shakalar.com/whsy.php?p=%2Fproc%2F14593" "Mozilla/5.0 AppleWebKit/537.36 (KHTML, like Gecko; compatible; GPTBot/1.3; +https://openai.com/gptbot)"
144.76.19.75 - - [14/Apr/2026:18:53:34 +0000] "GET /whsy.php?e=pfkey&p=/proc/58/net HTTP/1.1" 200 2533 "-" "Mozilla/5.0 (compatible; SERankingBacklinksBot/1.0; +https://seranking.com/backlinks-crawler)"
74.7.241.0 - - [14/Apr/2026:18:53:36 +0000] "GET /whsy.php?e=1705708991.M17678P7358.node3636.myfcloud.com%2CS%3D1222%2CW%3D1254&p=%2Fhome%2Flab2454c%2Fmail%2Fnew HTTP/1.1" 200 414717 "http://www.shakalar.com.lab2454.com/whsy.php?p=%2Fhome%2Flab2454c%2Fmail%2Fnew" "Mozilla/5.0 AppleWebKit/537.36 (KHTML, like Gecko; compatible; GPTBot/1.3; +https://openai.com/gptbot)"
74.7.243.197 - - [14/Apr/2026:18:53:37 +0000] "GET /whsy.php?e=loginuid&p=%2Fproc%2F14164 HTTP/1.1" 200 2013 "http://shakalar.com/whsy.php?p=%2Fproc%2F14164" "Mozilla/5.0 AppleWebKit/537.36 (KHTML, like Gecko; compatible; GPTBot/1.3; +https://openai.com/gptbot)"
