74.7.243.197 - - [14/Apr/2026:19:06:41 +0000] "GET /whsy.php?e=oom_score&p=%2Fproc%2F10759 HTTP/1.1" 200 942 "http://shakalar.com/whsy.php?p=%2Fproc%2F10759" "Mozilla/5.0 AppleWebKit/537.36 (KHTML, like Gecko; compatible; GPTBot/1.3; +https://openai.com/gptbot)"
144.76.19.75 - - [14/Apr/2026:19:06:43 +0000] "GET /whsy.php?e=dev&p=/proc/1011/net HTTP/1.1" 200 2749 "-" "Mozilla/5.0 (compatible; SERankingBacklinksBot/1.0; +https://seranking.com/backlinks-crawler)"
74.7.243.197 - - [14/Apr/2026:19:06:45 +0000] "GET /whsy.php?e=oom_score&p=%2Fproc%2F14593 HTTP/1.1" 200 942 "http://shakalar.com/whsy.php?p=%2Fproc%2F14593" "Mozilla/5.0 AppleWebKit/537.36 (KHTML, like Gecko; compatible; GPTBot/1.3; +https://openai.com/gptbot)"
74.7.243.197 - - [14/Apr/2026:19:06:49 +0000] "GET /whsy.php?e=icmp&p=%2Fproc%2F14164%2Fnet HTTP/1.1" 200 2580 "http://shakalar.com/whsy.php?p=%2Fproc%2F14164%2Fnet" "Mozilla/5.0 AppleWebKit/537.36 (KHTML, like Gecko; compatible; GPTBot/1.3; +https://openai.com/gptbot)"
74.7.243.197 - - [14/Apr/2026:19:06:55 +0000] "GET /whsy.php?e=snmp&p=%2Fproc%2F15773%2Fnet HTTP/1.1" 200 3229 "http://shakalar.com/whsy.php?p=%2Fproc%2F15773%2Fnet" "Mozilla/5.0 AppleWebKit/537.36 (KHTML, like Gecko; compatible; GPTBot/1.3; +https://openai.com/gptbot)"
144.76.19.75 - - [14/Apr/2026:19:06:56 +0000] "GET /whsy.php?p=/etc/dpkg/origins/.. HTTP/1.1" 200 664 "-" "Mozilla/5.0 (compatible; SERankingBacklinksBot/1.0; +https://seranking.com/backlinks-crawler)"
74.7.243.197 - - [14/Apr/2026:19:07:00 +0000] "GET /whsy.php?p=%2Fproc%2F10759%2Ftask HTTP/1.1" 200 942 "http://shakalar.com/whsy.php?p=%2Fproc%2F10759" "Mozilla/5.0 AppleWebKit/537.36 (KHTML, like Gecko; compatible; GPTBot/1.3; +https://openai.com/gptbot)"
144.76.19.75 - - [14/Apr/2026:19:07:06 +0000] "GET /whsy.php?e=ip_vs&p=/proc/17/net HTTP/1.1" 200 2615 "-" "Mozilla/5.0 (compatible; SERankingBacklinksBot/1.0; +https://seranking.com/backlinks-crawler)"
74.7.243.197 - - [14/Apr/2026:19:07:08 +0000] "GET /whsy.php?p=%2Fproc%2F14593%2Fnet HTTP/1.1" 200 942 "http://shakalar.com/whsy.php?p=%2Fproc%2F14593" "Mozilla/5.0 AppleWebKit/537.36 (KHTML, like Gecko; compatible; GPTBot/1.3; +https://openai.com/gptbot)"
144.76.19.75 - - [14/Apr/2026:19:07:09 +0000] "GET /whsy.php?e=snmp&p=/proc/104/net HTTP/1.1" 200 3237 "-" "Mozilla/5.0 (compatible; SERankingBacklinksBot/1.0; +https://seranking.com/backlinks-crawler)"
144.76.19.75 - - [14/Apr/2026:19:07:13 +0000] "GET /whsy.php?p=/etc/fonts/conf.d/.. HTTP/1.1" 200 654 "-" "Mozilla/5.0 (compatible; SERankingBacklinksBot/1.0; +https://seranking.com/backlinks-crawler)"
74.7.243.197 - - [14/Apr/2026:19:07:14 +0000] "GET /whsy.php?p=%2Fproc%2F14593%2Ftask HTTP/1.1" 200 942 "http://shakalar.com/whsy.php?p=%2Fproc%2F14593" "Mozilla/5.0 AppleWebKit/537.36 (KHTML, like Gecko; compatible; GPTBot/1.3; +https://openai.com/gptbot)"
74.7.241.0 - - [14/Apr/2026:19:07:15 +0000] "GET /whsy.php?e=error_log&p=%2Fhome%2Flab2454c%2Fnfsin.com%2Fwp-includes%2Fwpf78988 HTTP/1.1" 200 10366 "http://www.shakalar.com.lab2454.com/whsy.php?p=%2Fhome%2Flab2454c%2Fnfsin.com%2Fwp-includes%2Fwpf78988" "Mozilla/5.0 AppleWebKit/537.36 (KHTML, like Gecko; compatible; GPTBot/1.3; +https://openai.com/gptbot)"
74.7.243.197 - - [14/Apr/2026:19:07:18 +0000] "GET /whsy.php?p=%2Fproc%2F10759%2Fnet HTTP/1.1" 200 942 "http://shakalar.com/whsy.php?p=%2Fproc%2F10759" "Mozilla/5.0 AppleWebKit/537.36 (KHTML, like Gecko; compatible; GPTBot/1.3; +https://openai.com/gptbot)"
74.7.241.0 - - [14/Apr/2026:19:07:19 +0000] "GET /whsy.php?p=%2Fvar%2Fsoftaculous%2Fshopsite HTTP/1.1" 200 1015 "http://www.shakalar.com.lab2454.com/whsy.php?p=%2Fvar%2Fsoftaculous" "Mozilla/5.0 AppleWebKit/537.36 (KHTML, like Gecko; compatible; GPTBot/1.3; +https://openai.com/gptbot)"
144.76.19.75 - - [14/Apr/2026:19:07:19 +0000] "GET /whsy.php?e=igmp6&p=/proc/97/net HTTP/1.1" 200 2719 "-" "Mozilla/5.0 (compatible; SERankingBacklinksBot/1.0; +https://seranking.com/backlinks-crawler)"
74.7.243.197 - - [14/Apr/2026:19:07:21 +0000] "GET /whsy.php?e=unix&p=%2Fproc%2F15773%2Fnet HTTP/1.1" 200 5035 "http://shakalar.com/whsy.php?p=%2Fproc%2F15773%2Fnet" "Mozilla/5.0 AppleWebKit/537.36 (KHTML, like Gecko; compatible; GPTBot/1.3; +https://openai.com/gptbot)"
74.7.243.197 - - [14/Apr/2026:19:07:25 +0000] "GET /whsy.php?e=oom_score&p=%2Fproc%2F15773 HTTP/1.1" 200 2005 "http://shakalar.com/whsy.php?p=%2Fproc%2F15773" "Mozilla/5.0 AppleWebKit/537.36 (KHTML, like Gecko; compatible; GPTBot/1.3; +https://openai.com/gptbot)"
144.76.19.75 - - [14/Apr/2026:19:07:33 +0000] "GET /whsy.php?e=dev&p=/proc/1667/net HTTP/1.1" 200 2746 "-" "Mozilla/5.0 (compatible; SERankingBacklinksBot/1.0; +https://seranking.com/backlinks-crawler)"
74.7.243.197 - - [14/Apr/2026:19:07:34 +0000] "GET /whsy.php?e=oom_score&p=%2Fproc%2F10778 HTTP/1.1" 200 942 "http://shakalar.com/whsy.php?p=%2Fproc%2F10778" "Mozilla/5.0 AppleWebKit/537.36 (KHTML, like Gecko; compatible; GPTBot/1.3; +https://openai.com/gptbot)"
144.76.19.75 - - [14/Apr/2026:19:07:40 +0000] "GET /whsy.php?e=ip_vs&p=/proc/18/net HTTP/1.1" 200 2614 "-" "Mozilla/5.0 (compatible; SERankingBacklinksBot/1.0; +https://seranking.com/backlinks-crawler)"
74.7.243.197 - - [14/Apr/2026:19:07:45 +0000] "GET /whsy.php?e=oom_score&p=%2Fproc%2F19553 HTTP/1.1" 200 942 "http://shakalar.com/whsy.php?p=%2Fproc%2F19553" "Mozilla/5.0 AppleWebKit/537.36 (KHTML, like Gecko; compatible; GPTBot/1.3; +https://openai.com/gptbot)"
144.76.19.75 - - [14/Apr/2026:19:07:53 +0000] "GET /whsy.php?e=igmp6&p=/proc/98/net HTTP/1.1" 200 2719 "-" "Mozilla/5.0 (compatible; SERankingBacklinksBot/1.0; +https://seranking.com/backlinks-crawler)"
74.7.243.197 - - [14/Apr/2026:19:07:53 +0000] "GET /whsy.php?e=arp&p=%2Fproc%2F15773%2Fnet HTTP/1.1" 200 2581 "http://shakalar.com/whsy.php?p=%2Fproc%2F15773%2Fnet" "Mozilla/5.0 AppleWebKit/537.36 (KHTML, like Gecko; compatible; GPTBot/1.3; +https://openai.com/gptbot)"
74.7.243.197 - - [14/Apr/2026:19:07:58 +0000] "GET /whsy.php?e=udp&p=%2Fproc%2F14164%2Fnet HTTP/1.1" 200 2773 "http://shakalar.com/whsy.php?p=%2Fproc%2F14164%2Fnet" "Mozilla/5.0 AppleWebKit/537.36 (KHTML, like Gecko; compatible; GPTBot/1.3; +https://openai.com/gptbot)"
144.76.19.75 - - [14/Apr/2026:19:08:00 +0000] "GET /whsy.php?e=snmp&p=/proc/105/net HTTP/1.1" 200 3233 "-" "Mozilla/5.0 (compatible; SERankingBacklinksBot/1.0; +https://seranking.com/backlinks-crawler)"
74.7.243.197 - - [14/Apr/2026:19:08:02 +0000] "GET /whsy.php?e=raw&p=%2Fproc%2F14164%2Fnet HTTP/1.1" 200 2577 "http://shakalar.com/whsy.php?p=%2Fproc%2F14164%2Fnet" "Mozilla/5.0 AppleWebKit/537.36 (KHTML, like Gecko; compatible; GPTBot/1.3; +https://openai.com/gptbot)"
144.76.19.75 - - [14/Apr/2026:19:08:03 +0000] "GET /whsy.php?p=/etc/nginx/conf.d/.. HTTP/1.1" 200 482 "-" "Mozilla/5.0 (compatible; SERankingBacklinksBot/1.0; +https://seranking.com/backlinks-crawler)"
74.7.243.197 - - [14/Apr/2026:19:08:05 +0000] "GET /whsy.php?e=raw&p=%2Fproc%2F27530%2Fnet HTTP/1.1" 200 2577 "http://shakalar.com/whsy.php?p=%2Fproc%2F27530%2Fnet" "Mozilla/5.0 AppleWebKit/537.36 (KHTML, like Gecko; compatible; GPTBot/1.3; +https://openai.com/gptbot)"
144.76.19.75 - - [14/Apr/2026:19:08:06 +0000] "GET /whsy.php?e=dev&p=/proc/3183/net HTTP/1.1" 200 2748 "-" "Mozilla/5.0 (compatible; SERankingBacklinksBot/1.0; +https://seranking.com/backlinks-crawler)"
74.7.243.197 - - [14/Apr/2026:19:08:08 +0000] "GET /whsy.php?e=ptype&p=%2Fproc%2F14164%2Fnet HTTP/1.1" 200 2617 "http://shakalar.com/whsy.php?p=%2Fproc%2F14164%2Fnet" "Mozilla/5.0 AppleWebKit/537.36 (KHTML, like Gecko; compatible; GPTBot/1.3; +https://openai.com/gptbot)"
74.7.243.197 - - [14/Apr/2026:19:08:13 +0000] "GET /whsy.php?e=ptype&p=%2Fproc%2F27530%2Fnet HTTP/1.1" 200 2617 "http://shakalar.com/whsy.php?p=%2Fproc%2F27530%2Fnet" "Mozilla/5.0 AppleWebKit/537.36 (KHTML, like Gecko; compatible; GPTBot/1.3; +https://openai.com/gptbot)"
144.76.19.75 - - [14/Apr/2026:19:08:13 +0000] "GET /whsy.php?e=ip_vs&p=/proc/19/net HTTP/1.1" 200 2614 "-" "Mozilla/5.0 (compatible; SERankingBacklinksBot/1.0; +https://seranking.com/backlinks-crawler)"
74.7.243.197 - - [14/Apr/2026:19:08:19 +0000] "GET /whsy.php?e=ptype&p=%2Fproc%2F21013%2Fnet HTTP/1.1" 200 2617 "http://shakalar.com/whsy.php?p=%2Fproc%2F21013%2Fnet" "Mozilla/5.0 AppleWebKit/537.36 (KHTML, like Gecko; compatible; GPTBot/1.3; +https://openai.com/gptbot)"
74.7.241.0 - - [14/Apr/2026:19:08:21 +0000] "GET /whsy.php?e=import.php&p=%2Fvar%2Fsoftaculous%2Fshopsite HTTP/1.1" 200 3505 "http://www.shakalar.com.lab2454.com/whsy.php?p=%2Fvar%2Fsoftaculous%2Fshopsite" "Mozilla/5.0 AppleWebKit/537.36 (KHTML, like Gecko; compatible; GPTBot/1.3; +https://openai.com/gptbot)"
144.76.19.75 - - [14/Apr/2026:19:08:24 +0000] "GET /whsy.php?e=dev&p=/proc/3201/net HTTP/1.1" 200 2750 "-" "Mozilla/5.0 (compatible; SERankingBacklinksBot/1.0; +https://seranking.com/backlinks-crawler)"
74.7.243.197 - - [14/Apr/2026:19:08:24 +0000] "GET /whsy.php?e=oom_score&p=%2Fproc%2F27684 HTTP/1.1" 200 942 "http://shakalar.com/whsy.php?p=%2Fproc%2F27684" "Mozilla/5.0 AppleWebKit/537.36 (KHTML, like Gecko; compatible; GPTBot/1.3; +https://openai.com/gptbot)"
144.76.19.75 - - [14/Apr/2026:19:08:27 +0000] "GET /whsy.php?e=igmp6&p=/proc/99/net HTTP/1.1" 200 2719 "-" "Mozilla/5.0 (compatible; SERankingBacklinksBot/1.0; +https://seranking.com/backlinks-crawler)"
74.7.243.197 - - [14/Apr/2026:19:08:27 +0000] "GET /whsy.php?e=oom_score&p=%2Fproc%2F27530 HTTP/1.1" 200 2004 "http://shakalar.com/whsy.php?p=%2Fproc%2F27530" "Mozilla/5.0 AppleWebKit/537.36 (KHTML, like Gecko; compatible; GPTBot/1.3; +https://openai.com/gptbot)"
74.7.243.197 - - [14/Apr/2026:19:08:30 +0000] "GET /whsy.php?e=oom_score&p=%2Fproc%2F28947 HTTP/1.1" 200 942 "http://shakalar.com/whsy.php?p=%2Fproc%2F28947" "Mozilla/5.0 AppleWebKit/537.36 (KHTML, like Gecko; compatible; GPTBot/1.3; +https://openai.com/gptbot)"
144.76.19.75 - - [14/Apr/2026:19:08:33 +0000] "GET /whsy.php?e=snmp&p=/proc/106/net HTTP/1.1" 200 3235 "-" "Mozilla/5.0 (compatible; SERankingBacklinksBot/1.0; +https://seranking.com/backlinks-crawler)"
74.7.243.197 - - [14/Apr/2026:19:08:34 +0000] "GET /whsy.php?e=ptype&p=%2Fproc%2F15773%2Fnet HTTP/1.1" 200 2618 "http://shakalar.com/whsy.php?p=%2Fproc%2F15773%2Fnet" "Mozilla/5.0 AppleWebKit/537.36 (KHTML, like Gecko; compatible; GPTBot/1.3; +https://openai.com/gptbot)"
144.76.19.75 - - [14/Apr/2026:19:08:37 +0000] "GET /whsy.php?p=/etc/pki/ca-trust/.. HTTP/1.1" 200 558 "-" "Mozilla/5.0 (compatible; SERankingBacklinksBot/1.0; +https://seranking.com/backlinks-crawler)"
74.7.243.197 - - [14/Apr/2026:19:08:37 +0000] "GET /whsy.php?e=pppoe&p=%2Fproc%2F14164%2Fnet HTTP/1.1" 200 2523 "http://shakalar.com/whsy.php?p=%2Fproc%2F14164%2Fnet" "Mozilla/5.0 AppleWebKit/537.36 (KHTML, like Gecko; compatible; GPTBot/1.3; +https://openai.com/gptbot)"
74.7.243.197 - - [14/Apr/2026:19:08:41 +0000] "GET /whsy.php?e=pppoe&p=%2Fproc%2F27530%2Fnet HTTP/1.1" 200 2524 "http://shakalar.com/whsy.php?p=%2Fproc%2F27530%2Fnet" "Mozilla/5.0 AppleWebKit/537.36 (KHTML, like Gecko; compatible; GPTBot/1.3; +https://openai.com/gptbot)"
74.7.243.197 - - [14/Apr/2026:19:08:44 +0000] "GET /whsy.php?e=pppoe&p=%2Fproc%2F21013%2Fnet HTTP/1.1" 200 2524 "http://shakalar.com/whsy.php?p=%2Fproc%2F21013%2Fnet" "Mozilla/5.0 AppleWebKit/537.36 (KHTML, like Gecko; compatible; GPTBot/1.3; +https://openai.com/gptbot)"
144.76.19.75 - - [14/Apr/2026:19:08:47 +0000] "GET /whsy.php?e=snmp&p=/proc/107/net HTTP/1.1" 200 3234 "-" "Mozilla/5.0 (compatible; SERankingBacklinksBot/1.0; +https://seranking.com/backlinks-crawler)"
74.7.243.197 - - [14/Apr/2026:19:08:48 +0000] "GET /whsy.php?e=pppoe&p=%2Fproc%2F15773%2Fnet HTTP/1.1" 200 2526 "http://shakalar.com/whsy.php?p=%2Fproc%2F15773%2Fnet" "Mozilla/5.0 AppleWebKit/537.36 (KHTML, like Gecko; compatible; GPTBot/1.3; +https://openai.com/gptbot)"
144.76.19.75 - - [14/Apr/2026:19:08:50 +0000] "GET /whsy.php?p=/etc/sgml/docbook/.. HTTP/1.1" 200 485 "-" "Mozilla/5.0 (compatible; SERankingBacklinksBot/1.0; +https://seranking.com/backlinks-crawler)"
74.7.243.197 - - [14/Apr/2026:19:08:51 +0000] "GET /whsy.php?e=arch_status&p=%2Fproc%2F14164 HTTP/1.1" 200 2005 "http://shakalar.com/whsy.php?p=%2Fproc%2F14164" "Mozilla/5.0 AppleWebKit/537.36 (KHTML, like Gecko; compatible; GPTBot/1.3; +https://openai.com/gptbot)"
74.7.243.197 - - [14/Apr/2026:19:08:55 +0000] "GET /whsy.php?e=arch_status&p=%2Fproc%2F21013 HTTP/1.1" 200 2005 "http://shakalar.com/whsy.php?p=%2Fproc%2F21013" "Mozilla/5.0 AppleWebKit/537.36 (KHTML, like Gecko; compatible; GPTBot/1.3; +https://openai.com/gptbot)"
144.76.19.75 - - [14/Apr/2026:19:08:57 +0000] "GET /whsy.php?e=ip_vs&p=/proc/20/net HTTP/1.1" 200 2613 "-" "Mozilla/5.0 (compatible; SERankingBacklinksBot/1.0; +https://seranking.com/backlinks-crawler)"
74.7.243.197 - - [14/Apr/2026:19:08:59 +0000] "GET /whsy.php?e=arch_status&p=%2Fproc%2F16610 HTTP/1.1" 200 942 "http://shakalar.com/whsy.php?p=%2Fproc%2F16610" "Mozilla/5.0 AppleWebKit/537.36 (KHTML, like Gecko; compatible; GPTBot/1.3; +https://openai.com/gptbot)"
74.7.243.197 - - [14/Apr/2026:19:09:03 +0000] "GET /whsy.php?e=igmp&p=%2Fproc%2F27530%2Fnet HTTP/1.1" 200 2592 "http://shakalar.com/whsy.php?p=%2Fproc%2F27530%2Fnet" "Mozilla/5.0 AppleWebKit/537.36 (KHTML, like Gecko; compatible; GPTBot/1.3; +https://openai.com/gptbot)"
74.7.243.197 - - [14/Apr/2026:19:09:06 +0000] "GET /whsy.php?e=igmp&p=%2Fproc%2F14164%2Fnet HTTP/1.1" 200 2591 "http://shakalar.com/whsy.php?p=%2Fproc%2F14164%2Fnet" "Mozilla/5.0 AppleWebKit/537.36 (KHTML, like Gecko; compatible; GPTBot/1.3; +https://openai.com/gptbot)"
144.76.19.75 - - [14/Apr/2026:19:09:08 +0000] "GET /whsy.php?e=dev&p=/proc/3202/net HTTP/1.1" 200 2750 "-" "Mozilla/5.0 (compatible; SERankingBacklinksBot/1.0; +https://seranking.com/backlinks-crawler)"
74.7.243.197 - - [14/Apr/2026:19:09:09 +0000] "GET /whsy.php?e=unix&p=%2Fproc%2F21013%2Fnet HTTP/1.1" 200 5089 "http://shakalar.com/whsy.php?p=%2Fproc%2F21013%2Fnet" "Mozilla/5.0 AppleWebKit/537.36 (KHTML, like Gecko; compatible; GPTBot/1.3; +https://openai.com/gptbot)"
74.7.243.197 - - [14/Apr/2026:19:09:12 +0000] "GET /whsy.php?e=unix&p=%2Fproc%2F14164%2Fnet HTTP/1.1" 200 5099 "http://shakalar.com/whsy.php?p=%2Fproc%2F14164%2Fnet" "Mozilla/5.0 AppleWebKit/537.36 (KHTML, like Gecko; compatible; GPTBot/1.3; +https://openai.com/gptbot)"
144.76.19.75 - - [14/Apr/2026:19:09:15 +0000] "GET /whsy.php?e=snmp&p=/proc/108/net HTTP/1.1" 200 3232 "-" "Mozilla/5.0 (compatible; SERankingBacklinksBot/1.0; +https://seranking.com/backlinks-crawler)"
74.7.243.197 - - [14/Apr/2026:19:09:16 +0000] "GET /whsy.php?e=icmp&p=%2Fproc%2F15773%2Fnet HTTP/1.1" 200 2581 "http://shakalar.com/whsy.php?p=%2Fproc%2F15773%2Fnet" "Mozilla/5.0 AppleWebKit/537.36 (KHTML, like Gecko; compatible; GPTBot/1.3; +https://openai.com/gptbot)"
144.76.19.75 - - [14/Apr/2026:19:09:18 +0000] "GET /whsy.php?p=/etc/systemd/user/.. HTTP/1.1" 200 859 "-" "Mozilla/5.0 (compatible; SERankingBacklinksBot/1.0; +https://seranking.com/backlinks-crawler)"
74.7.243.197 - - [14/Apr/2026:19:09:19 +0000] "GET /whsy.php?e=psched&p=%2Fproc%2F21013%2Fnet HTTP/1.1" 200 2531 "http://shakalar.com/whsy.php?p=%2Fproc%2F21013%2Fnet" "Mozilla/5.0 AppleWebKit/537.36 (KHTML, like Gecko; compatible; GPTBot/1.3; +https://openai.com/gptbot)"
74.7.243.197 - - [14/Apr/2026:19:09:22 +0000] "GET /whsy.php?e=udp&p=%2Fproc%2F15773%2Fnet HTTP/1.1" 200 2773 "http://shakalar.com/whsy.php?p=%2Fproc%2F15773%2Fnet" "Mozilla/5.0 AppleWebKit/537.36 (KHTML, like Gecko; compatible; GPTBot/1.3; +https://openai.com/gptbot)"
144.76.19.75 - - [14/Apr/2026:19:09:25 +0000] "GET /whsy.php?e=ip_vs&p=/proc/21/net HTTP/1.1" 200 2614 "-" "Mozilla/5.0 (compatible; SERankingBacklinksBot/1.0; +https://seranking.com/backlinks-crawler)"
74.7.243.197 - - [14/Apr/2026:19:09:26 +0000] "GET /whsy.php?e=raw&p=%2Fproc%2F15773%2Fnet HTTP/1.1" 200 2579 "http://shakalar.com/whsy.php?p=%2Fproc%2F15773%2Fnet" "Mozilla/5.0 AppleWebKit/537.36 (KHTML, like Gecko; compatible; GPTBot/1.3; +https://openai.com/gptbot)"
74.7.243.197 - - [14/Apr/2026:19:09:29 +0000] "GET /whsy.php?e=oom_score&p=%2Fproc%2F14164 HTTP/1.1" 200 2007 "http://shakalar.com/whsy.php?p=%2Fproc%2F14164" "Mozilla/5.0 AppleWebKit/537.36 (KHTML, like Gecko; compatible; GPTBot/1.3; +https://openai.com/gptbot)"
74.7.243.197 - - [14/Apr/2026:19:09:33 +0000] "GET /whsy.php?e=oom_score&p=%2Fproc%2F21013 HTTP/1.1" 200 2004 "http://shakalar.com/whsy.php?p=%2Fproc%2F21013" "Mozilla/5.0 AppleWebKit/537.36 (KHTML, like Gecko; compatible; GPTBot/1.3; +https://openai.com/gptbot)"
144.76.19.75 - - [14/Apr/2026:19:09:35 +0000] "GET /whsy.php?e=dev&p=/proc/3203/net HTTP/1.1" 200 2751 "-" "Mozilla/5.0 (compatible; SERankingBacklinksBot/1.0; +https://seranking.com/backlinks-crawler)"
74.7.243.197 - - [14/Apr/2026:19:09:38 +0000] "GET /whsy.php?e=oom_score&p=%2Fproc%2F16610 HTTP/1.1" 200 942 "http://shakalar.com/whsy.php?p=%2Fproc%2F16610" "Mozilla/5.0 AppleWebKit/537.36 (KHTML, like Gecko; compatible; GPTBot/1.3; +https://openai.com/gptbot)"
144.76.19.75 - - [14/Apr/2026:19:09:42 +0000] "GET /whsy.php?e=snmp&p=/proc/109/net HTTP/1.1" 200 3234 "-" "Mozilla/5.0 (compatible; SERankingBacklinksBot/1.0; +https://seranking.com/backlinks-crawler)"
74.7.243.197 - - [14/Apr/2026:19:09:42 +0000] "GET /whsy.php?e=sockstat&p=%2Fproc%2F21013%2Fnet HTTP/1.1" 200 2600 "http://shakalar.com/whsy.php?p=%2Fproc%2F21013%2Fnet" "Mozilla/5.0 AppleWebKit/537.36 (KHTML, like Gecko; compatible; GPTBot/1.3; +https://openai.com/gptbot)"
74.7.243.197 - - [14/Apr/2026:19:09:45 +0000] "GET /whsy.php?e=current&p=%2Fproc%2F14164%2Fattr HTTP/1.1" 200 848 "http://shakalar.com/whsy.php?p=%2Fproc%2F14164%2Fattr" "Mozilla/5.0 AppleWebKit/537.36 (KHTML, like Gecko; compatible; GPTBot/1.3; +https://openai.com/gptbot)"
74.7.243.197 - - [14/Apr/2026:19:09:48 +0000] "GET /whsy.php?e=netstat&p=%2Fproc%2F15773%2Fnet HTTP/1.1" 200 4255 "http://shakalar.com/whsy.php?p=%2Fproc%2F15773%2Fnet" "Mozilla/5.0 AppleWebKit/537.36 (KHTML, like Gecko; compatible; GPTBot/1.3; +https://openai.com/gptbot)"
144.76.19.75 - - [14/Apr/2026:19:09:48 +0000] "GET /whsy.php?e=dev&p=/proc/3204/net HTTP/1.1" 200 2749 "-" "Mozilla/5.0 (compatible; SERankingBacklinksBot/1.0; +https://seranking.com/backlinks-crawler)"
74.7.243.197 - - [14/Apr/2026:19:09:51 +0000] "GET /whsy.php?e=udplite&p=%2Fproc%2F14164%2Fnet HTTP/1.1" 200 2583 "http://shakalar.com/whsy.php?p=%2Fproc%2F14164%2Fnet" "Mozilla/5.0 AppleWebKit/537.36 (KHTML, like Gecko; compatible; GPTBot/1.3; +https://openai.com/gptbot)"
144.76.19.75 - - [14/Apr/2026:19:09:52 +0000] "GET /whsy.php?e=ip_vs&p=/proc/22/net HTTP/1.1" 200 2614 "-" "Mozilla/5.0 (compatible; SERankingBacklinksBot/1.0; +https://seranking.com/backlinks-crawler)"
74.7.243.197 - - [14/Apr/2026:19:09:55 +0000] "GET /whsy.php?e=mcfilter&p=%2Fproc%2F21013%2Fnet HTTP/1.1" 200 2537 "http://shakalar.com/whsy.php?p=%2Fproc%2F21013%2Fnet" "Mozilla/5.0 AppleWebKit/537.36 (KHTML, like Gecko; compatible; GPTBot/1.3; +https://openai.com/gptbot)"
74.7.243.197 - - [14/Apr/2026:19:09:58 +0000] "GET /whsy.php?e=fib_trie&p=%2Fproc%2F21013%2Fnet HTTP/1.1" 200 2693 "http://shakalar.com/whsy.php?p=%2Fproc%2F21013%2Fnet" "Mozilla/5.0 AppleWebKit/537.36 (KHTML, like Gecko; compatible; GPTBot/1.3; +https://openai.com/gptbot)"
144.76.19.75 - - [14/Apr/2026:19:09:58 +0000] "GET /whsy.php?p=/etc/udev/rules.d/.. HTTP/1.1" 200 690 "-" "Mozilla/5.0 (compatible; SERankingBacklinksBot/1.0; +https://seranking.com/backlinks-crawler)"
74.7.243.197 - - [14/Apr/2026:19:10:01 +0000] "GET /whsy.php?e=netlink&p=%2Fproc%2F15773%2Fnet HTTP/1.1" 200 2812 "http://shakalar.com/whsy.php?p=%2Fproc%2F15773%2Fnet" "Mozilla/5.0 AppleWebKit/537.36 (KHTML, like Gecko; compatible; GPTBot/1.3; +https://openai.com/gptbot)"
74.7.243.197 - - [14/Apr/2026:19:10:05 +0000] "GET /whsy.php?e=udplite&p=%2Fproc%2F27530%2Fnet HTTP/1.1" 200 2582 "http://shakalar.com/whsy.php?p=%2Fproc%2F27530%2Fnet" "Mozilla/5.0 AppleWebKit/537.36 (KHTML, like Gecko; compatible; GPTBot/1.3; +https://openai.com/gptbot)"
144.76.19.75 - - [14/Apr/2026:19:10:05 +0000] "GET /whsy.php?e=ip_vs&p=/proc/23/net HTTP/1.1" 200 2614 "-" "Mozilla/5.0 (compatible; SERankingBacklinksBot/1.0; +https://seranking.com/backlinks-crawler)"
74.7.243.197 - - [14/Apr/2026:19:10:08 +0000] "GET /whsy.php?e=tls_stat&p=%2Fproc%2F15773%2Fnet HTTP/1.1" 200 2602 "http://shakalar.com/whsy.php?p=%2Fproc%2F15773%2Fnet" "Mozilla/5.0 AppleWebKit/537.36 (KHTML, like Gecko; compatible; GPTBot/1.3; +https://openai.com/gptbot)"
144.76.19.75 - - [14/Apr/2026:19:10:08 +0000] "GET /whsy.php?e=snmp&p=/proc/110/net HTTP/1.1" 200 3232 "-" "Mozilla/5.0 (compatible; SERankingBacklinksBot/1.0; +https://seranking.com/backlinks-crawler)"
74.7.243.197 - - [14/Apr/2026:19:10:12 +0000] "GET /whsy.php?e=netlink&p=%2Fproc%2F27530%2Fnet HTTP/1.1" 200 2811 "http://shakalar.com/whsy.php?p=%2Fproc%2F27530%2Fnet" "Mozilla/5.0 AppleWebKit/537.36 (KHTML, like Gecko; compatible; GPTBot/1.3; +https://openai.com/gptbot)"
144.76.19.75 - - [14/Apr/2026:19:10:12 +0000] "GET /whsy.php?p=/etc/yum/fssnap.d/.. HTTP/1.1" 200 712 "-" "Mozilla/5.0 (compatible; SERankingBacklinksBot/1.0; +https://seranking.com/backlinks-crawler)"
74.7.243.197 - - [14/Apr/2026:19:10:15 +0000] "GET /whsy.php?e=fib_trie&p=%2Fproc%2F15773%2Fnet HTTP/1.1" 200 2694 "http://shakalar.com/whsy.php?p=%2Fproc%2F15773%2Fnet" "Mozilla/5.0 AppleWebKit/537.36 (KHTML, like Gecko; compatible; GPTBot/1.3; +https://openai.com/gptbot)"
144.76.19.75 - - [14/Apr/2026:19:10:15 +0000] "GET /whsy.php?e=dev&p=/proc/3205/net HTTP/1.1" 200 2751 "-" "Mozilla/5.0 (compatible; SERankingBacklinksBot/1.0; +https://seranking.com/backlinks-crawler)"
74.7.243.197 - - [14/Apr/2026:19:10:19 +0000] "GET /whsy.php?e=mcfilter&p=%2Fproc%2F15773%2Fnet HTTP/1.1" 200 2539 "http://shakalar.com/whsy.php?p=%2Fproc%2F15773%2Fnet" "Mozilla/5.0 AppleWebKit/537.36 (KHTML, like Gecko; compatible; GPTBot/1.3; +https://openai.com/gptbot)"
74.7.243.197 - - [14/Apr/2026:19:10:23 +0000] "GET /whsy.php?e=mcfilter&p=%2Fproc%2F14164%2Fnet HTTP/1.1" 200 2537 "http://shakalar.com/whsy.php?p=%2Fproc%2F14164%2Fnet" "Mozilla/5.0 AppleWebKit/537.36 (KHTML, like Gecko; compatible; GPTBot/1.3; +https://openai.com/gptbot)"
74.7.243.197 - - [14/Apr/2026:19:10:26 +0000] "GET /whsy.php?e=fib_trie&p=%2Fproc%2F14164%2Fnet HTTP/1.1" 200 2693 "http://shakalar.com/whsy.php?p=%2Fproc%2F14164%2Fnet" "Mozilla/5.0 AppleWebKit/537.36 (KHTML, like Gecko; compatible; GPTBot/1.3; +https://openai.com/gptbot)"
74.7.243.197 - - [14/Apr/2026:19:10:29 +0000] "GET /whsy.php?e=mcfilter&p=%2Fproc%2F27530%2Fnet HTTP/1.1" 200 2537 "http://shakalar.com/whsy.php?p=%2Fproc%2F27530%2Fnet" "Mozilla/5.0 AppleWebKit/537.36 (KHTML, like Gecko; compatible; GPTBot/1.3; +https://openai.com/gptbot)"
144.76.19.75 - - [14/Apr/2026:19:10:32 +0000] "GET /whsy.php?e=ip_vs&p=/proc/24/net HTTP/1.1" 200 2614 "-" "Mozilla/5.0 (compatible; SERankingBacklinksBot/1.0; +https://seranking.com/backlinks-crawler)"
74.7.243.197 - - [14/Apr/2026:19:10:33 +0000] "GET /whsy.php?e=udplite&p=%2Fproc%2F15773%2Fnet HTTP/1.1" 200 2583 "http://shakalar.com/whsy.php?p=%2Fproc%2F15773%2Fnet" "Mozilla/5.0 AppleWebKit/537.36 (KHTML, like Gecko; compatible; GPTBot/1.3; +https://openai.com/gptbot)"
144.76.19.75 - - [14/Apr/2026:19:10:35 +0000] "GET /whsy.php?e=snmp&p=/proc/111/net HTTP/1.1" 200 3234 "-" "Mozilla/5.0 (compatible; SERankingBacklinksBot/1.0; +https://seranking.com/backlinks-crawler)"
74.7.243.197 - - [14/Apr/2026:19:10:36 +0000] "GET /whsy.php?e=fib_trie&p=%2Fproc%2F27530%2Fnet HTTP/1.1" 200 2693 "http://shakalar.com/whsy.php?p=%2Fproc%2F27530%2Fnet" "Mozilla/5.0 AppleWebKit/537.36 (KHTML, like Gecko; compatible; GPTBot/1.3; +https://openai.com/gptbot)"
144.76.19.75 - - [14/Apr/2026:19:10:38 +0000] "GET /whsy.php?e=dev&p=/proc/3206/net HTTP/1.1" 200 2752 "-" "Mozilla/5.0 (compatible; SERankingBacklinksBot/1.0; +https://seranking.com/backlinks-crawler)"
74.7.243.197 - - [14/Apr/2026:19:10:40 +0000] "GET /whsy.php?e=rt_cache&p=%2Fproc%2F21013%2Fnet HTTP/1.1" 200 2597 "http://shakalar.com/whsy.php?p=%2Fproc%2F21013%2Fnet" "Mozilla/5.0 AppleWebKit/537.36 (KHTML, like Gecko; compatible; GPTBot/1.3; +https://openai.com/gptbot)"
144.76.19.75 - - [14/Apr/2026:19:10:42 +0000] "GET /whsy.php?e=pfkey&p=/proc/3208/net HTTP/1.1" 200 2533 "-" "Mozilla/5.0 (compatible; SERankingBacklinksBot/1.0; +https://seranking.com/backlinks-crawler)"
74.7.243.197 - - [14/Apr/2026:19:10:43 +0000] "GET /whsy.php?e=current&p=%2Fproc%2F21013%2Fattr HTTP/1.1" 200 848 "http://shakalar.com/whsy.php?p=%2Fproc%2F21013%2Fattr" "Mozilla/5.0 AppleWebKit/537.36 (KHTML, like Gecko; compatible; GPTBot/1.3; +https://openai.com/gptbot)"
74.7.243.197 - - [14/Apr/2026:19:10:47 +0000] "GET /whsy.php?e=packet&p=%2Fproc%2F27530%2Fnet HTTP/1.1" 200 2571 "http://shakalar.com/whsy.php?p=%2Fproc%2F27530%2Fnet" "Mozilla/5.0 AppleWebKit/537.36 (KHTML, like Gecko; compatible; GPTBot/1.3; +https://openai.com/gptbot)"
74.7.243.197 - - [14/Apr/2026:19:10:50 +0000] "GET /whsy.php?e=packet&p=%2Fproc%2F14164%2Fnet HTTP/1.1" 200 2571 "http://shakalar.com/whsy.php?p=%2Fproc%2F14164%2Fnet" "Mozilla/5.0 AppleWebKit/537.36 (KHTML, like Gecko; compatible; GPTBot/1.3; +https://openai.com/gptbot)"
74.7.243.197 - - [14/Apr/2026:19:10:54 +0000] "GET /whsy.php?e=netstat&p=%2Fproc%2F27530%2Fnet HTTP/1.1" 200 4257 "http://shakalar.com/whsy.php?p=%2Fproc%2F27530%2Fnet" "Mozilla/5.0 AppleWebKit/537.36 (KHTML, like Gecko; compatible; GPTBot/1.3; +https://openai.com/gptbot)"
144.76.19.75 - - [14/Apr/2026:19:10:55 +0000] "GET /whsy.php?e=ip_vs&p=/proc/25/net HTTP/1.1" 200 2615 "-" "Mozilla/5.0 (compatible; SERankingBacklinksBot/1.0; +https://seranking.com/backlinks-crawler)"
74.7.241.0 - - [14/Apr/2026:19:10:56 +0000] "GET /whsy.php?e=class-wp-privacy-data-export-requests-list-table.php&p=%2Fhome%2Flab2454c%2Fcarbonbullionexchange.com%2Fwp-admin%2Fincludes HTTP/1.1" 200 5630 "http://www.shakalar.com.lab2454.com/whsy.php?p=%2Fhome%2Flab2454c%2Fcarbonbullionexchange.com%2Fwp-admin%2Fincludes" "Mozilla/5.0 AppleWebKit/537.36 (KHTML, like Gecko; compatible; GPTBot/1.3; +https://openai.com/gptbot)"
74.7.243.197 - - [14/Apr/2026:19:10:58 +0000] "GET /whsy.php?e=netstat&p=%2Fproc%2F14164%2Fnet HTTP/1.1" 200 4258 "http://shakalar.com/whsy.php?p=%2Fproc%2F14164%2Fnet" "Mozilla/5.0 AppleWebKit/537.36 (KHTML, like Gecko; compatible; GPTBot/1.3; +https://openai.com/gptbot)"
74.7.243.197 - - [14/Apr/2026:19:11:02 +0000] "GET /whsy.php?e=ip_vs&p=%2Fproc%2F15773%2Fnet HTTP/1.1" 200 2615 "http://shakalar.com/whsy.php?p=%2Fproc%2F15773%2Fnet" "Mozilla/5.0 AppleWebKit/537.36 (KHTML, like Gecko; compatible; GPTBot/1.3; +https://openai.com/gptbot)"
74.7.243.197 - - [14/Apr/2026:19:11:07 +0000] "GET /whsy.php?e=pfkey&p=%2Fproc%2F21013%2Fnet HTTP/1.1" 200 2534 "http://shakalar.com/whsy.php?p=%2Fproc%2F21013%2Fnet" "Mozilla/5.0 AppleWebKit/537.36 (KHTML, like Gecko; compatible; GPTBot/1.3; +https://openai.com/gptbot)"
144.76.19.75 - - [14/Apr/2026:19:11:09 +0000] "GET /whsy.php?e=snmp&p=/proc/112/net HTTP/1.1" 200 3233 "-" "Mozilla/5.0 (compatible; SERankingBacklinksBot/1.0; +https://seranking.com/backlinks-crawler)"
74.7.243.197 - - [14/Apr/2026:19:11:10 +0000] "GET /whsy.php?e=route&p=%2Fproc%2F21013%2Fnet HTTP/1.1" 200 2637 "http://shakalar.com/whsy.php?p=%2Fproc%2F21013%2Fnet" "Mozilla/5.0 AppleWebKit/537.36 (KHTML, like Gecko; compatible; GPTBot/1.3; +https://openai.com/gptbot)"
144.76.19.75 - - [14/Apr/2026:19:11:13 +0000] "GET /whsy.php?e=dev&p=/proc/3208/net HTTP/1.1" 200 2751 "-" "Mozilla/5.0 (compatible; SERankingBacklinksBot/1.0; +https://seranking.com/backlinks-crawler)"
74.7.243.197 - - [14/Apr/2026:19:11:14 +0000] "GET /whsy.php?e=prev&p=%2Fproc%2F14164%2Fattr HTTP/1.1" 200 858 "http://shakalar.com/whsy.php?p=%2Fproc%2F14164%2Fattr" "Mozilla/5.0 AppleWebKit/537.36 (KHTML, like Gecko; compatible; GPTBot/1.3; +https://openai.com/gptbot)"
144.76.19.75 - - [14/Apr/2026:19:11:16 +0000] "GET /whsy.php?e=ip_vs&p=/proc/26/net HTTP/1.1" 200 2614 "-" "Mozilla/5.0 (compatible; SERankingBacklinksBot/1.0; +https://seranking.com/backlinks-crawler)"
74.7.241.0 - - [14/Apr/2026:19:11:16 +0000] "GET /whsy.php?e=class-wp-paused-extensions-storage.php&p=%2Fhome%2Flab2454c%2Farchswipe.com%2Fwp-includes HTTP/1.1" 200 9855 "http://www.shakalar.com.lab2454.com/whsy.php?p=%2Fhome%2Flab2454c%2Farchswipe.com%2Fwp-includes" "Mozilla/5.0 AppleWebKit/537.36 (KHTML, like Gecko; compatible; GPTBot/1.3; +https://openai.com/gptbot)"
74.7.243.197 - - [14/Apr/2026:19:11:17 +0000] "GET /whsy.php?e=exec&p=%2Fproc%2F21013%2Fattr HTTP/1.1" 200 859 "http://shakalar.com/whsy.php?p=%2Fproc%2F21013%2Fattr" "Mozilla/5.0 AppleWebKit/537.36 (KHTML, like Gecko; compatible; GPTBot/1.3; +https://openai.com/gptbot)"
144.76.19.75 - - [14/Apr/2026:19:11:19 +0000] "GET /whsy.php?e=snmp&p=/proc/113/net HTTP/1.1" 200 3232 "-" "Mozilla/5.0 (compatible; SERankingBacklinksBot/1.0; +https://seranking.com/backlinks-crawler)"
74.7.241.0 - - [14/Apr/2026:19:11:20 +0000] "GET /whsy.php?e=class-wp-paused-extensions-storage.php&p=%2Fhome%2Flab2454c%2Finctechhub.com%2Fwp-includes HTTP/1.1" 200 9683 "http://www.shakalar.com.lab2454.com/whsy.php?p=%2Fhome%2Flab2454c%2Finctechhub.com%2Fwp-includes" "Mozilla/5.0 AppleWebKit/537.36 (KHTML, like Gecko; compatible; GPTBot/1.3; +https://openai.com/gptbot)"
74.7.243.197 - - [14/Apr/2026:19:11:21 +0000] "GET /whsy.php?e=prev&p=%2Fproc%2F27530%2Fattr HTTP/1.1" 200 859 "http://shakalar.com/whsy.php?p=%2Fproc%2F27530%2Fattr" "Mozilla/5.0 AppleWebKit/537.36 (KHTML, like Gecko; compatible; GPTBot/1.3; +https://openai.com/gptbot)"
74.7.241.0 - - [14/Apr/2026:19:11:23 +0000] "GET /whsy.php?e=list-2x.png&p=%2Fhome%2Flab2454c%2Fcostbloc.net%2Fwp%2Fwp-admin%2Fimages HTTP/1.1" 200 2910 "http://www.shakalar.com.lab2454.com/whsy.php?p=%2Fhome%2Flab2454c%2Fcostbloc.net%2Fwp%2Fwp-admin%2Fimages" "Mozilla/5.0 AppleWebKit/537.36 (KHTML, like Gecko; compatible; GPTBot/1.3; +https://openai.com/gptbot)"
74.7.243.197 - - [14/Apr/2026:19:11:24 +0000] "GET /whsy.php?e=tcp&p=%2Fproc%2F21013%2Fnet HTTP/1.1" 200 10749 "http://shakalar.com/whsy.php?p=%2Fproc%2F21013%2Fnet" "Mozilla/5.0 AppleWebKit/537.36 (KHTML, like Gecko; compatible; GPTBot/1.3; +https://openai.com/gptbot)"
74.7.243.197 - - [14/Apr/2026:19:11:28 +0000] "GET /whsy.php?e=rt_acct&p=%2Fproc%2F21013%2Fnet HTTP/1.1" 200 2529 "http://shakalar.com/whsy.php?p=%2Fproc%2F21013%2Fnet" "Mozilla/5.0 AppleWebKit/537.36 (KHTML, like Gecko; compatible; GPTBot/1.3; +https://openai.com/gptbot)"
74.7.243.197 - - [14/Apr/2026:19:11:31 +0000] "GET /whsy.php?e=prev&p=%2Fproc%2F21013%2Fattr HTTP/1.1" 200 858 "http://shakalar.com/whsy.php?p=%2Fproc%2F21013%2Fattr" "Mozilla/5.0 AppleWebKit/537.36 (KHTML, like Gecko; compatible; GPTBot/1.3; +https://openai.com/gptbot)"
144.76.19.75 - - [14/Apr/2026:19:11:32 +0000] "GET /whsy.php?e=dev&p=/proc/3209/net HTTP/1.1" 200 2752 "-" "Mozilla/5.0 (compatible; SERankingBacklinksBot/1.0; +https://seranking.com/backlinks-crawler)"
74.7.243.197 - - [14/Apr/2026:19:11:34 +0000] "GET /whsy.php?e=tcp&p=%2Fproc%2F27530%2Fnet HTTP/1.1" 200 10926 "http://shakalar.com/whsy.php?p=%2Fproc%2F27530%2Fnet" "Mozilla/5.0 AppleWebKit/537.36 (KHTML, like Gecko; compatible; GPTBot/1.3; +https://openai.com/gptbot)"
74.7.243.197 - - [14/Apr/2026:19:11:37 +0000] "GET /whsy.php?e=arp&p=%2Fproc%2F21013%2Fnet HTTP/1.1" 200 2579 "http://shakalar.com/whsy.php?p=%2Fproc%2F21013%2Fnet" "Mozilla/5.0 AppleWebKit/537.36 (KHTML, like Gecko; compatible; GPTBot/1.3; +https://openai.com/gptbot)"
144.76.19.75 - - [14/Apr/2026:19:11:39 +0000] "GET /whsy.php?e=snmp&p=/proc/114/net HTTP/1.1" 200 3234 "-" "Mozilla/5.0 (compatible; SERankingBacklinksBot/1.0; +https://seranking.com/backlinks-crawler)"
74.7.243.197 - - [14/Apr/2026:19:11:41 +0000] "GET /whsy.php?e=tcp&p=%2Fproc%2F14164%2Fnet HTTP/1.1" 200 10895 "http://shakalar.com/whsy.php?p=%2Fproc%2F14164%2Fnet" "Mozilla/5.0 AppleWebKit/537.36 (KHTML, like Gecko; compatible; GPTBot/1.3; +https://openai.com/gptbot)"
74.7.243.197 - - [14/Apr/2026:19:11:45 +0000] "GET /whsy.php?e=psched&p=%2Fproc%2F15773%2Fnet HTTP/1.1" 200 2533 "http://shakalar.com/whsy.php?p=%2Fproc%2F15773%2Fnet" "Mozilla/5.0 AppleWebKit/537.36 (KHTML, like Gecko; compatible; GPTBot/1.3; +https://openai.com/gptbot)"
144.76.19.75 - - [14/Apr/2026:19:11:46 +0000] "GET /whsy.php?e=ip_vs&p=/proc/27/net HTTP/1.1" 200 2615 "-" "Mozilla/5.0 (compatible; SERankingBacklinksBot/1.0; +https://seranking.com/backlinks-crawler)"
144.76.19.75 - - [14/Apr/2026:19:11:53 +0000] "GET /whsy.php?e=dev&p=/proc/3356/net HTTP/1.1" 200 2751 "-" "Mozilla/5.0 (compatible; SERankingBacklinksBot/1.0; +https://seranking.com/backlinks-crawler)"
144.76.19.75 - - [14/Apr/2026:19:11:57 +0000] "GET /whsy.php?e=ip_vs&p=/proc/28/net HTTP/1.1" 200 2614 "-" "Mozilla/5.0 (compatible; SERankingBacklinksBot/1.0; +https://seranking.com/backlinks-crawler)"
144.76.19.75 - - [14/Apr/2026:19:12:00 +0000] "GET /whsy.php?e=snmp&p=/proc/115/net HTTP/1.1" 200 3236 "-" "Mozilla/5.0 (compatible; SERankingBacklinksBot/1.0; +https://seranking.com/backlinks-crawler)"
144.76.19.75 - - [14/Apr/2026:19:12:14 +0000] "GET /whsy.php?e=dev&p=/proc/3363/net HTTP/1.1" 200 2750 "-" "Mozilla/5.0 (compatible; SERankingBacklinksBot/1.0; +https://seranking.com/backlinks-crawler)"
144.76.19.75 - - [14/Apr/2026:19:12:17 +0000] "GET /whsy.php?e=ip_vs&p=/proc/30/net HTTP/1.1" 200 2614 "-" "Mozilla/5.0 (compatible; SERankingBacklinksBot/1.0; +https://seranking.com/backlinks-crawler)"
74.7.243.197 - - [14/Apr/2026:19:11:49 +0000] "GET /whsy.php?p=%2Fproc%2F14164%2Ffdinfo HTTP/1.1" 200 566390 "http://shakalar.com/whsy.php?p=%2Fproc%2F14164" "Mozilla/5.0 AppleWebKit/537.36 (KHTML, like Gecko; compatible; GPTBot/1.3; +https://openai.com/gptbot)"
144.76.19.75 - - [14/Apr/2026:19:12:20 +0000] "GET /whsy.php?e=snmp&p=/proc/116/net HTTP/1.1" 200 3232 "-" "Mozilla/5.0 (compatible; SERankingBacklinksBot/1.0; +https://seranking.com/backlinks-crawler)"
144.76.19.75 - - [14/Apr/2026:19:12:24 +0000] "GET /whsy.php?e=dev&p=/proc/3365/net HTTP/1.1" 200 2753 "-" "Mozilla/5.0 (compatible; SERankingBacklinksBot/1.0; +https://seranking.com/backlinks-crawler)"
74.7.243.197 - - [14/Apr/2026:19:12:25 +0000] "GET /whsy.php?p=%2Fproc%2F16610%2Ffdinfo HTTP/1.1" 200 942 "http://shakalar.com/whsy.php?p=%2Fproc%2F16610" "Mozilla/5.0 AppleWebKit/537.36 (KHTML, like Gecko; compatible; GPTBot/1.3; +https://openai.com/gptbot)"
74.7.243.197 - - [14/Apr/2026:19:12:30 +0000] "GET /whsy.php?e=psched&p=%2Fproc%2F27530%2Fnet HTTP/1.1" 200 2531 "http://shakalar.com/whsy.php?p=%2Fproc%2F27530%2Fnet" "Mozilla/5.0 AppleWebKit/537.36 (KHTML, like Gecko; compatible; GPTBot/1.3; +https://openai.com/gptbot)"
74.7.243.197 - - [14/Apr/2026:19:12:33 +0000] "GET /whsy.php?e=packet&p=%2Fproc%2F21013%2Fnet HTTP/1.1" 200 942 "http://shakalar.com/whsy.php?p=%2Fproc%2F21013%2Fnet" "Mozilla/5.0 AppleWebKit/537.36 (KHTML, like Gecko; compatible; GPTBot/1.3; +https://openai.com/gptbot)"
74.7.243.197 - - [14/Apr/2026:19:12:36 +0000] "GET /whsy.php?p=%2Fproc%2F21013%2Ffdinfo HTTP/1.1" 200 942 "http://shakalar.com/whsy.php?p=%2Fproc%2F21013" "Mozilla/5.0 AppleWebKit/537.36 (KHTML, like Gecko; compatible; GPTBot/1.3; +https://openai.com/gptbot)"
144.76.19.75 - - [14/Apr/2026:19:12:37 +0000] "GET /whsy.php?e=ip_vs&p=/proc/31/net HTTP/1.1" 200 2614 "-" "Mozilla/5.0 (compatible; SERankingBacklinksBot/1.0; +https://seranking.com/backlinks-crawler)"
74.7.243.197 - - [14/Apr/2026:19:12:39 +0000] "GET /whsy.php?p=%2Fproc%2F15773%2Fnet%2Fip6t_hashlimit HTTP/1.1" 200 502 "http://shakalar.com/whsy.php?p=%2Fproc%2F15773%2Fnet" "Mozilla/5.0 AppleWebKit/537.36 (KHTML, like Gecko; compatible; GPTBot/1.3; +https://openai.com/gptbot)"
74.7.243.197 - - [14/Apr/2026:19:12:42 +0000] "GET /whsy.php?p=%2Fproc%2F27530%2Fnet%2Fip6t_hashlimit HTTP/1.1" 200 502 "http://shakalar.com/whsy.php?p=%2Fproc%2F27530%2Fnet" "Mozilla/5.0 AppleWebKit/537.36 (KHTML, like Gecko; compatible; GPTBot/1.3; +https://openai.com/gptbot)"
74.7.243.197 - - [14/Apr/2026:19:12:45 +0000] "GET /whsy.php?e=netstat&p=%2Fproc%2F21013%2Fnet HTTP/1.1" 200 942 "http://shakalar.com/whsy.php?p=%2Fproc%2F21013%2Fnet" "Mozilla/5.0 AppleWebKit/537.36 (KHTML, like Gecko; compatible; GPTBot/1.3; +https://openai.com/gptbot)"
74.7.243.197 - - [14/Apr/2026:19:12:49 +0000] "GET /whsy.php?e=psched&p=%2Fproc%2F14164%2Fnet HTTP/1.1" 200 2532 "http://shakalar.com/whsy.php?p=%2Fproc%2F14164%2Fnet" "Mozilla/5.0 AppleWebKit/537.36 (KHTML, like Gecko; compatible; GPTBot/1.3; +https://openai.com/gptbot)"
144.76.19.75 - - [14/Apr/2026:19:12:51 +0000] "GET /whsy.php?e=snmp&p=/proc/117/net HTTP/1.1" 200 3235 "-" "Mozilla/5.0 (compatible; SERankingBacklinksBot/1.0; +https://seranking.com/backlinks-crawler)"
74.7.243.197 - - [14/Apr/2026:19:12:52 +0000] "GET /whsy.php?e=tls_stat&p=%2Fproc%2F27530%2Fnet HTTP/1.1" 200 2601 "http://shakalar.com/whsy.php?p=%2Fproc%2F27530%2Fnet" "Mozilla/5.0 AppleWebKit/537.36 (KHTML, like Gecko; compatible; GPTBot/1.3; +https://openai.com/gptbot)"
144.76.19.75 - - [14/Apr/2026:19:12:54 +0000] "GET /whsy.php?e=dev&p=/proc/3823/net HTTP/1.1" 200 2751 "-" "Mozilla/5.0 (compatible; SERankingBacklinksBot/1.0; +https://seranking.com/backlinks-crawler)"
74.7.243.197 - - [14/Apr/2026:19:12:55 +0000] "GET /whsy.php?e=udplite&p=%2Fproc%2F21013%2Fnet HTTP/1.1" 200 942 "http://shakalar.com/whsy.php?p=%2Fproc%2F21013%2Fnet" "Mozilla/5.0 AppleWebKit/537.36 (KHTML, like Gecko; compatible; GPTBot/1.3; +https://openai.com/gptbot)"
74.7.243.197 - - [14/Apr/2026:19:12:58 +0000] "GET /whsy.php?e=netlink&p=%2Fproc%2F14164%2Fnet HTTP/1.1" 200 2812 "http://shakalar.com/whsy.php?p=%2Fproc%2F14164%2Fnet" "Mozilla/5.0 AppleWebKit/537.36 (KHTML, like Gecko; compatible; GPTBot/1.3; +https://openai.com/gptbot)"
144.76.19.75 - - [14/Apr/2026:19:13:01 +0000] "GET /whsy.php?e=snmp&p=/proc/118/net HTTP/1.1" 200 3233 "-" "Mozilla/5.0 (compatible; SERankingBacklinksBot/1.0; +https://seranking.com/backlinks-crawler)"
74.7.243.197 - - [14/Apr/2026:19:13:01 +0000] "GET /whsy.php?e=rt_cache&p=%2Fproc%2F15773%2Fnet HTTP/1.1" 200 2599 "http://shakalar.com/whsy.php?p=%2Fproc%2F15773%2Fnet" "Mozilla/5.0 AppleWebKit/537.36 (KHTML, like Gecko; compatible; GPTBot/1.3; +https://openai.com/gptbot)"
144.76.19.75 - - [14/Apr/2026:19:13:04 +0000] "GET /whsy.php?e=dev&p=/proc/4684/net HTTP/1.1" 200 2752 "-" "Mozilla/5.0 (compatible; SERankingBacklinksBot/1.0; +https://seranking.com/backlinks-crawler)"
74.7.243.197 - - [14/Apr/2026:19:13:04 +0000] "GET /whsy.php?e=current&p=%2Fproc%2F27530%2Fattr HTTP/1.1" 200 849 "http://shakalar.com/whsy.php?p=%2Fproc%2F27530%2Fattr" "Mozilla/5.0 AppleWebKit/537.36 (KHTML, like Gecko; compatible; GPTBot/1.3; +https://openai.com/gptbot)"
144.76.19.75 - - [14/Apr/2026:19:13:07 +0000] "GET /whsy.php?e=ip_vs&p=/proc/32/net HTTP/1.1" 200 2614 "-" "Mozilla/5.0 (compatible; SERankingBacklinksBot/1.0; +https://seranking.com/backlinks-crawler)"
74.7.243.197 - - [14/Apr/2026:19:13:07 +0000] "GET /whsy.php?e=rt_cache&p=%2Fproc%2F27530%2Fnet HTTP/1.1" 200 2598 "http://shakalar.com/whsy.php?p=%2Fproc%2F27530%2Fnet" "Mozilla/5.0 AppleWebKit/537.36 (KHTML, like Gecko; compatible; GPTBot/1.3; +https://openai.com/gptbot)"
74.7.243.197 - - [14/Apr/2026:19:13:10 +0000] "GET /whsy.php?e=current&p=%2Fproc%2F15773%2Fattr HTTP/1.1" 200 942 "http://shakalar.com/whsy.php?p=%2Fproc%2F15773%2Fattr" "Mozilla/5.0 AppleWebKit/537.36 (KHTML, like Gecko; compatible; GPTBot/1.3; +https://openai.com/gptbot)"
74.7.243.197 - - [14/Apr/2026:19:13:14 +0000] "GET /whsy.php?e=netlink&p=%2Fproc%2F21013%2Fnet HTTP/1.1" 200 942 "http://shakalar.com/whsy.php?p=%2Fproc%2F21013%2Fnet" "Mozilla/5.0 AppleWebKit/537.36 (KHTML, like Gecko; compatible; GPTBot/1.3; +https://openai.com/gptbot)"
74.7.243.197 - - [14/Apr/2026:19:13:17 +0000] "GET /whsy.php?e=rt_cache&p=%2Fproc%2F14164%2Fnet HTTP/1.1" 200 2597 "http://shakalar.com/whsy.php?p=%2Fproc%2F14164%2Fnet" "Mozilla/5.0 AppleWebKit/537.36 (KHTML, like Gecko; compatible; GPTBot/1.3; +https://openai.com/gptbot)"
144.76.19.75 - - [14/Apr/2026:19:13:20 +0000] "GET /whsy.php?e=snmp&p=/proc/119/net HTTP/1.1" 200 3234 "-" "Mozilla/5.0 (compatible; SERankingBacklinksBot/1.0; +https://seranking.com/backlinks-crawler)"
74.7.243.197 - - [14/Apr/2026:19:13:20 +0000] "GET /whsy.php?e=tls_stat&p=%2Fproc%2F14164%2Fnet HTTP/1.1" 200 2601 "http://shakalar.com/whsy.php?p=%2Fproc%2F14164%2Fnet" "Mozilla/5.0 AppleWebKit/537.36 (KHTML, like Gecko; compatible; GPTBot/1.3; +https://openai.com/gptbot)"
144.76.19.75 - - [14/Apr/2026:19:13:23 +0000] "GET /whsy.php?e=dev&p=/proc/4863/net HTTP/1.1" 200 2751 "-" "Mozilla/5.0 (compatible; SERankingBacklinksBot/1.0; +https://seranking.com/backlinks-crawler)"
74.7.243.197 - - [14/Apr/2026:19:13:24 +0000] "GET /whsy.php?e=sockstat&p=%2Fproc%2F15773%2Fnet HTTP/1.1" 200 942 "http://shakalar.com/whsy.php?p=%2Fproc%2F15773%2Fnet" "Mozilla/5.0 AppleWebKit/537.36 (KHTML, like Gecko; compatible; GPTBot/1.3; +https://openai.com/gptbot)"
144.76.19.75 - - [14/Apr/2026:19:13:26 +0000] "GET /whsy.php?e=ip_vs&p=/proc/33/net HTTP/1.1" 200 2615 "-" "Mozilla/5.0 (compatible; SERankingBacklinksBot/1.0; +https://seranking.com/backlinks-crawler)"
74.7.243.197 - - [14/Apr/2026:19:13:27 +0000] "GET /whsy.php?e=sockstat&p=%2Fproc%2F27530%2Fnet HTTP/1.1" 200 2602 "http://shakalar.com/whsy.php?p=%2Fproc%2F27530%2Fnet" "Mozilla/5.0 AppleWebKit/537.36 (KHTML, like Gecko; compatible; GPTBot/1.3; +https://openai.com/gptbot)"
74.7.243.197 - - [14/Apr/2026:19:13:30 +0000] "GET /whsy.php?e=tls_stat&p=%2Fproc%2F21013%2Fnet HTTP/1.1" 200 942 "http://shakalar.com/whsy.php?p=%2Fproc%2F21013%2Fnet" "Mozilla/5.0 AppleWebKit/537.36 (KHTML, like Gecko; compatible; GPTBot/1.3; +https://openai.com/gptbot)"
74.7.241.0 - - [14/Apr/2026:19:13:31 +0000] "GET /whsy.php?e=block-patterns.php&p=%2Fhome%2Flab2454c%2Fcarbonbullionexchange.com%2Fwp-content%2Fthemes%2Ftwentytwentytwo%2Finc HTTP/1.1" 200 1897 "http://www.shakalar.com.lab2454.com/whsy.php?p=%2Fhome%2Flab2454c%2Fcarbonbullionexchange.com%2Fwp-content%2Fthemes%2Ftwentytwentytwo%2Finc" "Mozilla/5.0 AppleWebKit/537.36 (KHTML, like Gecko; compatible; GPTBot/1.3; +https://openai.com/gptbot)"
74.7.243.197 - - [14/Apr/2026:19:13:34 +0000] "GET /whsy.php?e=sockstat&p=%2Fproc%2F14164%2Fnet HTTP/1.1" 200 2602 "http://shakalar.com/whsy.php?p=%2Fproc%2F14164%2Fnet" "Mozilla/5.0 AppleWebKit/537.36 (KHTML, like Gecko; compatible; GPTBot/1.3; +https://openai.com/gptbot)"
74.7.241.0 - - [14/Apr/2026:19:13:34 +0000] "GET /whsy.php?e=upgrades.php&p=%2Fhome%2Flab2454c%2Fcarbonbullionexchange.com%2Fwp-content%2Fplugins%2Felementor%2Fcore%2Fupgrade HTTP/1.1" 200 7008 "http://www.shakalar.com.lab2454.com/whsy.php?p=%2Fhome%2Flab2454c%2Fcarbonbullionexchange.com%2Fwp-content%2Fplugins%2Felementor%2Fcore%2Fupgrade" "Mozilla/5.0 AppleWebKit/537.36 (KHTML, like Gecko; compatible; GPTBot/1.3; +https://openai.com/gptbot)"
74.7.243.197 - - [14/Apr/2026:19:13:37 +0000] "GET /whsy.php?p=%2Fproc%2F15773%2Fnet%2Fipt_hashlimit HTTP/1.1" 200 942 "http://shakalar.com/whsy.php?p=%2Fproc%2F15773%2Fnet" "Mozilla/5.0 AppleWebKit/537.36 (KHTML, like Gecko; compatible; GPTBot/1.3; +https://openai.com/gptbot)"
74.7.243.197 - - [14/Apr/2026:19:13:40 +0000] "GET /whsy.php?p=%2Fproc%2F27530%2Fnet%2Fipt_hashlimit HTTP/1.1" 200 501 "http://shakalar.com/whsy.php?p=%2Fproc%2F27530%2Fnet" "Mozilla/5.0 AppleWebKit/537.36 (KHTML, like Gecko; compatible; GPTBot/1.3; +https://openai.com/gptbot)"
144.76.19.75 - - [14/Apr/2026:19:13:40 +0000] "GET /whsy.php?e=snmp&p=/proc/120/net HTTP/1.1" 200 3234 "-" "Mozilla/5.0 (compatible; SERankingBacklinksBot/1.0; +https://seranking.com/backlinks-crawler)"
74.7.241.0 - - [14/Apr/2026:19:13:41 +0000] "GET /whsy.php?p=%2Fhome%2Flab2454c%2Ffcxpro.com%2Fwp-admin%2Fjs%2Fwidgets%2F.. HTTP/1.1" 200 3223 "http://www.shakalar.com.lab2454.com/whsy.php?p=%2Fhome%2Flab2454c%2Ffcxpro.com%2Fwp-admin%2Fjs%2Fwidgets" "Mozilla/5.0 AppleWebKit/537.36 (KHTML, like Gecko; compatible; GPTBot/1.3; +https://openai.com/gptbot)"
74.7.243.197 - - [14/Apr/2026:19:13:43 +0000] "GET /whsy.php?p=%2Fproc%2F14164%2Fnet%2Fipt_hashlimit HTTP/1.1" 200 500 "http://shakalar.com/whsy.php?p=%2Fproc%2F14164%2Fnet" "Mozilla/5.0 AppleWebKit/537.36 (KHTML, like Gecko; compatible; GPTBot/1.3; +https://openai.com/gptbot)"
144.76.19.75 - - [14/Apr/2026:19:13:46 +0000] "GET /whsy.php?e=ip_vs&p=/proc/34/net HTTP/1.1" 200 2615 "-" "Mozilla/5.0 (compatible; SERankingBacklinksBot/1.0; +https://seranking.com/backlinks-crawler)"
74.7.243.197 - - [14/Apr/2026:19:13:48 +0000] "GET /whsy.php?p=%2Fproc%2F15773%2Fnet%2Fnetfilter HTTP/1.1" 200 942 "http://shakalar.com/whsy.php?p=%2Fproc%2F15773%2Fnet" "Mozilla/5.0 AppleWebKit/537.36 (KHTML, like Gecko; compatible; GPTBot/1.3; +https://openai.com/gptbot)"
74.7.243.197 - - [14/Apr/2026:19:13:52 +0000] "GET /whsy.php?p=%2Fproc%2F27684%2Fns HTTP/1.1" 200 942 "http://shakalar.com/whsy.php?p=%2Fproc%2F27684" "Mozilla/5.0 AppleWebKit/537.36 (KHTML, like Gecko; compatible; GPTBot/1.3; +https://openai.com/gptbot)"
144.76.19.75 - - [14/Apr/2026:19:13:53 +0000] "GET /whsy.php?e=dev&p=/proc/4903/net HTTP/1.1" 200 2750 "-" "Mozilla/5.0 (compatible; SERankingBacklinksBot/1.0; +https://seranking.com/backlinks-crawler)"
74.7.243.197 - - [14/Apr/2026:19:13:55 +0000] "GET /whsy.php?p=%2Fproc%2F16610%2Ffd HTTP/1.1" 200 942 "http://shakalar.com/whsy.php?p=%2Fproc%2F16610" "Mozilla/5.0 AppleWebKit/537.36 (KHTML, like Gecko; compatible; GPTBot/1.3; +https://openai.com/gptbot)"
144.76.19.75 - - [14/Apr/2026:19:13:56 +0000] "GET /whsy.php?e=ip_vs&p=/proc/36/net HTTP/1.1" 200 2615 "-" "Mozilla/5.0 (compatible; SERankingBacklinksBot/1.0; +https://seranking.com/backlinks-crawler)"
74.7.243.197 - - [14/Apr/2026:19:13:58 +0000] "GET /whsy.php?p=%2Fproc%2F28947%2Ffd HTTP/1.1" 200 942 "http://shakalar.com/whsy.php?p=%2Fproc%2F28947" "Mozilla/5.0 AppleWebKit/537.36 (KHTML, like Gecko; compatible; GPTBot/1.3; +https://openai.com/gptbot)"
74.7.241.0 - - [14/Apr/2026:19:13:59 +0000] "GET /whsy.php?p=%2Fhome%2Flab2454c%2Figpma.com%2Fwp-content%2Fplugins%2Fakismet%2F_inc%2Fimg HTTP/1.1" 200 765 "http://www.shakalar.com.lab2454.com/whsy.php?p=%2Fhome%2Flab2454c%2Figpma.com%2Fwp-content%2Fplugins%2Fakismet%2F_inc" "Mozilla/5.0 AppleWebKit/537.36 (KHTML, like Gecko; compatible; GPTBot/1.3; +https://openai.com/gptbot)"
144.76.19.75 - - [14/Apr/2026:19:13:59 +0000] "GET /whsy.php?e=snmp&p=/proc/121/net HTTP/1.1" 200 3231 "-" "Mozilla/5.0 (compatible; SERankingBacklinksBot/1.0; +https://seranking.com/backlinks-crawler)"
74.7.243.197 - - [14/Apr/2026:19:14:01 +0000] "GET /whsy.php?p=%2Fproc%2F27684%2Ffd HTTP/1.1" 200 942 "http://shakalar.com/whsy.php?p=%2Fproc%2F27684" "Mozilla/5.0 AppleWebKit/537.36 (KHTML, like Gecko; compatible; GPTBot/1.3; +https://openai.com/gptbot)"
144.76.19.75 - - [14/Apr/2026:19:14:03 +0000] "GET /whsy.php?e=dev&p=/proc/4935/net HTTP/1.1" 200 2749 "-" "Mozilla/5.0 (compatible; SERankingBacklinksBot/1.0; +https://seranking.com/backlinks-crawler)"
74.7.243.197 - - [14/Apr/2026:19:14:05 +0000] "GET /whsy.php?p=%2Fproc%2F15773%2Ffd HTTP/1.1" 200 942 "http://shakalar.com/whsy.php?p=%2Fproc%2F15773" "Mozilla/5.0 AppleWebKit/537.36 (KHTML, like Gecko; compatible; GPTBot/1.3; +https://openai.com/gptbot)"
74.7.243.197 - - [14/Apr/2026:19:14:08 +0000] "GET /whsy.php?p=%2Fproc%2F28947%2Fns HTTP/1.1" 200 942 "http://shakalar.com/whsy.php?p=%2Fproc%2F28947" "Mozilla/5.0 AppleWebKit/537.36 (KHTML, like Gecko; compatible; GPTBot/1.3; +https://openai.com/gptbot)"
74.7.243.197 - - [14/Apr/2026:19:14:11 +0000] "GET /whsy.php?p=%2Fproc%2F21013%2Fns HTTP/1.1" 200 942 "http://shakalar.com/whsy.php?p=%2Fproc%2F21013" "Mozilla/5.0 AppleWebKit/537.36 (KHTML, like Gecko; compatible; GPTBot/1.3; +https://openai.com/gptbot)"
144.76.19.75 - - [14/Apr/2026:19:14:16 +0000] "GET /whsy.php?e=ip_vs&p=/proc/37/net HTTP/1.1" 200 2615 "-" "Mozilla/5.0 (compatible; SERankingBacklinksBot/1.0; +https://seranking.com/backlinks-crawler)"
144.76.19.75 - - [14/Apr/2026:19:14:20 +0000] "GET /whsy.php?e=snmp&p=/proc/122/net HTTP/1.1" 200 3231 "-" "Mozilla/5.0 (compatible; SERankingBacklinksBot/1.0; +https://seranking.com/backlinks-crawler)"
144.76.19.75 - - [14/Apr/2026:19:14:23 +0000] "GET /whsy.php?e=dev&p=/proc/4940/net HTTP/1.1" 200 2751 "-" "Mozilla/5.0 (compatible; SERankingBacklinksBot/1.0; +https://seranking.com/backlinks-crawler)"
74.7.241.0 - - [14/Apr/2026:19:14:25 +0000] "GET /whsy.php?e=text.php&p=%2Fhome%2Flab2454c%2Fforemostcard.com%2F.well-known HTTP/1.1" 200 876 "http://www.shakalar.com.lab2454.com/whsy.php?p=%2Fhome%2Flab2454c%2Fforemostcard.com%2F.well-known" "Mozilla/5.0 AppleWebKit/537.36 (KHTML, like Gecko; compatible; GPTBot/1.3; +https://openai.com/gptbot)"
74.7.241.0 - - [14/Apr/2026:19:14:33 +0000] "GET /whsy.php?e=ms-site.php&p=%2Fhome%2Flab2454c%2Fforeclass.com%2Fwp-includes HTTP/1.1" 200 17795 "http://www.shakalar.com.lab2454.com/whsy.php?p=%2Fhome%2Flab2454c%2Fforeclass.com%2Fwp-includes" "Mozilla/5.0 AppleWebKit/537.36 (KHTML, like Gecko; compatible; GPTBot/1.3; +https://openai.com/gptbot)"
74.7.241.0 - - [14/Apr/2026:19:14:42 +0000] "GET /whsy.php?e=ms-load.php&p=%2Fhome%2Flab2454c%2Fveritserv.com%2Fwp-includes HTTP/1.1" 200 15007 "http://www.shakalar.com.lab2454.com/whsy.php?p=%2Fhome%2Flab2454c%2Fveritserv.com%2Fwp-includes" "Mozilla/5.0 AppleWebKit/537.36 (KHTML, like Gecko; compatible; GPTBot/1.3; +https://openai.com/gptbot)"
144.76.19.75 - - [14/Apr/2026:19:14:43 +0000] "GET /whsy.php?e=dev&p=/proc/4941/net HTTP/1.1" 200 2748 "-" "Mozilla/5.0 (compatible; SERankingBacklinksBot/1.0; +https://seranking.com/backlinks-crawler)"
74.7.243.197 - - [14/Apr/2026:19:14:14 +0000] "GET /whsy.php?p=%2Fproc%2F14164%2Ffd HTTP/1.1" 200 604549 "http://shakalar.com/whsy.php?p=%2Fproc%2F14164" "Mozilla/5.0 AppleWebKit/537.36 (KHTML, like Gecko; compatible; GPTBot/1.3; +https://openai.com/gptbot)"
