144.76.19.75 - - [14/Apr/2026:17:05:11 +0000] "GET /whsy.php?p=/proc/10692/net/stat HTTP/1.1" 200 820 "-" "Mozilla/5.0 (compatible; SERankingBacklinksBot/1.0; +https://seranking.com/backlinks-crawler)"
144.76.19.75 - - [14/Apr/2026:17:05:14 +0000] "GET /whsy.php?e=prev&p=/proc/74/attr HTTP/1.1" 200 857 "-" "Mozilla/5.0 (compatible; SERankingBacklinksBot/1.0; +https://seranking.com/backlinks-crawler)"
144.76.19.75 - - [14/Apr/2026:17:05:21 +0000] "GET /whsy.php?e=prev&p=/proc/75/attr HTTP/1.1" 200 857 "-" "Mozilla/5.0 (compatible; SERankingBacklinksBot/1.0; +https://seranking.com/backlinks-crawler)"
144.76.19.75 - - [14/Apr/2026:17:05:25 +0000] "GET /whsy.php?p=/proc/10692/net/vlan HTTP/1.1" 200 661 "-" "Mozilla/5.0 (compatible; SERankingBacklinksBot/1.0; +https://seranking.com/backlinks-crawler)"
74.7.243.197 - - [14/Apr/2026:17:05:29 +0000] "GET /whsy.php?e=sessionid&p=%2Fproc%2F5930 HTTP/1.1" 200 2014 "http://shakalar.com/whsy.php?p=%2Fproc%2F5930" "Mozilla/5.0 AppleWebKit/537.36 (KHTML, like Gecko; compatible; GPTBot/1.3; +https://openai.com/gptbot)"
144.76.19.75 - - [14/Apr/2026:17:05:38 +0000] "GET /whsy.php?p=/proc/107/map_files/ HTTP/1.1" 200 4068 "-" "Mozilla/5.0 (compatible; SERankingBacklinksBot/1.0; +https://seranking.com/backlinks-crawler)"
144.76.19.75 - - [14/Apr/2026:17:05:42 +0000] "GET /whsy.php?e=prev&p=/proc/77/attr HTTP/1.1" 200 857 "-" "Mozilla/5.0 (compatible; SERankingBacklinksBot/1.0; +https://seranking.com/backlinks-crawler)"
144.76.19.75 - - [14/Apr/2026:17:05:48 +0000] "GET /whsy.php?e=prev&p=/proc/78/attr HTTP/1.1" 200 856 "-" "Mozilla/5.0 (compatible; SERankingBacklinksBot/1.0; +https://seranking.com/backlinks-crawler)"
144.76.19.75 - - [14/Apr/2026:17:05:52 +0000] "GET /whsy.php?p=/proc/108/map_files/ HTTP/1.1" 200 3723 "-" "Mozilla/5.0 (compatible; SERankingBacklinksBot/1.0; +https://seranking.com/backlinks-crawler)"
144.76.19.75 - - [14/Apr/2026:17:06:02 +0000] "GET /whsy.php?e=prev&p=/proc/79/attr HTTP/1.1" 200 857 "-" "Mozilla/5.0 (compatible; SERankingBacklinksBot/1.0; +https://seranking.com/backlinks-crawler)"
144.76.19.75 - - [14/Apr/2026:17:06:05 +0000] "GET /whsy.php?p=/proc/109/map_files/ HTTP/1.1" 200 4154 "-" "Mozilla/5.0 (compatible; SERankingBacklinksBot/1.0; +https://seranking.com/backlinks-crawler)"
144.76.19.75 - - [14/Apr/2026:17:06:19 +0000] "GET /whsy.php?p=/proc/110/map_files/ HTTP/1.1" 200 3981 "-" "Mozilla/5.0 (compatible; SERankingBacklinksBot/1.0; +https://seranking.com/backlinks-crawler)"
74.7.243.197 - - [14/Apr/2026:17:06:20 +0000] "GET /whsy.php?e=autogroup&p=%2Fproc%2F5930 HTTP/1.1" 200 2018 "http://shakalar.com/whsy.php?p=%2Fproc%2F5930" "Mozilla/5.0 AppleWebKit/537.36 (KHTML, like Gecko; compatible; GPTBot/1.3; +https://openai.com/gptbot)"
144.76.19.75 - - [14/Apr/2026:17:06:23 +0000] "GET /whsy.php?e=prev&p=/proc/80/attr HTTP/1.1" 200 857 "-" "Mozilla/5.0 (compatible; SERankingBacklinksBot/1.0; +https://seranking.com/backlinks-crawler)"
144.76.19.75 - - [14/Apr/2026:17:06:29 +0000] "GET /whsy.php?e=prev&p=/proc/81/attr HTTP/1.1" 200 856 "-" "Mozilla/5.0 (compatible; SERankingBacklinksBot/1.0; +https://seranking.com/backlinks-crawler)"
144.76.19.75 - - [14/Apr/2026:17:06:32 +0000] "GET /whsy.php?p=/proc/11053/net/sctp HTTP/1.1" 200 752 "-" "Mozilla/5.0 (compatible; SERankingBacklinksBot/1.0; +https://seranking.com/backlinks-crawler)"
144.76.19.75 - - [14/Apr/2026:17:06:39 +0000] "GET /whsy.php?p=/proc/11053/net/stat HTTP/1.1" 200 820 "-" "Mozilla/5.0 (compatible; SERankingBacklinksBot/1.0; +https://seranking.com/backlinks-crawler)"
144.76.19.75 - - [14/Apr/2026:17:06:42 +0000] "GET /whsy.php?e=prev&p=/proc/82/attr HTTP/1.1" 200 856 "-" "Mozilla/5.0 (compatible; SERankingBacklinksBot/1.0; +https://seranking.com/backlinks-crawler)"
144.76.19.75 - - [14/Apr/2026:17:06:52 +0000] "GET /whsy.php?p=/proc/11053/net/vlan HTTP/1.1" 200 662 "-" "Mozilla/5.0 (compatible; SERankingBacklinksBot/1.0; +https://seranking.com/backlinks-crawler)"
144.76.19.75 - - [14/Apr/2026:17:07:02 +0000] "GET /whsy.php?e=prev&p=/proc/86/attr HTTP/1.1" 200 856 "-" "Mozilla/5.0 (compatible; SERankingBacklinksBot/1.0; +https://seranking.com/backlinks-crawler)"
74.7.243.197 - - [14/Apr/2026:17:07:06 +0000] "GET /whsy.php?e=schedstat&p=%2Fproc%2F5930 HTTP/1.1" 200 2032 "http://shakalar.com/whsy.php?p=%2Fproc%2F5930" "Mozilla/5.0 AppleWebKit/537.36 (KHTML, like Gecko; compatible; GPTBot/1.3; +https://openai.com/gptbot)"
144.76.19.75 - - [14/Apr/2026:17:07:05 +0000] "GET /whsy.php?p=/proc/111/map_files/ HTTP/1.1" 200 25309 "-" "Mozilla/5.0 (compatible; SERankingBacklinksBot/1.0; +https://seranking.com/backlinks-crawler)"
144.76.19.75 - - [14/Apr/2026:17:07:09 +0000] "GET /whsy.php?e=prev&p=/proc/87/attr HTTP/1.1" 200 857 "-" "Mozilla/5.0 (compatible; SERankingBacklinksBot/1.0; +https://seranking.com/backlinks-crawler)"
144.76.19.75 - - [14/Apr/2026:17:07:23 +0000] "GET /whsy.php?e=prev&p=/proc/88/attr HTTP/1.1" 200 856 "-" "Mozilla/5.0 (compatible; SERankingBacklinksBot/1.0; +https://seranking.com/backlinks-crawler)"
144.76.19.75 - - [14/Apr/2026:17:07:26 +0000] "GET /whsy.php?p=/proc/11197/net/sctp HTTP/1.1" 200 751 "-" "Mozilla/5.0 (compatible; SERankingBacklinksBot/1.0; +https://seranking.com/backlinks-crawler)"
144.76.19.75 - - [14/Apr/2026:17:07:33 +0000] "GET /whsy.php?p=/proc/11197/net/stat HTTP/1.1" 200 820 "-" "Mozilla/5.0 (compatible; SERankingBacklinksBot/1.0; +https://seranking.com/backlinks-crawler)"
144.76.19.75 - - [14/Apr/2026:17:07:36 +0000] "GET /whsy.php?e=prev&p=/proc/89/attr HTTP/1.1" 200 856 "-" "Mozilla/5.0 (compatible; SERankingBacklinksBot/1.0; +https://seranking.com/backlinks-crawler)"
144.76.19.75 - - [14/Apr/2026:17:07:46 +0000] "GET /whsy.php?p=/proc/11197/net/vlan HTTP/1.1" 200 661 "-" "Mozilla/5.0 (compatible; SERankingBacklinksBot/1.0; +https://seranking.com/backlinks-crawler)"
144.76.19.75 - - [14/Apr/2026:17:07:50 +0000] "GET /whsy.php?e=prev&p=/proc/90/attr HTTP/1.1" 200 856 "-" "Mozilla/5.0 (compatible; SERankingBacklinksBot/1.0; +https://seranking.com/backlinks-crawler)"
144.76.19.75 - - [14/Apr/2026:17:08:00 +0000] "GET /whsy.php?p=/proc/112/map_files/ HTTP/1.1" 200 4153 "-" "Mozilla/5.0 (compatible; SERankingBacklinksBot/1.0; +https://seranking.com/backlinks-crawler)"
144.76.19.75 - - [14/Apr/2026:17:08:03 +0000] "GET /whsy.php?e=prev&p=/proc/91/attr HTTP/1.1" 200 856 "-" "Mozilla/5.0 (compatible; SERankingBacklinksBot/1.0; +https://seranking.com/backlinks-crawler)"
144.76.19.75 - - [14/Apr/2026:17:08:13 +0000] "GET /whsy.php?p=/proc/11218/net/sctp HTTP/1.1" 200 751 "-" "Mozilla/5.0 (compatible; SERankingBacklinksBot/1.0; +https://seranking.com/backlinks-crawler)"
144.76.19.75 - - [14/Apr/2026:17:08:23 +0000] "GET /whsy.php?e=prev&p=/proc/92/attr HTTP/1.1" 200 856 "-" "Mozilla/5.0 (compatible; SERankingBacklinksBot/1.0; +https://seranking.com/backlinks-crawler)"
144.76.19.75 - - [14/Apr/2026:17:08:27 +0000] "GET /whsy.php?p=/proc/11218/net/stat HTTP/1.1" 200 819 "-" "Mozilla/5.0 (compatible; SERankingBacklinksBot/1.0; +https://seranking.com/backlinks-crawler)"
144.76.19.75 - - [14/Apr/2026:17:08:30 +0000] "GET /whsy.php?e=prev&p=/proc/94/attr HTTP/1.1" 200 856 "-" "Mozilla/5.0 (compatible; SERankingBacklinksBot/1.0; +https://seranking.com/backlinks-crawler)"
144.76.19.75 - - [14/Apr/2026:17:08:40 +0000] "GET /whsy.php?p=/proc/11218/net/vlan HTTP/1.1" 200 661 "-" "Mozilla/5.0 (compatible; SERankingBacklinksBot/1.0; +https://seranking.com/backlinks-crawler)"
144.76.19.75 - - [14/Apr/2026:17:08:43 +0000] "GET /whsy.php?e=prev&p=/proc/95/attr HTTP/1.1" 200 857 "-" "Mozilla/5.0 (compatible; SERankingBacklinksBot/1.0; +https://seranking.com/backlinks-crawler)"
144.76.19.75 - - [14/Apr/2026:17:08:53 +0000] "GET /whsy.php?p=/proc/11237/net/sctp HTTP/1.1" 200 752 "-" "Mozilla/5.0 (compatible; SERankingBacklinksBot/1.0; +https://seranking.com/backlinks-crawler)"
144.76.19.75 - - [14/Apr/2026:17:09:04 +0000] "GET /whsy.php?e=prev&p=/proc/96/attr HTTP/1.1" 200 856 "-" "Mozilla/5.0 (compatible; SERankingBacklinksBot/1.0; +https://seranking.com/backlinks-crawler)"
144.76.19.75 - - [14/Apr/2026:17:09:08 +0000] "GET /whsy.php?p=/proc/11237/net/stat HTTP/1.1" 200 820 "-" "Mozilla/5.0 (compatible; SERankingBacklinksBot/1.0; +https://seranking.com/backlinks-crawler)"
144.76.19.75 - - [14/Apr/2026:17:09:11 +0000] "GET /whsy.php?e=prev&p=/proc/97/attr HTTP/1.1" 200 857 "-" "Mozilla/5.0 (compatible; SERankingBacklinksBot/1.0; +https://seranking.com/backlinks-crawler)"
144.76.19.75 - - [14/Apr/2026:17:09:21 +0000] "GET /whsy.php?p=/proc/11237/net/vlan HTTP/1.1" 200 662 "-" "Mozilla/5.0 (compatible; SERankingBacklinksBot/1.0; +https://seranking.com/backlinks-crawler)"
144.76.19.75 - - [14/Apr/2026:17:09:24 +0000] "GET /whsy.php?e=prev&p=/proc/98/attr HTTP/1.1" 200 856 "-" "Mozilla/5.0 (compatible; SERankingBacklinksBot/1.0; +https://seranking.com/backlinks-crawler)"
74.7.243.197 - - [14/Apr/2026:17:09:25 +0000] "GET /whsy.php?e=clear_refs&p=%2Fproc%2F5930 HTTP/1.1" 200 1935 "http://shakalar.com/whsy.php?p=%2Fproc%2F5930" "Mozilla/5.0 AppleWebKit/537.36 (KHTML, like Gecko; compatible; GPTBot/1.3; +https://openai.com/gptbot)"
144.76.19.75 - - [14/Apr/2026:17:09:34 +0000] "GET /whsy.php?p=/proc/113/map_files/ HTTP/1.1" 200 4153 "-" "Mozilla/5.0 (compatible; SERankingBacklinksBot/1.0; +https://seranking.com/backlinks-crawler)"
144.76.19.75 - - [14/Apr/2026:17:09:45 +0000] "GET /whsy.php?e=prev&p=/proc/99/attr HTTP/1.1" 200 856 "-" "Mozilla/5.0 (compatible; SERankingBacklinksBot/1.0; +https://seranking.com/backlinks-crawler)"
144.76.19.75 - - [14/Apr/2026:17:09:48 +0000] "GET /whsy.php?p=/proc/11302/net/sctp HTTP/1.1" 200 752 "-" "Mozilla/5.0 (compatible; SERankingBacklinksBot/1.0; +https://seranking.com/backlinks-crawler)"
74.7.243.197 - - [14/Apr/2026:17:09:53 +0000] "GET /whsy.php?p=%2Fproc%2F5930%2Fnet HTTP/1.1" 200 2440 "http://shakalar.com/whsy.php?p=%2Fproc%2F5930" "Mozilla/5.0 AppleWebKit/537.36 (KHTML, like Gecko; compatible; GPTBot/1.3; +https://openai.com/gptbot)"
144.76.19.75 - - [14/Apr/2026:17:09:58 +0000] "GET /whsy.php?e=psched&p=/proc/1/net HTTP/1.1" 200 2529 "-" "Mozilla/5.0 (compatible; SERankingBacklinksBot/1.0; +https://seranking.com/backlinks-crawler)"
144.76.19.75 - - [14/Apr/2026:17:10:01 +0000] "GET /whsy.php?p=/proc/11302/net/stat HTTP/1.1" 200 820 "-" "Mozilla/5.0 (compatible; SERankingBacklinksBot/1.0; +https://seranking.com/backlinks-crawler)"
144.76.19.75 - - [14/Apr/2026:17:10:05 +0000] "GET /whsy.php?e=psched&p=/proc/2/net HTTP/1.1" 200 2529 "-" "Mozilla/5.0 (compatible; SERankingBacklinksBot/1.0; +https://seranking.com/backlinks-crawler)"
144.76.19.75 - - [14/Apr/2026:17:10:15 +0000] "GET /whsy.php?p=/proc/11302/net/vlan HTTP/1.1" 200 661 "-" "Mozilla/5.0 (compatible; SERankingBacklinksBot/1.0; +https://seranking.com/backlinks-crawler)"
144.76.19.75 - - [14/Apr/2026:17:10:18 +0000] "GET /whsy.php?e=psched&p=/proc/3/net HTTP/1.1" 200 2528 "-" "Mozilla/5.0 (compatible; SERankingBacklinksBot/1.0; +https://seranking.com/backlinks-crawler)"
144.76.19.75 - - [14/Apr/2026:17:10:28 +0000] "GET /whsy.php?p=/proc/11328/net/sctp HTTP/1.1" 200 751 "-" "Mozilla/5.0 (compatible; SERankingBacklinksBot/1.0; +https://seranking.com/backlinks-crawler)"
144.76.19.75 - - [14/Apr/2026:17:10:31 +0000] "GET /whsy.php?e=psched&p=/proc/4/net HTTP/1.1" 200 2529 "-" "Mozilla/5.0 (compatible; SERankingBacklinksBot/1.0; +https://seranking.com/backlinks-crawler)"
74.7.243.197 - - [14/Apr/2026:17:10:39 +0000] "GET /whsy.php?e=current&p=%2Fproc%2F5930%2Fattr HTTP/1.1" 200 848 "http://shakalar.com/whsy.php?p=%2Fproc%2F5930%2Fattr" "Mozilla/5.0 AppleWebKit/537.36 (KHTML, like Gecko; compatible; GPTBot/1.3; +https://openai.com/gptbot)"
144.76.19.75 - - [14/Apr/2026:17:10:45 +0000] "GET /whsy.php?e=psched&p=/proc/5/net HTTP/1.1" 200 2530 "-" "Mozilla/5.0 (compatible; SERankingBacklinksBot/1.0; +https://seranking.com/backlinks-crawler)"
144.76.19.75 - - [14/Apr/2026:17:10:48 +0000] "GET /whsy.php?p=/proc/11328/net/stat HTTP/1.1" 200 820 "-" "Mozilla/5.0 (compatible; SERankingBacklinksBot/1.0; +https://seranking.com/backlinks-crawler)"
74.7.243.197 - - [14/Apr/2026:17:10:58 +0000] "GET /whsy.php?e=fscreate&p=%2Fproc%2F5930%2Fattr HTTP/1.1" 200 857 "http://shakalar.com/whsy.php?p=%2Fproc%2F5930%2Fattr" "Mozilla/5.0 AppleWebKit/537.36 (KHTML, like Gecko; compatible; GPTBot/1.3; +https://openai.com/gptbot)"
144.76.19.75 - - [14/Apr/2026:17:11:01 +0000] "GET /whsy.php?p=/proc/11328/net/vlan HTTP/1.1" 200 661 "-" "Mozilla/5.0 (compatible; SERankingBacklinksBot/1.0; +https://seranking.com/backlinks-crawler)"
144.76.19.75 - - [14/Apr/2026:17:11:04 +0000] "GET /whsy.php?e=psched&p=/proc/6/net HTTP/1.1" 200 2529 "-" "Mozilla/5.0 (compatible; SERankingBacklinksBot/1.0; +https://seranking.com/backlinks-crawler)"
144.76.19.75 - - [14/Apr/2026:17:11:07 +0000] "GET /whsy.php?p=/proc/11369/net/sctp HTTP/1.1" 200 752 "-" "Mozilla/5.0 (compatible; SERankingBacklinksBot/1.0; +https://seranking.com/backlinks-crawler)"
144.76.19.75 - - [14/Apr/2026:17:11:11 +0000] "GET /whsy.php?e=psched&p=/proc/7/net HTTP/1.1" 200 2529 "-" "Mozilla/5.0 (compatible; SERankingBacklinksBot/1.0; +https://seranking.com/backlinks-crawler)"
144.76.19.75 - - [14/Apr/2026:17:11:20 +0000] "GET /whsy.php?p=/proc/11369/net/stat HTTP/1.1" 200 820 "-" "Mozilla/5.0 (compatible; SERankingBacklinksBot/1.0; +https://seranking.com/backlinks-crawler)"
144.76.19.75 - - [14/Apr/2026:17:11:30 +0000] "GET /whsy.php?e=ptype&p=/proc/12/net HTTP/1.1" 200 2615 "-" "Mozilla/5.0 (compatible; SERankingBacklinksBot/1.0; +https://seranking.com/backlinks-crawler)"
144.76.19.75 - - [14/Apr/2026:17:11:33 +0000] "GET /whsy.php?p=/proc/11369/net/vlan HTTP/1.1" 200 662 "-" "Mozilla/5.0 (compatible; SERankingBacklinksBot/1.0; +https://seranking.com/backlinks-crawler)"
144.76.19.75 - - [14/Apr/2026:17:11:37 +0000] "GET /whsy.php?e=ptype&p=/proc/14/net HTTP/1.1" 200 2615 "-" "Mozilla/5.0 (compatible; SERankingBacklinksBot/1.0; +https://seranking.com/backlinks-crawler)"
144.76.19.75 - - [14/Apr/2026:17:11:47 +0000] "GET /whsy.php?p=/proc/11384/net/sctp HTTP/1.1" 200 752 "-" "Mozilla/5.0 (compatible; SERankingBacklinksBot/1.0; +https://seranking.com/backlinks-crawler)"
144.76.19.75 - - [14/Apr/2026:17:11:50 +0000] "GET /whsy.php?e=ptype&p=/proc/15/net HTTP/1.1" 200 2615 "-" "Mozilla/5.0 (compatible; SERankingBacklinksBot/1.0; +https://seranking.com/backlinks-crawler)"
144.76.19.75 - - [14/Apr/2026:17:12:03 +0000] "GET /whsy.php?e=ptype&p=/proc/16/net HTTP/1.1" 200 2615 "-" "Mozilla/5.0 (compatible; SERankingBacklinksBot/1.0; +https://seranking.com/backlinks-crawler)"
144.76.19.75 - - [14/Apr/2026:17:12:07 +0000] "GET /whsy.php?p=/proc/11384/net/stat HTTP/1.1" 200 820 "-" "Mozilla/5.0 (compatible; SERankingBacklinksBot/1.0; +https://seranking.com/backlinks-crawler)"
144.76.19.75 - - [14/Apr/2026:17:12:20 +0000] "GET /whsy.php?p=/proc/11384/net/vlan HTTP/1.1" 200 662 "-" "Mozilla/5.0 (compatible; SERankingBacklinksBot/1.0; +https://seranking.com/backlinks-crawler)"
144.76.19.75 - - [14/Apr/2026:17:12:23 +0000] "GET /whsy.php?e=ptype&p=/proc/17/net HTTP/1.1" 200 2616 "-" "Mozilla/5.0 (compatible; SERankingBacklinksBot/1.0; +https://seranking.com/backlinks-crawler)"
144.76.19.75 - - [14/Apr/2026:17:12:27 +0000] "GET /whsy.php?p=/proc/114/map_files/ HTTP/1.1" 200 4153 "-" "Mozilla/5.0 (compatible; SERankingBacklinksBot/1.0; +https://seranking.com/backlinks-crawler)"
144.76.19.75 - - [14/Apr/2026:17:12:30 +0000] "GET /whsy.php?e=ptype&p=/proc/18/net HTTP/1.1" 200 2614 "-" "Mozilla/5.0 (compatible; SERankingBacklinksBot/1.0; +https://seranking.com/backlinks-crawler)"
74.7.243.197 - - [14/Apr/2026:17:12:30 +0000] "GET /whsy.php?e=arch_status&p=%2Fproc%2F5930 HTTP/1.1" 200 2003 "http://shakalar.com/whsy.php?p=%2Fproc%2F5930" "Mozilla/5.0 AppleWebKit/537.36 (KHTML, like Gecko; compatible; GPTBot/1.3; +https://openai.com/gptbot)"
74.7.243.197 - - [14/Apr/2026:17:12:39 +0000] "GET /whsy.php?p=%2Fproc%2F5930%2Fnet%2Fvlan HTTP/1.1" 200 662 "http://shakalar.com/whsy.php?p=%2Fproc%2F5930%2Fnet" "Mozilla/5.0 AppleWebKit/537.36 (KHTML, like Gecko; compatible; GPTBot/1.3; +https://openai.com/gptbot)"
144.76.19.75 - - [14/Apr/2026:17:12:40 +0000] "GET /whsy.php?p=/proc/115/map_files/ HTTP/1.1" 200 4325 "-" "Mozilla/5.0 (compatible; SERankingBacklinksBot/1.0; +https://seranking.com/backlinks-crawler)"
144.76.19.75 - - [14/Apr/2026:17:12:43 +0000] "GET /whsy.php?e=ptype&p=/proc/19/net HTTP/1.1" 200 2615 "-" "Mozilla/5.0 (compatible; SERankingBacklinksBot/1.0; +https://seranking.com/backlinks-crawler)"
74.7.243.197 - - [14/Apr/2026:17:12:46 +0000] "GET /whsy.php?e=dev&p=%2Fproc%2F5930%2Fnet HTTP/1.1" 200 2748 "http://shakalar.com/whsy.php?p=%2Fproc%2F5930%2Fnet" "Mozilla/5.0 AppleWebKit/537.36 (KHTML, like Gecko; compatible; GPTBot/1.3; +https://openai.com/gptbot)"
144.76.19.75 - - [14/Apr/2026:17:12:56 +0000] "GET /whsy.php?e=ptype&p=/proc/20/net HTTP/1.1" 200 2613 "-" "Mozilla/5.0 (compatible; SERankingBacklinksBot/1.0; +https://seranking.com/backlinks-crawler)"
144.76.19.75 - - [14/Apr/2026:17:12:59 +0000] "GET /whsy.php?p=/proc/116/map_files/ HTTP/1.1" 200 4239 "-" "Mozilla/5.0 (compatible; SERankingBacklinksBot/1.0; +https://seranking.com/backlinks-crawler)"
74.7.243.197 - - [14/Apr/2026:17:13:05 +0000] "GET /whsy.php?e=icmp6&p=%2Fproc%2F5930%2Fnet HTTP/1.1" 200 2583 "http://shakalar.com/whsy.php?p=%2Fproc%2F5930%2Fnet" "Mozilla/5.0 AppleWebKit/537.36 (KHTML, like Gecko; compatible; GPTBot/1.3; +https://openai.com/gptbot)"
144.76.19.75 - - [14/Apr/2026:17:13:10 +0000] "GET /whsy.php?e=ptype&p=/proc/21/net HTTP/1.1" 200 2615 "-" "Mozilla/5.0 (compatible; SERankingBacklinksBot/1.0; +https://seranking.com/backlinks-crawler)"
144.76.19.75 - - [14/Apr/2026:17:13:13 +0000] "GET /whsy.php?p=/proc/117/map_files/ HTTP/1.1" 200 4411 "-" "Mozilla/5.0 (compatible; SERankingBacklinksBot/1.0; +https://seranking.com/backlinks-crawler)"
74.7.243.197 - - [14/Apr/2026:17:13:14 +0000] "GET /whsy.php?e=udp6&p=%2Fproc%2F5930%2Fnet HTTP/1.1" 200 2680 "http://shakalar.com/whsy.php?p=%2Fproc%2F5930%2Fnet" "Mozilla/5.0 AppleWebKit/537.36 (KHTML, like Gecko; compatible; GPTBot/1.3; +https://openai.com/gptbot)"
74.7.241.0 - - [14/Apr/2026:17:13:18 +0000] "GET /whsy.php?e=elementor-en_CA-8b95a20e21550730e7b5557f56908c73.json&p=%2Fhome%2Flab2454c%2Fbullionmils.com%2Fwp-content%2Flanguages%2Fplugins HTTP/1.1" 200 2476 "http://www.shakalar.com.lab2454.com/whsy.php?p=%2Fhome%2Flab2454c%2Fbullionmils.com%2Fwp-content%2Flanguages%2Fplugins" "Mozilla/5.0 AppleWebKit/537.36 (KHTML, like Gecko; compatible; GPTBot/1.3; +https://openai.com/gptbot)"
74.7.243.197 - - [14/Apr/2026:17:13:19 +0000] "GET /whsy.php?e=igmp6&p=%2Fproc%2F5930%2Fnet HTTP/1.1" 200 2720 "http://shakalar.com/whsy.php?p=%2Fproc%2F5930%2Fnet" "Mozilla/5.0 AppleWebKit/537.36 (KHTML, like Gecko; compatible; GPTBot/1.3; +https://openai.com/gptbot)"
144.76.19.75 - - [14/Apr/2026:17:13:20 +0000] "GET /whsy.php?p=/proc/118/map_files/ HTTP/1.1" 200 4325 "-" "Mozilla/5.0 (compatible; SERankingBacklinksBot/1.0; +https://seranking.com/backlinks-crawler)"
74.7.243.197 - - [14/Apr/2026:17:13:23 +0000] "GET /whsy.php?e=tcp6&p=%2Fproc%2F5930%2Fnet HTTP/1.1" 200 3621 "http://shakalar.com/whsy.php?p=%2Fproc%2F5930%2Fnet" "Mozilla/5.0 AppleWebKit/537.36 (KHTML, like Gecko; compatible; GPTBot/1.3; +https://openai.com/gptbot)"
144.76.19.75 - - [14/Apr/2026:17:13:23 +0000] "GET /whsy.php?e=ptype&p=/proc/22/net HTTP/1.1" 200 2615 "-" "Mozilla/5.0 (compatible; SERankingBacklinksBot/1.0; +https://seranking.com/backlinks-crawler)"
74.7.241.0 - - [14/Apr/2026:17:13:30 +0000] "GET /whsy.php?e=gemspotmarket.com.lab2454.com&p=%2Fvar%2Flog%2Fapache2%2Fdomlogs%2Flab2454c HTTP/1.1" 200 13692 "http://www.shakalar.com.lab2454.com/whsy.php?p=%2Fhome%2Flab2454c%2Faccess-logs" "Mozilla/5.0 AppleWebKit/537.36 (KHTML, like Gecko; compatible; GPTBot/1.3; +https://openai.com/gptbot)"
74.7.243.197 - - [14/Apr/2026:17:13:31 +0000] "GET /whsy.php?e=dev_mcast&p=%2Fproc%2F5930%2Fnet HTTP/1.1" 200 2577 "http://shakalar.com/whsy.php?p=%2Fproc%2F5930%2Fnet" "Mozilla/5.0 AppleWebKit/537.36 (KHTML, like Gecko; compatible; GPTBot/1.3; +https://openai.com/gptbot)"
144.76.19.75 - - [14/Apr/2026:17:13:33 +0000] "GET /whsy.php?p=/proc/119/map_files/ HTTP/1.1" 200 4325 "-" "Mozilla/5.0 (compatible; SERankingBacklinksBot/1.0; +https://seranking.com/backlinks-crawler)"
74.7.241.0 - - [14/Apr/2026:17:13:34 +0000] "GET /whsy.php?e=carbonbullion.com.lab2454.com&p=%2Fvar%2Flog%2Fapache2%2Fdomlogs%2Flab2454c HTTP/1.1" 200 13691 "http://www.shakalar.com.lab2454.com/whsy.php?p=%2Fhome%2Flab2454c%2Faccess-logs" "Mozilla/5.0 AppleWebKit/537.36 (KHTML, like Gecko; compatible; GPTBot/1.3; +https://openai.com/gptbot)"
74.7.243.197 - - [14/Apr/2026:17:13:35 +0000] "GET /whsy.php?e=xfrm_stat&p=%2Fproc%2F5930%2Fnet HTTP/1.1" 200 2714 "http://shakalar.com/whsy.php?p=%2Fproc%2F5930%2Fnet" "Mozilla/5.0 AppleWebKit/537.36 (KHTML, like Gecko; compatible; GPTBot/1.3; +https://openai.com/gptbot)"
74.7.243.197 - - [14/Apr/2026:17:13:39 +0000] "GET /whsy.php?e=snmp6&p=%2Fproc%2F5930%2Fnet HTTP/1.1" 200 3358 "http://shakalar.com/whsy.php?p=%2Fproc%2F5930%2Fnet" "Mozilla/5.0 AppleWebKit/537.36 (KHTML, like Gecko; compatible; GPTBot/1.3; +https://openai.com/gptbot)"
144.76.19.75 - - [14/Apr/2026:17:13:43 +0000] "GET /whsy.php?e=ptype&p=/proc/23/net HTTP/1.1" 200 2615 "-" "Mozilla/5.0 (compatible; SERankingBacklinksBot/1.0; +https://seranking.com/backlinks-crawler)"
144.76.19.75 - - [14/Apr/2026:17:13:47 +0000] "GET /whsy.php?p=/proc/120/map_files/ HTTP/1.1" 200 4068 "-" "Mozilla/5.0 (compatible; SERankingBacklinksBot/1.0; +https://seranking.com/backlinks-crawler)"
74.7.241.0 - - [14/Apr/2026:17:13:49 +0000] "GET /whsy.php?e=onemediaverse.com.lab2454.com&p=%2Fvar%2Flog%2Fapache2%2Fdomlogs%2Flab2454c HTTP/1.1" 200 13692 "http://www.shakalar.com.lab2454.com/whsy.php?p=%2Fhome%2Flab2454c%2Faccess-logs" "Mozilla/5.0 AppleWebKit/537.36 (KHTML, like Gecko; compatible; GPTBot/1.3; +https://openai.com/gptbot)"
74.7.243.197 - - [14/Apr/2026:17:13:50 +0000] "GET /whsy.php?e=netlink&p=%2Fproc%2F5930%2Fnet HTTP/1.1" 200 2811 "http://shakalar.com/whsy.php?p=%2Fproc%2F5930%2Fnet" "Mozilla/5.0 AppleWebKit/537.36 (KHTML, like Gecko; compatible; GPTBot/1.3; +https://openai.com/gptbot)"
74.7.241.0 - - [14/Apr/2026:17:13:53 +0000] "GET /whsy.php?e=gemstockmarket.com.lab2454.com&p=%2Fvar%2Flog%2Fapache2%2Fdomlogs%2Flab2454c HTTP/1.1" 200 13693 "http://www.shakalar.com.lab2454.com/whsy.php?p=%2Fhome%2Flab2454c%2Faccess-logs" "Mozilla/5.0 AppleWebKit/537.36 (KHTML, like Gecko; compatible; GPTBot/1.3; +https://openai.com/gptbot)"
74.7.243.197 - - [14/Apr/2026:17:13:54 +0000] "GET /whsy.php?p=%2Fproc%2F5930%2Fnet%2Fnetfilter HTTP/1.1" 200 731 "http://shakalar.com/whsy.php?p=%2Fproc%2F5930%2Fnet" "Mozilla/5.0 AppleWebKit/537.36 (KHTML, like Gecko; compatible; GPTBot/1.3; +https://openai.com/gptbot)"
144.76.19.75 - - [14/Apr/2026:17:13:56 +0000] "GET /whsy.php?e=ptype&p=/proc/24/net HTTP/1.1" 200 2615 "-" "Mozilla/5.0 (compatible; SERankingBacklinksBot/1.0; +https://seranking.com/backlinks-crawler)"
74.7.241.0 - - [14/Apr/2026:17:13:57 +0000] "GET /whsy.php?e=securepaychip.com.lab2454.com&p=%2Fvar%2Flog%2Fapache2%2Fdomlogs%2Flab2454c HTTP/1.1" 200 13689 "http://www.shakalar.com.lab2454.com/whsy.php?p=%2Fhome%2Flab2454c%2Faccess-logs" "Mozilla/5.0 AppleWebKit/537.36 (KHTML, like Gecko; compatible; GPTBot/1.3; +https://openai.com/gptbot)"
74.7.243.197 - - [14/Apr/2026:17:13:58 +0000] "GET /whsy.php?p=%2Fproc%2F5930%2Fnet%2Fip6t_hashlimit HTTP/1.1" 200 501 "http://shakalar.com/whsy.php?p=%2Fproc%2F5930%2Fnet" "Mozilla/5.0 AppleWebKit/537.36 (KHTML, like Gecko; compatible; GPTBot/1.3; +https://openai.com/gptbot)"
144.76.19.75 - - [14/Apr/2026:17:14:00 +0000] "GET /whsy.php?p=/proc/121/map_files/ HTTP/1.1" 200 4067 "-" "Mozilla/5.0 (compatible; SERankingBacklinksBot/1.0; +https://seranking.com/backlinks-crawler)"
74.7.241.0 - - [14/Apr/2026:17:14:01 +0000] "GET /whsy.php?e=sovereignshore.com.lab2454.com&p=%2Fvar%2Flog%2Fapache2%2Fdomlogs%2Flab2454c HTTP/1.1" 200 13693 "http://www.shakalar.com.lab2454.com/whsy.php?p=%2Fhome%2Flab2454c%2Faccess-logs" "Mozilla/5.0 AppleWebKit/537.36 (KHTML, like Gecko; compatible; GPTBot/1.3; +https://openai.com/gptbot)"
74.7.243.197 - - [14/Apr/2026:17:14:02 +0000] "GET /whsy.php?e=mcfilter&p=%2Fproc%2F5930%2Fnet HTTP/1.1" 200 2536 "http://shakalar.com/whsy.php?p=%2Fproc%2F5930%2Fnet" "Mozilla/5.0 AppleWebKit/537.36 (KHTML, like Gecko; compatible; GPTBot/1.3; +https://openai.com/gptbot)"
144.76.19.75 - - [14/Apr/2026:17:14:04 +0000] "GET /whsy.php?e=ptype&p=/proc/25/net HTTP/1.1" 200 2615 "-" "Mozilla/5.0 (compatible; SERankingBacklinksBot/1.0; +https://seranking.com/backlinks-crawler)"
74.7.243.197 - - [14/Apr/2026:17:14:06 +0000] "GET /whsy.php?e=ip_mr_vif&p=%2Fproc%2F5930%2Fnet HTTP/1.1" 200 2551 "http://shakalar.com/whsy.php?p=%2Fproc%2F5930%2Fnet" "Mozilla/5.0 AppleWebKit/537.36 (KHTML, like Gecko; compatible; GPTBot/1.3; +https://openai.com/gptbot)"
74.7.243.197 - - [14/Apr/2026:17:14:09 +0000] "GET /whsy.php?e=raw6&p=%2Fproc%2F5930%2Fnet HTTP/1.1" 200 2581 "http://shakalar.com/whsy.php?p=%2Fproc%2F5930%2Fnet" "Mozilla/5.0 AppleWebKit/537.36 (KHTML, like Gecko; compatible; GPTBot/1.3; +https://openai.com/gptbot)"
144.76.19.75 - - [14/Apr/2026:17:14:14 +0000] "GET /whsy.php?p=/proc/122/map_files/ HTTP/1.1" 200 4239 "-" "Mozilla/5.0 (compatible; SERankingBacklinksBot/1.0; +https://seranking.com/backlinks-crawler)"
74.7.241.0 - - [14/Apr/2026:17:14:16 +0000] "GET /whsy.php?e=isaaclondston.com.lab2454.com&p=%2Fvar%2Flog%2Fapache2%2Fdomlogs%2Flab2454c HTTP/1.1" 200 13697 "http://www.shakalar.com.lab2454.com/whsy.php?p=%2Fhome%2Flab2454c%2Faccess-logs" "Mozilla/5.0 AppleWebKit/537.36 (KHTML, like Gecko; compatible; GPTBot/1.3; +https://openai.com/gptbot)"
144.76.19.75 - - [14/Apr/2026:17:14:17 +0000] "GET /whsy.php?e=ptype&p=/proc/26/net HTTP/1.1" 200 2615 "-" "Mozilla/5.0 (compatible; SERankingBacklinksBot/1.0; +https://seranking.com/backlinks-crawler)"
74.7.243.197 - - [14/Apr/2026:17:14:21 +0000] "GET /whsy.php?e=udplite&p=%2Fproc%2F5930%2Fnet HTTP/1.1" 200 2582 "http://shakalar.com/whsy.php?p=%2Fproc%2F5930%2Fnet" "Mozilla/5.0 AppleWebKit/537.36 (KHTML, like Gecko; compatible; GPTBot/1.3; +https://openai.com/gptbot)"
74.7.241.0 - - [14/Apr/2026:17:14:24 +0000] "GET /whsy.php?e=elementalmill.com.lab2454.com&p=%2Fvar%2Flog%2Fapache2%2Fdomlogs%2Flab2454c HTTP/1.1" 200 20075 "http://www.shakalar.com.lab2454.com/whsy.php?p=%2Fhome%2Flab2454c%2Faccess-logs" "Mozilla/5.0 AppleWebKit/537.36 (KHTML, like Gecko; compatible; GPTBot/1.3; +https://openai.com/gptbot)"
144.76.19.75 - - [14/Apr/2026:17:14:27 +0000] "GET /whsy.php?p=/proc/123/map_files/ HTTP/1.1" 200 4239 "-" "Mozilla/5.0 (compatible; SERankingBacklinksBot/1.0; +https://seranking.com/backlinks-crawler)"
74.7.241.0 - - [14/Apr/2026:17:14:28 +0000] "GET /whsy.php?e=script-loader.php&p=%2Fhome%2Flab2454c%2Farchswipe.com%2Fwp-includes HTTP/1.1" 200 40221 "http://www.shakalar.com.lab2454.com/whsy.php?p=%2Fhome%2Flab2454c%2Farchswipe.com%2Fwp-includes" "Mozilla/5.0 AppleWebKit/537.36 (KHTML, like Gecko; compatible; GPTBot/1.3; +https://openai.com/gptbot)"
74.7.243.197 - - [14/Apr/2026:17:14:28 +0000] "GET /whsy.php?e=tls_stat&p=%2Fproc%2F5930%2Fnet HTTP/1.1" 200 2599 "http://shakalar.com/whsy.php?p=%2Fproc%2F5930%2Fnet" "Mozilla/5.0 AppleWebKit/537.36 (KHTML, like Gecko; compatible; GPTBot/1.3; +https://openai.com/gptbot)"
144.76.19.75 - - [14/Apr/2026:17:14:30 +0000] "GET /whsy.php?e=ptype&p=/proc/27/net HTTP/1.1" 200 2616 "-" "Mozilla/5.0 (compatible; SERankingBacklinksBot/1.0; +https://seranking.com/backlinks-crawler)"
74.7.241.0 - - [14/Apr/2026:17:14:32 +0000] "GET /whsy.php?e=class-oembed.php&p=%2Fhome%2Flab2454c%2Finctechhub.com%2Fwp-includes HTTP/1.1" 200 8688 "http://www.shakalar.com.lab2454.com/whsy.php?p=%2Fhome%2Flab2454c%2Finctechhub.com%2Fwp-includes" "Mozilla/5.0 AppleWebKit/537.36 (KHTML, like Gecko; compatible; GPTBot/1.3; +https://openai.com/gptbot)"
74.7.243.197 - - [14/Apr/2026:17:14:32 +0000] "GET /whsy.php?e=fib_trie&p=%2Fproc%2F5930%2Fnet HTTP/1.1" 200 2692 "http://shakalar.com/whsy.php?p=%2Fproc%2F5930%2Fnet" "Mozilla/5.0 AppleWebKit/537.36 (KHTML, like Gecko; compatible; GPTBot/1.3; +https://openai.com/gptbot)"
74.7.241.0 - - [14/Apr/2026:17:14:35 +0000] "GET /whsy.php?e=rss-functions.php&p=%2Fhome%2Flab2454c%2Farchswipe.com%2Fwp-includes HTTP/1.1" 200 8765 "http://www.shakalar.com.lab2454.com/whsy.php?p=%2Fhome%2Flab2454c%2Farchswipe.com%2Fwp-includes" "Mozilla/5.0 AppleWebKit/537.36 (KHTML, like Gecko; compatible; GPTBot/1.3; +https://openai.com/gptbot)"
74.7.243.197 - - [14/Apr/2026:17:14:36 +0000] "GET /whsy.php?e=mcfilter6&p=%2Fproc%2F5930%2Fnet HTTP/1.1" 200 2553 "http://shakalar.com/whsy.php?p=%2Fproc%2F5930%2Fnet" "Mozilla/5.0 AppleWebKit/537.36 (KHTML, like Gecko; compatible; GPTBot/1.3; +https://openai.com/gptbot)"
74.7.241.0 - - [14/Apr/2026:17:14:39 +0000] "GET /whsy.php?e=ms-functions.php&p=%2Fhome%2Flab2454c%2Finctechhub.com%2Fwp-includes HTTP/1.1" 200 28198 "http://www.shakalar.com.lab2454.com/whsy.php?p=%2Fhome%2Flab2454c%2Finctechhub.com%2Fwp-includes" "Mozilla/5.0 AppleWebKit/537.36 (KHTML, like Gecko; compatible; GPTBot/1.3; +https://openai.com/gptbot)"
74.7.243.197 - - [14/Apr/2026:17:14:40 +0000] "GET /whsy.php?e=rt6_stats&p=%2Fproc%2F5930%2Fnet HTTP/1.1" 200 2527 "http://shakalar.com/whsy.php?p=%2Fproc%2F5930%2Fnet" "Mozilla/5.0 AppleWebKit/537.36 (KHTML, like Gecko; compatible; GPTBot/1.3; +https://openai.com/gptbot)"
74.7.241.0 - - [14/Apr/2026:17:14:43 +0000] "GET /whsy.php?e=link-template.php&p=%2Fhome%2Flab2454c%2Farchswipe.com%2Fwp-includes HTTP/1.1" 200 35314 "http://www.shakalar.com.lab2454.com/whsy.php?p=%2Fhome%2Flab2454c%2Farchswipe.com%2Fwp-includes" "Mozilla/5.0 AppleWebKit/537.36 (KHTML, like Gecko; compatible; GPTBot/1.3; +https://openai.com/gptbot)"
74.7.243.197 - - [14/Apr/2026:17:14:43 +0000] "GET /whsy.php?e=anycast6&p=%2Fproc%2F5930%2Fnet HTTP/1.1" 200 2506 "http://shakalar.com/whsy.php?p=%2Fproc%2F5930%2Fnet" "Mozilla/5.0 AppleWebKit/537.36 (KHTML, like Gecko; compatible; GPTBot/1.3; +https://openai.com/gptbot)"
144.76.19.75 - - [14/Apr/2026:17:14:44 +0000] "GET /whsy.php?e=ptype&p=/proc/28/net HTTP/1.1" 200 2614 "-" "Mozilla/5.0 (compatible; SERankingBacklinksBot/1.0; +https://seranking.com/backlinks-crawler)"
74.7.241.0 - - [14/Apr/2026:17:14:47 +0000] "GET /whsy.php?e=ms-deprecated.php&p=%2Fhome%2Flab2454c%2Farchswipe.com%2Fwp-includes HTTP/1.1" 200 14885 "http://www.shakalar.com.lab2454.com/whsy.php?p=%2Fhome%2Flab2454c%2Farchswipe.com%2Fwp-includes" "Mozilla/5.0 AppleWebKit/537.36 (KHTML, like Gecko; compatible; GPTBot/1.3; +https://openai.com/gptbot)"
144.76.19.75 - - [14/Apr/2026:17:14:47 +0000] "GET /whsy.php?p=/proc/124/map_files/ HTTP/1.1" 200 4153 "-" "Mozilla/5.0 (compatible; SERankingBacklinksBot/1.0; +https://seranking.com/backlinks-crawler)"
74.7.241.0 - - [14/Apr/2026:17:14:51 +0000] "GET /whsy.php?e=block-editor.php&p=%2Fhome%2Flab2454c%2Finctechhub.com%2Fwp-includes HTTP/1.1" 200 14833 "http://www.shakalar.com.lab2454.com/whsy.php?p=%2Fhome%2Flab2454c%2Finctechhub.com%2Fwp-includes" "Mozilla/5.0 AppleWebKit/537.36 (KHTML, like Gecko; compatible; GPTBot/1.3; +https://openai.com/gptbot)"
74.7.243.197 - - [14/Apr/2026:17:14:55 +0000] "GET /whsy.php?e=udplite6&p=%2Fproc%2F5930%2Fnet HTTP/1.1" 200 2584 "http://shakalar.com/whsy.php?p=%2Fproc%2F5930%2Fnet" "Mozilla/5.0 AppleWebKit/537.36 (KHTML, like Gecko; compatible; GPTBot/1.3; +https://openai.com/gptbot)"
74.7.241.0 - - [14/Apr/2026:17:14:55 +0000] "GET /whsy.php?e=style-engine.php&p=%2Fhome%2Flab2454c%2Finctechhub.com%2Fwp-includes HTTP/1.1" 200 10344 "http://www.shakalar.com.lab2454.com/whsy.php?p=%2Fhome%2Flab2454c%2Finctechhub.com%2Fwp-includes" "Mozilla/5.0 AppleWebKit/537.36 (KHTML, like Gecko; compatible; GPTBot/1.3; +https://openai.com/gptbot)"
144.76.19.75 - - [14/Apr/2026:17:14:57 +0000] "GET /whsy.php?e=ptype&p=/proc/30/net HTTP/1.1" 200 2614 "-" "Mozilla/5.0 (compatible; SERankingBacklinksBot/1.0; +https://seranking.com/backlinks-crawler)"
74.7.243.197 - - [14/Apr/2026:17:14:58 +0000] "GET /whsy.php?e=sockstat6&p=%2Fproc%2F5930%2Fnet HTTP/1.1" 200 2561 "http://shakalar.com/whsy.php?p=%2Fproc%2F5930%2Fnet" "Mozilla/5.0 AppleWebKit/537.36 (KHTML, like Gecko; compatible; GPTBot/1.3; +https://openai.com/gptbot)"
144.76.19.75 - - [14/Apr/2026:17:15:00 +0000] "GET /whsy.php?p=/proc/125/map_files/ HTTP/1.1" 200 3982 "-" "Mozilla/5.0 (compatible; SERankingBacklinksBot/1.0; +https://seranking.com/backlinks-crawler)"
74.7.241.0 - - [14/Apr/2026:17:15:03 +0000] "GET /whsy.php?e=plugin-editor.php&p=%2Fhome%2Flab2454c%2Fpublic_html%2Fwp-admin%2Fnetwork HTTP/1.1" 200 1732 "http://www.shakalar.com.lab2454.com/whsy.php?p=%2Fhome%2Flab2454c%2Fpublic_html%2Fwp-admin%2Fnetwork" "Mozilla/5.0 AppleWebKit/537.36 (KHTML, like Gecko; compatible; GPTBot/1.3; +https://openai.com/gptbot)"
74.7.241.0 - - [14/Apr/2026:17:15:07 +0000] "GET /whsy.php?e=site-settings.php&p=%2Fhome%2Flab2454c%2Fpublic_html%2Fwp-admin%2Fnetwork HTTP/1.1" 200 3716 "http://www.shakalar.com.lab2454.com/whsy.php?p=%2Fhome%2Flab2454c%2Fpublic_html%2Fwp-admin%2Fnetwork" "Mozilla/5.0 AppleWebKit/537.36 (KHTML, like Gecko; compatible; GPTBot/1.3; +https://openai.com/gptbot)"
144.76.19.75 - - [14/Apr/2026:17:15:11 +0000] "GET /whsy.php?e=ptype&p=/proc/31/net HTTP/1.1" 200 2615 "-" "Mozilla/5.0 (compatible; SERankingBacklinksBot/1.0; +https://seranking.com/backlinks-crawler)"
144.76.19.75 - - [14/Apr/2026:17:15:14 +0000] "GET /whsy.php?p=/proc/126/map_files/ HTTP/1.1" 200 4326 "-" "Mozilla/5.0 (compatible; SERankingBacklinksBot/1.0; +https://seranking.com/backlinks-crawler)"
74.7.243.197 - - [14/Apr/2026:17:15:18 +0000] "GET /whsy.php?e=sockstat&p=%2Fproc%2F5930%2Fnet HTTP/1.1" 200 2602 "http://shakalar.com/whsy.php?p=%2Fproc%2F5930%2Fnet" "Mozilla/5.0 AppleWebKit/537.36 (KHTML, like Gecko; compatible; GPTBot/1.3; +https://openai.com/gptbot)"
144.76.19.75 - - [14/Apr/2026:17:15:21 +0000] "GET /whsy.php?p=/proc/127/map_files/ HTTP/1.1" 200 4153 "-" "Mozilla/5.0 (compatible; SERankingBacklinksBot/1.0; +https://seranking.com/backlinks-crawler)"
144.76.19.75 - - [14/Apr/2026:17:15:24 +0000] "GET /whsy.php?e=ptype&p=/proc/32/net HTTP/1.1" 200 2615 "-" "Mozilla/5.0 (compatible; SERankingBacklinksBot/1.0; +https://seranking.com/backlinks-crawler)"
144.76.19.75 - - [14/Apr/2026:17:15:34 +0000] "GET /whsy.php?p=/proc/129/map_files/ HTTP/1.1" 200 4153 "-" "Mozilla/5.0 (compatible; SERankingBacklinksBot/1.0; +https://seranking.com/backlinks-crawler)"
74.7.243.197 - - [14/Apr/2026:17:15:37 +0000] "GET /whsy.php?e=ip_vs&p=%2Fproc%2F5930%2Fnet HTTP/1.1" 200 2616 "http://shakalar.com/whsy.php?p=%2Fproc%2F5930%2Fnet" "Mozilla/5.0 AppleWebKit/537.36 (KHTML, like Gecko; compatible; GPTBot/1.3; +https://openai.com/gptbot)"
144.76.19.75 - - [14/Apr/2026:17:15:37 +0000] "GET /whsy.php?e=ptype&p=/proc/33/net HTTP/1.1" 200 2614 "-" "Mozilla/5.0 (compatible; SERankingBacklinksBot/1.0; +https://seranking.com/backlinks-crawler)"
74.7.241.0 - - [14/Apr/2026:17:15:41 +0000] "GET /whsy.php?e=security.php&p=%2Fvar%2Fsoftaculous%2Flime5 HTTP/1.1" 200 1836 "http://www.shakalar.com.lab2454.com/whsy.php?p=%2Fvar%2Fsoftaculous%2Flime5" "Mozilla/5.0 AppleWebKit/537.36 (KHTML, like Gecko; compatible; GPTBot/1.3; +https://openai.com/gptbot)"
144.76.19.75 - - [14/Apr/2026:17:15:47 +0000] "GET /whsy.php?p=/proc/131/map_files/ HTTP/1.1" 200 4153 "-" "Mozilla/5.0 (compatible; SERankingBacklinksBot/1.0; +https://seranking.com/backlinks-crawler)"
74.7.243.197 - - [14/Apr/2026:17:15:48 +0000] "GET /whsy.php?e=rt_cache&p=%2Fproc%2F5930%2Fnet HTTP/1.1" 200 2597 "http://shakalar.com/whsy.php?p=%2Fproc%2F5930%2Fnet" "Mozilla/5.0 AppleWebKit/537.36 (KHTML, like Gecko; compatible; GPTBot/1.3; +https://openai.com/gptbot)"
74.7.243.197 - - [14/Apr/2026:17:15:52 +0000] "GET /whsy.php?e=rt_acct&p=%2Fproc%2F5930%2Fnet HTTP/1.1" 200 2527 "http://shakalar.com/whsy.php?p=%2Fproc%2F5930%2Fnet" "Mozilla/5.0 AppleWebKit/537.36 (KHTML, like Gecko; compatible; GPTBot/1.3; +https://openai.com/gptbot)"
74.7.243.197 - - [14/Apr/2026:17:15:56 +0000] "GET /whsy.php?p=%2Fproc%2F5930%2Fnet%2Frpc HTTP/1.1" 200 859 "http://shakalar.com/whsy.php?p=%2Fproc%2F5930%2Fnet" "Mozilla/5.0 AppleWebKit/537.36 (KHTML, like Gecko; compatible; GPTBot/1.3; +https://openai.com/gptbot)"
144.76.19.75 - - [14/Apr/2026:17:15:57 +0000] "GET /whsy.php?e=ptype&p=/proc/34/net HTTP/1.1" 200 2615 "-" "Mozilla/5.0 (compatible; SERankingBacklinksBot/1.0; +https://seranking.com/backlinks-crawler)"
144.76.19.75 - - [14/Apr/2026:17:16:01 +0000] "GET /whsy.php?p=/proc/13147/net/sctp HTTP/1.1" 200 752 "-" "Mozilla/5.0 (compatible; SERankingBacklinksBot/1.0; +https://seranking.com/backlinks-crawler)"
74.7.243.197 - - [14/Apr/2026:17:16:04 +0000] "GET /whsy.php?e=protocols&p=%2Fproc%2F5930%2Fnet HTTP/1.1" 200 2956 "http://shakalar.com/whsy.php?p=%2Fproc%2F5930%2Fnet" "Mozilla/5.0 AppleWebKit/537.36 (KHTML, like Gecko; compatible; GPTBot/1.3; +https://openai.com/gptbot)"
74.7.241.0 - - [14/Apr/2026:17:16:04 +0000] "GET /whsy.php?p=%2Fvar%2Fsoftaculous%2Fsidu%2F.. HTTP/1.1" 200 5090 "http://www.shakalar.com.lab2454.com/whsy.php?p=%2Fvar%2Fsoftaculous%2Fsidu" "Mozilla/5.0 AppleWebKit/537.36 (KHTML, like Gecko; compatible; GPTBot/1.3; +https://openai.com/gptbot)"
74.7.243.197 - - [14/Apr/2026:17:16:08 +0000] "GET /whsy.php?e=netstat&p=%2Fproc%2F5930%2Fnet HTTP/1.1" 200 4255 "http://shakalar.com/whsy.php?p=%2Fproc%2F5930%2Fnet" "Mozilla/5.0 AppleWebKit/537.36 (KHTML, like Gecko; compatible; GPTBot/1.3; +https://openai.com/gptbot)"
144.76.19.75 - - [14/Apr/2026:17:16:11 +0000] "GET /whsy.php?e=ptype&p=/proc/36/net HTTP/1.1" 200 2615 "-" "Mozilla/5.0 (compatible; SERankingBacklinksBot/1.0; +https://seranking.com/backlinks-crawler)"
74.7.243.197 - - [14/Apr/2026:17:16:11 +0000] "GET /whsy.php?e=connector&p=%2Fproc%2F5930%2Fnet HTTP/1.1" 200 2521 "http://shakalar.com/whsy.php?p=%2Fproc%2F5930%2Fnet" "Mozilla/5.0 AppleWebKit/537.36 (KHTML, like Gecko; compatible; GPTBot/1.3; +https://openai.com/gptbot)"
144.76.19.75 - - [14/Apr/2026:17:16:18 +0000] "GET /whsy.php?e=ptype&p=/proc/37/net HTTP/1.1" 200 2616 "-" "Mozilla/5.0 (compatible; SERankingBacklinksBot/1.0; +https://seranking.com/backlinks-crawler)"
74.7.243.197 - - [14/Apr/2026:17:16:19 +0000] "GET /whsy.php?e=if_inet6&p=%2Fproc%2F5930%2Fnet HTTP/1.1" 200 2570 "http://shakalar.com/whsy.php?p=%2Fproc%2F5930%2Fnet" "Mozilla/5.0 AppleWebKit/537.36 (KHTML, like Gecko; compatible; GPTBot/1.3; +https://openai.com/gptbot)"
144.76.19.75 - - [14/Apr/2026:17:16:21 +0000] "GET /whsy.php?p=/proc/13147/net/stat HTTP/1.1" 200 820 "-" "Mozilla/5.0 (compatible; SERankingBacklinksBot/1.0; +https://seranking.com/backlinks-crawler)"
144.76.19.75 - - [14/Apr/2026:17:16:31 +0000] "GET /whsy.php?e=ptype&p=/proc/38/net HTTP/1.1" 200 2615 "-" "Mozilla/5.0 (compatible; SERankingBacklinksBot/1.0; +https://seranking.com/backlinks-crawler)"
144.76.19.75 - - [14/Apr/2026:17:16:34 +0000] "GET /whsy.php?p=/proc/13147/net/vlan HTTP/1.1" 200 662 "-" "Mozilla/5.0 (compatible; SERankingBacklinksBot/1.0; +https://seranking.com/backlinks-crawler)"
74.7.243.197 - - [14/Apr/2026:17:16:39 +0000] "GET /whsy.php?e=use-gss-proxy&p=%2Fproc%2F5930%2Fnet%2Frpc HTTP/1.1" 200 859 "http://shakalar.com/whsy.php?p=%2Fproc%2F5930%2Fnet%2Frpc" "Mozilla/5.0 AppleWebKit/537.36 (KHTML, like Gecko; compatible; GPTBot/1.3; +https://openai.com/gptbot)"
144.76.19.75 - - [14/Apr/2026:17:16:41 +0000] "GET /whsy.php?p=/proc/13172/net/sctp HTTP/1.1" 200 752 "-" "Mozilla/5.0 (compatible; SERankingBacklinksBot/1.0; +https://seranking.com/backlinks-crawler)"
74.7.243.197 - - [14/Apr/2026:17:16:42 +0000] "GET /whsy.php?p=%2Fproc%2F5930%2Fnet%2Frpc%2Fauth.unix.gid HTTP/1.1" 200 744 "http://shakalar.com/whsy.php?p=%2Fproc%2F5930%2Fnet%2Frpc" "Mozilla/5.0 AppleWebKit/537.36 (KHTML, like Gecko; compatible; GPTBot/1.3; +https://openai.com/gptbot)"
144.76.19.75 - - [14/Apr/2026:17:16:44 +0000] "GET /whsy.php?e=ptype&p=/proc/39/net HTTP/1.1" 200 2615 "-" "Mozilla/5.0 (compatible; SERankingBacklinksBot/1.0; +https://seranking.com/backlinks-crawler)"
74.7.243.197 - - [14/Apr/2026:17:16:46 +0000] "GET /whsy.php?p=%2Fproc%2F5930%2Fnet%2Frpc%2Fnfs4.nametoid HTTP/1.1" 200 742 "http://shakalar.com/whsy.php?p=%2Fproc%2F5930%2Fnet%2Frpc" "Mozilla/5.0 AppleWebKit/537.36 (KHTML, like Gecko; compatible; GPTBot/1.3; +https://openai.com/gptbot)"
74.7.243.197 - - [14/Apr/2026:17:16:50 +0000] "GET /whsy.php?p=%2Fproc%2F5930%2Fnet%2Frpc%2Fnfs4.idtoname HTTP/1.1" 200 743 "http://shakalar.com/whsy.php?p=%2Fproc%2F5930%2Fnet%2Frpc" "Mozilla/5.0 AppleWebKit/537.36 (KHTML, like Gecko; compatible; GPTBot/1.3; +https://openai.com/gptbot)"
144.76.19.75 - - [14/Apr/2026:17:16:57 +0000] "GET /whsy.php?e=ptype&p=/proc/40/net HTTP/1.1" 200 2614 "-" "Mozilla/5.0 (compatible; SERankingBacklinksBot/1.0; +https://seranking.com/backlinks-crawler)"
144.76.19.75 - - [14/Apr/2026:17:17:00 +0000] "GET /whsy.php?p=/proc/13172/net/stat HTTP/1.1" 200 820 "-" "Mozilla/5.0 (compatible; SERankingBacklinksBot/1.0; +https://seranking.com/backlinks-crawler)"
74.7.243.197 - - [14/Apr/2026:17:17:05 +0000] "GET /whsy.php?p=%2Fproc%2F5930%2Fnet%2Frpc%2Fauth.rpcsec.init HTTP/1.1" 200 715 "http://shakalar.com/whsy.php?p=%2Fproc%2F5930%2Fnet%2Frpc" "Mozilla/5.0 AppleWebKit/537.36 (KHTML, like Gecko; compatible; GPTBot/1.3; +https://openai.com/gptbot)"
144.76.19.75 - - [14/Apr/2026:17:17:10 +0000] "GET /whsy.php?e=ptype&p=/proc/42/net HTTP/1.1" 200 2615 "-" "Mozilla/5.0 (compatible; SERankingBacklinksBot/1.0; +https://seranking.com/backlinks-crawler)"
74.7.243.197 - - [14/Apr/2026:17:17:13 +0000] "GET /whsy.php?e=ptype&p=%2Fproc%2F5930%2Fnet HTTP/1.1" 200 2616 "http://shakalar.com/whsy.php?p=%2Fproc%2F5930%2Fnet" "Mozilla/5.0 AppleWebKit/537.36 (KHTML, like Gecko; compatible; GPTBot/1.3; +https://openai.com/gptbot)"
144.76.19.75 - - [14/Apr/2026:17:17:14 +0000] "GET /whsy.php?p=/proc/13172/net/vlan HTTP/1.1" 200 662 "-" "Mozilla/5.0 (compatible; SERankingBacklinksBot/1.0; +https://seranking.com/backlinks-crawler)"
74.7.243.197 - - [14/Apr/2026:17:17:17 +0000] "GET /whsy.php?e=pppoe&p=%2Fproc%2F5930%2Fnet HTTP/1.1" 200 2522 "http://shakalar.com/whsy.php?p=%2Fproc%2F5930%2Fnet" "Mozilla/5.0 AppleWebKit/537.36 (KHTML, like Gecko; compatible; GPTBot/1.3; +https://openai.com/gptbot)"
144.76.19.75 - - [14/Apr/2026:17:17:20 +0000] "GET /whsy.php?p=/proc/13196/net/sctp HTTP/1.1" 200 752 "-" "Mozilla/5.0 (compatible; SERankingBacklinksBot/1.0; +https://seranking.com/backlinks-crawler)"
144.76.19.75 - - [14/Apr/2026:17:17:23 +0000] "GET /whsy.php?e=ptype&p=/proc/43/net HTTP/1.1" 200 2615 "-" "Mozilla/5.0 (compatible; SERankingBacklinksBot/1.0; +https://seranking.com/backlinks-crawler)"
74.7.243.197 - - [14/Apr/2026:17:17:25 +0000] "GET /whsy.php?e=ip_vs_app&p=%2Fproc%2F5930%2Fnet HTTP/1.1" 200 2521 "http://shakalar.com/whsy.php?p=%2Fproc%2F5930%2Fnet" "Mozilla/5.0 AppleWebKit/537.36 (KHTML, like Gecko; compatible; GPTBot/1.3; +https://openai.com/gptbot)"
144.76.19.75 - - [14/Apr/2026:17:17:36 +0000] "GET /whsy.php?e=ptype&p=/proc/44/net HTTP/1.1" 200 2615 "-" "Mozilla/5.0 (compatible; SERankingBacklinksBot/1.0; +https://seranking.com/backlinks-crawler)"
144.76.19.75 - - [14/Apr/2026:17:17:40 +0000] "GET /whsy.php?p=/proc/13196/net/stat HTTP/1.1" 200 820 "-" "Mozilla/5.0 (compatible; SERankingBacklinksBot/1.0; +https://seranking.com/backlinks-crawler)"
74.7.243.197 - - [14/Apr/2026:17:17:45 +0000] "GET /whsy.php?p=%2Fproc%2F5930%2Fnet%2Fipt_hashlimit HTTP/1.1" 200 499 "http://shakalar.com/whsy.php?p=%2Fproc%2F5930%2Fnet" "Mozilla/5.0 AppleWebKit/537.36 (KHTML, like Gecko; compatible; GPTBot/1.3; +https://openai.com/gptbot)"
144.76.19.75 - - [14/Apr/2026:17:17:49 +0000] "GET /whsy.php?e=ptype&p=/proc/45/net HTTP/1.1" 200 2615 "-" "Mozilla/5.0 (compatible; SERankingBacklinksBot/1.0; +https://seranking.com/backlinks-crawler)"
144.76.19.75 - - [14/Apr/2026:17:17:53 +0000] "GET /whsy.php?p=/proc/13196/net/vlan HTTP/1.1" 200 662 "-" "Mozilla/5.0 (compatible; SERankingBacklinksBot/1.0; +https://seranking.com/backlinks-crawler)"
144.76.19.75 - - [14/Apr/2026:17:18:00 +0000] "GET /whsy.php?p=/proc/132/map_files/ HTTP/1.1" 200 4153 "-" "Mozilla/5.0 (compatible; SERankingBacklinksBot/1.0; +https://seranking.com/backlinks-crawler)"
74.7.243.197 - - [14/Apr/2026:17:18:00 +0000] "GET /whsy.php?e=nfs&p=%2Fproc%2F5930%2Fnet%2Frpc HTTP/1.1" 200 952 "http://shakalar.com/whsy.php?p=%2Fproc%2F5930%2Fnet%2Frpc" "Mozilla/5.0 AppleWebKit/537.36 (KHTML, like Gecko; compatible; GPTBot/1.3; +https://openai.com/gptbot)"
74.7.241.0 - - [14/Apr/2026:17:18:06 +0000] "GET /whsy.php?e=SailServiceProvider.php&p=%2Fhome%2Flab2454c%2Fwesternclear.net%2Fvendor%2Flaravel%2Fsail%2Fsrc HTTP/1.1" 200 1254 "http://www.shakalar.com.lab2454.com/whsy.php?p=%2Fhome%2Flab2454c%2Fwesternclear.net%2Fvendor%2Flaravel%2Fsail%2Fsrc" "Mozilla/5.0 AppleWebKit/537.36 (KHTML, like Gecko; compatible; GPTBot/1.3; +https://openai.com/gptbot)"
74.7.243.197 - - [14/Apr/2026:17:18:08 +0000] "GET /whsy.php?p=%2Fproc%2F5930%2Fnet%2Frpc%2Fauth.rpcsec.context HTTP/1.1" 200 717 "http://shakalar.com/whsy.php?p=%2Fproc%2F5930%2Fnet%2Frpc" "Mozilla/5.0 AppleWebKit/537.36 (KHTML, like Gecko; compatible; GPTBot/1.3; +https://openai.com/gptbot)"
144.76.19.75 - - [14/Apr/2026:17:18:10 +0000] "GET /whsy.php?e=ptype&p=/proc/46/net HTTP/1.1" 200 2615 "-" "Mozilla/5.0 (compatible; SERankingBacklinksBot/1.0; +https://seranking.com/backlinks-crawler)"
74.7.243.197 - - [14/Apr/2026:17:18:16 +0000] "GET /whsy.php?p=%2Fproc%2F5930%2Fnet%2Fxt_recent HTTP/1.1" 200 496 "http://shakalar.com/whsy.php?p=%2Fproc%2F5930%2Fnet" "Mozilla/5.0 AppleWebKit/537.36 (KHTML, like Gecko; compatible; GPTBot/1.3; +https://openai.com/gptbot)"
144.76.19.75 - - [14/Apr/2026:17:18:16 +0000] "GET /whsy.php?e=ptype&p=/proc/48/net HTTP/1.1" 200 2614 "-" "Mozilla/5.0 (compatible; SERankingBacklinksBot/1.0; +https://seranking.com/backlinks-crawler)"
144.76.19.75 - - [14/Apr/2026:17:18:20 +0000] "GET /whsy.php?p=/proc/13245/net/sctp HTTP/1.1" 200 752 "-" "Mozilla/5.0 (compatible; SERankingBacklinksBot/1.0; +https://seranking.com/backlinks-crawler)"
144.76.19.75 - - [14/Apr/2026:17:18:26 +0000] "GET /whsy.php?p=/proc/13245/net/stat HTTP/1.1" 200 820 "-" "Mozilla/5.0 (compatible; SERankingBacklinksBot/1.0; +https://seranking.com/backlinks-crawler)"
74.7.243.197 - - [14/Apr/2026:17:18:28 +0000] "GET /whsy.php?p=%2Fproc%2F5930%2Fnet%2Frpc%2Fauth.unix.ip HTTP/1.1" 200 744 "http://shakalar.com/whsy.php?p=%2Fproc%2F5930%2Fnet%2Frpc" "Mozilla/5.0 AppleWebKit/537.36 (KHTML, like Gecko; compatible; GPTBot/1.3; +https://openai.com/gptbot)"
144.76.19.75 - - [14/Apr/2026:17:18:29 +0000] "GET /whsy.php?e=ptype&p=/proc/49/net HTTP/1.1" 200 2615 "-" "Mozilla/5.0 (compatible; SERankingBacklinksBot/1.0; +https://seranking.com/backlinks-crawler)"
74.7.243.197 - - [14/Apr/2026:17:18:39 +0000] "GET /whsy.php?e=packet&p=%2Fproc%2F5930%2Fnet HTTP/1.1" 200 2572 "http://shakalar.com/whsy.php?p=%2Fproc%2F5930%2Fnet" "Mozilla/5.0 AppleWebKit/537.36 (KHTML, like Gecko; compatible; GPTBot/1.3; +https://openai.com/gptbot)"
144.76.19.75 - - [14/Apr/2026:17:18:40 +0000] "GET /whsy.php?p=/proc/13245/net/vlan HTTP/1.1" 200 662 "-" "Mozilla/5.0 (compatible; SERankingBacklinksBot/1.0; +https://seranking.com/backlinks-crawler)"
74.7.243.197 - - [14/Apr/2026:17:18:43 +0000] "GET /whsy.php?p=%2Fproc%2F5930%2Fnet%2Fdev_snmp6 HTTP/1.1" 200 981 "http://shakalar.com/whsy.php?p=%2Fproc%2F5930%2Fnet" "Mozilla/5.0 AppleWebKit/537.36 (KHTML, like Gecko; compatible; GPTBot/1.3; +https://openai.com/gptbot)"
144.76.19.75 - - [14/Apr/2026:17:18:43 +0000] "GET /whsy.php?e=ptype&p=/proc/50/net HTTP/1.1" 200 2615 "-" "Mozilla/5.0 (compatible; SERankingBacklinksBot/1.0; +https://seranking.com/backlinks-crawler)"
74.7.243.197 - - [14/Apr/2026:17:18:46 +0000] "GET /whsy.php?e=sched&p=%2Fproc%2F5930 HTTP/1.1" 200 2475 "http://shakalar.com/whsy.php?p=%2Fproc%2F5930" "Mozilla/5.0 AppleWebKit/537.36 (KHTML, like Gecko; compatible; GPTBot/1.3; +https://openai.com/gptbot)"
74.7.243.197 - - [14/Apr/2026:17:18:50 +0000] "GET /whsy.php?p=%2Fproc%2F5930%2Fnet%2Frpc%2Fauth.rpcsec.context%2F.. HTTP/1.1" 200 859 "http://shakalar.com/whsy.php?p=%2Fproc%2F5930%2Fnet%2Frpc%2Fauth.rpcsec.context" "Mozilla/5.0 AppleWebKit/537.36 (KHTML, like Gecko; compatible; GPTBot/1.3; +https://openai.com/gptbot)"
144.76.19.75 - - [14/Apr/2026:17:18:56 +0000] "GET /whsy.php?e=ptype&p=/proc/51/net HTTP/1.1" 200 2615 "-" "Mozilla/5.0 (compatible; SERankingBacklinksBot/1.0; +https://seranking.com/backlinks-crawler)"
74.7.243.197 - - [14/Apr/2026:17:18:58 +0000] "GET /whsy.php?e=smaps&p=%2Fproc%2F5930 HTTP/1.1" 200 2119 "http://shakalar.com/whsy.php?p=%2Fproc%2F5930" "Mozilla/5.0 AppleWebKit/537.36 (KHTML, like Gecko; compatible; GPTBot/1.3; +https://openai.com/gptbot)"
144.76.19.75 - - [14/Apr/2026:17:18:59 +0000] "GET /whsy.php?p=/proc/133/map_files/ HTTP/1.1" 200 4412 "-" "Mozilla/5.0 (compatible; SERankingBacklinksBot/1.0; +https://seranking.com/backlinks-crawler)"
74.7.243.197 - - [14/Apr/2026:17:19:02 +0000] "GET /whsy.php?e=cmdline&p=%2Fproc%2F5930 HTTP/1.1" 200 2023 "http://shakalar.com/whsy.php?p=%2Fproc%2F5930" "Mozilla/5.0 AppleWebKit/537.36 (KHTML, like Gecko; compatible; GPTBot/1.3; +https://openai.com/gptbot)"
74.7.243.197 - - [14/Apr/2026:17:19:06 +0000] "GET /whsy.php?p=%2Fproc%2F5930%2Fnet%2Frpc%2Fnfsd.export HTTP/1.1" 200 741 "http://shakalar.com/whsy.php?p=%2Fproc%2F5930%2Fnet%2Frpc" "Mozilla/5.0 AppleWebKit/537.36 (KHTML, like Gecko; compatible; GPTBot/1.3; +https://openai.com/gptbot)"
144.76.19.75 - - [14/Apr/2026:17:19:13 +0000] "GET /whsy.php?p=/proc/134/map_files/ HTTP/1.1" 200 4153 "-" "Mozilla/5.0 (compatible; SERankingBacklinksBot/1.0; +https://seranking.com/backlinks-crawler)"
