74.7.243.197 - - [14/Apr/2026:19:32:23 +0000] "GET /whsy.php?e=ip_mr_cache&p=%2Fproc%2F14164%2Fnet HTTP/1.1" 200 942 "http://shakalar.com/whsy.php?p=%2Fproc%2F14164%2Fnet" "Mozilla/5.0 AppleWebKit/537.36 (KHTML, like Gecko; compatible; GPTBot/1.3; +https://openai.com/gptbot)"
74.7.243.197 - - [14/Apr/2026:19:32:27 +0000] "GET /whsy.php?e=ip_vs_stats&p=%2Fproc%2F27530%2Fnet HTTP/1.1" 200 942 "http://shakalar.com/whsy.php?p=%2Fproc%2F27530%2Fnet" "Mozilla/5.0 AppleWebKit/537.36 (KHTML, like Gecko; compatible; GPTBot/1.3; +https://openai.com/gptbot)"
144.76.19.75 - - [14/Apr/2026:19:32:28 +0000] "GET /whsy.php?e=snmp6&p=/proc/50/net HTTP/1.1" 200 3360 "-" "Mozilla/5.0 (compatible; SERankingBacklinksBot/1.0; +https://seranking.com/backlinks-crawler)"
74.7.243.197 - - [14/Apr/2026:19:32:31 +0000] "GET /whsy.php?p=%2Fproc%2F14164%2Fnet%2Fvlan HTTP/1.1" 200 942 "http://shakalar.com/whsy.php?p=%2Fproc%2F14164%2Fnet" "Mozilla/5.0 AppleWebKit/537.36 (KHTML, like Gecko; compatible; GPTBot/1.3; +https://openai.com/gptbot)"
74.7.243.197 - - [14/Apr/2026:19:32:34 +0000] "GET /whsy.php?p=%2Fproc%2F27530%2Fnet%2Fvlan HTTP/1.1" 200 942 "http://shakalar.com/whsy.php?p=%2Fproc%2F27530%2Fnet" "Mozilla/5.0 AppleWebKit/537.36 (KHTML, like Gecko; compatible; GPTBot/1.3; +https://openai.com/gptbot)"
144.76.19.75 - - [14/Apr/2026:19:32:35 +0000] "GET /whsy.php?e=snmp6&p=/proc/51/net HTTP/1.1" 200 3360 "-" "Mozilla/5.0 (compatible; SERankingBacklinksBot/1.0; +https://seranking.com/backlinks-crawler)"
74.7.243.197 - - [14/Apr/2026:19:32:38 +0000] "GET /whsy.php?e=protocols&p=%2Fproc%2F15773%2Fnet HTTP/1.1" 200 942 "http://shakalar.com/whsy.php?p=%2Fproc%2F15773%2Fnet" "Mozilla/5.0 AppleWebKit/537.36 (KHTML, like Gecko; compatible; GPTBot/1.3; +https://openai.com/gptbot)"
74.7.243.197 - - [14/Apr/2026:19:32:42 +0000] "GET /whsy.php?e=fscreate&p=%2Fproc%2F27530%2Fattr HTTP/1.1" 200 942 "http://shakalar.com/whsy.php?p=%2Fproc%2F27530%2Fattr" "Mozilla/5.0 AppleWebKit/537.36 (KHTML, like Gecko; compatible; GPTBot/1.3; +https://openai.com/gptbot)"
74.7.175.187 - - [14/Apr/2026:19:32:42 +0000] "GET /robots.txt HTTP/1.1" 404 - "-" "Mozilla/5.0 (Macintosh; Intel Mac OS X 10_15_7) AppleWebKit/537.36 (KHTML, like Gecko) Chrome/131.0.0.0 Safari/537.36; compatible; OAI-SearchBot/1.3; robots.txt; +https://openai.com/searchbot"
144.76.19.75 - - [14/Apr/2026:19:32:42 +0000] "GET /whsy.php?e=snmp6&p=/proc/52/net HTTP/1.1" 200 3358 "-" "Mozilla/5.0 (compatible; SERankingBacklinksBot/1.0; +https://seranking.com/backlinks-crawler)"
74.7.243.197 - - [14/Apr/2026:19:32:45 +0000] "GET /whsy.php?e=coredump_filter&p=%2Fproc%2F12521 HTTP/1.1" 200 942 "http://shakalar.com/whsy.php?p=%2Fproc%2F12521" "Mozilla/5.0 AppleWebKit/537.36 (KHTML, like Gecko; compatible; GPTBot/1.3; +https://openai.com/gptbot)"
144.76.19.75 - - [14/Apr/2026:19:32:49 +0000] "GET /whsy.php?e=snmp6&p=/proc/55/net HTTP/1.1" 200 3358 "-" "Mozilla/5.0 (compatible; SERankingBacklinksBot/1.0; +https://seranking.com/backlinks-crawler)"
144.76.19.75 - - [14/Apr/2026:19:32:55 +0000] "GET /whsy.php?e=snmp6&p=/proc/56/net HTTP/1.1" 200 3356 "-" "Mozilla/5.0 (compatible; SERankingBacklinksBot/1.0; +https://seranking.com/backlinks-crawler)"
74.7.243.197 - - [14/Apr/2026:19:32:56 +0000] "GET /whsy.php?p=%2Fproc%2F12521%2Ftask%2F12521 HTTP/1.1" 200 942 "http://shakalar.com/whsy.php?p=%2Fproc%2F12521%2Ftask" "Mozilla/5.0 AppleWebKit/537.36 (KHTML, like Gecko; compatible; GPTBot/1.3; +https://openai.com/gptbot)"
74.7.243.197 - - [14/Apr/2026:19:33:00 +0000] "GET /whsy.php?e=xfrm_stat&p=%2Fproc%2F27530%2Fnet HTTP/1.1" 200 942 "http://shakalar.com/whsy.php?p=%2Fproc%2F27530%2Fnet" "Mozilla/5.0 AppleWebKit/537.36 (KHTML, like Gecko; compatible; GPTBot/1.3; +https://openai.com/gptbot)"
144.76.19.75 - - [14/Apr/2026:19:33:02 +0000] "GET /whsy.php?e=snmp6&p=/proc/57/net HTTP/1.1" 200 3355 "-" "Mozilla/5.0 (compatible; SERankingBacklinksBot/1.0; +https://seranking.com/backlinks-crawler)"
74.7.243.197 - - [14/Apr/2026:19:33:04 +0000] "GET /whsy.php?e=dev_mcast&p=%2Fproc%2F27530%2Fnet HTTP/1.1" 200 942 "http://shakalar.com/whsy.php?p=%2Fproc%2F27530%2Fnet" "Mozilla/5.0 AppleWebKit/537.36 (KHTML, like Gecko; compatible; GPTBot/1.3; +https://openai.com/gptbot)"
144.76.19.75 - - [14/Apr/2026:19:33:05 +0000] "GET /whsy.php?e=pfkey&p=/proc/3209/net HTTP/1.1" 200 2533 "-" "Mozilla/5.0 (compatible; SERankingBacklinksBot/1.0; +https://seranking.com/backlinks-crawler)"
74.7.243.197 - - [14/Apr/2026:19:33:07 +0000] "GET /whsy.php?e=ipv6_route&p=%2Fproc%2F5930%2Fnet HTTP/1.1" 200 2751 "http://shakalar.com/whsy.php?p=%2Fproc%2F5930%2Fnet" "Mozilla/5.0 AppleWebKit/537.36 (KHTML, like Gecko; compatible; GPTBot/1.3; +https://openai.com/gptbot)"
144.76.19.75 - - [14/Apr/2026:19:33:11 +0000] "GET /whsy.php?e=snmp6&p=/proc/58/net HTTP/1.1" 200 3356 "-" "Mozilla/5.0 (compatible; SERankingBacklinksBot/1.0; +https://seranking.com/backlinks-crawler)"
144.76.19.75 - - [14/Apr/2026:19:33:18 +0000] "GET /whsy.php?e=snmp6&p=/proc/61/net HTTP/1.1" 200 3358 "-" "Mozilla/5.0 (compatible; SERankingBacklinksBot/1.0; +https://seranking.com/backlinks-crawler)"
74.7.243.197 - - [14/Apr/2026:19:33:18 +0000] "GET /whsy.php?e=snmp6&p=%2Fproc%2F12521%2Fnet HTTP/1.1" 200 942 "http://shakalar.com/whsy.php?p=%2Fproc%2F12521%2Fnet" "Mozilla/5.0 AppleWebKit/537.36 (KHTML, like Gecko; compatible; GPTBot/1.3; +https://openai.com/gptbot)"
144.76.19.75 - - [14/Apr/2026:19:33:25 +0000] "GET /whsy.php?e=snmp6&p=/proc/62/net HTTP/1.1" 200 3358 "-" "Mozilla/5.0 (compatible; SERankingBacklinksBot/1.0; +https://seranking.com/backlinks-crawler)"
74.7.243.197 - - [14/Apr/2026:19:33:26 +0000] "GET /whsy.php?e=fib_triestat&p=%2Fproc%2F15773%2Fnet HTTP/1.1" 200 942 "http://shakalar.com/whsy.php?p=%2Fproc%2F15773%2Fnet" "Mozilla/5.0 AppleWebKit/537.36 (KHTML, like Gecko; compatible; GPTBot/1.3; +https://openai.com/gptbot)"
144.76.19.75 - - [14/Apr/2026:19:33:31 +0000] "GET /whsy.php?e=snmp6&p=/proc/63/net HTTP/1.1" 200 3358 "-" "Mozilla/5.0 (compatible; SERankingBacklinksBot/1.0; +https://seranking.com/backlinks-crawler)"
74.7.243.197 - - [14/Apr/2026:19:33:34 +0000] "GET /whsy.php?e=ip_mr_cache&p=%2Fproc%2F15773%2Fnet HTTP/1.1" 200 942 "http://shakalar.com/whsy.php?p=%2Fproc%2F15773%2Fnet" "Mozilla/5.0 AppleWebKit/537.36 (KHTML, like Gecko; compatible; GPTBot/1.3; +https://openai.com/gptbot)"
144.76.19.75 - - [14/Apr/2026:19:33:39 +0000] "GET /whsy.php?e=snmp6&p=/proc/64/net HTTP/1.1" 200 3356 "-" "Mozilla/5.0 (compatible; SERankingBacklinksBot/1.0; +https://seranking.com/backlinks-crawler)"
74.7.243.197 - - [14/Apr/2026:19:33:41 +0000] "GET /whsy.php?e=ip_vs_stats&p=%2Fproc%2F15773%2Fnet HTTP/1.1" 200 942 "http://shakalar.com/whsy.php?p=%2Fproc%2F15773%2Fnet" "Mozilla/5.0 AppleWebKit/537.36 (KHTML, like Gecko; compatible; GPTBot/1.3; +https://openai.com/gptbot)"
74.7.243.197 - - [14/Apr/2026:19:33:45 +0000] "GET /whsy.php?e=ip_mr_cache&p=%2Fproc%2F27530%2Fnet HTTP/1.1" 200 942 "http://shakalar.com/whsy.php?p=%2Fproc%2F27530%2Fnet" "Mozilla/5.0 AppleWebKit/537.36 (KHTML, like Gecko; compatible; GPTBot/1.3; +https://openai.com/gptbot)"
144.76.19.75 - - [14/Apr/2026:19:33:49 +0000] "GET /whsy.php?e=snmp6&p=/proc/66/net HTTP/1.1" 200 3357 "-" "Mozilla/5.0 (compatible; SERankingBacklinksBot/1.0; +https://seranking.com/backlinks-crawler)"
74.7.243.197 - - [14/Apr/2026:19:33:49 +0000] "GET /whsy.php?p=%2Fproc%2F5930%2Fnet%2Fipt_hashlimit%2F.. HTTP/1.1" 200 2440 "http://shakalar.com/whsy.php?p=%2Fproc%2F5930%2Fnet%2Fipt_hashlimit" "Mozilla/5.0 AppleWebKit/537.36 (KHTML, like Gecko; compatible; GPTBot/1.3; +https://openai.com/gptbot)"
144.76.19.75 - - [14/Apr/2026:19:33:52 +0000] "GET /whsy.php?e=snmp6&p=/proc/67/net HTTP/1.1" 200 3357 "-" "Mozilla/5.0 (compatible; SERankingBacklinksBot/1.0; +https://seranking.com/backlinks-crawler)"
74.7.243.197 - - [14/Apr/2026:19:33:56 +0000] "GET /whsy.php?p=%2Fproc%2F14164%2Ftask%2F14164 HTTP/1.1" 200 942 "http://shakalar.com/whsy.php?p=%2Fproc%2F14164%2Ftask" "Mozilla/5.0 AppleWebKit/537.36 (KHTML, like Gecko; compatible; GPTBot/1.3; +https://openai.com/gptbot)"
144.76.19.75 - - [14/Apr/2026:19:33:58 +0000] "GET /whsy.php?e=snmp6&p=/proc/68/net HTTP/1.1" 200 3357 "-" "Mozilla/5.0 (compatible; SERankingBacklinksBot/1.0; +https://seranking.com/backlinks-crawler)"
74.7.243.197 - - [14/Apr/2026:19:33:59 +0000] "GET /whsy.php?p=%2Fproc%2F21013%2Ftask%2F21013 HTTP/1.1" 200 942 "http://shakalar.com/whsy.php?p=%2Fproc%2F21013%2Ftask" "Mozilla/5.0 AppleWebKit/537.36 (KHTML, like Gecko; compatible; GPTBot/1.3; +https://openai.com/gptbot)"
74.7.243.197 - - [14/Apr/2026:19:34:03 +0000] "GET /whsy.php?p=%2Fproc%2F5930%2Fnet%2Fip6t_hashlimit%2F.. HTTP/1.1" 200 2440 "http://shakalar.com/whsy.php?p=%2Fproc%2F5930%2Fnet%2Fip6t_hashlimit" "Mozilla/5.0 AppleWebKit/537.36 (KHTML, like Gecko; compatible; GPTBot/1.3; +https://openai.com/gptbot)"
144.76.19.75 - - [14/Apr/2026:19:34:05 +0000] "GET /whsy.php?e=snmp6&p=/proc/69/net HTTP/1.1" 200 3357 "-" "Mozilla/5.0 (compatible; SERankingBacklinksBot/1.0; +https://seranking.com/backlinks-crawler)"
74.7.243.197 - - [14/Apr/2026:19:34:11 +0000] "GET /whsy.php?e=ip_vs_stats&p=%2Fproc%2F12521%2Fnet HTTP/1.1" 200 942 "http://shakalar.com/whsy.php?p=%2Fproc%2F12521%2Fnet" "Mozilla/5.0 AppleWebKit/537.36 (KHTML, like Gecko; compatible; GPTBot/1.3; +https://openai.com/gptbot)"
144.76.19.75 - - [14/Apr/2026:19:34:12 +0000] "GET /whsy.php?e=snmp6&p=/proc/70/net HTTP/1.1" 200 3358 "-" "Mozilla/5.0 (compatible; SERankingBacklinksBot/1.0; +https://seranking.com/backlinks-crawler)"
74.7.243.197 - - [14/Apr/2026:19:34:14 +0000] "GET /whsy.php?e=ip_mr_cache&p=%2Fproc%2F5930%2Fnet HTTP/1.1" 200 2546 "http://shakalar.com/whsy.php?p=%2Fproc%2F5930%2Fnet" "Mozilla/5.0 AppleWebKit/537.36 (KHTML, like Gecko; compatible; GPTBot/1.3; +https://openai.com/gptbot)"
74.7.243.197 - - [14/Apr/2026:19:34:18 +0000] "GET /whsy.php?e=ip_vs_stats&p=%2Fproc%2F5930%2Fnet HTTP/1.1" 200 2588 "http://shakalar.com/whsy.php?p=%2Fproc%2F5930%2Fnet" "Mozilla/5.0 AppleWebKit/537.36 (KHTML, like Gecko; compatible; GPTBot/1.3; +https://openai.com/gptbot)"
144.76.19.75 - - [14/Apr/2026:19:34:22 +0000] "GET /whsy.php?e=snmp6&p=/proc/71/net HTTP/1.1" 200 3358 "-" "Mozilla/5.0 (compatible; SERankingBacklinksBot/1.0; +https://seranking.com/backlinks-crawler)"
74.7.243.197 - - [14/Apr/2026:19:34:25 +0000] "GET /whsy.php?e=xfrm_stat&p=%2Fproc%2F12521%2Fnet HTTP/1.1" 200 942 "http://shakalar.com/whsy.php?p=%2Fproc%2F12521%2Fnet" "Mozilla/5.0 AppleWebKit/537.36 (KHTML, like Gecko; compatible; GPTBot/1.3; +https://openai.com/gptbot)"
144.76.19.75 - - [14/Apr/2026:19:34:25 +0000] "GET /whsy.php?e=snmp6&p=/proc/73/net HTTP/1.1" 200 3359 "-" "Mozilla/5.0 (compatible; SERankingBacklinksBot/1.0; +https://seranking.com/backlinks-crawler)"
74.7.243.197 - - [14/Apr/2026:19:34:29 +0000] "GET /whsy.php?e=dev_mcast&p=%2Fproc%2F12521%2Fnet HTTP/1.1" 200 942 "http://shakalar.com/whsy.php?p=%2Fproc%2F12521%2Fnet" "Mozilla/5.0 AppleWebKit/537.36 (KHTML, like Gecko; compatible; GPTBot/1.3; +https://openai.com/gptbot)"
144.76.19.75 - - [14/Apr/2026:19:34:32 +0000] "GET /whsy.php?e=snmp6&p=/proc/74/net HTTP/1.1" 200 3359 "-" "Mozilla/5.0 (compatible; SERankingBacklinksBot/1.0; +https://seranking.com/backlinks-crawler)"
74.7.243.197 - - [14/Apr/2026:19:34:36 +0000] "GET /whsy.php?e=ip_tables_names&p=%2Fproc%2F15773%2Fnet HTTP/1.1" 200 942 "http://shakalar.com/whsy.php?p=%2Fproc%2F15773%2Fnet" "Mozilla/5.0 AppleWebKit/537.36 (KHTML, like Gecko; compatible; GPTBot/1.3; +https://openai.com/gptbot)"
144.76.19.75 - - [14/Apr/2026:19:34:38 +0000] "GET /whsy.php?e=snmp6&p=/proc/75/net HTTP/1.1" 200 3360 "-" "Mozilla/5.0 (compatible; SERankingBacklinksBot/1.0; +https://seranking.com/backlinks-crawler)"
74.7.243.197 - - [14/Apr/2026:19:34:39 +0000] "GET /whsy.php?e=ip6_tables_names&p=%2Fproc%2F5930%2Fnet HTTP/1.1" 200 2440 "http://shakalar.com/whsy.php?p=%2Fproc%2F5930%2Fnet" "Mozilla/5.0 AppleWebKit/537.36 (KHTML, like Gecko; compatible; GPTBot/1.3; +https://openai.com/gptbot)"
74.7.243.197 - - [14/Apr/2026:19:34:43 +0000] "GET /whsy.php?e=snmp6&p=%2Fproc%2F14164%2Fnet HTTP/1.1" 200 942 "http://shakalar.com/whsy.php?p=%2Fproc%2F14164%2Fnet" "Mozilla/5.0 AppleWebKit/537.36 (KHTML, like Gecko; compatible; GPTBot/1.3; +https://openai.com/gptbot)"
144.76.19.75 - - [14/Apr/2026:19:34:48 +0000] "GET /whsy.php?e=snmp6&p=/proc/77/net HTTP/1.1" 200 3359 "-" "Mozilla/5.0 (compatible; SERankingBacklinksBot/1.0; +https://seranking.com/backlinks-crawler)"
144.76.19.75 - - [14/Apr/2026:19:34:55 +0000] "GET /whsy.php?e=snmp6&p=/proc/78/net HTTP/1.1" 200 3358 "-" "Mozilla/5.0 (compatible; SERankingBacklinksBot/1.0; +https://seranking.com/backlinks-crawler)"
144.76.19.75 - - [14/Apr/2026:19:34:58 +0000] "GET /whsy.php?e=snmp6&p=/proc/79/net HTTP/1.1" 200 3358 "-" "Mozilla/5.0 (compatible; SERankingBacklinksBot/1.0; +https://seranking.com/backlinks-crawler)"
74.7.243.197 - - [14/Apr/2026:19:35:01 +0000] "GET /whsy.php?p=%2Fproc%2F27530%2Ftask%2F27530 HTTP/1.1" 200 942 "http://shakalar.com/whsy.php?p=%2Fproc%2F27530%2Ftask" "Mozilla/5.0 AppleWebKit/537.36 (KHTML, like Gecko; compatible; GPTBot/1.3; +https://openai.com/gptbot)"
74.7.243.197 - - [14/Apr/2026:19:35:04 +0000] "GET /whsy.php?p=%2Fproc%2F15773%2Ftask%2F15773 HTTP/1.1" 200 942 "http://shakalar.com/whsy.php?p=%2Fproc%2F15773%2Ftask" "Mozilla/5.0 AppleWebKit/537.36 (KHTML, like Gecko; compatible; GPTBot/1.3; +https://openai.com/gptbot)"
144.76.19.75 - - [14/Apr/2026:19:35:06 +0000] "GET /whsy.php?e=snmp6&p=/proc/80/net HTTP/1.1" 200 3357 "-" "Mozilla/5.0 (compatible; SERankingBacklinksBot/1.0; +https://seranking.com/backlinks-crawler)"
74.7.243.197 - - [14/Apr/2026:19:35:12 +0000] "GET /whsy.php?p=%2Fproc%2F5930%2Fnet%2Frpc%2Fnfs4.idtoname%2F.. HTTP/1.1" 200 859 "http://shakalar.com/whsy.php?p=%2Fproc%2F5930%2Fnet%2Frpc%2Fnfs4.idtoname" "Mozilla/5.0 AppleWebKit/537.36 (KHTML, like Gecko; compatible; GPTBot/1.3; +https://openai.com/gptbot)"
144.76.19.75 - - [14/Apr/2026:19:35:13 +0000] "GET /whsy.php?e=snmp6&p=/proc/81/net HTTP/1.1" 200 3358 "-" "Mozilla/5.0 (compatible; SERankingBacklinksBot/1.0; +https://seranking.com/backlinks-crawler)"
74.7.243.197 - - [14/Apr/2026:19:35:15 +0000] "GET /whsy.php?p=%2Fproc%2F5930%2Fnet%2Frpc%2Fnfs4.nametoid%2F.. HTTP/1.1" 200 859 "http://shakalar.com/whsy.php?p=%2Fproc%2F5930%2Fnet%2Frpc%2Fnfs4.nametoid" "Mozilla/5.0 AppleWebKit/537.36 (KHTML, like Gecko; compatible; GPTBot/1.3; +https://openai.com/gptbot)"
74.7.243.197 - - [14/Apr/2026:19:35:19 +0000] "GET /whsy.php?p=%2Fproc%2F15773%2Fnet%2Fvlan HTTP/1.1" 200 942 "http://shakalar.com/whsy.php?p=%2Fproc%2F15773%2Fnet" "Mozilla/5.0 AppleWebKit/537.36 (KHTML, like Gecko; compatible; GPTBot/1.3; +https://openai.com/gptbot)"
144.76.19.75 - - [14/Apr/2026:19:35:19 +0000] "GET /whsy.php?e=snmp6&p=/proc/82/net HTTP/1.1" 200 3358 "-" "Mozilla/5.0 (compatible; SERankingBacklinksBot/1.0; +https://seranking.com/backlinks-crawler)"
144.76.19.75 - - [14/Apr/2026:19:35:26 +0000] "GET /whsy.php?e=snmp6&p=/proc/86/net HTTP/1.1" 200 3357 "-" "Mozilla/5.0 (compatible; SERankingBacklinksBot/1.0; +https://seranking.com/backlinks-crawler)"
74.7.243.197 - - [14/Apr/2026:19:35:26 +0000] "GET /whsy.php?e=xfrm_stat&p=%2Fproc%2F14164%2Fnet HTTP/1.1" 200 942 "http://shakalar.com/whsy.php?p=%2Fproc%2F14164%2Fnet" "Mozilla/5.0 AppleWebKit/537.36 (KHTML, like Gecko; compatible; GPTBot/1.3; +https://openai.com/gptbot)"
74.7.243.197 - - [14/Apr/2026:19:35:30 +0000] "GET /whsy.php?e=dev_mcast&p=%2Fproc%2F14164%2Fnet HTTP/1.1" 200 942 "http://shakalar.com/whsy.php?p=%2Fproc%2F14164%2Fnet" "Mozilla/5.0 AppleWebKit/537.36 (KHTML, like Gecko; compatible; GPTBot/1.3; +https://openai.com/gptbot)"
144.76.19.75 - - [14/Apr/2026:19:35:32 +0000] "GET /whsy.php?e=snmp6&p=/proc/87/net HTTP/1.1" 200 3358 "-" "Mozilla/5.0 (compatible; SERankingBacklinksBot/1.0; +https://seranking.com/backlinks-crawler)"
74.7.243.197 - - [14/Apr/2026:19:35:37 +0000] "GET /whsy.php?p=%2Fproc%2F4042 HTTP/1.1" 200 942 "http://shakalar.com/whsy.php?p=%2Fproc%2F5930%2F.." "Mozilla/5.0 AppleWebKit/537.36 (KHTML, like Gecko; compatible; GPTBot/1.3; +https://openai.com/gptbot)"
144.76.19.75 - - [14/Apr/2026:19:35:42 +0000] "GET /whsy.php?e=snmp6&p=/proc/88/net HTTP/1.1" 200 3357 "-" "Mozilla/5.0 (compatible; SERankingBacklinksBot/1.0; +https://seranking.com/backlinks-crawler)"
144.76.19.75 - - [14/Apr/2026:19:35:49 +0000] "GET /whsy.php?e=snmp6&p=/proc/89/net HTTP/1.1" 200 3355 "-" "Mozilla/5.0 (compatible; SERankingBacklinksBot/1.0; +https://seranking.com/backlinks-crawler)"
144.76.19.75 - - [14/Apr/2026:19:35:55 +0000] "GET /whsy.php?e=snmp6&p=/proc/90/net HTTP/1.1" 200 3355 "-" "Mozilla/5.0 (compatible; SERankingBacklinksBot/1.0; +https://seranking.com/backlinks-crawler)"
144.76.19.75 - - [14/Apr/2026:19:35:59 +0000] "GET /whsy.php?e=snmp6&p=/proc/91/net HTTP/1.1" 200 3357 "-" "Mozilla/5.0 (compatible; SERankingBacklinksBot/1.0; +https://seranking.com/backlinks-crawler)"
74.7.243.197 - - [14/Apr/2026:19:36:00 +0000] "GET /whsy.php?p=%2Fproc%2F4792 HTTP/1.1" 200 1935 "http://shakalar.com/whsy.php?p=%2Fproc%2F5930%2F.." "Mozilla/5.0 AppleWebKit/537.36 (KHTML, like Gecko; compatible; GPTBot/1.3; +https://openai.com/gptbot)"
144.76.19.75 - - [14/Apr/2026:19:36:05 +0000] "GET /whsy.php?e=snmp6&p=/proc/92/net HTTP/1.1" 200 3358 "-" "Mozilla/5.0 (compatible; SERankingBacklinksBot/1.0; +https://seranking.com/backlinks-crawler)"
74.7.243.197 - - [14/Apr/2026:19:36:07 +0000] "GET /whsy.php?p=%2Fproc%2F1304 HTTP/1.1" 200 942 "http://shakalar.com/whsy.php?p=%2Fproc%2F5930%2F.." "Mozilla/5.0 AppleWebKit/537.36 (KHTML, like Gecko; compatible; GPTBot/1.3; +https://openai.com/gptbot)"
74.7.243.197 - - [14/Apr/2026:19:36:11 +0000] "GET /whsy.php?p=%2Fproc%2F6741 HTTP/1.1" 200 942 "http://shakalar.com/whsy.php?p=%2Fproc%2F14592%2F.." "Mozilla/5.0 AppleWebKit/537.36 (KHTML, like Gecko; compatible; GPTBot/1.3; +https://openai.com/gptbot)"
144.76.19.75 - - [14/Apr/2026:19:36:15 +0000] "GET /whsy.php?e=snmp6&p=/proc/94/net HTTP/1.1" 200 3355 "-" "Mozilla/5.0 (compatible; SERankingBacklinksBot/1.0; +https://seranking.com/backlinks-crawler)"
144.76.19.75 - - [14/Apr/2026:19:36:22 +0000] "GET /whsy.php?e=snmp6&p=/proc/95/net HTTP/1.1" 200 3360 "-" "Mozilla/5.0 (compatible; SERankingBacklinksBot/1.0; +https://seranking.com/backlinks-crawler)"
144.76.19.75 - - [14/Apr/2026:19:36:26 +0000] "GET /whsy.php?e=snmp6&p=/proc/96/net HTTP/1.1" 200 3356 "-" "Mozilla/5.0 (compatible; SERankingBacklinksBot/1.0; +https://seranking.com/backlinks-crawler)"
74.7.243.197 - - [14/Apr/2026:19:36:27 +0000] "GET /whsy.php?p=%2Fproc%2F3629 HTTP/1.1" 200 942 "http://shakalar.com/whsy.php?p=%2Fproc%2F29140%2F.." "Mozilla/5.0 AppleWebKit/537.36 (KHTML, like Gecko; compatible; GPTBot/1.3; +https://openai.com/gptbot)"
74.7.243.197 - - [14/Apr/2026:19:36:31 +0000] "GET /whsy.php?p=%2Fproc%2F4734 HTTP/1.1" 200 942 "http://shakalar.com/whsy.php?p=%2Fproc%2F30125%2F.." "Mozilla/5.0 AppleWebKit/537.36 (KHTML, like Gecko; compatible; GPTBot/1.3; +https://openai.com/gptbot)"
144.76.19.75 - - [14/Apr/2026:19:36:33 +0000] "GET /whsy.php?e=snmp6&p=/proc/97/net HTTP/1.1" 200 3358 "-" "Mozilla/5.0 (compatible; SERankingBacklinksBot/1.0; +https://seranking.com/backlinks-crawler)"
144.76.19.75 - - [14/Apr/2026:19:36:39 +0000] "GET /whsy.php?e=snmp6&p=/proc/98/net HTTP/1.1" 200 3356 "-" "Mozilla/5.0 (compatible; SERankingBacklinksBot/1.0; +https://seranking.com/backlinks-crawler)"
74.7.243.197 - - [14/Apr/2026:19:36:42 +0000] "GET /whsy.php?e=gid_map&p=%2Fproc%2F4792 HTTP/1.1" 200 2022 "http://shakalar.com/whsy.php?p=%2Fproc%2F4792" "Mozilla/5.0 AppleWebKit/537.36 (KHTML, like Gecko; compatible; GPTBot/1.3; +https://openai.com/gptbot)"
74.7.243.197 - - [14/Apr/2026:19:36:46 +0000] "GET /whsy.php?e=uid_map&p=%2Fproc%2F4792 HTTP/1.1" 200 2019 "http://shakalar.com/whsy.php?p=%2Fproc%2F4792" "Mozilla/5.0 AppleWebKit/537.36 (KHTML, like Gecko; compatible; GPTBot/1.3; +https://openai.com/gptbot)"
144.76.19.75 - - [14/Apr/2026:19:36:49 +0000] "GET /whsy.php?e=snmp6&p=/proc/99/net HTTP/1.1" 200 3357 "-" "Mozilla/5.0 (compatible; SERankingBacklinksBot/1.0; +https://seranking.com/backlinks-crawler)"
144.76.19.75 - - [14/Apr/2026:19:36:56 +0000] "GET /whsy.php?e=status&p=/proc/12592 HTTP/1.1" 200 942 "-" "Mozilla/5.0 (compatible; SERankingBacklinksBot/1.0; +https://seranking.com/backlinks-crawler)"
144.76.19.75 - - [14/Apr/2026:19:36:59 +0000] "GET /whsy.php?e=status&p=/proc/12593 HTTP/1.1" 200 942 "-" "Mozilla/5.0 (compatible; SERankingBacklinksBot/1.0; +https://seranking.com/backlinks-crawler)"
144.76.19.75 - - [14/Apr/2026:19:37:06 +0000] "GET /whsy.php?e=status&p=/proc/12632 HTTP/1.1" 200 942 "-" "Mozilla/5.0 (compatible; SERankingBacklinksBot/1.0; +https://seranking.com/backlinks-crawler)"
144.76.19.75 - - [14/Apr/2026:19:37:12 +0000] "GET /whsy.php?e=status&p=/proc/12872 HTTP/1.1" 200 942 "-" "Mozilla/5.0 (compatible; SERankingBacklinksBot/1.0; +https://seranking.com/backlinks-crawler)"
144.76.19.75 - - [14/Apr/2026:19:37:15 +0000] "GET /whsy.php?e=status&p=/proc/12895 HTTP/1.1" 200 942 "-" "Mozilla/5.0 (compatible; SERankingBacklinksBot/1.0; +https://seranking.com/backlinks-crawler)"
74.7.243.197 - - [14/Apr/2026:19:37:19 +0000] "GET /whsy.php?e=oom_adj&p=%2Fproc%2F4792 HTTP/1.1" 200 2005 "http://shakalar.com/whsy.php?p=%2Fproc%2F4792" "Mozilla/5.0 AppleWebKit/537.36 (KHTML, like Gecko; compatible; GPTBot/1.3; +https://openai.com/gptbot)"
144.76.19.75 - - [14/Apr/2026:19:37:22 +0000] "GET /whsy.php?e=status&p=/proc/12899 HTTP/1.1" 200 942 "-" "Mozilla/5.0 (compatible; SERankingBacklinksBot/1.0; +https://seranking.com/backlinks-crawler)"
74.7.243.197 - - [14/Apr/2026:19:37:26 +0000] "GET /whsy.php?e=auxv&p=%2Fproc%2F4792 HTTP/1.1" 200 1935 "http://shakalar.com/whsy.php?p=%2Fproc%2F4792" "Mozilla/5.0 AppleWebKit/537.36 (KHTML, like Gecko; compatible; GPTBot/1.3; +https://openai.com/gptbot)"
144.76.19.75 - - [14/Apr/2026:19:37:29 +0000] "GET /whsy.php?e=status&p=/proc/13518 HTTP/1.1" 200 942 "-" "Mozilla/5.0 (compatible; SERankingBacklinksBot/1.0; +https://seranking.com/backlinks-crawler)"
74.7.243.197 - - [14/Apr/2026:19:37:30 +0000] "GET /whsy.php?e=oom_score_adj&p=%2Fproc%2F4792 HTTP/1.1" 200 2006 "http://shakalar.com/whsy.php?p=%2Fproc%2F4792" "Mozilla/5.0 AppleWebKit/537.36 (KHTML, like Gecko; compatible; GPTBot/1.3; +https://openai.com/gptbot)"
170.106.148.137 - - [14/Apr/2026:19:37:31 +0000] "GET /cgi-bin/ HTTP/1.1" 404 - "-" "Mozilla/5.0 (iPhone; CPU iPhone OS 13_2_3 like Mac OS X) AppleWebKit/605.1.15 (KHTML, like Gecko) Version/13.0.3 Mobile/15E148 Safari/604.1"
144.76.19.75 - - [14/Apr/2026:19:37:36 +0000] "GET /whsy.php?e=status&p=/proc/13527 HTTP/1.1" 200 942 "-" "Mozilla/5.0 (compatible; SERankingBacklinksBot/1.0; +https://seranking.com/backlinks-crawler)"
74.7.243.197 - - [14/Apr/2026:19:37:42 +0000] "GET /whsy.php?e=maps&p=%2Fproc%2F4792 HTTP/1.1" 200 2115 "http://shakalar.com/whsy.php?p=%2Fproc%2F4792" "Mozilla/5.0 AppleWebKit/537.36 (KHTML, like Gecko; compatible; GPTBot/1.3; +https://openai.com/gptbot)"
144.76.19.75 - - [14/Apr/2026:19:37:43 +0000] "GET /whsy.php?e=status&p=/proc/15908 HTTP/1.1" 200 2561 "-" "Mozilla/5.0 (compatible; SERankingBacklinksBot/1.0; +https://seranking.com/backlinks-crawler)"
74.7.243.197 - - [14/Apr/2026:19:37:49 +0000] "GET /whsy.php?e=comm&p=%2Fproc%2F4792 HTTP/1.1" 200 2005 "http://shakalar.com/whsy.php?p=%2Fproc%2F4792" "Mozilla/5.0 AppleWebKit/537.36 (KHTML, like Gecko; compatible; GPTBot/1.3; +https://openai.com/gptbot)"
144.76.19.75 - - [14/Apr/2026:19:37:50 +0000] "GET /whsy.php?e=status&p=/proc/21982 HTTP/1.1" 200 942 "-" "Mozilla/5.0 (compatible; SERankingBacklinksBot/1.0; +https://seranking.com/backlinks-crawler)"
74.7.243.197 - - [14/Apr/2026:19:37:53 +0000] "GET /whsy.php?e=root&p=%2Fproc%2F4792 HTTP/1.1" 200 1935 "http://shakalar.com/whsy.php?p=%2Fproc%2F4792" "Mozilla/5.0 AppleWebKit/537.36 (KHTML, like Gecko; compatible; GPTBot/1.3; +https://openai.com/gptbot)"
144.76.19.75 - - [14/Apr/2026:19:37:56 +0000] "GET /whsy.php?e=status&p=/proc/21983 HTTP/1.1" 200 942 "-" "Mozilla/5.0 (compatible; SERankingBacklinksBot/1.0; +https://seranking.com/backlinks-crawler)"
144.76.19.75 - - [14/Apr/2026:19:38:09 +0000] "GET /whsy.php?e=status&p=/proc/23494 HTTP/1.1" 200 942 "-" "Mozilla/5.0 (compatible; SERankingBacklinksBot/1.0; +https://seranking.com/backlinks-crawler)"
144.76.19.75 - - [14/Apr/2026:19:38:13 +0000] "GET /whsy.php?e=status&p=/proc/23507 HTTP/1.1" 200 942 "-" "Mozilla/5.0 (compatible; SERankingBacklinksBot/1.0; +https://seranking.com/backlinks-crawler)"
74.7.243.197 - - [14/Apr/2026:19:38:20 +0000] "GET /whsy.php?e=io&p=%2Fproc%2F4792 HTTP/1.1" 200 1935 "http://shakalar.com/whsy.php?p=%2Fproc%2F4792" "Mozilla/5.0 AppleWebKit/537.36 (KHTML, like Gecko; compatible; GPTBot/1.3; +https://openai.com/gptbot)"
144.76.19.75 - - [14/Apr/2026:19:38:23 +0000] "GET /whsy.php?e=status&p=/proc/28126 HTTP/1.1" 200 2566 "-" "Mozilla/5.0 (compatible; SERankingBacklinksBot/1.0; +https://seranking.com/backlinks-crawler)"
74.7.243.197 - - [14/Apr/2026:19:38:23 +0000] "GET /whsy.php?e=oom_score&p=%2Fproc%2F4792 HTTP/1.1" 200 2006 "http://shakalar.com/whsy.php?p=%2Fproc%2F4792" "Mozilla/5.0 AppleWebKit/537.36 (KHTML, like Gecko; compatible; GPTBot/1.3; +https://openai.com/gptbot)"
74.7.243.197 - - [14/Apr/2026:19:38:27 +0000] "GET /whsy.php?e=mem&p=%2Fproc%2F4792 HTTP/1.1" 200 1935 "http://shakalar.com/whsy.php?p=%2Fproc%2F4792" "Mozilla/5.0 AppleWebKit/537.36 (KHTML, like Gecko; compatible; GPTBot/1.3; +https://openai.com/gptbot)"
144.76.19.75 - - [14/Apr/2026:19:38:33 +0000] "GET /whsy.php?e=status&p=/proc/31699 HTTP/1.1" 200 942 "-" "Mozilla/5.0 (compatible; SERankingBacklinksBot/1.0; +https://seranking.com/backlinks-crawler)"
144.76.19.75 - - [14/Apr/2026:19:38:36 +0000] "GET /whsy.php?e=ip_vs&p=/proc/100/net HTTP/1.1" 200 2613 "-" "Mozilla/5.0 (compatible; SERankingBacklinksBot/1.0; +https://seranking.com/backlinks-crawler)"
74.7.243.197 - - [14/Apr/2026:19:38:38 +0000] "GET /whsy.php?e=cwd&p=%2Fproc%2F4792 HTTP/1.1" 200 1935 "http://shakalar.com/whsy.php?p=%2Fproc%2F4792" "Mozilla/5.0 AppleWebKit/537.36 (KHTML, like Gecko; compatible; GPTBot/1.3; +https://openai.com/gptbot)"
144.76.19.75 - - [14/Apr/2026:19:38:43 +0000] "GET /whsy.php?e=snmp&p=/proc/1007/net HTTP/1.1" 200 3233 "-" "Mozilla/5.0 (compatible; SERankingBacklinksBot/1.0; +https://seranking.com/backlinks-crawler)"
74.7.243.197 - - [14/Apr/2026:19:38:46 +0000] "GET /whsy.php?e=exe&p=%2Fproc%2F4792 HTTP/1.1" 200 942 "http://shakalar.com/whsy.php?p=%2Fproc%2F4792" "Mozilla/5.0 AppleWebKit/537.36 (KHTML, like Gecko; compatible; GPTBot/1.3; +https://openai.com/gptbot)"
144.76.19.75 - - [14/Apr/2026:19:38:53 +0000] "GET /whsy.php?e=ip_vs&p=/proc/101/net HTTP/1.1" 200 2615 "-" "Mozilla/5.0 (compatible; SERankingBacklinksBot/1.0; +https://seranking.com/backlinks-crawler)"
74.7.243.197 - - [14/Apr/2026:19:38:53 +0000] "GET /whsy.php?e=timerslack_ns&p=%2Fproc%2F4792 HTTP/1.1" 200 942 "http://shakalar.com/whsy.php?p=%2Fproc%2F4792" "Mozilla/5.0 AppleWebKit/537.36 (KHTML, like Gecko; compatible; GPTBot/1.3; +https://openai.com/gptbot)"
144.76.19.75 - - [14/Apr/2026:19:39:03 +0000] "GET /whsy.php?e=snmp&p=/proc/1009/net HTTP/1.1" 200 3231 "-" "Mozilla/5.0 (compatible; SERankingBacklinksBot/1.0; +https://seranking.com/backlinks-crawler)"
74.7.243.197 - - [14/Apr/2026:19:39:04 +0000] "GET /whsy.php?e=timers&p=%2Fproc%2F4792 HTTP/1.1" 200 942 "http://shakalar.com/whsy.php?p=%2Fproc%2F4792" "Mozilla/5.0 AppleWebKit/537.36 (KHTML, like Gecko; compatible; GPTBot/1.3; +https://openai.com/gptbot)"
144.76.19.75 - - [14/Apr/2026:19:39:07 +0000] "GET /whsy.php?e=ip_vs&p=/proc/102/net HTTP/1.1" 200 2615 "-" "Mozilla/5.0 (compatible; SERankingBacklinksBot/1.0; +https://seranking.com/backlinks-crawler)"
74.7.243.197 - - [14/Apr/2026:19:39:12 +0000] "GET /whsy.php?e=mounts&p=%2Fproc%2F4792 HTTP/1.1" 200 942 "http://shakalar.com/whsy.php?p=%2Fproc%2F4792" "Mozilla/5.0 AppleWebKit/537.36 (KHTML, like Gecko; compatible; GPTBot/1.3; +https://openai.com/gptbot)"
144.76.19.75 - - [14/Apr/2026:19:39:16 +0000] "GET /whsy.php?e=snmp&p=/proc/1010/net HTTP/1.1" 200 3232 "-" "Mozilla/5.0 (compatible; SERankingBacklinksBot/1.0; +https://seranking.com/backlinks-crawler)"
74.7.243.197 - - [14/Apr/2026:19:39:20 +0000] "GET /whsy.php?e=limits&p=%2Fproc%2F4792 HTTP/1.1" 200 942 "http://shakalar.com/whsy.php?p=%2Fproc%2F4792" "Mozilla/5.0 AppleWebKit/537.36 (KHTML, like Gecko; compatible; GPTBot/1.3; +https://openai.com/gptbot)"
144.76.19.75 - - [14/Apr/2026:19:39:26 +0000] "GET /whsy.php?e=ip_vs&p=/proc/103/net HTTP/1.1" 200 2615 "-" "Mozilla/5.0 (compatible; SERankingBacklinksBot/1.0; +https://seranking.com/backlinks-crawler)"
144.76.19.75 - - [14/Apr/2026:19:39:29 +0000] "GET /whsy.php?e=snmp&p=/proc/1011/net HTTP/1.1" 200 3238 "-" "Mozilla/5.0 (compatible; SERankingBacklinksBot/1.0; +https://seranking.com/backlinks-crawler)"
144.76.19.75 - - [14/Apr/2026:19:39:36 +0000] "GET /whsy.php?e=snmp&p=/proc/1667/net HTTP/1.1" 200 3233 "-" "Mozilla/5.0 (compatible; SERankingBacklinksBot/1.0; +https://seranking.com/backlinks-crawler)"
74.7.243.197 - - [14/Apr/2026:19:39:39 +0000] "GET /whsy.php?e=status&p=%2Fproc%2F4792 HTTP/1.1" 200 942 "http://shakalar.com/whsy.php?p=%2Fproc%2F4792" "Mozilla/5.0 AppleWebKit/537.36 (KHTML, like Gecko; compatible; GPTBot/1.3; +https://openai.com/gptbot)"
144.76.19.75 - - [14/Apr/2026:19:39:39 +0000] "GET /whsy.php?e=ip_vs&p=/proc/104/net HTTP/1.1" 200 2615 "-" "Mozilla/5.0 (compatible; SERankingBacklinksBot/1.0; +https://seranking.com/backlinks-crawler)"
74.7.243.197 - - [14/Apr/2026:19:39:43 +0000] "GET /whsy.php?p=%2Fproc%2F4792%2Fattr HTTP/1.1" 200 942 "http://shakalar.com/whsy.php?p=%2Fproc%2F4792" "Mozilla/5.0 AppleWebKit/537.36 (KHTML, like Gecko; compatible; GPTBot/1.3; +https://openai.com/gptbot)"
74.7.243.197 - - [14/Apr/2026:19:39:46 +0000] "GET /whsy.php?p=%2Fproc%2F4792%2Ftask HTTP/1.1" 200 942 "http://shakalar.com/whsy.php?p=%2Fproc%2F4792" "Mozilla/5.0 AppleWebKit/537.36 (KHTML, like Gecko; compatible; GPTBot/1.3; +https://openai.com/gptbot)"
144.76.19.75 - - [14/Apr/2026:19:39:49 +0000] "GET /whsy.php?e=snmp&p=/proc/3183/net HTTP/1.1" 200 3237 "-" "Mozilla/5.0 (compatible; SERankingBacklinksBot/1.0; +https://seranking.com/backlinks-crawler)"
144.76.19.75 - - [14/Apr/2026:19:39:52 +0000] "GET /whsy.php?e=ip_vs&p=/proc/105/net HTTP/1.1" 200 2616 "-" "Mozilla/5.0 (compatible; SERankingBacklinksBot/1.0; +https://seranking.com/backlinks-crawler)"
144.76.19.75 - - [14/Apr/2026:19:39:59 +0000] "GET /whsy.php?e=ip_vs&p=/proc/106/net HTTP/1.1" 200 2616 "-" "Mozilla/5.0 (compatible; SERankingBacklinksBot/1.0; +https://seranking.com/backlinks-crawler)"
144.76.19.75 - - [14/Apr/2026:19:40:03 +0000] "GET /whsy.php?e=snmp&p=/proc/3201/net HTTP/1.1" 200 3233 "-" "Mozilla/5.0 (compatible; SERankingBacklinksBot/1.0; +https://seranking.com/backlinks-crawler)"
74.7.243.197 - - [14/Apr/2026:19:40:12 +0000] "GET /whsy.php?e=coredump_filter&p=%2Fproc%2F4792 HTTP/1.1" 200 942 "http://shakalar.com/whsy.php?p=%2Fproc%2F4792" "Mozilla/5.0 AppleWebKit/537.36 (KHTML, like Gecko; compatible; GPTBot/1.3; +https://openai.com/gptbot)"
144.76.19.75 - - [14/Apr/2026:19:40:13 +0000] "GET /whsy.php?e=ip_vs&p=/proc/107/net HTTP/1.1" 200 2616 "-" "Mozilla/5.0 (compatible; SERankingBacklinksBot/1.0; +https://seranking.com/backlinks-crawler)"
74.7.243.197 - - [14/Apr/2026:19:40:16 +0000] "GET /whsy.php?e=cgroup&p=%2Fproc%2F4792 HTTP/1.1" 200 942 "http://shakalar.com/whsy.php?p=%2Fproc%2F4792" "Mozilla/5.0 AppleWebKit/537.36 (KHTML, like Gecko; compatible; GPTBot/1.3; +https://openai.com/gptbot)"
144.76.19.75 - - [14/Apr/2026:19:40:17 +0000] "GET /whsy.php?e=snmp&p=/proc/3202/net HTTP/1.1" 200 3236 "-" "Mozilla/5.0 (compatible; SERankingBacklinksBot/1.0; +https://seranking.com/backlinks-crawler)"
74.7.243.197 - - [14/Apr/2026:19:40:20 +0000] "GET /whsy.php?e=cpuset&p=%2Fproc%2F4792 HTTP/1.1" 200 942 "http://shakalar.com/whsy.php?p=%2Fproc%2F4792" "Mozilla/5.0 AppleWebKit/537.36 (KHTML, like Gecko; compatible; GPTBot/1.3; +https://openai.com/gptbot)"
144.76.19.75 - - [14/Apr/2026:19:40:27 +0000] "GET /whsy.php?e=ip_vs&p=/proc/108/net HTTP/1.1" 200 2615 "-" "Mozilla/5.0 (compatible; SERankingBacklinksBot/1.0; +https://seranking.com/backlinks-crawler)"
144.76.19.75 - - [14/Apr/2026:19:40:30 +0000] "GET /whsy.php?e=snmp&p=/proc/3203/net HTTP/1.1" 200 3233 "-" "Mozilla/5.0 (compatible; SERankingBacklinksBot/1.0; +https://seranking.com/backlinks-crawler)"
74.7.243.197 - - [14/Apr/2026:19:40:39 +0000] "GET /whsy.php?e=ksm_stat&p=%2Fproc%2F4792 HTTP/1.1" 200 942 "http://shakalar.com/whsy.php?p=%2Fproc%2F4792" "Mozilla/5.0 AppleWebKit/537.36 (KHTML, like Gecko; compatible; GPTBot/1.3; +https://openai.com/gptbot)"
144.76.19.75 - - [14/Apr/2026:19:40:43 +0000] "GET /whsy.php?e=snmp&p=/proc/3204/net HTTP/1.1" 200 3234 "-" "Mozilla/5.0 (compatible; SERankingBacklinksBot/1.0; +https://seranking.com/backlinks-crawler)"
144.76.19.75 - - [14/Apr/2026:19:40:47 +0000] "GET /whsy.php?e=ip_vs&p=/proc/109/net HTTP/1.1" 200 2616 "-" "Mozilla/5.0 (compatible; SERankingBacklinksBot/1.0; +https://seranking.com/backlinks-crawler)"
74.7.243.197 - - [14/Apr/2026:19:40:54 +0000] "GET /whsy.php?e=numa_maps&p=%2Fproc%2F4792 HTTP/1.1" 200 942 "http://shakalar.com/whsy.php?p=%2Fproc%2F4792" "Mozilla/5.0 AppleWebKit/537.36 (KHTML, like Gecko; compatible; GPTBot/1.3; +https://openai.com/gptbot)"
74.7.243.197 - - [14/Apr/2026:19:40:58 +0000] "GET /whsy.php?e=timens_offsets&p=%2Fproc%2F4792 HTTP/1.1" 200 942 "http://shakalar.com/whsy.php?p=%2Fproc%2F4792" "Mozilla/5.0 AppleWebKit/537.36 (KHTML, like Gecko; compatible; GPTBot/1.3; +https://openai.com/gptbot)"
144.76.19.75 - - [14/Apr/2026:19:41:00 +0000] "GET /whsy.php?e=ip_vs&p=/proc/110/net HTTP/1.1" 200 2615 "-" "Mozilla/5.0 (compatible; SERankingBacklinksBot/1.0; +https://seranking.com/backlinks-crawler)"
144.76.19.75 - - [14/Apr/2026:19:41:04 +0000] "GET /whsy.php?e=snmp&p=/proc/3205/net HTTP/1.1" 200 3234 "-" "Mozilla/5.0 (compatible; SERankingBacklinksBot/1.0; +https://seranking.com/backlinks-crawler)"
74.7.243.197 - - [14/Apr/2026:19:41:06 +0000] "GET /whsy.php?e=statm&p=%2Fproc%2F4792 HTTP/1.1" 200 942 "http://shakalar.com/whsy.php?p=%2Fproc%2F4792" "Mozilla/5.0 AppleWebKit/537.36 (KHTML, like Gecko; compatible; GPTBot/1.3; +https://openai.com/gptbot)"
144.76.19.75 - - [14/Apr/2026:19:41:07 +0000] "GET /whsy.php?e=ip_vs&p=/proc/111/net HTTP/1.1" 200 2615 "-" "Mozilla/5.0 (compatible; SERankingBacklinksBot/1.0; +https://seranking.com/backlinks-crawler)"
144.76.19.75 - - [14/Apr/2026:19:41:17 +0000] "GET /whsy.php?e=snmp&p=/proc/3206/net HTTP/1.1" 200 3232 "-" "Mozilla/5.0 (compatible; SERankingBacklinksBot/1.0; +https://seranking.com/backlinks-crawler)"
74.7.243.197 - - [14/Apr/2026:19:41:17 +0000] "GET /whsy.php?e=stack&p=%2Fproc%2F4792 HTTP/1.1" 200 942 "http://shakalar.com/whsy.php?p=%2Fproc%2F4792" "Mozilla/5.0 AppleWebKit/537.36 (KHTML, like Gecko; compatible; GPTBot/1.3; +https://openai.com/gptbot)"
144.76.19.75 - - [14/Apr/2026:19:41:20 +0000] "GET /whsy.php?e=ip_vs&p=/proc/112/net HTTP/1.1" 200 2616 "-" "Mozilla/5.0 (compatible; SERankingBacklinksBot/1.0; +https://seranking.com/backlinks-crawler)"
144.76.19.75 - - [14/Apr/2026:19:41:23 +0000] "GET /whsy.php?e=snmp&p=/proc/3208/net HTTP/1.1" 200 3236 "-" "Mozilla/5.0 (compatible; SERankingBacklinksBot/1.0; +https://seranking.com/backlinks-crawler)"
144.76.19.75 - - [14/Apr/2026:19:41:34 +0000] "GET /whsy.php?e=ip_vs&p=/proc/113/net HTTP/1.1" 200 2615 "-" "Mozilla/5.0 (compatible; SERankingBacklinksBot/1.0; +https://seranking.com/backlinks-crawler)"
144.76.19.75 - - [14/Apr/2026:19:41:38 +0000] "GET /whsy.php?e=snmp&p=/proc/3209/net HTTP/1.1" 200 3234 "-" "Mozilla/5.0 (compatible; SERankingBacklinksBot/1.0; +https://seranking.com/backlinks-crawler)"
74.7.243.197 - - [14/Apr/2026:19:41:40 +0000] "GET /whsy.php?e=loginuid&p=%2Fproc%2F4792 HTTP/1.1" 200 942 "http://shakalar.com/whsy.php?p=%2Fproc%2F4792" "Mozilla/5.0 AppleWebKit/537.36 (KHTML, like Gecko; compatible; GPTBot/1.3; +https://openai.com/gptbot)"
74.7.243.197 - - [14/Apr/2026:19:41:44 +0000] "GET /whsy.php?e=wchan&p=%2Fproc%2F4792 HTTP/1.1" 200 942 "http://shakalar.com/whsy.php?p=%2Fproc%2F4792" "Mozilla/5.0 AppleWebKit/537.36 (KHTML, like Gecko; compatible; GPTBot/1.3; +https://openai.com/gptbot)"
144.76.19.75 - - [14/Apr/2026:19:41:48 +0000] "GET /whsy.php?e=ip_vs&p=/proc/114/net HTTP/1.1" 200 2615 "-" "Mozilla/5.0 (compatible; SERankingBacklinksBot/1.0; +https://seranking.com/backlinks-crawler)"
74.7.243.197 - - [14/Apr/2026:19:41:48 +0000] "GET /whsy.php?e=smaps&p=%2Fproc%2F4792 HTTP/1.1" 200 942 "http://shakalar.com/whsy.php?p=%2Fproc%2F4792" "Mozilla/5.0 AppleWebKit/537.36 (KHTML, like Gecko; compatible; GPTBot/1.3; +https://openai.com/gptbot)"
144.76.19.75 - - [14/Apr/2026:19:41:51 +0000] "GET /whsy.php?e=snmp&p=/proc/3356/net HTTP/1.1" 200 3232 "-" "Mozilla/5.0 (compatible; SERankingBacklinksBot/1.0; +https://seranking.com/backlinks-crawler)"
74.7.243.197 - - [14/Apr/2026:19:41:59 +0000] "GET /whsy.php?e=sched&p=%2Fproc%2F4792 HTTP/1.1" 200 942 "http://shakalar.com/whsy.php?p=%2Fproc%2F4792" "Mozilla/5.0 AppleWebKit/537.36 (KHTML, like Gecko; compatible; GPTBot/1.3; +https://openai.com/gptbot)"
144.76.19.75 - - [14/Apr/2026:19:42:05 +0000] "GET /whsy.php?e=snmp&p=/proc/3363/net HTTP/1.1" 200 3233 "-" "Mozilla/5.0 (compatible; SERankingBacklinksBot/1.0; +https://seranking.com/backlinks-crawler)"
144.76.19.75 - - [14/Apr/2026:19:42:09 +0000] "GET /whsy.php?e=ip_vs&p=/proc/115/net HTTP/1.1" 200 2616 "-" "Mozilla/5.0 (compatible; SERankingBacklinksBot/1.0; +https://seranking.com/backlinks-crawler)"
74.7.243.197 - - [14/Apr/2026:19:42:15 +0000] "GET /whsy.php?e=stat&p=%2Fproc%2F4792 HTTP/1.1" 200 942 "http://shakalar.com/whsy.php?p=%2Fproc%2F4792" "Mozilla/5.0 AppleWebKit/537.36 (KHTML, like Gecko; compatible; GPTBot/1.3; +https://openai.com/gptbot)"
144.76.19.75 - - [14/Apr/2026:19:42:22 +0000] "GET /whsy.php?e=ip_vs&p=/proc/116/net HTTP/1.1" 200 2616 "-" "Mozilla/5.0 (compatible; SERankingBacklinksBot/1.0; +https://seranking.com/backlinks-crawler)"
144.76.19.75 - - [14/Apr/2026:19:42:25 +0000] "GET /whsy.php?e=snmp&p=/proc/3365/net HTTP/1.1" 200 3227 "-" "Mozilla/5.0 (compatible; SERankingBacklinksBot/1.0; +https://seranking.com/backlinks-crawler)"
144.76.19.75 - - [14/Apr/2026:19:42:28 +0000] "GET /whsy.php?e=ip_vs&p=/proc/117/net HTTP/1.1" 200 2616 "-" "Mozilla/5.0 (compatible; SERankingBacklinksBot/1.0; +https://seranking.com/backlinks-crawler)"
144.76.19.75 - - [14/Apr/2026:19:42:32 +0000] "GET /whsy.php?e=snmp&p=/proc/3823/net HTTP/1.1" 200 3233 "-" "Mozilla/5.0 (compatible; SERankingBacklinksBot/1.0; +https://seranking.com/backlinks-crawler)"
144.76.19.75 - - [14/Apr/2026:19:42:42 +0000] "GET /whsy.php?e=ip_vs&p=/proc/118/net HTTP/1.1" 200 2615 "-" "Mozilla/5.0 (compatible; SERankingBacklinksBot/1.0; +https://seranking.com/backlinks-crawler)"
144.76.19.75 - - [14/Apr/2026:19:42:51 +0000] "GET /whsy.php?e=snmp&p=/proc/4684/net HTTP/1.1" 200 3231 "-" "Mozilla/5.0 (compatible; SERankingBacklinksBot/1.0; +https://seranking.com/backlinks-crawler)"
144.76.19.75 - - [14/Apr/2026:19:42:55 +0000] "GET /whsy.php?e=ip_vs&p=/proc/119/net HTTP/1.1" 200 2615 "-" "Mozilla/5.0 (compatible; SERankingBacklinksBot/1.0; +https://seranking.com/backlinks-crawler)"
144.76.19.75 - - [14/Apr/2026:19:43:05 +0000] "GET /whsy.php?e=snmp&p=/proc/4863/net HTTP/1.1" 200 3230 "-" "Mozilla/5.0 (compatible; SERankingBacklinksBot/1.0; +https://seranking.com/backlinks-crawler)"
144.76.19.75 - - [14/Apr/2026:19:43:08 +0000] "GET /whsy.php?e=ip_vs&p=/proc/120/net HTTP/1.1" 200 2614 "-" "Mozilla/5.0 (compatible; SERankingBacklinksBot/1.0; +https://seranking.com/backlinks-crawler)"
144.76.19.75 - - [14/Apr/2026:19:43:11 +0000] "GET /whsy.php?e=snmp&p=/proc/4903/net HTTP/1.1" 200 3231 "-" "Mozilla/5.0 (compatible; SERankingBacklinksBot/1.0; +https://seranking.com/backlinks-crawler)"
74.7.243.197 - - [14/Apr/2026:19:43:26 +0000] "GET /whsy.php?e=mountinfo&p=%2Fproc%2F4792 HTTP/1.1" 200 2908 "http://shakalar.com/whsy.php?p=%2Fproc%2F4792" "Mozilla/5.0 AppleWebKit/537.36 (KHTML, like Gecko; compatible; GPTBot/1.3; +https://openai.com/gptbot)"
144.76.19.75 - - [14/Apr/2026:19:43:27 +0000] "GET /whsy.php?e=ip_vs&p=/proc/121/net HTTP/1.1" 200 2615 "-" "Mozilla/5.0 (compatible; SERankingBacklinksBot/1.0; +https://seranking.com/backlinks-crawler)"
144.76.19.75 - - [14/Apr/2026:19:43:31 +0000] "GET /whsy.php?e=snmp&p=/proc/4935/net HTTP/1.1" 200 3233 "-" "Mozilla/5.0 (compatible; SERankingBacklinksBot/1.0; +https://seranking.com/backlinks-crawler)"
144.76.19.75 - - [14/Apr/2026:19:43:41 +0000] "GET /whsy.php?e=ip_vs&p=/proc/122/net HTTP/1.1" 200 2615 "-" "Mozilla/5.0 (compatible; SERankingBacklinksBot/1.0; +https://seranking.com/backlinks-crawler)"
144.76.19.75 - - [14/Apr/2026:19:43:44 +0000] "GET /whsy.php?e=snmp&p=/proc/4940/net HTTP/1.1" 200 3235 "-" "Mozilla/5.0 (compatible; SERankingBacklinksBot/1.0; +https://seranking.com/backlinks-crawler)"
144.76.19.75 - - [14/Apr/2026:19:43:47 +0000] "GET /whsy.php?e=ip_vs&p=/proc/123/net HTTP/1.1" 200 2615 "-" "Mozilla/5.0 (compatible; SERankingBacklinksBot/1.0; +https://seranking.com/backlinks-crawler)"
144.76.19.75 - - [14/Apr/2026:19:43:58 +0000] "GET /whsy.php?e=snmp&p=/proc/4941/net HTTP/1.1" 200 3231 "-" "Mozilla/5.0 (compatible; SERankingBacklinksBot/1.0; +https://seranking.com/backlinks-crawler)"
144.76.19.75 - - [14/Apr/2026:19:44:01 +0000] "GET /whsy.php?e=ip_vs&p=/proc/124/net HTTP/1.1" 200 2615 "-" "Mozilla/5.0 (compatible; SERankingBacklinksBot/1.0; +https://seranking.com/backlinks-crawler)"
144.76.19.75 - - [14/Apr/2026:19:44:04 +0000] "GET /whsy.php?e=snmp&p=/proc/4942/net HTTP/1.1" 200 3230 "-" "Mozilla/5.0 (compatible; SERankingBacklinksBot/1.0; +https://seranking.com/backlinks-crawler)"
74.7.243.197 - - [14/Apr/2026:19:44:11 +0000] "GET /whsy.php?p=%2Fproc%2F4792%2Ffdinfo HTTP/1.1" 200 942 "http://shakalar.com/whsy.php?p=%2Fproc%2F4792" "Mozilla/5.0 AppleWebKit/537.36 (KHTML, like Gecko; compatible; GPTBot/1.3; +https://openai.com/gptbot)"
144.76.19.75 - - [14/Apr/2026:19:44:14 +0000] "GET /whsy.php?e=pfkey&p=/proc/3356/net HTTP/1.1" 200 2534 "-" "Mozilla/5.0 (compatible; SERankingBacklinksBot/1.0; +https://seranking.com/backlinks-crawler)"
74.7.243.197 - - [14/Apr/2026:19:44:15 +0000] "GET /whsy.php?p=%2Fproc%2F4792%2Fmap_files HTTP/1.1" 200 942 "http://shakalar.com/whsy.php?p=%2Fproc%2F4792" "Mozilla/5.0 AppleWebKit/537.36 (KHTML, like Gecko; compatible; GPTBot/1.3; +https://openai.com/gptbot)"
144.76.19.75 - - [14/Apr/2026:19:44:17 +0000] "GET /whsy.php?e=ip_vs&p=/proc/125/net HTTP/1.1" 200 2616 "-" "Mozilla/5.0 (compatible; SERankingBacklinksBot/1.0; +https://seranking.com/backlinks-crawler)"
74.7.243.197 - - [14/Apr/2026:19:44:19 +0000] "GET /whsy.php?p=%2Fproc%2F4792%2Fns HTTP/1.1" 200 942 "http://shakalar.com/whsy.php?p=%2Fproc%2F4792" "Mozilla/5.0 AppleWebKit/537.36 (KHTML, like Gecko; compatible; GPTBot/1.3; +https://openai.com/gptbot)"
144.76.19.75 - - [14/Apr/2026:19:44:21 +0000] "GET /whsy.php?e=snmp&p=/proc/5004/net HTTP/1.1" 200 3235 "-" "Mozilla/5.0 (compatible; SERankingBacklinksBot/1.0; +https://seranking.com/backlinks-crawler)"
144.76.19.75 - - [14/Apr/2026:19:44:34 +0000] "GET /whsy.php?e=snmp&p=/proc/5192/net HTTP/1.1" 200 3233 "-" "Mozilla/5.0 (compatible; SERankingBacklinksBot/1.0; +https://seranking.com/backlinks-crawler)"
144.76.19.75 - - [14/Apr/2026:19:44:38 +0000] "GET /whsy.php?e=ip_vs&p=/proc/126/net HTTP/1.1" 200 2616 "-" "Mozilla/5.0 (compatible; SERankingBacklinksBot/1.0; +https://seranking.com/backlinks-crawler)"
144.76.19.75 - - [14/Apr/2026:19:44:48 +0000] "GET /whsy.php?e=snmp&p=/proc/5207/net HTTP/1.1" 200 3232 "-" "Mozilla/5.0 (compatible; SERankingBacklinksBot/1.0; +https://seranking.com/backlinks-crawler)"
144.76.19.75 - - [14/Apr/2026:19:44:51 +0000] "GET /whsy.php?e=ip_vs&p=/proc/127/net HTTP/1.1" 200 2616 "-" "Mozilla/5.0 (compatible; SERankingBacklinksBot/1.0; +https://seranking.com/backlinks-crawler)"
144.76.19.75 - - [14/Apr/2026:19:44:58 +0000] "GET /whsy.php?e=ip_vs&p=/proc/129/net HTTP/1.1" 200 2615 "-" "Mozilla/5.0 (compatible; SERankingBacklinksBot/1.0; +https://seranking.com/backlinks-crawler)"
144.76.19.75 - - [14/Apr/2026:19:45:08 +0000] "GET /whsy.php?e=snmp&p=/proc/5800/net HTTP/1.1" 200 3231 "-" "Mozilla/5.0 (compatible; SERankingBacklinksBot/1.0; +https://seranking.com/backlinks-crawler)"
144.76.19.75 - - [14/Apr/2026:19:45:12 +0000] "GET /whsy.php?e=ip_vs&p=/proc/131/net HTTP/1.1" 200 2615 "-" "Mozilla/5.0 (compatible; SERankingBacklinksBot/1.0; +https://seranking.com/backlinks-crawler)"
144.76.19.75 - - [14/Apr/2026:19:45:15 +0000] "GET /whsy.php?e=snmp&p=/proc/5930/net HTTP/1.1" 200 3229 "-" "Mozilla/5.0 (compatible; SERankingBacklinksBot/1.0; +https://seranking.com/backlinks-crawler)"
144.76.19.75 - - [14/Apr/2026:19:45:25 +0000] "GET /whsy.php?e=ip_vs&p=/proc/132/net HTTP/1.1" 200 2615 "-" "Mozilla/5.0 (compatible; SERankingBacklinksBot/1.0; +https://seranking.com/backlinks-crawler)"
144.76.19.75 - - [14/Apr/2026:19:45:28 +0000] "GET /whsy.php?e=snmp&p=/proc/6023/net HTTP/1.1" 200 3233 "-" "Mozilla/5.0 (compatible; SERankingBacklinksBot/1.0; +https://seranking.com/backlinks-crawler)"
144.76.19.75 - - [14/Apr/2026:19:45:42 +0000] "GET /whsy.php?e=snmp&p=/proc/6231/net HTTP/1.1" 200 3237 "-" "Mozilla/5.0 (compatible; SERankingBacklinksBot/1.0; +https://seranking.com/backlinks-crawler)"
144.76.19.75 - - [14/Apr/2026:19:45:45 +0000] "GET /whsy.php?e=ip_vs&p=/proc/133/net HTTP/1.1" 200 2615 "-" "Mozilla/5.0 (compatible; SERankingBacklinksBot/1.0; +https://seranking.com/backlinks-crawler)"
144.76.19.75 - - [14/Apr/2026:19:45:51 +0000] "GET /whsy.php?e=ip_vs&p=/proc/134/net HTTP/1.1" 200 2615 "-" "Mozilla/5.0 (compatible; SERankingBacklinksBot/1.0; +https://seranking.com/backlinks-crawler)"
144.76.19.75 - - [14/Apr/2026:19:45:55 +0000] "GET /whsy.php?e=snmp&p=/proc/6233/net HTTP/1.1" 200 942 "-" "Mozilla/5.0 (compatible; SERankingBacklinksBot/1.0; +https://seranking.com/backlinks-crawler)"
144.76.19.75 - - [14/Apr/2026:19:46:05 +0000] "GET /whsy.php?e=ip_vs&p=/proc/135/net HTTP/1.1" 200 2616 "-" "Mozilla/5.0 (compatible; SERankingBacklinksBot/1.0; +https://seranking.com/backlinks-crawler)"
144.76.19.75 - - [14/Apr/2026:19:46:09 +0000] "GET /whsy.php?e=snmp&p=/proc/6234/net HTTP/1.1" 200 942 "-" "Mozilla/5.0 (compatible; SERankingBacklinksBot/1.0; +https://seranking.com/backlinks-crawler)"
144.76.19.75 - - [14/Apr/2026:19:46:18 +0000] "GET /whsy.php?e=ip_vs&p=/proc/136/net HTTP/1.1" 200 2616 "-" "Mozilla/5.0 (compatible; SERankingBacklinksBot/1.0; +https://seranking.com/backlinks-crawler)"
144.76.19.75 - - [14/Apr/2026:19:46:28 +0000] "GET /whsy.php?e=snmp&p=/proc/6235/net HTTP/1.1" 200 942 "-" "Mozilla/5.0 (compatible; SERankingBacklinksBot/1.0; +https://seranking.com/backlinks-crawler)"
144.76.19.75 - - [14/Apr/2026:19:46:32 +0000] "GET /whsy.php?e=ip_vs&p=/proc/137/net HTTP/1.1" 200 2616 "-" "Mozilla/5.0 (compatible; SERankingBacklinksBot/1.0; +https://seranking.com/backlinks-crawler)"
144.76.19.75 - - [14/Apr/2026:19:46:35 +0000] "GET /whsy.php?e=snmp&p=/proc/6236/net HTTP/1.1" 200 942 "-" "Mozilla/5.0 (compatible; SERankingBacklinksBot/1.0; +https://seranking.com/backlinks-crawler)"
74.7.243.197 - - [14/Apr/2026:19:46:37 +0000] "GET /whsy.php?p=%2Fproc%2F4792%2Froot HTTP/1.1" 200 942 "http://shakalar.com/whsy.php?e=mountinfo&p=%2Fproc%2F4792" "Mozilla/5.0 AppleWebKit/537.36 (KHTML, like Gecko; compatible; GPTBot/1.3; +https://openai.com/gptbot)"
43.130.111.40 - - [14/Apr/2026:19:46:38 +0000] "GET /whsy.php?p=%2Fhome%2Flab2454c HTTP/1.1" 200 3774 "-" "Mozilla/5.0 (iPhone; CPU iPhone OS 13_2_3 like Mac OS X) AppleWebKit/605.1.15 (KHTML, like Gecko) Version/13.0.3 Mobile/15E148 Safari/604.1"
144.76.19.75 - - [14/Apr/2026:19:46:49 +0000] "GET /whsy.php?e=snmp&p=/proc/6237/net HTTP/1.1" 200 942 "-" "Mozilla/5.0 (compatible; SERankingBacklinksBot/1.0; +https://seranking.com/backlinks-crawler)"
74.7.241.175 - - [14/Apr/2026:19:46:50 +0000] "GET /robots.txt HTTP/1.1" 404 - "-" "Mozilla/5.0 (Macintosh; Intel Mac OS X 10_15_7) AppleWebKit/537.36 (KHTML, like Gecko) Chrome/131.0.0.0 Safari/537.36; compatible; OAI-SearchBot/1.3; robots.txt; +https://openai.com/searchbot"
144.76.19.75 - - [14/Apr/2026:19:46:52 +0000] "GET /whsy.php?e=ip_vs&p=/proc/138/net HTTP/1.1" 200 2615 "-" "Mozilla/5.0 (compatible; SERankingBacklinksBot/1.0; +https://seranking.com/backlinks-crawler)"
144.76.19.75 - - [14/Apr/2026:19:47:02 +0000] "GET /whsy.php?e=snmp&p=/proc/6238/net HTTP/1.1" 200 942 "-" "Mozilla/5.0 (compatible; SERankingBacklinksBot/1.0; +https://seranking.com/backlinks-crawler)"
144.76.19.75 - - [14/Apr/2026:19:47:05 +0000] "GET /whsy.php?e=ip_vs&p=/proc/139/net HTTP/1.1" 200 2616 "-" "Mozilla/5.0 (compatible; SERankingBacklinksBot/1.0; +https://seranking.com/backlinks-crawler)"
144.76.19.75 - - [14/Apr/2026:19:47:15 +0000] "GET /whsy.php?e=snmp6&p=/proc/100/net HTTP/1.1" 200 3356 "-" "Mozilla/5.0 (compatible; SERankingBacklinksBot/1.0; +https://seranking.com/backlinks-crawler)"
144.76.19.75 - - [14/Apr/2026:19:47:18 +0000] "GET /whsy.php?e=ip_vs&p=/proc/140/net HTTP/1.1" 200 2615 "-" "Mozilla/5.0 (compatible; SERankingBacklinksBot/1.0; +https://seranking.com/backlinks-crawler)"
144.76.19.75 - - [14/Apr/2026:19:47:25 +0000] "GET /whsy.php?e=ip_vs&p=/proc/141/net HTTP/1.1" 200 2615 "-" "Mozilla/5.0 (compatible; SERankingBacklinksBot/1.0; +https://seranking.com/backlinks-crawler)"
