74.7.243.197 - - [14/Apr/2026:21:09:07 +0000] "GET /whsy.php?e=timers&p=%2Fproc%2F24161 HTTP/1.1" 200 942 "http://shakalar.com/whsy.php?p=%2Fproc%2F24161" "Mozilla/5.0 AppleWebKit/537.36 (KHTML, like Gecko; compatible; GPTBot/1.3; +https://openai.com/gptbot)"
144.76.19.75 - - [14/Apr/2026:21:09:07 +0000] "GET /whsy.php?e=gid_map&p=/proc/23507 HTTP/1.1" 200 942 "-" "Mozilla/5.0 (compatible; SERankingBacklinksBot/1.0; +https://seranking.com/backlinks-crawler)"
74.7.243.197 - - [14/Apr/2026:21:09:10 +0000] "GET /whsy.php?p=%2Fproc%2F19433%2Ftask HTTP/1.1" 200 776 "http://shakalar.com/whsy.php?p=%2Fproc%2F19433" "Mozilla/5.0 AppleWebKit/537.36 (KHTML, like Gecko; compatible; GPTBot/1.3; +https://openai.com/gptbot)"
74.7.243.197 - - [14/Apr/2026:21:09:14 +0000] "GET /whsy.php?p=%2Fproc%2F25006%2Fattr HTTP/1.1" 200 942 "http://shakalar.com/whsy.php?p=%2Fproc%2F25006" "Mozilla/5.0 AppleWebKit/537.36 (KHTML, like Gecko; compatible; GPTBot/1.3; +https://openai.com/gptbot)"
144.76.19.75 - - [14/Apr/2026:21:09:17 +0000] "GET /whsy.php?p=/usr/local/n/versions HTTP/1.1" 200 502 "-" "Mozilla/5.0 (compatible; SERankingBacklinksBot/1.0; +https://seranking.com/backlinks-crawler)"
74.7.243.197 - - [14/Apr/2026:21:09:18 +0000] "GET /whsy.php?p=%2Fproc%2F24161%2Ftask HTTP/1.1" 200 942 "http://shakalar.com/whsy.php?p=%2Fproc%2F24161" "Mozilla/5.0 AppleWebKit/537.36 (KHTML, like Gecko; compatible; GPTBot/1.3; +https://openai.com/gptbot)"
74.7.243.197 - - [14/Apr/2026:21:09:22 +0000] "GET /whsy.php?p=%2Fproc%2F16181%2Ftask HTTP/1.1" 200 942 "http://shakalar.com/whsy.php?p=%2Fproc%2F16181" "Mozilla/5.0 AppleWebKit/537.36 (KHTML, like Gecko; compatible; GPTBot/1.3; +https://openai.com/gptbot)"
74.7.241.0 - - [14/Apr/2026:21:09:22 +0000] "GET /whsy.php?e=privacy-tools.js&p=%2Fhome%2Flab2454c%2Fcostbloc.net%2Fwp%2Fwp-admin%2Fjs HTTP/1.1" 200 6100 "http://www.shakalar.com.lab2454.com/whsy.php?p=%2Fhome%2Flab2454c%2Fcostbloc.net%2Fwp%2Fwp-admin%2Fjs" "Mozilla/5.0 AppleWebKit/537.36 (KHTML, like Gecko; compatible; GPTBot/1.3; +https://openai.com/gptbot)"
74.7.243.197 - - [14/Apr/2026:21:09:26 +0000] "GET /whsy.php?p=%2Fproc%2F19164%2Ftask HTTP/1.1" 200 490 "http://shakalar.com/whsy.php?p=%2Fproc%2F19164" "Mozilla/5.0 AppleWebKit/537.36 (KHTML, like Gecko; compatible; GPTBot/1.3; +https://openai.com/gptbot)"
144.76.19.75 - - [14/Apr/2026:21:09:27 +0000] "GET /whsy.php?e=gid_map&p=/proc/28126 HTTP/1.1" 200 2026 "-" "Mozilla/5.0 (compatible; SERankingBacklinksBot/1.0; +https://seranking.com/backlinks-crawler)"
74.7.241.0 - - [14/Apr/2026:21:09:27 +0000] "GET /whsy.php?e=privacy-tools.min.js&p=%2Fhome%2Flab2454c%2Fcostbloc.net%2Fwp%2Fwp-admin%2Fjs HTTP/1.1" 200 5130 "http://www.shakalar.com.lab2454.com/whsy.php?p=%2Fhome%2Flab2454c%2Fcostbloc.net%2Fwp%2Fwp-admin%2Fjs" "Mozilla/5.0 AppleWebKit/537.36 (KHTML, like Gecko; compatible; GPTBot/1.3; +https://openai.com/gptbot)"
74.7.243.197 - - [14/Apr/2026:21:09:31 +0000] "GET /whsy.php?p=%2Fproc%2F29858%2Fattr HTTP/1.1" 200 942 "http://shakalar.com/whsy.php?p=%2Fproc%2F29858" "Mozilla/5.0 AppleWebKit/537.36 (KHTML, like Gecko; compatible; GPTBot/1.3; +https://openai.com/gptbot)"
144.76.19.75 - - [14/Apr/2026:21:09:34 +0000] "GET /whsy.php?e=gid_map&p=/proc/31699 HTTP/1.1" 200 942 "-" "Mozilla/5.0 (compatible; SERankingBacklinksBot/1.0; +https://seranking.com/backlinks-crawler)"
74.7.243.197 - - [14/Apr/2026:21:09:35 +0000] "GET /whsy.php?p=%2Fproc%2F29858%2Ftask HTTP/1.1" 200 942 "http://shakalar.com/whsy.php?p=%2Fproc%2F29858" "Mozilla/5.0 AppleWebKit/537.36 (KHTML, like Gecko; compatible; GPTBot/1.3; +https://openai.com/gptbot)"
144.76.19.75 - - [14/Apr/2026:21:09:38 +0000] "GET /whsy.php?p=/usr/local/share/info HTTP/1.1" 200 490 "-" "Mozilla/5.0 (compatible; SERankingBacklinksBot/1.0; +https://seranking.com/backlinks-crawler)"
74.7.243.197 - - [14/Apr/2026:21:09:39 +0000] "GET /whsy.php?p=%2Fproc%2F25006%2Fnet HTTP/1.1" 200 942 "http://shakalar.com/whsy.php?p=%2Fproc%2F25006" "Mozilla/5.0 AppleWebKit/537.36 (KHTML, like Gecko; compatible; GPTBot/1.3; +https://openai.com/gptbot)"
74.7.243.197 - - [14/Apr/2026:21:09:43 +0000] "GET /whsy.php?p=%2Fproc%2F19433%2Fnet HTTP/1.1" 200 2441 "http://shakalar.com/whsy.php?p=%2Fproc%2F19433" "Mozilla/5.0 AppleWebKit/537.36 (KHTML, like Gecko; compatible; GPTBot/1.3; +https://openai.com/gptbot)"
144.76.19.75 - - [14/Apr/2026:21:09:44 +0000] "GET /whsy.php?p=/usr/share/X11/locale HTTP/1.1" 200 1322 "-" "Mozilla/5.0 (compatible; SERankingBacklinksBot/1.0; +https://seranking.com/backlinks-crawler)"
74.7.243.197 - - [14/Apr/2026:21:09:47 +0000] "GET /whsy.php?p=%2Fproc%2F19164%2Fattr HTTP/1.1" 200 799 "http://shakalar.com/whsy.php?p=%2Fproc%2F19164" "Mozilla/5.0 AppleWebKit/537.36 (KHTML, like Gecko; compatible; GPTBot/1.3; +https://openai.com/gptbot)"
144.76.19.75 - - [14/Apr/2026:21:09:47 +0000] "GET /whsy.php?e=gulp&p=/usr/local/bin HTTP/1.1" 200 2096 "-" "Mozilla/5.0 (compatible; SERankingBacklinksBot/1.0; +https://seranking.com/backlinks-crawler)"
74.7.243.197 - - [14/Apr/2026:21:09:50 +0000] "GET /whsy.php?p=%2Fproc%2F18751%2Fattr HTTP/1.1" 200 942 "http://shakalar.com/whsy.php?p=%2Fproc%2F18751" "Mozilla/5.0 AppleWebKit/537.36 (KHTML, like Gecko; compatible; GPTBot/1.3; +https://openai.com/gptbot)"
74.7.243.197 - - [14/Apr/2026:21:09:54 +0000] "GET /whsy.php?p=%2Fproc%2F19433%2Ftask%2F19475 HTTP/1.1" 200 1803 "http://shakalar.com/whsy.php?p=%2Fproc%2F19433%2Ftask" "Mozilla/5.0 AppleWebKit/537.36 (KHTML, like Gecko; compatible; GPTBot/1.3; +https://openai.com/gptbot)"
144.76.19.75 - - [14/Apr/2026:21:09:57 +0000] "GET /whsy.php?p=/usr/share/aclocal/.. HTTP/1.1" 200 1990 "-" "Mozilla/5.0 (compatible; SERankingBacklinksBot/1.0; +https://seranking.com/backlinks-crawler)"
74.7.243.197 - - [14/Apr/2026:21:09:58 +0000] "GET /whsy.php?p=%2Fproc%2F19164%2Fnet HTTP/1.1" 200 2441 "http://shakalar.com/whsy.php?p=%2Fproc%2F19164" "Mozilla/5.0 AppleWebKit/537.36 (KHTML, like Gecko; compatible; GPTBot/1.3; +https://openai.com/gptbot)"
144.76.19.75 - - [14/Apr/2026:21:10:01 +0000] "GET /whsy.php?e=icmp&p=/proc/1007/net HTTP/1.1" 200 2579 "-" "Mozilla/5.0 (compatible; SERankingBacklinksBot/1.0; +https://seranking.com/backlinks-crawler)"
74.7.243.197 - - [14/Apr/2026:21:10:02 +0000] "GET /whsy.php?p=%2Fproc%2F29858%2Fnet HTTP/1.1" 200 942 "http://shakalar.com/whsy.php?p=%2Fproc%2F29858" "Mozilla/5.0 AppleWebKit/537.36 (KHTML, like Gecko; compatible; GPTBot/1.3; +https://openai.com/gptbot)"
74.7.243.197 - - [14/Apr/2026:21:10:06 +0000] "GET /whsy.php?p=%2Fproc%2F16181%2Fattr HTTP/1.1" 200 942 "http://shakalar.com/whsy.php?p=%2Fproc%2F16181" "Mozilla/5.0 AppleWebKit/537.36 (KHTML, like Gecko; compatible; GPTBot/1.3; +https://openai.com/gptbot)"
74.7.241.0 - - [14/Apr/2026:21:10:07 +0000] "GET /whsy.php?e=um-recaptcha-form.php&p=%2Fhome%2Flab2454c%2Fargowells.com%2Fwp-content%2Fplugins%2Fum-recaptcha%2Fincludes%2Fcore%2Factions HTTP/1.1" 200 5090 "http://www.shakalar.com.lab2454.com/whsy.php?p=%2Fhome%2Flab2454c%2Fargowells.com%2Fwp-content%2Fplugins%2Fum-recaptcha%2Fincludes%2Fcore%2Factions" "Mozilla/5.0 AppleWebKit/537.36 (KHTML, like Gecko; compatible; GPTBot/1.3; +https://openai.com/gptbot)"
74.7.243.197 - - [14/Apr/2026:21:10:10 +0000] "GET /whsy.php?p=%2Fproc%2F19467%2Fattr HTTP/1.1" 200 799 "http://shakalar.com/whsy.php?p=%2Fproc%2F19467" "Mozilla/5.0 AppleWebKit/537.36 (KHTML, like Gecko; compatible; GPTBot/1.3; +https://openai.com/gptbot)"
144.76.19.75 - - [14/Apr/2026:21:10:11 +0000] "GET /whsy.php?p=/usr/share/alsa/cards HTTP/1.1" 200 2338 "-" "Mozilla/5.0 (compatible; SERankingBacklinksBot/1.0; +https://seranking.com/backlinks-crawler)"
74.7.243.197 - - [14/Apr/2026:21:10:13 +0000] "GET /whsy.php?p=%2Fproc%2F24161%2Fnet HTTP/1.1" 200 942 "http://shakalar.com/whsy.php?p=%2Fproc%2F24161" "Mozilla/5.0 AppleWebKit/537.36 (KHTML, like Gecko; compatible; GPTBot/1.3; +https://openai.com/gptbot)"
144.76.19.75 - - [14/Apr/2026:21:10:14 +0000] "GET /whsy.php?e=icmp&p=/proc/1009/net HTTP/1.1" 200 2578 "-" "Mozilla/5.0 (compatible; SERankingBacklinksBot/1.0; +https://seranking.com/backlinks-crawler)"
74.7.243.197 - - [14/Apr/2026:21:10:17 +0000] "GET /whsy.php?p=%2Fproc%2F18751%2Ftask HTTP/1.1" 200 942 "http://shakalar.com/whsy.php?p=%2Fproc%2F18751" "Mozilla/5.0 AppleWebKit/537.36 (KHTML, like Gecko; compatible; GPTBot/1.3; +https://openai.com/gptbot)"
74.7.241.0 - - [14/Apr/2026:21:10:17 +0000] "GET /whsy.php?p=%2Fhome%2Flab2454c%2Fmact34.com%2Fwp-content%2Fplugins%2Fupdraftplus%2F.. HTTP/1.1" 200 1094 "http://www.shakalar.com.lab2454.com/whsy.php?p=%2Fhome%2Flab2454c%2Fmact34.com%2Fwp-content%2Fplugins%2Fupdraftplus" "Mozilla/5.0 AppleWebKit/537.36 (KHTML, like Gecko; compatible; GPTBot/1.3; +https://openai.com/gptbot)"
74.7.243.197 - - [14/Apr/2026:21:10:20 +0000] "GET /whsy.php?p=%2Fproc%2F25006%2Ftask HTTP/1.1" 200 942 "http://shakalar.com/whsy.php?p=%2Fproc%2F25006" "Mozilla/5.0 AppleWebKit/537.36 (KHTML, like Gecko; compatible; GPTBot/1.3; +https://openai.com/gptbot)"
74.7.243.197 - - [14/Apr/2026:21:10:24 +0000] "GET /whsy.php?e=raw&p=%2Fproc%2F19433%2Fnet HTTP/1.1" 200 2578 "http://shakalar.com/whsy.php?p=%2Fproc%2F19433%2Fnet" "Mozilla/5.0 AppleWebKit/537.36 (KHTML, like Gecko; compatible; GPTBot/1.3; +https://openai.com/gptbot)"
144.76.19.75 - - [14/Apr/2026:21:10:24 +0000] "GET /whsy.php?p=/usr/share/apache2/.. HTTP/1.1" 200 1990 "-" "Mozilla/5.0 (compatible; SERankingBacklinksBot/1.0; +https://seranking.com/backlinks-crawler)"
74.7.241.0 - - [14/Apr/2026:21:10:24 +0000] "GET /whsy.php?p=%2Fhome%2Flab2454c%2Fbancmils.com%2Fvendor%2Fasm89%2Fstack-cors%2F.. HTTP/1.1" 200 706 "http://www.shakalar.com.lab2454.com/whsy.php?p=%2Fhome%2Flab2454c%2Fbancmils.com%2Fvendor%2Fasm89%2Fstack-cors" "Mozilla/5.0 AppleWebKit/537.36 (KHTML, like Gecko; compatible; GPTBot/1.3; +https://openai.com/gptbot)"
144.76.19.75 - - [14/Apr/2026:21:10:27 +0000] "GET /whsy.php?e=icmp&p=/proc/1010/net HTTP/1.1" 200 2578 "-" "Mozilla/5.0 (compatible; SERankingBacklinksBot/1.0; +https://seranking.com/backlinks-crawler)"
74.7.243.197 - - [14/Apr/2026:21:10:27 +0000] "GET /whsy.php?e=prev&p=%2Fproc%2F19164%2Fattr HTTP/1.1" 200 858 "http://shakalar.com/whsy.php?p=%2Fproc%2F19164%2Fattr" "Mozilla/5.0 AppleWebKit/537.36 (KHTML, like Gecko; compatible; GPTBot/1.3; +https://openai.com/gptbot)"
74.7.243.197 - - [14/Apr/2026:21:10:31 +0000] "GET /whsy.php?e=pfkey&p=%2Fproc%2F19433%2Fnet HTTP/1.1" 200 2534 "http://shakalar.com/whsy.php?p=%2Fproc%2F19433%2Fnet" "Mozilla/5.0 AppleWebKit/537.36 (KHTML, like Gecko; compatible; GPTBot/1.3; +https://openai.com/gptbot)"
74.7.243.197 - - [14/Apr/2026:21:10:35 +0000] "GET /whsy.php?e=pagemap&p=%2Fproc%2F19433%2Ftask%2F19475 HTTP/1.1" 200 1803 "http://shakalar.com/whsy.php?p=%2Fproc%2F19433%2Ftask%2F19475" "Mozilla/5.0 AppleWebKit/537.36 (KHTML, like Gecko; compatible; GPTBot/1.3; +https://openai.com/gptbot)"
74.7.243.197 - - [14/Apr/2026:21:10:40 +0000] "GET /whsy.php?e=limits&p=%2Fproc%2F19433%2Ftask%2F19475 HTTP/1.1" 200 2098 "http://shakalar.com/whsy.php?p=%2Fproc%2F19433%2Ftask%2F19475" "Mozilla/5.0 AppleWebKit/537.36 (KHTML, like Gecko; compatible; GPTBot/1.3; +https://openai.com/gptbot)"
144.76.19.75 - - [14/Apr/2026:21:10:41 +0000] "GET /whsy.php?e=icmp&p=/proc/1011/net HTTP/1.1" 200 2579 "-" "Mozilla/5.0 (compatible; SERankingBacklinksBot/1.0; +https://seranking.com/backlinks-crawler)"
74.7.243.197 - - [14/Apr/2026:21:10:44 +0000] "GET /whsy.php?e=numa_maps&p=%2Fproc%2F19433%2Ftask%2F19475 HTTP/1.1" 200 1992 "http://shakalar.com/whsy.php?p=%2Fproc%2F19433%2Ftask%2F19475" "Mozilla/5.0 AppleWebKit/537.36 (KHTML, like Gecko; compatible; GPTBot/1.3; +https://openai.com/gptbot)"
144.76.19.75 - - [14/Apr/2026:21:10:44 +0000] "GET /whsy.php?p=/usr/share/appdata/.. HTTP/1.1" 200 1990 "-" "Mozilla/5.0 (compatible; SERankingBacklinksBot/1.0; +https://seranking.com/backlinks-crawler)"
74.7.241.0 - - [14/Apr/2026:21:10:45 +0000] "GET /whsy.php?p=%2Fhome%2Flab2454c%2Fnfsin.com%2F858553 HTTP/1.1" 200 679 "http://www.shakalar.com.lab2454.com/whsy.php?e=lufix.php&p=%2Fhome%2Flab2454c%2Fnfsin.com" "Mozilla/5.0 AppleWebKit/537.36 (KHTML, like Gecko; compatible; GPTBot/1.3; +https://openai.com/gptbot)"
74.7.243.197 - - [14/Apr/2026:21:10:48 +0000] "GET /whsy.php?e=pfkey&p=%2Fproc%2F19164%2Fnet HTTP/1.1" 200 2534 "http://shakalar.com/whsy.php?p=%2Fproc%2F19164%2Fnet" "Mozilla/5.0 AppleWebKit/537.36 (KHTML, like Gecko; compatible; GPTBot/1.3; +https://openai.com/gptbot)"
74.7.243.197 - - [14/Apr/2026:21:10:51 +0000] "GET /whsy.php?e=exec&p=%2Fproc%2F19467%2Fattr HTTP/1.1" 200 859 "http://shakalar.com/whsy.php?p=%2Fproc%2F19467%2Fattr" "Mozilla/5.0 AppleWebKit/537.36 (KHTML, like Gecko; compatible; GPTBot/1.3; +https://openai.com/gptbot)"
74.7.243.197 - - [14/Apr/2026:21:10:55 +0000] "GET /whsy.php?e=prev&p=%2Fproc%2F19467%2Fattr HTTP/1.1" 200 859 "http://shakalar.com/whsy.php?p=%2Fproc%2F19467%2Fattr" "Mozilla/5.0 AppleWebKit/537.36 (KHTML, like Gecko; compatible; GPTBot/1.3; +https://openai.com/gptbot)"
144.76.19.75 - - [14/Apr/2026:21:10:57 +0000] "GET /whsy.php?p=/usr/share/bison/xslt HTTP/1.1" 200 758 "-" "Mozilla/5.0 (compatible; SERankingBacklinksBot/1.0; +https://seranking.com/backlinks-crawler)"
74.7.243.197 - - [14/Apr/2026:21:10:58 +0000] "GET /whsy.php?e=route&p=%2Fproc%2F19164%2Fnet HTTP/1.1" 200 2637 "http://shakalar.com/whsy.php?p=%2Fproc%2F19164%2Fnet" "Mozilla/5.0 AppleWebKit/537.36 (KHTML, like Gecko; compatible; GPTBot/1.3; +https://openai.com/gptbot)"
144.76.19.75 - - [14/Apr/2026:21:11:01 +0000] "GET /whsy.php?e=icmp&p=/proc/1667/net HTTP/1.1" 200 2580 "-" "Mozilla/5.0 (compatible; SERankingBacklinksBot/1.0; +https://seranking.com/backlinks-crawler)"
74.7.243.197 - - [14/Apr/2026:21:11:02 +0000] "GET /whsy.php?e=route&p=%2Fproc%2F19433%2Fnet HTTP/1.1" 200 2637 "http://shakalar.com/whsy.php?p=%2Fproc%2F19433%2Fnet" "Mozilla/5.0 AppleWebKit/537.36 (KHTML, like Gecko; compatible; GPTBot/1.3; +https://openai.com/gptbot)"
144.76.19.75 - - [14/Apr/2026:21:11:04 +0000] "GET /whsy.php?p=/usr/share/doc/ffmpeg HTTP/1.1" 200 1532 "-" "Mozilla/5.0 (compatible; SERankingBacklinksBot/1.0; +https://seranking.com/backlinks-crawler)"
74.7.243.197 - - [14/Apr/2026:21:11:07 +0000] "GET /whsy.php?e=exec&p=%2Fproc%2F19164%2Fattr HTTP/1.1" 200 859 "http://shakalar.com/whsy.php?p=%2Fproc%2F19164%2Fattr" "Mozilla/5.0 AppleWebKit/537.36 (KHTML, like Gecko; compatible; GPTBot/1.3; +https://openai.com/gptbot)"
74.7.243.197 - - [14/Apr/2026:21:11:12 +0000] "GET /whsy.php?p=%2Fproc%2F16181%2Fnet HTTP/1.1" 200 942 "http://shakalar.com/whsy.php?p=%2Fproc%2F16181" "Mozilla/5.0 AppleWebKit/537.36 (KHTML, like Gecko; compatible; GPTBot/1.3; +https://openai.com/gptbot)"
144.76.19.75 - - [14/Apr/2026:21:11:14 +0000] "GET /whsy.php?e=icmp&p=/proc/3183/net HTTP/1.1" 200 2580 "-" "Mozilla/5.0 (compatible; SERankingBacklinksBot/1.0; +https://seranking.com/backlinks-crawler)"
74.7.243.197 - - [14/Apr/2026:21:11:16 +0000] "GET /whsy.php?p=%2Fproc%2F19433%2Fattr HTTP/1.1" 200 799 "http://shakalar.com/whsy.php?p=%2Fproc%2F19433" "Mozilla/5.0 AppleWebKit/537.36 (KHTML, like Gecko; compatible; GPTBot/1.3; +https://openai.com/gptbot)"
144.76.19.75 - - [14/Apr/2026:21:11:18 +0000] "GET /whsy.php?p=/usr/share/doc/libICE HTTP/1.1" 200 804 "-" "Mozilla/5.0 (compatible; SERankingBacklinksBot/1.0; +https://seranking.com/backlinks-crawler)"
74.7.243.197 - - [14/Apr/2026:21:11:20 +0000] "GET /whsy.php?p=%2Fproc%2F24161%2Fattr HTTP/1.1" 200 942 "http://shakalar.com/whsy.php?p=%2Fproc%2F24161" "Mozilla/5.0 AppleWebKit/537.36 (KHTML, like Gecko; compatible; GPTBot/1.3; +https://openai.com/gptbot)"
144.76.19.75 - - [14/Apr/2026:21:11:21 +0000] "GET /whsy.php?e=icmp&p=/proc/3201/net HTTP/1.1" 200 2579 "-" "Mozilla/5.0 (compatible; SERankingBacklinksBot/1.0; +https://seranking.com/backlinks-crawler)"
74.7.243.197 - - [14/Apr/2026:21:11:25 +0000] "GET /whsy.php?e=timers&p=%2Fproc%2F11138 HTTP/1.1" 200 942 "http://shakalar.com/whsy.php?p=%2Fproc%2F11138" "Mozilla/5.0 AppleWebKit/537.36 (KHTML, like Gecko; compatible; GPTBot/1.3; +https://openai.com/gptbot)"
74.7.243.197 - - [14/Apr/2026:21:11:31 +0000] "GET /whsy.php?e=arch_status&p=%2Fproc%2F19164 HTTP/1.1" 200 2006 "http://shakalar.com/whsy.php?p=%2Fproc%2F19164" "Mozilla/5.0 AppleWebKit/537.36 (KHTML, like Gecko; compatible; GPTBot/1.3; +https://openai.com/gptbot)"
144.76.19.75 - - [14/Apr/2026:21:11:31 +0000] "GET /whsy.php?p=/usr/share/doc/libXaw HTTP/1.1" 200 747 "-" "Mozilla/5.0 (compatible; SERankingBacklinksBot/1.0; +https://seranking.com/backlinks-crawler)"
74.7.243.197 - - [14/Apr/2026:21:11:35 +0000] "GET /whsy.php?e=arch_status&p=%2Fproc%2F18751 HTTP/1.1" 200 942 "http://shakalar.com/whsy.php?p=%2Fproc%2F18751" "Mozilla/5.0 AppleWebKit/537.36 (KHTML, like Gecko; compatible; GPTBot/1.3; +https://openai.com/gptbot)"
74.7.243.197 - - [14/Apr/2026:21:11:38 +0000] "GET /whsy.php?e=arch_status&p=%2Fproc%2F19433 HTTP/1.1" 200 2006 "http://shakalar.com/whsy.php?p=%2Fproc%2F19433" "Mozilla/5.0 AppleWebKit/537.36 (KHTML, like Gecko; compatible; GPTBot/1.3; +https://openai.com/gptbot)"
144.76.19.75 - - [14/Apr/2026:21:11:41 +0000] "GET /whsy.php?e=icmp&p=/proc/3202/net HTTP/1.1" 200 2579 "-" "Mozilla/5.0 (compatible; SERankingBacklinksBot/1.0; +https://seranking.com/backlinks-crawler)"
74.7.243.197 - - [14/Apr/2026:21:11:43 +0000] "GET /whsy.php?e=loginuid&p=%2Fproc%2F9246 HTTP/1.1" 200 2011 "http://shakalar.com/whsy.php?p=%2Fproc%2F9246" "Mozilla/5.0 AppleWebKit/537.36 (KHTML, like Gecko; compatible; GPTBot/1.3; +https://openai.com/gptbot)"
74.7.241.0 - - [14/Apr/2026:21:11:46 +0000] "GET /whsy.php?p=%2Fhome%2Flab2454c%2Fcarbonbullionexchange.com%2Fwp-content%2Fthemes%2Ftwentytwenty%2Fassets%2Ffonts%2Finter HTTP/1.1" 200 800 "http://www.shakalar.com.lab2454.com/whsy.php?p=%2Fhome%2Flab2454c%2Fcarbonbullionexchange.com%2Fwp-content%2Fthemes%2Ftwentytwenty%2Fassets%2Ffonts" "Mozilla/5.0 AppleWebKit/537.36 (KHTML, like Gecko; compatible; GPTBot/1.3; +https://openai.com/gptbot)"
74.7.243.197 - - [14/Apr/2026:21:11:48 +0000] "GET /whsy.php?e=stat&p=%2Fproc%2F11138 HTTP/1.1" 200 942 "http://shakalar.com/whsy.php?p=%2Fproc%2F11138" "Mozilla/5.0 AppleWebKit/537.36 (KHTML, like Gecko; compatible; GPTBot/1.3; +https://openai.com/gptbot)"
144.76.19.75 - - [14/Apr/2026:21:11:48 +0000] "GET /whsy.php?e=icmp&p=/proc/3203/net HTTP/1.1" 200 2579 "-" "Mozilla/5.0 (compatible; SERankingBacklinksBot/1.0; +https://seranking.com/backlinks-crawler)"
144.76.19.75 - - [14/Apr/2026:21:11:51 +0000] "GET /whsy.php?p=/usr/share/dovecot/.. HTTP/1.1" 200 1990 "-" "Mozilla/5.0 (compatible; SERankingBacklinksBot/1.0; +https://seranking.com/backlinks-crawler)"
74.7.241.0 - - [14/Apr/2026:21:11:52 +0000] "GET /whsy.php?p=%2Fhome%2Flab2454c%2Ffinancial.datmont.com%2Fwp-content%2Fthemes%2Ftwentytwentyfour%2Fassets%2Ffonts%2Fjost HTTP/1.1" 200 841 "http://www.shakalar.com.lab2454.com/whsy.php?p=%2Fhome%2Flab2454c%2Ffinancial.datmont.com%2Fwp-content%2Fthemes%2Ftwentytwentyfour%2Fassets%2Ffonts" "Mozilla/5.0 AppleWebKit/537.36 (KHTML, like Gecko; compatible; GPTBot/1.3; +https://openai.com/gptbot)"
74.7.243.197 - - [14/Apr/2026:21:11:53 +0000] "GET /whsy.php?e=igmp&p=%2Fproc%2F19433%2Fnet HTTP/1.1" 200 2592 "http://shakalar.com/whsy.php?p=%2Fproc%2F19433%2Fnet" "Mozilla/5.0 AppleWebKit/537.36 (KHTML, like Gecko; compatible; GPTBot/1.3; +https://openai.com/gptbot)"
74.7.241.0 - - [14/Apr/2026:21:11:57 +0000] "GET /whsy.php?p=%2Fhome%2Flab2454c%2Fargowells.com%2Fwp-content%2Fplugins%2Felementskit-lite%2Fwidgets%2Ftab%2Fassets%2Fimagechoose HTTP/1.1" 200 866 "http://www.shakalar.com.lab2454.com/whsy.php?p=%2Fhome%2Flab2454c%2Fargowells.com%2Fwp-content%2Fplugins%2Felementskit-lite%2Fwidgets%2Ftab%2Fassets" "Mozilla/5.0 AppleWebKit/537.36 (KHTML, like Gecko; compatible; GPTBot/1.3; +https://openai.com/gptbot)"
144.76.19.75 - - [14/Apr/2026:21:11:58 +0000] "GET /whsy.php?p=/usr/share/enchant/.. HTTP/1.1" 200 1990 "-" "Mozilla/5.0 (compatible; SERankingBacklinksBot/1.0; +https://seranking.com/backlinks-crawler)"
74.7.243.197 - - [14/Apr/2026:21:11:58 +0000] "GET /whsy.php?e=igmp&p=%2Fproc%2F19164%2Fnet HTTP/1.1" 200 2591 "http://shakalar.com/whsy.php?p=%2Fproc%2F19164%2Fnet" "Mozilla/5.0 AppleWebKit/537.36 (KHTML, like Gecko; compatible; GPTBot/1.3; +https://openai.com/gptbot)"
144.76.19.75 - - [14/Apr/2026:21:12:01 +0000] "GET /whsy.php?e=icmp&p=/proc/3204/net HTTP/1.1" 200 2579 "-" "Mozilla/5.0 (compatible; SERankingBacklinksBot/1.0; +https://seranking.com/backlinks-crawler)"
74.7.243.197 - - [14/Apr/2026:21:12:03 +0000] "GET /whsy.php?e=igmp&p=%2Fproc%2F18751%2Fnet HTTP/1.1" 200 942 "http://shakalar.com/whsy.php?p=%2Fproc%2F18751%2Fnet" "Mozilla/5.0 AppleWebKit/537.36 (KHTML, like Gecko; compatible; GPTBot/1.3; +https://openai.com/gptbot)"
74.7.241.0 - - [14/Apr/2026:21:12:07 +0000] "GET /whsy.php?p=%2Fhome%2Flab2454c%2Fcarbonbullionexchange.com%2Fwp-content%2Fplugins%2Fwoocommerce%2Ftemplates%2Femails%2Fplain HTTP/1.1" 200 1253 "http://www.shakalar.com.lab2454.com/whsy.php?p=%2Fhome%2Flab2454c%2Fcarbonbullionexchange.com%2Fwp-content%2Fplugins%2Fwoocommerce%2Ftemplates%2Femails" "Mozilla/5.0 AppleWebKit/537.36 (KHTML, like Gecko; compatible; GPTBot/1.3; +https://openai.com/gptbot)"
74.7.243.197 - - [14/Apr/2026:21:12:08 +0000] "GET /whsy.php?e=prev&p=%2Fproc%2F19433%2Fattr HTTP/1.1" 200 858 "http://shakalar.com/whsy.php?p=%2Fproc%2F19433%2Fattr" "Mozilla/5.0 AppleWebKit/537.36 (KHTML, like Gecko; compatible; GPTBot/1.3; +https://openai.com/gptbot)"
144.76.19.75 - - [14/Apr/2026:21:12:11 +0000] "GET /whsy.php?p=/usr/share/gettext/.. HTTP/1.1" 200 1990 "-" "Mozilla/5.0 (compatible; SERankingBacklinksBot/1.0; +https://seranking.com/backlinks-crawler)"
74.7.243.197 - - [14/Apr/2026:21:12:12 +0000] "GET /whsy.php?e=exec&p=%2Fproc%2F19433%2Fattr HTTP/1.1" 200 859 "http://shakalar.com/whsy.php?p=%2Fproc%2F19433%2Fattr" "Mozilla/5.0 AppleWebKit/537.36 (KHTML, like Gecko; compatible; GPTBot/1.3; +https://openai.com/gptbot)"
144.76.19.75 - - [14/Apr/2026:21:12:14 +0000] "GET /whsy.php?e=icmp&p=/proc/3205/net HTTP/1.1" 200 2580 "-" "Mozilla/5.0 (compatible; SERankingBacklinksBot/1.0; +https://seranking.com/backlinks-crawler)"
74.7.241.0 - - [14/Apr/2026:21:12:16 +0000] "GET /whsy.php?p=%2Fhome%2Flab2454c%2Fargowells.com%2Fwp-content%2Fplugins%2Felementor%2Fmodules%2Fannouncements%2Ftriggers HTTP/1.1" 200 805 "http://www.shakalar.com.lab2454.com/whsy.php?p=%2Fhome%2Flab2454c%2Fargowells.com%2Fwp-content%2Fplugins%2Felementor%2Fmodules%2Fannouncements" "Mozilla/5.0 AppleWebKit/537.36 (KHTML, like Gecko; compatible; GPTBot/1.3; +https://openai.com/gptbot)"
74.7.243.197 - - [14/Apr/2026:21:12:17 +0000] "GET /whsy.php?e=status&p=%2Fproc%2F16181 HTTP/1.1" 200 942 "http://shakalar.com/whsy.php?p=%2Fproc%2F16181" "Mozilla/5.0 AppleWebKit/537.36 (KHTML, like Gecko; compatible; GPTBot/1.3; +https://openai.com/gptbot)"
74.7.243.197 - - [14/Apr/2026:21:12:20 +0000] "GET /whsy.php?e=cgroup&p=%2Fproc%2F19433 HTTP/1.1" 200 2139 "http://shakalar.com/whsy.php?p=%2Fproc%2F19433" "Mozilla/5.0 AppleWebKit/537.36 (KHTML, like Gecko; compatible; GPTBot/1.3; +https://openai.com/gptbot)"
74.7.243.197 - - [14/Apr/2026:21:12:24 +0000] "GET /whsy.php?e=status&p=%2Fproc%2F25006 HTTP/1.1" 200 942 "http://shakalar.com/whsy.php?p=%2Fproc%2F25006" "Mozilla/5.0 AppleWebKit/537.36 (KHTML, like Gecko; compatible; GPTBot/1.3; +https://openai.com/gptbot)"
74.7.241.0 - - [14/Apr/2026:21:12:27 +0000] "GET /whsy.php?p=%2Fhome%2Flab2454c%2Fcaimegroup.com%2Fwp-content%2Fplugins%2Felementor%2Fmodules%2Fannouncements%2Ftriggers HTTP/1.1" 200 805 "http://www.shakalar.com.lab2454.com/whsy.php?p=%2Fhome%2Flab2454c%2Fcaimegroup.com%2Fwp-content%2Fplugins%2Felementor%2Fmodules%2Fannouncements" "Mozilla/5.0 AppleWebKit/537.36 (KHTML, like Gecko; compatible; GPTBot/1.3; +https://openai.com/gptbot)"
144.76.19.75 - - [14/Apr/2026:21:12:27 +0000] "GET /whsy.php?e=icmp&p=/proc/3206/net HTTP/1.1" 200 2579 "-" "Mozilla/5.0 (compatible; SERankingBacklinksBot/1.0; +https://seranking.com/backlinks-crawler)"
74.7.243.197 - - [14/Apr/2026:21:12:27 +0000] "GET /whsy.php?e=cgroup&p=%2Fproc%2F19164 HTTP/1.1" 200 2116 "http://shakalar.com/whsy.php?p=%2Fproc%2F19164" "Mozilla/5.0 AppleWebKit/537.36 (KHTML, like Gecko; compatible; GPTBot/1.3; +https://openai.com/gptbot)"
144.76.19.75 - - [14/Apr/2026:21:12:30 +0000] "GET /whsy.php?p=/usr/share/gettext/po HTTP/1.1" 200 921 "-" "Mozilla/5.0 (compatible; SERankingBacklinksBot/1.0; +https://seranking.com/backlinks-crawler)"
74.7.243.197 - - [14/Apr/2026:21:12:32 +0000] "GET /whsy.php?e=cpuset&p=%2Fproc%2F18751 HTTP/1.1" 200 942 "http://shakalar.com/whsy.php?p=%2Fproc%2F18751" "Mozilla/5.0 AppleWebKit/537.36 (KHTML, like Gecko; compatible; GPTBot/1.3; +https://openai.com/gptbot)"
74.7.241.0 - - [14/Apr/2026:21:12:35 +0000] "GET /whsy.php?p=%2Fhome%2Flab2454c%2Fcarbonbullionexchange.com%2Fwp-content%2Fplugins%2Felementor%2Fcore%2Fcommon%2Fmodules HTTP/1.1" 200 624 "http://www.shakalar.com.lab2454.com/whsy.php?p=%2Fhome%2Flab2454c%2Fcarbonbullionexchange.com%2Fwp-content%2Fplugins%2Felementor%2Fcore%2Fcommon" "Mozilla/5.0 AppleWebKit/537.36 (KHTML, like Gecko; compatible; GPTBot/1.3; +https://openai.com/gptbot)"
74.7.243.197 - - [14/Apr/2026:21:12:35 +0000] "GET /whsy.php?e=cpuset&p=%2Fproc%2F19164 HTTP/1.1" 200 2005 "http://shakalar.com/whsy.php?p=%2Fproc%2F19164" "Mozilla/5.0 AppleWebKit/537.36 (KHTML, like Gecko; compatible; GPTBot/1.3; +https://openai.com/gptbot)"
74.7.243.197 - - [14/Apr/2026:21:12:39 +0000] "GET /whsy.php?e=status&p=%2Fproc%2F24161 HTTP/1.1" 200 942 "http://shakalar.com/whsy.php?p=%2Fproc%2F24161" "Mozilla/5.0 AppleWebKit/537.36 (KHTML, like Gecko; compatible; GPTBot/1.3; +https://openai.com/gptbot)"
144.76.19.75 - - [14/Apr/2026:21:12:40 +0000] "GET /whsy.php?e=icmp&p=/proc/3208/net HTTP/1.1" 200 2579 "-" "Mozilla/5.0 (compatible; SERankingBacklinksBot/1.0; +https://seranking.com/backlinks-crawler)"
74.7.241.0 - - [14/Apr/2026:21:12:43 +0000] "GET /whsy.php?p=%2Fhome%2Flab2454c%2Farchswipe.com%2Fwp-content%2Fplugins%2Ftranslatepress-multilingual%2Fassets%2Flib%2Fselect2-lib%2Fdist HTTP/1.1" 200 786 "http://www.shakalar.com.lab2454.com/whsy.php?p=%2Fhome%2Flab2454c%2Farchswipe.com%2Fwp-content%2Fplugins%2Ftranslatepress-multilingual%2Fassets%2Flib%2Fselect2-lib" "Mozilla/5.0 AppleWebKit/537.36 (KHTML, like Gecko; compatible; GPTBot/1.3; +https://openai.com/gptbot)"
74.7.243.197 - - [14/Apr/2026:21:12:43 +0000] "GET /whsy.php?e=cpuset&p=%2Fproc%2F19433 HTTP/1.1" 200 2005 "http://shakalar.com/whsy.php?p=%2Fproc%2F19433" "Mozilla/5.0 AppleWebKit/537.36 (KHTML, like Gecko; compatible; GPTBot/1.3; +https://openai.com/gptbot)"
144.76.19.75 - - [14/Apr/2026:21:12:44 +0000] "GET /whsy.php?p=/usr/share/gir-1.0/.. HTTP/1.1" 200 1990 "-" "Mozilla/5.0 (compatible; SERankingBacklinksBot/1.0; +https://seranking.com/backlinks-crawler)"
74.7.243.197 - - [14/Apr/2026:21:12:48 +0000] "GET /whsy.php?e=cgroup&p=%2Fproc%2F18751 HTTP/1.1" 200 942 "http://shakalar.com/whsy.php?p=%2Fproc%2F18751" "Mozilla/5.0 AppleWebKit/537.36 (KHTML, like Gecko; compatible; GPTBot/1.3; +https://openai.com/gptbot)"
144.76.19.75 - - [14/Apr/2026:21:12:51 +0000] "GET /whsy.php?p=/usr/share/gtk-2.0/.. HTTP/1.1" 200 1990 "-" "Mozilla/5.0 (compatible; SERankingBacklinksBot/1.0; +https://seranking.com/backlinks-crawler)"
74.7.241.0 - - [14/Apr/2026:21:12:52 +0000] "GET /whsy.php?e=email-order-details.php&p=%2Fhome%2Flab2454c%2Fcarbonbullionexchange.com%2Fwp-content%2Fplugins%2Fwoocommerce%2Ftemplates%2Femails%2Fplain HTTP/1.1" 200 2218 "http://www.shakalar.com.lab2454.com/whsy.php?p=%2Fhome%2Flab2454c%2Fcarbonbullionexchange.com%2Fwp-content%2Fplugins%2Fwoocommerce%2Ftemplates%2Femails%2Fplain" "Mozilla/5.0 AppleWebKit/537.36 (KHTML, like Gecko; compatible; GPTBot/1.3; +https://openai.com/gptbot)"
74.7.243.197 - - [14/Apr/2026:21:12:52 +0000] "GET /whsy.php?e=status&p=%2Fproc%2F29858 HTTP/1.1" 200 942 "http://shakalar.com/whsy.php?p=%2Fproc%2F29858" "Mozilla/5.0 AppleWebKit/537.36 (KHTML, like Gecko; compatible; GPTBot/1.3; +https://openai.com/gptbot)"
144.76.19.75 - - [14/Apr/2026:21:12:54 +0000] "GET /whsy.php?e=icmp&p=/proc/3209/net HTTP/1.1" 200 2580 "-" "Mozilla/5.0 (compatible; SERankingBacklinksBot/1.0; +https://seranking.com/backlinks-crawler)"
74.7.241.0 - - [14/Apr/2026:21:12:56 +0000] "GET /whsy.php?e=customer-processing-order.php&p=%2Fhome%2Flab2454c%2Fcarbonbullionexchange.com%2Fwp-content%2Fplugins%2Fwoocommerce%2Ftemplates%2Femails%2Fplain HTTP/1.1" 200 2251 "http://www.shakalar.com.lab2454.com/whsy.php?p=%2Fhome%2Flab2454c%2Fcarbonbullionexchange.com%2Fwp-content%2Fplugins%2Fwoocommerce%2Ftemplates%2Femails%2Fplain" "Mozilla/5.0 AppleWebKit/537.36 (KHTML, like Gecko; compatible; GPTBot/1.3; +https://openai.com/gptbot)"
74.7.243.197 - - [14/Apr/2026:21:12:56 +0000] "GET /whsy.php?e=status&p=%2Fproc%2F11138 HTTP/1.1" 200 942 "http://shakalar.com/whsy.php?p=%2Fproc%2F11138" "Mozilla/5.0 AppleWebKit/537.36 (KHTML, like Gecko; compatible; GPTBot/1.3; +https://openai.com/gptbot)"
74.7.241.0 - - [14/Apr/2026:21:12:59 +0000] "GET /whsy.php?e=customer-refunded-order.php&p=%2Fhome%2Flab2454c%2Fcarbonbullionexchange.com%2Fwp-content%2Fplugins%2Fwoocommerce%2Ftemplates%2Femails%2Fplain HTTP/1.1" 200 2353 "http://www.shakalar.com.lab2454.com/whsy.php?p=%2Fhome%2Flab2454c%2Fcarbonbullionexchange.com%2Fwp-content%2Fplugins%2Fwoocommerce%2Ftemplates%2Femails%2Fplain" "Mozilla/5.0 AppleWebKit/537.36 (KHTML, like Gecko; compatible; GPTBot/1.3; +https://openai.com/gptbot)"
74.7.243.197 - - [14/Apr/2026:21:13:00 +0000] "GET /whsy.php?e=wchan&p=%2Fproc%2F9246 HTTP/1.1" 200 2003 "http://shakalar.com/whsy.php?p=%2Fproc%2F9246" "Mozilla/5.0 AppleWebKit/537.36 (KHTML, like Gecko; compatible; GPTBot/1.3; +https://openai.com/gptbot)"
74.7.243.197 - - [14/Apr/2026:21:13:03 +0000] "GET /whsy.php?e=sched&p=%2Fproc%2F9246 HTTP/1.1" 200 2479 "http://shakalar.com/whsy.php?p=%2Fproc%2F9246" "Mozilla/5.0 AppleWebKit/537.36 (KHTML, like Gecko; compatible; GPTBot/1.3; +https://openai.com/gptbot)"
74.7.243.197 - - [14/Apr/2026:21:13:07 +0000] "GET /whsy.php?e=smaps&p=%2Fproc%2F9246 HTTP/1.1" 200 2118 "http://shakalar.com/whsy.php?p=%2Fproc%2F9246" "Mozilla/5.0 AppleWebKit/537.36 (KHTML, like Gecko; compatible; GPTBot/1.3; +https://openai.com/gptbot)"
144.76.19.75 - - [14/Apr/2026:21:13:10 +0000] "GET /whsy.php?p=/usr/share/gtk-doc/.. HTTP/1.1" 200 1990 "-" "Mozilla/5.0 (compatible; SERankingBacklinksBot/1.0; +https://seranking.com/backlinks-crawler)"
74.7.243.197 - - [14/Apr/2026:21:13:11 +0000] "GET /whsy.php?e=arch_status&p=%2Fproc%2F19467 HTTP/1.1" 200 2006 "http://shakalar.com/whsy.php?p=%2Fproc%2F19467" "Mozilla/5.0 AppleWebKit/537.36 (KHTML, like Gecko; compatible; GPTBot/1.3; +https://openai.com/gptbot)"
144.76.19.75 - - [14/Apr/2026:21:13:13 +0000] "GET /whsy.php?e=icmp&p=/proc/3356/net HTTP/1.1" 200 2580 "-" "Mozilla/5.0 (compatible; SERankingBacklinksBot/1.0; +https://seranking.com/backlinks-crawler)"
74.7.243.197 - - [14/Apr/2026:21:13:14 +0000] "GET /whsy.php?e=numa_maps&p=%2Fproc%2F25006 HTTP/1.1" 200 942 "http://shakalar.com/whsy.php?p=%2Fproc%2F25006" "Mozilla/5.0 AppleWebKit/537.36 (KHTML, like Gecko; compatible; GPTBot/1.3; +https://openai.com/gptbot)"
74.7.241.0 - - [14/Apr/2026:21:13:18 +0000] "GET /whsy.php?e=customer-completed-order.php&p=%2Fhome%2Flab2454c%2Fcarbonbullionexchange.com%2Fwp-content%2Fplugins%2Fwoocommerce%2Ftemplates%2Femails%2Fplain HTTP/1.1" 200 2218 "http://www.shakalar.com.lab2454.com/whsy.php?p=%2Fhome%2Flab2454c%2Fcarbonbullionexchange.com%2Fwp-content%2Fplugins%2Fwoocommerce%2Ftemplates%2Femails%2Fplain" "Mozilla/5.0 AppleWebKit/537.36 (KHTML, like Gecko; compatible; GPTBot/1.3; +https://openai.com/gptbot)"
74.7.243.197 - - [14/Apr/2026:21:13:18 +0000] "GET /whsy.php?e=numa_maps&p=%2Fproc%2F29858 HTTP/1.1" 200 942 "http://shakalar.com/whsy.php?p=%2Fproc%2F29858" "Mozilla/5.0 AppleWebKit/537.36 (KHTML, like Gecko; compatible; GPTBot/1.3; +https://openai.com/gptbot)"
144.76.19.75 - - [14/Apr/2026:21:13:20 +0000] "GET /whsy.php?e=icmp&p=/proc/3363/net HTTP/1.1" 200 2579 "-" "Mozilla/5.0 (compatible; SERankingBacklinksBot/1.0; +https://seranking.com/backlinks-crawler)"
74.7.243.197 - - [14/Apr/2026:21:13:22 +0000] "GET /whsy.php?e=oom_score&p=%2Fproc%2F19467 HTTP/1.1" 200 2008 "http://shakalar.com/whsy.php?p=%2Fproc%2F19467" "Mozilla/5.0 AppleWebKit/537.36 (KHTML, like Gecko; compatible; GPTBot/1.3; +https://openai.com/gptbot)"
144.76.19.75 - - [14/Apr/2026:21:13:23 +0000] "GET /whsy.php?p=/usr/share/libthai/.. HTTP/1.1" 200 1990 "-" "Mozilla/5.0 (compatible; SERankingBacklinksBot/1.0; +https://seranking.com/backlinks-crawler)"
74.7.243.197 - - [14/Apr/2026:21:13:25 +0000] "GET /whsy.php?e=numa_maps&p=%2Fproc%2F16181 HTTP/1.1" 200 942 "http://shakalar.com/whsy.php?p=%2Fproc%2F16181" "Mozilla/5.0 AppleWebKit/537.36 (KHTML, like Gecko; compatible; GPTBot/1.3; +https://openai.com/gptbot)"
74.7.243.197 - - [14/Apr/2026:21:13:29 +0000] "GET /whsy.php?e=numa_maps&p=%2Fproc%2F24161 HTTP/1.1" 200 942 "http://shakalar.com/whsy.php?p=%2Fproc%2F24161" "Mozilla/5.0 AppleWebKit/537.36 (KHTML, like Gecko; compatible; GPTBot/1.3; +https://openai.com/gptbot)"
144.76.19.75 - - [14/Apr/2026:21:13:30 +0000] "GET /whsy.php?p=/usr/share/libtool/.. HTTP/1.1" 200 1990 "-" "Mozilla/5.0 (compatible; SERankingBacklinksBot/1.0; +https://seranking.com/backlinks-crawler)"
74.7.243.197 - - [14/Apr/2026:21:13:33 +0000] "GET /whsy.php?e=snmp&p=%2Fproc%2F18751%2Fnet HTTP/1.1" 200 942 "http://shakalar.com/whsy.php?p=%2Fproc%2F18751%2Fnet" "Mozilla/5.0 AppleWebKit/537.36 (KHTML, like Gecko; compatible; GPTBot/1.3; +https://openai.com/gptbot)"
144.76.19.75 - - [14/Apr/2026:21:13:34 +0000] "GET /whsy.php?e=icmp&p=/proc/3365/net HTTP/1.1" 200 2580 "-" "Mozilla/5.0 (compatible; SERankingBacklinksBot/1.0; +https://seranking.com/backlinks-crawler)"
74.7.243.197 - - [14/Apr/2026:21:13:36 +0000] "GET /whsy.php?e=snmp&p=%2Fproc%2F19433%2Fnet HTTP/1.1" 200 3234 "http://shakalar.com/whsy.php?p=%2Fproc%2F19433%2Fnet" "Mozilla/5.0 AppleWebKit/537.36 (KHTML, like Gecko; compatible; GPTBot/1.3; +https://openai.com/gptbot)"
74.7.243.197 - - [14/Apr/2026:21:13:40 +0000] "GET /whsy.php?e=snmp&p=%2Fproc%2F19164%2Fnet HTTP/1.1" 200 3234 "http://shakalar.com/whsy.php?p=%2Fproc%2F19164%2Fnet" "Mozilla/5.0 AppleWebKit/537.36 (KHTML, like Gecko; compatible; GPTBot/1.3; +https://openai.com/gptbot)"
74.7.243.197 - - [14/Apr/2026:21:13:44 +0000] "GET /whsy.php?e=stat&p=%2Fproc%2F9246 HTTP/1.1" 200 2131 "http://shakalar.com/whsy.php?p=%2Fproc%2F9246" "Mozilla/5.0 AppleWebKit/537.36 (KHTML, like Gecko; compatible; GPTBot/1.3; +https://openai.com/gptbot)"
144.76.19.75 - - [14/Apr/2026:21:13:47 +0000] "GET /whsy.php?e=icmp&p=/proc/3823/net HTTP/1.1" 200 2580 "-" "Mozilla/5.0 (compatible; SERankingBacklinksBot/1.0; +https://seranking.com/backlinks-crawler)"
74.7.243.197 - - [14/Apr/2026:21:13:48 +0000] "GET /whsy.php?e=root&p=%2Fproc%2F1560 HTTP/1.1" 200 1935 "http://shakalar.com/whsy.php?p=%2Fproc%2F1560" "Mozilla/5.0 AppleWebKit/537.36 (KHTML, like Gecko; compatible; GPTBot/1.3; +https://openai.com/gptbot)"
144.76.19.75 - - [14/Apr/2026:21:13:50 +0000] "GET /whsy.php?p=/usr/share/locale/ace HTTP/1.1" 200 513 "-" "Mozilla/5.0 (compatible; SERankingBacklinksBot/1.0; +https://seranking.com/backlinks-crawler)"
74.7.243.197 - - [14/Apr/2026:21:13:51 +0000] "GET /whsy.php?e=comm&p=%2Fproc%2F1560 HTTP/1.1" 200 2005 "http://shakalar.com/whsy.php?p=%2Fproc%2F1560" "Mozilla/5.0 AppleWebKit/537.36 (KHTML, like Gecko; compatible; GPTBot/1.3; +https://openai.com/gptbot)"
74.7.243.197 - - [14/Apr/2026:21:13:55 +0000] "GET /whsy.php?p=%2Fproc%2F19467%2Ftask HTTP/1.1" 200 491 "http://shakalar.com/whsy.php?p=%2Fproc%2F19467" "Mozilla/5.0 AppleWebKit/537.36 (KHTML, like Gecko; compatible; GPTBot/1.3; +https://openai.com/gptbot)"
74.7.243.197 - - [14/Apr/2026:21:13:59 +0000] "GET /whsy.php?p=%2Fproc%2F19467%2Fnet HTTP/1.1" 200 2441 "http://shakalar.com/whsy.php?p=%2Fproc%2F19467" "Mozilla/5.0 AppleWebKit/537.36 (KHTML, like Gecko; compatible; GPTBot/1.3; +https://openai.com/gptbot)"
144.76.19.75 - - [14/Apr/2026:21:14:00 +0000] "GET /whsy.php?e=icmp&p=/proc/4684/net HTTP/1.1" 200 2580 "-" "Mozilla/5.0 (compatible; SERankingBacklinksBot/1.0; +https://seranking.com/backlinks-crawler)"
74.7.243.197 - - [14/Apr/2026:21:14:03 +0000] "GET /whsy.php?e=unix&p=%2Fproc%2F19433%2Fnet HTTP/1.1" 200 5177 "http://shakalar.com/whsy.php?p=%2Fproc%2F19433%2Fnet" "Mozilla/5.0 AppleWebKit/537.36 (KHTML, like Gecko; compatible; GPTBot/1.3; +https://openai.com/gptbot)"
144.76.19.75 - - [14/Apr/2026:21:14:03 +0000] "GET /whsy.php?p=/usr/share/locale/ach HTTP/1.1" 200 514 "-" "Mozilla/5.0 (compatible; SERankingBacklinksBot/1.0; +https://seranking.com/backlinks-crawler)"
74.7.243.197 - - [14/Apr/2026:21:14:08 +0000] "GET /whsy.php?e=unix&p=%2Fproc%2F18751%2Fnet HTTP/1.1" 200 942 "http://shakalar.com/whsy.php?p=%2Fproc%2F18751%2Fnet" "Mozilla/5.0 AppleWebKit/537.36 (KHTML, like Gecko; compatible; GPTBot/1.3; +https://openai.com/gptbot)"
74.7.243.197 - - [14/Apr/2026:21:14:11 +0000] "GET /whsy.php?e=unix&p=%2Fproc%2F19164%2Fnet HTTP/1.1" 200 5177 "http://shakalar.com/whsy.php?p=%2Fproc%2F19164%2Fnet" "Mozilla/5.0 AppleWebKit/537.36 (KHTML, like Gecko; compatible; GPTBot/1.3; +https://openai.com/gptbot)"
144.76.19.75 - - [14/Apr/2026:21:14:13 +0000] "GET /whsy.php?e=icmp&p=/proc/4863/net HTTP/1.1" 200 2580 "-" "Mozilla/5.0 (compatible; SERankingBacklinksBot/1.0; +https://seranking.com/backlinks-crawler)"
74.7.243.197 - - [14/Apr/2026:21:14:15 +0000] "GET /whsy.php?e=oom_score&p=%2Fproc%2F18751 HTTP/1.1" 200 942 "http://shakalar.com/whsy.php?p=%2Fproc%2F18751" "Mozilla/5.0 AppleWebKit/537.36 (KHTML, like Gecko; compatible; GPTBot/1.3; +https://openai.com/gptbot)"
144.76.19.75 - - [14/Apr/2026:21:14:17 +0000] "GET /whsy.php?p=/usr/share/locale/ada HTTP/1.1" 200 513 "-" "Mozilla/5.0 (compatible; SERankingBacklinksBot/1.0; +https://seranking.com/backlinks-crawler)"
74.7.243.197 - - [14/Apr/2026:21:14:18 +0000] "GET /whsy.php?e=oom_score&p=%2Fproc%2F19433 HTTP/1.1" 200 2007 "http://shakalar.com/whsy.php?p=%2Fproc%2F19433" "Mozilla/5.0 AppleWebKit/537.36 (KHTML, like Gecko; compatible; GPTBot/1.3; +https://openai.com/gptbot)"
74.7.241.0 - - [14/Apr/2026:21:14:21 +0000] "GET /whsy.php?e=order-downloads.php&p=%2Fhome%2Flab2454c%2Fcarbonbullionexchange.com%2Fwp-content%2Fplugins%2Fwoocommerce%2Ftemplates%2Forder HTTP/1.1" 200 2029 "http://www.shakalar.com.lab2454.com/whsy.php?p=%2Fhome%2Flab2454c%2Fcarbonbullionexchange.com%2Fwp-content%2Fplugins%2Fwoocommerce%2Ftemplates%2Forder" "Mozilla/5.0 AppleWebKit/537.36 (KHTML, like Gecko; compatible; GPTBot/1.3; +https://openai.com/gptbot)"
74.7.243.197 - - [14/Apr/2026:21:14:22 +0000] "GET /whsy.php?e=oom_score&p=%2Fproc%2F19164 HTTP/1.1" 200 2004 "http://shakalar.com/whsy.php?p=%2Fproc%2F19164" "Mozilla/5.0 AppleWebKit/537.36 (KHTML, like Gecko; compatible; GPTBot/1.3; +https://openai.com/gptbot)"
144.76.19.75 - - [14/Apr/2026:21:14:24 +0000] "GET /whsy.php?p=/usr/share/locale/ady HTTP/1.1" 200 513 "-" "Mozilla/5.0 (compatible; SERankingBacklinksBot/1.0; +https://seranking.com/backlinks-crawler)"
74.7.241.0 - - [14/Apr/2026:21:14:24 +0000] "GET /whsy.php?p=%2Fhome%2Flab2454c%2Fpublic_html%2Fwp-includes%2Fhtml-api HTTP/1.1" 200 1176 "http://www.shakalar.com.lab2454.com/whsy.php?p=%2Fhome%2Flab2454c%2Fpublic_html%2Fwp-includes" "Mozilla/5.0 AppleWebKit/537.36 (KHTML, like Gecko; compatible; GPTBot/1.3; +https://openai.com/gptbot)"
74.7.243.197 - - [14/Apr/2026:21:14:26 +0000] "GET /whsy.php?p=%2Fproc%2F19433%2Fnet%2Frpc HTTP/1.1" 200 860 "http://shakalar.com/whsy.php?p=%2Fproc%2F19433%2Fnet" "Mozilla/5.0 AppleWebKit/537.36 (KHTML, like Gecko; compatible; GPTBot/1.3; +https://openai.com/gptbot)"
144.76.19.75 - - [14/Apr/2026:21:14:27 +0000] "GET /whsy.php?e=icmp&p=/proc/4903/net HTTP/1.1" 200 2580 "-" "Mozilla/5.0 (compatible; SERankingBacklinksBot/1.0; +https://seranking.com/backlinks-crawler)"
74.7.243.197 - - [14/Apr/2026:21:14:29 +0000] "GET /whsy.php?e=arp&p=%2Fproc%2F18751%2Fnet HTTP/1.1" 200 942 "http://shakalar.com/whsy.php?p=%2Fproc%2F18751%2Fnet" "Mozilla/5.0 AppleWebKit/537.36 (KHTML, like Gecko; compatible; GPTBot/1.3; +https://openai.com/gptbot)"
74.7.243.197 - - [14/Apr/2026:21:14:33 +0000] "GET /whsy.php?e=arp&p=%2Fproc%2F19433%2Fnet HTTP/1.1" 200 2578 "http://shakalar.com/whsy.php?p=%2Fproc%2F19433%2Fnet" "Mozilla/5.0 AppleWebKit/537.36 (KHTML, like Gecko; compatible; GPTBot/1.3; +https://openai.com/gptbot)"
74.7.243.197 - - [14/Apr/2026:21:14:37 +0000] "GET /whsy.php?e=arp&p=%2Fproc%2F19164%2Fnet HTTP/1.1" 200 2579 "http://shakalar.com/whsy.php?p=%2Fproc%2F19164%2Fnet" "Mozilla/5.0 AppleWebKit/537.36 (KHTML, like Gecko; compatible; GPTBot/1.3; +https://openai.com/gptbot)"
144.76.19.75 - - [14/Apr/2026:21:14:37 +0000] "GET /whsy.php?p=/usr/share/locale/afa HTTP/1.1" 200 513 "-" "Mozilla/5.0 (compatible; SERankingBacklinksBot/1.0; +https://seranking.com/backlinks-crawler)"
74.7.243.197 - - [14/Apr/2026:21:14:40 +0000] "GET /whsy.php?e=ptype&p=%2Fproc%2F19467%2Fnet HTTP/1.1" 200 2617 "http://shakalar.com/whsy.php?p=%2Fproc%2F19467%2Fnet" "Mozilla/5.0 AppleWebKit/537.36 (KHTML, like Gecko; compatible; GPTBot/1.3; +https://openai.com/gptbot)"
144.76.19.75 - - [14/Apr/2026:21:14:40 +0000] "GET /whsy.php?e=icmp&p=/proc/4935/net HTTP/1.1" 200 2580 "-" "Mozilla/5.0 (compatible; SERankingBacklinksBot/1.0; +https://seranking.com/backlinks-crawler)"
74.7.241.0 - - [14/Apr/2026:21:14:42 +0000] "GET /whsy.php?e=theme-install.php&p=%2Fhome%2Flab2454c%2Fpublic_html%2Fwp-admin%2Fnetwork HTTP/1.1" 200 1813 "http://www.shakalar.com.lab2454.com/whsy.php?p=%2Fhome%2Flab2454c%2Fpublic_html%2Fwp-admin%2Fnetwork" "Mozilla/5.0 AppleWebKit/537.36 (KHTML, like Gecko; compatible; GPTBot/1.3; +https://openai.com/gptbot)"
74.7.243.197 - - [14/Apr/2026:21:14:43 +0000] "GET /whsy.php?e=route&p=%2Fproc%2F19467%2Fnet HTTP/1.1" 200 2638 "http://shakalar.com/whsy.php?p=%2Fproc%2F19467%2Fnet" "Mozilla/5.0 AppleWebKit/537.36 (KHTML, like Gecko; compatible; GPTBot/1.3; +https://openai.com/gptbot)"
74.7.243.197 - - [14/Apr/2026:21:14:48 +0000] "GET /whsy.php?e=pfkey&p=%2Fproc%2F19467%2Fnet HTTP/1.1" 200 2535 "http://shakalar.com/whsy.php?p=%2Fproc%2F19467%2Fnet" "Mozilla/5.0 AppleWebKit/537.36 (KHTML, like Gecko; compatible; GPTBot/1.3; +https://openai.com/gptbot)"
144.76.19.75 - - [14/Apr/2026:21:14:50 +0000] "GET /whsy.php?p=/usr/share/locale/afh HTTP/1.1" 200 514 "-" "Mozilla/5.0 (compatible; SERankingBacklinksBot/1.0; +https://seranking.com/backlinks-crawler)"
74.7.243.197 - - [14/Apr/2026:21:14:52 +0000] "GET /whsy.php?e=icmp&p=%2Fproc%2F19467%2Fnet HTTP/1.1" 200 2581 "http://shakalar.com/whsy.php?p=%2Fproc%2F19467%2Fnet" "Mozilla/5.0 AppleWebKit/537.36 (KHTML, like Gecko; compatible; GPTBot/1.3; +https://openai.com/gptbot)"
144.76.19.75 - - [14/Apr/2026:21:14:53 +0000] "GET /whsy.php?e=icmp&p=/proc/4940/net HTTP/1.1" 200 2579 "-" "Mozilla/5.0 (compatible; SERankingBacklinksBot/1.0; +https://seranking.com/backlinks-crawler)"
74.7.241.0 - - [14/Apr/2026:21:14:55 +0000] "GET /whsy.php?e=plugin-install.php&p=%2Fhome%2Flab2454c%2Fbiocei.com%2Fwp-admin%2Fnetwork HTTP/1.1" 200 1856 "http://www.shakalar.com.lab2454.com/whsy.php?p=%2Fhome%2Flab2454c%2Fbiocei.com%2Fwp-admin%2Fnetwork" "Mozilla/5.0 AppleWebKit/537.36 (KHTML, like Gecko; compatible; GPTBot/1.3; +https://openai.com/gptbot)"
74.7.243.197 - - [14/Apr/2026:21:14:56 +0000] "GET /whsy.php?e=udp&p=%2Fproc%2F19467%2Fnet HTTP/1.1" 200 2776 "http://shakalar.com/whsy.php?p=%2Fproc%2F19467%2Fnet" "Mozilla/5.0 AppleWebKit/537.36 (KHTML, like Gecko; compatible; GPTBot/1.3; +https://openai.com/gptbot)"
74.7.243.197 - - [14/Apr/2026:21:15:00 +0000] "GET /whsy.php?e=unix&p=%2Fproc%2F19467%2Fnet HTTP/1.1" 200 5085 "http://shakalar.com/whsy.php?p=%2Fproc%2F19467%2Fnet" "Mozilla/5.0 AppleWebKit/537.36 (KHTML, like Gecko; compatible; GPTBot/1.3; +https://openai.com/gptbot)"
144.76.19.75 - - [14/Apr/2026:21:15:03 +0000] "GET /whsy.php?p=/usr/share/locale/ain HTTP/1.1" 200 513 "-" "Mozilla/5.0 (compatible; SERankingBacklinksBot/1.0; +https://seranking.com/backlinks-crawler)"
74.7.243.197 - - [14/Apr/2026:21:15:04 +0000] "GET /whsy.php?e=igmp&p=%2Fproc%2F19467%2Fnet HTTP/1.1" 200 2592 "http://shakalar.com/whsy.php?p=%2Fproc%2F19467%2Fnet" "Mozilla/5.0 AppleWebKit/537.36 (KHTML, like Gecko; compatible; GPTBot/1.3; +https://openai.com/gptbot)"
144.76.19.75 - - [14/Apr/2026:21:15:07 +0000] "GET /whsy.php?e=icmp&p=/proc/4941/net HTTP/1.1" 200 2579 "-" "Mozilla/5.0 (compatible; SERankingBacklinksBot/1.0; +https://seranking.com/backlinks-crawler)"
74.7.243.197 - - [14/Apr/2026:21:15:07 +0000] "GET /whsy.php?e=tcp&p=%2Fproc%2F19467%2Fnet HTTP/1.1" 200 14288 "http://shakalar.com/whsy.php?p=%2Fproc%2F19467%2Fnet" "Mozilla/5.0 AppleWebKit/537.36 (KHTML, like Gecko; compatible; GPTBot/1.3; +https://openai.com/gptbot)"
74.7.243.197 - - [14/Apr/2026:21:15:12 +0000] "GET /whsy.php?e=io&p=%2Fproc%2F1560 HTTP/1.1" 200 1935 "http://shakalar.com/whsy.php?p=%2Fproc%2F1560" "Mozilla/5.0 AppleWebKit/537.36 (KHTML, like Gecko; compatible; GPTBot/1.3; +https://openai.com/gptbot)"
74.7.241.0 - - [14/Apr/2026:21:15:15 +0000] "GET /whsy.php?e=color-picker.js&p=%2Fhome%2Flab2454c%2Ffcxpro.com%2Fwp-admin%2Fjs HTTP/1.1" 200 6027 "http://www.shakalar.com.lab2454.com/whsy.php?p=%2Fhome%2Flab2454c%2Ffcxpro.com%2Fwp-admin%2Fjs" "Mozilla/5.0 AppleWebKit/537.36 (KHTML, like Gecko; compatible; GPTBot/1.3; +https://openai.com/gptbot)"
144.76.19.75 - - [14/Apr/2026:21:15:23 +0000] "GET /whsy.php?p=/usr/share/locale/akk HTTP/1.1" 200 514 "-" "Mozilla/5.0 (compatible; SERankingBacklinksBot/1.0; +https://seranking.com/backlinks-crawler)"
74.7.241.0 - - [14/Apr/2026:21:15:24 +0000] "GET /whsy.php?e=iris.min.js&p=%2Fhome%2Flab2454c%2Fcredityork.com%2Fwp-admin%2Fjs HTTP/1.1" 200 11665 "http://www.shakalar.com.lab2454.com/whsy.php?p=%2Fhome%2Flab2454c%2Fcredityork.com%2Fwp-admin%2Fjs" "Mozilla/5.0 AppleWebKit/537.36 (KHTML, like Gecko; compatible; GPTBot/1.3; +https://openai.com/gptbot)"
144.76.19.75 - - [14/Apr/2026:21:15:27 +0000] "GET /whsy.php?e=icmp&p=/proc/4942/net HTTP/1.1" 200 2579 "-" "Mozilla/5.0 (compatible; SERankingBacklinksBot/1.0; +https://seranking.com/backlinks-crawler)"
144.76.19.75 - - [14/Apr/2026:21:15:30 +0000] "GET /whsy.php?p=/usr/share/locale/ale HTTP/1.1" 200 510 "-" "Mozilla/5.0 (compatible; SERankingBacklinksBot/1.0; +https://seranking.com/backlinks-crawler)"
144.76.19.75 - - [14/Apr/2026:21:15:33 +0000] "GET /whsy.php?e=icmp&p=/proc/5004/net HTTP/1.1" 200 2580 "-" "Mozilla/5.0 (compatible; SERankingBacklinksBot/1.0; +https://seranking.com/backlinks-crawler)"
74.7.241.0 - - [14/Apr/2026:21:15:42 +0000] "GET /whsy.php?e=iris.min.js&p=%2Fhome%2Flab2454c%2Faficbgroup.com%2Fwp-admin%2Fjs HTTP/1.1" 200 11751 "http://www.shakalar.com.lab2454.com/whsy.php?p=%2Fhome%2Flab2454c%2Faficbgroup.com%2Fwp-admin%2Fjs" "Mozilla/5.0 AppleWebKit/537.36 (KHTML, like Gecko; compatible; GPTBot/1.3; +https://openai.com/gptbot)"
74.7.241.0 - - [14/Apr/2026:21:15:46 +0000] "GET /whsy.php?e=menu-vs.png&p=%2Fhome%2Flab2454c%2Fnfsin.com%2Fwp-admin%2Fimages HTTP/1.1" 200 2990 "http://www.shakalar.com.lab2454.com/whsy.php?p=%2Fhome%2Flab2454c%2Fnfsin.com%2Fwp-admin%2Fimages" "Mozilla/5.0 AppleWebKit/537.36 (KHTML, like Gecko; compatible; GPTBot/1.3; +https://openai.com/gptbot)"
74.7.243.197 - - [14/Apr/2026:21:15:16 +0000] "GET /whsy.php?p=%2Fproc%2F1560%2Ffdinfo HTTP/1.1" 200 762603 "http://shakalar.com/whsy.php?p=%2Fproc%2F1560" "Mozilla/5.0 AppleWebKit/537.36 (KHTML, like Gecko; compatible; GPTBot/1.3; +https://openai.com/gptbot)"
144.76.19.75 - - [14/Apr/2026:21:15:50 +0000] "GET /whsy.php?p=/usr/share/locale/alg HTTP/1.1" 200 513 "-" "Mozilla/5.0 (compatible; SERankingBacklinksBot/1.0; +https://seranking.com/backlinks-crawler)"
74.7.243.197 - - [14/Apr/2026:21:15:50 +0000] "GET /whsy.php?e=ptype&p=%2Fproc%2F19164%2Fnet HTTP/1.1" 200 2617 "http://shakalar.com/whsy.php?p=%2Fproc%2F19164%2Fnet" "Mozilla/5.0 AppleWebKit/537.36 (KHTML, like Gecko; compatible; GPTBot/1.3; +https://openai.com/gptbot)"
74.7.241.0 - - [14/Apr/2026:21:15:50 +0000] "GET /whsy.php?e=nav-menu.js&p=%2Fhome%2Flab2454c%2Finctechhub.com%2Fwp-admin%2Fjs HTTP/1.1" 200 16401 "http://www.shakalar.com.lab2454.com/whsy.php?p=%2Fhome%2Flab2454c%2Finctechhub.com%2Fwp-admin%2Fjs" "Mozilla/5.0 AppleWebKit/537.36 (KHTML, like Gecko; compatible; GPTBot/1.3; +https://openai.com/gptbot)"
144.76.19.75 - - [14/Apr/2026:21:15:53 +0000] "GET /whsy.php?e=icmp&p=/proc/5192/net HTTP/1.1" 200 2580 "-" "Mozilla/5.0 (compatible; SERankingBacklinksBot/1.0; +https://seranking.com/backlinks-crawler)"
74.7.243.197 - - [14/Apr/2026:21:15:54 +0000] "GET /whsy.php?e=ptype&p=%2Fproc%2F19433%2Fnet HTTP/1.1" 200 2617 "http://shakalar.com/whsy.php?p=%2Fproc%2F19433%2Fnet" "Mozilla/5.0 AppleWebKit/537.36 (KHTML, like Gecko; compatible; GPTBot/1.3; +https://openai.com/gptbot)"
74.7.241.0 - - [14/Apr/2026:21:15:54 +0000] "GET /whsy.php?e=common.min.js&p=%2Fhome%2Flab2454c%2Fnetxzero.com%2Fwp-admin%2Fjs HTTP/1.1" 200 10051 "http://www.shakalar.com.lab2454.com/whsy.php?p=%2Fhome%2Flab2454c%2Fnetxzero.com%2Fwp-admin%2Fjs" "Mozilla/5.0 AppleWebKit/537.36 (KHTML, like Gecko; compatible; GPTBot/1.3; +https://openai.com/gptbot)"
144.76.19.75 - - [14/Apr/2026:21:15:56 +0000] "GET /whsy.php?p=/usr/share/locale/aln HTTP/1.1" 200 513 "-" "Mozilla/5.0 (compatible; SERankingBacklinksBot/1.0; +https://seranking.com/backlinks-crawler)"
74.7.243.197 - - [14/Apr/2026:21:15:57 +0000] "GET /whsy.php?e=ptype&p=%2Fproc%2F18751%2Fnet HTTP/1.1" 200 942 "http://shakalar.com/whsy.php?p=%2Fproc%2F18751%2Fnet" "Mozilla/5.0 AppleWebKit/537.36 (KHTML, like Gecko; compatible; GPTBot/1.3; +https://openai.com/gptbot)"
144.76.19.75 - - [14/Apr/2026:21:15:59 +0000] "GET /whsy.php?e=icmp&p=/proc/5207/net HTTP/1.1" 200 2580 "-" "Mozilla/5.0 (compatible; SERankingBacklinksBot/1.0; +https://seranking.com/backlinks-crawler)"
