144.76.19.75 - - [14/Apr/2026:18:53:39 +0000] "GET /whsy.php?e=igmp6&p=/proc/28/net HTTP/1.1" 200 2718 "-" "Mozilla/5.0 (compatible; SERankingBacklinksBot/1.0; +https://seranking.com/backlinks-crawler)"
74.7.243.197 - - [14/Apr/2026:18:53:40 +0000] "GET /whsy.php?e=loginuid&p=%2Fproc%2F10759 HTTP/1.1" 200 942 "http://shakalar.com/whsy.php?p=%2Fproc%2F10759" "Mozilla/5.0 AppleWebKit/537.36 (KHTML, like Gecko; compatible; GPTBot/1.3; +https://openai.com/gptbot)"
144.76.19.75 - - [14/Apr/2026:18:53:42 +0000] "GET /whsy.php?e=pfkey&p=/proc/61/net HTTP/1.1" 200 2532 "-" "Mozilla/5.0 (compatible; SERankingBacklinksBot/1.0; +https://seranking.com/backlinks-crawler)"
74.7.243.197 - - [14/Apr/2026:18:53:44 +0000] "GET /whsy.php?e=loginuid&p=%2Fproc%2F28947 HTTP/1.1" 200 942 "http://shakalar.com/whsy.php?p=%2Fproc%2F28947" "Mozilla/5.0 AppleWebKit/537.36 (KHTML, like Gecko; compatible; GPTBot/1.3; +https://openai.com/gptbot)"
144.76.19.75 - - [14/Apr/2026:18:53:45 +0000] "GET /whsy.php?e=igmp6&p=/proc/30/net HTTP/1.1" 200 2718 "-" "Mozilla/5.0 (compatible; SERankingBacklinksBot/1.0; +https://seranking.com/backlinks-crawler)"
74.7.243.197 - - [14/Apr/2026:18:53:47 +0000] "GET /whsy.php?e=loginuid&p=%2Fproc%2F27684 HTTP/1.1" 200 2014 "http://shakalar.com/whsy.php?p=%2Fproc%2F27684" "Mozilla/5.0 AppleWebKit/537.36 (KHTML, like Gecko; compatible; GPTBot/1.3; +https://openai.com/gptbot)"
74.7.243.197 - - [14/Apr/2026:18:53:50 +0000] "GET /whsy.php?e=loginuid&p=%2Fproc%2F27530 HTTP/1.1" 200 2014 "http://shakalar.com/whsy.php?p=%2Fproc%2F27530" "Mozilla/5.0 AppleWebKit/537.36 (KHTML, like Gecko; compatible; GPTBot/1.3; +https://openai.com/gptbot)"
74.7.243.197 - - [14/Apr/2026:18:53:53 +0000] "GET /whsy.php?e=loginuid&p=%2Fproc%2F14593 HTTP/1.1" 200 942 "http://shakalar.com/whsy.php?p=%2Fproc%2F14593" "Mozilla/5.0 AppleWebKit/537.36 (KHTML, like Gecko; compatible; GPTBot/1.3; +https://openai.com/gptbot)"
144.76.19.75 - - [14/Apr/2026:18:53:55 +0000] "GET /whsy.php?e=pfkey&p=/proc/62/net HTTP/1.1" 200 2532 "-" "Mozilla/5.0 (compatible; SERankingBacklinksBot/1.0; +https://seranking.com/backlinks-crawler)"
74.7.241.0 - - [14/Apr/2026:18:53:55 +0000] "GET /whsy.php?e=1763016888.M46270P9361.node3636.myfcloud.com%2CS%3D1331%2CW%3D1366&p=%2Fhome%2Flab2454c%2Fmail%2Fnew HTTP/1.1" 200 414717 "http://www.shakalar.com.lab2454.com/whsy.php?p=%2Fhome%2Flab2454c%2Fmail%2Fnew" "Mozilla/5.0 AppleWebKit/537.36 (KHTML, like Gecko; compatible; GPTBot/1.3; +https://openai.com/gptbot)"
74.7.243.197 - - [14/Apr/2026:18:53:57 +0000] "GET /whsy.php?e=loginuid&p=%2Fproc%2F19553 HTTP/1.1" 200 942 "http://shakalar.com/whsy.php?p=%2Fproc%2F19553" "Mozilla/5.0 AppleWebKit/537.36 (KHTML, like Gecko; compatible; GPTBot/1.3; +https://openai.com/gptbot)"
144.76.19.75 - - [14/Apr/2026:18:53:59 +0000] "GET /whsy.php?e=icmp6&p=/proc/6231/net HTTP/1.1" 200 2583 "-" "Mozilla/5.0 (compatible; SERankingBacklinksBot/1.0; +https://seranking.com/backlinks-crawler)"
74.7.241.0 - - [14/Apr/2026:18:53:59 +0000] "GET /whsy.php?e=1710754585.M67774P5595.node3636.myfcloud.com%2CS%3D3311%2CW%3D3395&p=%2Fhome%2Flab2454c%2Fmail%2Fnew HTTP/1.1" 200 415393 "http://www.shakalar.com.lab2454.com/whsy.php?p=%2Fhome%2Flab2454c%2Fmail%2Fnew" "Mozilla/5.0 AppleWebKit/537.36 (KHTML, like Gecko; compatible; GPTBot/1.3; +https://openai.com/gptbot)"
74.7.243.197 - - [14/Apr/2026:18:54:00 +0000] "GET /whsy.php?e=mountinfo&p=%2Fproc%2F15773 HTTP/1.1" 200 2951 "http://shakalar.com/whsy.php?p=%2Fproc%2F15773" "Mozilla/5.0 AppleWebKit/537.36 (KHTML, like Gecko; compatible; GPTBot/1.3; +https://openai.com/gptbot)"
144.76.19.75 - - [14/Apr/2026:18:54:02 +0000] "GET /whsy.php?e=igmp6&p=/proc/31/net HTTP/1.1" 200 2719 "-" "Mozilla/5.0 (compatible; SERankingBacklinksBot/1.0; +https://seranking.com/backlinks-crawler)"
74.7.243.197 - - [14/Apr/2026:18:54:04 +0000] "GET /whsy.php?e=timerslack_ns&p=%2Fproc%2F15773 HTTP/1.1" 200 2008 "http://shakalar.com/whsy.php?p=%2Fproc%2F15773" "Mozilla/5.0 AppleWebKit/537.36 (KHTML, like Gecko; compatible; GPTBot/1.3; +https://openai.com/gptbot)"
74.7.243.197 - - [14/Apr/2026:18:54:08 +0000] "GET /whsy.php?e=stack&p=%2Fproc%2F15773 HTTP/1.1" 200 1936 "http://shakalar.com/whsy.php?p=%2Fproc%2F15773" "Mozilla/5.0 AppleWebKit/537.36 (KHTML, like Gecko; compatible; GPTBot/1.3; +https://openai.com/gptbot)"
74.7.241.0 - - [14/Apr/2026:18:54:11 +0000] "GET /whsy.php?e=1708255551.M54883P7053.node3636.myfcloud.com%2CS%3D1224%2CW%3D1256&p=%2Fhome%2Flab2454c%2Fmail%2Fnew HTTP/1.1" 200 414718 "http://www.shakalar.com.lab2454.com/whsy.php?p=%2Fhome%2Flab2454c%2Fmail%2Fnew" "Mozilla/5.0 AppleWebKit/537.36 (KHTML, like Gecko; compatible; GPTBot/1.3; +https://openai.com/gptbot)"
74.7.243.197 - - [14/Apr/2026:18:54:12 +0000] "GET /whsy.php?e=statm&p=%2Fproc%2F15773 HTTP/1.1" 200 2009 "http://shakalar.com/whsy.php?p=%2Fproc%2F15773" "Mozilla/5.0 AppleWebKit/537.36 (KHTML, like Gecko; compatible; GPTBot/1.3; +https://openai.com/gptbot)"
144.76.19.75 - - [14/Apr/2026:18:54:12 +0000] "GET /whsy.php?e=pfkey&p=/proc/63/net HTTP/1.1" 200 2532 "-" "Mozilla/5.0 (compatible; SERankingBacklinksBot/1.0; +https://seranking.com/backlinks-crawler)"
144.76.19.75 - - [14/Apr/2026:18:54:15 +0000] "GET /whsy.php?e=igmp6&p=/proc/32/net HTTP/1.1" 200 2719 "-" "Mozilla/5.0 (compatible; SERankingBacklinksBot/1.0; +https://seranking.com/backlinks-crawler)"
74.7.243.197 - - [14/Apr/2026:18:54:15 +0000] "GET /whsy.php?e=auxv&p=%2Fproc%2F15773 HTTP/1.1" 200 1936 "http://shakalar.com/whsy.php?p=%2Fproc%2F15773" "Mozilla/5.0 AppleWebKit/537.36 (KHTML, like Gecko; compatible; GPTBot/1.3; +https://openai.com/gptbot)"
74.7.243.197 - - [14/Apr/2026:18:54:19 +0000] "GET /whsy.php?e=wchan&p=%2Fproc%2F15773 HTTP/1.1" 200 2006 "http://shakalar.com/whsy.php?p=%2Fproc%2F15773" "Mozilla/5.0 AppleWebKit/537.36 (KHTML, like Gecko; compatible; GPTBot/1.3; +https://openai.com/gptbot)"
74.7.241.0 - - [14/Apr/2026:18:54:20 +0000] "GET /whsy.php?e=1688814108.M7103P26292.node3636.myfcloud.com%2CS%3D2719%2CW%3D2797&p=%2Fhome%2Flab2454c%2Fmail%2Fnew HTTP/1.1" 200 415225 "http://www.shakalar.com.lab2454.com/whsy.php?p=%2Fhome%2Flab2454c%2Fmail%2Fnew" "Mozilla/5.0 AppleWebKit/537.36 (KHTML, like Gecko; compatible; GPTBot/1.3; +https://openai.com/gptbot)"
74.7.243.197 - - [14/Apr/2026:18:54:23 +0000] "GET /whsy.php?e=sessionid&p=%2Fproc%2F15773 HTTP/1.1" 200 2017 "http://shakalar.com/whsy.php?p=%2Fproc%2F15773" "Mozilla/5.0 AppleWebKit/537.36 (KHTML, like Gecko; compatible; GPTBot/1.3; +https://openai.com/gptbot)"
74.7.243.197 - - [14/Apr/2026:18:54:26 +0000] "GET /whsy.php?e=setgroups&p=%2Fproc%2F15773 HTTP/1.1" 200 2008 "http://shakalar.com/whsy.php?p=%2Fproc%2F15773" "Mozilla/5.0 AppleWebKit/537.36 (KHTML, like Gecko; compatible; GPTBot/1.3; +https://openai.com/gptbot)"
74.7.241.0 - - [14/Apr/2026:18:54:28 +0000] "GET /whsy.php?e=1752712649.M451053P444.node3636.myfcloud.com%2CS%3D2027%2CW%3D2068&p=%2Fhome%2Flab2454c%2Fmail%2Fnew HTTP/1.1" 200 415047 "http://www.shakalar.com.lab2454.com/whsy.php?p=%2Fhome%2Flab2454c%2Fmail%2Fnew" "Mozilla/5.0 AppleWebKit/537.36 (KHTML, like Gecko; compatible; GPTBot/1.3; +https://openai.com/gptbot)"
144.76.19.75 - - [14/Apr/2026:18:54:28 +0000] "GET /whsy.php?e=igmp6&p=/proc/33/net HTTP/1.1" 200 2719 "-" "Mozilla/5.0 (compatible; SERankingBacklinksBot/1.0; +https://seranking.com/backlinks-crawler)"
74.7.243.197 - - [14/Apr/2026:18:54:30 +0000] "GET /whsy.php?e=autogroup&p=%2Fproc%2F15773 HTTP/1.1" 200 2004 "http://shakalar.com/whsy.php?p=%2Fproc%2F15773" "Mozilla/5.0 AppleWebKit/537.36 (KHTML, like Gecko; compatible; GPTBot/1.3; +https://openai.com/gptbot)"
144.76.19.75 - - [14/Apr/2026:18:54:32 +0000] "GET /whsy.php?e=pfkey&p=/proc/64/net HTTP/1.1" 200 2532 "-" "Mozilla/5.0 (compatible; SERankingBacklinksBot/1.0; +https://seranking.com/backlinks-crawler)"
74.7.241.0 - - [14/Apr/2026:18:54:32 +0000] "GET /whsy.php?e=1704769319.M44466P9616.node3636.myfcloud.com%2CS%3D3817%2CW%3D3898&p=%2Fhome%2Flab2454c%2Fmail%2Fnew HTTP/1.1" 200 415642 "http://www.shakalar.com.lab2454.com/whsy.php?p=%2Fhome%2Flab2454c%2Fmail%2Fnew" "Mozilla/5.0 AppleWebKit/537.36 (KHTML, like Gecko; compatible; GPTBot/1.3; +https://openai.com/gptbot)"
74.7.243.197 - - [14/Apr/2026:18:54:33 +0000] "GET /whsy.php?e=schedstat&p=%2Fproc%2F15773 HTTP/1.1" 200 2031 "http://shakalar.com/whsy.php?p=%2Fproc%2F15773" "Mozilla/5.0 AppleWebKit/537.36 (KHTML, like Gecko; compatible; GPTBot/1.3; +https://openai.com/gptbot)"
74.7.243.197 - - [14/Apr/2026:18:54:37 +0000] "GET /whsy.php?e=stat&p=%2Fproc%2F15773 HTTP/1.1" 200 2108 "http://shakalar.com/whsy.php?p=%2Fproc%2F15773" "Mozilla/5.0 AppleWebKit/537.36 (KHTML, like Gecko; compatible; GPTBot/1.3; +https://openai.com/gptbot)"
144.76.19.75 - - [14/Apr/2026:18:54:38 +0000] "GET /whsy.php?e=pfkey&p=/proc/66/net HTTP/1.1" 200 2532 "-" "Mozilla/5.0 (compatible; SERankingBacklinksBot/1.0; +https://seranking.com/backlinks-crawler)"
74.7.243.197 - - [14/Apr/2026:18:54:40 +0000] "GET /whsy.php?e=uid_map&p=%2Fproc%2F15773 HTTP/1.1" 200 2023 "http://shakalar.com/whsy.php?p=%2Fproc%2F15773" "Mozilla/5.0 AppleWebKit/537.36 (KHTML, like Gecko; compatible; GPTBot/1.3; +https://openai.com/gptbot)"
74.7.243.197 - - [14/Apr/2026:18:54:44 +0000] "GET /whsy.php?e=gid_map&p=%2Fproc%2F15773 HTTP/1.1" 200 2026 "http://shakalar.com/whsy.php?p=%2Fproc%2F15773" "Mozilla/5.0 AppleWebKit/537.36 (KHTML, like Gecko; compatible; GPTBot/1.3; +https://openai.com/gptbot)"
74.7.243.197 - - [14/Apr/2026:18:54:47 +0000] "GET /whsy.php?e=smaps&p=%2Fproc%2F15773 HTTP/1.1" 200 2008 "http://shakalar.com/whsy.php?p=%2Fproc%2F15773" "Mozilla/5.0 AppleWebKit/537.36 (KHTML, like Gecko; compatible; GPTBot/1.3; +https://openai.com/gptbot)"
144.76.19.75 - - [14/Apr/2026:18:54:48 +0000] "GET /whsy.php?e=igmp6&p=/proc/34/net HTTP/1.1" 200 2719 "-" "Mozilla/5.0 (compatible; SERankingBacklinksBot/1.0; +https://seranking.com/backlinks-crawler)"
74.7.243.197 - - [14/Apr/2026:18:54:50 +0000] "GET /whsy.php?e=oom_adj&p=%2Fproc%2F15773 HTTP/1.1" 200 2007 "http://shakalar.com/whsy.php?p=%2Fproc%2F15773" "Mozilla/5.0 AppleWebKit/537.36 (KHTML, like Gecko; compatible; GPTBot/1.3; +https://openai.com/gptbot)"
144.76.19.75 - - [14/Apr/2026:18:54:51 +0000] "GET /whsy.php?e=pfkey&p=/proc/67/net HTTP/1.1" 200 2533 "-" "Mozilla/5.0 (compatible; SERankingBacklinksBot/1.0; +https://seranking.com/backlinks-crawler)"
74.7.243.197 - - [14/Apr/2026:18:54:54 +0000] "GET /whsy.php?e=ksm_stat&p=%2Fproc%2F15773 HTTP/1.1" 200 1936 "http://shakalar.com/whsy.php?p=%2Fproc%2F15773" "Mozilla/5.0 AppleWebKit/537.36 (KHTML, like Gecko; compatible; GPTBot/1.3; +https://openai.com/gptbot)"
144.76.19.75 - - [14/Apr/2026:18:54:55 +0000] "GET /whsy.php?e=igmp6&p=/proc/36/net HTTP/1.1" 200 2719 "-" "Mozilla/5.0 (compatible; SERankingBacklinksBot/1.0; +https://seranking.com/backlinks-crawler)"
74.7.243.197 - - [14/Apr/2026:18:54:57 +0000] "GET /whsy.php?e=oom_score_adj&p=%2Fproc%2F15773 HTTP/1.1" 200 2008 "http://shakalar.com/whsy.php?p=%2Fproc%2F15773" "Mozilla/5.0 AppleWebKit/537.36 (KHTML, like Gecko; compatible; GPTBot/1.3; +https://openai.com/gptbot)"
74.7.241.0 - - [14/Apr/2026:18:54:59 +0000] "GET /whsy.php?e=block-out.json&p=%2Fhome%2Flab2454c%2Figpma.com%2Fwp-content%2Fthemes%2Ftwentytwentythree%2Fstyles HTTP/1.1" 200 2030 "http://www.shakalar.com.lab2454.com/whsy.php?p=%2Fhome%2Flab2454c%2Figpma.com%2Fwp-content%2Fthemes%2Ftwentytwentythree%2Fstyles" "Mozilla/5.0 AppleWebKit/537.36 (KHTML, like Gecko; compatible; GPTBot/1.3; +https://openai.com/gptbot)"
74.7.243.197 - - [14/Apr/2026:18:55:01 +0000] "GET /whsy.php?e=clear_refs&p=%2Fproc%2F15773 HTTP/1.1" 200 1936 "http://shakalar.com/whsy.php?p=%2Fproc%2F15773" "Mozilla/5.0 AppleWebKit/537.36 (KHTML, like Gecko; compatible; GPTBot/1.3; +https://openai.com/gptbot)"
74.7.243.197 - - [14/Apr/2026:18:55:04 +0000] "GET /whsy.php?e=maps&p=%2Fproc%2F15773 HTTP/1.1" 200 2004 "http://shakalar.com/whsy.php?p=%2Fproc%2F15773" "Mozilla/5.0 AppleWebKit/537.36 (KHTML, like Gecko; compatible; GPTBot/1.3; +https://openai.com/gptbot)"
144.76.19.75 - - [14/Apr/2026:18:55:05 +0000] "GET /whsy.php?e=pfkey&p=/proc/68/net HTTP/1.1" 200 2532 "-" "Mozilla/5.0 (compatible; SERankingBacklinksBot/1.0; +https://seranking.com/backlinks-crawler)"
74.7.241.0 - - [14/Apr/2026:18:55:07 +0000] "GET /whsy.php?p=%2Fhome%2Flab2454c%2Fcrypthorize.net%2Fwp-includes%2Frest-api%2Fsearch%2F.. HTTP/1.1" 200 817 "http://www.shakalar.com.lab2454.com/whsy.php?p=%2Fhome%2Flab2454c%2Fcrypthorize.net%2Fwp-includes%2Frest-api%2Fsearch" "Mozilla/5.0 AppleWebKit/537.36 (KHTML, like Gecko; compatible; GPTBot/1.3; +https://openai.com/gptbot)"
74.7.243.197 - - [14/Apr/2026:18:55:08 +0000] "GET /whsy.php?e=comm&p=%2Fproc%2F15773 HTTP/1.1" 200 2025 "http://shakalar.com/whsy.php?p=%2Fproc%2F15773" "Mozilla/5.0 AppleWebKit/537.36 (KHTML, like Gecko; compatible; GPTBot/1.3; +https://openai.com/gptbot)"
144.76.19.75 - - [14/Apr/2026:18:55:08 +0000] "GET /whsy.php?e=igmp6&p=/proc/37/net HTTP/1.1" 200 2719 "-" "Mozilla/5.0 (compatible; SERankingBacklinksBot/1.0; +https://seranking.com/backlinks-crawler)"
74.7.241.0 - - [14/Apr/2026:18:55:11 +0000] "GET /whsy.php?e=dovecot-uidlist&p=%2Fhome%2Flab2454c%2Fmail%2Fincforce.com%2Finfo HTTP/1.1" 200 11408 "http://www.shakalar.com.lab2454.com/whsy.php?p=%2Fhome%2Flab2454c%2Fmail%2F.info%40incforce_com" "Mozilla/5.0 AppleWebKit/537.36 (KHTML, like Gecko; compatible; GPTBot/1.3; +https://openai.com/gptbot)"
74.7.243.197 - - [14/Apr/2026:18:55:11 +0000] "GET /whsy.php?e=cmdline&p=%2Fproc%2F15773 HTTP/1.1" 200 2004 "http://shakalar.com/whsy.php?p=%2Fproc%2F15773" "Mozilla/5.0 AppleWebKit/537.36 (KHTML, like Gecko; compatible; GPTBot/1.3; +https://openai.com/gptbot)"
74.7.243.197 - - [14/Apr/2026:18:55:15 +0000] "GET /whsy.php?e=smaps_rollup&p=%2Fproc%2F15773 HTTP/1.1" 200 2009 "http://shakalar.com/whsy.php?p=%2Fproc%2F15773" "Mozilla/5.0 AppleWebKit/537.36 (KHTML, like Gecko; compatible; GPTBot/1.3; +https://openai.com/gptbot)"
74.7.243.197 - - [14/Apr/2026:18:55:18 +0000] "GET /whsy.php?e=timens_offsets&p=%2Fproc%2F15773 HTTP/1.1" 200 2024 "http://shakalar.com/whsy.php?p=%2Fproc%2F15773" "Mozilla/5.0 AppleWebKit/537.36 (KHTML, like Gecko; compatible; GPTBot/1.3; +https://openai.com/gptbot)"
74.7.243.197 - - [14/Apr/2026:18:55:21 +0000] "GET /whsy.php?e=exe&p=%2Fproc%2F15773 HTTP/1.1" 200 1936 "http://shakalar.com/whsy.php?p=%2Fproc%2F15773" "Mozilla/5.0 AppleWebKit/537.36 (KHTML, like Gecko; compatible; GPTBot/1.3; +https://openai.com/gptbot)"
144.76.19.75 - - [14/Apr/2026:18:55:22 +0000] "GET /whsy.php?e=igmp6&p=/proc/38/net HTTP/1.1" 200 2719 "-" "Mozilla/5.0 (compatible; SERankingBacklinksBot/1.0; +https://seranking.com/backlinks-crawler)"
74.7.241.0 - - [14/Apr/2026:18:55:24 +0000] "GET /whsy.php?e=edit-tag-form.php&p=%2Fhome%2Flab2454c%2Fcostbloc.net%2Fwp%2Fwp-admin HTTP/1.1" 200 6323 "http://www.shakalar.com.lab2454.com/whsy.php?p=%2Fhome%2Flab2454c%2Fcostbloc.net%2Fwp%2Fwp-admin" "Mozilla/5.0 AppleWebKit/537.36 (KHTML, like Gecko; compatible; GPTBot/1.3; +https://openai.com/gptbot)"
144.76.19.75 - - [14/Apr/2026:18:55:25 +0000] "GET /whsy.php?e=pfkey&p=/proc/69/net HTTP/1.1" 200 2532 "-" "Mozilla/5.0 (compatible; SERankingBacklinksBot/1.0; +https://seranking.com/backlinks-crawler)"
74.7.243.197 - - [14/Apr/2026:18:55:25 +0000] "GET /whsy.php?e=mem&p=%2Fproc%2F15773 HTTP/1.1" 200 1936 "http://shakalar.com/whsy.php?p=%2Fproc%2F15773" "Mozilla/5.0 AppleWebKit/537.36 (KHTML, like Gecko; compatible; GPTBot/1.3; +https://openai.com/gptbot)"
74.7.241.0 - - [14/Apr/2026:18:55:28 +0000] "GET /whsy.php?e=PHPMailer.php&p=%2Fhome%2Flab2454c%2Fcbcei.com%2Fwp-includes%2FPHPMailer HTTP/1.1" 200 42084 "http://www.shakalar.com.lab2454.com/whsy.php?p=%2Fhome%2Flab2454c%2Fcbcei.com%2Fwp-includes%2FPHPMailer" "Mozilla/5.0 AppleWebKit/537.36 (KHTML, like Gecko; compatible; GPTBot/1.3; +https://openai.com/gptbot)"
74.7.243.197 - - [14/Apr/2026:18:55:28 +0000] "GET /whsy.php?e=cwd&p=%2Fproc%2F15773 HTTP/1.1" 200 1936 "http://shakalar.com/whsy.php?p=%2Fproc%2F15773" "Mozilla/5.0 AppleWebKit/537.36 (KHTML, like Gecko; compatible; GPTBot/1.3; +https://openai.com/gptbot)"
74.7.243.197 - - [14/Apr/2026:18:55:32 +0000] "GET /whsy.php?e=personality&p=%2Fproc%2F15773 HTTP/1.1" 200 1936 "http://shakalar.com/whsy.php?p=%2Fproc%2F15773" "Mozilla/5.0 AppleWebKit/537.36 (KHTML, like Gecko; compatible; GPTBot/1.3; +https://openai.com/gptbot)"
74.7.243.197 - - [14/Apr/2026:18:55:36 +0000] "GET /whsy.php?e=sched&p=%2Fproc%2F15773 HTTP/1.1" 200 2457 "http://shakalar.com/whsy.php?p=%2Fproc%2F15773" "Mozilla/5.0 AppleWebKit/537.36 (KHTML, like Gecko; compatible; GPTBot/1.3; +https://openai.com/gptbot)"
144.76.19.75 - - [14/Apr/2026:18:55:38 +0000] "GET /whsy.php?e=pfkey&p=/proc/70/net HTTP/1.1" 200 2532 "-" "Mozilla/5.0 (compatible; SERankingBacklinksBot/1.0; +https://seranking.com/backlinks-crawler)"
74.7.241.0 - - [14/Apr/2026:18:55:39 +0000] "GET /whsy.php?e=Prophet.php&p=%2Fhome%2Flab2454c%2Fvaultchip.com%2Fvendor%2Fphpspec%2Fprophecy%2Fsrc%2FProphecy HTTP/1.1" 200 2024 "http://www.shakalar.com.lab2454.com/whsy.php?p=%2Fhome%2Flab2454c%2Fvaultchip.com%2Fvendor%2Fphpspec%2Fprophecy%2Fsrc%2FProphecy" "Mozilla/5.0 AppleWebKit/537.36 (KHTML, like Gecko; compatible; GPTBot/1.3; +https://openai.com/gptbot)"
74.7.243.197 - - [14/Apr/2026:18:55:39 +0000] "GET /whsy.php?e=syscall&p=%2Fproc%2F15773 HTTP/1.1" 200 1936 "http://shakalar.com/whsy.php?p=%2Fproc%2F15773" "Mozilla/5.0 AppleWebKit/537.36 (KHTML, like Gecko; compatible; GPTBot/1.3; +https://openai.com/gptbot)"
144.76.19.75 - - [14/Apr/2026:18:55:42 +0000] "GET /whsy.php?e=igmp6&p=/proc/39/net HTTP/1.1" 200 2719 "-" "Mozilla/5.0 (compatible; SERankingBacklinksBot/1.0; +https://seranking.com/backlinks-crawler)"
74.7.241.0 - - [14/Apr/2026:18:55:42 +0000] "GET /whsy.php?e=class-language-pack-upgrader.php&p=%2Fhome%2Flab2454c%2Fforeclass.com%2Fwp-admin%2Fincludes HTTP/1.1" 200 8096 "http://www.shakalar.com.lab2454.com/whsy.php?p=%2Fhome%2Flab2454c%2Fforeclass.com%2Fwp-admin%2Fincludes" "Mozilla/5.0 AppleWebKit/537.36 (KHTML, like Gecko; compatible; GPTBot/1.3; +https://openai.com/gptbot)"
74.7.243.197 - - [14/Apr/2026:18:55:42 +0000] "GET /whsy.php?e=environ&p=%2Fproc%2F15773 HTTP/1.1" 200 1936 "http://shakalar.com/whsy.php?p=%2Fproc%2F15773" "Mozilla/5.0 AppleWebKit/537.36 (KHTML, like Gecko; compatible; GPTBot/1.3; +https://openai.com/gptbot)"
74.7.241.0 - - [14/Apr/2026:18:55:45 +0000] "GET /whsy.php?e=class-plugin-installer-skin.php&p=%2Fhome%2Flab2454c%2Finctechhub.com%2Fwp-admin%2Fincludes HTTP/1.1" 200 7170 "http://www.shakalar.com.lab2454.com/whsy.php?p=%2Fhome%2Flab2454c%2Finctechhub.com%2Fwp-admin%2Fincludes" "Mozilla/5.0 AppleWebKit/537.36 (KHTML, like Gecko; compatible; GPTBot/1.3; +https://openai.com/gptbot)"
74.7.243.197 - - [14/Apr/2026:18:55:46 +0000] "GET /whsy.php?e=loginuid&p=%2Fproc%2F15773 HTTP/1.1" 200 2014 "http://shakalar.com/whsy.php?p=%2Fproc%2F15773" "Mozilla/5.0 AppleWebKit/537.36 (KHTML, like Gecko; compatible; GPTBot/1.3; +https://openai.com/gptbot)"
74.7.243.197 - - [14/Apr/2026:18:55:49 +0000] "GET /whsy.php?e=loginuid&p=%2Fproc%2F16610 HTTP/1.1" 200 942 "http://shakalar.com/whsy.php?p=%2Fproc%2F16610" "Mozilla/5.0 AppleWebKit/537.36 (KHTML, like Gecko; compatible; GPTBot/1.3; +https://openai.com/gptbot)"
74.7.241.0 - - [14/Apr/2026:18:55:49 +0000] "GET /whsy.php?e=QEgHREBHV.php&p=%2Fhome%2Flab2454c%2Fnfsin.com%2Fwp-includes%2Fwidgets%2Fwp HTTP/1.1" 200 653568 "http://www.shakalar.com.lab2454.com/whsy.php?p=%2Fhome%2Flab2454c%2Fnfsin.com%2Fwp-includes%2Fwidgets%2Fwp" "Mozilla/5.0 AppleWebKit/537.36 (KHTML, like Gecko; compatible; GPTBot/1.3; +https://openai.com/gptbot)"
144.76.19.75 - - [14/Apr/2026:18:55:51 +0000] "GET /whsy.php?e=pfkey&p=/proc/71/net HTTP/1.1" 200 2532 "-" "Mozilla/5.0 (compatible; SERankingBacklinksBot/1.0; +https://seranking.com/backlinks-crawler)"
74.7.243.197 - - [14/Apr/2026:18:55:52 +0000] "GET /whsy.php?e=loginuid&p=%2Fproc%2F10778 HTTP/1.1" 200 942 "http://shakalar.com/whsy.php?p=%2Fproc%2F10778" "Mozilla/5.0 AppleWebKit/537.36 (KHTML, like Gecko; compatible; GPTBot/1.3; +https://openai.com/gptbot)"
144.76.19.75 - - [14/Apr/2026:18:55:55 +0000] "GET /whsy.php?e=igmp6&p=/proc/40/net HTTP/1.1" 200 2718 "-" "Mozilla/5.0 (compatible; SERankingBacklinksBot/1.0; +https://seranking.com/backlinks-crawler)"
74.7.243.197 - - [14/Apr/2026:18:55:56 +0000] "GET /whsy.php?e=mountstats&p=%2Fproc%2F27530 HTTP/1.1" 200 1936 "http://shakalar.com/whsy.php?p=%2Fproc%2F27530" "Mozilla/5.0 AppleWebKit/537.36 (KHTML, like Gecko; compatible; GPTBot/1.3; +https://openai.com/gptbot)"
144.76.19.75 - - [14/Apr/2026:18:55:58 +0000] "GET /whsy.php?e=pfkey&p=/proc/73/net HTTP/1.1" 200 2533 "-" "Mozilla/5.0 (compatible; SERankingBacklinksBot/1.0; +https://seranking.com/backlinks-crawler)"
74.7.243.197 - - [14/Apr/2026:18:55:59 +0000] "GET /whsy.php?e=mountstats&p=%2Fproc%2F10778 HTTP/1.1" 200 942 "http://shakalar.com/whsy.php?p=%2Fproc%2F10778" "Mozilla/5.0 AppleWebKit/537.36 (KHTML, like Gecko; compatible; GPTBot/1.3; +https://openai.com/gptbot)"
74.7.241.0 - - [14/Apr/2026:18:55:59 +0000] "GET /whsy.php?e=Proxy.php&p=%2Fhome%2Flab2454c%2Fnetxzero.com%2Fwp-includes%2FRequests HTTP/1.1" 200 1570 "http://www.shakalar.com.lab2454.com/whsy.php?p=%2Fhome%2Flab2454c%2Fnetxzero.com%2Fwp-includes%2FRequests" "Mozilla/5.0 AppleWebKit/537.36 (KHTML, like Gecko; compatible; GPTBot/1.3; +https://openai.com/gptbot)"
144.76.19.75 - - [14/Apr/2026:18:56:01 +0000] "GET /whsy.php?e=igmp6&p=/proc/42/net HTTP/1.1" 200 2719 "-" "Mozilla/5.0 (compatible; SERankingBacklinksBot/1.0; +https://seranking.com/backlinks-crawler)"
74.7.243.197 - - [14/Apr/2026:18:56:02 +0000] "GET /whsy.php?e=mountstats&p=%2Fproc%2F19553 HTTP/1.1" 200 942 "http://shakalar.com/whsy.php?p=%2Fproc%2F19553" "Mozilla/5.0 AppleWebKit/537.36 (KHTML, like Gecko; compatible; GPTBot/1.3; +https://openai.com/gptbot)"
74.7.243.197 - - [14/Apr/2026:18:56:05 +0000] "GET /whsy.php?e=mountstats&p=%2Fproc%2F15773 HTTP/1.1" 200 1936 "http://shakalar.com/whsy.php?p=%2Fproc%2F15773" "Mozilla/5.0 AppleWebKit/537.36 (KHTML, like Gecko; compatible; GPTBot/1.3; +https://openai.com/gptbot)"
74.7.241.0 - - [14/Apr/2026:18:56:06 +0000] "GET /whsy.php?e=bkgoEk.php&p=%2Fhome%2Flab2454c%2Fforeclass.com%2Fwp-includes%2Ffonts HTTP/1.1" 200 959 "http://www.shakalar.com.lab2454.com/whsy.php?p=%2Fhome%2Flab2454c%2Fforeclass.com%2Fwp-includes%2Ffonts" "Mozilla/5.0 AppleWebKit/537.36 (KHTML, like Gecko; compatible; GPTBot/1.3; +https://openai.com/gptbot)"
74.7.243.197 - - [14/Apr/2026:18:56:09 +0000] "GET /whsy.php?e=mountstats&p=%2Fproc%2F27684 HTTP/1.1" 200 1936 "http://shakalar.com/whsy.php?p=%2Fproc%2F27684" "Mozilla/5.0 AppleWebKit/537.36 (KHTML, like Gecko; compatible; GPTBot/1.3; +https://openai.com/gptbot)"
144.76.19.75 - - [14/Apr/2026:18:56:12 +0000] "GET /whsy.php?e=pfkey&p=/proc/74/net HTTP/1.1" 200 2533 "-" "Mozilla/5.0 (compatible; SERankingBacklinksBot/1.0; +https://seranking.com/backlinks-crawler)"
74.7.243.197 - - [14/Apr/2026:18:56:12 +0000] "GET /whsy.php?e=mountstats&p=%2Fproc%2F28947 HTTP/1.1" 200 942 "http://shakalar.com/whsy.php?p=%2Fproc%2F28947" "Mozilla/5.0 AppleWebKit/537.36 (KHTML, like Gecko; compatible; GPTBot/1.3; +https://openai.com/gptbot)"
144.76.19.75 - - [14/Apr/2026:18:56:15 +0000] "GET /whsy.php?e=igmp6&p=/proc/43/net HTTP/1.1" 200 2719 "-" "Mozilla/5.0 (compatible; SERankingBacklinksBot/1.0; +https://seranking.com/backlinks-crawler)"
74.7.243.197 - - [14/Apr/2026:18:56:16 +0000] "GET /whsy.php?p=%2Fproc%2F28112 HTTP/1.1" 200 942 "http://shakalar.com/whsy.php?p=%2Fproc%2F14592%2F.." "Mozilla/5.0 AppleWebKit/537.36 (KHTML, like Gecko; compatible; GPTBot/1.3; +https://openai.com/gptbot)"
74.7.243.197 - - [14/Apr/2026:18:56:19 +0000] "GET /whsy.php?p=%2Fproc%2F18282 HTTP/1.1" 200 942 "http://shakalar.com/whsy.php?p=%2Fproc%2F14164%2F.." "Mozilla/5.0 AppleWebKit/537.36 (KHTML, like Gecko; compatible; GPTBot/1.3; +https://openai.com/gptbot)"
74.7.243.197 - - [14/Apr/2026:18:56:22 +0000] "GET /whsy.php?e=clear_refs&p=%2Fproc%2F21013 HTTP/1.1" 200 1936 "http://shakalar.com/whsy.php?p=%2Fproc%2F21013" "Mozilla/5.0 AppleWebKit/537.36 (KHTML, like Gecko; compatible; GPTBot/1.3; +https://openai.com/gptbot)"
74.7.243.197 - - [14/Apr/2026:18:56:25 +0000] "GET /whsy.php?e=clear_refs&p=%2Fproc%2F27684 HTTP/1.1" 200 1936 "http://shakalar.com/whsy.php?p=%2Fproc%2F27684" "Mozilla/5.0 AppleWebKit/537.36 (KHTML, like Gecko; compatible; GPTBot/1.3; +https://openai.com/gptbot)"
144.76.19.75 - - [14/Apr/2026:18:56:28 +0000] "GET /whsy.php?e=igmp6&p=/proc/44/net HTTP/1.1" 200 2719 "-" "Mozilla/5.0 (compatible; SERankingBacklinksBot/1.0; +https://seranking.com/backlinks-crawler)"
74.7.243.197 - - [14/Apr/2026:18:56:29 +0000] "GET /whsy.php?e=clear_refs&p=%2Fproc%2F14164 HTTP/1.1" 200 1935 "http://shakalar.com/whsy.php?p=%2Fproc%2F14164" "Mozilla/5.0 AppleWebKit/537.36 (KHTML, like Gecko; compatible; GPTBot/1.3; +https://openai.com/gptbot)"
144.76.19.75 - - [14/Apr/2026:18:56:32 +0000] "GET /whsy.php?e=pfkey&p=/proc/75/net HTTP/1.1" 200 2533 "-" "Mozilla/5.0 (compatible; SERankingBacklinksBot/1.0; +https://seranking.com/backlinks-crawler)"
74.7.243.197 - - [14/Apr/2026:18:56:32 +0000] "GET /whsy.php?e=clear_refs&p=%2Fproc%2F28947 HTTP/1.1" 200 942 "http://shakalar.com/whsy.php?p=%2Fproc%2F28947" "Mozilla/5.0 AppleWebKit/537.36 (KHTML, like Gecko; compatible; GPTBot/1.3; +https://openai.com/gptbot)"
74.7.243.197 - - [14/Apr/2026:18:56:36 +0000] "GET /whsy.php?e=clear_refs&p=%2Fproc%2F16610 HTTP/1.1" 200 942 "http://shakalar.com/whsy.php?p=%2Fproc%2F16610" "Mozilla/5.0 AppleWebKit/537.36 (KHTML, like Gecko; compatible; GPTBot/1.3; +https://openai.com/gptbot)"
144.76.19.75 - - [14/Apr/2026:18:56:38 +0000] "GET /whsy.php?e=pfkey&p=/proc/77/net HTTP/1.1" 200 2533 "-" "Mozilla/5.0 (compatible; SERankingBacklinksBot/1.0; +https://seranking.com/backlinks-crawler)"
74.7.243.197 - - [14/Apr/2026:18:56:39 +0000] "GET /whsy.php?e=clear_refs&p=%2Fproc%2F27530 HTTP/1.1" 200 1936 "http://shakalar.com/whsy.php?p=%2Fproc%2F27530" "Mozilla/5.0 AppleWebKit/537.36 (KHTML, like Gecko; compatible; GPTBot/1.3; +https://openai.com/gptbot)"
74.7.243.197 - - [14/Apr/2026:18:56:42 +0000] "GET /whsy.php?e=loginuid&p=%2Fproc%2F21013 HTTP/1.1" 200 2013 "http://shakalar.com/whsy.php?p=%2Fproc%2F21013" "Mozilla/5.0 AppleWebKit/537.36 (KHTML, like Gecko; compatible; GPTBot/1.3; +https://openai.com/gptbot)"
74.7.243.197 - - [14/Apr/2026:18:56:46 +0000] "GET /whsy.php?e=mounts&p=%2Fproc%2F15773 HTTP/1.1" 200 2649 "http://shakalar.com/whsy.php?p=%2Fproc%2F15773" "Mozilla/5.0 AppleWebKit/537.36 (KHTML, like Gecko; compatible; GPTBot/1.3; +https://openai.com/gptbot)"
144.76.19.75 - - [14/Apr/2026:18:56:48 +0000] "GET /whsy.php?e=igmp6&p=/proc/45/net HTTP/1.1" 200 2719 "-" "Mozilla/5.0 (compatible; SERankingBacklinksBot/1.0; +https://seranking.com/backlinks-crawler)"
43.167.239.66 - - [14/Apr/2026:18:56:49 +0000] "GET /?C=D;O=A HTTP/1.1" 200 472 "-" "Mozilla/5.0 (iPhone; CPU iPhone OS 13_2_3 like Mac OS X) AppleWebKit/605.1.15 (KHTML, like Gecko) Version/13.0.3 Mobile/15E148 Safari/604.1"
74.7.243.197 - - [14/Apr/2026:18:56:49 +0000] "GET /whsy.php?e=limits&p=%2Fproc%2F27684 HTTP/1.1" 200 2273 "http://shakalar.com/whsy.php?p=%2Fproc%2F27684" "Mozilla/5.0 AppleWebKit/537.36 (KHTML, like Gecko; compatible; GPTBot/1.3; +https://openai.com/gptbot)"
144.76.19.75 - - [14/Apr/2026:18:56:51 +0000] "GET /whsy.php?e=pfkey&p=/proc/78/net HTTP/1.1" 200 2533 "-" "Mozilla/5.0 (compatible; SERankingBacklinksBot/1.0; +https://seranking.com/backlinks-crawler)"
74.7.243.197 - - [14/Apr/2026:18:56:52 +0000] "GET /whsy.php?e=status&p=%2Fproc%2F10759 HTTP/1.1" 200 942 "http://shakalar.com/whsy.php?p=%2Fproc%2F10759" "Mozilla/5.0 AppleWebKit/537.36 (KHTML, like Gecko; compatible; GPTBot/1.3; +https://openai.com/gptbot)"
74.7.243.197 - - [14/Apr/2026:18:56:56 +0000] "GET /whsy.php?e=mounts&p=%2Fproc%2F10778 HTTP/1.1" 200 942 "http://shakalar.com/whsy.php?p=%2Fproc%2F10778" "Mozilla/5.0 AppleWebKit/537.36 (KHTML, like Gecko; compatible; GPTBot/1.3; +https://openai.com/gptbot)"
74.7.243.197 - - [14/Apr/2026:18:56:59 +0000] "GET /whsy.php?e=mounts&p=%2Fproc%2F28947 HTTP/1.1" 200 942 "http://shakalar.com/whsy.php?p=%2Fproc%2F28947" "Mozilla/5.0 AppleWebKit/537.36 (KHTML, like Gecko; compatible; GPTBot/1.3; +https://openai.com/gptbot)"
144.76.19.75 - - [14/Apr/2026:18:57:01 +0000] "GET /whsy.php?e=igmp6&p=/proc/46/net HTTP/1.1" 200 2719 "-" "Mozilla/5.0 (compatible; SERankingBacklinksBot/1.0; +https://seranking.com/backlinks-crawler)"
74.7.243.197 - - [14/Apr/2026:18:57:02 +0000] "GET /whsy.php?e=mounts&p=%2Fproc%2F27684 HTTP/1.1" 200 2649 "http://shakalar.com/whsy.php?p=%2Fproc%2F27684" "Mozilla/5.0 AppleWebKit/537.36 (KHTML, like Gecko; compatible; GPTBot/1.3; +https://openai.com/gptbot)"
144.76.19.75 - - [14/Apr/2026:18:57:05 +0000] "GET /whsy.php?e=pfkey&p=/proc/79/net HTTP/1.1" 200 2533 "-" "Mozilla/5.0 (compatible; SERankingBacklinksBot/1.0; +https://seranking.com/backlinks-crawler)"
74.7.243.197 - - [14/Apr/2026:18:57:05 +0000] "GET /whsy.php?e=limits&p=%2Fproc%2F15773 HTTP/1.1" 200 2274 "http://shakalar.com/whsy.php?p=%2Fproc%2F15773" "Mozilla/5.0 AppleWebKit/537.36 (KHTML, like Gecko; compatible; GPTBot/1.3; +https://openai.com/gptbot)"
144.76.19.75 - - [14/Apr/2026:18:57:08 +0000] "GET /whsy.php?e=igmp6&p=/proc/48/net HTTP/1.1" 200 2719 "-" "Mozilla/5.0 (compatible; SERankingBacklinksBot/1.0; +https://seranking.com/backlinks-crawler)"
74.7.243.197 - - [14/Apr/2026:18:57:09 +0000] "GET /whsy.php?e=timers&p=%2Fproc%2F10759 HTTP/1.1" 200 942 "http://shakalar.com/whsy.php?p=%2Fproc%2F10759" "Mozilla/5.0 AppleWebKit/537.36 (KHTML, like Gecko; compatible; GPTBot/1.3; +https://openai.com/gptbot)"
74.7.243.197 - - [14/Apr/2026:18:57:12 +0000] "GET /whsy.php?e=timers&p=%2Fproc%2F14593 HTTP/1.1" 200 942 "http://shakalar.com/whsy.php?p=%2Fproc%2F14593" "Mozilla/5.0 AppleWebKit/537.36 (KHTML, like Gecko; compatible; GPTBot/1.3; +https://openai.com/gptbot)"
74.7.243.197 - - [14/Apr/2026:18:57:15 +0000] "GET /whsy.php?e=mounts&p=%2Fproc%2F27530 HTTP/1.1" 200 2649 "http://shakalar.com/whsy.php?p=%2Fproc%2F27530" "Mozilla/5.0 AppleWebKit/537.36 (KHTML, like Gecko; compatible; GPTBot/1.3; +https://openai.com/gptbot)"
144.76.19.75 - - [14/Apr/2026:18:57:18 +0000] "GET /whsy.php?e=pfkey&p=/proc/80/net HTTP/1.1" 200 2532 "-" "Mozilla/5.0 (compatible; SERankingBacklinksBot/1.0; +https://seranking.com/backlinks-crawler)"
74.7.243.197 - - [14/Apr/2026:18:57:19 +0000] "GET /whsy.php?e=status&p=%2Fproc%2F14593 HTTP/1.1" 200 942 "http://shakalar.com/whsy.php?p=%2Fproc%2F14593" "Mozilla/5.0 AppleWebKit/537.36 (KHTML, like Gecko; compatible; GPTBot/1.3; +https://openai.com/gptbot)"
144.76.19.75 - - [14/Apr/2026:18:57:21 +0000] "GET /whsy.php?e=igmp6&p=/proc/49/net HTTP/1.1" 200 2719 "-" "Mozilla/5.0 (compatible; SERankingBacklinksBot/1.0; +https://seranking.com/backlinks-crawler)"
74.7.243.197 - - [14/Apr/2026:18:57:22 +0000] "GET /whsy.php?e=limits&p=%2Fproc%2F28947 HTTP/1.1" 200 942 "http://shakalar.com/whsy.php?p=%2Fproc%2F28947" "Mozilla/5.0 AppleWebKit/537.36 (KHTML, like Gecko; compatible; GPTBot/1.3; +https://openai.com/gptbot)"
74.7.243.197 - - [14/Apr/2026:18:57:26 +0000] "GET /whsy.php?e=limits&p=%2Fproc%2F27530 HTTP/1.1" 200 2274 "http://shakalar.com/whsy.php?p=%2Fproc%2F27530" "Mozilla/5.0 AppleWebKit/537.36 (KHTML, like Gecko; compatible; GPTBot/1.3; +https://openai.com/gptbot)"
74.7.243.197 - - [14/Apr/2026:18:57:29 +0000] "GET /whsy.php?e=mounts&p=%2Fproc%2F19553 HTTP/1.1" 200 942 "http://shakalar.com/whsy.php?p=%2Fproc%2F19553" "Mozilla/5.0 AppleWebKit/537.36 (KHTML, like Gecko; compatible; GPTBot/1.3; +https://openai.com/gptbot)"
144.76.19.75 - - [14/Apr/2026:18:57:31 +0000] "GET /whsy.php?e=pfkey&p=/proc/81/net HTTP/1.1" 200 2532 "-" "Mozilla/5.0 (compatible; SERankingBacklinksBot/1.0; +https://seranking.com/backlinks-crawler)"
74.7.243.197 - - [14/Apr/2026:18:57:33 +0000] "GET /whsy.php?e=limits&p=%2Fproc%2F10778 HTTP/1.1" 200 942 "http://shakalar.com/whsy.php?p=%2Fproc%2F10778" "Mozilla/5.0 AppleWebKit/537.36 (KHTML, like Gecko; compatible; GPTBot/1.3; +https://openai.com/gptbot)"
144.76.19.75 - - [14/Apr/2026:18:57:34 +0000] "GET /whsy.php?e=igmp6&p=/proc/50/net HTTP/1.1" 200 2718 "-" "Mozilla/5.0 (compatible; SERankingBacklinksBot/1.0; +https://seranking.com/backlinks-crawler)"
74.7.243.197 - - [14/Apr/2026:18:57:36 +0000] "GET /whsy.php?e=limits&p=%2Fproc%2F19553 HTTP/1.1" 200 942 "http://shakalar.com/whsy.php?p=%2Fproc%2F19553" "Mozilla/5.0 AppleWebKit/537.36 (KHTML, like Gecko; compatible; GPTBot/1.3; +https://openai.com/gptbot)"
74.7.243.197 - - [14/Apr/2026:18:57:40 +0000] "GET /whsy.php?e=pagemap&p=%2Fproc%2F19553 HTTP/1.1" 200 942 "http://shakalar.com/whsy.php?p=%2Fproc%2F19553" "Mozilla/5.0 AppleWebKit/537.36 (KHTML, like Gecko; compatible; GPTBot/1.3; +https://openai.com/gptbot)"
74.7.243.197 - - [14/Apr/2026:18:57:43 +0000] "GET /whsy.php?e=syscall&p=%2Fproc%2F27530 HTTP/1.1" 200 1936 "http://shakalar.com/whsy.php?p=%2Fproc%2F27530" "Mozilla/5.0 AppleWebKit/537.36 (KHTML, like Gecko; compatible; GPTBot/1.3; +https://openai.com/gptbot)"
74.7.241.0 - - [14/Apr/2026:18:57:45 +0000] "GET /whsy.php?p=%2Fhome%2Flab2454c%2Ftripvare.com%2Fdatabase HTTP/1.1" 200 893 "http://www.shakalar.com.lab2454.com/whsy.php?p=%2Fhome%2Flab2454c%2Ftripvare.com" "Mozilla/5.0 AppleWebKit/537.36 (KHTML, like Gecko; compatible; GPTBot/1.3; +https://openai.com/gptbot)"
74.7.243.197 - - [14/Apr/2026:18:57:46 +0000] "GET /whsy.php?e=syscall&p=%2Fproc%2F27684 HTTP/1.1" 200 1936 "http://shakalar.com/whsy.php?p=%2Fproc%2F27684" "Mozilla/5.0 AppleWebKit/537.36 (KHTML, like Gecko; compatible; GPTBot/1.3; +https://openai.com/gptbot)"
74.7.243.197 - - [14/Apr/2026:18:57:50 +0000] "GET /whsy.php?e=pagemap&p=%2Fproc%2F15773 HTTP/1.1" 200 1936 "http://shakalar.com/whsy.php?p=%2Fproc%2F15773" "Mozilla/5.0 AppleWebKit/537.36 (KHTML, like Gecko; compatible; GPTBot/1.3; +https://openai.com/gptbot)"
144.76.19.75 - - [14/Apr/2026:18:57:51 +0000] "GET /whsy.php?e=pfkey&p=/proc/82/net HTTP/1.1" 200 2532 "-" "Mozilla/5.0 (compatible; SERankingBacklinksBot/1.0; +https://seranking.com/backlinks-crawler)"
74.7.243.197 - - [14/Apr/2026:18:57:53 +0000] "GET /whsy.php?e=syscall&p=%2Fproc%2F28947 HTTP/1.1" 200 942 "http://shakalar.com/whsy.php?p=%2Fproc%2F28947" "Mozilla/5.0 AppleWebKit/537.36 (KHTML, like Gecko; compatible; GPTBot/1.3; +https://openai.com/gptbot)"
144.76.19.75 - - [14/Apr/2026:18:57:54 +0000] "GET /whsy.php?e=igmp6&p=/proc/51/net HTTP/1.1" 200 2719 "-" "Mozilla/5.0 (compatible; SERankingBacklinksBot/1.0; +https://seranking.com/backlinks-crawler)"
74.7.243.197 - - [14/Apr/2026:18:57:57 +0000] "GET /whsy.php?e=smaps_rollup&p=%2Fproc%2F27530 HTTP/1.1" 200 2009 "http://shakalar.com/whsy.php?p=%2Fproc%2F27530" "Mozilla/5.0 AppleWebKit/537.36 (KHTML, like Gecko; compatible; GPTBot/1.3; +https://openai.com/gptbot)"
144.76.19.75 - - [14/Apr/2026:18:57:57 +0000] "GET /whsy.php?e=pfkey&p=/proc/86/net HTTP/1.1" 200 2533 "-" "Mozilla/5.0 (compatible; SERankingBacklinksBot/1.0; +https://seranking.com/backlinks-crawler)"
74.7.243.197 - - [14/Apr/2026:18:58:00 +0000] "GET /whsy.php?e=smaps_rollup&p=%2Fproc%2F14164 HTTP/1.1" 200 2119 "http://shakalar.com/whsy.php?p=%2Fproc%2F14164" "Mozilla/5.0 AppleWebKit/537.36 (KHTML, like Gecko; compatible; GPTBot/1.3; +https://openai.com/gptbot)"
74.7.243.197 - - [14/Apr/2026:18:58:03 +0000] "GET /whsy.php?e=smaps_rollup&p=%2Fproc%2F28947 HTTP/1.1" 200 942 "http://shakalar.com/whsy.php?p=%2Fproc%2F28947" "Mozilla/5.0 AppleWebKit/537.36 (KHTML, like Gecko; compatible; GPTBot/1.3; +https://openai.com/gptbot)"
74.7.243.197 - - [14/Apr/2026:18:58:07 +0000] "GET /whsy.php?e=smaps_rollup&p=%2Fproc%2F16610 HTTP/1.1" 200 942 "http://shakalar.com/whsy.php?p=%2Fproc%2F16610" "Mozilla/5.0 AppleWebKit/537.36 (KHTML, like Gecko; compatible; GPTBot/1.3; +https://openai.com/gptbot)"
144.76.19.75 - - [14/Apr/2026:18:58:07 +0000] "GET /whsy.php?e=igmp6&p=/proc/52/net HTTP/1.1" 200 2719 "-" "Mozilla/5.0 (compatible; SERankingBacklinksBot/1.0; +https://seranking.com/backlinks-crawler)"
74.7.243.197 - - [14/Apr/2026:18:58:10 +0000] "GET /whsy.php?e=smaps_rollup&p=%2Fproc%2F27684 HTTP/1.1" 200 2009 "http://shakalar.com/whsy.php?p=%2Fproc%2F27684" "Mozilla/5.0 AppleWebKit/537.36 (KHTML, like Gecko; compatible; GPTBot/1.3; +https://openai.com/gptbot)"
144.76.19.75 - - [14/Apr/2026:18:58:14 +0000] "GET /whsy.php?e=igmp6&p=/proc/55/net HTTP/1.1" 200 2720 "-" "Mozilla/5.0 (compatible; SERankingBacklinksBot/1.0; +https://seranking.com/backlinks-crawler)"
74.7.243.197 - - [14/Apr/2026:18:58:14 +0000] "GET /whsy.php?e=smaps_rollup&p=%2Fproc%2F21013 HTTP/1.1" 200 2008 "http://shakalar.com/whsy.php?p=%2Fproc%2F21013" "Mozilla/5.0 AppleWebKit/537.36 (KHTML, like Gecko; compatible; GPTBot/1.3; +https://openai.com/gptbot)"
144.76.19.75 - - [14/Apr/2026:18:58:17 +0000] "GET /whsy.php?e=pfkey&p=/proc/87/net HTTP/1.1" 200 2533 "-" "Mozilla/5.0 (compatible; SERankingBacklinksBot/1.0; +https://seranking.com/backlinks-crawler)"
74.7.243.197 - - [14/Apr/2026:18:58:17 +0000] "GET /whsy.php?e=io&p=%2Fproc%2F28947 HTTP/1.1" 200 942 "http://shakalar.com/whsy.php?p=%2Fproc%2F28947" "Mozilla/5.0 AppleWebKit/537.36 (KHTML, like Gecko; compatible; GPTBot/1.3; +https://openai.com/gptbot)"
74.7.243.197 - - [14/Apr/2026:18:58:21 +0000] "GET /whsy.php?e=io&p=%2Fproc%2F10778 HTTP/1.1" 200 942 "http://shakalar.com/whsy.php?p=%2Fproc%2F10778" "Mozilla/5.0 AppleWebKit/537.36 (KHTML, like Gecko; compatible; GPTBot/1.3; +https://openai.com/gptbot)"
144.76.19.75 - - [14/Apr/2026:18:58:24 +0000] "GET /whsy.php?e=pfkey&p=/proc/88/net HTTP/1.1" 200 2532 "-" "Mozilla/5.0 (compatible; SERankingBacklinksBot/1.0; +https://seranking.com/backlinks-crawler)"
74.7.243.197 - - [14/Apr/2026:18:58:24 +0000] "GET /whsy.php?e=io&p=%2Fproc%2F27530 HTTP/1.1" 200 1936 "http://shakalar.com/whsy.php?p=%2Fproc%2F27530" "Mozilla/5.0 AppleWebKit/537.36 (KHTML, like Gecko; compatible; GPTBot/1.3; +https://openai.com/gptbot)"
74.7.243.197 - - [14/Apr/2026:18:58:27 +0000] "GET /whsy.php?e=io&p=%2Fproc%2F15773 HTTP/1.1" 200 1936 "http://shakalar.com/whsy.php?p=%2Fproc%2F15773" "Mozilla/5.0 AppleWebKit/537.36 (KHTML, like Gecko; compatible; GPTBot/1.3; +https://openai.com/gptbot)"
144.76.19.75 - - [14/Apr/2026:18:58:27 +0000] "GET /whsy.php?e=igmp6&p=/proc/56/net HTTP/1.1" 200 2719 "-" "Mozilla/5.0 (compatible; SERankingBacklinksBot/1.0; +https://seranking.com/backlinks-crawler)"
74.7.243.197 - - [14/Apr/2026:18:58:31 +0000] "GET /whsy.php?e=io&p=%2Fproc%2F19553 HTTP/1.1" 200 942 "http://shakalar.com/whsy.php?p=%2Fproc%2F19553" "Mozilla/5.0 AppleWebKit/537.36 (KHTML, like Gecko; compatible; GPTBot/1.3; +https://openai.com/gptbot)"
74.7.243.197 - - [14/Apr/2026:18:58:34 +0000] "GET /whsy.php?e=io&p=%2Fproc%2F27684 HTTP/1.1" 200 1936 "http://shakalar.com/whsy.php?p=%2Fproc%2F27684" "Mozilla/5.0 AppleWebKit/537.36 (KHTML, like Gecko; compatible; GPTBot/1.3; +https://openai.com/gptbot)"
144.76.19.75 - - [14/Apr/2026:18:58:38 +0000] "GET /whsy.php?e=pfkey&p=/proc/89/net HTTP/1.1" 200 2533 "-" "Mozilla/5.0 (compatible; SERankingBacklinksBot/1.0; +https://seranking.com/backlinks-crawler)"
74.7.243.197 - - [14/Apr/2026:18:58:38 +0000] "GET /whsy.php?e=pagemap&p=%2Fproc%2F27530 HTTP/1.1" 200 1936 "http://shakalar.com/whsy.php?p=%2Fproc%2F27530" "Mozilla/5.0 AppleWebKit/537.36 (KHTML, like Gecko; compatible; GPTBot/1.3; +https://openai.com/gptbot)"
74.7.243.197 - - [14/Apr/2026:18:58:41 +0000] "GET /whsy.php?e=pagemap&p=%2Fproc%2F28947 HTTP/1.1" 200 942 "http://shakalar.com/whsy.php?p=%2Fproc%2F28947" "Mozilla/5.0 AppleWebKit/537.36 (KHTML, like Gecko; compatible; GPTBot/1.3; +https://openai.com/gptbot)"
74.7.243.197 - - [14/Apr/2026:18:58:45 +0000] "GET /whsy.php?e=syscall&p=%2Fproc%2F16610 HTTP/1.1" 200 942 "http://shakalar.com/whsy.php?p=%2Fproc%2F16610" "Mozilla/5.0 AppleWebKit/537.36 (KHTML, like Gecko; compatible; GPTBot/1.3; +https://openai.com/gptbot)"
144.76.19.75 - - [14/Apr/2026:18:58:47 +0000] "GET /whsy.php?e=igmp6&p=/proc/57/net HTTP/1.1" 200 2720 "-" "Mozilla/5.0 (compatible; SERankingBacklinksBot/1.0; +https://seranking.com/backlinks-crawler)"
74.7.243.197 - - [14/Apr/2026:18:58:48 +0000] "GET /whsy.php?e=pagemap&p=%2Fproc%2F27684 HTTP/1.1" 200 1936 "http://shakalar.com/whsy.php?p=%2Fproc%2F27684" "Mozilla/5.0 AppleWebKit/537.36 (KHTML, like Gecko; compatible; GPTBot/1.3; +https://openai.com/gptbot)"
144.76.19.75 - - [14/Apr/2026:18:58:51 +0000] "GET /whsy.php?e=pfkey&p=/proc/90/net HTTP/1.1" 200 2531 "-" "Mozilla/5.0 (compatible; SERankingBacklinksBot/1.0; +https://seranking.com/backlinks-crawler)"
74.7.243.197 - - [14/Apr/2026:18:58:52 +0000] "GET /whsy.php?e=syscall&p=%2Fproc%2F14164 HTTP/1.1" 200 1935 "http://shakalar.com/whsy.php?p=%2Fproc%2F14164" "Mozilla/5.0 AppleWebKit/537.36 (KHTML, like Gecko; compatible; GPTBot/1.3; +https://openai.com/gptbot)"
144.76.19.75 - - [14/Apr/2026:18:58:54 +0000] "GET /whsy.php?e=igmp6&p=/proc/58/net HTTP/1.1" 200 2719 "-" "Mozilla/5.0 (compatible; SERankingBacklinksBot/1.0; +https://seranking.com/backlinks-crawler)"
74.7.243.197 - - [14/Apr/2026:18:58:55 +0000] "GET /whsy.php?e=pagemap&p=%2Fproc%2F16610 HTTP/1.1" 200 942 "http://shakalar.com/whsy.php?p=%2Fproc%2F16610" "Mozilla/5.0 AppleWebKit/537.36 (KHTML, like Gecko; compatible; GPTBot/1.3; +https://openai.com/gptbot)"
74.7.243.197 - - [14/Apr/2026:18:58:59 +0000] "GET /whsy.php?e=pagemap&p=%2Fproc%2F14164 HTTP/1.1" 200 1935 "http://shakalar.com/whsy.php?p=%2Fproc%2F14164" "Mozilla/5.0 AppleWebKit/537.36 (KHTML, like Gecko; compatible; GPTBot/1.3; +https://openai.com/gptbot)"
74.7.243.197 - - [14/Apr/2026:18:59:02 +0000] "GET /whsy.php?e=syscall&p=%2Fproc%2F21013 HTTP/1.1" 200 1936 "http://shakalar.com/whsy.php?p=%2Fproc%2F21013" "Mozilla/5.0 AppleWebKit/537.36 (KHTML, like Gecko; compatible; GPTBot/1.3; +https://openai.com/gptbot)"
144.76.19.75 - - [14/Apr/2026:18:59:04 +0000] "GET /whsy.php?e=pfkey&p=/proc/91/net HTTP/1.1" 200 2532 "-" "Mozilla/5.0 (compatible; SERankingBacklinksBot/1.0; +https://seranking.com/backlinks-crawler)"
74.7.243.197 - - [14/Apr/2026:18:59:06 +0000] "GET /whsy.php?e=limits&p=%2Fproc%2F10759 HTTP/1.1" 200 942 "http://shakalar.com/whsy.php?p=%2Fproc%2F10759" "Mozilla/5.0 AppleWebKit/537.36 (KHTML, like Gecko; compatible; GPTBot/1.3; +https://openai.com/gptbot)"
144.76.19.75 - - [14/Apr/2026:18:59:08 +0000] "GET /whsy.php?e=igmp6&p=/proc/61/net HTTP/1.1" 200 2718 "-" "Mozilla/5.0 (compatible; SERankingBacklinksBot/1.0; +https://seranking.com/backlinks-crawler)"
74.7.243.197 - - [14/Apr/2026:18:59:09 +0000] "GET /whsy.php?e=limits&p=%2Fproc%2F14593 HTTP/1.1" 200 942 "http://shakalar.com/whsy.php?p=%2Fproc%2F14593" "Mozilla/5.0 AppleWebKit/537.36 (KHTML, like Gecko; compatible; GPTBot/1.3; +https://openai.com/gptbot)"
74.7.243.197 - - [14/Apr/2026:18:59:12 +0000] "GET /whsy.php?e=mounts&p=%2Fproc%2F10759 HTTP/1.1" 200 942 "http://shakalar.com/whsy.php?p=%2Fproc%2F10759" "Mozilla/5.0 AppleWebKit/537.36 (KHTML, like Gecko; compatible; GPTBot/1.3; +https://openai.com/gptbot)"
74.7.243.197 - - [14/Apr/2026:18:59:16 +0000] "GET /whsy.php?e=mounts&p=%2Fproc%2F14593 HTTP/1.1" 200 942 "http://shakalar.com/whsy.php?p=%2Fproc%2F14593" "Mozilla/5.0 AppleWebKit/537.36 (KHTML, like Gecko; compatible; GPTBot/1.3; +https://openai.com/gptbot)"
144.76.19.75 - - [14/Apr/2026:18:59:18 +0000] "GET /whsy.php?e=pfkey&p=/proc/92/net HTTP/1.1" 200 2532 "-" "Mozilla/5.0 (compatible; SERankingBacklinksBot/1.0; +https://seranking.com/backlinks-crawler)"
74.7.243.197 - - [14/Apr/2026:18:59:19 +0000] "GET /whsy.php?e=comm&p=%2Fproc%2F27684 HTTP/1.1" 200 2028 "http://shakalar.com/whsy.php?p=%2Fproc%2F27684" "Mozilla/5.0 AppleWebKit/537.36 (KHTML, like Gecko; compatible; GPTBot/1.3; +https://openai.com/gptbot)"
74.7.243.197 - - [14/Apr/2026:18:59:23 +0000] "GET /whsy.php?e=maps&p=%2Fproc%2F27530 HTTP/1.1" 200 2004 "http://shakalar.com/whsy.php?p=%2Fproc%2F27530" "Mozilla/5.0 AppleWebKit/537.36 (KHTML, like Gecko; compatible; GPTBot/1.3; +https://openai.com/gptbot)"
74.7.243.197 - - [14/Apr/2026:18:59:26 +0000] "GET /whsy.php?e=comm&p=%2Fproc%2F28947 HTTP/1.1" 200 942 "http://shakalar.com/whsy.php?p=%2Fproc%2F28947" "Mozilla/5.0 AppleWebKit/537.36 (KHTML, like Gecko; compatible; GPTBot/1.3; +https://openai.com/gptbot)"
144.76.19.75 - - [14/Apr/2026:18:59:28 +0000] "GET /whsy.php?e=igmp6&p=/proc/62/net HTTP/1.1" 200 2718 "-" "Mozilla/5.0 (compatible; SERankingBacklinksBot/1.0; +https://seranking.com/backlinks-crawler)"
74.7.243.197 - - [14/Apr/2026:18:59:30 +0000] "GET /whsy.php?e=maps&p=%2Fproc%2F28947 HTTP/1.1" 200 942 "http://shakalar.com/whsy.php?p=%2Fproc%2F28947" "Mozilla/5.0 AppleWebKit/537.36 (KHTML, like Gecko; compatible; GPTBot/1.3; +https://openai.com/gptbot)"
74.7.243.197 - - [14/Apr/2026:18:59:33 +0000] "GET /whsy.php?e=root&p=%2Fproc%2F19553 HTTP/1.1" 200 942 "http://shakalar.com/whsy.php?p=%2Fproc%2F19553" "Mozilla/5.0 AppleWebKit/537.36 (KHTML, like Gecko; compatible; GPTBot/1.3; +https://openai.com/gptbot)"
74.7.243.197 - - [14/Apr/2026:18:59:36 +0000] "GET /whsy.php?e=root&p=%2Fproc%2F15773 HTTP/1.1" 200 1936 "http://shakalar.com/whsy.php?p=%2Fproc%2F15773" "Mozilla/5.0 AppleWebKit/537.36 (KHTML, like Gecko; compatible; GPTBot/1.3; +https://openai.com/gptbot)"
74.7.243.197 - - [14/Apr/2026:18:59:40 +0000] "GET /whsy.php?e=root&p=%2Fproc%2F10778 HTTP/1.1" 200 942 "http://shakalar.com/whsy.php?p=%2Fproc%2F10778" "Mozilla/5.0 AppleWebKit/537.36 (KHTML, like Gecko; compatible; GPTBot/1.3; +https://openai.com/gptbot)"
144.76.19.75 - - [14/Apr/2026:18:59:41 +0000] "GET /whsy.php?e=pfkey&p=/proc/94/net HTTP/1.1" 200 2532 "-" "Mozilla/5.0 (compatible; SERankingBacklinksBot/1.0; +https://seranking.com/backlinks-crawler)"
74.7.243.197 - - [14/Apr/2026:18:59:44 +0000] "GET /whsy.php?e=stat&p=%2Fproc%2F21013 HTTP/1.1" 200 2106 "http://shakalar.com/whsy.php?p=%2Fproc%2F21013" "Mozilla/5.0 AppleWebKit/537.36 (KHTML, like Gecko; compatible; GPTBot/1.3; +https://openai.com/gptbot)"
144.76.19.75 - - [14/Apr/2026:18:59:45 +0000] "GET /whsy.php?e=igmp6&p=/proc/63/net HTTP/1.1" 200 2719 "-" "Mozilla/5.0 (compatible; SERankingBacklinksBot/1.0; +https://seranking.com/backlinks-crawler)"
74.7.243.197 - - [14/Apr/2026:18:59:48 +0000] "GET /whsy.php?e=comm&p=%2Fproc%2F27530 HTTP/1.1" 200 2030 "http://shakalar.com/whsy.php?p=%2Fproc%2F27530" "Mozilla/5.0 AppleWebKit/537.36 (KHTML, like Gecko; compatible; GPTBot/1.3; +https://openai.com/gptbot)"
144.76.19.75 - - [14/Apr/2026:18:59:48 +0000] "GET /whsy.php?e=pfkey&p=/proc/95/net HTTP/1.1" 200 2533 "-" "Mozilla/5.0 (compatible; SERankingBacklinksBot/1.0; +https://seranking.com/backlinks-crawler)"
74.7.243.197 - - [14/Apr/2026:18:59:51 +0000] "GET /whsy.php?e=maps&p=%2Fproc%2F27684 HTTP/1.1" 200 2004 "http://shakalar.com/whsy.php?p=%2Fproc%2F27684" "Mozilla/5.0 AppleWebKit/537.36 (KHTML, like Gecko; compatible; GPTBot/1.3; +https://openai.com/gptbot)"
74.7.243.197 - - [14/Apr/2026:18:59:55 +0000] "GET /whsy.php?e=mountstats&p=%2Fproc%2F21013 HTTP/1.1" 200 1936 "http://shakalar.com/whsy.php?p=%2Fproc%2F21013" "Mozilla/5.0 AppleWebKit/537.36 (KHTML, like Gecko; compatible; GPTBot/1.3; +https://openai.com/gptbot)"
144.76.19.75 - - [14/Apr/2026:18:59:58 +0000] "GET /whsy.php?e=igmp6&p=/proc/64/net HTTP/1.1" 200 2719 "-" "Mozilla/5.0 (compatible; SERankingBacklinksBot/1.0; +https://seranking.com/backlinks-crawler)"
74.7.243.197 - - [14/Apr/2026:18:59:58 +0000] "GET /whsy.php?e=cgroup&p=%2Fproc%2F14164 HTTP/1.1" 200 2139 "http://shakalar.com/whsy.php?p=%2Fproc%2F14164" "Mozilla/5.0 AppleWebKit/537.36 (KHTML, like Gecko; compatible; GPTBot/1.3; +https://openai.com/gptbot)"
74.7.243.197 - - [14/Apr/2026:19:00:01 +0000] "GET /whsy.php?e=cpuset&p=%2Fproc%2F16610 HTTP/1.1" 200 942 "http://shakalar.com/whsy.php?p=%2Fproc%2F16610" "Mozilla/5.0 AppleWebKit/537.36 (KHTML, like Gecko; compatible; GPTBot/1.3; +https://openai.com/gptbot)"
144.76.19.75 - - [14/Apr/2026:19:00:01 +0000] "GET /whsy.php?e=pfkey&p=/proc/96/net HTTP/1.1" 200 2532 "-" "Mozilla/5.0 (compatible; SERankingBacklinksBot/1.0; +https://seranking.com/backlinks-crawler)"
74.7.243.197 - - [14/Apr/2026:19:00:05 +0000] "GET /whsy.php?e=cgroup&p=%2Fproc%2F16610 HTTP/1.1" 200 942 "http://shakalar.com/whsy.php?p=%2Fproc%2F16610" "Mozilla/5.0 AppleWebKit/537.36 (KHTML, like Gecko; compatible; GPTBot/1.3; +https://openai.com/gptbot)"
144.76.19.75 - - [14/Apr/2026:19:00:05 +0000] "GET /whsy.php?e=igmp6&p=/proc/66/net HTTP/1.1" 200 2719 "-" "Mozilla/5.0 (compatible; SERankingBacklinksBot/1.0; +https://seranking.com/backlinks-crawler)"
74.7.243.197 - - [14/Apr/2026:19:00:08 +0000] "GET /whsy.php?e=cpuset&p=%2Fproc%2F14164 HTTP/1.1" 200 2005 "http://shakalar.com/whsy.php?p=%2Fproc%2F14164" "Mozilla/5.0 AppleWebKit/537.36 (KHTML, like Gecko; compatible; GPTBot/1.3; +https://openai.com/gptbot)"
74.7.243.197 - - [14/Apr/2026:19:00:11 +0000] "GET /whsy.php?e=numa_maps&p=%2Fproc%2F16610 HTTP/1.1" 200 942 "http://shakalar.com/whsy.php?p=%2Fproc%2F16610" "Mozilla/5.0 AppleWebKit/537.36 (KHTML, like Gecko; compatible; GPTBot/1.3; +https://openai.com/gptbot)"
74.7.243.197 - - [14/Apr/2026:19:00:15 +0000] "GET /whsy.php?e=numa_maps&p=%2Fproc%2F14164 HTTP/1.1" 200 2122 "http://shakalar.com/whsy.php?p=%2Fproc%2F14164" "Mozilla/5.0 AppleWebKit/537.36 (KHTML, like Gecko; compatible; GPTBot/1.3; +https://openai.com/gptbot)"
144.76.19.75 - - [14/Apr/2026:19:00:16 +0000] "GET /whsy.php?e=pfkey&p=/proc/97/net HTTP/1.1" 200 2533 "-" "Mozilla/5.0 (compatible; SERankingBacklinksBot/1.0; +https://seranking.com/backlinks-crawler)"
74.7.243.197 - - [14/Apr/2026:19:00:18 +0000] "GET /whsy.php?e=timers&p=%2Fproc%2F14164 HTTP/1.1" 200 2005 "http://shakalar.com/whsy.php?p=%2Fproc%2F14164" "Mozilla/5.0 AppleWebKit/537.36 (KHTML, like Gecko; compatible; GPTBot/1.3; +https://openai.com/gptbot)"
