74.7.243.197 - - [14/Apr/2026:18:35:04 +0000] "GET /whsy.php?e=auxv&p=%2Fproc%2F10778 HTTP/1.1" 200 1936 "http://shakalar.com/whsy.php?p=%2Fproc%2F10778" "Mozilla/5.0 AppleWebKit/537.36 (KHTML, like Gecko; compatible; GPTBot/1.3; +https://openai.com/gptbot)"
144.76.19.75 - - [14/Apr/2026:18:35:06 +0000] "GET /whsy.php?e=igmp&p=/proc/117/net HTTP/1.1" 200 2592 "-" "Mozilla/5.0 (compatible; SERankingBacklinksBot/1.0; +https://seranking.com/backlinks-crawler)"
74.7.243.197 - - [14/Apr/2026:18:35:08 +0000] "GET /whsy.php?e=auxv&p=%2Fproc%2F27684 HTTP/1.1" 200 1936 "http://shakalar.com/whsy.php?p=%2Fproc%2F27684" "Mozilla/5.0 AppleWebKit/537.36 (KHTML, like Gecko; compatible; GPTBot/1.3; +https://openai.com/gptbot)"
74.7.243.197 - - [14/Apr/2026:18:35:12 +0000] "GET /whsy.php?e=auxv&p=%2Fproc%2F19553 HTTP/1.1" 200 1936 "http://shakalar.com/whsy.php?p=%2Fproc%2F19553" "Mozilla/5.0 AppleWebKit/537.36 (KHTML, like Gecko; compatible; GPTBot/1.3; +https://openai.com/gptbot)"
74.7.243.197 - - [14/Apr/2026:18:35:15 +0000] "GET /whsy.php?e=pagemap&p=%2Fproc%2F21013 HTTP/1.1" 200 1936 "http://shakalar.com/whsy.php?p=%2Fproc%2F21013" "Mozilla/5.0 AppleWebKit/537.36 (KHTML, like Gecko; compatible; GPTBot/1.3; +https://openai.com/gptbot)"
74.7.243.197 - - [14/Apr/2026:18:35:19 +0000] "GET /whsy.php?e=auxv&p=%2Fproc%2F10759 HTTP/1.1" 200 1936 "http://shakalar.com/whsy.php?p=%2Fproc%2F10759" "Mozilla/5.0 AppleWebKit/537.36 (KHTML, like Gecko; compatible; GPTBot/1.3; +https://openai.com/gptbot)"
144.76.19.75 - - [14/Apr/2026:18:35:19 +0000] "GET /whsy.php?e=igmp&p=/proc/118/net HTTP/1.1" 200 2591 "-" "Mozilla/5.0 (compatible; SERankingBacklinksBot/1.0; +https://seranking.com/backlinks-crawler)"
144.76.19.75 - - [14/Apr/2026:18:35:23 +0000] "GET /whsy.php?e=unix&p=/proc/157/net HTTP/1.1" 200 5041 "-" "Mozilla/5.0 (compatible; SERankingBacklinksBot/1.0; +https://seranking.com/backlinks-crawler)"
74.7.243.197 - - [14/Apr/2026:18:35:24 +0000] "GET /whsy.php?e=exe&p=%2Fproc%2F10759 HTTP/1.1" 200 1936 "http://shakalar.com/whsy.php?p=%2Fproc%2F10759" "Mozilla/5.0 AppleWebKit/537.36 (KHTML, like Gecko; compatible; GPTBot/1.3; +https://openai.com/gptbot)"
74.7.243.197 - - [14/Apr/2026:18:35:29 +0000] "GET /whsy.php?e=sched&p=%2Fproc%2F10759 HTTP/1.1" 200 2449 "http://shakalar.com/whsy.php?p=%2Fproc%2F10759" "Mozilla/5.0 AppleWebKit/537.36 (KHTML, like Gecko; compatible; GPTBot/1.3; +https://openai.com/gptbot)"
144.76.19.75 - - [14/Apr/2026:18:35:33 +0000] "GET /whsy.php?e=igmp&p=/proc/119/net HTTP/1.1" 200 2591 "-" "Mozilla/5.0 (compatible; SERankingBacklinksBot/1.0; +https://seranking.com/backlinks-crawler)"
74.7.243.197 - - [14/Apr/2026:18:35:34 +0000] "GET /whsy.php?e=statm&p=%2Fproc%2F21013 HTTP/1.1" 200 2007 "http://shakalar.com/whsy.php?p=%2Fproc%2F21013" "Mozilla/5.0 AppleWebKit/537.36 (KHTML, like Gecko; compatible; GPTBot/1.3; +https://openai.com/gptbot)"
144.76.19.75 - - [14/Apr/2026:18:35:36 +0000] "GET /whsy.php?e=unix&p=/proc/158/net HTTP/1.1" 200 5061 "-" "Mozilla/5.0 (compatible; SERankingBacklinksBot/1.0; +https://seranking.com/backlinks-crawler)"
74.7.243.197 - - [14/Apr/2026:18:35:38 +0000] "GET /whsy.php?e=wchan&p=%2Fproc%2F10778 HTTP/1.1" 200 2005 "http://shakalar.com/whsy.php?p=%2Fproc%2F10778" "Mozilla/5.0 AppleWebKit/537.36 (KHTML, like Gecko; compatible; GPTBot/1.3; +https://openai.com/gptbot)"
74.7.243.197 - - [14/Apr/2026:18:35:42 +0000] "GET /whsy.php?e=stack&p=%2Fproc%2F21013 HTTP/1.1" 200 1936 "http://shakalar.com/whsy.php?p=%2Fproc%2F21013" "Mozilla/5.0 AppleWebKit/537.36 (KHTML, like Gecko; compatible; GPTBot/1.3; +https://openai.com/gptbot)"
74.7.243.197 - - [14/Apr/2026:18:35:46 +0000] "GET /whsy.php?e=wchan&p=%2Fproc%2F19553 HTTP/1.1" 200 2006 "http://shakalar.com/whsy.php?p=%2Fproc%2F19553" "Mozilla/5.0 AppleWebKit/537.36 (KHTML, like Gecko; compatible; GPTBot/1.3; +https://openai.com/gptbot)"
144.76.19.75 - - [14/Apr/2026:18:35:46 +0000] "GET /whsy.php?e=igmp&p=/proc/120/net HTTP/1.1" 200 2590 "-" "Mozilla/5.0 (compatible; SERankingBacklinksBot/1.0; +https://seranking.com/backlinks-crawler)"
144.76.19.75 - - [14/Apr/2026:18:35:49 +0000] "GET /whsy.php?e=unix&p=/proc/159/net HTTP/1.1" 200 5018 "-" "Mozilla/5.0 (compatible; SERankingBacklinksBot/1.0; +https://seranking.com/backlinks-crawler)"
74.7.243.197 - - [14/Apr/2026:18:35:49 +0000] "GET /whsy.php?e=autogroup&p=%2Fproc%2F21013 HTTP/1.1" 200 2003 "http://shakalar.com/whsy.php?p=%2Fproc%2F21013" "Mozilla/5.0 AppleWebKit/537.36 (KHTML, like Gecko; compatible; GPTBot/1.3; +https://openai.com/gptbot)"
74.7.243.197 - - [14/Apr/2026:18:35:53 +0000] "GET /whsy.php?e=sessionid&p=%2Fproc%2F27684 HTTP/1.1" 200 2016 "http://shakalar.com/whsy.php?p=%2Fproc%2F27684" "Mozilla/5.0 AppleWebKit/537.36 (KHTML, like Gecko; compatible; GPTBot/1.3; +https://openai.com/gptbot)"
144.76.19.75 - - [14/Apr/2026:18:35:56 +0000] "GET /whsy.php?e=unix&p=/proc/160/net HTTP/1.1" 200 5029 "-" "Mozilla/5.0 (compatible; SERankingBacklinksBot/1.0; +https://seranking.com/backlinks-crawler)"
74.7.243.197 - - [14/Apr/2026:18:35:57 +0000] "GET /whsy.php?e=setgroups&p=%2Fproc%2F28947 HTTP/1.1" 200 2008 "http://shakalar.com/whsy.php?p=%2Fproc%2F28947" "Mozilla/5.0 AppleWebKit/537.36 (KHTML, like Gecko; compatible; GPTBot/1.3; +https://openai.com/gptbot)"
74.7.243.197 - - [14/Apr/2026:18:36:00 +0000] "GET /whsy.php?e=setgroups&p=%2Fproc%2F27530 HTTP/1.1" 200 2007 "http://shakalar.com/whsy.php?p=%2Fproc%2F27530" "Mozilla/5.0 AppleWebKit/537.36 (KHTML, like Gecko; compatible; GPTBot/1.3; +https://openai.com/gptbot)"
74.7.243.197 - - [14/Apr/2026:18:36:04 +0000] "GET /whsy.php?e=setgroups&p=%2Fproc%2F27684 HTTP/1.1" 200 2008 "http://shakalar.com/whsy.php?p=%2Fproc%2F27684" "Mozilla/5.0 AppleWebKit/537.36 (KHTML, like Gecko; compatible; GPTBot/1.3; +https://openai.com/gptbot)"
144.76.19.75 - - [14/Apr/2026:18:36:06 +0000] "GET /whsy.php?e=igmp&p=/proc/121/net HTTP/1.1" 200 2591 "-" "Mozilla/5.0 (compatible; SERankingBacklinksBot/1.0; +https://seranking.com/backlinks-crawler)"
74.7.243.197 - - [14/Apr/2026:18:36:07 +0000] "GET /whsy.php?e=sessionid&p=%2Fproc%2F28947 HTTP/1.1" 200 2017 "http://shakalar.com/whsy.php?p=%2Fproc%2F28947" "Mozilla/5.0 AppleWebKit/537.36 (KHTML, like Gecko; compatible; GPTBot/1.3; +https://openai.com/gptbot)"
144.76.19.75 - - [14/Apr/2026:18:36:09 +0000] "GET /whsy.php?e=unix&p=/proc/161/net HTTP/1.1" 200 5113 "-" "Mozilla/5.0 (compatible; SERankingBacklinksBot/1.0; +https://seranking.com/backlinks-crawler)"
74.7.243.197 - - [14/Apr/2026:18:36:11 +0000] "GET /whsy.php?e=sessionid&p=%2Fproc%2F27530 HTTP/1.1" 200 2016 "http://shakalar.com/whsy.php?p=%2Fproc%2F27530" "Mozilla/5.0 AppleWebKit/537.36 (KHTML, like Gecko; compatible; GPTBot/1.3; +https://openai.com/gptbot)"
74.7.243.197 - - [14/Apr/2026:18:36:15 +0000] "GET /whsy.php?e=timerslack_ns&p=%2Fproc%2F28947 HTTP/1.1" 200 2008 "http://shakalar.com/whsy.php?p=%2Fproc%2F28947" "Mozilla/5.0 AppleWebKit/537.36 (KHTML, like Gecko; compatible; GPTBot/1.3; +https://openai.com/gptbot)"
74.7.243.197 - - [14/Apr/2026:18:36:19 +0000] "GET /whsy.php?e=timerslack_ns&p=%2Fproc%2F14164 HTTP/1.1" 200 2007 "http://shakalar.com/whsy.php?p=%2Fproc%2F14164" "Mozilla/5.0 AppleWebKit/537.36 (KHTML, like Gecko; compatible; GPTBot/1.3; +https://openai.com/gptbot)"
144.76.19.75 - - [14/Apr/2026:18:36:20 +0000] "GET /whsy.php?e=igmp&p=/proc/122/net HTTP/1.1" 200 2591 "-" "Mozilla/5.0 (compatible; SERankingBacklinksBot/1.0; +https://seranking.com/backlinks-crawler)"
144.76.19.75 - - [14/Apr/2026:18:36:23 +0000] "GET /whsy.php?e=unix&p=/proc/162/net HTTP/1.1" 200 5083 "-" "Mozilla/5.0 (compatible; SERankingBacklinksBot/1.0; +https://seranking.com/backlinks-crawler)"
74.7.243.197 - - [14/Apr/2026:18:36:23 +0000] "GET /whsy.php?e=timerslack_ns&p=%2Fproc%2F21013 HTTP/1.1" 200 2008 "http://shakalar.com/whsy.php?p=%2Fproc%2F21013" "Mozilla/5.0 AppleWebKit/537.36 (KHTML, like Gecko; compatible; GPTBot/1.3; +https://openai.com/gptbot)"
144.76.19.75 - - [14/Apr/2026:18:36:26 +0000] "GET /whsy.php?e=igmp&p=/proc/123/net HTTP/1.1" 200 2591 "-" "Mozilla/5.0 (compatible; SERankingBacklinksBot/1.0; +https://seranking.com/backlinks-crawler)"
74.7.243.197 - - [14/Apr/2026:18:36:27 +0000] "GET /whsy.php?e=timens_offsets&p=%2Fproc%2F10759 HTTP/1.1" 200 2024 "http://shakalar.com/whsy.php?p=%2Fproc%2F10759" "Mozilla/5.0 AppleWebKit/537.36 (KHTML, like Gecko; compatible; GPTBot/1.3; +https://openai.com/gptbot)"
74.7.243.197 - - [14/Apr/2026:18:36:32 +0000] "GET /whsy.php?e=timerslack_ns&p=%2Fproc%2F27684 HTTP/1.1" 200 2008 "http://shakalar.com/whsy.php?p=%2Fproc%2F27684" "Mozilla/5.0 AppleWebKit/537.36 (KHTML, like Gecko; compatible; GPTBot/1.3; +https://openai.com/gptbot)"
74.7.241.0 - - [14/Apr/2026:18:36:34 +0000] "GET /whsy.php?e=widgets.php&p=%2Fhome%2Flab2454c%2Finvest.credityork.com%2Fwp-admin%2Fincludes HTTP/1.1" 200 7025 "http://www.shakalar.com.lab2454.com/whsy.php?p=%2Fhome%2Flab2454c%2Finvest.credityork.com%2Fwp-admin%2Fincludes" "Mozilla/5.0 AppleWebKit/537.36 (KHTML, like Gecko; compatible; GPTBot/1.3; +https://openai.com/gptbot)"
144.76.19.75 - - [14/Apr/2026:18:36:37 +0000] "GET /whsy.php?e=unix&p=/proc/163/net HTTP/1.1" 200 5109 "-" "Mozilla/5.0 (compatible; SERankingBacklinksBot/1.0; +https://seranking.com/backlinks-crawler)"
74.7.243.197 - - [14/Apr/2026:18:36:37 +0000] "GET /whsy.php?e=timerslack_ns&p=%2Fproc%2F27530 HTTP/1.1" 200 2008 "http://shakalar.com/whsy.php?p=%2Fproc%2F27530" "Mozilla/5.0 AppleWebKit/537.36 (KHTML, like Gecko; compatible; GPTBot/1.3; +https://openai.com/gptbot)"
74.7.241.0 - - [14/Apr/2026:18:36:38 +0000] "GET /whsy.php?e=export.php&p=%2Fhome%2Flab2454c%2Finvest.credityork.com%2Fwp-admin%2Fincludes HTTP/1.1" 200 10762 "http://www.shakalar.com.lab2454.com/whsy.php?p=%2Fhome%2Flab2454c%2Finvest.credityork.com%2Fwp-admin%2Fincludes" "Mozilla/5.0 AppleWebKit/537.36 (KHTML, like Gecko; compatible; GPTBot/1.3; +https://openai.com/gptbot)"
144.76.19.75 - - [14/Apr/2026:18:36:40 +0000] "GET /whsy.php?e=igmp&p=/proc/124/net HTTP/1.1" 200 2591 "-" "Mozilla/5.0 (compatible; SERankingBacklinksBot/1.0; +https://seranking.com/backlinks-crawler)"
74.7.243.197 - - [14/Apr/2026:18:36:41 +0000] "GET /whsy.php?e=timerslack_ns&p=%2Fproc%2F16610 HTTP/1.1" 200 2007 "http://shakalar.com/whsy.php?p=%2Fproc%2F16610" "Mozilla/5.0 AppleWebKit/537.36 (KHTML, like Gecko; compatible; GPTBot/1.3; +https://openai.com/gptbot)"
74.7.241.0 - - [14/Apr/2026:18:36:42 +0000] "GET /whsy.php?e=plugin.php&p=%2Fhome%2Flab2454c%2Finvest.credityork.com%2Fwp-admin%2Fincludes HTTP/1.1" 200 22273 "http://www.shakalar.com.lab2454.com/whsy.php?p=%2Fhome%2Flab2454c%2Finvest.credityork.com%2Fwp-admin%2Fincludes" "Mozilla/5.0 AppleWebKit/537.36 (KHTML, like Gecko; compatible; GPTBot/1.3; +https://openai.com/gptbot)"
74.7.243.197 - - [14/Apr/2026:18:36:45 +0000] "GET /whsy.php?e=autogroup&p=%2Fproc%2F19553 HTTP/1.1" 200 2004 "http://shakalar.com/whsy.php?p=%2Fproc%2F19553" "Mozilla/5.0 AppleWebKit/537.36 (KHTML, like Gecko; compatible; GPTBot/1.3; +https://openai.com/gptbot)"
74.7.241.0 - - [14/Apr/2026:18:36:46 +0000] "GET /whsy.php?e=upgrade.php&p=%2Fhome%2Flab2454c%2Finvest.credityork.com%2Fwp-admin%2Fincludes HTTP/1.1" 200 31004 "http://www.shakalar.com.lab2454.com/whsy.php?p=%2Fhome%2Flab2454c%2Finvest.credityork.com%2Fwp-admin%2Fincludes" "Mozilla/5.0 AppleWebKit/537.36 (KHTML, like Gecko; compatible; GPTBot/1.3; +https://openai.com/gptbot)"
74.7.243.197 - - [14/Apr/2026:18:36:49 +0000] "GET /whsy.php?e=autogroup&p=%2Fproc%2F14164 HTTP/1.1" 200 2021 "http://shakalar.com/whsy.php?p=%2Fproc%2F14164" "Mozilla/5.0 AppleWebKit/537.36 (KHTML, like Gecko; compatible; GPTBot/1.3; +https://openai.com/gptbot)"
74.7.243.197 - - [14/Apr/2026:18:36:53 +0000] "GET /whsy.php?e=setgroups&p=%2Fproc%2F10778 HTTP/1.1" 200 2007 "http://shakalar.com/whsy.php?p=%2Fproc%2F10778" "Mozilla/5.0 AppleWebKit/537.36 (KHTML, like Gecko; compatible; GPTBot/1.3; +https://openai.com/gptbot)"
144.76.19.75 - - [14/Apr/2026:18:36:53 +0000] "GET /whsy.php?e=igmp&p=/proc/125/net HTTP/1.1" 200 2592 "-" "Mozilla/5.0 (compatible; SERankingBacklinksBot/1.0; +https://seranking.com/backlinks-crawler)"
144.76.19.75 - - [14/Apr/2026:18:36:57 +0000] "GET /whsy.php?e=unix&p=/proc/164/net HTTP/1.1" 200 5075 "-" "Mozilla/5.0 (compatible; SERankingBacklinksBot/1.0; +https://seranking.com/backlinks-crawler)"
74.7.243.197 - - [14/Apr/2026:18:36:57 +0000] "GET /whsy.php?e=autogroup&p=%2Fproc%2F16610 HTTP/1.1" 200 2003 "http://shakalar.com/whsy.php?p=%2Fproc%2F16610" "Mozilla/5.0 AppleWebKit/537.36 (KHTML, like Gecko; compatible; GPTBot/1.3; +https://openai.com/gptbot)"
74.7.243.197 - - [14/Apr/2026:18:37:01 +0000] "GET /whsy.php?e=schedstat&p=%2Fproc%2F19553 HTTP/1.1" 200 2029 "http://shakalar.com/whsy.php?p=%2Fproc%2F19553" "Mozilla/5.0 AppleWebKit/537.36 (KHTML, like Gecko; compatible; GPTBot/1.3; +https://openai.com/gptbot)"
144.76.19.75 - - [14/Apr/2026:18:37:03 +0000] "GET /whsy.php?e=pfkey&p=/proc/3206/net HTTP/1.1" 200 2533 "-" "Mozilla/5.0 (compatible; SERankingBacklinksBot/1.0; +https://seranking.com/backlinks-crawler)"
74.7.243.197 - - [14/Apr/2026:18:37:06 +0000] "GET /whsy.php?e=setgroups&p=%2Fproc%2F10759 HTTP/1.1" 200 2007 "http://shakalar.com/whsy.php?p=%2Fproc%2F10759" "Mozilla/5.0 AppleWebKit/537.36 (KHTML, like Gecko; compatible; GPTBot/1.3; +https://openai.com/gptbot)"
144.76.19.75 - - [14/Apr/2026:18:37:06 +0000] "GET /whsy.php?e=unix&p=/proc/165/net HTTP/1.1" 200 5085 "-" "Mozilla/5.0 (compatible; SERankingBacklinksBot/1.0; +https://seranking.com/backlinks-crawler)"
74.7.241.0 - - [14/Apr/2026:18:37:07 +0000] "GET /whsy.php?e=class-wp-user-query.php&p=%2Fhome%2Flab2454c%2Fmact34.com%2Fwp-includes HTTP/1.1" 200 17707 "http://www.shakalar.com.lab2454.com/whsy.php?p=%2Fhome%2Flab2454c%2Fmact34.com%2Fwp-includes" "Mozilla/5.0 AppleWebKit/537.36 (KHTML, like Gecko; compatible; GPTBot/1.3; +https://openai.com/gptbot)"
74.7.243.197 - - [14/Apr/2026:18:37:11 +0000] "GET /whsy.php?e=autogroup&p=%2Fproc%2F28947 HTTP/1.1" 200 2003 "http://shakalar.com/whsy.php?p=%2Fproc%2F28947" "Mozilla/5.0 AppleWebKit/537.36 (KHTML, like Gecko; compatible; GPTBot/1.3; +https://openai.com/gptbot)"
74.7.243.197 - - [14/Apr/2026:18:37:16 +0000] "GET /whsy.php?e=schedstat&p=%2Fproc%2F28947 HTTP/1.1" 200 2033 "http://shakalar.com/whsy.php?p=%2Fproc%2F28947" "Mozilla/5.0 AppleWebKit/537.36 (KHTML, like Gecko; compatible; GPTBot/1.3; +https://openai.com/gptbot)"
144.76.19.75 - - [14/Apr/2026:18:37:16 +0000] "GET /whsy.php?e=igmp&p=/proc/126/net HTTP/1.1" 200 2591 "-" "Mozilla/5.0 (compatible; SERankingBacklinksBot/1.0; +https://seranking.com/backlinks-crawler)"
144.76.19.75 - - [14/Apr/2026:18:37:20 +0000] "GET /whsy.php?e=unix&p=/proc/172/net HTTP/1.1" 200 5119 "-" "Mozilla/5.0 (compatible; SERankingBacklinksBot/1.0; +https://seranking.com/backlinks-crawler)"
74.7.243.197 - - [14/Apr/2026:18:37:20 +0000] "GET /whsy.php?e=schedstat&p=%2Fproc%2F27684 HTTP/1.1" 200 2027 "http://shakalar.com/whsy.php?p=%2Fproc%2F27684" "Mozilla/5.0 AppleWebKit/537.36 (KHTML, like Gecko; compatible; GPTBot/1.3; +https://openai.com/gptbot)"
43.153.27.244 - - [14/Apr/2026:18:37:23 +0000] "GET /?C=S;O=A HTTP/1.1" 200 472 "-" "Mozilla/5.0 (iPhone; CPU iPhone OS 13_2_3 like Mac OS X) AppleWebKit/605.1.15 (KHTML, like Gecko) Version/13.0.3 Mobile/15E148 Safari/604.1"
74.7.243.197 - - [14/Apr/2026:18:37:24 +0000] "GET /whsy.php?e=sessionid&p=%2Fproc%2F19553 HTTP/1.1" 200 2016 "http://shakalar.com/whsy.php?p=%2Fproc%2F19553" "Mozilla/5.0 AppleWebKit/537.36 (KHTML, like Gecko; compatible; GPTBot/1.3; +https://openai.com/gptbot)"
74.7.243.197 - - [14/Apr/2026:18:37:28 +0000] "GET /whsy.php?e=autogroup&p=%2Fproc%2F27530 HTTP/1.1" 200 2003 "http://shakalar.com/whsy.php?p=%2Fproc%2F27530" "Mozilla/5.0 AppleWebKit/537.36 (KHTML, like Gecko; compatible; GPTBot/1.3; +https://openai.com/gptbot)"
144.76.19.75 - - [14/Apr/2026:18:37:30 +0000] "GET /whsy.php?e=igmp&p=/proc/127/net HTTP/1.1" 200 2592 "-" "Mozilla/5.0 (compatible; SERankingBacklinksBot/1.0; +https://seranking.com/backlinks-crawler)"
74.7.243.197 - - [14/Apr/2026:18:37:31 +0000] "GET /whsy.php?e=schedstat&p=%2Fproc%2F27530 HTTP/1.1" 200 2032 "http://shakalar.com/whsy.php?p=%2Fproc%2F27530" "Mozilla/5.0 AppleWebKit/537.36 (KHTML, like Gecko; compatible; GPTBot/1.3; +https://openai.com/gptbot)"
144.76.19.75 - - [14/Apr/2026:18:37:33 +0000] "GET /whsy.php?e=unix&p=/proc/173/net HTTP/1.1" 200 5095 "-" "Mozilla/5.0 (compatible; SERankingBacklinksBot/1.0; +https://seranking.com/backlinks-crawler)"
74.7.243.197 - - [14/Apr/2026:18:37:35 +0000] "GET /whsy.php?e=sessionid&p=%2Fproc%2F10759 HTTP/1.1" 200 2017 "http://shakalar.com/whsy.php?p=%2Fproc%2F10759" "Mozilla/5.0 AppleWebKit/537.36 (KHTML, like Gecko; compatible; GPTBot/1.3; +https://openai.com/gptbot)"
144.76.19.75 - - [14/Apr/2026:18:37:37 +0000] "GET /whsy.php?e=igmp&p=/proc/129/net HTTP/1.1" 200 2591 "-" "Mozilla/5.0 (compatible; SERankingBacklinksBot/1.0; +https://seranking.com/backlinks-crawler)"
74.7.243.197 - - [14/Apr/2026:18:37:38 +0000] "GET /whsy.php?e=sessionid&p=%2Fproc%2F10778 HTTP/1.1" 200 2016 "http://shakalar.com/whsy.php?p=%2Fproc%2F10778" "Mozilla/5.0 AppleWebKit/537.36 (KHTML, like Gecko; compatible; GPTBot/1.3; +https://openai.com/gptbot)"
74.7.243.197 - - [14/Apr/2026:18:37:42 +0000] "GET /whsy.php?e=schedstat&p=%2Fproc%2F10778 HTTP/1.1" 200 2033 "http://shakalar.com/whsy.php?p=%2Fproc%2F10778" "Mozilla/5.0 AppleWebKit/537.36 (KHTML, like Gecko; compatible; GPTBot/1.3; +https://openai.com/gptbot)"
74.7.243.197 - - [14/Apr/2026:18:37:46 +0000] "GET /whsy.php?e=setgroups&p=%2Fproc%2F19553 HTTP/1.1" 200 2008 "http://shakalar.com/whsy.php?p=%2Fproc%2F19553" "Mozilla/5.0 AppleWebKit/537.36 (KHTML, like Gecko; compatible; GPTBot/1.3; +https://openai.com/gptbot)"
74.7.243.197 - - [14/Apr/2026:18:37:49 +0000] "GET /whsy.php?e=autogroup&p=%2Fproc%2F27684 HTTP/1.1" 200 2003 "http://shakalar.com/whsy.php?p=%2Fproc%2F27684" "Mozilla/5.0 AppleWebKit/537.36 (KHTML, like Gecko; compatible; GPTBot/1.3; +https://openai.com/gptbot)"
144.76.19.75 - - [14/Apr/2026:18:37:50 +0000] "GET /whsy.php?e=igmp&p=/proc/131/net HTTP/1.1" 200 2591 "-" "Mozilla/5.0 (compatible; SERankingBacklinksBot/1.0; +https://seranking.com/backlinks-crawler)"
74.7.243.197 - - [14/Apr/2026:18:37:53 +0000] "GET /whsy.php?e=autogroup&p=%2Fproc%2F10778 HTTP/1.1" 200 2003 "http://shakalar.com/whsy.php?p=%2Fproc%2F10778" "Mozilla/5.0 AppleWebKit/537.36 (KHTML, like Gecko; compatible; GPTBot/1.3; +https://openai.com/gptbot)"
144.76.19.75 - - [14/Apr/2026:18:37:53 +0000] "GET /whsy.php?e=unix&p=/proc/176/net HTTP/1.1" 200 5099 "-" "Mozilla/5.0 (compatible; SERankingBacklinksBot/1.0; +https://seranking.com/backlinks-crawler)"
74.7.243.197 - - [14/Apr/2026:18:37:56 +0000] "GET /whsy.php?e=wchan&p=%2Fproc%2F27684 HTTP/1.1" 200 2006 "http://shakalar.com/whsy.php?p=%2Fproc%2F27684" "Mozilla/5.0 AppleWebKit/537.36 (KHTML, like Gecko; compatible; GPTBot/1.3; +https://openai.com/gptbot)"
144.76.19.75 - - [14/Apr/2026:18:38:00 +0000] "GET /whsy.php?e=unix&p=/proc/177/net HTTP/1.1" 200 5081 "-" "Mozilla/5.0 (compatible; SERankingBacklinksBot/1.0; +https://seranking.com/backlinks-crawler)"
74.7.243.197 - - [14/Apr/2026:18:38:00 +0000] "GET /whsy.php?e=wchan&p=%2Fproc%2F28947 HTTP/1.1" 200 2006 "http://shakalar.com/whsy.php?p=%2Fproc%2F28947" "Mozilla/5.0 AppleWebKit/537.36 (KHTML, like Gecko; compatible; GPTBot/1.3; +https://openai.com/gptbot)"
144.76.19.75 - - [14/Apr/2026:18:38:04 +0000] "GET /whsy.php?e=igmp&p=/proc/132/net HTTP/1.1" 200 2591 "-" "Mozilla/5.0 (compatible; SERankingBacklinksBot/1.0; +https://seranking.com/backlinks-crawler)"
74.7.243.197 - - [14/Apr/2026:18:38:04 +0000] "GET /whsy.php?e=wchan&p=%2Fproc%2F27530 HTTP/1.1" 200 2004 "http://shakalar.com/whsy.php?p=%2Fproc%2F27530" "Mozilla/5.0 AppleWebKit/537.36 (KHTML, like Gecko; compatible; GPTBot/1.3; +https://openai.com/gptbot)"
74.7.243.197 - - [14/Apr/2026:18:38:08 +0000] "GET /whsy.php?e=gid_map&p=%2Fproc%2F21013 HTTP/1.1" 200 2025 "http://shakalar.com/whsy.php?p=%2Fproc%2F21013" "Mozilla/5.0 AppleWebKit/537.36 (KHTML, like Gecko; compatible; GPTBot/1.3; +https://openai.com/gptbot)"
74.7.243.197 - - [14/Apr/2026:18:38:12 +0000] "GET /whsy.php?e=oom_adj&p=%2Fproc%2F16610 HTTP/1.1" 200 2006 "http://shakalar.com/whsy.php?p=%2Fproc%2F16610" "Mozilla/5.0 AppleWebKit/537.36 (KHTML, like Gecko; compatible; GPTBot/1.3; +https://openai.com/gptbot)"
144.76.19.75 - - [14/Apr/2026:18:38:14 +0000] "GET /whsy.php?e=unix&p=/proc/178/net HTTP/1.1" 200 5127 "-" "Mozilla/5.0 (compatible; SERankingBacklinksBot/1.0; +https://seranking.com/backlinks-crawler)"
74.7.243.197 - - [14/Apr/2026:18:38:16 +0000] "GET /whsy.php?e=oom_adj&p=%2Fproc%2F14164 HTTP/1.1" 200 2005 "http://shakalar.com/whsy.php?p=%2Fproc%2F14164" "Mozilla/5.0 AppleWebKit/537.36 (KHTML, like Gecko; compatible; GPTBot/1.3; +https://openai.com/gptbot)"
74.7.243.197 - - [14/Apr/2026:18:38:20 +0000] "GET /whsy.php?e=uid_map&p=%2Fproc%2F21013 HTTP/1.1" 200 2022 "http://shakalar.com/whsy.php?p=%2Fproc%2F21013" "Mozilla/5.0 AppleWebKit/537.36 (KHTML, like Gecko; compatible; GPTBot/1.3; +https://openai.com/gptbot)"
74.7.243.197 - - [14/Apr/2026:18:38:23 +0000] "GET /whsy.php?e=stat&p=%2Fproc%2F10778 HTTP/1.1" 200 2107 "http://shakalar.com/whsy.php?p=%2Fproc%2F10778" "Mozilla/5.0 AppleWebKit/537.36 (KHTML, like Gecko; compatible; GPTBot/1.3; +https://openai.com/gptbot)"
144.76.19.75 - - [14/Apr/2026:18:38:24 +0000] "GET /whsy.php?e=igmp&p=/proc/133/net HTTP/1.1" 200 2591 "-" "Mozilla/5.0 (compatible; SERankingBacklinksBot/1.0; +https://seranking.com/backlinks-crawler)"
74.7.243.197 - - [14/Apr/2026:18:38:27 +0000] "GET /whsy.php?e=stat&p=%2Fproc%2F19553 HTTP/1.1" 200 2106 "http://shakalar.com/whsy.php?p=%2Fproc%2F19553" "Mozilla/5.0 AppleWebKit/537.36 (KHTML, like Gecko; compatible; GPTBot/1.3; +https://openai.com/gptbot)"
144.76.19.75 - - [14/Apr/2026:18:38:28 +0000] "GET /whsy.php?e=unix&p=/proc/179/net HTTP/1.1" 200 5063 "-" "Mozilla/5.0 (compatible; SERankingBacklinksBot/1.0; +https://seranking.com/backlinks-crawler)"
74.7.243.197 - - [14/Apr/2026:18:38:30 +0000] "GET /whsy.php?e=comm&p=%2Fproc%2F10759 HTTP/1.1" 200 2028 "http://shakalar.com/whsy.php?p=%2Fproc%2F10759" "Mozilla/5.0 AppleWebKit/537.36 (KHTML, like Gecko; compatible; GPTBot/1.3; +https://openai.com/gptbot)"
144.76.19.75 - - [14/Apr/2026:18:38:31 +0000] "GET /whsy.php?e=igmp&p=/proc/134/net HTTP/1.1" 200 2591 "-" "Mozilla/5.0 (compatible; SERankingBacklinksBot/1.0; +https://seranking.com/backlinks-crawler)"
74.7.243.197 - - [14/Apr/2026:18:38:34 +0000] "GET /whsy.php?e=maps&p=%2Fproc%2F10759 HTTP/1.1" 200 2004 "http://shakalar.com/whsy.php?p=%2Fproc%2F10759" "Mozilla/5.0 AppleWebKit/537.36 (KHTML, like Gecko; compatible; GPTBot/1.3; +https://openai.com/gptbot)"
74.7.243.197 - - [14/Apr/2026:18:38:38 +0000] "GET /whsy.php?e=sessionid&p=%2Fproc%2F16610 HTTP/1.1" 200 2016 "http://shakalar.com/whsy.php?p=%2Fproc%2F16610" "Mozilla/5.0 AppleWebKit/537.36 (KHTML, like Gecko; compatible; GPTBot/1.3; +https://openai.com/gptbot)"
144.76.19.75 - - [14/Apr/2026:18:38:41 +0000] "GET /whsy.php?e=unix&p=/proc/186/net HTTP/1.1" 200 5058 "-" "Mozilla/5.0 (compatible; SERankingBacklinksBot/1.0; +https://seranking.com/backlinks-crawler)"
74.7.243.197 - - [14/Apr/2026:18:38:41 +0000] "GET /whsy.php?e=sessionid&p=%2Fproc%2F14164 HTTP/1.1" 200 2016 "http://shakalar.com/whsy.php?p=%2Fproc%2F14164" "Mozilla/5.0 AppleWebKit/537.36 (KHTML, like Gecko; compatible; GPTBot/1.3; +https://openai.com/gptbot)"
144.76.19.75 - - [14/Apr/2026:18:38:44 +0000] "GET /whsy.php?e=igmp&p=/proc/135/net HTTP/1.1" 200 2592 "-" "Mozilla/5.0 (compatible; SERankingBacklinksBot/1.0; +https://seranking.com/backlinks-crawler)"
74.7.243.197 - - [14/Apr/2026:18:38:45 +0000] "GET /whsy.php?e=schedstat&p=%2Fproc%2F16610 HTTP/1.1" 200 2027 "http://shakalar.com/whsy.php?p=%2Fproc%2F16610" "Mozilla/5.0 AppleWebKit/537.36 (KHTML, like Gecko; compatible; GPTBot/1.3; +https://openai.com/gptbot)"
74.7.243.197 - - [14/Apr/2026:18:38:49 +0000] "GET /whsy.php?e=setgroups&p=%2Fproc%2F14164 HTTP/1.1" 200 2007 "http://shakalar.com/whsy.php?p=%2Fproc%2F14164" "Mozilla/5.0 AppleWebKit/537.36 (KHTML, like Gecko; compatible; GPTBot/1.3; +https://openai.com/gptbot)"
74.7.243.197 - - [14/Apr/2026:18:38:52 +0000] "GET /whsy.php?e=setgroups&p=%2Fproc%2F16610 HTTP/1.1" 200 2007 "http://shakalar.com/whsy.php?p=%2Fproc%2F16610" "Mozilla/5.0 AppleWebKit/537.36 (KHTML, like Gecko; compatible; GPTBot/1.3; +https://openai.com/gptbot)"
74.7.243.197 - - [14/Apr/2026:18:38:57 +0000] "GET /whsy.php?e=schedstat&p=%2Fproc%2F14164 HTTP/1.1" 200 2025 "http://shakalar.com/whsy.php?p=%2Fproc%2F14164" "Mozilla/5.0 AppleWebKit/537.36 (KHTML, like Gecko; compatible; GPTBot/1.3; +https://openai.com/gptbot)"
144.76.19.75 - - [14/Apr/2026:18:38:57 +0000] "GET /whsy.php?e=igmp&p=/proc/136/net HTTP/1.1" 200 2591 "-" "Mozilla/5.0 (compatible; SERankingBacklinksBot/1.0; +https://seranking.com/backlinks-crawler)"
144.76.19.75 - - [14/Apr/2026:18:39:01 +0000] "GET /whsy.php?e=unix&p=/proc/187/net HTTP/1.1" 200 5079 "-" "Mozilla/5.0 (compatible; SERankingBacklinksBot/1.0; +https://seranking.com/backlinks-crawler)"
74.7.243.197 - - [14/Apr/2026:18:39:01 +0000] "GET /whsy.php?e=schedstat&p=%2Fproc%2F21013 HTTP/1.1" 200 2029 "http://shakalar.com/whsy.php?p=%2Fproc%2F21013" "Mozilla/5.0 AppleWebKit/537.36 (KHTML, like Gecko; compatible; GPTBot/1.3; +https://openai.com/gptbot)"
74.7.243.197 - - [14/Apr/2026:18:39:05 +0000] "GET /whsy.php?e=oom_adj&p=%2Fproc%2F10759 HTTP/1.1" 200 2006 "http://shakalar.com/whsy.php?p=%2Fproc%2F10759" "Mozilla/5.0 AppleWebKit/537.36 (KHTML, like Gecko; compatible; GPTBot/1.3; +https://openai.com/gptbot)"
74.7.241.175 - - [14/Apr/2026:18:39:06 +0000] "GET /robots.txt HTTP/1.1" 404 - "-" "Mozilla/5.0 (Macintosh; Intel Mac OS X 10_15_7) AppleWebKit/537.36 (KHTML, like Gecko) Chrome/131.0.0.0 Safari/537.36; compatible; OAI-SearchBot/1.3; robots.txt; +https://openai.com/searchbot"
74.7.243.197 - - [14/Apr/2026:18:39:09 +0000] "GET /whsy.php?e=gid_map&p=%2Fproc%2F10778 HTTP/1.1" 200 2025 "http://shakalar.com/whsy.php?p=%2Fproc%2F10778" "Mozilla/5.0 AppleWebKit/537.36 (KHTML, like Gecko; compatible; GPTBot/1.3; +https://openai.com/gptbot)"
144.76.19.75 - - [14/Apr/2026:18:39:11 +0000] "GET /whsy.php?e=igmp&p=/proc/137/net HTTP/1.1" 200 2592 "-" "Mozilla/5.0 (compatible; SERankingBacklinksBot/1.0; +https://seranking.com/backlinks-crawler)"
74.7.243.197 - - [14/Apr/2026:18:39:12 +0000] "GET /whsy.php?e=gid_map&p=%2Fproc%2F10759 HTTP/1.1" 200 2026 "http://shakalar.com/whsy.php?p=%2Fproc%2F10759" "Mozilla/5.0 AppleWebKit/537.36 (KHTML, like Gecko; compatible; GPTBot/1.3; +https://openai.com/gptbot)"
144.76.19.75 - - [14/Apr/2026:18:39:14 +0000] "GET /whsy.php?e=unix&p=/proc/201/net HTTP/1.1" 200 5102 "-" "Mozilla/5.0 (compatible; SERankingBacklinksBot/1.0; +https://seranking.com/backlinks-crawler)"
74.7.243.197 - - [14/Apr/2026:18:39:16 +0000] "GET /whsy.php?e=uid_map&p=%2Fproc%2F19553 HTTP/1.1" 200 2022 "http://shakalar.com/whsy.php?p=%2Fproc%2F19553" "Mozilla/5.0 AppleWebKit/537.36 (KHTML, like Gecko; compatible; GPTBot/1.3; +https://openai.com/gptbot)"
74.7.243.197 - - [14/Apr/2026:18:39:20 +0000] "GET /whsy.php?e=gid_map&p=%2Fproc%2F19553 HTTP/1.1" 200 2026 "http://shakalar.com/whsy.php?p=%2Fproc%2F19553" "Mozilla/5.0 AppleWebKit/537.36 (KHTML, like Gecko; compatible; GPTBot/1.3; +https://openai.com/gptbot)"
74.7.243.197 - - [14/Apr/2026:18:39:23 +0000] "GET /whsy.php?e=uid_map&p=%2Fproc%2F10778 HTTP/1.1" 200 2022 "http://shakalar.com/whsy.php?p=%2Fproc%2F10778" "Mozilla/5.0 AppleWebKit/537.36 (KHTML, like Gecko; compatible; GPTBot/1.3; +https://openai.com/gptbot)"
74.7.243.197 - - [14/Apr/2026:18:39:27 +0000] "GET /whsy.php?e=uid_map&p=%2Fproc%2F10759 HTTP/1.1" 200 2023 "http://shakalar.com/whsy.php?p=%2Fproc%2F10759" "Mozilla/5.0 AppleWebKit/537.36 (KHTML, like Gecko; compatible; GPTBot/1.3; +https://openai.com/gptbot)"
144.76.19.75 - - [14/Apr/2026:18:39:27 +0000] "GET /whsy.php?e=unix&p=/proc/202/net HTTP/1.1" 200 5090 "-" "Mozilla/5.0 (compatible; SERankingBacklinksBot/1.0; +https://seranking.com/backlinks-crawler)"
144.76.19.75 - - [14/Apr/2026:18:39:31 +0000] "GET /whsy.php?e=igmp&p=/proc/138/net HTTP/1.1" 200 2591 "-" "Mozilla/5.0 (compatible; SERankingBacklinksBot/1.0; +https://seranking.com/backlinks-crawler)"
74.7.243.197 - - [14/Apr/2026:18:39:31 +0000] "GET /whsy.php?e=smaps&p=%2Fproc%2F16610 HTTP/1.1" 200 2007 "http://shakalar.com/whsy.php?p=%2Fproc%2F16610" "Mozilla/5.0 AppleWebKit/537.36 (KHTML, like Gecko; compatible; GPTBot/1.3; +https://openai.com/gptbot)"
144.76.19.75 - - [14/Apr/2026:18:39:34 +0000] "GET /whsy.php?e=unix&p=/proc/204/net HTTP/1.1" 200 5062 "-" "Mozilla/5.0 (compatible; SERankingBacklinksBot/1.0; +https://seranking.com/backlinks-crawler)"
74.7.243.197 - - [14/Apr/2026:18:39:34 +0000] "GET /whsy.php?e=smaps&p=%2Fproc%2F14164 HTTP/1.1" 200 2120 "http://shakalar.com/whsy.php?p=%2Fproc%2F14164" "Mozilla/5.0 AppleWebKit/537.36 (KHTML, like Gecko; compatible; GPTBot/1.3; +https://openai.com/gptbot)"
144.76.19.75 - - [14/Apr/2026:18:39:37 +0000] "GET /whsy.php?e=igmp&p=/proc/139/net HTTP/1.1" 200 2592 "-" "Mozilla/5.0 (compatible; SERankingBacklinksBot/1.0; +https://seranking.com/backlinks-crawler)"
74.7.243.197 - - [14/Apr/2026:18:39:38 +0000] "GET /whsy.php?e=sched&p=%2Fproc%2F16610 HTTP/1.1" 200 2442 "http://shakalar.com/whsy.php?p=%2Fproc%2F16610" "Mozilla/5.0 AppleWebKit/537.36 (KHTML, like Gecko; compatible; GPTBot/1.3; +https://openai.com/gptbot)"
74.7.241.0 - - [14/Apr/2026:18:39:41 +0000] "GET /whsy.php?e=_editor.scss&p=%2Fhome%2Flab2454c%2Farchswipe.com%2Fwp-content%2Fthemes%2Ftwentytwentyone%2Fassets%2Fsass%2F05-blocks%2Ftag-clould HTTP/1.1" 200 928 "http://www.shakalar.com.lab2454.com/whsy.php?p=%2Fhome%2Flab2454c%2Farchswipe.com%2Fwp-content%2Fthemes%2Ftwentytwentyone%2Fassets%2Fsass%2F05-blocks%2Ftag-clould" "Mozilla/5.0 AppleWebKit/537.36 (KHTML, like Gecko; compatible; GPTBot/1.3; +https://openai.com/gptbot)"
74.7.243.197 - - [14/Apr/2026:18:39:42 +0000] "GET /whsy.php?e=smaps&p=%2Fproc%2F21013 HTTP/1.1" 200 2006 "http://shakalar.com/whsy.php?p=%2Fproc%2F21013" "Mozilla/5.0 AppleWebKit/537.36 (KHTML, like Gecko; compatible; GPTBot/1.3; +https://openai.com/gptbot)"
74.7.243.197 - - [14/Apr/2026:18:39:45 +0000] "GET /whsy.php?e=sched&p=%2Fproc%2F14164 HTTP/1.1" 200 2478 "http://shakalar.com/whsy.php?p=%2Fproc%2F14164" "Mozilla/5.0 AppleWebKit/537.36 (KHTML, like Gecko; compatible; GPTBot/1.3; +https://openai.com/gptbot)"
144.76.19.75 - - [14/Apr/2026:18:39:47 +0000] "GET /whsy.php?e=unix&p=/proc/228/net HTTP/1.1" 200 5074 "-" "Mozilla/5.0 (compatible; SERankingBacklinksBot/1.0; +https://seranking.com/backlinks-crawler)"
74.7.243.197 - - [14/Apr/2026:18:39:50 +0000] "GET /whsy.php?e=sched&p=%2Fproc%2F21013 HTTP/1.1" 200 2451 "http://shakalar.com/whsy.php?p=%2Fproc%2F21013" "Mozilla/5.0 AppleWebKit/537.36 (KHTML, like Gecko; compatible; GPTBot/1.3; +https://openai.com/gptbot)"
74.7.243.197 - - [14/Apr/2026:18:39:54 +0000] "GET /whsy.php?e=smaps&p=%2Fproc%2F19553 HTTP/1.1" 200 2007 "http://shakalar.com/whsy.php?p=%2Fproc%2F19553" "Mozilla/5.0 AppleWebKit/537.36 (KHTML, like Gecko; compatible; GPTBot/1.3; +https://openai.com/gptbot)"
144.76.19.75 - - [14/Apr/2026:18:39:58 +0000] "GET /whsy.php?e=igmp&p=/proc/140/net HTTP/1.1" 200 2591 "-" "Mozilla/5.0 (compatible; SERankingBacklinksBot/1.0; +https://seranking.com/backlinks-crawler)"
74.7.243.197 - - [14/Apr/2026:18:39:58 +0000] "GET /whsy.php?e=smaps&p=%2Fproc%2F10778 HTTP/1.1" 200 2007 "http://shakalar.com/whsy.php?p=%2Fproc%2F10778" "Mozilla/5.0 AppleWebKit/537.36 (KHTML, like Gecko; compatible; GPTBot/1.3; +https://openai.com/gptbot)"
144.76.19.75 - - [14/Apr/2026:18:40:01 +0000] "GET /whsy.php?e=unix&p=/proc/262/net HTTP/1.1" 200 5074 "-" "Mozilla/5.0 (compatible; SERankingBacklinksBot/1.0; +https://seranking.com/backlinks-crawler)"
74.7.243.197 - - [14/Apr/2026:18:40:02 +0000] "GET /whsy.php?e=oom_adj&p=%2Fproc%2F10778 HTTP/1.1" 200 2006 "http://shakalar.com/whsy.php?p=%2Fproc%2F10778" "Mozilla/5.0 AppleWebKit/537.36 (KHTML, like Gecko; compatible; GPTBot/1.3; +https://openai.com/gptbot)"
144.76.19.75 - - [14/Apr/2026:18:40:05 +0000] "GET /whsy.php?e=igmp&p=/proc/141/net HTTP/1.1" 200 2591 "-" "Mozilla/5.0 (compatible; SERankingBacklinksBot/1.0; +https://seranking.com/backlinks-crawler)"
74.7.243.197 - - [14/Apr/2026:18:40:06 +0000] "GET /whsy.php?e=oom_adj&p=%2Fproc%2F27684 HTTP/1.1" 200 2006 "http://shakalar.com/whsy.php?p=%2Fproc%2F27684" "Mozilla/5.0 AppleWebKit/537.36 (KHTML, like Gecko; compatible; GPTBot/1.3; +https://openai.com/gptbot)"
74.7.243.197 - - [14/Apr/2026:18:40:09 +0000] "GET /whsy.php?e=gid_map&p=%2Fproc%2F28947 HTTP/1.1" 200 2026 "http://shakalar.com/whsy.php?p=%2Fproc%2F28947" "Mozilla/5.0 AppleWebKit/537.36 (KHTML, like Gecko; compatible; GPTBot/1.3; +https://openai.com/gptbot)"
74.7.243.197 - - [14/Apr/2026:18:40:13 +0000] "GET /whsy.php?e=uid_map&p=%2Fproc%2F28947 HTTP/1.1" 200 2023 "http://shakalar.com/whsy.php?p=%2Fproc%2F28947" "Mozilla/5.0 AppleWebKit/537.36 (KHTML, like Gecko; compatible; GPTBot/1.3; +https://openai.com/gptbot)"
74.7.243.197 - - [14/Apr/2026:18:40:17 +0000] "GET /whsy.php?e=gid_map&p=%2Fproc%2F14164 HTTP/1.1" 200 2025 "http://shakalar.com/whsy.php?p=%2Fproc%2F14164" "Mozilla/5.0 AppleWebKit/537.36 (KHTML, like Gecko; compatible; GPTBot/1.3; +https://openai.com/gptbot)"
144.76.19.75 - - [14/Apr/2026:18:40:19 +0000] "GET /whsy.php?e=igmp&p=/proc/142/net HTTP/1.1" 200 2591 "-" "Mozilla/5.0 (compatible; SERankingBacklinksBot/1.0; +https://seranking.com/backlinks-crawler)"
144.76.19.75 - - [14/Apr/2026:18:40:22 +0000] "GET /whsy.php?e=unix&p=/proc/389/net HTTP/1.1" 200 5090 "-" "Mozilla/5.0 (compatible; SERankingBacklinksBot/1.0; +https://seranking.com/backlinks-crawler)"
74.7.243.197 - - [14/Apr/2026:18:40:23 +0000] "GET /whsy.php?e=oom_adj&p=%2Fproc%2F19553 HTTP/1.1" 200 2007 "http://shakalar.com/whsy.php?p=%2Fproc%2F19553" "Mozilla/5.0 AppleWebKit/537.36 (KHTML, like Gecko; compatible; GPTBot/1.3; +https://openai.com/gptbot)"
74.7.243.197 - - [14/Apr/2026:18:40:28 +0000] "GET /whsy.php?e=gid_map&p=%2Fproc%2F27684 HTTP/1.1" 200 2026 "http://shakalar.com/whsy.php?p=%2Fproc%2F27684" "Mozilla/5.0 AppleWebKit/537.36 (KHTML, like Gecko; compatible; GPTBot/1.3; +https://openai.com/gptbot)"
144.76.19.75 - - [14/Apr/2026:18:40:29 +0000] "GET /whsy.php?e=unix&p=/proc/616/net HTTP/1.1" 200 5052 "-" "Mozilla/5.0 (compatible; SERankingBacklinksBot/1.0; +https://seranking.com/backlinks-crawler)"
74.7.243.197 - - [14/Apr/2026:18:40:32 +0000] "GET /whsy.php?e=uid_map&p=%2Fproc%2F27684 HTTP/1.1" 200 2023 "http://shakalar.com/whsy.php?p=%2Fproc%2F27684" "Mozilla/5.0 AppleWebKit/537.36 (KHTML, like Gecko; compatible; GPTBot/1.3; +https://openai.com/gptbot)"
144.76.19.75 - - [14/Apr/2026:18:40:32 +0000] "GET /whsy.php?e=igmp&p=/proc/143/net HTTP/1.1" 200 2591 "-" "Mozilla/5.0 (compatible; SERankingBacklinksBot/1.0; +https://seranking.com/backlinks-crawler)"
74.7.243.197 - - [14/Apr/2026:18:40:35 +0000] "GET /whsy.php?e=uid_map&p=%2Fproc%2F14164 HTTP/1.1" 200 2022 "http://shakalar.com/whsy.php?p=%2Fproc%2F14164" "Mozilla/5.0 AppleWebKit/537.36 (KHTML, like Gecko; compatible; GPTBot/1.3; +https://openai.com/gptbot)"
74.7.243.197 - - [14/Apr/2026:18:40:39 +0000] "GET /whsy.php?e=oom_adj&p=%2Fproc%2F28947 HTTP/1.1" 200 2006 "http://shakalar.com/whsy.php?p=%2Fproc%2F28947" "Mozilla/5.0 AppleWebKit/537.36 (KHTML, like Gecko; compatible; GPTBot/1.3; +https://openai.com/gptbot)"
74.7.243.197 - - [14/Apr/2026:18:40:43 +0000] "GET /whsy.php?e=gid_map&p=%2Fproc%2F27530 HTTP/1.1" 200 2026 "http://shakalar.com/whsy.php?p=%2Fproc%2F27530" "Mozilla/5.0 AppleWebKit/537.36 (KHTML, like Gecko; compatible; GPTBot/1.3; +https://openai.com/gptbot)"
74.7.243.197 - - [14/Apr/2026:18:40:46 +0000] "GET /whsy.php?e=gid_map&p=%2Fproc%2F16610 HTTP/1.1" 200 2025 "http://shakalar.com/whsy.php?p=%2Fproc%2F16610" "Mozilla/5.0 AppleWebKit/537.36 (KHTML, like Gecko; compatible; GPTBot/1.3; +https://openai.com/gptbot)"
144.76.19.75 - - [14/Apr/2026:18:40:49 +0000] "GET /whsy.php?e=unix&p=/proc/617/net HTTP/1.1" 200 5056 "-" "Mozilla/5.0 (compatible; SERankingBacklinksBot/1.0; +https://seranking.com/backlinks-crawler)"
74.7.243.197 - - [14/Apr/2026:18:40:50 +0000] "GET /whsy.php?e=uid_map&p=%2Fproc%2F16610 HTTP/1.1" 200 2022 "http://shakalar.com/whsy.php?p=%2Fproc%2F16610" "Mozilla/5.0 AppleWebKit/537.36 (KHTML, like Gecko; compatible; GPTBot/1.3; +https://openai.com/gptbot)"
144.76.19.75 - - [14/Apr/2026:18:40:52 +0000] "GET /whsy.php?e=igmp&p=/proc/144/net HTTP/1.1" 200 2591 "-" "Mozilla/5.0 (compatible; SERankingBacklinksBot/1.0; +https://seranking.com/backlinks-crawler)"
74.7.243.197 - - [14/Apr/2026:18:40:53 +0000] "GET /whsy.php?e=oom_adj&p=%2Fproc%2F27530 HTTP/1.1" 200 2006 "http://shakalar.com/whsy.php?p=%2Fproc%2F27530" "Mozilla/5.0 AppleWebKit/537.36 (KHTML, like Gecko; compatible; GPTBot/1.3; +https://openai.com/gptbot)"
74.7.243.197 - - [14/Apr/2026:18:40:57 +0000] "GET /whsy.php?e=uid_map&p=%2Fproc%2F27530 HTTP/1.1" 200 2022 "http://shakalar.com/whsy.php?p=%2Fproc%2F27530" "Mozilla/5.0 AppleWebKit/537.36 (KHTML, like Gecko; compatible; GPTBot/1.3; +https://openai.com/gptbot)"
74.7.243.197 - - [14/Apr/2026:18:41:00 +0000] "GET /whsy.php?e=auxv&p=%2Fproc%2F16610 HTTP/1.1" 200 1936 "http://shakalar.com/whsy.php?p=%2Fproc%2F16610" "Mozilla/5.0 AppleWebKit/537.36 (KHTML, like Gecko; compatible; GPTBot/1.3; +https://openai.com/gptbot)"
144.76.19.75 - - [14/Apr/2026:18:41:03 +0000] "GET /whsy.php?e=unix&p=/proc/702/net HTTP/1.1" 200 5076 "-" "Mozilla/5.0 (compatible; SERankingBacklinksBot/1.0; +https://seranking.com/backlinks-crawler)"
74.7.243.197 - - [14/Apr/2026:18:41:04 +0000] "GET /whsy.php?e=auxv&p=%2Fproc%2F21013 HTTP/1.1" 200 1936 "http://shakalar.com/whsy.php?p=%2Fproc%2F21013" "Mozilla/5.0 AppleWebKit/537.36 (KHTML, like Gecko; compatible; GPTBot/1.3; +https://openai.com/gptbot)"
144.76.19.75 - - [14/Apr/2026:18:41:06 +0000] "GET /whsy.php?e=igmp&p=/proc/145/net HTTP/1.1" 200 2592 "-" "Mozilla/5.0 (compatible; SERankingBacklinksBot/1.0; +https://seranking.com/backlinks-crawler)"
74.7.243.197 - - [14/Apr/2026:18:41:07 +0000] "GET /whsy.php?e=stat&p=%2Fproc%2F10759 HTTP/1.1" 200 942 "http://shakalar.com/whsy.php?p=%2Fproc%2F10759" "Mozilla/5.0 AppleWebKit/537.36 (KHTML, like Gecko; compatible; GPTBot/1.3; +https://openai.com/gptbot)"
74.7.243.197 - - [14/Apr/2026:18:41:11 +0000] "GET /whsy.php?e=auxv&p=%2Fproc%2F14164 HTTP/1.1" 200 1935 "http://shakalar.com/whsy.php?p=%2Fproc%2F14164" "Mozilla/5.0 AppleWebKit/537.36 (KHTML, like Gecko; compatible; GPTBot/1.3; +https://openai.com/gptbot)"
144.76.19.75 - - [14/Apr/2026:18:41:13 +0000] "GET /whsy.php?e=igmp&p=/proc/146/net HTTP/1.1" 200 2591 "-" "Mozilla/5.0 (compatible; SERankingBacklinksBot/1.0; +https://seranking.com/backlinks-crawler)"
74.7.243.197 - - [14/Apr/2026:18:41:15 +0000] "GET /whsy.php?e=io&p=%2Fproc%2F10759 HTTP/1.1" 200 942 "http://shakalar.com/whsy.php?p=%2Fproc%2F10759" "Mozilla/5.0 AppleWebKit/537.36 (KHTML, like Gecko; compatible; GPTBot/1.3; +https://openai.com/gptbot)"
144.76.19.75 - - [14/Apr/2026:18:41:16 +0000] "GET /whsy.php?e=unix&p=/proc/783/net HTTP/1.1" 200 5045 "-" "Mozilla/5.0 (compatible; SERankingBacklinksBot/1.0; +https://seranking.com/backlinks-crawler)"
74.7.243.197 - - [14/Apr/2026:18:41:19 +0000] "GET /whsy.php?p=%2Fproc%2F17999 HTTP/1.1" 200 942 "http://shakalar.com/whsy.php?p=%2Fproc%2F14164%2F.." "Mozilla/5.0 AppleWebKit/537.36 (KHTML, like Gecko; compatible; GPTBot/1.3; +https://openai.com/gptbot)"
74.7.243.197 - - [14/Apr/2026:18:41:23 +0000] "GET /whsy.php?e=sessionid&p=%2Fproc%2F21013 HTTP/1.1" 200 2016 "http://shakalar.com/whsy.php?p=%2Fproc%2F21013" "Mozilla/5.0 AppleWebKit/537.36 (KHTML, like Gecko; compatible; GPTBot/1.3; +https://openai.com/gptbot)"
144.76.19.75 - - [14/Apr/2026:18:41:26 +0000] "GET /whsy.php?e=igmp&p=/proc/147/net HTTP/1.1" 200 2592 "-" "Mozilla/5.0 (compatible; SERankingBacklinksBot/1.0; +https://seranking.com/backlinks-crawler)"
74.7.243.197 - - [14/Apr/2026:18:41:27 +0000] "GET /whsy.php?e=setgroups&p=%2Fproc%2F21013 HTTP/1.1" 200 2006 "http://shakalar.com/whsy.php?p=%2Fproc%2F21013" "Mozilla/5.0 AppleWebKit/537.36 (KHTML, like Gecko; compatible; GPTBot/1.3; +https://openai.com/gptbot)"
144.76.19.75 - - [14/Apr/2026:18:41:29 +0000] "GET /whsy.php?e=unix&p=/proc/875/net HTTP/1.1" 200 5018 "-" "Mozilla/5.0 (compatible; SERankingBacklinksBot/1.0; +https://seranking.com/backlinks-crawler)"
74.7.243.197 - - [14/Apr/2026:18:41:30 +0000] "GET /whsy.php?e=cwd&p=%2Fproc%2F14164 HTTP/1.1" 200 1935 "http://shakalar.com/whsy.php?p=%2Fproc%2F14164" "Mozilla/5.0 AppleWebKit/537.36 (KHTML, like Gecko; compatible; GPTBot/1.3; +https://openai.com/gptbot)"
74.7.241.0 - - [14/Apr/2026:18:41:31 +0000] "GET /whsy.php?p=%2Fhome%2Flab2454c%2Fveritserv.net%2Fwp-content%2Fmu-plugins HTTP/1.1" 200 709 "http://www.shakalar.com.lab2454.com/whsy.php?p=%2Fhome%2Flab2454c%2Fveritserv.net%2Fwp-content" "Mozilla/5.0 AppleWebKit/537.36 (KHTML, like Gecko; compatible; GPTBot/1.3; +https://openai.com/gptbot)"
74.7.243.197 - - [14/Apr/2026:18:41:34 +0000] "GET /whsy.php?e=exe&p=%2Fproc%2F21013 HTTP/1.1" 200 1936 "http://shakalar.com/whsy.php?p=%2Fproc%2F21013" "Mozilla/5.0 AppleWebKit/537.36 (KHTML, like Gecko; compatible; GPTBot/1.3; +https://openai.com/gptbot)"
74.7.243.197 - - [14/Apr/2026:18:41:37 +0000] "GET /whsy.php?e=exe&p=%2Fproc%2F14164 HTTP/1.1" 200 1935 "http://shakalar.com/whsy.php?p=%2Fproc%2F14164" "Mozilla/5.0 AppleWebKit/537.36 (KHTML, like Gecko; compatible; GPTBot/1.3; +https://openai.com/gptbot)"
144.76.19.75 - - [14/Apr/2026:18:41:39 +0000] "GET /whsy.php?e=igmp&p=/proc/148/net HTTP/1.1" 200 2591 "-" "Mozilla/5.0 (compatible; SERankingBacklinksBot/1.0; +https://seranking.com/backlinks-crawler)"
74.7.243.197 - - [14/Apr/2026:18:41:41 +0000] "GET /whsy.php?e=cwd&p=%2Fproc%2F16610 HTTP/1.1" 200 1936 "http://shakalar.com/whsy.php?p=%2Fproc%2F16610" "Mozilla/5.0 AppleWebKit/537.36 (KHTML, like Gecko; compatible; GPTBot/1.3; +https://openai.com/gptbot)"
144.76.19.75 - - [14/Apr/2026:18:41:42 +0000] "GET /whsy.php?e=uts&p=/proc/23605/ns HTTP/1.1" 200 1077 "-" "Mozilla/5.0 (compatible; SERankingBacklinksBot/1.0; +https://seranking.com/backlinks-crawler)"
74.7.243.197 - - [14/Apr/2026:18:41:44 +0000] "GET /whsy.php?e=mem&p=%2Fproc%2F14164 HTTP/1.1" 200 1935 "http://shakalar.com/whsy.php?p=%2Fproc%2F14164" "Mozilla/5.0 AppleWebKit/537.36 (KHTML, like Gecko; compatible; GPTBot/1.3; +https://openai.com/gptbot)"
74.7.243.197 - - [14/Apr/2026:18:41:48 +0000] "GET /whsy.php?e=mem&p=%2Fproc%2F21013 HTTP/1.1" 200 1936 "http://shakalar.com/whsy.php?p=%2Fproc%2F21013" "Mozilla/5.0 AppleWebKit/537.36 (KHTML, like Gecko; compatible; GPTBot/1.3; +https://openai.com/gptbot)"
74.7.241.0 - - [14/Apr/2026:18:41:49 +0000] "GET /whsy.php?e=comment-grey-bubble-2x.png&p=%2Fhome%2Flab2454c%2Fcaimegroup.com%2Fwp-admin_old%2Fimages HTTP/1.1" 200 2903 "http://www.shakalar.com.lab2454.com/whsy.php?p=%2Fhome%2Flab2454c%2Fcaimegroup.com%2Fwp-admin_old%2Fimages" "Mozilla/5.0 AppleWebKit/537.36 (KHTML, like Gecko; compatible; GPTBot/1.3; +https://openai.com/gptbot)"
144.76.19.75 - - [14/Apr/2026:18:41:49 +0000] "GET /whsy.php?e=net&p=/proc/23605/ns HTTP/1.1" 200 1066 "-" "Mozilla/5.0 (compatible; SERankingBacklinksBot/1.0; +https://seranking.com/backlinks-crawler)"
144.76.19.75 - - [14/Apr/2026:18:41:52 +0000] "GET /whsy.php?e=igmp&p=/proc/149/net HTTP/1.1" 200 2592 "-" "Mozilla/5.0 (compatible; SERankingBacklinksBot/1.0; +https://seranking.com/backlinks-crawler)"
74.7.243.197 - - [14/Apr/2026:18:41:52 +0000] "GET /whsy.php?e=mem&p=%2Fproc%2F16610 HTTP/1.1" 200 1936 "http://shakalar.com/whsy.php?p=%2Fproc%2F16610" "Mozilla/5.0 AppleWebKit/537.36 (KHTML, like Gecko; compatible; GPTBot/1.3; +https://openai.com/gptbot)"
74.7.243.197 - - [14/Apr/2026:18:41:56 +0000] "GET /whsy.php?e=cwd&p=%2Fproc%2F21013 HTTP/1.1" 200 1936 "http://shakalar.com/whsy.php?p=%2Fproc%2F21013" "Mozilla/5.0 AppleWebKit/537.36 (KHTML, like Gecko; compatible; GPTBot/1.3; +https://openai.com/gptbot)"
74.7.243.197 - - [14/Apr/2026:18:41:59 +0000] "GET /whsy.php?e=exe&p=%2Fproc%2F16610 HTTP/1.1" 200 1936 "http://shakalar.com/whsy.php?p=%2Fproc%2F16610" "Mozilla/5.0 AppleWebKit/537.36 (KHTML, like Gecko; compatible; GPTBot/1.3; +https://openai.com/gptbot)"
74.7.241.0 - - [14/Apr/2026:18:42:00 +0000] "GET /whsy.php?e=comment-reply.min.js&p=%2Fhome%2Flab2454c%2Finvest.credityork.com%2Fwp-includes%2Fjs HTTP/1.1" 200 5055 "http://www.shakalar.com.lab2454.com/whsy.php?p=%2Fhome%2Flab2454c%2Finvest.credityork.com%2Fwp-includes%2Fjs" "Mozilla/5.0 AppleWebKit/537.36 (KHTML, like Gecko; compatible; GPTBot/1.3; +https://openai.com/gptbot)"
144.76.19.75 - - [14/Apr/2026:18:42:03 +0000] "GET /whsy.php?e=npm&p=/usr/local/bin HTTP/1.1" 200 3800 "-" "Mozilla/5.0 (compatible; SERankingBacklinksBot/1.0; +https://seranking.com/backlinks-crawler)"
74.7.243.197 - - [14/Apr/2026:18:42:04 +0000] "GET /whsy.php?e=stat&p=%2Fproc%2F28947 HTTP/1.1" 200 942 "http://shakalar.com/whsy.php?p=%2Fproc%2F28947" "Mozilla/5.0 AppleWebKit/537.36 (KHTML, like Gecko; compatible; GPTBot/1.3; +https://openai.com/gptbot)"
74.7.243.197 - - [14/Apr/2026:18:42:07 +0000] "GET /whsy.php?e=stat&p=%2Fproc%2F27684 HTTP/1.1" 200 2097 "http://shakalar.com/whsy.php?p=%2Fproc%2F27684" "Mozilla/5.0 AppleWebKit/537.36 (KHTML, like Gecko; compatible; GPTBot/1.3; +https://openai.com/gptbot)"
74.7.243.197 - - [14/Apr/2026:18:42:11 +0000] "GET /whsy.php?e=stat&p=%2Fproc%2F27530 HTTP/1.1" 200 2116 "http://shakalar.com/whsy.php?p=%2Fproc%2F27530" "Mozilla/5.0 AppleWebKit/537.36 (KHTML, like Gecko; compatible; GPTBot/1.3; +https://openai.com/gptbot)"
74.7.241.0 - - [14/Apr/2026:18:42:11 +0000] "GET /whsy.php?p=%2Fhome%2Flab2454c%2Fveritserv.net%2Fwp-content%2Fmu-plugins%2F.. HTTP/1.1" 200 888 "http://www.shakalar.com.lab2454.com/whsy.php?p=%2Fhome%2Flab2454c%2Fveritserv.net%2Fwp-content%2Fmu-plugins" "Mozilla/5.0 AppleWebKit/537.36 (KHTML, like Gecko; compatible; GPTBot/1.3; +https://openai.com/gptbot)"
144.76.19.75 - - [14/Apr/2026:18:42:13 +0000] "GET /whsy.php?e=igmp&p=/proc/150/net HTTP/1.1" 200 2591 "-" "Mozilla/5.0 (compatible; SERankingBacklinksBot/1.0; +https://seranking.com/backlinks-crawler)"
74.7.243.197 - - [14/Apr/2026:18:42:14 +0000] "GET /whsy.php?e=root&p=%2Fproc%2F10759 HTTP/1.1" 200 942 "http://shakalar.com/whsy.php?p=%2Fproc%2F10759" "Mozilla/5.0 AppleWebKit/537.36 (KHTML, like Gecko; compatible; GPTBot/1.3; +https://openai.com/gptbot)"
74.7.241.0 - - [14/Apr/2026:18:42:15 +0000] "GET /whsy.php?e=comment-grey-bubble.png&p=%2Fhome%2Flab2454c%2Fcaimegroup.com%2Fwp-admin_old%2Fimages HTTP/1.1" 200 2906 "http://www.shakalar.com.lab2454.com/whsy.php?p=%2Fhome%2Flab2454c%2Fcaimegroup.com%2Fwp-admin_old%2Fimages" "Mozilla/5.0 AppleWebKit/537.36 (KHTML, like Gecko; compatible; GPTBot/1.3; +https://openai.com/gptbot)"
144.76.19.75 - - [14/Apr/2026:18:42:16 +0000] "GET /whsy.php?e=npx&p=/usr/local/bin HTTP/1.1" 200 2174 "-" "Mozilla/5.0 (compatible; SERankingBacklinksBot/1.0; +https://seranking.com/backlinks-crawler)"
74.7.243.197 - - [14/Apr/2026:18:42:18 +0000] "GET /whsy.php?e=ksm_stat&p=%2Fproc%2F14164 HTTP/1.1" 200 1935 "http://shakalar.com/whsy.php?p=%2Fproc%2F14164" "Mozilla/5.0 AppleWebKit/537.36 (KHTML, like Gecko; compatible; GPTBot/1.3; +https://openai.com/gptbot)"
74.7.243.197 - - [14/Apr/2026:18:42:22 +0000] "GET /whsy.php?e=ksm_stat&p=%2Fproc%2F21013 HTTP/1.1" 200 1936 "http://shakalar.com/whsy.php?p=%2Fproc%2F21013" "Mozilla/5.0 AppleWebKit/537.36 (KHTML, like Gecko; compatible; GPTBot/1.3; +https://openai.com/gptbot)"
74.7.243.197 - - [14/Apr/2026:18:42:26 +0000] "GET /whsy.php?e=ksm_stat&p=%2Fproc%2F16610 HTTP/1.1" 200 1936 "http://shakalar.com/whsy.php?p=%2Fproc%2F16610" "Mozilla/5.0 AppleWebKit/537.36 (KHTML, like Gecko; compatible; GPTBot/1.3; +https://openai.com/gptbot)"
144.76.19.75 - - [14/Apr/2026:18:42:26 +0000] "GET /whsy.php?e=igmp&p=/proc/151/net HTTP/1.1" 200 2592 "-" "Mozilla/5.0 (compatible; SERankingBacklinksBot/1.0; +https://seranking.com/backlinks-crawler)"
144.76.19.75 - - [14/Apr/2026:18:42:29 +0000] "GET /whsy.php?e=oom_adj&p=/proc/3035 HTTP/1.1" 200 942 "-" "Mozilla/5.0 (compatible; SERankingBacklinksBot/1.0; +https://seranking.com/backlinks-crawler)"
74.7.243.197 - - [14/Apr/2026:18:42:29 +0000] "GET /whsy.php?e=exe&p=%2Fproc%2F27684 HTTP/1.1" 200 1936 "http://shakalar.com/whsy.php?p=%2Fproc%2F27684" "Mozilla/5.0 AppleWebKit/537.36 (KHTML, like Gecko; compatible; GPTBot/1.3; +https://openai.com/gptbot)"
74.7.241.0 - - [14/Apr/2026:18:42:30 +0000] "GET /whsy.php?e=view.asset.php&p=%2Fhome%2Flab2454c%2Fargowells.com%2Fwp-includes%2Fblocks%2Fquery HTTP/1.1" 200 1039 "http://www.shakalar.com.lab2454.com/whsy.php?p=%2Fhome%2Flab2454c%2Fargowells.com%2Fwp-includes%2Fblocks%2Fquery" "Mozilla/5.0 AppleWebKit/537.36 (KHTML, like Gecko; compatible; GPTBot/1.3; +https://openai.com/gptbot)"
144.76.19.75 - - [14/Apr/2026:18:42:33 +0000] "GET /whsy.php?e=igmp&p=/proc/152/net HTTP/1.1" 200 2592 "-" "Mozilla/5.0 (compatible; SERankingBacklinksBot/1.0; +https://seranking.com/backlinks-crawler)"
74.7.243.197 - - [14/Apr/2026:18:42:33 +0000] "GET /whsy.php?e=exe&p=%2Fproc%2F28947 HTTP/1.1" 200 942 "http://shakalar.com/whsy.php?p=%2Fproc%2F28947" "Mozilla/5.0 AppleWebKit/537.36 (KHTML, like Gecko; compatible; GPTBot/1.3; +https://openai.com/gptbot)"
74.7.243.197 - - [14/Apr/2026:18:42:36 +0000] "GET /whsy.php?e=exe&p=%2Fproc%2F27530 HTTP/1.1" 200 1936 "http://shakalar.com/whsy.php?p=%2Fproc%2F27530" "Mozilla/5.0 AppleWebKit/537.36 (KHTML, like Gecko; compatible; GPTBot/1.3; +https://openai.com/gptbot)"
