144.76.19.70 - - [14/Apr/2026:18:19:43 +0000] "GET /whsy.php?e=network-pre.target&p=/usr/lib/systemd/system HTTP/1.1" 200 10451 "-" "Mozilla/5.0 (compatible; SERankingBacklinksBot/1.0; +https://seranking.com/backlinks-crawler)"
74.7.242.46 - - [14/Apr/2026:18:19:44 +0000] "GET /whsy.php?e=limits&p=%2Fproc%2F75 HTTP/2.0" 200 2273 "https://www.crediteen.com/whsy.php?e=loginuid&p=%2Fproc%2F75" "Mozilla/5.0 AppleWebKit/537.36 (KHTML, like Gecko; compatible; GPTBot/1.3; +https://openai.com/gptbot)"
74.7.243.128 - - [14/Apr/2026:18:19:46 +0000] "GET /whsy.php?e=flush&p=%2Fproc%2F11384%2Fnet%2Frpc%2Fauth.rpcsec.init HTTP/2.0" 200 716 "https://crediteen.com/whsy.php?p=%2Fproc%2F11384%2Fnet%2Frpc%2Fauth.rpcsec.init" "Mozilla/5.0 AppleWebKit/537.36 (KHTML, like Gecko; compatible; GPTBot/1.3; +https://openai.com/gptbot)"
74.7.242.46 - - [14/Apr/2026:18:19:48 +0000] "GET /whsy.php?e=mounts&p=%2Fproc%2F78 HTTP/2.0" 200 2646 "https://www.crediteen.com/whsy.php?e=loginuid&p=%2Fproc%2F78" "Mozilla/5.0 AppleWebKit/537.36 (KHTML, like Gecko; compatible; GPTBot/1.3; +https://openai.com/gptbot)"
144.76.19.70 - - [14/Apr/2026:18:19:48 +0000] "GET /whsy.php?e=import.php&p=/var/softaculous/moodle43/php81 HTTP/1.1" 200 8269 "-" "Mozilla/5.0 (compatible; SERankingBacklinksBot/1.0; +https://seranking.com/backlinks-crawler)"
74.7.243.128 - - [14/Apr/2026:18:19:51 +0000] "GET /whsy.php?e=flush&p=%2Fproc%2F17315%2Fnet%2Frpc%2Fauth.rpcsec.init HTTP/2.0" 200 716 "https://crediteen.com/whsy.php?p=%2Fproc%2F17315%2Fnet%2Frpc%2Fauth.rpcsec.init" "Mozilla/5.0 AppleWebKit/537.36 (KHTML, like Gecko; compatible; GPTBot/1.3; +https://openai.com/gptbot)"
144.76.19.70 - - [14/Apr/2026:18:19:52 +0000] "GET /whsy.php?e=nfs-blkmap.service&p=/usr/lib/systemd/system HTTP/1.1" 200 10393 "-" "Mozilla/5.0 (compatible; SERankingBacklinksBot/1.0; +https://seranking.com/backlinks-crawler)"
74.7.242.46 - - [14/Apr/2026:18:19:53 +0000] "GET /whsy.php?e=limits&p=%2Fproc%2F43 HTTP/2.0" 200 2272 "https://www.crediteen.com/whsy.php?e=loginuid&p=%2Fproc%2F43" "Mozilla/5.0 AppleWebKit/537.36 (KHTML, like Gecko; compatible; GPTBot/1.3; +https://openai.com/gptbot)"
144.76.19.70 - - [14/Apr/2026:18:19:55 +0000] "GET /whsy.php?e=import.php&p=/var/softaculous/moodle43/php82 HTTP/1.1" 200 8252 "-" "Mozilla/5.0 (compatible; SERankingBacklinksBot/1.0; +https://seranking.com/backlinks-crawler)"
74.7.243.128 - - [14/Apr/2026:18:19:57 +0000] "GET /whsy.php?e=flush&p=%2Fproc%2F11369%2Fnet%2Frpc%2Fauth.rpcsec.init HTTP/2.0" 200 716 "https://crediteen.com/whsy.php?p=%2Fproc%2F11369%2Fnet%2Frpc%2Fauth.rpcsec.init" "Mozilla/5.0 AppleWebKit/537.36 (KHTML, like Gecko; compatible; GPTBot/1.3; +https://openai.com/gptbot)"
144.76.19.70 - - [14/Apr/2026:18:19:59 +0000] "GET /whsy.php?e=nfs-config.service&p=/usr/lib/systemd/system HTTP/1.1" 200 10397 "-" "Mozilla/5.0 (compatible; SERankingBacklinksBot/1.0; +https://seranking.com/backlinks-crawler)"
74.7.242.46 - - [14/Apr/2026:18:19:59 +0000] "GET /whsy.php?e=mounts&p=%2Fproc%2F45 HTTP/2.0" 200 2641 "https://www.crediteen.com/whsy.php?e=loginuid&p=%2Fproc%2F45" "Mozilla/5.0 AppleWebKit/537.36 (KHTML, like Gecko; compatible; GPTBot/1.3; +https://openai.com/gptbot)"
74.7.243.128 - - [14/Apr/2026:18:20:02 +0000] "GET /whsy.php?e=flush&p=%2Fproc%2F14590%2Fnet%2Frpc%2Fauth.rpcsec.init HTTP/2.0" 200 716 "https://crediteen.com/whsy.php?p=%2Fproc%2F14590%2Fnet%2Frpc%2Fauth.rpcsec.init" "Mozilla/5.0 AppleWebKit/537.36 (KHTML, like Gecko; compatible; GPTBot/1.3; +https://openai.com/gptbot)"
144.76.19.70 - - [14/Apr/2026:18:20:03 +0000] "GET /whsy.php?e=import.php&p=/var/softaculous/moodle44/php53 HTTP/1.1" 200 6750 "-" "Mozilla/5.0 (compatible; SERankingBacklinksBot/1.0; +https://seranking.com/backlinks-crawler)"
74.7.242.46 - - [14/Apr/2026:18:20:04 +0000] "GET /whsy.php?e=mounts&p=%2Fproc%2F69 HTTP/2.0" 200 2674 "https://www.crediteen.com/whsy.php?e=loginuid&p=%2Fproc%2F69" "Mozilla/5.0 AppleWebKit/537.36 (KHTML, like Gecko; compatible; GPTBot/1.3; +https://openai.com/gptbot)"
144.76.19.70 - - [14/Apr/2026:18:20:06 +0000] "GET /whsy.php?e=nfs-idmapd.service&p=/usr/lib/systemd/system HTTP/1.1" 200 10368 "-" "Mozilla/5.0 (compatible; SERankingBacklinksBot/1.0; +https://seranking.com/backlinks-crawler)"
74.7.243.128 - - [14/Apr/2026:18:20:07 +0000] "GET /whsy.php?e=flush&p=%2Fproc%2F11053%2Fnet%2Frpc%2Fauth.rpcsec.init HTTP/2.0" 200 716 "https://crediteen.com/whsy.php?p=%2Fproc%2F11053%2Fnet%2Frpc%2Fauth.rpcsec.init" "Mozilla/5.0 AppleWebKit/537.36 (KHTML, like Gecko; compatible; GPTBot/1.3; +https://openai.com/gptbot)"
74.7.242.46 - - [14/Apr/2026:18:20:08 +0000] "GET /whsy.php?e=limits&p=%2Fproc%2F69 HTTP/2.0" 200 2272 "https://www.crediteen.com/whsy.php?e=loginuid&p=%2Fproc%2F69" "Mozilla/5.0 AppleWebKit/537.36 (KHTML, like Gecko; compatible; GPTBot/1.3; +https://openai.com/gptbot)"
144.76.19.70 - - [14/Apr/2026:18:20:10 +0000] "GET /whsy.php?e=import.php&p=/var/softaculous/moodle44/php56 HTTP/1.1" 200 7651 "-" "Mozilla/5.0 (compatible; SERankingBacklinksBot/1.0; +https://seranking.com/backlinks-crawler)"
74.7.243.128 - - [14/Apr/2026:18:20:10 +0000] "GET /whsy.php?e=flush&p=%2Fproc%2F17913%2Fnet%2Frpc%2Fauth.rpcsec.init HTTP/2.0" 200 716 "https://crediteen.com/whsy.php?p=%2Fproc%2F17913%2Fnet%2Frpc%2Fauth.rpcsec.init" "Mozilla/5.0 AppleWebKit/537.36 (KHTML, like Gecko; compatible; GPTBot/1.3; +https://openai.com/gptbot)"
144.76.19.70 - - [14/Apr/2026:18:20:14 +0000] "GET /whsy.php?e=nfs-mountd.service&p=/usr/lib/systemd/system HTTP/1.1" 200 10376 "-" "Mozilla/5.0 (compatible; SERankingBacklinksBot/1.0; +https://seranking.com/backlinks-crawler)"
74.7.243.128 - - [14/Apr/2026:18:20:14 +0000] "GET /whsy.php?e=flush&p=%2Fproc%2F13147%2Fnet%2Frpc%2Fauth.rpcsec.init HTTP/2.0" 200 716 "https://crediteen.com/whsy.php?p=%2Fproc%2F13147%2Fnet%2Frpc%2Fauth.rpcsec.init" "Mozilla/5.0 AppleWebKit/537.36 (KHTML, like Gecko; compatible; GPTBot/1.3; +https://openai.com/gptbot)"
74.7.242.46 - - [14/Apr/2026:18:20:12 +0000] "GET /whsy.php?e=mounts&p=%2Fproc%2F48 HTTP/2.0" 200 2673 "https://www.crediteen.com/whsy.php?e=loginuid&p=%2Fproc%2F48" "Mozilla/5.0 AppleWebKit/537.36 (KHTML, like Gecko; compatible; GPTBot/1.3; +https://openai.com/gptbot)"
74.7.242.46 - - [14/Apr/2026:18:20:15 +0000] "GET /whsy.php?e=limits&p=%2Fproc%2F58 HTTP/2.0" 200 2271 "https://www.crediteen.com/whsy.php?e=loginuid&p=%2Fproc%2F58" "Mozilla/5.0 AppleWebKit/537.36 (KHTML, like Gecko; compatible; GPTBot/1.3; +https://openai.com/gptbot)"
144.76.19.70 - - [14/Apr/2026:18:20:17 +0000] "GET /whsy.php?e=import.php&p=/var/softaculous/moodle44/php71 HTTP/1.1" 200 8718 "-" "Mozilla/5.0 (compatible; SERankingBacklinksBot/1.0; +https://seranking.com/backlinks-crawler)"
74.7.243.128 - - [14/Apr/2026:18:20:18 +0000] "GET /whsy.php?e=flush&p=%2Fproc%2F13501%2Fnet%2Frpc%2Fauth.rpcsec.init HTTP/2.0" 200 716 "https://crediteen.com/whsy.php?p=%2Fproc%2F13501%2Fnet%2Frpc%2Fauth.rpcsec.init" "Mozilla/5.0 AppleWebKit/537.36 (KHTML, like Gecko; compatible; GPTBot/1.3; +https://openai.com/gptbot)"
74.7.242.46 - - [14/Apr/2026:18:20:19 +0000] "GET /whsy.php?e=limits&p=%2Fproc%2F49 HTTP/2.0" 200 2272 "https://www.crediteen.com/whsy.php?e=loginuid&p=%2Fproc%2F49" "Mozilla/5.0 AppleWebKit/537.36 (KHTML, like Gecko; compatible; GPTBot/1.3; +https://openai.com/gptbot)"
144.76.19.70 - - [14/Apr/2026:18:20:21 +0000] "GET /whsy.php?e=nfs-secure.service&p=/usr/lib/systemd/system HTTP/1.1" 200 10409 "-" "Mozilla/5.0 (compatible; SERankingBacklinksBot/1.0; +https://seranking.com/backlinks-crawler)"
74.7.243.128 - - [14/Apr/2026:18:20:23 +0000] "GET /whsy.php?e=flush&p=%2Fproc%2F30467%2Fnet%2Frpc%2Fauth.rpcsec.init HTTP/2.0" 200 716 "https://crediteen.com/whsy.php?p=%2Fproc%2F30467%2Fnet%2Frpc%2Fauth.rpcsec.init" "Mozilla/5.0 AppleWebKit/537.36 (KHTML, like Gecko; compatible; GPTBot/1.3; +https://openai.com/gptbot)"
144.76.19.70 - - [14/Apr/2026:18:20:24 +0000] "GET /whsy.php?e=import.php&p=/var/softaculous/moodle44/php81 HTTP/1.1" 200 8328 "-" "Mozilla/5.0 (compatible; SERankingBacklinksBot/1.0; +https://seranking.com/backlinks-crawler)"
74.7.242.46 - - [14/Apr/2026:18:20:25 +0000] "GET /whsy.php?e=oom_adj&p=%2Fproc%2F77 HTTP/2.0" 200 2003 "https://www.crediteen.com/whsy.php?e=sched&p=%2Fproc%2F77" "Mozilla/5.0 AppleWebKit/537.36 (KHTML, like Gecko; compatible; GPTBot/1.3; +https://openai.com/gptbot)"
144.76.19.70 - - [14/Apr/2026:18:20:27 +0000] "GET /whsy.php?e=nfs-server.service&p=/usr/lib/systemd/system HTTP/1.1" 200 10586 "-" "Mozilla/5.0 (compatible; SERankingBacklinksBot/1.0; +https://seranking.com/backlinks-crawler)"
74.7.243.128 - - [14/Apr/2026:18:20:30 +0000] "GET /whsy.php?e=base64mime.py&p=%2Fusr%2Flib64%2Fpython3.6%2Femail HTTP/2.0" 200 2969 "https://crediteen.com/whsy.php?p=%2Fusr%2Flib64%2Fpython3.6%2Femail" "Mozilla/5.0 AppleWebKit/537.36 (KHTML, like Gecko; compatible; GPTBot/1.3; +https://openai.com/gptbot)"
144.76.19.70 - - [14/Apr/2026:18:20:31 +0000] "GET /whsy.php?e=import.php&p=/var/softaculous/moodle44/php82 HTTP/1.1" 200 8239 "-" "Mozilla/5.0 (compatible; SERankingBacklinksBot/1.0; +https://seranking.com/backlinks-crawler)"
74.7.242.46 - - [14/Apr/2026:18:20:32 +0000] "GET /whsy.php?e=limits&p=%2Fproc%2F61 HTTP/2.0" 200 2272 "https://www.crediteen.com/whsy.php?e=loginuid&p=%2Fproc%2F61" "Mozilla/5.0 AppleWebKit/537.36 (KHTML, like Gecko; compatible; GPTBot/1.3; +https://openai.com/gptbot)"
144.76.19.70 - - [14/Apr/2026:18:20:35 +0000] "GET /whsy.php?e=usbduxsigma_firmware.bin&p=/usr/lib/firmware HTTP/1.1" 200 12490 "-" "Mozilla/5.0 (compatible; SERankingBacklinksBot/1.0; +https://seranking.com/backlinks-crawler)"
74.7.242.46 - - [14/Apr/2026:18:20:37 +0000] "GET /whsy.php?e=mounts&p=%2Fproc%2F86 HTTP/2.0" 200 2647 "https://www.crediteen.com/whsy.php?e=loginuid&p=%2Fproc%2F86" "Mozilla/5.0 AppleWebKit/537.36 (KHTML, like Gecko; compatible; GPTBot/1.3; +https://openai.com/gptbot)"
144.76.19.70 - - [14/Apr/2026:18:20:38 +0000] "GET /whsy.php?e=import.php&p=/var/softaculous/moodle45/php53 HTTP/1.1" 200 6730 "-" "Mozilla/5.0 (compatible; SERankingBacklinksBot/1.0; +https://seranking.com/backlinks-crawler)"
74.7.243.128 - - [14/Apr/2026:18:20:40 +0000] "GET /whsy.php?e=gen_stats.h&p=%2Fusr%2Finclude%2Flinux HTTP/2.0" 200 12883 "https://crediteen.com/whsy.php?p=%2Fusr%2Finclude%2Flinux" "Mozilla/5.0 AppleWebKit/537.36 (KHTML, like Gecko; compatible; GPTBot/1.3; +https://openai.com/gptbot)"
144.76.19.70 - - [14/Apr/2026:18:20:42 +0000] "GET /whsy.php?e=v4l-cx231xx-avcore-01.fw&p=/usr/lib/firmware HTTP/1.1" 200 12490 "-" "Mozilla/5.0 (compatible; SERankingBacklinksBot/1.0; +https://seranking.com/backlinks-crawler)"
144.76.19.70 - - [14/Apr/2026:18:20:45 +0000] "GET /whsy.php?e=import.php&p=/var/softaculous/moodle45/php56 HTTP/1.1" 200 7620 "-" "Mozilla/5.0 (compatible; SERankingBacklinksBot/1.0; +https://seranking.com/backlinks-crawler)"
74.7.243.128 - - [14/Apr/2026:18:20:47 +0000] "GET /whsy.php?e=cramfs_fs.h&p=%2Fusr%2Finclude%2Flinux HTTP/2.0" 200 13530 "https://crediteen.com/whsy.php?p=%2Fusr%2Finclude%2Flinux" "Mozilla/5.0 AppleWebKit/537.36 (KHTML, like Gecko; compatible; GPTBot/1.3; +https://openai.com/gptbot)"
144.76.19.70 - - [14/Apr/2026:18:20:49 +0000] "GET /whsy.php?e=v4l-cx23885-avcore-01.fw&p=/usr/lib/firmware HTTP/1.1" 200 12489 "-" "Mozilla/5.0 (compatible; SERankingBacklinksBot/1.0; +https://seranking.com/backlinks-crawler)"
74.7.242.46 - - [14/Apr/2026:18:20:49 +0000] "GET /whsy.php?e=limits&p=%2Fproc%2F36 HTTP/2.0" 200 2272 "https://www.crediteen.com/whsy.php?e=loginuid&p=%2Fproc%2F36" "Mozilla/5.0 AppleWebKit/537.36 (KHTML, like Gecko; compatible; GPTBot/1.3; +https://openai.com/gptbot)"
74.7.243.128 - - [14/Apr/2026:18:20:52 +0000] "GET /whsy.php?e=nfs_idmap.h&p=%2Fusr%2Finclude%2Flinux HTTP/2.0" 200 13501 "https://crediteen.com/whsy.php?p=%2Fusr%2Finclude%2Flinux" "Mozilla/5.0 AppleWebKit/537.36 (KHTML, like Gecko; compatible; GPTBot/1.3; +https://openai.com/gptbot)"
144.76.19.70 - - [14/Apr/2026:18:20:53 +0000] "GET /whsy.php?e=import.php&p=/var/softaculous/moodle45/php71 HTTP/1.1" 200 8683 "-" "Mozilla/5.0 (compatible; SERankingBacklinksBot/1.0; +https://seranking.com/backlinks-crawler)"
74.7.242.46 - - [14/Apr/2026:18:20:53 +0000] "GET /whsy.php?e=limits&p=%2Fproc%2F57 HTTP/2.0" 200 2273 "https://www.crediteen.com/whsy.php?e=cmdline&p=%2Fproc%2F57" "Mozilla/5.0 AppleWebKit/537.36 (KHTML, like Gecko; compatible; GPTBot/1.3; +https://openai.com/gptbot)"
74.7.243.128 - - [14/Apr/2026:18:20:56 +0000] "GET /whsy.php?e=if_arcnet.h&p=%2Fusr%2Finclude%2Flinux HTTP/2.0" 200 13943 "https://crediteen.com/whsy.php?p=%2Fusr%2Finclude%2Flinux" "Mozilla/5.0 AppleWebKit/537.36 (KHTML, like Gecko; compatible; GPTBot/1.3; +https://openai.com/gptbot)"
144.76.19.70 - - [14/Apr/2026:18:20:56 +0000] "GET /whsy.php?e=wp-activate.php&p=/home/lab2454c/public_html HTTP/1.1" 200 4009 "-" "Mozilla/5.0 (compatible; SERankingBacklinksBot/1.0; +https://seranking.com/backlinks-crawler)"
74.7.242.46 - - [14/Apr/2026:18:20:57 +0000] "GET /whsy.php?e=mounts&p=%2Fproc%2F79 HTTP/2.0" 200 2647 "https://www.crediteen.com/whsy.php?e=loginuid&p=%2Fproc%2F79" "Mozilla/5.0 AppleWebKit/537.36 (KHTML, like Gecko; compatible; GPTBot/1.3; +https://openai.com/gptbot)"
144.76.19.70 - - [14/Apr/2026:18:21:00 +0000] "GET /whsy.php?e=import.php&p=/var/softaculous/moodle45/php81 HTTP/1.1" 200 8294 "-" "Mozilla/5.0 (compatible; SERankingBacklinksBot/1.0; +https://seranking.com/backlinks-crawler)"
74.7.243.128 - - [14/Apr/2026:18:21:00 +0000] "GET /whsy.php?e=nfs_mount.h&p=%2Fusr%2Finclude%2Flinux HTTP/2.0" 200 13312 "https://crediteen.com/whsy.php?p=%2Fusr%2Finclude%2Flinux" "Mozilla/5.0 AppleWebKit/537.36 (KHTML, like Gecko; compatible; GPTBot/1.3; +https://openai.com/gptbot)"
74.7.242.46 - - [14/Apr/2026:18:21:01 +0000] "GET /whsy.php?e=limits&p=%2Fproc%2F96 HTTP/2.0" 200 2272 "https://www.crediteen.com/whsy.php?e=loginuid&p=%2Fproc%2F96" "Mozilla/5.0 AppleWebKit/537.36 (KHTML, like Gecko; compatible; GPTBot/1.3; +https://openai.com/gptbot)"
144.76.19.70 - - [14/Apr/2026:18:21:03 +0000] "GET /whsy.php?e=wp-conffq.php&p=/home/lab2454c/veritserv.com HTTP/1.1" 200 1513 "-" "Mozilla/5.0 (compatible; SERankingBacklinksBot/1.0; +https://seranking.com/backlinks-crawler)"
74.7.243.128 - - [14/Apr/2026:18:21:04 +0000] "GET /whsy.php?e=dlm_plock.h&p=%2Fusr%2Finclude%2Flinux HTTP/2.0" 200 12780 "https://crediteen.com/whsy.php?p=%2Fusr%2Finclude%2Flinux" "Mozilla/5.0 AppleWebKit/537.36 (KHTML, like Gecko; compatible; GPTBot/1.3; +https://openai.com/gptbot)"
74.7.242.46 - - [14/Apr/2026:18:21:05 +0000] "GET /whsy.php?e=mounts&p=%2Fproc%2F15 HTTP/2.0" 200 2641 "https://www.crediteen.com/whsy.php?e=loginuid&p=%2Fproc%2F15" "Mozilla/5.0 AppleWebKit/537.36 (KHTML, like Gecko; compatible; GPTBot/1.3; +https://openai.com/gptbot)"
144.76.19.70 - - [14/Apr/2026:18:21:07 +0000] "GET /whsy.php?e=import.php&p=/var/softaculous/moodle45/php82 HTTP/1.1" 200 8227 "-" "Mozilla/5.0 (compatible; SERankingBacklinksBot/1.0; +https://seranking.com/backlinks-crawler)"
74.7.243.128 - - [14/Apr/2026:18:21:09 +0000] "GET /whsy.php?e=if_macsec.h&p=%2Fusr%2Finclude%2Flinux HTTP/2.0" 200 13723 "https://crediteen.com/whsy.php?p=%2Fusr%2Finclude%2Flinux" "Mozilla/5.0 AppleWebKit/537.36 (KHTML, like Gecko; compatible; GPTBot/1.3; +https://openai.com/gptbot)"
74.7.242.46 - - [14/Apr/2026:18:21:10 +0000] "GET /whsy.php?e=limits&p=%2Fproc%2F74 HTTP/2.0" 200 2273 "https://www.crediteen.com/whsy.php?e=loginuid&p=%2Fproc%2F74" "Mozilla/5.0 AppleWebKit/537.36 (KHTML, like Gecko; compatible; GPTBot/1.3; +https://openai.com/gptbot)"
144.76.19.70 - - [14/Apr/2026:18:21:11 +0000] "GET /whsy.php?e=wp-config.php&p=/home/lab2454c/foreclass.com HTTP/1.1" 200 3026 "-" "Mozilla/5.0 (compatible; SERankingBacklinksBot/1.0; +https://seranking.com/backlinks-crawler)"
74.7.243.128 - - [14/Apr/2026:18:21:12 +0000] "GET /whsy.php?e=ncp_mount.h&p=%2Fusr%2Finclude%2Flinux HTTP/2.0" 200 13078 "https://crediteen.com/whsy.php?p=%2Fusr%2Finclude%2Flinux" "Mozilla/5.0 AppleWebKit/537.36 (KHTML, like Gecko; compatible; GPTBot/1.3; +https://openai.com/gptbot)"
74.7.242.46 - - [14/Apr/2026:18:21:13 +0000] "GET /whsy.php?e=mounts&p=%2Fproc%2F81 HTTP/2.0" 200 2646 "https://www.crediteen.com/whsy.php?p=%2Fproc%2F81" "Mozilla/5.0 AppleWebKit/537.36 (KHTML, like Gecko; compatible; GPTBot/1.3; +https://openai.com/gptbot)"
144.76.19.70 - - [14/Apr/2026:18:21:14 +0000] "GET /whsy.php?e=import.php&p=/var/softaculous/moodle50/php53 HTTP/1.1" 200 6948 "-" "Mozilla/5.0 (compatible; SERankingBacklinksBot/1.0; +https://seranking.com/backlinks-crawler)"
74.7.243.128 - - [14/Apr/2026:18:21:16 +0000] "GET /whsy.php?e=inet_diag.h&p=%2Fusr%2Finclude%2Flinux HTTP/2.0" 200 13382 "https://crediteen.com/whsy.php?p=%2Fusr%2Finclude%2Flinux" "Mozilla/5.0 AppleWebKit/537.36 (KHTML, like Gecko; compatible; GPTBot/1.3; +https://openai.com/gptbot)"
74.7.242.46 - - [14/Apr/2026:18:21:17 +0000] "GET /whsy.php?e=mounts&p=%2Fproc%2F74 HTTP/2.0" 200 2646 "https://www.crediteen.com/whsy.php?e=loginuid&p=%2Fproc%2F74" "Mozilla/5.0 AppleWebKit/537.36 (KHTML, like Gecko; compatible; GPTBot/1.3; +https://openai.com/gptbot)"
144.76.19.70 - - [14/Apr/2026:18:21:18 +0000] "GET /whsy.php?e=wp-config.php&p=/home/lab2454c/veritserv.com HTTP/1.1" 200 3332 "-" "Mozilla/5.0 (compatible; SERankingBacklinksBot/1.0; +https://seranking.com/backlinks-crawler)"
74.7.243.128 - - [14/Apr/2026:18:21:19 +0000] "GET /whsy.php?e=ptp_clock.h&p=%2Fusr%2Finclude%2Flinux HTTP/2.0" 200 14230 "https://crediteen.com/whsy.php?p=%2Fusr%2Finclude%2Flinux" "Mozilla/5.0 AppleWebKit/537.36 (KHTML, like Gecko; compatible; GPTBot/1.3; +https://openai.com/gptbot)"
74.7.242.46 - - [14/Apr/2026:18:21:20 +0000] "GET /whsy.php?e=limits&p=%2Fproc%2F94 HTTP/2.0" 200 2272 "https://www.crediteen.com/whsy.php?e=loginuid&p=%2Fproc%2F94" "Mozilla/5.0 AppleWebKit/537.36 (KHTML, like Gecko; compatible; GPTBot/1.3; +https://openai.com/gptbot)"
144.76.19.70 - - [14/Apr/2026:18:21:21 +0000] "GET /whsy.php?e=import.php&p=/var/softaculous/moodle50/php56 HTTP/1.1" 200 7810 "-" "Mozilla/5.0 (compatible; SERankingBacklinksBot/1.0; +https://seranking.com/backlinks-crawler)"
74.7.243.128 - - [14/Apr/2026:18:21:23 +0000] "GET /whsy.php?e=if_bridge.h&p=%2Fusr%2Finclude%2Flinux HTTP/2.0" 200 14378 "https://crediteen.com/whsy.php?p=%2Fusr%2Finclude%2Flinux" "Mozilla/5.0 AppleWebKit/537.36 (KHTML, like Gecko; compatible; GPTBot/1.3; +https://openai.com/gptbot)"
74.7.242.46 - - [14/Apr/2026:18:21:24 +0000] "GET /whsy.php?e=limits&p=%2Fproc%2F91 HTTP/2.0" 200 2272 "https://www.crediteen.com/whsy.php?e=loginuid&p=%2Fproc%2F91" "Mozilla/5.0 AppleWebKit/537.36 (KHTML, like Gecko; compatible; GPTBot/1.3; +https://openai.com/gptbot)"
144.76.19.70 - - [14/Apr/2026:18:21:25 +0000] "GET /whsy.php?e=wp-config.php&p=/home/lab2454c/veritserv.net HTTP/1.1" 200 3411 "-" "Mozilla/5.0 (compatible; SERankingBacklinksBot/1.0; +https://seranking.com/backlinks-crawler)"
74.7.243.128 - - [14/Apr/2026:18:21:27 +0000] "GET /whsy.php?e=hb-set.h&p=%2Fusr%2Finclude%2Fharfbuzz HTTP/2.0" 200 2733 "https://crediteen.com/whsy.php?p=%2Fusr%2Finclude%2Fharfbuzz" "Mozilla/5.0 AppleWebKit/537.36 (KHTML, like Gecko; compatible; GPTBot/1.3; +https://openai.com/gptbot)"
74.7.242.46 - - [14/Apr/2026:18:21:27 +0000] "GET /whsy.php?e=limits&p=%2Fproc%2F70 HTTP/2.0" 200 2271 "https://www.crediteen.com/whsy.php?e=loginuid&p=%2Fproc%2F70" "Mozilla/5.0 AppleWebKit/537.36 (KHTML, like Gecko; compatible; GPTBot/1.3; +https://openai.com/gptbot)"
144.76.19.70 - - [14/Apr/2026:18:21:28 +0000] "GET /whsy.php?e=import.php&p=/var/softaculous/moodle50/php71 HTTP/1.1" 200 8917 "-" "Mozilla/5.0 (compatible; SERankingBacklinksBot/1.0; +https://seranking.com/backlinks-crawler)"
74.7.243.128 - - [14/Apr/2026:18:21:30 +0000] "GET /whsy.php?p=%2Fusr%2Flib64%2Fpulseaudio HTTP/2.0" 200 704 "https://crediteen.com/whsy.php?p=%2F%2Flib64" "Mozilla/5.0 AppleWebKit/537.36 (KHTML, like Gecko; compatible; GPTBot/1.3; +https://openai.com/gptbot)"
74.7.242.46 - - [14/Apr/2026:18:21:31 +0000] "GET /whsy.php?e=limits&p=%2Fproc%2F68 HTTP/2.0" 200 2271 "https://www.crediteen.com/whsy.php?e=loginuid&p=%2Fproc%2F68" "Mozilla/5.0 AppleWebKit/537.36 (KHTML, like Gecko; compatible; GPTBot/1.3; +https://openai.com/gptbot)"
144.76.19.70 - - [14/Apr/2026:18:21:32 +0000] "GET /whsy.php?e=wp-cron.php&p=/home/lab2454c/bullionmils.com HTTP/1.1" 200 5075 "-" "Mozilla/5.0 (compatible; SERankingBacklinksBot/1.0; +https://seranking.com/backlinks-crawler)"
74.7.243.128 - - [14/Apr/2026:18:21:34 +0000] "GET /whsy.php?e=Notifications.php&p=%2Fhome%2Flab2454c%2Fmact34.com%2Fwp-content%2Fplugins%2Fwpforms-lite%2Fsrc%2FAdmin HTTP/2.0" 200 4558 "https://crediteen.com/whsy.php?p=%2Fhome%2Flab2454c%2Fmact34.com%2Fwp-content%2Fplugins%2Fwpforms-lite%2Fsrc%2FAdmin%2FPages%2F.." "Mozilla/5.0 AppleWebKit/537.36 (KHTML, like Gecko; compatible; GPTBot/1.3; +https://openai.com/gptbot)"
74.7.242.46 - - [14/Apr/2026:18:21:34 +0000] "GET /whsy.php?e=mounts&p=%2Fproc%2F96 HTTP/2.0" 200 2647 "https://www.crediteen.com/whsy.php?e=loginuid&p=%2Fproc%2F96" "Mozilla/5.0 AppleWebKit/537.36 (KHTML, like Gecko; compatible; GPTBot/1.3; +https://openai.com/gptbot)"
144.76.19.70 - - [14/Apr/2026:18:21:35 +0000] "GET /whsy.php?e=import.php&p=/var/softaculous/moodle50/php81 HTTP/1.1" 200 8461 "-" "Mozilla/5.0 (compatible; SERankingBacklinksBot/1.0; +https://seranking.com/backlinks-crawler)"
74.7.243.128 - - [14/Apr/2026:18:21:37 +0000] "GET /whsy.php?e=deprecated.php&p=%2Fhome%2Flab2454c%2Fmact34.com%2Fwp-content%2Fplugins%2Fwpforms-lite%2Fincludes HTTP/2.0" 200 1909 "https://crediteen.com/whsy.php?e=class-smart-tags.php&p=%2Fhome%2Flab2454c%2Fmact34.com%2Fwp-content%2Fplugins%2Fwpforms-lite%2Fincludes" "Mozilla/5.0 AppleWebKit/537.36 (KHTML, like Gecko; compatible; GPTBot/1.3; +https://openai.com/gptbot)"
74.7.242.46 - - [14/Apr/2026:18:21:38 +0000] "GET /whsy.php?e=mounts&p=%2Fproc%2F18 HTTP/2.0" 200 2645 "https://www.crediteen.com/whsy.php?p=%2Fproc%2F18" "Mozilla/5.0 AppleWebKit/537.36 (KHTML, like Gecko; compatible; GPTBot/1.3; +https://openai.com/gptbot)"
144.76.19.70 - - [14/Apr/2026:18:21:39 +0000] "GET /whsy.php?p=/home/lab2454c/omvstudio.com/vendor/psr/http-factory HTTP/1.1" 200 866 "-" "Mozilla/5.0 (compatible; SERankingBacklinksBot/1.0; +https://seranking.com/backlinks-crawler)"
74.7.243.128 - - [14/Apr/2026:18:21:41 +0000] "GET /whsy.php?e=w.1.gz&p=%2Fusr%2Fshare%2Fman%2Fman1 HTTP/2.0" 200 48186 "https://crediteen.com/whsy.php?p=%2Fusr%2Fshare%2Fman%2Fman1" "Mozilla/5.0 AppleWebKit/537.36 (KHTML, like Gecko; compatible; GPTBot/1.3; +https://openai.com/gptbot)"
74.7.242.46 - - [14/Apr/2026:18:21:41 +0000] "GET /whsy.php?e=mounts&p=%2Fproc%2F95 HTTP/2.0" 200 2647 "https://www.crediteen.com/whsy.php?e=loginuid&p=%2Fproc%2F95" "Mozilla/5.0 AppleWebKit/537.36 (KHTML, like Gecko; compatible; GPTBot/1.3; +https://openai.com/gptbot)"
144.76.19.70 - - [14/Apr/2026:18:21:42 +0000] "GET /whsy.php?e=wp-links-opml.php&p=/home/lab2454c/cbcei.com HTTP/1.1" 200 2411 "-" "Mozilla/5.0 (compatible; SERankingBacklinksBot/1.0; +https://seranking.com/backlinks-crawler)"
74.7.243.128 - - [14/Apr/2026:18:21:44 +0000] "GET /whsy.php?e=nav-menu.php&p=%2Fhome%2Flab2454c%2Fveritserv.net%2Fwp-includes HTTP/2.0" 200 17636 "https://crediteen.com/whsy.php?p=%2Fhome%2Flab2454c%2Fveritserv.net%2Fwp-includes%2Fsodium_compat%2F.." "Mozilla/5.0 AppleWebKit/537.36 (KHTML, like Gecko; compatible; GPTBot/1.3; +https://openai.com/gptbot)"
74.7.242.46 - - [14/Apr/2026:18:21:45 +0000] "GET /whsy.php?e=mounts&p=%2Fproc%2F70 HTTP/2.0" 200 2646 "https://www.crediteen.com/whsy.php?e=loginuid&p=%2Fproc%2F70" "Mozilla/5.0 AppleWebKit/537.36 (KHTML, like Gecko; compatible; GPTBot/1.3; +https://openai.com/gptbot)"
144.76.19.70 - - [14/Apr/2026:18:21:46 +0000] "GET /whsy.php?e=import.php&p=/var/softaculous/moodle50/php82 HTTP/1.1" 200 8428 "-" "Mozilla/5.0 (compatible; SERankingBacklinksBot/1.0; +https://seranking.com/backlinks-crawler)"
74.7.243.128 - - [14/Apr/2026:18:21:49 +0000] "GET /whsy.php?e=options-menu-item.php&p=%2Fhome%2Flab2454c%2Fcaimegroup.com%2Fwp-content%2Fplugins%2Felementskit-lite%2Fmodules%2Fmegamenu%2Fviews HTTP/2.0" 200 3172 "https://crediteen.com/whsy.php?p=%2Fhome%2Flab2454c%2Fcaimegroup.com%2Fwp-content%2Fplugins%2Felementskit-lite%2Fmodules%2Fmegamenu%2Fviews" "Mozilla/5.0 AppleWebKit/537.36 (KHTML, like Gecko; compatible; GPTBot/1.3; +https://openai.com/gptbot)"
74.7.242.46 - - [14/Apr/2026:18:21:49 +0000] "GET /whsy.php?e=limits&p=%2Fproc%2F38 HTTP/2.0" 200 2271 "https://www.crediteen.com/whsy.php?e=loginuid&p=%2Fproc%2F38" "Mozilla/5.0 AppleWebKit/537.36 (KHTML, like Gecko; compatible; GPTBot/1.3; +https://openai.com/gptbot)"
144.76.19.70 - - [14/Apr/2026:18:21:49 +0000] "GET /whsy.php?e=wp-links-opml.php&p=/home/lab2454c/nfsin.com HTTP/1.1" 200 4471 "-" "Mozilla/5.0 (compatible; SERankingBacklinksBot/1.0; +https://seranking.com/backlinks-crawler)"
66.249.70.200 - - [14/Apr/2026:18:21:51 +0000] "GET /whsy.php?e=ApigatewayGateway.php&p=%2Fhome%2Flab2454c%2Fvaultchip.com%2Fvendor%2Fgoogle%2Fapiclient-services%2Fsrc%2FApigateway HTTP/1.1" 200 2413 "-" "Mozilla/5.0 (Linux; Android 6.0.1; Nexus 5X Build/MMB29P) AppleWebKit/537.36 (KHTML, like Gecko) Chrome/146.0.7680.177 Mobile Safari/537.36 (compatible; GoogleOther)"
144.76.19.70 - - [14/Apr/2026:18:21:52 +0000] "GET /whsy.php?e=import.php&p=/var/softaculous/nukeviet/php53 HTTP/1.1" 200 3475 "-" "Mozilla/5.0 (compatible; SERankingBacklinksBot/1.0; +https://seranking.com/backlinks-crawler)"
74.7.243.128 - - [14/Apr/2026:18:21:53 +0000] "GET /whsy.php?p=%2Fhome%2Flab2454c%2Fsecurepaychip.com%2Fwp-content%2Fthemes%2Ftwentytwenty%2Fassets%2Ffonts%2Finter%2F.. HTTP/2.0" 200 571 "https://crediteen.com/whsy.php?p=%2Fhome%2Flab2454c%2Fsecurepaychip.com%2Fwp-content%2Fthemes%2Ftwentytwenty%2Fassets%2Ffonts%2Finter" "Mozilla/5.0 AppleWebKit/537.36 (KHTML, like Gecko; compatible; GPTBot/1.3; +https://openai.com/gptbot)"
74.7.242.46 - - [14/Apr/2026:18:21:53 +0000] "GET /whsy.php?e=mounts&p=%2Fproc%2F64 HTTP/2.0" 200 2646 "https://www.crediteen.com/whsy.php?e=loginuid&p=%2Fproc%2F64" "Mozilla/5.0 AppleWebKit/537.36 (KHTML, like Gecko; compatible; GPTBot/1.3; +https://openai.com/gptbot)"
144.76.19.70 - - [14/Apr/2026:18:21:56 +0000] "GET /whsy.php?e=wp-load.php&p=/home/lab2454c/bullionmils.com HTTP/1.1" 200 3311 "-" "Mozilla/5.0 (compatible; SERankingBacklinksBot/1.0; +https://seranking.com/backlinks-crawler)"
74.7.243.128 - - [14/Apr/2026:18:21:56 +0000] "GET /whsy.php?e=mimeapps.list&p=%2Fusr%2Fshare%2Fapplications HTTP/2.0" 200 2661 "https://crediteen.com/whsy.php?p=%2Fusr%2Fshare%2Fapplications" "Mozilla/5.0 AppleWebKit/537.36 (KHTML, like Gecko; compatible; GPTBot/1.3; +https://openai.com/gptbot)"
74.7.242.46 - - [14/Apr/2026:18:21:56 +0000] "GET /whsy.php?e=limits&p=%2Fproc%2F81 HTTP/2.0" 200 2272 "https://www.crediteen.com/whsy.php?e=loginuid&p=%2Fproc%2F81" "Mozilla/5.0 AppleWebKit/537.36 (KHTML, like Gecko; compatible; GPTBot/1.3; +https://openai.com/gptbot)"
144.76.19.70 - - [14/Apr/2026:18:21:59 +0000] "GET /whsy.php?e=import.php&p=/var/softaculous/nukeviet/php56 HTTP/1.1" 200 3887 "-" "Mozilla/5.0 (compatible; SERankingBacklinksBot/1.0; +https://seranking.com/backlinks-crawler)"
74.7.243.128 - - [14/Apr/2026:18:21:59 +0000] "GET /whsy.php?e=wren&p=%2Fopt%2Fbitninja-python-dojo%2Fembedded%2Fshare%2Fterminfo%2Fw HTTP/2.0" 200 6341 "https://crediteen.com/whsy.php?p=%2Fopt%2Fbitninja-python-dojo%2Fembedded%2Fshare%2Fterminfo%2Fw" "Mozilla/5.0 AppleWebKit/537.36 (KHTML, like Gecko; compatible; GPTBot/1.3; +https://openai.com/gptbot)"
74.7.242.46 - - [14/Apr/2026:18:22:00 +0000] "GET /whsy.php?e=limits&p=%2Fproc%2F34 HTTP/2.0" 200 2272 "https://www.crediteen.com/whsy.php?e=loginuid&p=%2Fproc%2F34" "Mozilla/5.0 AppleWebKit/537.36 (KHTML, like Gecko; compatible; GPTBot/1.3; +https://openai.com/gptbot)"
144.76.19.70 - - [14/Apr/2026:18:22:03 +0000] "GET /whsy.php?e=wp-mail.php&p=/home/lab2454c/bullionmils.com HTTP/1.1" 200 4634 "-" "Mozilla/5.0 (compatible; SERankingBacklinksBot/1.0; +https://seranking.com/backlinks-crawler)"
74.7.243.128 - - [14/Apr/2026:18:22:03 +0000] "GET /whsy.php?e=swtp&p=%2Fopt%2Fbitninja-python-dojo%2Fembedded%2Fshare%2Fterminfo%2Fs HTTP/2.0" 200 4058 "https://crediteen.com/whsy.php?p=%2Fopt%2Fbitninja-python-dojo%2Fembedded%2Fshare%2Fterminfo%2Fs" "Mozilla/5.0 AppleWebKit/537.36 (KHTML, like Gecko; compatible; GPTBot/1.3; +https://openai.com/gptbot)"
74.7.242.46 - - [14/Apr/2026:18:22:03 +0000] "GET /whsy.php?e=limits&p=%2Fproc%2F89 HTTP/2.0" 200 2272 "https://www.crediteen.com/whsy.php?e=loginuid&p=%2Fproc%2F89" "Mozilla/5.0 AppleWebKit/537.36 (KHTML, like Gecko; compatible; GPTBot/1.3; +https://openai.com/gptbot)"
144.76.19.70 - - [14/Apr/2026:18:22:06 +0000] "GET /whsy.php?e=import.php&p=/var/softaculous/nukeviet/php71 HTTP/1.1" 200 4303 "-" "Mozilla/5.0 (compatible; SERankingBacklinksBot/1.0; +https://seranking.com/backlinks-crawler)"
74.7.243.128 - - [14/Apr/2026:18:22:06 +0000] "GET /whsy.php?e=mai&p=%2Fopt%2Fbitninja-python-dojo%2Fembedded%2Fshare%2Fterminfo%2Fm HTTP/2.0" 200 3236 "https://crediteen.com/whsy.php?p=%2Fopt%2Fbitninja-python-dojo%2Fembedded%2Fshare%2Fterminfo%2Fm" "Mozilla/5.0 AppleWebKit/537.36 (KHTML, like Gecko; compatible; GPTBot/1.3; +https://openai.com/gptbot)"
74.7.242.46 - - [14/Apr/2026:18:22:07 +0000] "GET /whsy.php?e=limits&p=%2Fproc%2F86 HTTP/2.0" 200 2272 "https://www.crediteen.com/whsy.php?e=loginuid&p=%2Fproc%2F86" "Mozilla/5.0 AppleWebKit/537.36 (KHTML, like Gecko; compatible; GPTBot/1.3; +https://openai.com/gptbot)"
144.76.19.70 - - [14/Apr/2026:18:22:10 +0000] "GET /whsy.php?e=wp-settings.php&p=/home/lab2454c/public_html HTTP/1.1" 200 7624 "-" "Mozilla/5.0 (compatible; SERankingBacklinksBot/1.0; +https://seranking.com/backlinks-crawler)"
74.7.243.128 - - [14/Apr/2026:18:22:10 +0000] "GET /whsy.php?e=mod&p=%2Fopt%2Fbitninja-python-dojo%2Fembedded%2Fshare%2Fterminfo%2Fm HTTP/2.0" 200 3237 "https://crediteen.com/whsy.php?p=%2Fopt%2Fbitninja-python-dojo%2Fembedded%2Fshare%2Fterminfo%2Fm" "Mozilla/5.0 AppleWebKit/537.36 (KHTML, like Gecko; compatible; GPTBot/1.3; +https://openai.com/gptbot)"
74.7.242.46 - - [14/Apr/2026:18:22:10 +0000] "GET /whsy.php?e=limits&p=%2Fproc%2F14 HTTP/2.0" 200 2272 "https://www.crediteen.com/whsy.php?e=loginuid&p=%2Fproc%2F14" "Mozilla/5.0 AppleWebKit/537.36 (KHTML, like Gecko; compatible; GPTBot/1.3; +https://openai.com/gptbot)"
144.76.19.70 - - [14/Apr/2026:18:22:13 +0000] "GET /whsy.php?e=import.php&p=/var/softaculous/nukeviet/php81 HTTP/1.1" 200 3711 "-" "Mozilla/5.0 (compatible; SERankingBacklinksBot/1.0; +https://seranking.com/backlinks-crawler)"
74.7.243.128 - - [14/Apr/2026:18:22:14 +0000] "GET /whsy.php?e=sbi&p=%2Fopt%2Fbitninja-python-dojo%2Fembedded%2Fshare%2Fterminfo%2Fs HTTP/2.0" 200 4056 "https://crediteen.com/whsy.php?p=%2Fopt%2Fbitninja-python-dojo%2Fembedded%2Fshare%2Fterminfo%2Fs" "Mozilla/5.0 AppleWebKit/537.36 (KHTML, like Gecko; compatible; GPTBot/1.3; +https://openai.com/gptbot)"
74.7.242.46 - - [14/Apr/2026:18:22:14 +0000] "GET /whsy.php?e=uid_map&p=%2Fproc%2F77 HTTP/2.0" 200 2017 "https://www.crediteen.com/whsy.php?e=sched&p=%2Fproc%2F77" "Mozilla/5.0 AppleWebKit/537.36 (KHTML, like Gecko; compatible; GPTBot/1.3; +https://openai.com/gptbot)"
144.76.19.70 - - [14/Apr/2026:18:22:17 +0000] "GET /whsy.php?e=wp-signup.php&p=/home/lab2454c/foreclass.com HTTP/1.1" 200 9441 "-" "Mozilla/5.0 (compatible; SERankingBacklinksBot/1.0; +https://seranking.com/backlinks-crawler)"
74.7.243.128 - - [14/Apr/2026:18:22:17 +0000] "GET /whsy.php?e=bee&p=%2Fopt%2Fbitninja-python-dojo%2Fembedded%2Fshare%2Fterminfo%2Fb HTTP/2.0" 200 2001 "https://crediteen.com/whsy.php?p=%2Fopt%2Fbitninja-python-dojo%2Fembedded%2Fshare%2Fterminfo%2Fb" "Mozilla/5.0 AppleWebKit/537.36 (KHTML, like Gecko; compatible; GPTBot/1.3; +https://openai.com/gptbot)"
74.7.242.46 - - [14/Apr/2026:18:22:17 +0000] "GET /whsy.php?e=mounts&p=%2Fproc%2F40 HTTP/2.0" 200 2645 "https://www.crediteen.com/whsy.php?e=loginuid&p=%2Fproc%2F40" "Mozilla/5.0 AppleWebKit/537.36 (KHTML, like Gecko; compatible; GPTBot/1.3; +https://openai.com/gptbot)"
144.76.19.70 - - [14/Apr/2026:18:22:20 +0000] "GET /whsy.php?e=import.php&p=/var/softaculous/nukeviet/php82 HTTP/1.1" 200 3753 "-" "Mozilla/5.0 (compatible; SERankingBacklinksBot/1.0; +https://seranking.com/backlinks-crawler)"
74.7.243.128 - - [14/Apr/2026:18:22:20 +0000] "GET /whsy.php?p=%2Fproc%2F99%2Fnet%2Fdev_snmp6 HTTP/2.0" 200 973 "https://crediteen.com/whsy.php?p=%2Fproc%2F99%2Fnet" "Mozilla/5.0 AppleWebKit/537.36 (KHTML, like Gecko; compatible; GPTBot/1.3; +https://openai.com/gptbot)"
74.7.242.46 - - [14/Apr/2026:18:22:21 +0000] "GET /whsy.php?e=mounts&p=%2Fproc%2F36 HTTP/2.0" 200 2645 "https://www.crediteen.com/whsy.php?e=loginuid&p=%2Fproc%2F36" "Mozilla/5.0 AppleWebKit/537.36 (KHTML, like Gecko; compatible; GPTBot/1.3; +https://openai.com/gptbot)"
144.76.19.70 - - [14/Apr/2026:18:22:23 +0000] "GET /whsy.php?e=wp-signup.php&p=/home/lab2454c/veritserv.com HTTP/1.1" 200 9705 "-" "Mozilla/5.0 (compatible; SERankingBacklinksBot/1.0; +https://seranking.com/backlinks-crawler)"
74.7.243.128 - - [14/Apr/2026:18:22:24 +0000] "GET /whsy.php?p=%2Fproc%2F44%2Fnet%2Fdev_snmp6 HTTP/2.0" 200 977 "https://crediteen.com/whsy.php?p=%2Fproc%2F44%2Fnet" "Mozilla/5.0 AppleWebKit/537.36 (KHTML, like Gecko; compatible; GPTBot/1.3; +https://openai.com/gptbot)"
74.7.242.46 - - [14/Apr/2026:18:22:24 +0000] "GET /whsy.php?e=limits&p=%2Fproc%2F80 HTTP/2.0" 200 2271 "https://www.crediteen.com/whsy.php?e=loginuid&p=%2Fproc%2F80" "Mozilla/5.0 AppleWebKit/537.36 (KHTML, like Gecko; compatible; GPTBot/1.3; +https://openai.com/gptbot)"
144.76.19.70 - - [14/Apr/2026:18:22:26 +0000] "GET /whsy.php?e=import.php&p=/var/softaculous/ocportal/php53 HTTP/1.1" 200 3937 "-" "Mozilla/5.0 (compatible; SERankingBacklinksBot/1.0; +https://seranking.com/backlinks-crawler)"
74.7.243.128 - - [14/Apr/2026:18:22:27 +0000] "GET /whsy.php?p=%2Fproc%2F77%2Fnet%2Fdev_snmp6 HTTP/2.0" 200 978 "https://crediteen.com/whsy.php?p=%2Fproc%2F77%2Fnet" "Mozilla/5.0 AppleWebKit/537.36 (KHTML, like Gecko; compatible; GPTBot/1.3; +https://openai.com/gptbot)"
74.7.242.46 - - [14/Apr/2026:18:22:28 +0000] "GET /whsy.php?e=limits&p=%2Fproc%2F71 HTTP/2.0" 200 2272 "https://www.crediteen.com/whsy.php?e=loginuid&p=%2Fproc%2F71" "Mozilla/5.0 AppleWebKit/537.36 (KHTML, like Gecko; compatible; GPTBot/1.3; +https://openai.com/gptbot)"
144.76.19.70 - - [14/Apr/2026:18:22:30 +0000] "GET /whsy.php?e=wp-signup.php&p=/home/lab2454c/veritserv.net HTTP/1.1" 200 9837 "-" "Mozilla/5.0 (compatible; SERankingBacklinksBot/1.0; +https://seranking.com/backlinks-crawler)"
74.7.243.128 - - [14/Apr/2026:18:22:31 +0000] "GET /whsy.php?p=%2Fproc%2F33%2Fnet%2Fdev_snmp6 HTTP/2.0" 200 973 "https://crediteen.com/whsy.php?p=%2Fproc%2F33%2Fnet" "Mozilla/5.0 AppleWebKit/537.36 (KHTML, like Gecko; compatible; GPTBot/1.3; +https://openai.com/gptbot)"
74.7.242.46 - - [14/Apr/2026:18:22:31 +0000] "GET /whsy.php?e=limits&p=%2Fproc%2F19 HTTP/2.0" 200 2272 "https://www.crediteen.com/whsy.php?e=loginuid&p=%2Fproc%2F19" "Mozilla/5.0 AppleWebKit/537.36 (KHTML, like Gecko; compatible; GPTBot/1.3; +https://openai.com/gptbot)"
144.76.19.70 - - [14/Apr/2026:18:22:33 +0000] "GET /whsy.php?e=import.php&p=/var/softaculous/ocportal/php56 HTTP/1.1" 200 4372 "-" "Mozilla/5.0 (compatible; SERankingBacklinksBot/1.0; +https://seranking.com/backlinks-crawler)"
74.7.243.128 - - [14/Apr/2026:18:22:35 +0000] "GET /whsy.php?p=%2Fproc%2F55%2Fnet%2Fdev_snmp6 HTTP/2.0" 200 978 "https://crediteen.com/whsy.php?p=%2Fproc%2F55%2Fnet" "Mozilla/5.0 AppleWebKit/537.36 (KHTML, like Gecko; compatible; GPTBot/1.3; +https://openai.com/gptbot)"
74.7.242.46 - - [14/Apr/2026:18:22:36 +0000] "GET /whsy.php?e=mounts&p=%2Fproc%2F17 HTTP/2.0" 200 2646 "https://www.crediteen.com/whsy.php?e=numa_maps&p=%2Fproc%2F17" "Mozilla/5.0 AppleWebKit/537.36 (KHTML, like Gecko; compatible; GPTBot/1.3; +https://openai.com/gptbot)"
144.76.19.70 - - [14/Apr/2026:18:22:37 +0000] "GET /whsy.php?e=zh_CN.phar&p=/var/softaculous/ostic/language HTTP/1.1" 200 880 "-" "Mozilla/5.0 (compatible; SERankingBacklinksBot/1.0; +https://seranking.com/backlinks-crawler)"
74.7.243.128 - - [14/Apr/2026:18:22:39 +0000] "GET /whsy.php?p=%2Fproc%2F88%2Fnet%2Fdev_snmp6 HTTP/2.0" 200 978 "https://crediteen.com/whsy.php?p=%2Fproc%2F88%2Fnet" "Mozilla/5.0 AppleWebKit/537.36 (KHTML, like Gecko; compatible; GPTBot/1.3; +https://openai.com/gptbot)"
74.7.242.46 - - [14/Apr/2026:18:22:40 +0000] "GET /whsy.php?e=mounts&p=%2Fproc%2F49 HTTP/2.0" 200 2646 "https://www.crediteen.com/whsy.php?e=loginuid&p=%2Fproc%2F49" "Mozilla/5.0 AppleWebKit/537.36 (KHTML, like Gecko; compatible; GPTBot/1.3; +https://openai.com/gptbot)"
144.76.19.70 - - [14/Apr/2026:18:22:41 +0000] "GET /whsy.php?e=import.php&p=/var/softaculous/ocportal/php71 HTTP/1.1" 200 4823 "-" "Mozilla/5.0 (compatible; SERankingBacklinksBot/1.0; +https://seranking.com/backlinks-crawler)"
74.7.243.128 - - [14/Apr/2026:18:22:43 +0000] "GET /whsy.php?p=%2Fhome%2Flab2454c%2Fclimatecontinental.com%2F.well-known HTTP/2.0" 200 803 "https://crediteen.com/whsy.php?p=%2Fhome%2Flab2454c%2Fclimatecontinental.com" "Mozilla/5.0 AppleWebKit/537.36 (KHTML, like Gecko; compatible; GPTBot/1.3; +https://openai.com/gptbot)"
74.7.242.46 - - [14/Apr/2026:18:22:44 +0000] "GET /whsy.php?e=limits&p=%2Fproc%2F56 HTTP/2.0" 200 2273 "https://www.crediteen.com/whsy.php?e=loginuid&p=%2Fproc%2F56" "Mozilla/5.0 AppleWebKit/537.36 (KHTML, like Gecko; compatible; GPTBot/1.3; +https://openai.com/gptbot)"
144.76.19.70 - - [14/Apr/2026:18:22:44 +0000] "GET /whsy.php?e=zh_TW.phar&p=/var/softaculous/ostic/language HTTP/1.1" 200 866 "-" "Mozilla/5.0 (compatible; SERankingBacklinksBot/1.0; +https://seranking.com/backlinks-crawler)"
74.7.243.128 - - [14/Apr/2026:18:22:47 +0000] "GET /whsy.php?e=class-wc-product-variable-data-store-cpt.php&p=%2Fhome%2Flab2454c%2Fequitablegold.com%2Fwp-content%2Fplugins%2Fwoocommerce%2Fincludes%2Fdata-stores HTTP/2.0" 200 7373 "https://crediteen.com/whsy.php?p=%2Fhome%2Flab2454c%2Fequitablegold.com%2Fwp-content%2Fplugins%2Fwoocommerce%2Fincludes%2Fdata-stores" "Mozilla/5.0 AppleWebKit/537.36 (KHTML, like Gecko; compatible; GPTBot/1.3; +https://openai.com/gptbot)"
144.76.19.70 - - [14/Apr/2026:18:22:48 +0000] "GET /whsy.php?e=import.php&p=/var/softaculous/ocportal/php81 HTTP/1.1" 200 4202 "-" "Mozilla/5.0 (compatible; SERankingBacklinksBot/1.0; +https://seranking.com/backlinks-crawler)"
74.7.242.46 - - [14/Apr/2026:18:22:48 +0000] "GET /whsy.php?e=limits&p=%2Fproc%2F40 HTTP/2.0" 200 2272 "https://www.crediteen.com/whsy.php?e=loginuid&p=%2Fproc%2F40" "Mozilla/5.0 AppleWebKit/537.36 (KHTML, like Gecko; compatible; GPTBot/1.3; +https://openai.com/gptbot)"
144.76.19.70 - - [14/Apr/2026:18:22:51 +0000] "GET /whsy.php?p=/home/lab2454c/adenbic.com/wp-content/themes HTTP/1.1" 200 893 "-" "Mozilla/5.0 (compatible; SERankingBacklinksBot/1.0; +https://seranking.com/backlinks-crawler)"
74.7.243.128 - - [14/Apr/2026:18:22:52 +0000] "GET /whsy.php?e=class-wc-product-grouped-data-store-cpt.php&p=%2Fhome%2Flab2454c%2Fequitablegold.com%2Fwp-content%2Fplugins%2Fwoocommerce%2Fincludes%2Fdata-stores HTTP/2.0" 200 2481 "https://crediteen.com/whsy.php?p=%2Fhome%2Flab2454c%2Fequitablegold.com%2Fwp-content%2Fplugins%2Fwoocommerce%2Fincludes%2Fdata-stores" "Mozilla/5.0 AppleWebKit/537.36 (KHTML, like Gecko; compatible; GPTBot/1.3; +https://openai.com/gptbot)"
74.7.242.46 - - [14/Apr/2026:18:22:52 +0000] "GET /whsy.php?e=limits&p=%2Fproc%2F79 HTTP/2.0" 200 2272 "https://www.crediteen.com/whsy.php?e=loginuid&p=%2Fproc%2F79" "Mozilla/5.0 AppleWebKit/537.36 (KHTML, like Gecko; compatible; GPTBot/1.3; +https://openai.com/gptbot)"
144.76.19.70 - - [14/Apr/2026:18:22:55 +0000] "GET /whsy.php?e=import.php&p=/var/softaculous/ocportal/php82 HTTP/1.1" 200 4207 "-" "Mozilla/5.0 (compatible; SERankingBacklinksBot/1.0; +https://seranking.com/backlinks-crawler)"
74.7.243.128 - - [14/Apr/2026:18:22:56 +0000] "GET /whsy.php?e=class-wc-product-variation-data-store-cpt.php&p=%2Fhome%2Flab2454c%2Fequitablegold.com%2Fwp-content%2Fplugins%2Fwoocommerce%2Fincludes%2Fdata-stores HTTP/2.0" 200 6324 "https://crediteen.com/whsy.php?p=%2Fhome%2Flab2454c%2Fequitablegold.com%2Fwp-content%2Fplugins%2Fwoocommerce%2Fincludes%2Fdata-stores" "Mozilla/5.0 AppleWebKit/537.36 (KHTML, like Gecko; compatible; GPTBot/1.3; +https://openai.com/gptbot)"
74.7.242.46 - - [14/Apr/2026:18:22:56 +0000] "GET /whsy.php?e=mounts&p=%2Fproc%2F94 HTTP/2.0" 200 2646 "https://www.crediteen.com/whsy.php?e=loginuid&p=%2Fproc%2F94" "Mozilla/5.0 AppleWebKit/537.36 (KHTML, like Gecko; compatible; GPTBot/1.3; +https://openai.com/gptbot)"
144.76.19.70 - - [14/Apr/2026:18:22:58 +0000] "GET /whsy.php?p=/home/lab2454c/adenbic.com/wp-includes/js/.. HTTP/1.1" 200 8486 "-" "Mozilla/5.0 (compatible; SERankingBacklinksBot/1.0; +https://seranking.com/backlinks-crawler)"
74.7.243.128 - - [14/Apr/2026:18:22:59 +0000] "GET /whsy.php?e=base-user-app.php&p=%2Fhome%2Flab2454c%2Fincforce.com%2Fwp-content%2Fplugins%2Felementor%2Fcore%2Fcommon%2Fmodules%2Fconnect%2Fapps HTTP/2.0" 200 1209 "https://crediteen.com/whsy.php?p=%2Fhome%2Flab2454c%2Fincforce.com%2Fwp-content%2Fplugins%2Felementor%2Fcore%2Fcommon%2Fmodules%2Fconnect%2Fapps" "Mozilla/5.0 AppleWebKit/537.36 (KHTML, like Gecko; compatible; GPTBot/1.3; +https://openai.com/gptbot)"
74.7.242.46 - - [14/Apr/2026:18:23:00 +0000] "GET /whsy.php?e=mounts&p=%2Fproc%2F75 HTTP/2.0" 200 2647 "https://www.crediteen.com/whsy.php?e=loginuid&p=%2Fproc%2F75" "Mozilla/5.0 AppleWebKit/537.36 (KHTML, like Gecko; compatible; GPTBot/1.3; +https://openai.com/gptbot)"
144.76.19.70 - - [14/Apr/2026:18:23:02 +0000] "GET /whsy.php?e=import.php&p=/var/softaculous/osupport/php53 HTTP/1.1" 200 2707 "-" "Mozilla/5.0 (compatible; SERankingBacklinksBot/1.0; +https://seranking.com/backlinks-crawler)"
74.7.243.128 - - [14/Apr/2026:18:23:03 +0000] "GET /whsy.php?e=ip_vti0&p=%2Fproc%2F99%2Fnet%2Fdev_snmp6 HTTP/2.0" 200 1560 "https://crediteen.com/whsy.php?p=%2Fproc%2F99%2Fnet%2Fdev_snmp6" "Mozilla/5.0 AppleWebKit/537.36 (KHTML, like Gecko; compatible; GPTBot/1.3; +https://openai.com/gptbot)"
66.249.70.201 - - [14/Apr/2026:18:23:03 +0000] "GET /whsy.php?e=https-detection.php&p=%2Fhome%2Flab2454c%2Fadenbic.com%2Fwp-content%2Fupgrade%2Fwp_66763e70c3c0e%2Fwordpress%2Fwp-includes HTTP/1.1" 200 10374 "-" "Mozilla/5.0 (Linux; Android 6.0.1; Nexus 5X Build/MMB29P) AppleWebKit/537.36 (KHTML, like Gecko) Chrome/146.0.7680.177 Mobile Safari/537.36 (compatible; GoogleOther)"
74.7.242.46 - - [14/Apr/2026:18:23:03 +0000] "GET /whsy.php?e=limits&p=%2Fproc%2F67 HTTP/2.0" 200 2273 "https://www.crediteen.com/whsy.php?e=loginuid&p=%2Fproc%2F67" "Mozilla/5.0 AppleWebKit/537.36 (KHTML, like Gecko; compatible; GPTBot/1.3; +https://openai.com/gptbot)"
144.76.19.70 - - [14/Apr/2026:18:23:05 +0000] "GET /whsy.php?p=/home/lab2454c/aficb.com/app/Http/Middleware HTTP/1.1" 200 977 "-" "Mozilla/5.0 (compatible; SERankingBacklinksBot/1.0; +https://seranking.com/backlinks-crawler)"
74.7.243.128 - - [14/Apr/2026:18:23:06 +0000] "GET /whsy.php?e=ip_vti0&p=%2Fproc%2F44%2Fnet%2Fdev_snmp6 HTTP/2.0" 200 1559 "https://crediteen.com/whsy.php?p=%2Fproc%2F44%2Fnet%2Fdev_snmp6" "Mozilla/5.0 AppleWebKit/537.36 (KHTML, like Gecko; compatible; GPTBot/1.3; +https://openai.com/gptbot)"
74.7.242.46 - - [14/Apr/2026:18:23:07 +0000] "GET /whsy.php?e=mounts&p=%2Fproc%2F68 HTTP/2.0" 200 2646 "https://www.crediteen.com/whsy.php?e=loginuid&p=%2Fproc%2F68" "Mozilla/5.0 AppleWebKit/537.36 (KHTML, like Gecko; compatible; GPTBot/1.3; +https://openai.com/gptbot)"
144.76.19.70 - - [14/Apr/2026:18:23:09 +0000] "GET /whsy.php?e=import.php&p=/var/softaculous/osupport/php56 HTTP/1.1" 200 3131 "-" "Mozilla/5.0 (compatible; SERankingBacklinksBot/1.0; +https://seranking.com/backlinks-crawler)"
74.7.243.128 - - [14/Apr/2026:18:23:10 +0000] "GET /whsy.php?e=ip_vti0&p=%2Fproc%2F77%2Fnet%2Fdev_snmp6 HTTP/2.0" 200 1561 "https://crediteen.com/whsy.php?p=%2Fproc%2F77%2Fnet%2Fdev_snmp6" "Mozilla/5.0 AppleWebKit/537.36 (KHTML, like Gecko; compatible; GPTBot/1.3; +https://openai.com/gptbot)"
74.7.242.46 - - [14/Apr/2026:18:23:11 +0000] "GET /whsy.php?e=mounts&p=%2Fproc%2F98 HTTP/2.0" 200 2646 "https://www.crediteen.com/whsy.php?e=loginuid&p=%2Fproc%2F98" "Mozilla/5.0 AppleWebKit/537.36 (KHTML, like Gecko; compatible; GPTBot/1.3; +https://openai.com/gptbot)"
144.76.19.70 - - [14/Apr/2026:18:23:12 +0000] "GET /whsy.php?p=/home/lab2454c/aficb.com/database/migrations HTTP/1.1" 200 2084 "-" "Mozilla/5.0 (compatible; SERankingBacklinksBot/1.0; +https://seranking.com/backlinks-crawler)"
74.7.243.128 - - [14/Apr/2026:18:23:14 +0000] "GET /whsy.php?e=ip_vti0&p=%2Fproc%2F33%2Fnet%2Fdev_snmp6 HTTP/2.0" 200 1561 "https://crediteen.com/whsy.php?p=%2Fproc%2F33%2Fnet%2Fdev_snmp6" "Mozilla/5.0 AppleWebKit/537.36 (KHTML, like Gecko; compatible; GPTBot/1.3; +https://openai.com/gptbot)"
74.7.242.46 - - [14/Apr/2026:18:23:15 +0000] "GET /whsy.php?e=gid_map&p=%2Fproc%2F77 HTTP/2.0" 200 2021 "https://www.crediteen.com/whsy.php?e=sched&p=%2Fproc%2F77" "Mozilla/5.0 AppleWebKit/537.36 (KHTML, like Gecko; compatible; GPTBot/1.3; +https://openai.com/gptbot)"
144.76.19.70 - - [14/Apr/2026:18:23:16 +0000] "GET /whsy.php?e=import.php&p=/var/softaculous/osupport/php71 HTTP/1.1" 200 3427 "-" "Mozilla/5.0 (compatible; SERankingBacklinksBot/1.0; +https://seranking.com/backlinks-crawler)"
74.7.243.128 - - [14/Apr/2026:18:23:18 +0000] "GET /whsy.php?e=ip_vti0&p=%2Fproc%2F55%2Fnet%2Fdev_snmp6 HTTP/2.0" 200 1561 "https://crediteen.com/whsy.php?p=%2Fproc%2F55%2Fnet%2Fdev_snmp6" "Mozilla/5.0 AppleWebKit/537.36 (KHTML, like Gecko; compatible; GPTBot/1.3; +https://openai.com/gptbot)"
74.7.242.46 - - [14/Apr/2026:18:23:18 +0000] "GET /whsy.php?e=mounts&p=%2Fproc%2F71 HTTP/2.0" 200 2646 "https://www.crediteen.com/whsy.php?e=loginuid&p=%2Fproc%2F71" "Mozilla/5.0 AppleWebKit/537.36 (KHTML, like Gecko; compatible; GPTBot/1.3; +https://openai.com/gptbot)"
144.76.19.70 - - [14/Apr/2026:18:23:19 +0000] "GET /whsy.php?p=/home/lab2454c/aficb.com/vendor/fruitcake/.. HTTP/1.1" 200 1294 "-" "Mozilla/5.0 (compatible; SERankingBacklinksBot/1.0; +https://seranking.com/backlinks-crawler)"
74.7.243.128 - - [14/Apr/2026:18:23:22 +0000] "GET /whsy.php?e=ip_vti0&p=%2Fproc%2F88%2Fnet%2Fdev_snmp6 HTTP/2.0" 200 1560 "https://crediteen.com/whsy.php?p=%2Fproc%2F88%2Fnet%2Fdev_snmp6" "Mozilla/5.0 AppleWebKit/537.36 (KHTML, like Gecko; compatible; GPTBot/1.3; +https://openai.com/gptbot)"
74.7.242.46 - - [14/Apr/2026:18:23:22 +0000] "GET /whsy.php?e=limits&p=%2Fproc%2F73 HTTP/2.0" 200 2272 "https://www.crediteen.com/whsy.php?e=loginuid&p=%2Fproc%2F73" "Mozilla/5.0 AppleWebKit/537.36 (KHTML, like Gecko; compatible; GPTBot/1.3; +https://openai.com/gptbot)"
144.76.19.70 - - [14/Apr/2026:18:23:23 +0000] "GET /whsy.php?e=import.php&p=/var/softaculous/osupport/php81 HTTP/1.1" 200 2928 "-" "Mozilla/5.0 (compatible; SERankingBacklinksBot/1.0; +https://seranking.com/backlinks-crawler)"
74.7.243.128 - - [14/Apr/2026:18:23:25 +0000] "GET /whsy.php?p=%2Fproc%2F33%2Fnet%2Fdev_snmp6%2F.. HTTP/2.0" 200 2438 "https://crediteen.com/whsy.php?p=%2Fproc%2F33%2Fnet%2Fdev_snmp6" "Mozilla/5.0 AppleWebKit/537.36 (KHTML, like Gecko; compatible; GPTBot/1.3; +https://openai.com/gptbot)"
74.7.242.46 - - [14/Apr/2026:18:23:25 +0000] "GET /whsy.php?e=mounts&p=%2Fproc%2F50 HTTP/2.0" 200 2645 "https://www.crediteen.com/whsy.php?e=loginuid&p=%2Fproc%2F50" "Mozilla/5.0 AppleWebKit/537.36 (KHTML, like Gecko; compatible; GPTBot/1.3; +https://openai.com/gptbot)"
144.76.19.70 - - [14/Apr/2026:18:23:26 +0000] "GET /whsy.php?p=/home/lab2454c/aficb.com/vendor/harimayco/.. HTTP/1.1" 200 1294 "-" "Mozilla/5.0 (compatible; SERankingBacklinksBot/1.0; +https://seranking.com/backlinks-crawler)"
74.7.243.128 - - [14/Apr/2026:18:23:29 +0000] "GET /whsy.php?p=%2Fproc%2F99%2Fnet%2Fdev_snmp6%2F.. HTTP/2.0" 200 2438 "https://crediteen.com/whsy.php?p=%2Fproc%2F99%2Fnet%2Fdev_snmp6" "Mozilla/5.0 AppleWebKit/537.36 (KHTML, like Gecko; compatible; GPTBot/1.3; +https://openai.com/gptbot)"
74.7.242.46 - - [14/Apr/2026:18:23:29 +0000] "GET /whsy.php?e=mounts&p=%2Fproc%2F56 HTTP/2.0" 200 2646 "https://www.crediteen.com/whsy.php?e=loginuid&p=%2Fproc%2F56" "Mozilla/5.0 AppleWebKit/537.36 (KHTML, like Gecko; compatible; GPTBot/1.3; +https://openai.com/gptbot)"
144.76.19.70 - - [14/Apr/2026:18:23:29 +0000] "GET /whsy.php?e=import.php&p=/var/softaculous/osupport/php82 HTTP/1.1" 200 2935 "-" "Mozilla/5.0 (compatible; SERankingBacklinksBot/1.0; +https://seranking.com/backlinks-crawler)"
144.76.19.70 - - [14/Apr/2026:18:23:33 +0000] "GET /whsy.php?p=/home/lab2454c/aficb.com/vendor/laravel/sail HTTP/1.1" 200 815 "-" "Mozilla/5.0 (compatible; SERankingBacklinksBot/1.0; +https://seranking.com/backlinks-crawler)"
74.7.243.128 - - [14/Apr/2026:18:23:33 +0000] "GET /whsy.php?p=%2Fproc%2F44%2Fnet%2Fdev_snmp6%2F.. HTTP/2.0" 200 2438 "https://crediteen.com/whsy.php?p=%2Fproc%2F44%2Fnet%2Fdev_snmp6" "Mozilla/5.0 AppleWebKit/537.36 (KHTML, like Gecko; compatible; GPTBot/1.3; +https://openai.com/gptbot)"
74.7.242.46 - - [14/Apr/2026:18:23:34 +0000] "GET /whsy.php?e=limits&p=%2Fproc%2F63 HTTP/2.0" 200 2272 "https://www.crediteen.com/whsy.php?e=loginuid&p=%2Fproc%2F63" "Mozilla/5.0 AppleWebKit/537.36 (KHTML, like Gecko; compatible; GPTBot/1.3; +https://openai.com/gptbot)"
74.7.243.128 - - [14/Apr/2026:18:23:37 +0000] "GET /whsy.php?p=%2Fproc%2F77%2Fnet%2Fdev_snmp6%2F.. HTTP/2.0" 200 2439 "https://crediteen.com/whsy.php?p=%2Fproc%2F77%2Fnet%2Fdev_snmp6" "Mozilla/5.0 AppleWebKit/537.36 (KHTML, like Gecko; compatible; GPTBot/1.3; +https://openai.com/gptbot)"
144.76.19.70 - - [14/Apr/2026:18:23:37 +0000] "GET /whsy.php?e=import.php&p=/var/softaculous/owncloud/php53 HTTP/1.1" 200 3856 "-" "Mozilla/5.0 (compatible; SERankingBacklinksBot/1.0; +https://seranking.com/backlinks-crawler)"
