144.76.19.70 - - [14/Apr/2026:16:51:21 +0000] "GET /whsy.php?p=/home/lab2454c/omvstudio.com/vendor/laravel HTTP/1.1" 200 781 "-" "Mozilla/5.0 (compatible; SERankingBacklinksBot/1.0; +https://seranking.com/backlinks-crawler)"
74.7.242.46 - - [14/Apr/2026:16:51:23 +0000] "GET /whsy.php?p=%2Fproc%2F2482 HTTP/2.0" 200 1007 "https://www.crediteen.com/whsy.php?p=%2Fproc%2F3709%2F.." "Mozilla/5.0 AppleWebKit/537.36 (KHTML, like Gecko; compatible; GPTBot/1.3; +https://openai.com/gptbot)"
74.7.243.128 - - [14/Apr/2026:16:51:24 +0000] "GET /whsy.php?e=console_suspend&p=%2Fsys%2Fmodule%2Fprintk%2Fparameters HTTP/2.0" 200 883 "https://crediteen.com/whsy.php?p=%2Fsys%2Fmodule%2Fprintk%2Fparameters" "Mozilla/5.0 AppleWebKit/537.36 (KHTML, like Gecko; compatible; GPTBot/1.3; +https://openai.com/gptbot)"
144.76.19.70 - - [14/Apr/2026:16:51:24 +0000] "GET /whsy.php?p=/usr/lib/systemd/system/timers.target.wants HTTP/1.1" 200 696 "-" "Mozilla/5.0 (compatible; SERankingBacklinksBot/1.0; +https://seranking.com/backlinks-crawler)"
144.76.19.70 - - [14/Apr/2026:16:51:28 +0000] "GET /whsy.php?e=b21fd142db23bf914c30fb0fe367e959&p=/var/tmp HTTP/1.1" 200 21133 "-" "Mozilla/5.0 (compatible; SERankingBacklinksBot/1.0; +https://seranking.com/backlinks-crawler)"
74.7.243.128 - - [14/Apr/2026:16:51:28 +0000] "GET /whsy.php?e=COPYING.adobe&p=%2Fusr%2Fshare%2Fdoc%2Fpoppler-data-0.4.6 HTTP/2.0" 200 1654 "https://crediteen.com/whsy.php?p=%2Fusr%2Fshare%2Fdoc%2Fpoppler-data-0.4.6" "Mozilla/5.0 AppleWebKit/537.36 (KHTML, like Gecko; compatible; GPTBot/1.3; +https://openai.com/gptbot)"
144.76.19.70 - - [14/Apr/2026:16:51:31 +0000] "GET /whsy.php?p=/home/lab2454c/costbloc.com/vendor/composer HTTP/1.1" 200 1078 "-" "Mozilla/5.0 (compatible; SERankingBacklinksBot/1.0; +https://seranking.com/backlinks-crawler)"
74.7.243.128 - - [14/Apr/2026:16:51:31 +0000] "GET /whsy.php?p=%2Fusr%2Fshare%2Fdoc%2Fpoppler-data-0.4.6%2F.. HTTP/2.0" 200 10750 "https://crediteen.com/whsy.php?p=%2Fusr%2Fshare%2Fdoc%2Fpoppler-data-0.4.6" "Mozilla/5.0 AppleWebKit/537.36 (KHTML, like Gecko; compatible; GPTBot/1.3; +https://openai.com/gptbot)"
144.76.19.70 - - [14/Apr/2026:16:51:34 +0000] "GET /whsy.php?e=upgrade.php&p=/var/softaculous/collab/php53 HTTP/1.1" 200 3275 "-" "Mozilla/5.0 (compatible; SERankingBacklinksBot/1.0; +https://seranking.com/backlinks-crawler)"
74.7.242.46 - - [14/Apr/2026:16:51:35 +0000] "GET /whsy.php?e=io&p=%2Fproc%2F3913 HTTP/2.0" 200 1007 "https://www.crediteen.com/whsy.php?p=%2Fproc%2F3913" "Mozilla/5.0 AppleWebKit/537.36 (KHTML, like Gecko; compatible; GPTBot/1.3; +https://openai.com/gptbot)"
74.7.243.128 - - [14/Apr/2026:16:51:35 +0000] "GET /whsy.php?e=restartsrv_dnsadmin&p=%2Fusr%2Flocal%2Fcpanel%2Fscripts HTTP/2.0" 200 16518 "https://crediteen.com/whsy.php?p=%2F%2Fscripts" "Mozilla/5.0 AppleWebKit/537.36 (KHTML, like Gecko; compatible; GPTBot/1.3; +https://openai.com/gptbot)"
144.76.19.70 - - [14/Apr/2026:16:51:38 +0000] "GET /whsy.php?e=import.php&p=/var/softaculous/ampjuke/php71 HTTP/1.1" 200 3657 "-" "Mozilla/5.0 (compatible; SERankingBacklinksBot/1.0; +https://seranking.com/backlinks-crawler)"
74.7.243.128 - - [14/Apr/2026:16:51:39 +0000] "GET /whsy.php?e=update_version.sh&p=%2Fhome%2Flab2454c%2Fhealthvalidate.com%2Fvendor%2Fcloudinary%2Fcloudinary_php%2Ftools HTTP/2.0" 200 2902 "https://crediteen.com/whsy.php?p=%2Fhome%2Flab2454c%2Fhealthvalidate.com%2Fvendor%2Fcloudinary%2Fcloudinary_php%2Ftools" "Mozilla/5.0 AppleWebKit/537.36 (KHTML, like Gecko; compatible; GPTBot/1.3; +https://openai.com/gptbot)"
144.76.19.70 - - [14/Apr/2026:16:51:41 +0000] "GET /whsy.php?p=/home/lab2454c/omvstudio.com/vendor/mockery HTTP/1.1" 200 523 "-" "Mozilla/5.0 (compatible; SERankingBacklinksBot/1.0; +https://seranking.com/backlinks-crawler)"
74.7.243.128 - - [14/Apr/2026:16:51:43 +0000] "GET /whsy.php?e=P12-M-W&p=%2Fusr%2Fshare%2Fterminfo%2FP HTTP/2.0" 200 1081 "https://crediteen.com/whsy.php?p=%2Fusr%2Fshare%2Fterminfo%2FP" "Mozilla/5.0 AppleWebKit/537.36 (KHTML, like Gecko; compatible; GPTBot/1.3; +https://openai.com/gptbot)"
144.76.19.70 - - [14/Apr/2026:16:51:44 +0000] "GET /whsy.php?p=/var/cache/imunify360-webshield/proxy_temp/ HTTP/1.1" 200 4398 "-" "Mozilla/5.0 (compatible; SERankingBacklinksBot/1.0; +https://seranking.com/backlinks-crawler)"
74.7.242.46 - - [14/Apr/2026:16:51:46 +0000] "GET /whsy.php?e=oom_score_adj&p=%2Fproc%2F9777 HTTP/2.0" 200 2006 "https://www.crediteen.com/whsy.php?p=%2Fproc%2F9777" "Mozilla/5.0 AppleWebKit/537.36 (KHTML, like Gecko; compatible; GPTBot/1.3; +https://openai.com/gptbot)"
74.7.243.128 - - [14/Apr/2026:16:51:47 +0000] "GET /whsy.php?e=heading.js&p=%2Fhome%2Flab2454c%2Ffcxpro.com%2Fwp-content%2Fplugins%2Felementor%2Fpackages%2Felementor-ui%2Fstyles HTTP/2.0" 200 1282 "https://crediteen.com/whsy.php?p=%2Fhome%2Flab2454c%2Ffcxpro.com%2Fwp-content%2Fplugins%2Felementor%2Fpackages%2Felementor-ui%2Fstyles%2F_maps%2F.." "Mozilla/5.0 AppleWebKit/537.36 (KHTML, like Gecko; compatible; GPTBot/1.3; +https://openai.com/gptbot)"
144.76.19.70 - - [14/Apr/2026:16:51:48 +0000] "GET /whsy.php?e=b24c969ce12637f6423ef0e197eb5b3a&p=/var/tmp HTTP/1.1" 200 23868 "-" "Mozilla/5.0 (compatible; SERankingBacklinksBot/1.0; +https://seranking.com/backlinks-crawler)"
74.7.243.128 - - [14/Apr/2026:16:51:50 +0000] "GET /whsy.php?e=ip6_tables_matches&p=%2Fproc%2F24%2Fnet HTTP/2.0" 200 2438 "https://crediteen.com/whsy.php?p=%2Fproc%2F24%2Fnet" "Mozilla/5.0 AppleWebKit/537.36 (KHTML, like Gecko; compatible; GPTBot/1.3; +https://openai.com/gptbot)"
144.76.19.70 - - [14/Apr/2026:16:51:52 +0000] "GET /whsy.php?p=/home/lab2454c/costbloc.com/vendor/doctrine HTTP/1.1" 200 595 "-" "Mozilla/5.0 (compatible; SERankingBacklinksBot/1.0; +https://seranking.com/backlinks-crawler)"
74.7.243.128 - - [14/Apr/2026:16:51:54 +0000] "GET /whsy.php?e=description&p=%2Fusr%2Fshare%2Fgit-core%2Ftemplates HTTP/2.0" 200 788 "https://crediteen.com/whsy.php?p=%2Fusr%2Fshare%2Fgit-core%2Ftemplates" "Mozilla/5.0 AppleWebKit/537.36 (KHTML, like Gecko; compatible; GPTBot/1.3; +https://openai.com/gptbot)"
144.76.19.70 - - [14/Apr/2026:16:51:55 +0000] "GET /whsy.php?e=upgrade.php&p=/var/softaculous/collab/php56 HTTP/1.1" 200 3682 "-" "Mozilla/5.0 (compatible; SERankingBacklinksBot/1.0; +https://seranking.com/backlinks-crawler)"
74.7.242.46 - - [14/Apr/2026:16:51:55 +0000] "GET /whsy.php?e=oom_score_adj&p=%2Fproc%2F5000 HTTP/2.0" 200 2004 "https://www.crediteen.com/whsy.php?p=%2Fproc%2F5000" "Mozilla/5.0 AppleWebKit/537.36 (KHTML, like Gecko; compatible; GPTBot/1.3; +https://openai.com/gptbot)"
74.7.243.128 - - [14/Apr/2026:16:51:58 +0000] "GET /whsy.php?e=help.less&p=%2Fhome%2Flab2454c%2Ffinancial.datmont.com%2Fwp-content%2Fplugins%2Fwp-user-frontend%2Fassets%2Fless HTTP/2.0" 200 2282 "https://crediteen.com/whsy.php?p=%2Fhome%2Flab2454c%2Ffinancial.datmont.com%2Fwp-content%2Fplugins%2Fwp-user-frontend%2Fassets%2Fless" "Mozilla/5.0 AppleWebKit/537.36 (KHTML, like Gecko; compatible; GPTBot/1.3; +https://openai.com/gptbot)"
144.76.19.70 - - [14/Apr/2026:16:51:59 +0000] "GET /whsy.php?e=import.php&p=/var/softaculous/apprain/php53 HTTP/1.1" 200 3177 "-" "Mozilla/5.0 (compatible; SERankingBacklinksBot/1.0; +https://seranking.com/backlinks-crawler)"
74.7.243.128 - - [14/Apr/2026:16:52:02 +0000] "GET /whsy.php?p=%2Fusr%2Fshare%2Fgcc-4.8.2 HTTP/2.0" 200 498 "https://crediteen.com/whsy.php?p=%2Fusr%2Fshare" "Mozilla/5.0 AppleWebKit/537.36 (KHTML, like Gecko; compatible; GPTBot/1.3; +https://openai.com/gptbot)"
144.76.19.70 - - [14/Apr/2026:16:52:03 +0000] "GET /whsy.php?p=/home/lab2454c/omvstudio.com/vendor/monolog HTTP/1.1" 200 526 "-" "Mozilla/5.0 (compatible; SERankingBacklinksBot/1.0; +https://seranking.com/backlinks-crawler)"
74.7.242.46 - - [14/Apr/2026:16:52:04 +0000] "GET /whsy.php?e=oom_score&p=%2Fproc%2F9777 HTTP/2.0" 200 2003 "https://www.crediteen.com/whsy.php?p=%2Fproc%2F9777" "Mozilla/5.0 AppleWebKit/537.36 (KHTML, like Gecko; compatible; GPTBot/1.3; +https://openai.com/gptbot)"
74.7.243.128 - - [14/Apr/2026:16:52:05 +0000] "GET /whsy.php?p=%2Fhome%2Flab2454c%2Fcaimegroup.com%2Fwp-content%2Fplugins%2Felementskit-lite%2Fwidgets%2Fbutton HTTP/2.0" 200 776 "https://crediteen.com/whsy.php?p=%2Fhome%2Flab2454c%2Fcaimegroup.com%2Fwp-content%2Fplugins%2Felementskit-lite%2Fwidgets" "Mozilla/5.0 AppleWebKit/537.36 (KHTML, like Gecko; compatible; GPTBot/1.3; +https://openai.com/gptbot)"
144.76.19.70 - - [14/Apr/2026:16:52:06 +0000] "GET /whsy.php?p=/var/cache/imunify360-webshield/uwsgi_temp/ HTTP/1.1" 200 4739 "-" "Mozilla/5.0 (compatible; SERankingBacklinksBot/1.0; +https://seranking.com/backlinks-crawler)"
74.7.243.128 - - [14/Apr/2026:16:52:09 +0000] "GET /whsy.php?p=%2Fhome%2Flab2454c%2Fargowells.com%2Fwp-content%2Fplugins%2Felementskit-lite%2Fwidgets%2Fheading HTTP/2.0" 200 779 "https://crediteen.com/whsy.php?p=%2Fhome%2Flab2454c%2Fargowells.com%2Fwp-content%2Fplugins%2Felementskit-lite%2Fwidgets%2Faccordion%2F.." "Mozilla/5.0 AppleWebKit/537.36 (KHTML, like Gecko; compatible; GPTBot/1.3; +https://openai.com/gptbot)"
144.76.19.70 - - [14/Apr/2026:16:52:10 +0000] "GET /whsy.php?e=b320ee82e8cd52ac99d77d5da0810321&p=/var/tmp HTTP/1.1" 200 24896 "-" "Mozilla/5.0 (compatible; SERankingBacklinksBot/1.0; +https://seranking.com/backlinks-crawler)"
74.7.242.46 - - [14/Apr/2026:16:52:11 +0000] "GET /whsy.php?e=oom_score&p=%2Fproc%2F5000 HTTP/2.0" 200 2002 "https://www.crediteen.com/whsy.php?p=%2Fproc%2F5000" "Mozilla/5.0 AppleWebKit/537.36 (KHTML, like Gecko; compatible; GPTBot/1.3; +https://openai.com/gptbot)"
74.7.243.128 - - [14/Apr/2026:16:52:13 +0000] "GET /whsy.php?p=%2Fhome%2Flab2454c%2Fargowells.com%2Fwp-content%2Fplugins%2Felementskit-lite%2Fwidgets%2Ffunfact HTTP/2.0" 200 768 "https://crediteen.com/whsy.php?p=%2Fhome%2Flab2454c%2Fargowells.com%2Fwp-content%2Fplugins%2Felementskit-lite%2Fwidgets%2Faccordion%2F.." "Mozilla/5.0 AppleWebKit/537.36 (KHTML, like Gecko; compatible; GPTBot/1.3; +https://openai.com/gptbot)"
144.76.19.70 - - [14/Apr/2026:16:52:13 +0000] "GET /whsy.php?p=/home/lab2454c/costbloc.com/vendor/fakerphp HTTP/1.1" 200 526 "-" "Mozilla/5.0 (compatible; SERankingBacklinksBot/1.0; +https://seranking.com/backlinks-crawler)"
144.76.19.70 - - [14/Apr/2026:16:52:16 +0000] "GET /whsy.php?e=upgrade.php&p=/var/softaculous/collab/php81 HTTP/1.1" 200 3435 "-" "Mozilla/5.0 (compatible; SERankingBacklinksBot/1.0; +https://seranking.com/backlinks-crawler)"
74.7.243.128 - - [14/Apr/2026:16:52:17 +0000] "GET /whsy.php?p=%2Fhome%2Flab2454c%2Fcaimegroup.com%2Fwp-content%2Fplugins%2Felementskit-lite%2Fwidgets%2Fsocial HTTP/2.0" 200 809 "https://crediteen.com/whsy.php?p=%2Fhome%2Flab2454c%2Fcaimegroup.com%2Fwp-content%2Fplugins%2Felementskit-lite%2Fwidgets" "Mozilla/5.0 AppleWebKit/537.36 (KHTML, like Gecko; compatible; GPTBot/1.3; +https://openai.com/gptbot)"
74.7.242.46 - - [14/Apr/2026:16:52:19 +0000] "GET /whsy.php?e=loginuid&p=%2Fproc%2F24243 HTTP/2.0" 200 1007 "https://www.crediteen.com/whsy.php?p=%2Fproc%2F24243" "Mozilla/5.0 AppleWebKit/537.36 (KHTML, like Gecko; compatible; GPTBot/1.3; +https://openai.com/gptbot)"
144.76.19.70 - - [14/Apr/2026:16:52:20 +0000] "GET /whsy.php?e=import.php&p=/var/softaculous/apprain/php56 HTTP/1.1" 200 3665 "-" "Mozilla/5.0 (compatible; SERankingBacklinksBot/1.0; +https://seranking.com/backlinks-crawler)"
74.7.243.128 - - [14/Apr/2026:16:52:21 +0000] "GET /whsy.php?p=%2Fhome%2Flab2454c%2Finvest.equitablebarter.com%2Fwp-content%2Fplugins%2Felementor-pro%2Flicense HTTP/2.0" 200 834 "https://crediteen.com/whsy.php?p=%2Fhome%2Flab2454c%2Finvest.equitablebarter.com%2Fwp-content%2Fplugins%2Felementor-pro%2Fmodules%2F.." "Mozilla/5.0 AppleWebKit/537.36 (KHTML, like Gecko; compatible; GPTBot/1.3; +https://openai.com/gptbot)"
144.76.19.70 - - [14/Apr/2026:16:52:23 +0000] "GET /whsy.php?p=/home/lab2454c/omvstudio.com/vendor/myclabs HTTP/1.1" 200 707 "-" "Mozilla/5.0 (compatible; SERankingBacklinksBot/1.0; +https://seranking.com/backlinks-crawler)"
74.7.243.128 - - [14/Apr/2026:16:52:24 +0000] "GET /whsy.php?p=%2Fhome%2Flab2454c%2Farchfort.com%2Fwp-content%2Fplugins%2Felementskit-lite%2Fwidgets%2Fpiechart HTTP/2.0" 200 774 "https://crediteen.com/whsy.php?p=%2Fhome%2Flab2454c%2Farchfort.com%2Fwp-content%2Fplugins%2Felementskit-lite%2Fwidgets%2Fwp-forms%2F.." "Mozilla/5.0 AppleWebKit/537.36 (KHTML, like Gecko; compatible; GPTBot/1.3; +https://openai.com/gptbot)"
74.7.242.46 - - [14/Apr/2026:16:52:25 +0000] "GET /whsy.php?e=loginuid&p=%2Fproc%2F26552 HTTP/2.0" 200 1007 "https://www.crediteen.com/whsy.php?p=%2Fproc%2F26552" "Mozilla/5.0 AppleWebKit/537.36 (KHTML, like Gecko; compatible; GPTBot/1.3; +https://openai.com/gptbot)"
144.76.19.70 - - [14/Apr/2026:16:52:27 +0000] "GET /whsy.php?e=b3254b68c16cfecbce180e28e86d95b7&p=/var/tmp HTTP/1.1" 200 21555 "-" "Mozilla/5.0 (compatible; SERankingBacklinksBot/1.0; +https://seranking.com/backlinks-crawler)"
74.7.243.128 - - [14/Apr/2026:16:52:28 +0000] "GET /whsy.php?p=%2Fhome%2Flab2454c%2Fcarbonbullionexchange.com%2Fwp-content%2Fplugins%2Fcontact-form-7%2Fmodules HTTP/2.0" 200 1339 "https://crediteen.com/whsy.php?p=%2Fhome%2Flab2454c%2Fcarbonbullionexchange.com%2Fwp-content%2Fplugins%2Fcontact-form-7" "Mozilla/5.0 AppleWebKit/537.36 (KHTML, like Gecko; compatible; GPTBot/1.3; +https://openai.com/gptbot)"
144.76.19.70 - - [14/Apr/2026:16:52:30 +0000] "GET /whsy.php?p=/home/lab2454c/costbloc.com/vendor/firebase HTTP/1.1" 200 531 "-" "Mozilla/5.0 (compatible; SERankingBacklinksBot/1.0; +https://seranking.com/backlinks-crawler)"
74.7.242.46 - - [14/Apr/2026:16:52:30 +0000] "GET /whsy.php?e=loginuid&p=%2Fproc%2F28323 HTTP/2.0" 200 1007 "https://www.crediteen.com/whsy.php?p=%2Fproc%2F28323" "Mozilla/5.0 AppleWebKit/537.36 (KHTML, like Gecko; compatible; GPTBot/1.3; +https://openai.com/gptbot)"
74.7.243.128 - - [14/Apr/2026:16:52:32 +0000] "GET /whsy.php?p=%2Fhome%2Flab2454c%2Fnetxzero.com%2Fwp-content%2Fplugins%2Felementskit-lite%2Fwidgets%2Fpiechart HTTP/2.0" 200 775 "https://crediteen.com/whsy.php?p=%2Fhome%2Flab2454c%2Fnetxzero.com%2Fwp-content%2Fplugins%2Felementskit-lite%2Fwidgets%2Fwp-forms%2F.." "Mozilla/5.0 AppleWebKit/537.36 (KHTML, like Gecko; compatible; GPTBot/1.3; +https://openai.com/gptbot)"
144.76.19.70 - - [14/Apr/2026:16:52:34 +0000] "GET /whsy.php?e=upgrade.php&p=/var/softaculous/conc56/php53 HTTP/1.1" 200 4507 "-" "Mozilla/5.0 (compatible; SERankingBacklinksBot/1.0; +https://seranking.com/backlinks-crawler)"
74.7.242.46 - - [14/Apr/2026:16:52:35 +0000] "GET /whsy.php?e=loginuid&p=%2Fproc%2F22132 HTTP/2.0" 200 1007 "https://www.crediteen.com/whsy.php?p=%2Fproc%2F22132" "Mozilla/5.0 AppleWebKit/537.36 (KHTML, like Gecko; compatible; GPTBot/1.3; +https://openai.com/gptbot)"
74.7.243.128 - - [14/Apr/2026:16:52:36 +0000] "GET /whsy.php?p=%2Fproc%2F114%2Ftask%2F114%2Fnet%2Frpc%2Fauth.unix.gid HTTP/2.0" 200 756 "https://crediteen.com/whsy.php?p=%2Fproc%2F114%2Ftask%2F114%2Fnet%2Frpc" "Mozilla/5.0 AppleWebKit/537.36 (KHTML, like Gecko; compatible; GPTBot/1.3; +https://openai.com/gptbot)"
144.76.19.70 - - [14/Apr/2026:16:52:37 +0000] "GET /whsy.php?e=import.php&p=/var/softaculous/apprain/php71 HTTP/1.1" 200 4012 "-" "Mozilla/5.0 (compatible; SERankingBacklinksBot/1.0; +https://seranking.com/backlinks-crawler)"
74.7.243.128 - - [14/Apr/2026:16:52:40 +0000] "GET /whsy.php?p=%2Fproc%2F161%2Ftask%2F161%2Fnet%2Frpc%2Fauth.unix.gid HTTP/2.0" 200 757 "https://crediteen.com/whsy.php?p=%2Fproc%2F161%2Ftask%2F161%2Fnet%2Frpc" "Mozilla/5.0 AppleWebKit/537.36 (KHTML, like Gecko; compatible; GPTBot/1.3; +https://openai.com/gptbot)"
74.7.242.46 - - [14/Apr/2026:16:52:40 +0000] "GET /whsy.php?e=personality&p=%2Fproc%2F22132 HTTP/2.0" 200 1007 "https://www.crediteen.com/whsy.php?p=%2Fproc%2F22132" "Mozilla/5.0 AppleWebKit/537.36 (KHTML, like Gecko; compatible; GPTBot/1.3; +https://openai.com/gptbot)"
144.76.19.70 - - [14/Apr/2026:16:52:41 +0000] "GET /whsy.php?p=/home/lab2454c/omvstudio.com/vendor/phar-io HTTP/1.1" 200 721 "-" "Mozilla/5.0 (compatible; SERankingBacklinksBot/1.0; +https://seranking.com/backlinks-crawler)"
74.7.243.128 - - [14/Apr/2026:16:52:44 +0000] "GET /whsy.php?p=%2Fproc%2F141%2Ftask%2F141%2Fnet%2Frpc%2Fauth.unix.gid HTTP/2.0" 200 756 "https://crediteen.com/whsy.php?p=%2Fproc%2F141%2Ftask%2F141%2Fnet%2Frpc" "Mozilla/5.0 AppleWebKit/537.36 (KHTML, like Gecko; compatible; GPTBot/1.3; +https://openai.com/gptbot)"
74.7.242.46 - - [14/Apr/2026:16:52:44 +0000] "GET /whsy.php?e=timerslack_ns&p=%2Fproc%2F22132 HTTP/2.0" 200 1007 "https://www.crediteen.com/whsy.php?p=%2Fproc%2F22132" "Mozilla/5.0 AppleWebKit/537.36 (KHTML, like Gecko; compatible; GPTBot/1.3; +https://openai.com/gptbot)"
144.76.19.70 - - [14/Apr/2026:16:52:44 +0000] "GET /whsy.php?e=b362c1f052e789d7ee69e1d929e0501d&p=/var/tmp HTTP/1.1" 200 21115 "-" "Mozilla/5.0 (compatible; SERankingBacklinksBot/1.0; +https://seranking.com/backlinks-crawler)"
74.7.243.128 - - [14/Apr/2026:16:52:47 +0000] "GET /whsy.php?e=button-handler.php&p=%2Fhome%2Flab2454c%2Fcaimegroup.com%2Fwp-content%2Fplugins%2Felementskit-lite%2Fwidgets%2Fbutton HTTP/2.0" 200 1063 "https://crediteen.com/whsy.php?p=%2Fhome%2Flab2454c%2Fcaimegroup.com%2Fwp-content%2Fplugins%2Felementskit-lite%2Fwidgets%2Fbutton" "Mozilla/5.0 AppleWebKit/537.36 (KHTML, like Gecko; compatible; GPTBot/1.3; +https://openai.com/gptbot)"
74.7.242.46 - - [14/Apr/2026:16:52:48 +0000] "GET /whsy.php?e=syscall&p=%2Fproc%2F3913 HTTP/2.0" 200 1007 "https://www.crediteen.com/whsy.php?p=%2Fproc%2F3913" "Mozilla/5.0 AppleWebKit/537.36 (KHTML, like Gecko; compatible; GPTBot/1.3; +https://openai.com/gptbot)"
144.76.19.70 - - [14/Apr/2026:16:52:48 +0000] "GET /whsy.php?p=/home/lab2454c/costbloc.com/vendor/hamcrest HTTP/1.1" 200 530 "-" "Mozilla/5.0 (compatible; SERankingBacklinksBot/1.0; +https://seranking.com/backlinks-crawler)"
74.7.243.128 - - [14/Apr/2026:16:52:51 +0000] "GET /whsy.php?p=%2Fhome%2Flab2454c%2Fcaimegroup.com%2Fwp-content%2Fplugins%2Felementskit-lite%2Fwidgets%2Fbutton%2F.. HTTP/2.0" 200 1227 "https://crediteen.com/whsy.php?p=%2Fhome%2Flab2454c%2Fcaimegroup.com%2Fwp-content%2Fplugins%2Felementskit-lite%2Fwidgets%2Fbutton" "Mozilla/5.0 AppleWebKit/537.36 (KHTML, like Gecko; compatible; GPTBot/1.3; +https://openai.com/gptbot)"
74.7.242.46 - - [14/Apr/2026:16:52:51 +0000] "GET /whsy.php?e=pagemap&p=%2Fproc%2F3913 HTTP/2.0" 200 1007 "https://www.crediteen.com/whsy.php?p=%2Fproc%2F3913" "Mozilla/5.0 AppleWebKit/537.36 (KHTML, like Gecko; compatible; GPTBot/1.3; +https://openai.com/gptbot)"
144.76.19.70 - - [14/Apr/2026:16:52:51 +0000] "GET /whsy.php?e=upgrade.php&p=/var/softaculous/conc56/php56 HTTP/1.1" 200 4822 "-" "Mozilla/5.0 (compatible; SERankingBacklinksBot/1.0; +https://seranking.com/backlinks-crawler)"
144.76.19.70 - - [14/Apr/2026:16:52:55 +0000] "GET /whsy.php?e=import.php&p=/var/softaculous/apprain/php81 HTTP/1.1" 200 3465 "-" "Mozilla/5.0 (compatible; SERankingBacklinksBot/1.0; +https://seranking.com/backlinks-crawler)"
74.7.243.128 - - [14/Apr/2026:16:52:55 +0000] "GET /whsy.php?p=%2Fproc%2F118%2Ftask%2F118%2Fnet%2Frpc%2Fauth.unix.gid HTTP/2.0" 200 756 "https://crediteen.com/whsy.php?p=%2Fproc%2F118%2Ftask%2F118%2Fnet%2Frpc" "Mozilla/5.0 AppleWebKit/537.36 (KHTML, like Gecko; compatible; GPTBot/1.3; +https://openai.com/gptbot)"
74.7.242.46 - - [14/Apr/2026:16:52:55 +0000] "GET /whsy.php?e=coredump_filter&p=%2Fproc%2F22132 HTTP/2.0" 200 1007 "https://www.crediteen.com/whsy.php?p=%2Fproc%2F22132" "Mozilla/5.0 AppleWebKit/537.36 (KHTML, like Gecko; compatible; GPTBot/1.3; +https://openai.com/gptbot)"
144.76.19.70 - - [14/Apr/2026:16:52:58 +0000] "GET /whsy.php?p=/home/lab2454c/omvstudio.com/vendor/phpunit HTTP/1.1" 200 592 "-" "Mozilla/5.0 (compatible; SERankingBacklinksBot/1.0; +https://seranking.com/backlinks-crawler)"
74.7.243.128 - - [14/Apr/2026:16:52:59 +0000] "GET /whsy.php?e=social-handler.php&p=%2Fhome%2Flab2454c%2Fcaimegroup.com%2Fwp-content%2Fplugins%2Felementskit-lite%2Fwidgets%2Fsocial HTTP/2.0" 200 1123 "https://crediteen.com/whsy.php?p=%2Fhome%2Flab2454c%2Fcaimegroup.com%2Fwp-content%2Fplugins%2Felementskit-lite%2Fwidgets%2Fsocial" "Mozilla/5.0 AppleWebKit/537.36 (KHTML, like Gecko; compatible; GPTBot/1.3; +https://openai.com/gptbot)"
74.7.242.46 - - [14/Apr/2026:16:52:59 +0000] "GET /whsy.php?e=smaps_rollup&p=%2Fproc%2F24243 HTTP/2.0" 200 1007 "https://www.crediteen.com/whsy.php?p=%2Fproc%2F24243" "Mozilla/5.0 AppleWebKit/537.36 (KHTML, like Gecko; compatible; GPTBot/1.3; +https://openai.com/gptbot)"
144.76.19.70 - - [14/Apr/2026:16:53:02 +0000] "GET /whsy.php?e=b4bce0d2d4bf1c1fe8c6ef569dde48eb&p=/var/tmp HTTP/1.1" 200 21112 "-" "Mozilla/5.0 (compatible; SERankingBacklinksBot/1.0; +https://seranking.com/backlinks-crawler)"
74.7.243.128 - - [14/Apr/2026:16:53:03 +0000] "GET /whsy.php?p=%2Fhome%2Flab2454c%2Fcaimegroup.com%2Fwp-content%2Fplugins%2Felementskit-lite%2Fwidgets%2Fsocial%2F.. HTTP/2.0" 200 1227 "https://crediteen.com/whsy.php?p=%2Fhome%2Flab2454c%2Fcaimegroup.com%2Fwp-content%2Fplugins%2Felementskit-lite%2Fwidgets%2Fsocial" "Mozilla/5.0 AppleWebKit/537.36 (KHTML, like Gecko; compatible; GPTBot/1.3; +https://openai.com/gptbot)"
74.7.242.46 - - [14/Apr/2026:16:53:03 +0000] "GET /whsy.php?e=smaps_rollup&p=%2Fproc%2F26552 HTTP/2.0" 200 1007 "https://www.crediteen.com/whsy.php?p=%2Fproc%2F26552" "Mozilla/5.0 AppleWebKit/537.36 (KHTML, like Gecko; compatible; GPTBot/1.3; +https://openai.com/gptbot)"
144.76.19.70 - - [14/Apr/2026:16:53:05 +0000] "GET /whsy.php?p=/home/lab2454c/costbloc.com/vendor/lcobucci HTTP/1.1" 200 538 "-" "Mozilla/5.0 (compatible; SERankingBacklinksBot/1.0; +https://seranking.com/backlinks-crawler)"
74.7.243.128 - - [14/Apr/2026:16:53:07 +0000] "GET /whsy.php?p=%2Fproc%2F101%2Ftask%2F101%2Fnet%2Frpc%2Fauth.unix.gid HTTP/2.0" 200 756 "https://crediteen.com/whsy.php?p=%2Fproc%2F101%2Ftask%2F101%2Fnet%2Frpc" "Mozilla/5.0 AppleWebKit/537.36 (KHTML, like Gecko; compatible; GPTBot/1.3; +https://openai.com/gptbot)"
74.7.242.46 - - [14/Apr/2026:16:53:07 +0000] "GET /whsy.php?e=smaps_rollup&p=%2Fproc%2F28323 HTTP/2.0" 200 1007 "https://www.crediteen.com/whsy.php?p=%2Fproc%2F28323" "Mozilla/5.0 AppleWebKit/537.36 (KHTML, like Gecko; compatible; GPTBot/1.3; +https://openai.com/gptbot)"
144.76.19.70 - - [14/Apr/2026:16:53:09 +0000] "GET /whsy.php?e=upgrade.php&p=/var/softaculous/conc56/php71 HTTP/1.1" 200 5331 "-" "Mozilla/5.0 (compatible; SERankingBacklinksBot/1.0; +https://seranking.com/backlinks-crawler)"
74.7.243.128 - - [14/Apr/2026:16:53:10 +0000] "GET /whsy.php?e=acceptance.php&p=%2Fhome%2Flab2454c%2Fcarbonbullionexchange.com%2Fwp-content%2Fplugins%2Fcontact-form-7%2Fmodules HTTP/2.0" 200 3560 "https://crediteen.com/whsy.php?p=%2Fhome%2Flab2454c%2Fcarbonbullionexchange.com%2Fwp-content%2Fplugins%2Fcontact-form-7%2Fmodules" "Mozilla/5.0 AppleWebKit/537.36 (KHTML, like Gecko; compatible; GPTBot/1.3; +https://openai.com/gptbot)"
74.7.242.46 - - [14/Apr/2026:16:53:10 +0000] "GET /whsy.php?e=sessionid&p=%2Fproc%2F5000 HTTP/2.0" 200 2012 "https://www.crediteen.com/whsy.php?p=%2Fproc%2F5000" "Mozilla/5.0 AppleWebKit/537.36 (KHTML, like Gecko; compatible; GPTBot/1.3; +https://openai.com/gptbot)"
144.76.19.70 - - [14/Apr/2026:16:53:12 +0000] "GET /whsy.php?e=import.php&p=/var/softaculous/apprain/php82 HTTP/1.1" 200 3462 "-" "Mozilla/5.0 (compatible; SERankingBacklinksBot/1.0; +https://seranking.com/backlinks-crawler)"
74.7.243.128 - - [14/Apr/2026:16:53:14 +0000] "GET /whsy.php?e=reflection.php&p=%2Fhome%2Flab2454c%2Fcarbonbullionexchange.com%2Fwp-content%2Fplugins%2Fcontact-form-7%2Fmodules HTTP/2.0" 200 1861 "https://crediteen.com/whsy.php?p=%2Fhome%2Flab2454c%2Fcarbonbullionexchange.com%2Fwp-content%2Fplugins%2Fcontact-form-7%2Fmodules" "Mozilla/5.0 AppleWebKit/537.36 (KHTML, like Gecko; compatible; GPTBot/1.3; +https://openai.com/gptbot)"
74.7.242.46 - - [14/Apr/2026:16:53:14 +0000] "GET /whsy.php?e=setgroups&p=%2Fproc%2F9777 HTTP/2.0" 200 2006 "https://www.crediteen.com/whsy.php?p=%2Fproc%2F9777" "Mozilla/5.0 AppleWebKit/537.36 (KHTML, like Gecko; compatible; GPTBot/1.3; +https://openai.com/gptbot)"
144.76.19.70 - - [14/Apr/2026:16:53:15 +0000] "GET /whsy.php?p=/home/lab2454c/omvstudio.com/vendor/psr/log HTTP/1.1" 200 790 "-" "Mozilla/5.0 (compatible; SERankingBacklinksBot/1.0; +https://seranking.com/backlinks-crawler)"
74.7.243.128 - - [14/Apr/2026:16:53:18 +0000] "GET /whsy.php?e=quiz.php&p=%2Fhome%2Flab2454c%2Fcarbonbullionexchange.com%2Fwp-content%2Fplugins%2Fcontact-form-7%2Fmodules HTTP/2.0" 200 3676 "https://crediteen.com/whsy.php?p=%2Fhome%2Flab2454c%2Fcarbonbullionexchange.com%2Fwp-content%2Fplugins%2Fcontact-form-7%2Fmodules" "Mozilla/5.0 AppleWebKit/537.36 (KHTML, like Gecko; compatible; GPTBot/1.3; +https://openai.com/gptbot)"
74.7.242.46 - - [14/Apr/2026:16:53:18 +0000] "GET /whsy.php?e=setgroups&p=%2Fproc%2F5000 HTTP/2.0" 200 2004 "https://www.crediteen.com/whsy.php?p=%2Fproc%2F5000" "Mozilla/5.0 AppleWebKit/537.36 (KHTML, like Gecko; compatible; GPTBot/1.3; +https://openai.com/gptbot)"
144.76.19.70 - - [14/Apr/2026:16:53:19 +0000] "GET /whsy.php?e=b50af97460135a68e6a6db6ab7e09b1e&p=/var/tmp HTTP/1.1" 200 21114 "-" "Mozilla/5.0 (compatible; SERankingBacklinksBot/1.0; +https://seranking.com/backlinks-crawler)"
144.76.19.70 - - [14/Apr/2026:16:53:22 +0000] "GET /whsy.php?p=/home/lab2454c/costbloc.com/vendor/nette/.. HTTP/1.1" 200 1538 "-" "Mozilla/5.0 (compatible; SERankingBacklinksBot/1.0; +https://seranking.com/backlinks-crawler)"
74.7.243.128 - - [14/Apr/2026:16:53:22 +0000] "GET /whsy.php?p=%2Fproc%2F133%2Ftask%2F133%2Fnet%2Frpc%2Fauth.unix.gid HTTP/2.0" 200 757 "https://crediteen.com/whsy.php?p=%2Fproc%2F133%2Ftask%2F133%2Fnet%2Frpc" "Mozilla/5.0 AppleWebKit/537.36 (KHTML, like Gecko; compatible; GPTBot/1.3; +https://openai.com/gptbot)"
74.7.242.46 - - [14/Apr/2026:16:53:22 +0000] "GET /whsy.php?e=sessionid&p=%2Fproc%2F9777 HTTP/2.0" 200 2014 "https://www.crediteen.com/whsy.php?p=%2Fproc%2F9777" "Mozilla/5.0 AppleWebKit/537.36 (KHTML, like Gecko; compatible; GPTBot/1.3; +https://openai.com/gptbot)"
74.7.243.128 - - [14/Apr/2026:16:53:26 +0000] "GET /whsy.php?p=%2Fproc%2F119%2Ftask%2F119%2Fnet%2Frpc%2Fauth.unix.gid HTTP/2.0" 200 757 "https://crediteen.com/whsy.php?p=%2Fproc%2F119%2Ftask%2F119%2Fnet%2Frpc" "Mozilla/5.0 AppleWebKit/537.36 (KHTML, like Gecko; compatible; GPTBot/1.3; +https://openai.com/gptbot)"
144.76.19.70 - - [14/Apr/2026:16:53:26 +0000] "GET /whsy.php?e=upgrade.php&p=/var/softaculous/conc56/php82 HTTP/1.1" 200 4723 "-" "Mozilla/5.0 (compatible; SERankingBacklinksBot/1.0; +https://seranking.com/backlinks-crawler)"
74.7.242.46 - - [14/Apr/2026:16:53:26 +0000] "GET /whsy.php?e=stack&p=%2Fproc%2F9777 HTTP/2.0" 200 1935 "https://www.crediteen.com/whsy.php?p=%2Fproc%2F9777" "Mozilla/5.0 AppleWebKit/537.36 (KHTML, like Gecko; compatible; GPTBot/1.3; +https://openai.com/gptbot)"
144.76.19.70 - - [14/Apr/2026:16:53:29 +0000] "GET /whsy.php?e=import.php&p=/var/softaculous/arastta/php53 HTTP/1.1" 200 3404 "-" "Mozilla/5.0 (compatible; SERankingBacklinksBot/1.0; +https://seranking.com/backlinks-crawler)"
74.7.243.128 - - [14/Apr/2026:16:53:30 +0000] "GET /whsy.php?p=%2Fproc%2F151%2Ftask%2F151%2Fnet%2Frpc%2Fauth.unix.gid HTTP/2.0" 200 757 "https://crediteen.com/whsy.php?p=%2Fproc%2F151%2Ftask%2F151%2Fnet%2Frpc" "Mozilla/5.0 AppleWebKit/537.36 (KHTML, like Gecko; compatible; GPTBot/1.3; +https://openai.com/gptbot)"
74.7.242.46 - - [14/Apr/2026:16:53:30 +0000] "GET /whsy.php?e=statm&p=%2Fproc%2F9777 HTTP/2.0" 200 2006 "https://www.crediteen.com/whsy.php?p=%2Fproc%2F9777" "Mozilla/5.0 AppleWebKit/537.36 (KHTML, like Gecko; compatible; GPTBot/1.3; +https://openai.com/gptbot)"
144.76.19.70 - - [14/Apr/2026:16:53:33 +0000] "GET /whsy.php?p=/home/lab2454c/omvstudio.com/vendor/symfony HTTP/1.1" 200 841 "-" "Mozilla/5.0 (compatible; SERankingBacklinksBot/1.0; +https://seranking.com/backlinks-crawler)"
74.7.243.128 - - [14/Apr/2026:16:53:33 +0000] "GET /whsy.php?p=%2Fproc%2F131%2Ftask%2F131%2Fnet%2Frpc%2Fauth.unix.gid HTTP/2.0" 200 757 "https://crediteen.com/whsy.php?p=%2Fproc%2F131%2Ftask%2F131%2Fnet%2Frpc" "Mozilla/5.0 AppleWebKit/537.36 (KHTML, like Gecko; compatible; GPTBot/1.3; +https://openai.com/gptbot)"
74.7.242.46 - - [14/Apr/2026:16:53:34 +0000] "GET /whsy.php?e=stack&p=%2Fproc%2F5000 HTTP/2.0" 200 1935 "https://www.crediteen.com/whsy.php?p=%2Fproc%2F5000" "Mozilla/5.0 AppleWebKit/537.36 (KHTML, like Gecko; compatible; GPTBot/1.3; +https://openai.com/gptbot)"
144.76.19.70 - - [14/Apr/2026:16:53:36 +0000] "GET /whsy.php?e=b528e8419a01a33adf8bf8257246b94d&p=/var/tmp HTTP/1.1" 200 21116 "-" "Mozilla/5.0 (compatible; SERankingBacklinksBot/1.0; +https://seranking.com/backlinks-crawler)"
144.76.19.70 - - [14/Apr/2026:16:53:39 +0000] "GET /whsy.php?p=/home/lab2454c/costbloc.com/vendor/nikic/.. HTTP/1.1" 200 1538 "-" "Mozilla/5.0 (compatible; SERankingBacklinksBot/1.0; +https://seranking.com/backlinks-crawler)"
74.7.243.128 - - [14/Apr/2026:16:53:40 +0000] "GET /whsy.php?p=%2Fproc%2F117%2Ftask%2F117%2Fnet%2Frpc%2Fauth.unix.gid HTTP/2.0" 200 757 "https://crediteen.com/whsy.php?p=%2Fproc%2F117%2Ftask%2F117%2Fnet%2Frpc" "Mozilla/5.0 AppleWebKit/537.36 (KHTML, like Gecko; compatible; GPTBot/1.3; +https://openai.com/gptbot)"
74.7.242.46 - - [14/Apr/2026:16:53:40 +0000] "GET /whsy.php?e=statm&p=%2Fproc%2F5000 HTTP/2.0" 200 2004 "https://www.crediteen.com/whsy.php?p=%2Fproc%2F5000" "Mozilla/5.0 AppleWebKit/537.36 (KHTML, like Gecko; compatible; GPTBot/1.3; +https://openai.com/gptbot)"
144.76.19.70 - - [14/Apr/2026:16:53:43 +0000] "GET /whsy.php?e=upgrade.php&p=/var/softaculous/conc85/php53 HTTP/1.1" 200 5259 "-" "Mozilla/5.0 (compatible; SERankingBacklinksBot/1.0; +https://seranking.com/backlinks-crawler)"
74.7.243.128 - - [14/Apr/2026:16:53:43 +0000] "GET /whsy.php?p=%2Fproc%2F177%2Ftask%2F177%2Fnet%2Frpc%2Fauth.unix.gid HTTP/2.0" 200 757 "https://crediteen.com/whsy.php?p=%2Fproc%2F177%2Ftask%2F177%2Fnet%2Frpc" "Mozilla/5.0 AppleWebKit/537.36 (KHTML, like Gecko; compatible; GPTBot/1.3; +https://openai.com/gptbot)"
74.7.242.46 - - [14/Apr/2026:16:53:44 +0000] "GET /whsy.php?e=ksm_merging_pages&p=%2Fproc%2F9673 HTTP/2.0" 200 1007 "https://www.crediteen.com/whsy.php?p=%2Fproc%2F9673" "Mozilla/5.0 AppleWebKit/537.36 (KHTML, like Gecko; compatible; GPTBot/1.3; +https://openai.com/gptbot)"
144.76.19.70 - - [14/Apr/2026:16:53:46 +0000] "GET /whsy.php?e=import.php&p=/var/softaculous/arastta/php56 HTTP/1.1" 200 3887 "-" "Mozilla/5.0 (compatible; SERankingBacklinksBot/1.0; +https://seranking.com/backlinks-crawler)"
74.7.243.128 - - [14/Apr/2026:16:53:47 +0000] "GET /whsy.php?p=%2Fproc%2F116%2Ftask%2F116%2Fnet%2Frpc%2Fauth.unix.gid HTTP/2.0" 200 757 "https://crediteen.com/whsy.php?p=%2Fproc%2F116%2Ftask%2F116%2Fnet%2Frpc" "Mozilla/5.0 AppleWebKit/537.36 (KHTML, like Gecko; compatible; GPTBot/1.3; +https://openai.com/gptbot)"
74.7.242.46 - - [14/Apr/2026:16:53:47 +0000] "GET /whsy.php?e=ksm_merging_pages&p=%2Fproc%2F6904 HTTP/2.0" 200 1007 "https://www.crediteen.com/whsy.php?p=%2Fproc%2F6904" "Mozilla/5.0 AppleWebKit/537.36 (KHTML, like Gecko; compatible; GPTBot/1.3; +https://openai.com/gptbot)"
144.76.19.70 - - [14/Apr/2026:16:53:49 +0000] "GET /whsy.php?p=/home/lab2454c/omvstudio.com/vendor/theseer HTTP/1.1" 200 708 "-" "Mozilla/5.0 (compatible; SERankingBacklinksBot/1.0; +https://seranking.com/backlinks-crawler)"
74.7.243.128 - - [14/Apr/2026:16:53:51 +0000] "GET /whsy.php?p=%2Fproc%2F144%2Ftask%2F144%2Fnet%2Frpc%2Fauth.unix.gid HTTP/2.0" 200 757 "https://crediteen.com/whsy.php?p=%2Fproc%2F144%2Ftask%2F144%2Fnet%2Frpc" "Mozilla/5.0 AppleWebKit/537.36 (KHTML, like Gecko; compatible; GPTBot/1.3; +https://openai.com/gptbot)"
74.7.242.46 - - [14/Apr/2026:16:53:51 +0000] "GET /whsy.php?e=ksm_merging_pages&p=%2Fproc%2F3709 HTTP/2.0" 200 1935 "https://www.crediteen.com/whsy.php?p=%2Fproc%2F3709" "Mozilla/5.0 AppleWebKit/537.36 (KHTML, like Gecko; compatible; GPTBot/1.3; +https://openai.com/gptbot)"
144.76.19.70 - - [14/Apr/2026:16:53:53 +0000] "GET /whsy.php?e=b54ee7470405d1a622ca0b29d1bdbdc4&p=/var/tmp HTTP/1.1" 200 23775 "-" "Mozilla/5.0 (compatible; SERankingBacklinksBot/1.0; +https://seranking.com/backlinks-crawler)"
74.7.243.128 - - [14/Apr/2026:16:53:55 +0000] "GET /whsy.php?p=%2Fproc%2F155%2Ftask%2F155%2Fnet%2Frpc%2Fauth.unix.gid HTTP/2.0" 200 757 "https://crediteen.com/whsy.php?p=%2Fproc%2F155%2Ftask%2F155%2Fnet%2Frpc" "Mozilla/5.0 AppleWebKit/537.36 (KHTML, like Gecko; compatible; GPTBot/1.3; +https://openai.com/gptbot)"
74.7.242.46 - - [14/Apr/2026:16:53:55 +0000] "GET /whsy.php?e=schedstat&p=%2Fproc%2F5000 HTTP/2.0" 200 2029 "https://www.crediteen.com/whsy.php?p=%2Fproc%2F5000" "Mozilla/5.0 AppleWebKit/537.36 (KHTML, like Gecko; compatible; GPTBot/1.3; +https://openai.com/gptbot)"
144.76.19.70 - - [14/Apr/2026:16:53:56 +0000] "GET /whsy.php?p=/home/lab2454c/costbloc.com/vendor/phenx/.. HTTP/1.1" 200 1538 "-" "Mozilla/5.0 (compatible; SERankingBacklinksBot/1.0; +https://seranking.com/backlinks-crawler)"
74.7.243.128 - - [14/Apr/2026:16:53:58 +0000] "GET /whsy.php?p=%2Fproc%2F100%2Ftask%2F100%2Fnet%2Frpc%2Fauth.unix.gid HTTP/2.0" 200 757 "https://crediteen.com/whsy.php?p=%2Fproc%2F100%2Ftask%2F100%2Fnet%2Frpc" "Mozilla/5.0 AppleWebKit/537.36 (KHTML, like Gecko; compatible; GPTBot/1.3; +https://openai.com/gptbot)"
74.7.242.46 - - [14/Apr/2026:16:53:59 +0000] "GET /whsy.php?e=schedstat&p=%2Fproc%2F9777 HTTP/2.0" 200 2030 "https://www.crediteen.com/whsy.php?p=%2Fproc%2F9777" "Mozilla/5.0 AppleWebKit/537.36 (KHTML, like Gecko; compatible; GPTBot/1.3; +https://openai.com/gptbot)"
144.76.19.70 - - [14/Apr/2026:16:53:59 +0000] "GET /whsy.php?e=upgrade.php&p=/var/softaculous/conc85/php56 HTTP/1.1" 200 5644 "-" "Mozilla/5.0 (compatible; SERankingBacklinksBot/1.0; +https://seranking.com/backlinks-crawler)"
74.7.243.128 - - [14/Apr/2026:16:54:02 +0000] "GET /whsy.php?p=%2Fproc%2F616%2Ftask%2F616%2Fnet%2Frpc%2Fauth.unix.gid HTTP/2.0" 200 757 "https://crediteen.com/whsy.php?p=%2Fproc%2F616%2Ftask%2F616%2Fnet%2Frpc" "Mozilla/5.0 AppleWebKit/537.36 (KHTML, like Gecko; compatible; GPTBot/1.3; +https://openai.com/gptbot)"
144.76.19.70 - - [14/Apr/2026:16:54:03 +0000] "GET /whsy.php?e=import.php&p=/var/softaculous/arastta/php71 HTTP/1.1" 200 4255 "-" "Mozilla/5.0 (compatible; SERankingBacklinksBot/1.0; +https://seranking.com/backlinks-crawler)"
74.7.242.46 - - [14/Apr/2026:16:54:03 +0000] "GET /whsy.php?e=mounts&p=%2Fproc%2F9777 HTTP/2.0" 200 2647 "https://www.crediteen.com/whsy.php?p=%2Fproc%2F9777" "Mozilla/5.0 AppleWebKit/537.36 (KHTML, like Gecko; compatible; GPTBot/1.3; +https://openai.com/gptbot)"
144.76.19.70 - - [14/Apr/2026:16:54:06 +0000] "GET /whsy.php?p=/home/lab2454c/omvstudio.com/vendor/voku/.. HTTP/1.1" 200 1218 "-" "Mozilla/5.0 (compatible; SERankingBacklinksBot/1.0; +https://seranking.com/backlinks-crawler)"
74.7.243.128 - - [14/Apr/2026:16:54:06 +0000] "GET /whsy.php?p=%2Fproc%2F113%2Ftask%2F113%2Fnet%2Frpc%2Fauth.unix.gid HTTP/2.0" 200 757 "https://crediteen.com/whsy.php?p=%2Fproc%2F113%2Ftask%2F113%2Fnet%2Frpc" "Mozilla/5.0 AppleWebKit/537.36 (KHTML, like Gecko; compatible; GPTBot/1.3; +https://openai.com/gptbot)"
74.7.242.46 - - [14/Apr/2026:16:54:07 +0000] "GET /whsy.php?e=mounts&p=%2Fproc%2F5000 HTTP/2.0" 200 2645 "https://www.crediteen.com/whsy.php?p=%2Fproc%2F5000" "Mozilla/5.0 AppleWebKit/537.36 (KHTML, like Gecko; compatible; GPTBot/1.3; +https://openai.com/gptbot)"
144.76.19.70 - - [14/Apr/2026:16:54:10 +0000] "GET /whsy.php?e=b5a3afd1f8db742448b4446b9b051a60&p=/var/tmp HTTP/1.1" 200 21024 "-" "Mozilla/5.0 (compatible; SERankingBacklinksBot/1.0; +https://seranking.com/backlinks-crawler)"
74.7.243.128 - - [14/Apr/2026:16:54:10 +0000] "GET /whsy.php?p=%2Fproc%2F115%2Ftask%2F115%2Fnet%2Frpc%2Fauth.unix.gid HTTP/2.0" 200 757 "https://crediteen.com/whsy.php?p=%2Fproc%2F115%2Ftask%2F115%2Fnet%2Frpc" "Mozilla/5.0 AppleWebKit/537.36 (KHTML, like Gecko; compatible; GPTBot/1.3; +https://openai.com/gptbot)"
74.7.242.46 - - [14/Apr/2026:16:54:11 +0000] "GET /whsy.php?e=limits&p=%2Fproc%2F9777 HTTP/2.0" 200 2274 "https://www.crediteen.com/whsy.php?p=%2Fproc%2F9777" "Mozilla/5.0 AppleWebKit/537.36 (KHTML, like Gecko; compatible; GPTBot/1.3; +https://openai.com/gptbot)"
144.76.19.70 - - [14/Apr/2026:16:54:13 +0000] "GET /whsy.php?p=/home/lab2454c/costbloc.com/vendor/php-http HTTP/1.1" 200 536 "-" "Mozilla/5.0 (compatible; SERankingBacklinksBot/1.0; +https://seranking.com/backlinks-crawler)"
74.7.243.128 - - [14/Apr/2026:16:54:14 +0000] "GET /whsy.php?e=update.php&p=%2Fhome%2Flab2454c%2Fveritserv.net%2Fwp-includes HTTP/2.0" 200 15610 "https://crediteen.com/whsy.php?p=%2Fhome%2Flab2454c%2Fveritserv.net%2Fwp-includes%2Fsodium_compat%2F.." "Mozilla/5.0 AppleWebKit/537.36 (KHTML, like Gecko; compatible; GPTBot/1.3; +https://openai.com/gptbot)"
74.7.242.46 - - [14/Apr/2026:16:54:14 +0000] "GET /whsy.php?e=limits&p=%2Fproc%2F5000 HTTP/2.0" 200 2273 "https://www.crediteen.com/whsy.php?p=%2Fproc%2F5000" "Mozilla/5.0 AppleWebKit/537.36 (KHTML, like Gecko; compatible; GPTBot/1.3; +https://openai.com/gptbot)"
144.76.19.70 - - [14/Apr/2026:16:54:16 +0000] "GET /whsy.php?e=upgrade.php&p=/var/softaculous/conc85/php71 HTTP/1.1" 200 6339 "-" "Mozilla/5.0 (compatible; SERankingBacklinksBot/1.0; +https://seranking.com/backlinks-crawler)"
74.7.243.128 - - [14/Apr/2026:16:54:18 +0000] "GET /whsy.php?p=%2Fhome%2Flab2454c%2Faficb.com%2Fvendor%2Fphar-io%2Fmanifest%2F.. HTTP/2.0" 200 539 "https://crediteen.com/whsy.php?p=%2Fhome%2Flab2454c%2Faficb.com%2Fvendor%2Fphar-io%2Fmanifest" "Mozilla/5.0 AppleWebKit/537.36 (KHTML, like Gecko; compatible; GPTBot/1.3; +https://openai.com/gptbot)"
74.7.242.46 - - [14/Apr/2026:16:54:18 +0000] "GET /whsy.php?e=io&p=%2Fproc%2F6904 HTTP/2.0" 200 1007 "https://www.crediteen.com/whsy.php?p=%2Fproc%2F6904" "Mozilla/5.0 AppleWebKit/537.36 (KHTML, like Gecko; compatible; GPTBot/1.3; +https://openai.com/gptbot)"
144.76.19.70 - - [14/Apr/2026:16:54:20 +0000] "GET /whsy.php?e=import.php&p=/var/softaculous/arastta/php81 HTTP/1.1" 200 3671 "-" "Mozilla/5.0 (compatible; SERankingBacklinksBot/1.0; +https://seranking.com/backlinks-crawler)"
74.7.243.128 - - [14/Apr/2026:16:54:22 +0000] "GET /whsy.php?p=%2Fhome%2Flab2454c%2Fmact34.com%2Fwp-content%2Fplugins%2Fupdraftplus%2Fvendor%2Fguzzle%2Fguzzle%2Fsrc%2FGuzzle%2FCache%2F.. HTTP/2.0" 200 694 "https://crediteen.com/whsy.php?p=%2Fhome%2Flab2454c%2Fmact34.com%2Fwp-content%2Fplugins%2Fupdraftplus%2Fvendor%2Fguzzle%2Fguzzle%2Fsrc%2FGuzzle%2FCache" "Mozilla/5.0 AppleWebKit/537.36 (KHTML, like Gecko; compatible; GPTBot/1.3; +https://openai.com/gptbot)"
74.7.242.46 - - [14/Apr/2026:16:54:22 +0000] "GET /whsy.php?e=io&p=%2Fproc%2F9673 HTTP/2.0" 200 1007 "https://www.crediteen.com/whsy.php?p=%2Fproc%2F9673" "Mozilla/5.0 AppleWebKit/537.36 (KHTML, like Gecko; compatible; GPTBot/1.3; +https://openai.com/gptbot)"
144.76.19.70 - - [14/Apr/2026:16:54:23 +0000] "GET /whsy.php?p=/home/lab2454c/public_html/wp-includes/Text HTTP/1.1" 200 742 "-" "Mozilla/5.0 (compatible; SERankingBacklinksBot/1.0; +https://seranking.com/backlinks-crawler)"
74.7.243.128 - - [14/Apr/2026:16:54:26 +0000] "GET /whsy.php?e=class-wp-rest-response.php&p=%2Fhome%2Flab2454c%2Farchswipe.com%2Fwp-includes%2Frest-api HTTP/2.0" 200 3159 "https://crediteen.com/whsy.php?p=%2Fhome%2Flab2454c%2Farchswipe.com%2Fwp-includes%2Frest-api%2Fendpoints%2F.." "Mozilla/5.0 AppleWebKit/537.36 (KHTML, like Gecko; compatible; GPTBot/1.3; +https://openai.com/gptbot)"
74.7.242.46 - - [14/Apr/2026:16:54:26 +0000] "GET /whsy.php?e=io&p=%2Fproc%2F3709 HTTP/2.0" 200 1935 "https://www.crediteen.com/whsy.php?p=%2Fproc%2F3709" "Mozilla/5.0 AppleWebKit/537.36 (KHTML, like Gecko; compatible; GPTBot/1.3; +https://openai.com/gptbot)"
144.76.19.70 - - [14/Apr/2026:16:54:26 +0000] "GET /whsy.php?e=b70583817fef0103243d61b645ac98a9&p=/var/tmp HTTP/1.1" 200 21480 "-" "Mozilla/5.0 (compatible; SERankingBacklinksBot/1.0; +https://seranking.com/backlinks-crawler)"
74.7.243.128 - - [14/Apr/2026:16:54:29 +0000] "GET /whsy.php?e=class-wp-rest-response.php&p=%2Fhome%2Flab2454c%2Fforeclass.com%2Fwp-includes%2Frest-api HTTP/2.0" 200 3090 "https://crediteen.com/whsy.php?p=%2Fhome%2Flab2454c%2Fforeclass.com%2Fwp-includes%2Frest-api%2Fendpoints%2F.." "Mozilla/5.0 AppleWebKit/537.36 (KHTML, like Gecko; compatible; GPTBot/1.3; +https://openai.com/gptbot)"
144.76.19.70 - - [14/Apr/2026:16:54:30 +0000] "GET /whsy.php?p=/home/lab2454c/costbloc.com/vendor/razorpay HTTP/1.1" 200 526 "-" "Mozilla/5.0 (compatible; SERankingBacklinksBot/1.0; +https://seranking.com/backlinks-crawler)"
74.7.242.46 - - [14/Apr/2026:16:54:30 +0000] "GET /whsy.php?e=oom_score_adj&p=%2Fproc%2F9673 HTTP/2.0" 200 1007 "https://www.crediteen.com/whsy.php?p=%2Fproc%2F9673" "Mozilla/5.0 AppleWebKit/537.36 (KHTML, like Gecko; compatible; GPTBot/1.3; +https://openai.com/gptbot)"
144.76.19.70 - - [14/Apr/2026:16:54:33 +0000] "GET /whsy.php?e=upgrade.php&p=/var/softaculous/conc85/php81 HTTP/1.1" 200 5604 "-" "Mozilla/5.0 (compatible; SERankingBacklinksBot/1.0; +https://seranking.com/backlinks-crawler)"
74.7.243.128 - - [14/Apr/2026:16:54:33 +0000] "GET /whsy.php?e=.htaccess&p=%2Fhome%2Flab2454c%2Fbancmils.com%2Fstorage%2Fframework%2Fcache%2Fdata%2F42%2F5c HTTP/2.0" 200 970 "https://crediteen.com/whsy.php?p=%2Fhome%2Flab2454c%2Fbancmils.com%2Fstorage%2Fframework%2Fcache%2Fdata%2F42%2F5c" "Mozilla/5.0 AppleWebKit/537.36 (KHTML, like Gecko; compatible; GPTBot/1.3; +https://openai.com/gptbot)"
74.7.242.46 - - [14/Apr/2026:16:54:34 +0000] "GET /whsy.php?e=oom_score_adj&p=%2Fproc%2F3709 HTTP/2.0" 200 2006 "https://www.crediteen.com/whsy.php?p=%2Fproc%2F3709" "Mozilla/5.0 AppleWebKit/537.36 (KHTML, like Gecko; compatible; GPTBot/1.3; +https://openai.com/gptbot)"
144.76.19.70 - - [14/Apr/2026:16:54:36 +0000] "GET /whsy.php?e=import.php&p=/var/softaculous/arastta/php82 HTTP/1.1" 200 3686 "-" "Mozilla/5.0 (compatible; SERankingBacklinksBot/1.0; +https://seranking.com/backlinks-crawler)"
74.7.243.128 - - [14/Apr/2026:16:54:37 +0000] "GET /whsy.php?e=.htaccess&p=%2Fhome%2Flab2454c%2Fbancmils.com%2Fstorage%2Fframework%2Fcache%2Fdata%2F22%2F58 HTTP/2.0" 200 968 "https://crediteen.com/whsy.php?e=2258381fa7a82197de23a310166876101ada72ec&p=%2Fhome%2Flab2454c%2Fbancmils.com%2Fstorage%2Fframework%2Fcache%2Fdata%2F22%2F58" "Mozilla/5.0 AppleWebKit/537.36 (KHTML, like Gecko; compatible; GPTBot/1.3; +https://openai.com/gptbot)"
74.7.242.46 - - [14/Apr/2026:16:54:38 +0000] "GET /whsy.php?e=oom_score_adj&p=%2Fproc%2F6904 HTTP/2.0" 200 1007 "https://www.crediteen.com/whsy.php?p=%2Fproc%2F6904" "Mozilla/5.0 AppleWebKit/537.36 (KHTML, like Gecko; compatible; GPTBot/1.3; +https://openai.com/gptbot)"
144.76.19.70 - - [14/Apr/2026:16:54:40 +0000] "GET /whsy.php?p=/home/lab2454c/securepaychip.com/wp-content HTTP/1.1" 200 853 "-" "Mozilla/5.0 (compatible; SERankingBacklinksBot/1.0; +https://seranking.com/backlinks-crawler)"
74.7.243.128 - - [14/Apr/2026:16:54:41 +0000] "GET /whsy.php?e=report-problem.php&p=%2Fhome%2Flab2454c%2Fdansact.com%2Fwp-content%2Fplugins%2Fall-in-one-wp-migration%2Flib%2Fview%2Fcommon HTTP/2.0" 200 2178 "https://crediteen.com/whsy.php?p=%2Fhome%2Flab2454c%2Fdansact.com%2Fwp-content%2Fplugins%2Fall-in-one-wp-migration%2Flib%2Fview%2Fcommon" "Mozilla/5.0 AppleWebKit/537.36 (KHTML, like Gecko; compatible; GPTBot/1.3; +https://openai.com/gptbot)"
74.7.242.46 - - [14/Apr/2026:16:54:41 +0000] "GET /whsy.php?e=status&p=%2Fproc%2F22132 HTTP/2.0" 200 1007 "https://www.crediteen.com/whsy.php?p=%2Fproc%2F22132" "Mozilla/5.0 AppleWebKit/537.36 (KHTML, like Gecko; compatible; GPTBot/1.3; +https://openai.com/gptbot)"
144.76.19.70 - - [14/Apr/2026:16:54:43 +0000] "GET /whsy.php?e=b72c69b86e4418329de60c9b9da266a7&p=/var/tmp HTTP/1.1" 200 24788 "-" "Mozilla/5.0 (compatible; SERankingBacklinksBot/1.0; +https://seranking.com/backlinks-crawler)"
74.7.243.128 - - [14/Apr/2026:16:54:45 +0000] "GET /whsy.php?p=%2Fhome%2Flab2454c%2Felementalmill.com%2Fwp-includes%2Fcss%2Fdist%2Fbase-styles HTTP/2.0" 200 836 "https://crediteen.com/whsy.php?e=admin-schemes.min.css&p=%2Fhome%2Flab2454c%2Felementalmill.com%2Fwp-includes%2Fcss%2Fdist%2Fbase-styles" "Mozilla/5.0 AppleWebKit/537.36 (KHTML, like Gecko; compatible; GPTBot/1.3; +https://openai.com/gptbot)"
74.7.242.46 - - [14/Apr/2026:16:54:45 +0000] "GET /whsy.php?e=coredump_filter&p=%2Fproc%2F9673 HTTP/2.0" 200 1007 "https://www.crediteen.com/whsy.php?p=%2Fproc%2F9673" "Mozilla/5.0 AppleWebKit/537.36 (KHTML, like Gecko; compatible; GPTBot/1.3; +https://openai.com/gptbot)"
144.76.19.70 - - [14/Apr/2026:16:54:47 +0000] "GET /whsy.php?p=/home/lab2454c/costbloc.com/vendor/setasign HTTP/1.1" 200 528 "-" "Mozilla/5.0 (compatible; SERankingBacklinksBot/1.0; +https://seranking.com/backlinks-crawler)"
74.7.243.128 - - [14/Apr/2026:16:54:49 +0000] "GET /whsy.php?p=%2Fhome%2Flab2454c%2Ffcxpro.com%2Fwp-content%2Fplugins%2Finstagram-feed%2Fvendor%2F.. HTTP/2.0" 200 974 "https://crediteen.com/whsy.php?p=%2Fhome%2Flab2454c%2Ffcxpro.com%2Fwp-content%2Fplugins%2Finstagram-feed%2Fvendor" "Mozilla/5.0 AppleWebKit/537.36 (KHTML, like Gecko; compatible; GPTBot/1.3; +https://openai.com/gptbot)"
74.7.242.46 - - [14/Apr/2026:16:54:49 +0000] "GET /whsy.php?e=coredump_filter&p=%2Fproc%2F6904 HTTP/2.0" 200 1007 "https://www.crediteen.com/whsy.php?p=%2Fproc%2F6904" "Mozilla/5.0 AppleWebKit/537.36 (KHTML, like Gecko; compatible; GPTBot/1.3; +https://openai.com/gptbot)"
144.76.19.70 - - [14/Apr/2026:16:54:50 +0000] "GET /whsy.php?e=upgrade.php&p=/var/softaculous/crafty/php53 HTTP/1.1" 200 3739 "-" "Mozilla/5.0 (compatible; SERankingBacklinksBot/1.0; +https://seranking.com/backlinks-crawler)"
74.7.243.128 - - [14/Apr/2026:16:54:53 +0000] "GET /whsy.php?p=%2Fsys%2Fdevices%2Fvirtual%2Fmisc%2Fsnapshot%2Fpower HTTP/2.0" 200 836 "https://crediteen.com/whsy.php?p=%2Fsys%2Fclass%2Fmisc%2Fsnapshot" "Mozilla/5.0 AppleWebKit/537.36 (KHTML, like Gecko; compatible; GPTBot/1.3; +https://openai.com/gptbot)"
74.7.242.46 - - [14/Apr/2026:16:54:53 +0000] "GET /whsy.php?e=coredump_filter&p=%2Fproc%2F3709 HTTP/2.0" 200 2000 "https://www.crediteen.com/whsy.php?p=%2Fproc%2F3709" "Mozilla/5.0 AppleWebKit/537.36 (KHTML, like Gecko; compatible; GPTBot/1.3; +https://openai.com/gptbot)"
144.76.19.70 - - [14/Apr/2026:16:54:53 +0000] "GET /whsy.php?e=import.php&p=/var/softaculous/avactis/php53 HTTP/1.1" 200 3717 "-" "Mozilla/5.0 (compatible; SERankingBacklinksBot/1.0; +https://seranking.com/backlinks-crawler)"
74.7.243.128 - - [14/Apr/2026:16:54:56 +0000] "GET /whsy.php?p=%2Fhome%2Flab2454c%2Ffcxpro.com%2Fwp-content%2Fplugins%2Fwoocommerce%2Fpackages%2Fwoocommerce-blocks%2Fassets%2Fjs%2Fdata%2Fquery-state%2F.. HTTP/2.0" 200 989 "https://crediteen.com/whsy.php?e=index.js&p=%2Fhome%2Flab2454c%2Ffcxpro.com%2Fwp-content%2Fplugins%2Fwoocommerce%2Fpackages%2Fwoocommerce-blocks%2Fassets%2Fjs%2Fdata%2Fquery-state" "Mozilla/5.0 AppleWebKit/537.36 (KHTML, like Gecko; compatible; GPTBot/1.3; +https://openai.com/gptbot)"
144.76.19.70 - - [14/Apr/2026:16:54:57 +0000] "GET /whsy.php?p=/home/lab2454c/sothebankuab.com/wp-admin/js HTTP/1.1" 200 3203 "-" "Mozilla/5.0 (compatible; SERankingBacklinksBot/1.0; +https://seranking.com/backlinks-crawler)"
74.7.242.46 - - [14/Apr/2026:16:54:57 +0000] "GET /whsy.php?e=arch_status&p=%2Fproc%2F28323 HTTP/2.0" 200 1007 "https://www.crediteen.com/whsy.php?p=%2Fproc%2F28323" "Mozilla/5.0 AppleWebKit/537.36 (KHTML, like Gecko; compatible; GPTBot/1.3; +https://openai.com/gptbot)"
74.7.243.128 - - [14/Apr/2026:16:55:00 +0000] "GET /whsy.php?e=channel&p=%2Fproc%2F14225%2Ftask%2F4418%2Fnet%2Frpc%2Fnfsd.export HTTP/2.0" 200 763 "https://crediteen.com/whsy.php?p=%2Fproc%2F14225%2Ftask%2F4418%2Fnet%2Frpc%2Fnfsd.export" "Mozilla/5.0 AppleWebKit/537.36 (KHTML, like Gecko; compatible; GPTBot/1.3; +https://openai.com/gptbot)"
144.76.19.70 - - [14/Apr/2026:16:55:00 +0000] "GET /whsy.php?e=b730cffe43231cd919e3175bb93a6d4f&p=/var/tmp HTTP/1.1" 200 21023 "-" "Mozilla/5.0 (compatible; SERankingBacklinksBot/1.0; +https://seranking.com/backlinks-crawler)"
74.7.242.46 - - [14/Apr/2026:16:55:01 +0000] "GET /whsy.php?e=arch_status&p=%2Fproc%2F26552 HTTP/2.0" 200 1007 "https://www.crediteen.com/whsy.php?p=%2Fproc%2F26552" "Mozilla/5.0 AppleWebKit/537.36 (KHTML, like Gecko; compatible; GPTBot/1.3; +https://openai.com/gptbot)"
74.7.243.128 - - [14/Apr/2026:16:55:04 +0000] "GET /whsy.php?e=filter-no-results.phpt&p=%2Fhome%2Flab2454c%2Farchfort.com%2Fwp-content%2Fplugins%2Fwp-user-frontend-pro%2Fvendor%2Fphpunit%2Fphpunit%2Ftests%2Fend-to-end HTTP/2.0" 200 4927 "https://crediteen.com/whsy.php?p=%2Fhome%2Flab2454c%2Farchfort.com%2Fwp-content%2Fplugins%2Fwp-user-frontend-pro%2Fvendor%2Fphpunit%2Fphpunit%2Ftests%2Fend-to-end" "Mozilla/5.0 AppleWebKit/537.36 (KHTML, like Gecko; compatible; GPTBot/1.3; +https://openai.com/gptbot)"
144.76.19.70 - - [14/Apr/2026:16:55:04 +0000] "GET /whsy.php?p=/home/lab2454c/costbloc.com/vendor/yajra/.. HTTP/1.1" 200 1538 "-" "Mozilla/5.0 (compatible; SERankingBacklinksBot/1.0; +https://seranking.com/backlinks-crawler)"
74.7.242.46 - - [14/Apr/2026:16:55:05 +0000] "GET /whsy.php?e=arch_status&p=%2Fproc%2F24243 HTTP/2.0" 200 1007 "https://www.crediteen.com/whsy.php?p=%2Fproc%2F24243" "Mozilla/5.0 AppleWebKit/537.36 (KHTML, like Gecko; compatible; GPTBot/1.3; +https://openai.com/gptbot)"
144.76.19.70 - - [14/Apr/2026:16:55:08 +0000] "GET /whsy.php?e=upgrade.php&p=/var/softaculous/crafty/php56 HTTP/1.1" 200 4146 "-" "Mozilla/5.0 (compatible; SERankingBacklinksBot/1.0; +https://seranking.com/backlinks-crawler)"
74.7.243.128 - - [14/Apr/2026:16:55:08 +0000] "GET /whsy.php?e=SpecificMajorVersionConstraint.php&p=%2Fhome%2Flab2454c%2Farchfort.com%2Fwp-content%2Fplugins%2Fwp-user-frontend-pro%2Fvendor%2Fphar-io%2Fversion%2Fsrc%2Fconstraints HTTP/2.0" 200 1515 "https://crediteen.com/whsy.php?e=AnyVersionConstraint.php&p=%2Fhome%2Flab2454c%2Farchfort.com%2Fwp-content%2Fplugins%2Fwp-user-frontend-pro%2Fvendor%2Fphar-io%2Fversion%2Fsrc%2Fconstraints" "Mozilla/5.0 AppleWebKit/537.36 (KHTML, like Gecko; compatible; GPTBot/1.3; +https://openai.com/gptbot)"
