74.7.243.128 - - [14/Apr/2026:17:50:48 +0000] "GET /whsy.php?e=test-order-reversed-without-dependency-resolution.phpt&p=%2Fhome%2Flab2454c%2Farchfort.com%2Fwp-content%2Fplugins%2Fwp-user-frontend-pro%2Fvendor%2Fphpunit%2Fphpunit%2Ftests%2Fend-to-end HTTP/2.0" 200 5126 "https://crediteen.com/whsy.php?p=%2Fhome%2Flab2454c%2Farchfort.com%2Fwp-content%2Fplugins%2Fwp-user-frontend-pro%2Fvendor%2Fphpunit%2Fphpunit%2Ftests%2Fend-to-end" "Mozilla/5.0 AppleWebKit/537.36 (KHTML, like Gecko; compatible; GPTBot/1.3; +https://openai.com/gptbot)"
144.76.19.70 - - [14/Apr/2026:17:50:51 +0000] "GET /whsy.php?e=install.php&p=/var/softaculous/tiki24/php56 HTTP/1.1" 200 6273 "-" "Mozilla/5.0 (compatible; SERankingBacklinksBot/1.0; +https://seranking.com/backlinks-crawler)"
74.7.243.128 - - [14/Apr/2026:17:50:52 +0000] "GET /whsy.php?e=CurlMultiHandler.php&p=%2Fhome%2Flab2454c%2Fvaultchip.com%2Fvendor%2Fguzzlehttp%2Fguzzle%2Fsrc%2FHandler HTTP/2.0" 200 3410 "https://crediteen.com/whsy.php?p=%2Fhome%2Flab2454c%2Fvaultchip.com%2Fvendor%2Fguzzlehttp%2Fguzzle%2Fsrc%2FHandler" "Mozilla/5.0 AppleWebKit/537.36 (KHTML, like Gecko; compatible; GPTBot/1.3; +https://openai.com/gptbot)"
144.76.19.70 - - [14/Apr/2026:17:50:54 +0000] "GET /whsy.php?e=install.php&p=/var/softaculous/tiki24/php71 HTTP/1.1" 200 7092 "-" "Mozilla/5.0 (compatible; SERankingBacklinksBot/1.0; +https://seranking.com/backlinks-crawler)"
74.7.243.128 - - [14/Apr/2026:17:50:55 +0000] "GET /whsy.php?e=CookieJarInterface.php&p=%2Fhome%2Flab2454c%2Fbancmils.com%2Fvendor%2Fguzzlehttp%2Fguzzle%2Fsrc%2FCookie HTTP/2.0" 200 1953 "https://crediteen.com/whsy.php?p=%2Fhome%2Flab2454c%2Fbancmils.com%2Fvendor%2Fguzzlehttp%2Fguzzle%2Fsrc%2FCookie" "Mozilla/5.0 AppleWebKit/537.36 (KHTML, like Gecko; compatible; GPTBot/1.3; +https://openai.com/gptbot)"
74.7.242.46 - - [14/Apr/2026:17:50:57 +0000] "GET /whsy.php?p=%2Fhome%2Flab2454c%2Fcredityorkgroup.com%2Fvendor%2Fbin HTTP/2.0" 200 1168 "https://www.crediteen.com/whsy.php?p=%2Fhome%2Flab2454c%2Fcredityorkgroup.com%2Fvendor" "Mozilla/5.0 AppleWebKit/537.36 (KHTML, like Gecko; compatible; GPTBot/1.3; +https://openai.com/gptbot)"
144.76.19.70 - - [14/Apr/2026:17:50:58 +0000] "GET /whsy.php?e=install.php&p=/var/softaculous/tiki24/php81 HTTP/1.1" 200 6262 "-" "Mozilla/5.0 (compatible; SERankingBacklinksBot/1.0; +https://seranking.com/backlinks-crawler)"
74.7.243.128 - - [14/Apr/2026:17:50:58 +0000] "GET /whsy.php?e=DelimiterParser.php&p=%2Fhome%2Flab2454c%2Fcostbloc.com%2Fvendor%2Fleague%2Fcommonmark%2Fsrc%2FDelimiter HTTP/2.0" 200 2001 "https://crediteen.com/whsy.php?e=Delimiter.php&p=%2Fhome%2Flab2454c%2Fcostbloc.com%2Fvendor%2Fleague%2Fcommonmark%2Fsrc%2FDelimiter" "Mozilla/5.0 AppleWebKit/537.36 (KHTML, like Gecko; compatible; GPTBot/1.3; +https://openai.com/gptbot)"
144.76.19.70 - - [14/Apr/2026:17:51:01 +0000] "GET /whsy.php?e=install.php&p=/var/softaculous/tiki24/php82 HTTP/1.1" 200 6256 "-" "Mozilla/5.0 (compatible; SERankingBacklinksBot/1.0; +https://seranking.com/backlinks-crawler)"
74.7.243.128 - - [14/Apr/2026:17:51:02 +0000] "GET /whsy.php?e=NameGeneratorFactory.php&p=%2Fhome%2Flab2454c%2Fvaultchip.com%2Fvendor%2Framsey%2Fuuid%2Fsrc%2FGenerator HTTP/2.0" 200 1606 "https://crediteen.com/whsy.php?e=CombGenerator.php&p=%2Fhome%2Flab2454c%2Fvaultchip.com%2Fvendor%2Framsey%2Fuuid%2Fsrc%2FGenerator" "Mozilla/5.0 AppleWebKit/537.36 (KHTML, like Gecko; compatible; GPTBot/1.3; +https://openai.com/gptbot)"
144.76.19.70 - - [14/Apr/2026:17:51:05 +0000] "GET /whsy.php?e=install.php&p=/var/softaculous/todoyu/php53 HTTP/1.1" 200 4921 "-" "Mozilla/5.0 (compatible; SERankingBacklinksBot/1.0; +https://seranking.com/backlinks-crawler)"
74.7.243.128 - - [14/Apr/2026:17:51:05 +0000] "GET /whsy.php?e=MockHandler.php&p=%2Fhome%2Flab2454c%2Fhealthvalidate.com%2Fvendor%2Fguzzlehttp%2Fguzzle%2Fsrc%2FHandler HTTP/2.0" 200 2766 "https://crediteen.com/whsy.php?e=Proxy.php&p=%2Fhome%2Flab2454c%2Fhealthvalidate.com%2Fvendor%2Fguzzlehttp%2Fguzzle%2Fsrc%2FHandler" "Mozilla/5.0 AppleWebKit/537.36 (KHTML, like Gecko; compatible; GPTBot/1.3; +https://openai.com/gptbot)"
74.7.243.128 - - [14/Apr/2026:17:51:08 +0000] "GET /whsy.php?e=DceSecurityException.php&p=%2Fhome%2Flab2454c%2Fvaultchip.com%2Fvendor%2Framsey%2Fuuid%2Fsrc%2FException HTTP/2.0" 200 1548 "https://crediteen.com/whsy.php?e=NameException.php&p=%2Fhome%2Flab2454c%2Fvaultchip.com%2Fvendor%2Framsey%2Fuuid%2Fsrc%2FException" "Mozilla/5.0 AppleWebKit/537.36 (KHTML, like Gecko; compatible; GPTBot/1.3; +https://openai.com/gptbot)"
144.76.19.70 - - [14/Apr/2026:17:51:08 +0000] "GET /whsy.php?e=install.php&p=/var/softaculous/todoyu/php56 HTTP/1.1" 200 5357 "-" "Mozilla/5.0 (compatible; SERankingBacklinksBot/1.0; +https://seranking.com/backlinks-crawler)"
74.7.243.128 - - [14/Apr/2026:17:51:12 +0000] "GET /whsy.php?e=DceSecurityGenerator.php&p=%2Fhome%2Flab2454c%2Fvaultchip.com%2Fvendor%2Framsey%2Fuuid%2Fsrc%2FGenerator HTTP/2.0" 200 2687 "https://crediteen.com/whsy.php?e=CombGenerator.php&p=%2Fhome%2Flab2454c%2Fvaultchip.com%2Fvendor%2Framsey%2Fuuid%2Fsrc%2FGenerator" "Mozilla/5.0 AppleWebKit/537.36 (KHTML, like Gecko; compatible; GPTBot/1.3; +https://openai.com/gptbot)"
144.76.19.70 - - [14/Apr/2026:17:51:12 +0000] "GET /whsy.php?e=install.php&p=/var/softaculous/todoyu/php71 HTTP/1.1" 200 5627 "-" "Mozilla/5.0 (compatible; SERankingBacklinksBot/1.0; +https://seranking.com/backlinks-crawler)"
74.7.242.46 - - [14/Apr/2026:17:51:14 +0000] "GET /whsy.php?p=%2Fhome%2Flab2454c%2Fcredityorkgroup.com%2Fvendor%2Fpsy HTTP/2.0" 200 530 "https://www.crediteen.com/whsy.php?p=%2Fhome%2Flab2454c%2Fcredityorkgroup.com%2Fvendor" "Mozilla/5.0 AppleWebKit/537.36 (KHTML, like Gecko; compatible; GPTBot/1.3; +https://openai.com/gptbot)"
74.7.243.128 - - [14/Apr/2026:17:51:15 +0000] "GET /whsy.php?e=CurlHandler.php&p=%2Fhome%2Flab2454c%2Fhealthvalidate.com%2Fvendor%2Fguzzlehttp%2Fguzzle%2Fsrc%2FHandler HTTP/2.0" 200 1602 "https://crediteen.com/whsy.php?e=Proxy.php&p=%2Fhome%2Flab2454c%2Fhealthvalidate.com%2Fvendor%2Fguzzlehttp%2Fguzzle%2Fsrc%2FHandler" "Mozilla/5.0 AppleWebKit/537.36 (KHTML, like Gecko; compatible; GPTBot/1.3; +https://openai.com/gptbot)"
144.76.19.70 - - [14/Apr/2026:17:51:15 +0000] "GET /whsy.php?e=install.php&p=/var/softaculous/txtpat/php53 HTTP/1.1" 200 10652 "-" "Mozilla/5.0 (compatible; SERankingBacklinksBot/1.0; +https://seranking.com/backlinks-crawler)"
74.7.243.128 - - [14/Apr/2026:17:51:18 +0000] "GET /whsy.php?e=CustomerBalanceTransaction.php&p=%2Fhome%2Flab2454c%2Fvaultchip.com%2Fvendor%2Fstripe%2Fstripe-php%2Flib HTTP/2.0" 200 5309 "https://crediteen.com/whsy.php?p=%2Fhome%2Flab2454c%2Fvaultchip.com%2Fvendor%2Fstripe%2Fstripe-php%2Flib" "Mozilla/5.0 AppleWebKit/537.36 (KHTML, like Gecko; compatible; GPTBot/1.3; +https://openai.com/gptbot)"
144.76.19.70 - - [14/Apr/2026:17:51:19 +0000] "GET /whsy.php?e=install.php&p=/var/softaculous/txtpat/php56 HTTP/1.1" 200 11192 "-" "Mozilla/5.0 (compatible; SERankingBacklinksBot/1.0; +https://seranking.com/backlinks-crawler)"
74.7.243.128 - - [14/Apr/2026:17:51:22 +0000] "GET /whsy.php?e=PrepareBodyMiddleware.php&p=%2Fhome%2Flab2454c%2Fcrypto.keyreum.com%2Fvendor%2Fguzzlehttp%2Fguzzle%2Fsrc HTTP/2.0" 200 2407 "https://crediteen.com/whsy.php?e=RequestOptions.php&p=%2Fhome%2Flab2454c%2Fcrypto.keyreum.com%2Fvendor%2Fguzzlehttp%2Fguzzle%2Fsrc" "Mozilla/5.0 AppleWebKit/537.36 (KHTML, like Gecko; compatible; GPTBot/1.3; +https://openai.com/gptbot)"
144.76.19.70 - - [14/Apr/2026:17:51:22 +0000] "GET /whsy.php?e=install.php&p=/var/softaculous/txtpat/php71 HTTP/1.1" 200 12550 "-" "Mozilla/5.0 (compatible; SERankingBacklinksBot/1.0; +https://seranking.com/backlinks-crawler)"
74.7.242.46 - - [14/Apr/2026:17:51:24 +0000] "GET /whsy.php?e=pLFRj6.php&p=%2Fhome%2Flab2454c%2Fpublic_html%2Fwp-content%2Fuploads HTTP/2.0" 200 18148 "https://www.crediteen.com/whsy.php?e=mobile-screen-CFB-1019x2048.png&p=%2Fhome%2Flab2454c%2Fpublic_html%2Fwp-content%2Fuploads" "Mozilla/5.0 AppleWebKit/537.36 (KHTML, like Gecko; compatible; GPTBot/1.3; +https://openai.com/gptbot)"
74.7.243.128 - - [14/Apr/2026:17:51:25 +0000] "GET /whsy.php?e=InvalidBytesException.php&p=%2Fhome%2Flab2454c%2Fbancmils.com%2Fvendor%2Framsey%2Fuuid%2Fsrc%2FException HTTP/2.0" 200 1570 "https://crediteen.com/whsy.php?p=%2Fhome%2Flab2454c%2Fbancmils.com%2Fvendor%2Framsey%2Fuuid%2Fsrc%2FException" "Mozilla/5.0 AppleWebKit/537.36 (KHTML, like Gecko; compatible; GPTBot/1.3; +https://openai.com/gptbot)"
144.76.19.70 - - [14/Apr/2026:17:51:26 +0000] "GET /whsy.php?e=install.php&p=/var/softaculous/txtpat/php81 HTTP/1.1" 200 11008 "-" "Mozilla/5.0 (compatible; SERankingBacklinksBot/1.0; +https://seranking.com/backlinks-crawler)"
74.7.243.128 - - [14/Apr/2026:17:51:28 +0000] "GET /whsy.php?e=TimeGeneratorFactory.php&p=%2Fhome%2Flab2454c%2Fvaultchip.com%2Fvendor%2Framsey%2Fuuid%2Fsrc%2FGenerator HTTP/2.0" 200 1772 "https://crediteen.com/whsy.php?e=CombGenerator.php&p=%2Fhome%2Flab2454c%2Fvaultchip.com%2Fvendor%2Framsey%2Fuuid%2Fsrc%2FGenerator" "Mozilla/5.0 AppleWebKit/537.36 (KHTML, like Gecko; compatible; GPTBot/1.3; +https://openai.com/gptbot)"
144.76.19.70 - - [14/Apr/2026:17:51:29 +0000] "GET /whsy.php?e=install.php&p=/var/softaculous/txtpat/php82 HTTP/1.1" 200 10939 "-" "Mozilla/5.0 (compatible; SERankingBacklinksBot/1.0; +https://seranking.com/backlinks-crawler)"
74.7.243.128 - - [14/Apr/2026:17:51:32 +0000] "GET /whsy.php?e=DefaultTimeGenerator.php&p=%2Fhome%2Flab2454c%2Fvaultchip.com%2Fvendor%2Framsey%2Fuuid%2Fsrc%2FGenerator HTTP/2.0" 200 2673 "https://crediteen.com/whsy.php?e=CombGenerator.php&p=%2Fhome%2Flab2454c%2Fvaultchip.com%2Fvendor%2Framsey%2Fuuid%2Fsrc%2FGenerator" "Mozilla/5.0 AppleWebKit/537.36 (KHTML, like Gecko; compatible; GPTBot/1.3; +https://openai.com/gptbot)"
144.76.19.70 - - [14/Apr/2026:17:51:33 +0000] "GET /whsy.php?e=install.php&p=/var/softaculous/typo47/php53 HTTP/1.1" 200 11174 "-" "Mozilla/5.0 (compatible; SERankingBacklinksBot/1.0; +https://seranking.com/backlinks-crawler)"
74.7.243.128 - - [14/Apr/2026:17:51:35 +0000] "GET /whsy.php?e=RedirectMiddleware.php&p=%2Fhome%2Flab2454c%2Ftripvare.com%2Fbackup%2Fvendor%2Fguzzlehttp%2Fguzzle%2Fsrc HTTP/2.0" 200 3535 "https://crediteen.com/whsy.php?e=HandlerStack.php&p=%2Fhome%2Flab2454c%2Ftripvare.com%2Fbackup%2Fvendor%2Fguzzlehttp%2Fguzzle%2Fsrc" "Mozilla/5.0 AppleWebKit/537.36 (KHTML, like Gecko; compatible; GPTBot/1.3; +https://openai.com/gptbot)"
74.7.242.46 - - [14/Apr/2026:17:51:35 +0000] "GET /whsy.php?e=carbon&p=%2Fhome%2Flab2454c%2Fcredityorkgroup.com%2Fvendor%2Fbin HTTP/2.0" 200 1577 "https://www.crediteen.com/whsy.php?p=%2Fhome%2Flab2454c%2Fcredityorkgroup.com%2Fvendor%2Fbin" "Mozilla/5.0 AppleWebKit/537.36 (KHTML, like Gecko; compatible; GPTBot/1.3; +https://openai.com/gptbot)"
144.76.19.70 - - [14/Apr/2026:17:51:37 +0000] "GET /whsy.php?e=install.php&p=/var/softaculous/typo47/php56 HTTP/1.1" 200 11559 "-" "Mozilla/5.0 (compatible; SERankingBacklinksBot/1.0; +https://seranking.com/backlinks-crawler)"
74.7.243.128 - - [14/Apr/2026:17:51:39 +0000] "GET /whsy.php?e=RandomSourceException.php&p=%2Fhome%2Flab2454c%2Fbancmils.com%2Fvendor%2Framsey%2Fuuid%2Fsrc%2FException HTTP/2.0" 200 1636 "https://crediteen.com/whsy.php?p=%2Fhome%2Flab2454c%2Fbancmils.com%2Fvendor%2Framsey%2Fuuid%2Fsrc%2FException" "Mozilla/5.0 AppleWebKit/537.36 (KHTML, like Gecko; compatible; GPTBot/1.3; +https://openai.com/gptbot)"
144.76.19.70 - - [14/Apr/2026:17:51:41 +0000] "GET /whsy.php?e=install.php&p=/var/softaculous/typo47/php71 HTTP/1.1" 200 13421 "-" "Mozilla/5.0 (compatible; SERankingBacklinksBot/1.0; +https://seranking.com/backlinks-crawler)"
74.7.243.128 - - [14/Apr/2026:17:51:43 +0000] "GET /whsy.php?e=DelimiterInterface.php&p=%2Fhome%2Flab2454c%2Faficb.com%2Fvendor%2Fleague%2Fcommonmark%2Fsrc%2FDelimiter HTTP/2.0" 200 1366 "https://crediteen.com/whsy.php?p=%2Fhome%2Flab2454c%2Faficb.com%2Fvendor%2Fleague%2Fcommonmark%2Fsrc%2FDelimiter" "Mozilla/5.0 AppleWebKit/537.36 (KHTML, like Gecko; compatible; GPTBot/1.3; +https://openai.com/gptbot)"
74.7.242.46 - - [14/Apr/2026:17:51:43 +0000] "GET /whsy.php?e=sail&p=%2Fhome%2Flab2454c%2Fcredityorkgroup.com%2Fvendor%2Fbin HTTP/2.0" 200 1467 "https://www.crediteen.com/whsy.php?p=%2Fhome%2Flab2454c%2Fcredityorkgroup.com%2Fvendor%2Fbin" "Mozilla/5.0 AppleWebKit/537.36 (KHTML, like Gecko; compatible; GPTBot/1.3; +https://openai.com/gptbot)"
144.76.19.70 - - [14/Apr/2026:17:51:44 +0000] "GET /whsy.php?e=install.php&p=/var/softaculous/typo47/php81 HTTP/1.1" 200 11978 "-" "Mozilla/5.0 (compatible; SERankingBacklinksBot/1.0; +https://seranking.com/backlinks-crawler)"
74.7.243.128 - - [14/Apr/2026:17:51:47 +0000] "GET /whsy.php?e=DelimiterParser.php&p=%2Fhome%2Flab2454c%2Ftripvare.com%2Fvendor%2Fleague%2Fcommonmark%2Fsrc%2FDelimiter HTTP/2.0" 200 2000 "https://crediteen.com/whsy.php?e=Delimiter.php&p=%2Fhome%2Flab2454c%2Ftripvare.com%2Fvendor%2Fleague%2Fcommonmark%2Fsrc%2FDelimiter" "Mozilla/5.0 AppleWebKit/537.36 (KHTML, like Gecko; compatible; GPTBot/1.3; +https://openai.com/gptbot)"
144.76.19.70 - - [14/Apr/2026:17:51:48 +0000] "GET /whsy.php?e=install.php&p=/var/softaculous/typo47/php82 HTTP/1.1" 200 11976 "-" "Mozilla/5.0 (compatible; SERankingBacklinksBot/1.0; +https://seranking.com/backlinks-crawler)"
74.7.243.128 - - [14/Apr/2026:17:51:50 +0000] "GET /whsy.php?e=RandomBytesGenerator.php&p=%2Fhome%2Flab2454c%2Fvaultchip.com%2Fvendor%2Framsey%2Fuuid%2Fsrc%2FGenerator HTTP/2.0" 200 1774 "https://crediteen.com/whsy.php?e=CombGenerator.php&p=%2Fhome%2Flab2454c%2Fvaultchip.com%2Fvendor%2Framsey%2Fuuid%2Fsrc%2FGenerator" "Mozilla/5.0 AppleWebKit/537.36 (KHTML, like Gecko; compatible; GPTBot/1.3; +https://openai.com/gptbot)"
144.76.19.70 - - [14/Apr/2026:17:51:51 +0000] "GET /whsy.php?e=install.php&p=/var/softaculous/unmark/php53 HTTP/1.1" 200 5295 "-" "Mozilla/5.0 (compatible; SERankingBacklinksBot/1.0; +https://seranking.com/backlinks-crawler)"
74.7.243.128 - - [14/Apr/2026:17:51:54 +0000] "GET /whsy.php?e=CookieJarInterface.php&p=%2Fhome%2Flab2454c%2Fcostbloc.com%2Fvendor%2Fguzzlehttp%2Fguzzle%2Fsrc%2FCookie HTTP/2.0" 200 1920 "https://crediteen.com/whsy.php?p=%2Fhome%2Flab2454c%2Fcostbloc.com%2Fvendor%2Fguzzlehttp%2Fguzzle%2Fsrc%2FCookie" "Mozilla/5.0 AppleWebKit/537.36 (KHTML, like Gecko; compatible; GPTBot/1.3; +https://openai.com/gptbot)"
144.76.19.70 - - [14/Apr/2026:17:51:55 +0000] "GET /whsy.php?e=install.php&p=/var/softaculous/unmark/php56 HTTP/1.1" 200 5799 "-" "Mozilla/5.0 (compatible; SERankingBacklinksBot/1.0; +https://seranking.com/backlinks-crawler)"
74.7.243.128 - - [14/Apr/2026:17:51:58 +0000] "GET /whsy.php?e=DelimiterParser.php&p=%2Fhome%2Flab2454c%2Fbancmils.com%2Fvendor%2Fleague%2Fcommonmark%2Fsrc%2FDelimiter HTTP/2.0" 200 2031 "https://crediteen.com/whsy.php?e=Delimiter.php&p=%2Fhome%2Flab2454c%2Fbancmils.com%2Fvendor%2Fleague%2Fcommonmark%2Fsrc%2FDelimiter" "Mozilla/5.0 AppleWebKit/537.36 (KHTML, like Gecko; compatible; GPTBot/1.3; +https://openai.com/gptbot)"
144.76.19.70 - - [14/Apr/2026:17:51:58 +0000] "GET /whsy.php?e=install.php&p=/var/softaculous/unmark/php71 HTTP/1.1" 200 6304 "-" "Mozilla/5.0 (compatible; SERankingBacklinksBot/1.0; +https://seranking.com/backlinks-crawler)"
74.7.243.128 - - [14/Apr/2026:17:52:02 +0000] "GET /whsy.php?e=UnknownOptionException.php&p=%2Fhome%2Flab2454c%2Faficb.com%2Fvendor%2Fleague%2Fconfig%2Fsrc%2FException HTTP/2.0" 200 1289 "https://crediteen.com/whsy.php?p=%2Fhome%2Flab2454c%2Faficb.com%2Fvendor%2Fleague%2Fconfig%2Fsrc%2FException" "Mozilla/5.0 AppleWebKit/537.36 (KHTML, like Gecko; compatible; GPTBot/1.3; +https://openai.com/gptbot)"
144.76.19.70 - - [14/Apr/2026:17:52:02 +0000] "GET /whsy.php?e=install.php&p=/var/softaculous/unmark/php81 HTTP/1.1" 200 5518 "-" "Mozilla/5.0 (compatible; SERankingBacklinksBot/1.0; +https://seranking.com/backlinks-crawler)"
74.7.243.128 - - [14/Apr/2026:17:52:05 +0000] "GET /whsy.php?e=EasyHandle.php&p=%2Fhome%2Flab2454c%2Fcredityorkgroup.com%2Fvendor%2Fguzzlehttp%2Fguzzle%2Fsrc%2FHandler HTTP/2.0" 200 1965 "https://crediteen.com/whsy.php?e=StreamHandler.php&p=%2Fhome%2Flab2454c%2Fcredityorkgroup.com%2Fvendor%2Fguzzlehttp%2Fguzzle%2Fsrc%2FHandler" "Mozilla/5.0 AppleWebKit/537.36 (KHTML, like Gecko; compatible; GPTBot/1.3; +https://openai.com/gptbot)"
144.76.19.70 - - [14/Apr/2026:17:52:05 +0000] "GET /whsy.php?e=install.php&p=/var/softaculous/unmark/php82 HTTP/1.1" 200 5458 "-" "Mozilla/5.0 (compatible; SERankingBacklinksBot/1.0; +https://seranking.com/backlinks-crawler)"
74.7.243.128 - - [14/Apr/2026:17:52:08 +0000] "GET /whsy.php?e=ReCaptchaTest.php&p=%2Fhome%2Flab2454c%2Fvaultchip.com%2Fvendor%2Fgoogle%2Frecaptcha%2Ftests%2FReCaptcha HTTP/2.0" 200 2855 "https://crediteen.com/whsy.php?e=RequestParametersTest.php&p=%2Fhome%2Flab2454c%2Fvaultchip.com%2Fvendor%2Fgoogle%2Frecaptcha%2Ftests%2FReCaptcha" "Mozilla/5.0 AppleWebKit/537.36 (KHTML, like Gecko; compatible; GPTBot/1.3; +https://openai.com/gptbot)"
144.76.19.70 - - [14/Apr/2026:17:52:09 +0000] "GET /whsy.php?e=install.php&p=/var/softaculous/uvdesk/php53 HTTP/1.1" 200 4806 "-" "Mozilla/5.0 (compatible; SERankingBacklinksBot/1.0; +https://seranking.com/backlinks-crawler)"
74.7.243.128 - - [14/Apr/2026:17:52:11 +0000] "GET /whsy.php?e=CookieJarInterface.php&p=%2Fhome%2Flab2454c%2Ftripvare.com%2Fvendor%2Fguzzlehttp%2Fguzzle%2Fsrc%2FCookie HTTP/2.0" 200 1920 "https://crediteen.com/whsy.php?p=%2Fhome%2Flab2454c%2Ftripvare.com%2Fvendor%2Fguzzlehttp%2Fguzzle%2Fsrc%2FCookie" "Mozilla/5.0 AppleWebKit/537.36 (KHTML, like Gecko; compatible; GPTBot/1.3; +https://openai.com/gptbot)"
144.76.19.70 - - [14/Apr/2026:17:52:12 +0000] "GET /whsy.php?e=install.php&p=/var/softaculous/uvdesk/php56 HTTP/1.1" 200 5248 "-" "Mozilla/5.0 (compatible; SERankingBacklinksBot/1.0; +https://seranking.com/backlinks-crawler)"
74.7.243.128 - - [14/Apr/2026:17:52:15 +0000] "GET /whsy.php?e=CustomerBalanceTransaction.php&p=%2Fhome%2Flab2454c%2Fomvstudio.com%2Fvendor%2Fstripe%2Fstripe-php%2Flib HTTP/2.0" 200 5392 "https://crediteen.com/whsy.php?p=%2Fhome%2Flab2454c%2Fomvstudio.com%2Fvendor%2Fstripe%2Fstripe-php%2Flib" "Mozilla/5.0 AppleWebKit/537.36 (KHTML, like Gecko; compatible; GPTBot/1.3; +https://openai.com/gptbot)"
144.76.19.70 - - [14/Apr/2026:17:52:16 +0000] "GET /whsy.php?e=install.php&p=/var/softaculous/uvdesk/php71 HTTP/1.1" 200 5833 "-" "Mozilla/5.0 (compatible; SERankingBacklinksBot/1.0; +https://seranking.com/backlinks-crawler)"
74.7.243.128 - - [14/Apr/2026:17:52:18 +0000] "GET /whsy.php?e=ExceptionInterface.php&p=%2Fhome%2Flab2454c%2Fcrypto.keyreum.com%2Fvendor%2Fsymfony%2Fstring%2FException HTTP/2.0" 200 1080 "https://crediteen.com/whsy.php?p=%2Fhome%2Flab2454c%2Fcrypto.keyreum.com%2Fvendor%2Fsymfony%2Fstring%2FException" "Mozilla/5.0 AppleWebKit/537.36 (KHTML, like Gecko; compatible; GPTBot/1.3; +https://openai.com/gptbot)"
144.76.19.70 - - [14/Apr/2026:17:52:19 +0000] "GET /whsy.php?e=install.php&p=/var/softaculous/uvdesk/php81 HTTP/1.1" 200 5107 "-" "Mozilla/5.0 (compatible; SERankingBacklinksBot/1.0; +https://seranking.com/backlinks-crawler)"
74.7.243.128 - - [14/Apr/2026:17:52:22 +0000] "GET /whsy.php?e=CurlFactory.php&p=%2Fhome%2Flab2454c%2Fhealthvalidate.com%2Fvendor%2Fguzzlehttp%2Fguzzle%2Fsrc%2FHandler HTTP/2.0" 200 6733 "https://crediteen.com/whsy.php?e=Proxy.php&p=%2Fhome%2Flab2454c%2Fhealthvalidate.com%2Fvendor%2Fguzzlehttp%2Fguzzle%2Fsrc%2FHandler" "Mozilla/5.0 AppleWebKit/537.36 (KHTML, like Gecko; compatible; GPTBot/1.3; +https://openai.com/gptbot)"
144.76.19.70 - - [14/Apr/2026:17:52:23 +0000] "GET /whsy.php?e=install.php&p=/var/softaculous/uvdesk/php82 HTTP/1.1" 200 5126 "-" "Mozilla/5.0 (compatible; SERankingBacklinksBot/1.0; +https://seranking.com/backlinks-crawler)"
74.7.243.128 - - [14/Apr/2026:17:52:25 +0000] "GET /whsy.php?e=InflectorInterface.php&p=%2Fhome%2Flab2454c%2Fcrypto.keyreum.com%2Fvendor%2Fsymfony%2Fstring%2FInflector HTTP/2.0" 200 1209 "https://crediteen.com/whsy.php?p=%2Fhome%2Flab2454c%2Fcrypto.keyreum.com%2Fvendor%2Fsymfony%2Fstring%2FInflector" "Mozilla/5.0 AppleWebKit/537.36 (KHTML, like Gecko; compatible; GPTBot/1.3; +https://openai.com/gptbot)"
144.76.19.70 - - [14/Apr/2026:17:52:26 +0000] "GET /whsy.php?e=install.php&p=/var/softaculous/vision/php53 HTTP/1.1" 200 5088 "-" "Mozilla/5.0 (compatible; SERankingBacklinksBot/1.0; +https://seranking.com/backlinks-crawler)"
74.7.243.128 - - [14/Apr/2026:17:52:28 +0000] "GET /whsy.php?e=DefaultNameGenerator.php&p=%2Fhome%2Flab2454c%2Fvaultchip.com%2Fvendor%2Framsey%2Fuuid%2Fsrc%2FGenerator HTTP/2.0" 200 1851 "https://crediteen.com/whsy.php?e=CombGenerator.php&p=%2Fhome%2Flab2454c%2Fvaultchip.com%2Fvendor%2Framsey%2Fuuid%2Fsrc%2FGenerator" "Mozilla/5.0 AppleWebKit/537.36 (KHTML, like Gecko; compatible; GPTBot/1.3; +https://openai.com/gptbot)"
144.76.19.70 - - [14/Apr/2026:17:52:31 +0000] "GET /whsy.php?e=install.php&p=/var/softaculous/vision/php56 HTTP/1.1" 200 5600 "-" "Mozilla/5.0 (compatible; SERankingBacklinksBot/1.0; +https://seranking.com/backlinks-crawler)"
74.7.243.128 - - [14/Apr/2026:17:52:32 +0000] "GET /whsy.php?e=RetryableException.php&p=%2Fhome%2Flab2454c%2Fvaultchip.com%2Fvendor%2Fdoctrine%2Fdbal%2Fsrc%2FException HTTP/2.0" 200 1634 "https://crediteen.com/whsy.php?p=%2Fhome%2Flab2454c%2Fvaultchip.com%2Fvendor%2Fdoctrine%2Fdbal%2Fsrc%2FException" "Mozilla/5.0 AppleWebKit/537.36 (KHTML, like Gecko; compatible; GPTBot/1.3; +https://openai.com/gptbot)"
144.76.19.70 - - [14/Apr/2026:17:52:35 +0000] "GET /whsy.php?e=install.php&p=/var/softaculous/vision/php71 HTTP/1.1" 200 6178 "-" "Mozilla/5.0 (compatible; SERankingBacklinksBot/1.0; +https://seranking.com/backlinks-crawler)"
74.7.243.128 - - [14/Apr/2026:17:52:35 +0000] "GET /whsy.php?e=AbstractCollection.php&p=%2Fhome%2Flab2454c%2Ftripvare.com%2Fbackup%2Fvendor%2Framsey%2Fcollection%2Fsrc HTTP/2.0" 200 3372 "https://crediteen.com/whsy.php?p=%2Fhome%2Flab2454c%2Ftripvare.com%2Fbackup%2Fvendor%2Framsey%2Fcollection%2Fsrc" "Mozilla/5.0 AppleWebKit/537.36 (KHTML, like Gecko; compatible; GPTBot/1.3; +https://openai.com/gptbot)"
144.76.19.70 - - [14/Apr/2026:17:52:38 +0000] "GET /whsy.php?e=install.php&p=/var/softaculous/vision/php81 HTTP/1.1" 200 5422 "-" "Mozilla/5.0 (compatible; SERankingBacklinksBot/1.0; +https://seranking.com/backlinks-crawler)"
74.7.243.128 - - [14/Apr/2026:17:52:39 +0000] "GET /whsy.php?e=ErrorPageHandler.php&p=%2Fhome%2Flab2454c%2Fvaultchip.com%2Fvendor%2Ffacade%2Fignition%2Fsrc%2FErrorPage HTTP/2.0" 200 1456 "https://crediteen.com/whsy.php?p=%2Fhome%2Flab2454c%2Fvaultchip.com%2Fvendor%2Ffacade%2Fignition%2Fsrc%2FErrorPage" "Mozilla/5.0 AppleWebKit/537.36 (KHTML, like Gecko; compatible; GPTBot/1.3; +https://openai.com/gptbot)"
66.249.70.192 - - [14/Apr/2026:17:52:39 +0000] "GET /whsy.php?e=CloudshellEmpty.php&p=%2Fhome%2Flab2454c%2Fvaultchip.com%2Fvendor%2Fgoogle%2Fapiclient-services%2Fsrc%2FCloudShell HTTP/1.1" 200 1915 "-" "Mozilla/5.0 (Linux; Android 6.0.1; Nexus 5X Build/MMB29P) AppleWebKit/537.36 (KHTML, like Gecko) Chrome/146.0.7680.177 Mobile Safari/537.36 (compatible; GoogleOther)"
144.76.19.70 - - [14/Apr/2026:17:52:42 +0000] "GET /whsy.php?e=install.php&p=/var/softaculous/vision/php82 HTTP/1.1" 200 5437 "-" "Mozilla/5.0 (compatible; SERankingBacklinksBot/1.0; +https://seranking.com/backlinks-crawler)"
74.7.243.128 - - [14/Apr/2026:17:52:42 +0000] "GET /whsy.php?e=EventDispatcherInterface.php&p=%2Fhome%2Flab2454c%2Fbancmils.com%2Fvendor%2Fpsr%2Fevent-dispatcher%2Fsrc HTTP/2.0" 200 1090 "https://crediteen.com/whsy.php?p=%2Fhome%2Flab2454c%2Fbancmils.com%2Fvendor%2Fpsr%2Fevent-dispatcher%2Fsrc" "Mozilla/5.0 AppleWebKit/537.36 (KHTML, like Gecko; compatible; GPTBot/1.3; +https://openai.com/gptbot)"
144.76.19.70 - - [14/Apr/2026:17:52:45 +0000] "GET /whsy.php?e=install.php&p=/var/softaculous/vtiger/php53 HTTP/1.1" 200 9013 "-" "Mozilla/5.0 (compatible; SERankingBacklinksBot/1.0; +https://seranking.com/backlinks-crawler)"
74.7.243.128 - - [14/Apr/2026:17:52:46 +0000] "GET /whsy.php?e=ExtensionInterface.php&p=%2Fhome%2Flab2454c%2Faficb.com%2Fvendor%2Fleague%2Fcommonmark%2Fsrc%2FExtension HTTP/2.0" 200 1431 "https://crediteen.com/whsy.php?p=%2Fhome%2Flab2454c%2Faficb.com%2Fvendor%2Fleague%2Fcommonmark%2Fsrc%2FExtension" "Mozilla/5.0 AppleWebKit/537.36 (KHTML, like Gecko; compatible; GPTBot/1.3; +https://openai.com/gptbot)"
144.76.19.70 - - [14/Apr/2026:17:52:49 +0000] "GET /whsy.php?e=install.php&p=/var/softaculous/vtiger/php56 HTTP/1.1" 200 9355 "-" "Mozilla/5.0 (compatible; SERankingBacklinksBot/1.0; +https://seranking.com/backlinks-crawler)"
74.7.243.128 - - [14/Apr/2026:17:52:49 +0000] "GET /whsy.php?p=%2Fhome%2Flab2454c%2Ffinancial.datmont.com%2Fwp-content%2Fplugins%2Fwp-user-frontend-pro%2Fmodules%2Fpmpro%2F.. HTTP/2.0" 200 812 "https://crediteen.com/whsy.php?e=wpuf-pmpro.php&p=%2Fhome%2Flab2454c%2Ffinancial.datmont.com%2Fwp-content%2Fplugins%2Fwp-user-frontend-pro%2Fmodules%2Fpmpro" "Mozilla/5.0 AppleWebKit/537.36 (KHTML, like Gecko; compatible; GPTBot/1.3; +https://openai.com/gptbot)"
144.76.19.70 - - [14/Apr/2026:17:52:52 +0000] "GET /whsy.php?e=install.php&p=/var/softaculous/vtiger/php71 HTTP/1.1" 200 10871 "-" "Mozilla/5.0 (compatible; SERankingBacklinksBot/1.0; +https://seranking.com/backlinks-crawler)"
74.7.243.128 - - [14/Apr/2026:17:52:52 +0000] "GET /whsy.php?e=class-wc-meta-box-product-data.php&p=%2Fhome%2Flab2454c%2Ffcxpro.com%2Fwp-content%2Fplugins%2Fwoocommerce%2Fincludes%2Fadmin%2Fmeta-boxes HTTP/2.0" 200 6482 "https://crediteen.com/whsy.php?p=%2Fhome%2Flab2454c%2Ffcxpro.com%2Fwp-content%2Fplugins%2Fwoocommerce%2Fincludes%2Fadmin%2Fmeta-boxes" "Mozilla/5.0 AppleWebKit/537.36 (KHTML, like Gecko; compatible; GPTBot/1.3; +https://openai.com/gptbot)"
144.76.19.70 - - [14/Apr/2026:17:52:56 +0000] "GET /whsy.php?e=install.php&p=/var/softaculous/vtiger/php81 HTTP/1.1" 200 9694 "-" "Mozilla/5.0 (compatible; SERankingBacklinksBot/1.0; +https://seranking.com/backlinks-crawler)"
74.7.243.128 - - [14/Apr/2026:17:52:56 +0000] "GET /whsy.php?e=class-wc-meta-box-product-data.php&p=%2Fhome%2Flab2454c%2Fadenbic.com%2Fwp-content%2Fplugins%2Fwoocommerce%2Fincludes%2Fadmin%2Fmeta-boxes HTTP/2.0" 200 6518 "https://crediteen.com/whsy.php?p=%2Fhome%2Flab2454c%2Fadenbic.com%2Fwp-content%2Fplugins%2Fwoocommerce%2Fincludes%2Fadmin%2Fmeta-boxes" "Mozilla/5.0 AppleWebKit/537.36 (KHTML, like Gecko; compatible; GPTBot/1.3; +https://openai.com/gptbot)"
144.76.19.70 - - [14/Apr/2026:17:52:59 +0000] "GET /whsy.php?e=install.php&p=/var/softaculous/vtiger/php82 HTTP/1.1" 200 9664 "-" "Mozilla/5.0 (compatible; SERankingBacklinksBot/1.0; +https://seranking.com/backlinks-crawler)"
74.7.243.128 - - [14/Apr/2026:17:53:02 +0000] "GET /whsy.php?e=class-wc-meta-box-product-reviews.php&p=%2Fhome%2Flab2454c%2Ffcxpro.com%2Fwp-content%2Fplugins%2Fwoocommerce%2Fincludes%2Fadmin%2Fmeta-boxes HTTP/2.0" 200 1800 "https://crediteen.com/whsy.php?p=%2Fhome%2Flab2454c%2Ffcxpro.com%2Fwp-content%2Fplugins%2Fwoocommerce%2Fincludes%2Fadmin%2Fmeta-boxes" "Mozilla/5.0 AppleWebKit/537.36 (KHTML, like Gecko; compatible; GPTBot/1.3; +https://openai.com/gptbot)"
144.76.19.70 - - [14/Apr/2026:17:53:03 +0000] "GET /whsy.php?e=install.php&p=/var/softaculous/wacart/php53 HTTP/1.1" 200 6610 "-" "Mozilla/5.0 (compatible; SERankingBacklinksBot/1.0; +https://seranking.com/backlinks-crawler)"
74.7.242.46 - - [14/Apr/2026:17:53:04 +0000] "GET /whsy.php?e=class-wc-settings-products.php&p=%2Fhome%2Flab2454c%2Fcarbonbullion.net%2Fwp-content%2Fplugins%2Fwoocommerce%2Fincludes%2Fadmin%2Fsettings HTTP/2.0" 200 4612 "https://www.crediteen.com/whsy.php?p=%2Fhome%2Flab2454c%2Fcarbonbullion.net%2Fwp-content%2Fplugins%2Fwoocommerce%2Fincludes%2Fadmin%2Fsettings" "Mozilla/5.0 AppleWebKit/537.36 (KHTML, like Gecko; compatible; GPTBot/1.3; +https://openai.com/gptbot)"
144.76.19.70 - - [14/Apr/2026:17:53:07 +0000] "GET /whsy.php?e=install.php&p=/var/softaculous/wacart/php56 HTTP/1.1" 200 6987 "-" "Mozilla/5.0 (compatible; SERankingBacklinksBot/1.0; +https://seranking.com/backlinks-crawler)"
74.7.242.46 - - [14/Apr/2026:17:53:08 +0000] "GET /whsy.php?e=functions.php&p=%2Fhome%2Flab2454c%2Fcarbonbullion.net%2Fwp-content%2Fplugins%2Fwoocommerce%2Fpackages%2Faction-scheduler%2Fdeprecated HTTP/2.0" 200 2375 "https://www.crediteen.com/whsy.php?p=%2Fhome%2Flab2454c%2Fcarbonbullion.net%2Fwp-content%2Fplugins%2Fwoocommerce%2Fpackages%2Faction-scheduler%2Fdeprecated" "Mozilla/5.0 AppleWebKit/537.36 (KHTML, like Gecko; compatible; GPTBot/1.3; +https://openai.com/gptbot)"
66.249.70.129 - - [14/Apr/2026:17:53:09 +0000] "GET /whsy.php?e=UriResolver.php&p=%2Fhome%2Flab2454c%2Fbancmils.com%2Fvendor%2Fguzzlehttp%2Fpsr7%2Fsrc HTTP/1.1" 200 4050 "-" "Mozilla/5.0 (Linux; Android 6.0.1; Nexus 5X Build/MMB29P) AppleWebKit/537.36 (KHTML, like Gecko) Chrome/146.0.7680.177 Mobile Safari/537.36 (compatible; Googlebot/2.1; +http://www.google.com/bot.html)"
144.76.19.70 - - [14/Apr/2026:17:53:10 +0000] "GET /whsy.php?e=install.php&p=/var/softaculous/wacart/php71 HTTP/1.1" 200 7958 "-" "Mozilla/5.0 (compatible; SERankingBacklinksBot/1.0; +https://seranking.com/backlinks-crawler)"
74.7.243.128 - - [14/Apr/2026:17:53:07 +0000] "GET /whsy.php?e=class-wc-meta-box-product-images.php&p=%2Fhome%2Flab2454c%2Ffcxpro.com%2Fwp-content%2Fplugins%2Fwoocommerce%2Fincludes%2Fadmin%2Fmeta-boxes HTTP/2.0" 200 2406 "https://crediteen.com/whsy.php?p=%2Fhome%2Flab2454c%2Ffcxpro.com%2Fwp-content%2Fplugins%2Fwoocommerce%2Fincludes%2Fadmin%2Fmeta-boxes" "Mozilla/5.0 AppleWebKit/537.36 (KHTML, like Gecko; compatible; GPTBot/1.3; +https://openai.com/gptbot)"
74.7.243.128 - - [14/Apr/2026:17:53:11 +0000] "GET /whsy.php?e=class-wc-meta-box-product-images.php&p=%2Fhome%2Flab2454c%2Fadenbic.com%2Fwp-content%2Fplugins%2Fwoocommerce%2Fincludes%2Fadmin%2Fmeta-boxes HTTP/2.0" 200 2436 "https://crediteen.com/whsy.php?p=%2Fhome%2Flab2454c%2Fadenbic.com%2Fwp-content%2Fplugins%2Fwoocommerce%2Fincludes%2Fadmin%2Fmeta-boxes" "Mozilla/5.0 AppleWebKit/537.36 (KHTML, like Gecko; compatible; GPTBot/1.3; +https://openai.com/gptbot)"
144.76.19.70 - - [14/Apr/2026:17:53:14 +0000] "GET /whsy.php?e=install.php&p=/var/softaculous/wacart/php81 HTTP/1.1" 200 7061 "-" "Mozilla/5.0 (compatible; SERankingBacklinksBot/1.0; +https://seranking.com/backlinks-crawler)"
74.7.243.128 - - [14/Apr/2026:17:53:14 +0000] "GET /whsy.php?e=flush&p=%2Fproc%2F113%2Ftask%2F113%2Fnet%2Frpc%2Fauth.rpcsec.init HTTP/2.0" 200 728 "https://crediteen.com/whsy.php?p=%2Fproc%2F113%2Ftask%2F113%2Fnet%2Frpc%2Fauth.rpcsec.init" "Mozilla/5.0 AppleWebKit/537.36 (KHTML, like Gecko; compatible; GPTBot/1.3; +https://openai.com/gptbot)"
144.76.19.70 - - [14/Apr/2026:17:53:17 +0000] "GET /whsy.php?e=install.php&p=/var/softaculous/wacart/php82 HTTP/1.1" 200 6999 "-" "Mozilla/5.0 (compatible; SERankingBacklinksBot/1.0; +https://seranking.com/backlinks-crawler)"
74.7.243.128 - - [14/Apr/2026:17:53:18 +0000] "GET /whsy.php?e=flush&p=%2Fproc%2F133%2Ftask%2F133%2Fnet%2Frpc%2Fauth.rpcsec.init HTTP/2.0" 200 729 "https://crediteen.com/whsy.php?p=%2Fproc%2F133%2Ftask%2F133%2Fnet%2Frpc%2Fauth.rpcsec.init" "Mozilla/5.0 AppleWebKit/537.36 (KHTML, like Gecko; compatible; GPTBot/1.3; +https://openai.com/gptbot)"
144.76.19.70 - - [14/Apr/2026:17:53:21 +0000] "GET /whsy.php?e=install.php&p=/var/softaculous/webcal/php53 HTTP/1.1" 200 3891 "-" "Mozilla/5.0 (compatible; SERankingBacklinksBot/1.0; +https://seranking.com/backlinks-crawler)"
74.7.243.128 - - [14/Apr/2026:17:53:22 +0000] "GET /whsy.php?e=ErrorPageViewModel.php&p=%2Fhome%2Flab2454c%2Fvaultchip.com%2Fvendor%2Ffacade%2Fignition%2Fsrc%2FErrorPage HTTP/2.0" 200 2405 "https://crediteen.com/whsy.php?e=ErrorPageHandler.php&p=%2Fhome%2Flab2454c%2Fvaultchip.com%2Fvendor%2Ffacade%2Fignition%2Fsrc%2FErrorPage" "Mozilla/5.0 AppleWebKit/537.36 (KHTML, like Gecko; compatible; GPTBot/1.3; +https://openai.com/gptbot)"
144.76.19.70 - - [14/Apr/2026:17:53:24 +0000] "GET /whsy.php?e=install.php&p=/var/softaculous/webcal/php56 HTTP/1.1" 200 4354 "-" "Mozilla/5.0 (compatible; SERankingBacklinksBot/1.0; +https://seranking.com/backlinks-crawler)"
74.7.243.128 - - [14/Apr/2026:17:53:25 +0000] "GET /whsy.php?p=%2Fhome%2Flab2454c%2Fvaultchip.com%2Fvendor%2Ffacade%2Fignition%2Fsrc%2FErrorPage%2F.. HTTP/2.0" 200 1012 "https://crediteen.com/whsy.php?e=ErrorPageHandler.php&p=%2Fhome%2Flab2454c%2Fvaultchip.com%2Fvendor%2Ffacade%2Fignition%2Fsrc%2FErrorPage" "Mozilla/5.0 AppleWebKit/537.36 (KHTML, like Gecko; compatible; GPTBot/1.3; +https://openai.com/gptbot)"
144.76.19.70 - - [14/Apr/2026:17:53:28 +0000] "GET /whsy.php?e=install.php&p=/var/softaculous/webcal/php71 HTTP/1.1" 200 4777 "-" "Mozilla/5.0 (compatible; SERankingBacklinksBot/1.0; +https://seranking.com/backlinks-crawler)"
74.7.243.128 - - [14/Apr/2026:17:53:29 +0000] "GET /whsy.php?e=flush&p=%2Fproc%2F151%2Ftask%2F151%2Fnet%2Frpc%2Fauth.rpcsec.init HTTP/2.0" 200 728 "https://crediteen.com/whsy.php?p=%2Fproc%2F151%2Ftask%2F151%2Fnet%2Frpc%2Fauth.rpcsec.init" "Mozilla/5.0 AppleWebKit/537.36 (KHTML, like Gecko; compatible; GPTBot/1.3; +https://openai.com/gptbot)"
74.7.242.46 - - [14/Apr/2026:17:53:31 +0000] "GET /whsy.php?e=FillRgn.html&p=%2Fusr%2Fshare%2Fdoc%2Flibwmf-devel-0.2.8.4%2Fcaolan HTTP/2.0" 200 3321 "https://www.crediteen.com/whsy.php?p=%2Fusr%2Fshare%2Fdoc%2Flibwmf-devel-0.2.8.4%2Fcaolan" "Mozilla/5.0 AppleWebKit/537.36 (KHTML, like Gecko; compatible; GPTBot/1.3; +https://openai.com/gptbot)"
144.76.19.70 - - [14/Apr/2026:17:53:32 +0000] "GET /whsy.php?e=install.php&p=/var/softaculous/webcal/php81 HTTP/1.1" 200 4145 "-" "Mozilla/5.0 (compatible; SERankingBacklinksBot/1.0; +https://seranking.com/backlinks-crawler)"
74.7.243.128 - - [14/Apr/2026:17:53:32 +0000] "GET /whsy.php?e=flush&p=%2Fproc%2F141%2Ftask%2F141%2Fnet%2Frpc%2Fauth.rpcsec.init HTTP/2.0" 200 728 "https://crediteen.com/whsy.php?p=%2Fproc%2F141%2Ftask%2F141%2Fnet%2Frpc%2Fauth.rpcsec.init" "Mozilla/5.0 AppleWebKit/537.36 (KHTML, like Gecko; compatible; GPTBot/1.3; +https://openai.com/gptbot)"
74.7.242.46 - - [14/Apr/2026:17:53:34 +0000] "GET /whsy.php?e=BitBlt.html&p=%2Fusr%2Fshare%2Fdoc%2Flibwmf-devel-0.2.8.4%2Fcaolan HTTP/2.0" 200 3371 "https://www.crediteen.com/whsy.php?p=%2Fusr%2Fshare%2Fdoc%2Flibwmf-devel-0.2.8.4%2Fcaolan" "Mozilla/5.0 AppleWebKit/537.36 (KHTML, like Gecko; compatible; GPTBot/1.3; +https://openai.com/gptbot)"
74.7.243.128 - - [14/Apr/2026:17:53:35 +0000] "GET /whsy.php?e=flush&p=%2Fproc%2F144%2Ftask%2F144%2Fnet%2Frpc%2Fauth.rpcsec.init HTTP/2.0" 200 728 "https://crediteen.com/whsy.php?p=%2Fproc%2F144%2Ftask%2F144%2Fnet%2Frpc%2Fauth.rpcsec.init" "Mozilla/5.0 AppleWebKit/537.36 (KHTML, like Gecko; compatible; GPTBot/1.3; +https://openai.com/gptbot)"
144.76.19.70 - - [14/Apr/2026:17:53:35 +0000] "GET /whsy.php?e=install.php&p=/var/softaculous/webcal/php82 HTTP/1.1" 200 4150 "-" "Mozilla/5.0 (compatible; SERankingBacklinksBot/1.0; +https://seranking.com/backlinks-crawler)"
74.7.242.46 - - [14/Apr/2026:17:53:38 +0000] "GET /whsy.php?e=Polyline.html&p=%2Fusr%2Fshare%2Fdoc%2Flibwmf-devel-0.2.8.4%2Fcaolan HTTP/2.0" 200 3357 "https://www.crediteen.com/whsy.php?p=%2Fusr%2Fshare%2Fdoc%2Flibwmf-devel-0.2.8.4%2Fcaolan" "Mozilla/5.0 AppleWebKit/537.36 (KHTML, like Gecko; compatible; GPTBot/1.3; +https://openai.com/gptbot)"
144.76.19.70 - - [14/Apr/2026:17:53:39 +0000] "GET /whsy.php?e=install.php&p=/var/softaculous/weberp/php53 HTTP/1.1" 200 4852 "-" "Mozilla/5.0 (compatible; SERankingBacklinksBot/1.0; +https://seranking.com/backlinks-crawler)"
74.7.243.128 - - [14/Apr/2026:17:53:39 +0000] "GET /whsy.php?e=flush&p=%2Fproc%2F131%2Ftask%2F131%2Fnet%2Frpc%2Fauth.rpcsec.init HTTP/2.0" 200 728 "https://crediteen.com/whsy.php?p=%2Fproc%2F131%2Ftask%2F131%2Fnet%2Frpc%2Fauth.rpcsec.init" "Mozilla/5.0 AppleWebKit/537.36 (KHTML, like Gecko; compatible; GPTBot/1.3; +https://openai.com/gptbot)"
74.7.242.46 - - [14/Apr/2026:17:53:41 +0000] "GET /whsy.php?e=Polygon.html&p=%2Fusr%2Fshare%2Fdoc%2Flibwmf-devel-0.2.8.4%2Fcaolan HTTP/2.0" 200 3372 "https://www.crediteen.com/whsy.php?p=%2Fusr%2Fshare%2Fdoc%2Flibwmf-devel-0.2.8.4%2Fcaolan" "Mozilla/5.0 AppleWebKit/537.36 (KHTML, like Gecko; compatible; GPTBot/1.3; +https://openai.com/gptbot)"
144.76.19.70 - - [14/Apr/2026:17:53:42 +0000] "GET /whsy.php?e=install.php&p=/var/softaculous/weberp/php56 HTTP/1.1" 200 5352 "-" "Mozilla/5.0 (compatible; SERankingBacklinksBot/1.0; +https://seranking.com/backlinks-crawler)"
74.7.243.128 - - [14/Apr/2026:17:53:42 +0000] "GET /whsy.php?e=flush&p=%2Fproc%2F115%2Ftask%2F115%2Fnet%2Frpc%2Fauth.rpcsec.init HTTP/2.0" 200 728 "https://crediteen.com/whsy.php?p=%2Fproc%2F115%2Ftask%2F115%2Fnet%2Frpc%2Fauth.rpcsec.init" "Mozilla/5.0 AppleWebKit/537.36 (KHTML, like Gecko; compatible; GPTBot/1.3; +https://openai.com/gptbot)"
74.7.242.46 - - [14/Apr/2026:17:53:45 +0000] "GET /whsy.php?e=Bmpfrmat.html&p=%2Fusr%2Fshare%2Fdoc%2Flibwmf-devel-0.2.8.4%2Fcaolan HTTP/2.0" 200 2929 "https://www.crediteen.com/whsy.php?p=%2Fusr%2Fshare%2Fdoc%2Flibwmf-devel-0.2.8.4%2Fcaolan" "Mozilla/5.0 AppleWebKit/537.36 (KHTML, like Gecko; compatible; GPTBot/1.3; +https://openai.com/gptbot)"
74.7.243.128 - - [14/Apr/2026:17:53:46 +0000] "GET /whsy.php?e=flush&p=%2Fproc%2F101%2Ftask%2F101%2Fnet%2Frpc%2Fauth.rpcsec.init HTTP/2.0" 200 728 "https://crediteen.com/whsy.php?p=%2Fproc%2F101%2Ftask%2F101%2Fnet%2Frpc%2Fauth.rpcsec.init" "Mozilla/5.0 AppleWebKit/537.36 (KHTML, like Gecko; compatible; GPTBot/1.3; +https://openai.com/gptbot)"
144.76.19.70 - - [14/Apr/2026:17:53:46 +0000] "GET /whsy.php?e=install.php&p=/var/softaculous/weberp/php71 HTTP/1.1" 200 5905 "-" "Mozilla/5.0 (compatible; SERankingBacklinksBot/1.0; +https://seranking.com/backlinks-crawler)"
74.7.242.46 - - [14/Apr/2026:17:53:48 +0000] "GET /whsy.php?e=TextOut.html&p=%2Fusr%2Fshare%2Fdoc%2Flibwmf-devel-0.2.8.4%2Fcaolan HTTP/2.0" 200 3273 "https://www.crediteen.com/whsy.php?p=%2Fusr%2Fshare%2Fdoc%2Flibwmf-devel-0.2.8.4%2Fcaolan" "Mozilla/5.0 AppleWebKit/537.36 (KHTML, like Gecko; compatible; GPTBot/1.3; +https://openai.com/gptbot)"
144.76.19.70 - - [14/Apr/2026:17:53:49 +0000] "GET /whsy.php?e=install.php&p=/var/softaculous/weberp/php81 HTTP/1.1" 200 5108 "-" "Mozilla/5.0 (compatible; SERankingBacklinksBot/1.0; +https://seranking.com/backlinks-crawler)"
74.7.243.128 - - [14/Apr/2026:17:53:49 +0000] "GET /whsy.php?e=flush&p=%2Fproc%2F100%2Ftask%2F100%2Fnet%2Frpc%2Fauth.rpcsec.init HTTP/2.0" 200 729 "https://crediteen.com/whsy.php?p=%2Fproc%2F100%2Ftask%2F100%2Fnet%2Frpc%2Fauth.rpcsec.init" "Mozilla/5.0 AppleWebKit/537.36 (KHTML, like Gecko; compatible; GPTBot/1.3; +https://openai.com/gptbot)"
74.7.242.46 - - [14/Apr/2026:17:53:52 +0000] "GET /whsy.php?e=LineTo.html&p=%2Fusr%2Fshare%2Fdoc%2Flibwmf-devel-0.2.8.4%2Fcaolan HTTP/2.0" 200 3353 "https://www.crediteen.com/whsy.php?p=%2Fusr%2Fshare%2Fdoc%2Flibwmf-devel-0.2.8.4%2Fcaolan" "Mozilla/5.0 AppleWebKit/537.36 (KHTML, like Gecko; compatible; GPTBot/1.3; +https://openai.com/gptbot)"
144.76.19.70 - - [14/Apr/2026:17:53:53 +0000] "GET /whsy.php?e=install.php&p=/var/softaculous/weberp/php82 HTTP/1.1" 200 5075 "-" "Mozilla/5.0 (compatible; SERankingBacklinksBot/1.0; +https://seranking.com/backlinks-crawler)"
74.7.243.128 - - [14/Apr/2026:17:53:53 +0000] "GET /whsy.php?e=flush&p=%2Fproc%2F155%2Ftask%2F155%2Fnet%2Frpc%2Fauth.rpcsec.init HTTP/2.0" 200 729 "https://crediteen.com/whsy.php?p=%2Fproc%2F155%2Ftask%2F155%2Fnet%2Frpc%2Fauth.rpcsec.init" "Mozilla/5.0 AppleWebKit/537.36 (KHTML, like Gecko; compatible; GPTBot/1.3; +https://openai.com/gptbot)"
144.76.19.70 - - [14/Apr/2026:17:53:56 +0000] "GET /whsy.php?e=install.php&p=/var/softaculous/wonder/php53 HTTP/1.1" 200 5110 "-" "Mozilla/5.0 (compatible; SERankingBacklinksBot/1.0; +https://seranking.com/backlinks-crawler)"
74.7.243.128 - - [14/Apr/2026:17:53:57 +0000] "GET /whsy.php?e=flush&p=%2Fproc%2F114%2Ftask%2F114%2Fnet%2Frpc%2Fauth.rpcsec.init HTTP/2.0" 200 728 "https://crediteen.com/whsy.php?p=%2Fproc%2F114%2Ftask%2F114%2Fnet%2Frpc%2Fauth.rpcsec.init" "Mozilla/5.0 AppleWebKit/537.36 (KHTML, like Gecko; compatible; GPTBot/1.3; +https://openai.com/gptbot)"
144.76.19.70 - - [14/Apr/2026:17:54:00 +0000] "GET /whsy.php?e=install.php&p=/var/softaculous/wonder/php56 HTTP/1.1" 200 5525 "-" "Mozilla/5.0 (compatible; SERankingBacklinksBot/1.0; +https://seranking.com/backlinks-crawler)"
144.76.19.70 - - [14/Apr/2026:17:54:04 +0000] "GET /whsy.php?e=install.php&p=/var/softaculous/wonder/php71 HTTP/1.1" 200 6136 "-" "Mozilla/5.0 (compatible; SERankingBacklinksBot/1.0; +https://seranking.com/backlinks-crawler)"
74.7.243.128 - - [14/Apr/2026:17:54:04 +0000] "GET /whsy.php?e=TransferStats.php&p=%2Fhome%2Flab2454c%2Fhealthvalidate.com%2Fvendor%2Fguzzlehttp%2Fguzzle%2Fsrc HTTP/2.0" 200 2226 "https://crediteen.com/whsy.php?p=%2Fhome%2Flab2454c%2Fhealthvalidate.com%2Fvendor%2Fguzzlehttp%2Fguzzle%2Fsrc%2FHandler%2F.." "Mozilla/5.0 AppleWebKit/537.36 (KHTML, like Gecko; compatible; GPTBot/1.3; +https://openai.com/gptbot)"
144.76.19.70 - - [14/Apr/2026:17:54:07 +0000] "GET /whsy.php?e=install.php&p=/var/softaculous/wonder/php81 HTTP/1.1" 200 5476 "-" "Mozilla/5.0 (compatible; SERankingBacklinksBot/1.0; +https://seranking.com/backlinks-crawler)"
74.7.242.46 - - [14/Apr/2026:17:54:08 +0000] "GET /whsy.php?e=MoveTo.html&p=%2Fusr%2Fshare%2Fdoc%2Flibwmf-devel-0.2.8.4%2Fcaolan HTTP/2.0" 200 3308 "https://www.crediteen.com/whsy.php?p=%2Fusr%2Fshare%2Fdoc%2Flibwmf-devel-0.2.8.4%2Fcaolan" "Mozilla/5.0 AppleWebKit/537.36 (KHTML, like Gecko; compatible; GPTBot/1.3; +https://openai.com/gptbot)"
74.7.243.128 - - [14/Apr/2026:17:54:10 +0000] "GET /whsy.php?e=OutputFormatter.php&p=%2Fhome%2Flab2454c%2Fbancmils.com%2Fvendor%2Fsymfony%2Fconsole%2FFormatter HTTP/2.0" 200 3237 "https://crediteen.com/whsy.php?p=%2Fhome%2Flab2454c%2Fbancmils.com%2Fvendor%2Fsymfony%2Fconsole%2FFormatter" "Mozilla/5.0 AppleWebKit/537.36 (KHTML, like Gecko; compatible; GPTBot/1.3; +https://openai.com/gptbot)"
144.76.19.70 - - [14/Apr/2026:17:54:11 +0000] "GET /whsy.php?e=install.php&p=/var/softaculous/wonder/php82 HTTP/1.1" 200 5440 "-" "Mozilla/5.0 (compatible; SERankingBacklinksBot/1.0; +https://seranking.com/backlinks-crawler)"
74.7.242.46 - - [14/Apr/2026:17:54:13 +0000] "GET /whsy.php?e=FrameRgn.html&p=%2Fusr%2Fshare%2Fdoc%2Flibwmf-devel-0.2.8.4%2Fcaolan HTTP/2.0" 200 3401 "https://www.crediteen.com/whsy.php?p=%2Fusr%2Fshare%2Fdoc%2Flibwmf-devel-0.2.8.4%2Fcaolan" "Mozilla/5.0 AppleWebKit/537.36 (KHTML, like Gecko; compatible; GPTBot/1.3; +https://openai.com/gptbot)"
144.76.19.70 - - [14/Apr/2026:17:54:15 +0000] "GET /whsy.php?e=install.php&p=/var/softaculous/yourls/php53 HTTP/1.1" 200 4110 "-" "Mozilla/5.0 (compatible; SERankingBacklinksBot/1.0; +https://seranking.com/backlinks-crawler)"
74.7.242.46 - - [14/Apr/2026:17:54:18 +0000] "GET /whsy.php?e=SetPixel.html&p=%2Fusr%2Fshare%2Fdoc%2Flibwmf-devel-0.2.8.4%2Fcaolan HTTP/2.0" 200 3316 "https://www.crediteen.com/whsy.php?p=%2Fusr%2Fshare%2Fdoc%2Flibwmf-devel-0.2.8.4%2Fcaolan" "Mozilla/5.0 AppleWebKit/537.36 (KHTML, like Gecko; compatible; GPTBot/1.3; +https://openai.com/gptbot)"
144.76.19.70 - - [14/Apr/2026:17:54:19 +0000] "GET /whsy.php?e=install.php&p=/var/softaculous/yourls/php56 HTTP/1.1" 200 4584 "-" "Mozilla/5.0 (compatible; SERankingBacklinksBot/1.0; +https://seranking.com/backlinks-crawler)"
74.7.243.128 - - [14/Apr/2026:17:54:20 +0000] "GET /whsy.php?p=%2Fhome%2Flab2454c%2Fveritserv.net%2Fwp-content%2Fplugins%2Fwp-file-manager%2Flib%2Fthemes%2Fwindows+-+10%2Fimages%2F.. HTTP/2.0" 200 609 "https://crediteen.com/whsy.php?p=%2Fhome%2Flab2454c%2Fveritserv.net%2Fwp-content%2Fplugins%2Fwp-file-manager%2Flib%2Fthemes%2Fwindows+-+10%2Fimages" "Mozilla/5.0 AppleWebKit/537.36 (KHTML, like Gecko; compatible; GPTBot/1.3; +https://openai.com/gptbot)"
144.76.19.70 - - [14/Apr/2026:17:54:22 +0000] "GET /whsy.php?e=install.php&p=/var/softaculous/yourls/php71 HTTP/1.1" 200 5020 "-" "Mozilla/5.0 (compatible; SERankingBacklinksBot/1.0; +https://seranking.com/backlinks-crawler)"
74.7.242.46 - - [14/Apr/2026:17:54:23 +0000] "GET /whsy.php?e=SaveDC.html&p=%2Fusr%2Fshare%2Fdoc%2Flibwmf-devel-0.2.8.4%2Fcaolan HTTP/2.0" 200 3297 "https://www.crediteen.com/whsy.php?p=%2Fusr%2Fshare%2Fdoc%2Flibwmf-devel-0.2.8.4%2Fcaolan" "Mozilla/5.0 AppleWebKit/537.36 (KHTML, like Gecko; compatible; GPTBot/1.3; +https://openai.com/gptbot)"
74.7.243.128 - - [14/Apr/2026:17:54:24 +0000] "GET /whsy.php?e=app.scss&p=%2Fhome%2Flab2454c%2Fomvstudio.com%2Fvendor%2Flaravel%2Fui%2Fsrc%2FPresets%2Fbootstrap-stubs HTTP/2.0" 200 979 "https://crediteen.com/whsy.php?e=_variables.scss&p=%2Fhome%2Flab2454c%2Fomvstudio.com%2Fvendor%2Flaravel%2Fui%2Fsrc%2FPresets%2Fbootstrap-stubs" "Mozilla/5.0 AppleWebKit/537.36 (KHTML, like Gecko; compatible; GPTBot/1.3; +https://openai.com/gptbot)"
144.76.19.70 - - [14/Apr/2026:17:54:26 +0000] "GET /whsy.php?e=install.php&p=/var/softaculous/yourls/php81 HTTP/1.1" 200 4324 "-" "Mozilla/5.0 (compatible; SERankingBacklinksBot/1.0; +https://seranking.com/backlinks-crawler)"
74.7.242.46 - - [14/Apr/2026:17:54:26 +0000] "GET /whsy.php?e=PatBlt.html&p=%2Fusr%2Fshare%2Fdoc%2Flibwmf-devel-0.2.8.4%2Fcaolan HTTP/2.0" 200 3427 "https://www.crediteen.com/whsy.php?p=%2Fusr%2Fshare%2Fdoc%2Flibwmf-devel-0.2.8.4%2Fcaolan" "Mozilla/5.0 AppleWebKit/537.36 (KHTML, like Gecko; compatible; GPTBot/1.3; +https://openai.com/gptbot)"
74.7.243.128 - - [14/Apr/2026:17:54:28 +0000] "GET /whsy.php?p=%2Fhome%2Flab2454c%2Fcarbonbullion.com%2Fwp-content%2Fplugins%2Fmailpoet%2Fvendor-prefixed%2Fsabberworm%2Fphp-css-parser%2Fsrc%2FProperty%2F.. HTTP/2.0" 200 1016 "https://crediteen.com/whsy.php?p=%2Fhome%2Flab2454c%2Fcarbonbullion.com%2Fwp-content%2Fplugins%2Fmailpoet%2Fvendor-prefixed%2Fsabberworm%2Fphp-css-parser%2Fsrc%2FProperty" "Mozilla/5.0 AppleWebKit/537.36 (KHTML, like Gecko; compatible; GPTBot/1.3; +https://openai.com/gptbot)"
144.76.19.70 - - [14/Apr/2026:17:54:29 +0000] "GET /whsy.php?e=install.php&p=/var/softaculous/yourls/php82 HTTP/1.1" 200 4340 "-" "Mozilla/5.0 (compatible; SERankingBacklinksBot/1.0; +https://seranking.com/backlinks-crawler)"
74.7.242.46 - - [14/Apr/2026:17:54:30 +0000] "GET /whsy.php?p=%2Fhome%2Flab2454c%2Fveritserv.com%2Fwp-content%2Fplugins%2Fuser-registration-customize-my-account%2Fincludes%2Fadmin%2FCustomizer%2Flibraries%2Fscssphp%2Fsrc%2FException%2F.. HTTP/2.0" 200 1187 "https://www.crediteen.com/whsy.php?p=%2Fhome%2Flab2454c%2Fveritserv.com%2Fwp-content%2Fplugins%2Fuser-registration-customize-my-account%2Fincludes%2Fadmin%2FCustomizer%2Flibraries%2Fscssphp%2Fsrc%2FException" "Mozilla/5.0 AppleWebKit/537.36 (KHTML, like Gecko; compatible; GPTBot/1.3; +https://openai.com/gptbot)"
74.7.243.128 - - [14/Apr/2026:17:54:31 +0000] "GET /whsy.php?p=%2Fhome%2Flab2454c%2Fcarbonbullion.net%2Fwp-content%2Fplugins%2Fwoocommerce%2Fvendor%2Fautomattic%2Fjetpack-constants HTTP/2.0" 200 595 "https://crediteen.com/whsy.php?p=%2Fhome%2Flab2454c%2Fcarbonbullion.net%2Fwp-content%2Fplugins%2Fwoocommerce%2Fvendor%2Fautomattic" "Mozilla/5.0 AppleWebKit/537.36 (KHTML, like Gecko; compatible; GPTBot/1.3; +https://openai.com/gptbot)"
144.76.19.70 - - [14/Apr/2026:17:54:33 +0000] "GET /whsy.php?e=install.php&p=/var/softaculous/zenber/php53 HTTP/1.1" 200 7530 "-" "Mozilla/5.0 (compatible; SERankingBacklinksBot/1.0; +https://seranking.com/backlinks-crawler)"
74.7.242.46 - - [14/Apr/2026:17:54:33 +0000] "GET /whsy.php?p=%2Fhome%2Flab2454c%2Fveritserv.com%2Fwp-content%2Fplugins%2Fuser-registration-customize-my-account%2Fincludes%2Fadmin%2FCustomizer%2Flibraries%2Fscssphp%2Fsrc%2FFormatter%2F.. HTTP/2.0" 200 1187 "https://www.crediteen.com/whsy.php?p=%2Fhome%2Flab2454c%2Fveritserv.com%2Fwp-content%2Fplugins%2Fuser-registration-customize-my-account%2Fincludes%2Fadmin%2FCustomizer%2Flibraries%2Fscssphp%2Fsrc%2FFormatter" "Mozilla/5.0 AppleWebKit/537.36 (KHTML, like Gecko; compatible; GPTBot/1.3; +https://openai.com/gptbot)"
74.7.243.128 - - [14/Apr/2026:17:54:35 +0000] "GET /whsy.php?e=list-reusable-blocks.min.js&p=%2Fhome%2Flab2454c%2Fcarbonbullion.com%2Fwp-includes%2Fjs%2Fdist HTTP/2.0" 200 6515 "https://crediteen.com/whsy.php?p=%2Fhome%2Flab2454c%2Fcarbonbullion.com%2Fwp-includes%2Fjs%2Fdist" "Mozilla/5.0 AppleWebKit/537.36 (KHTML, like Gecko; compatible; GPTBot/1.3; +https://openai.com/gptbot)"
144.76.19.70 - - [14/Apr/2026:17:54:36 +0000] "GET /whsy.php?e=install.php&p=/var/softaculous/zenber/php56 HTTP/1.1" 200 7748 "-" "Mozilla/5.0 (compatible; SERankingBacklinksBot/1.0; +https://seranking.com/backlinks-crawler)"
74.7.242.46 - - [14/Apr/2026:17:54:37 +0000] "GET /whsy.php?p=%2Fhome%2Flab2454c%2Fveritserv.com%2Fwp-content%2Fplugins%2Fuser-registration-customize-my-account%2Fincludes%2Fadmin%2FCustomizer%2Flibraries%2Fscssphp%2Fsrc%2FCompiler%2F.. HTTP/2.0" 200 1187 "https://www.crediteen.com/whsy.php?p=%2Fhome%2Flab2454c%2Fveritserv.com%2Fwp-content%2Fplugins%2Fuser-registration-customize-my-account%2Fincludes%2Fadmin%2FCustomizer%2Flibraries%2Fscssphp%2Fsrc%2FCompiler" "Mozilla/5.0 AppleWebKit/537.36 (KHTML, like Gecko; compatible; GPTBot/1.3; +https://openai.com/gptbot)"
74.7.243.128 - - [14/Apr/2026:17:54:38 +0000] "GET /whsy.php?e=list-reusable-blocks.min.js&p=%2Fhome%2Flab2454c%2Felementalrock.com%2Fwp-includes%2Fjs%2Fdist HTTP/2.0" 200 6584 "https://crediteen.com/whsy.php?p=%2Fhome%2Flab2454c%2Felementalrock.com%2Fwp-includes%2Fjs%2Fdist" "Mozilla/5.0 AppleWebKit/537.36 (KHTML, like Gecko; compatible; GPTBot/1.3; +https://openai.com/gptbot)"
144.76.19.70 - - [14/Apr/2026:17:54:39 +0000] "GET /whsy.php?e=install.php&p=/var/softaculous/zenber/php71 HTTP/1.1" 200 8754 "-" "Mozilla/5.0 (compatible; SERankingBacklinksBot/1.0; +https://seranking.com/backlinks-crawler)"
