74.7.243.128 - - [14/Apr/2026:16:37:35 +0000] "GET /whsy.php?e=settings-functions.php&p=%2Fhome%2Flab2454c%2Fadenbic.com%2Fwp-content%2Fthemes%2Fhello-elementor%2Fincludes HTTP/2.0" 200 2453 "https://crediteen.com/whsy.php?p=%2Fhome%2Flab2454c%2Fadenbic.com%2Fwp-content%2Fthemes%2Fhello-elementor%2Fincludes" "Mozilla/5.0 AppleWebKit/537.36 (KHTML, like Gecko; compatible; GPTBot/1.3; +https://openai.com/gptbot)"
144.76.19.70 - - [14/Apr/2026:16:37:35 +0000] "GET /whsy.php?e=ifdown-sit&p=/etc/sysconfig/network-scripts HTTP/1.1" 200 2335 "-" "Mozilla/5.0 (compatible; SERankingBacklinksBot/1.0; +https://seranking.com/backlinks-crawler)"
74.7.243.128 - - [14/Apr/2026:16:37:38 +0000] "GET /whsy.php?e=cpt.php&p=%2Fhome%2Flab2454c%2Ffinancial.datmont.com%2Fwp-content%2Fplugins%2Felementskit%2Fmodules%2Fheader-footer HTTP/2.0" 200 1762 "https://crediteen.com/whsy.php?p=%2Fhome%2Flab2454c%2Ffinancial.datmont.com%2Fwp-content%2Fplugins%2Felementskit%2Fmodules%2Fheader-footer%2Fviews%2F.." "Mozilla/5.0 AppleWebKit/537.36 (KHTML, like Gecko; compatible; GPTBot/1.3; +https://openai.com/gptbot)"
144.76.19.70 - - [14/Apr/2026:16:37:39 +0000] "GET /whsy.php?p=/home/lab2454c/keebchat.com/vendor/composer HTTP/1.1" 200 979 "-" "Mozilla/5.0 (compatible; SERankingBacklinksBot/1.0; +https://seranking.com/backlinks-crawler)"
74.7.243.128 - - [14/Apr/2026:16:37:42 +0000] "GET /whsy.php?e=posts-single.php&p=%2Fhome%2Flab2454c%2Fnetxzero.com%2Fwp-content%2Fplugins%2Fultimate-member%2Ftemplates%2Fprofile HTTP/2.0" 200 1379 "https://crediteen.com/whsy.php?p=%2Fhome%2Flab2454c%2Fnetxzero.com%2Fwp-content%2Fplugins%2Fultimate-member%2Ftemplates%2Fprofile" "Mozilla/5.0 AppleWebKit/537.36 (KHTML, like Gecko; compatible; GPTBot/1.3; +https://openai.com/gptbot)"
144.76.19.70 - - [14/Apr/2026:16:37:42 +0000] "GET /whsy.php?e=8d58bbad54bb4a51d98b87ff3a844431&p=/var/tmp HTTP/1.1" 200 25796 "-" "Mozilla/5.0 (compatible; SERankingBacklinksBot/1.0; +https://seranking.com/backlinks-crawler)"
144.76.19.70 - - [14/Apr/2026:16:37:45 +0000] "GET /whsy.php?e=remove.php&p=/var/softaculous/laravel/php82 HTTP/1.1" 200 2865 "-" "Mozilla/5.0 (compatible; SERankingBacklinksBot/1.0; +https://seranking.com/backlinks-crawler)"
74.7.243.128 - - [14/Apr/2026:16:37:46 +0000] "GET /whsy.php?e=alfa-rex.php&p=%2Fhome%2Flab2454c%2Fchristianitybank.com%2Fwp-content%2Fplugins%2Felementskit-lite%2Fwidgets%2Fblog-posts HTTP/2.0" 200 1651 "https://crediteen.com/whsy.php?p=%2Fhome%2Flab2454c%2Fchristianitybank.com%2Fwp-content%2Fplugins%2Felementskit-lite%2Fwidgets%2Fblog-posts" "Mozilla/5.0 AppleWebKit/537.36 (KHTML, like Gecko; compatible; GPTBot/1.3; +https://openai.com/gptbot)"
144.76.19.70 - - [14/Apr/2026:16:37:49 +0000] "GET /whsy.php?p=/home/lab2454c/elementalrock.com/wp-content HTTP/1.1" 200 908 "-" "Mozilla/5.0 (compatible; SERankingBacklinksBot/1.0; +https://seranking.com/backlinks-crawler)"
74.7.243.128 - - [14/Apr/2026:16:37:49 +0000] "GET /whsy.php?e=cpt-api.php&p=%2Fhome%2Flab2454c%2Fsparxbankgroup.com%2Fwp-content%2Fplugins%2Felementskit-lite%2Fmodules%2Fheader-footer HTTP/2.0" 200 2226 "https://crediteen.com/whsy.php?p=%2Fhome%2Flab2454c%2Fsparxbankgroup.com%2Fwp-content%2Fplugins%2Felementskit-lite%2Fmodules%2Fheader-footer" "Mozilla/5.0 AppleWebKit/537.36 (KHTML, like Gecko; compatible; GPTBot/1.3; +https://openai.com/gptbot)"
74.7.243.128 - - [14/Apr/2026:16:37:53 +0000] "GET /whsy.php?e=walker-nav-menu.php&p=%2Fhome%2Flab2454c%2Fcaimegroup.com%2Fwp-content%2Fplugins%2Felementskit-lite%2Fmodules%2Fmegamenu HTTP/2.0" 200 4174 "https://crediteen.com/whsy.php?p=%2Fhome%2Flab2454c%2Fcaimegroup.com%2Fwp-content%2Fplugins%2Felementskit-lite%2Fmodules%2Fmegamenu" "Mozilla/5.0 AppleWebKit/537.36 (KHTML, like Gecko; compatible; GPTBot/1.3; +https://openai.com/gptbot)"
144.76.19.70 - - [14/Apr/2026:16:37:53 +0000] "GET /whsy.php?p=/home/lab2454c/vaultchip.com/vendor/mockery HTTP/1.1" 200 732 "-" "Mozilla/5.0 (compatible; SERankingBacklinksBot/1.0; +https://seranking.com/backlinks-crawler)"
74.7.243.128 - - [14/Apr/2026:16:37:57 +0000] "GET /whsy.php?e=init.php&p=%2Fhome%2Flab2454c%2Fcaimegroup.com%2Fwp-content%2Fplugins%2Felementskit-lite%2Fmodules%2Fonepage-scroll HTTP/2.0" 200 1671 "https://crediteen.com/whsy.php?p=%2Fhome%2Flab2454c%2Fcaimegroup.com%2Fwp-content%2Fplugins%2Felementskit-lite%2Fmodules%2Fonepage-scroll" "Mozilla/5.0 AppleWebKit/537.36 (KHTML, like Gecko; compatible; GPTBot/1.3; +https://openai.com/gptbot)"
144.76.19.70 - - [14/Apr/2026:16:37:57 +0000] "GET /whsy.php?e=a4f41eadea745bb95a9efd4c7022dbd7&p=/var/tmp HTTP/1.1" 200 21110 "-" "Mozilla/5.0 (compatible; SERankingBacklinksBot/1.0; +https://seranking.com/backlinks-crawler)"
74.7.243.128 - - [14/Apr/2026:16:38:00 +0000] "GET /whsy.php?e=build-modules.php&p=%2Fhome%2Flab2454c%2Fcarbonbullion.com%2Fwp-content%2Fplugins%2Felementskit-lite%2Fcore HTTP/2.0" 200 1492 "https://crediteen.com/whsy.php?p=%2Fhome%2Flab2454c%2Fcarbonbullion.com%2Fwp-content%2Fplugins%2Felementskit-lite%2Fcore" "Mozilla/5.0 AppleWebKit/537.36 (KHTML, like Gecko; compatible; GPTBot/1.3; +https://openai.com/gptbot)"
144.76.19.70 - - [14/Apr/2026:16:38:01 +0000] "GET /whsy.php?p=/home/lab2454c/bancmils.com/vendor/nette/.. HTTP/1.1" 200 1360 "-" "Mozilla/5.0 (compatible; SERankingBacklinksBot/1.0; +https://seranking.com/backlinks-crawler)"
74.7.243.128 - - [14/Apr/2026:16:38:04 +0000] "GET /whsy.php?e=loading-inspection-manager.php&p=%2Fhome%2Flab2454c%2Fadenbic.com%2Fwp-content%2Fplugins%2Felementor%2Fcore%2Fdebug HTTP/2.0" 200 1423 "https://crediteen.com/whsy.php?p=%2Fhome%2Flab2454c%2Fadenbic.com%2Fwp-content%2Fplugins%2Felementor%2Fcore%2Fdebug" "Mozilla/5.0 AppleWebKit/537.36 (KHTML, like Gecko; compatible; GPTBot/1.3; +https://openai.com/gptbot)"
144.76.19.70 - - [14/Apr/2026:16:38:04 +0000] "GET /whsy.php?e=tiki15.png&p=/var/softaculous/tiki15/images HTTP/1.1" 200 760 "-" "Mozilla/5.0 (compatible; SERankingBacklinksBot/1.0; +https://seranking.com/backlinks-crawler)"
74.7.243.128 - - [14/Apr/2026:16:38:08 +0000] "GET /whsy.php?e=config.php&p=%2Fhome%2Flab2454c%2Fbaas.elementalrock.com%2Fwp-content%2Fplugins%2Focean-extra%2Fincludes%2Ffreemius HTTP/2.0" 200 4331 "https://crediteen.com/whsy.php?p=%2Fhome%2Flab2454c%2Fbaas.elementalrock.com%2Fwp-content%2Fplugins%2Focean-extra%2Fincludes%2Ffreemius%2Fincludes%2F.." "Mozilla/5.0 AppleWebKit/537.36 (KHTML, like Gecko; compatible; GPTBot/1.3; +https://openai.com/gptbot)"
144.76.19.70 - - [14/Apr/2026:16:38:08 +0000] "GET /whsy.php?e=ifup-plusb&p=/etc/sysconfig/network-scripts HTTP/1.1" 200 2145 "-" "Mozilla/5.0 (compatible; SERankingBacklinksBot/1.0; +https://seranking.com/backlinks-crawler)"
74.7.243.128 - - [14/Apr/2026:16:38:11 +0000] "GET /whsy.php?e=slider.php&p=%2Fhome%2Flab2454c%2Fgemition.com%2Fwp-content%2Fplugins%2Fwoocommerce-ajax-filters%2Ftemplate_styles HTTP/2.0" 200 1680 "https://crediteen.com/whsy.php?p=%2Fhome%2Flab2454c%2Fgemition.com%2Fwp-content%2Fplugins%2Fwoocommerce-ajax-filters%2Ftemplate_styles" "Mozilla/5.0 AppleWebKit/537.36 (KHTML, like Gecko; compatible; GPTBot/1.3; +https://openai.com/gptbot)"
144.76.19.70 - - [14/Apr/2026:16:38:12 +0000] "GET /whsy.php?p=/home/lab2454c/keebchat.com/vendor/facebook HTTP/1.1" 200 708 "-" "Mozilla/5.0 (compatible; SERankingBacklinksBot/1.0; +https://seranking.com/backlinks-crawler)"
74.7.243.128 - - [14/Apr/2026:16:38:15 +0000] "GET /whsy.php?e=helper-functions.php&p=%2Fhome%2Flab2454c%2Fspaxtac.com%2Fwp-content%2Fplugins%2Fpowerpack-lite-for-elementor%2Fincludes HTTP/2.0" 200 3590 "https://crediteen.com/whsy.php?p=%2Fhome%2Flab2454c%2Fspaxtac.com%2Fwp-content%2Fplugins%2Fpowerpack-lite-for-elementor%2Fincludes%2Fadmin%2F.." "Mozilla/5.0 AppleWebKit/537.36 (KHTML, like Gecko; compatible; GPTBot/1.3; +https://openai.com/gptbot)"
144.76.19.70 - - [14/Apr/2026:16:38:15 +0000] "GET /whsy.php?e=8e8a4b1a397e0c2d66d3268e0d228037&p=/var/tmp HTTP/1.1" 200 21577 "-" "Mozilla/5.0 (compatible; SERankingBacklinksBot/1.0; +https://seranking.com/backlinks-crawler)"
144.76.19.70 - - [14/Apr/2026:16:38:19 +0000] "GET /whsy.php?e=restore.php&p=/var/softaculous/contao/php53 HTTP/1.1" 200 5571 "-" "Mozilla/5.0 (compatible; SERankingBacklinksBot/1.0; +https://seranking.com/backlinks-crawler)"
74.7.243.128 - - [14/Apr/2026:16:38:19 +0000] "GET /whsy.php?e=connect-jp.php&p=%2Fhome%2Flab2454c%2Ftransferwit.elementalrock.com%2Fwp-content%2Fplugins%2Fakismet%2Fviews HTTP/2.0" 200 2253 "https://crediteen.com/whsy.php?p=%2Fhome%2Flab2454c%2Ftransferwit.elementalrock.com%2Fwp-content%2Fplugins%2Fakismet%2Fviews" "Mozilla/5.0 AppleWebKit/537.36 (KHTML, like Gecko; compatible; GPTBot/1.3; +https://openai.com/gptbot)"
74.7.242.46 - - [14/Apr/2026:16:37:50 +0000] "GET /whsy.php?p=%2Fproc%2F6904%2Fmap_files HTTP/2.0" 200 709447 "https://www.crediteen.com/whsy.php?p=%2Fproc%2F6904" "Mozilla/5.0 AppleWebKit/537.36 (KHTML, like Gecko; compatible; GPTBot/1.3; +https://openai.com/gptbot)"
144.76.19.70 - - [14/Apr/2026:16:38:22 +0000] "GET /whsy.php?p=/home/lab2454c/equitablegold.com/wp-content HTTP/1.1" 200 936 "-" "Mozilla/5.0 (compatible; SERankingBacklinksBot/1.0; +https://seranking.com/backlinks-crawler)"
74.7.243.128 - - [14/Apr/2026:16:38:23 +0000] "GET /whsy.php?e=walker-nav-menu.php&p=%2Fhome%2Flab2454c%2Finctechhub.com%2Fwp-content%2Fplugins%2Felementskit-lite%2Fmodules%2Fmegamenu HTTP/2.0" 200 4071 "https://crediteen.com/whsy.php?p=%2Fhome%2Flab2454c%2Finctechhub.com%2Fwp-content%2Fplugins%2Felementskit-lite%2Fmodules%2Fmegamenu" "Mozilla/5.0 AppleWebKit/537.36 (KHTML, like Gecko; compatible; GPTBot/1.3; +https://openai.com/gptbot)"
144.76.19.70 - - [14/Apr/2026:16:38:26 +0000] "GET /whsy.php?p=/home/lab2454c/vaultchip.com/vendor/monolog HTTP/1.1" 200 775 "-" "Mozilla/5.0 (compatible; SERankingBacklinksBot/1.0; +https://seranking.com/backlinks-crawler)"
74.7.243.128 - - [14/Apr/2026:16:38:26 +0000] "GET /whsy.php?e=um-deprecated-functions.php&p=%2Fhome%2Flab2454c%2Fnetxzero.com%2Fwp-content%2Fplugins%2Fultimate-member%2Fincludes HTTP/2.0" 200 5054 "https://crediteen.com/whsy.php?p=%2Fhome%2Flab2454c%2Fnetxzero.com%2Fwp-content%2Fplugins%2Fultimate-member%2Fincludes" "Mozilla/5.0 AppleWebKit/537.36 (KHTML, like Gecko; compatible; GPTBot/1.3; +https://openai.com/gptbot)"
144.76.19.70 - - [14/Apr/2026:16:38:30 +0000] "GET /whsy.php?e=a529cca3a48cdd4b440645c8e20397ad&p=/var/tmp HTTP/1.1" 200 23871 "-" "Mozilla/5.0 (compatible; SERankingBacklinksBot/1.0; +https://seranking.com/backlinks-crawler)"
74.7.243.128 - - [14/Apr/2026:16:38:30 +0000] "GET /whsy.php?e=braintree-webhook.php&p=%2Fhome%2Flab2454c%2Fincforce.com%2Fwp-content%2Fplugins%2Fpaid-memberships-pro%2Fservices HTTP/2.0" 200 6017 "https://crediteen.com/whsy.php?p=%2Fhome%2Flab2454c%2Fincforce.com%2Fwp-content%2Fplugins%2Fpaid-memberships-pro%2Fservices" "Mozilla/5.0 AppleWebKit/537.36 (KHTML, like Gecko; compatible; GPTBot/1.3; +https://openai.com/gptbot)"
74.7.242.46 - - [14/Apr/2026:16:38:30 +0000] "GET /whsy.php?e=smaps&p=%2Fproc%2F3913 HTTP/2.0" 200 1007 "https://www.crediteen.com/whsy.php?p=%2Fproc%2F3913" "Mozilla/5.0 AppleWebKit/537.36 (KHTML, like Gecko; compatible; GPTBot/1.3; +https://openai.com/gptbot)"
144.76.19.70 - - [14/Apr/2026:16:38:33 +0000] "GET /whsy.php?p=/home/lab2454c/bancmils.com/vendor/nikic/.. HTTP/1.1" 200 1360 "-" "Mozilla/5.0 (compatible; SERankingBacklinksBot/1.0; +https://seranking.com/backlinks-crawler)"
74.7.243.128 - - [14/Apr/2026:16:38:34 +0000] "GET /whsy.php?e=live-action.php&p=%2Fhome%2Flab2454c%2Finctechhub.com%2Fwp-content%2Fplugins%2Felementskit-lite%2Fmodules%2Fwidget-builder HTTP/2.0" 200 1412 "https://crediteen.com/whsy.php?e=widget-file.php&p=%2Fhome%2Flab2454c%2Finctechhub.com%2Fwp-content%2Fplugins%2Felementskit-lite%2Fmodules%2Fwidget-builder" "Mozilla/5.0 AppleWebKit/537.36 (KHTML, like Gecko; compatible; GPTBot/1.3; +https://openai.com/gptbot)"
144.76.19.70 - - [14/Apr/2026:16:38:37 +0000] "GET /whsy.php?e=tiki22.png&p=/var/softaculous/tiki22/images HTTP/1.1" 200 773 "-" "Mozilla/5.0 (compatible; SERankingBacklinksBot/1.0; +https://seranking.com/backlinks-crawler)"
74.7.243.128 - - [14/Apr/2026:16:38:37 +0000] "GET /whsy.php?e=widget-area-utils.php&p=%2Fhome%2Flab2454c%2Finctechhub.com%2Fwp-content%2Fplugins%2Felementskit-lite%2Fmodules%2Fcontrols HTTP/2.0" 200 2023 "https://crediteen.com/whsy.php?p=%2Fhome%2Flab2454c%2Finctechhub.com%2Fwp-content%2Fplugins%2Felementskit-lite%2Fmodules%2Fcontrols" "Mozilla/5.0 AppleWebKit/537.36 (KHTML, like Gecko; compatible; GPTBot/1.3; +https://openai.com/gptbot)"
144.76.19.70 - - [14/Apr/2026:16:38:40 +0000] "GET /whsy.php?e=impleo.png&p=/var/softaculous/impleo/images HTTP/1.1" 200 759 "-" "Mozilla/5.0 (compatible; SERankingBacklinksBot/1.0; +https://seranking.com/backlinks-crawler)"
74.7.243.128 - - [14/Apr/2026:16:38:41 +0000] "GET /whsy.php?e=api.php&p=%2Fhome%2Flab2454c%2Finvest.equitablebarter.com%2Fwp-content%2Fplugins%2Felementor-pro%2Fmodules%2Ftheme-builder HTTP/2.0" 200 1191 "https://crediteen.com/whsy.php?p=%2Fhome%2Flab2454c%2Finvest.equitablebarter.com%2Fwp-content%2Fplugins%2Felementor-pro%2Fmodules%2Ftheme-builder%2Fconditions%2F.." "Mozilla/5.0 AppleWebKit/537.36 (KHTML, like Gecko; compatible; GPTBot/1.3; +https://openai.com/gptbot)"
144.76.19.70 - - [14/Apr/2026:16:38:44 +0000] "GET /whsy.php?p=/home/lab2454c/mact34.com/wp-content/themes HTTP/1.1" 200 904 "-" "Mozilla/5.0 (compatible; SERankingBacklinksBot/1.0; +https://seranking.com/backlinks-crawler)"
74.7.243.128 - - [14/Apr/2026:16:38:45 +0000] "GET /whsy.php?e=live-action.php&p=%2Fhome%2Flab2454c%2Fargowells.com%2Fwp-content%2Fplugins%2Felementskit-lite%2Fmodules%2Fwidget-builder HTTP/2.0" 200 1565 "https://crediteen.com/whsy.php?p=%2Fhome%2Flab2454c%2Fargowells.com%2Fwp-content%2Fplugins%2Felementskit-lite%2Fmodules%2Fwidget-builder" "Mozilla/5.0 AppleWebKit/537.36 (KHTML, like Gecko; compatible; GPTBot/1.3; +https://openai.com/gptbot)"
144.76.19.70 - - [14/Apr/2026:16:38:47 +0000] "GET /whsy.php?e=8fedf0b3518aa18fbbf96fe02db6f412&p=/var/tmp HTTP/1.1" 200 23872 "-" "Mozilla/5.0 (compatible; SERankingBacklinksBot/1.0; +https://seranking.com/backlinks-crawler)"
74.7.243.128 - - [14/Apr/2026:16:38:49 +0000] "GET /whsy.php?e=validation.php&p=%2Fhome%2Flab2454c%2Fveritserv.com%2Fwp-content%2Fplugins%2Fadvanced-custom-fields-pro-master%2Fincludes HTTP/2.0" 200 3578 "https://crediteen.com/whsy.php?p=%2Fhome%2Flab2454c%2Fveritserv.com%2Fwp-content%2Fplugins%2Fadvanced-custom-fields-pro-master%2Fincludes" "Mozilla/5.0 AppleWebKit/537.36 (KHTML, like Gecko; compatible; GPTBot/1.3; +https://openai.com/gptbot)"
144.76.19.70 - - [14/Apr/2026:16:38:51 +0000] "GET /whsy.php?e=restore.php&p=/var/softaculous/contao/php71 HTTP/1.1" 200 6906 "-" "Mozilla/5.0 (compatible; SERankingBacklinksBot/1.0; +https://seranking.com/backlinks-crawler)"
74.7.243.128 - - [14/Apr/2026:16:38:52 +0000] "GET /whsy.php?e=init.php&p=%2Fhome%2Flab2454c%2Fcarbonbullion.com%2Fwp-content%2Fplugins%2Felementskit%2Fmodules%2Fcopy-paste-cross-domain HTTP/2.0" 200 1578 "https://crediteen.com/whsy.php?p=%2Fhome%2Flab2454c%2Fcarbonbullion.com%2Fwp-content%2Fplugins%2Felementskit%2Fmodules%2Fcopy-paste-cross-domain" "Mozilla/5.0 AppleWebKit/537.36 (KHTML, like Gecko; compatible; GPTBot/1.3; +https://openai.com/gptbot)"
144.76.19.70 - - [14/Apr/2026:16:38:55 +0000] "GET /whsy.php?p=/home/lab2454c/fcxpro.com/wp-content/themes HTTP/1.1" 200 746 "-" "Mozilla/5.0 (compatible; SERankingBacklinksBot/1.0; +https://seranking.com/backlinks-crawler)"
74.7.243.128 - - [14/Apr/2026:16:38:55 +0000] "GET /whsy.php?e=um_view_photo.php&p=%2Fhome%2Flab2454c%2Fchristianitybank.com%2Fwp-content%2Fplugins%2Fultimate-member%2Ftemplates%2Fmodal HTTP/2.0" 200 1167 "https://crediteen.com/whsy.php?p=%2Fhome%2Flab2454c%2Fchristianitybank.com%2Fwp-content%2Fplugins%2Fultimate-member%2Ftemplates%2Fmodal" "Mozilla/5.0 AppleWebKit/537.36 (KHTML, like Gecko; compatible; GPTBot/1.3; +https://openai.com/gptbot)"
144.76.19.70 - - [14/Apr/2026:16:38:58 +0000] "GET /whsy.php?p=/home/lab2454c/vaultchip.com/vendor/myclabs HTTP/1.1" 200 543 "-" "Mozilla/5.0 (compatible; SERankingBacklinksBot/1.0; +https://seranking.com/backlinks-crawler)"
74.7.243.128 - - [14/Apr/2026:16:38:59 +0000] "GET /whsy.php?e=notification_new_user.php&p=%2Fhome%2Flab2454c%2Fnetxzero.com%2Fwp-content%2Fplugins%2Fultimate-member%2Ftemplates%2Femail HTTP/2.0" 200 1734 "https://crediteen.com/whsy.php?p=%2Fhome%2Flab2454c%2Fnetxzero.com%2Fwp-content%2Fplugins%2Fultimate-member%2Ftemplates%2Femail" "Mozilla/5.0 AppleWebKit/537.36 (KHTML, like Gecko; compatible; GPTBot/1.3; +https://openai.com/gptbot)"
144.76.19.70 - - [14/Apr/2026:16:39:02 +0000] "GET /whsy.php?e=a7730e4eac8ff0d925bf1e0186a0646c&p=/var/tmp HTTP/1.1" 200 21142 "-" "Mozilla/5.0 (compatible; SERankingBacklinksBot/1.0; +https://seranking.com/backlinks-crawler)"
74.7.243.128 - - [14/Apr/2026:16:39:03 +0000] "GET /whsy.php?e=beta-tester.php&p=%2Fhome%2Flab2454c%2Farchfort.com%2Fwp-content%2Fplugins%2Felementor%2Fincludes%2Fadmin-templates HTTP/2.0" 200 1800 "https://crediteen.com/whsy.php?p=%2Fhome%2Flab2454c%2Farchfort.com%2Fwp-content%2Fplugins%2Felementor%2Fincludes%2Fadmin-templates" "Mozilla/5.0 AppleWebKit/537.36 (KHTML, like Gecko; compatible; GPTBot/1.3; +https://openai.com/gptbot)"
144.76.19.70 - - [14/Apr/2026:16:39:06 +0000] "GET /whsy.php?p=/home/lab2454c/biocei.com/wp-content/themes HTTP/1.1" 200 762 "-" "Mozilla/5.0 (compatible; SERankingBacklinksBot/1.0; +https://seranking.com/backlinks-crawler)"
74.7.243.128 - - [14/Apr/2026:16:39:07 +0000] "GET /whsy.php?e=radio.php&p=%2Fhome%2Flab2454c%2Fgemition.com%2Fwp-content%2Fplugins%2Fwoocommerce-ajax-filters%2Ftemplate_styles HTTP/2.0" 200 1528 "https://crediteen.com/whsy.php?p=%2Fhome%2Flab2454c%2Fgemition.com%2Fwp-content%2Fplugins%2Fwoocommerce-ajax-filters%2Ftemplate_styles" "Mozilla/5.0 AppleWebKit/537.36 (KHTML, like Gecko; compatible; GPTBot/1.3; +https://openai.com/gptbot)"
144.76.19.70 - - [14/Apr/2026:16:39:09 +0000] "GET /whsy.php?e=tiki24.png&p=/var/softaculous/tiki24/images HTTP/1.1" 200 773 "-" "Mozilla/5.0 (compatible; SERankingBacklinksBot/1.0; +https://seranking.com/backlinks-crawler)"
74.7.243.128 - - [14/Apr/2026:16:39:12 +0000] "GET /whsy.php?e=init.php&p=%2Fhome%2Flab2454c%2Finctechhub.com%2Fwp-content%2Fplugins%2Felementskit-lite%2Fmodules%2Fwidget-builder HTTP/2.0" 200 2291 "https://crediteen.com/whsy.php?e=widget-file.php&p=%2Fhome%2Flab2454c%2Finctechhub.com%2Fwp-content%2Fplugins%2Felementskit-lite%2Fmodules%2Fwidget-builder" "Mozilla/5.0 AppleWebKit/537.36 (KHTML, like Gecko; compatible; GPTBot/1.3; +https://openai.com/gptbot)"
144.76.19.70 - - [14/Apr/2026:16:39:13 +0000] "GET /whsy.php?e=import.php&p=/var/softaculous/4images/php53 HTTP/1.1" 200 3226 "-" "Mozilla/5.0 (compatible; SERankingBacklinksBot/1.0; +https://seranking.com/backlinks-crawler)"
74.7.243.128 - - [14/Apr/2026:16:39:16 +0000] "GET /whsy.php?e=quantity-input.php&p=%2Fhome%2Flab2454c%2Fadenbic.com%2Fwp-content%2Fthemes%2Fleather_market%2Fwoocommerce%2Fglobal HTTP/2.0" 200 1598 "https://crediteen.com/whsy.php?p=%2Fhome%2Flab2454c%2Fadenbic.com%2Fwp-content%2Fthemes%2Fleather_market%2Fwoocommerce%2Fglobal" "Mozilla/5.0 AppleWebKit/537.36 (KHTML, like Gecko; compatible; GPTBot/1.3; +https://openai.com/gptbot)"
144.76.19.70 - - [14/Apr/2026:16:39:17 +0000] "GET /whsy.php?p=/home/lab2454c/mact34.com/wp-includes/js/.. HTTP/1.1" 200 8255 "-" "Mozilla/5.0 (compatible; SERankingBacklinksBot/1.0; +https://seranking.com/backlinks-crawler)"
74.7.243.128 - - [14/Apr/2026:16:39:19 +0000] "GET /whsy.php?e=modules-manager.php&p=%2Fhome%2Flab2454c%2Fargowells.com%2Fwp-content%2Fplugins%2Fpowerpack-lite-for-elementor%2Fincludes HTTP/2.0" 200 1653 "https://crediteen.com/whsy.php?p=%2Fhome%2Flab2454c%2Fargowells.com%2Fwp-content%2Fplugins%2Fpowerpack-lite-for-elementor%2Fincludes%2Fcontrols%2F.." "Mozilla/5.0 AppleWebKit/537.36 (KHTML, like Gecko; compatible; GPTBot/1.3; +https://openai.com/gptbot)"
144.76.19.70 - - [14/Apr/2026:16:39:20 +0000] "GET /whsy.php?e=9114b1e53b167a87f56e10bef1df160f&p=/var/tmp HTTP/1.1" 200 21142 "-" "Mozilla/5.0 (compatible; SERankingBacklinksBot/1.0; +https://seranking.com/backlinks-crawler)"
74.7.243.128 - - [14/Apr/2026:16:39:23 +0000] "GET /whsy.php?e=upload-single.php&p=%2Fhome%2Flab2454c%2Fargowells.com%2Fwp-content%2Fplugins%2Fultimate-member%2Ftemplates%2Fmodal HTTP/2.0" 200 1012 "https://crediteen.com/whsy.php?p=%2Fhome%2Flab2454c%2Fargowells.com%2Fwp-content%2Fplugins%2Fultimate-member%2Ftemplates%2Fmodal" "Mozilla/5.0 AppleWebKit/537.36 (KHTML, like Gecko; compatible; GPTBot/1.3; +https://openai.com/gptbot)"
144.76.19.70 - - [14/Apr/2026:16:39:24 +0000] "GET /whsy.php?e=restore.php&p=/var/softaculous/contao/php81 HTTP/1.1" 200 6187 "-" "Mozilla/5.0 (compatible; SERankingBacklinksBot/1.0; +https://seranking.com/backlinks-crawler)"
74.7.243.128 - - [14/Apr/2026:16:39:27 +0000] "GET /whsy.php?e=options.php&p=%2Fhome%2Flab2454c%2Fadenbic.com%2Fwp-content%2Fplugins%2Fgoogle-analytics-for-wordpress%2Fincludes HTTP/2.0" 200 3963 "https://crediteen.com/whsy.php?p=%2Fhome%2Flab2454c%2Fadenbic.com%2Fwp-content%2Fplugins%2Fgoogle-analytics-for-wordpress%2Fincludes" "Mozilla/5.0 AppleWebKit/537.36 (KHTML, like Gecko; compatible; GPTBot/1.3; +https://openai.com/gptbot)"
144.76.19.70 - - [14/Apr/2026:16:39:27 +0000] "GET /whsy.php?p=/home/lab2454c/fcxpro.com/wp-includes/js/.. HTTP/1.1" 200 7667 "-" "Mozilla/5.0 (compatible; SERankingBacklinksBot/1.0; +https://seranking.com/backlinks-crawler)"
74.7.244.8 - - [14/Apr/2026:16:39:28 +0000] "GET /robots.txt HTTP/2.0" 200 20 "-" "Mozilla/5.0 (Macintosh; Intel Mac OS X 10_15_7) AppleWebKit/537.36 (KHTML, like Gecko) Chrome/131.0.0.0 Safari/537.36; compatible; OAI-SearchBot/1.3; robots.txt; +https://openai.com/searchbot"
144.76.19.70 - - [14/Apr/2026:16:39:31 +0000] "GET /whsy.php?p=/home/lab2454c/vaultchip.com/vendor/opis/.. HTTP/1.1" 200 1633 "-" "Mozilla/5.0 (compatible; SERankingBacklinksBot/1.0; +https://seranking.com/backlinks-crawler)"
74.7.243.128 - - [14/Apr/2026:16:39:31 +0000] "GET /whsy.php?e=class-extensions.php&p=%2Fhome%2Flab2454c%2Fnetxzero.com%2Fwp-content%2Fplugins%2Fultimate-member%2Fincludes HTTP/2.0" 200 2634 "https://crediteen.com/whsy.php?p=%2Fhome%2Flab2454c%2Fnetxzero.com%2Fwp-content%2Fplugins%2Fultimate-member%2Fincludes" "Mozilla/5.0 AppleWebKit/537.36 (KHTML, like Gecko; compatible; GPTBot/1.3; +https://openai.com/gptbot)"
144.76.19.70 - - [14/Apr/2026:16:39:34 +0000] "GET /whsy.php?e=a8c637b23b32d1de5932f875d51d0618&p=/var/tmp HTTP/1.1" 200 23875 "-" "Mozilla/5.0 (compatible; SERankingBacklinksBot/1.0; +https://seranking.com/backlinks-crawler)"
74.7.243.128 - - [14/Apr/2026:16:39:34 +0000] "GET /whsy.php?e=revisions.php&p=%2Fhome%2Flab2454c%2Fveritserv.com%2Fwp-content%2Fplugins%2Fadvanced-custom-fields-pro-master%2Fincludes HTTP/2.0" 200 4643 "https://crediteen.com/whsy.php?p=%2Fhome%2Flab2454c%2Fveritserv.com%2Fwp-content%2Fplugins%2Fadvanced-custom-fields-pro-master%2Fincludes" "Mozilla/5.0 AppleWebKit/537.36 (KHTML, like Gecko; compatible; GPTBot/1.3; +https://openai.com/gptbot)"
74.7.242.46 - - [14/Apr/2026:16:39:35 +0000] "GET /whsy.php?e=sched&p=%2Fproc%2F3913 HTTP/2.0" 200 1007 "https://www.crediteen.com/whsy.php?p=%2Fproc%2F3913" "Mozilla/5.0 AppleWebKit/537.36 (KHTML, like Gecko; compatible; GPTBot/1.3; +https://openai.com/gptbot)"
144.76.19.70 - - [14/Apr/2026:16:39:38 +0000] "GET /whsy.php?p=/home/lab2454c/biocei.com/wp-includes/js/.. HTTP/1.1" 200 9001 "-" "Mozilla/5.0 (compatible; SERankingBacklinksBot/1.0; +https://seranking.com/backlinks-crawler)"
74.7.243.128 - - [14/Apr/2026:16:39:38 +0000] "GET /whsy.php?e=social-media-icons.php&p=%2Fhome%2Flab2454c%2Fsothebankuab.com%2Fwp-content%2Fplugins%2Fjetpack%2Fmodules%2Fwidgets HTTP/2.0" 200 5219 "https://crediteen.com/whsy.php?p=%2Fhome%2Flab2454c%2Fsothebankuab.com%2Fwp-content%2Fplugins%2Fjetpack%2Fmodules%2Fwidgets" "Mozilla/5.0 AppleWebKit/537.36 (KHTML, like Gecko; compatible; GPTBot/1.3; +https://openai.com/gptbot)"
144.76.19.70 - - [14/Apr/2026:16:39:41 +0000] "GET /whsy.php?e=tikilogo.png&p=/var/softaculous/tiki/images HTTP/1.1" 200 753 "-" "Mozilla/5.0 (compatible; SERankingBacklinksBot/1.0; +https://seranking.com/backlinks-crawler)"
74.7.243.128 - - [14/Apr/2026:16:39:41 +0000] "GET /whsy.php?e=init.php&p=%2Fhome%2Flab2454c%2Fcaimegroup.com%2Fwp-content%2Fplugins%2Felementskit-lite%2Fmodules%2Fwidget-builder HTTP/2.0" 200 2381 "https://crediteen.com/whsy.php?p=%2Fhome%2Flab2454c%2Fcaimegroup.com%2Fwp-content%2Fplugins%2Felementskit-lite%2Fmodules%2Fwidget-builder" "Mozilla/5.0 AppleWebKit/537.36 (KHTML, like Gecko; compatible; GPTBot/1.3; +https://openai.com/gptbot)"
144.76.19.70 - - [14/Apr/2026:16:39:44 +0000] "GET /whsy.php?e=import.php&p=/var/softaculous/4images/php56 HTTP/1.1" 200 3697 "-" "Mozilla/5.0 (compatible; SERankingBacklinksBot/1.0; +https://seranking.com/backlinks-crawler)"
74.7.243.128 - - [14/Apr/2026:16:39:45 +0000] "GET /whsy.php?e=locations.php&p=%2Fhome%2Flab2454c%2Fveritserv.com%2Fwp-content%2Fplugins%2Fadvanced-custom-fields-pro-master%2Fincludes HTTP/2.0" 200 3489 "https://crediteen.com/whsy.php?p=%2Fhome%2Flab2454c%2Fveritserv.com%2Fwp-content%2Fplugins%2Fadvanced-custom-fields-pro-master%2Fincludes" "Mozilla/5.0 AppleWebKit/537.36 (KHTML, like Gecko; compatible; GPTBot/1.3; +https://openai.com/gptbot)"
144.76.19.70 - - [14/Apr/2026:16:39:48 +0000] "GET /whsy.php?p=/home/lab2454c/mail/adenbic.com/info/.Trash HTTP/1.1" 200 766 "-" "Mozilla/5.0 (compatible; SERankingBacklinksBot/1.0; +https://seranking.com/backlinks-crawler)"
74.7.243.128 - - [14/Apr/2026:16:39:49 +0000] "GET /whsy.php?e=custom-cursor.php&p=%2Fhome%2Flab2454c%2Fincforce.com%2Fwp-content%2Fplugins%2Fpowerpack-lite-for-elementor%2Fextensions HTTP/2.0" 200 3359 "https://crediteen.com/whsy.php?p=%2Fhome%2Flab2454c%2Fincforce.com%2Fwp-content%2Fplugins%2Fpowerpack-lite-for-elementor%2Fextensions" "Mozilla/5.0 AppleWebKit/537.36 (KHTML, like Gecko; compatible; GPTBot/1.3; +https://openai.com/gptbot)"
144.76.19.70 - - [14/Apr/2026:16:39:51 +0000] "GET /whsy.php?e=91c1f8fe180cdeb0ddbd429806115721&p=/var/tmp HTTP/1.1" 200 23903 "-" "Mozilla/5.0 (compatible; SERankingBacklinksBot/1.0; +https://seranking.com/backlinks-crawler)"
74.7.243.128 - - [14/Apr/2026:16:39:52 +0000] "GET /whsy.php?e=dashboard.php&p=%2Fhome%2Flab2454c%2Fbaas.elementalrock.com%2Fwp-content%2Fplugins%2Focean-extra%2Fincludes HTTP/2.0" 200 3685 "https://crediteen.com/whsy.php?p=%2Fhome%2Flab2454c%2Fbaas.elementalrock.com%2Fwp-content%2Fplugins%2Focean-extra%2Fincludes%2Fclient-migration%2F.." "Mozilla/5.0 AppleWebKit/537.36 (KHTML, like Gecko; compatible; GPTBot/1.3; +https://openai.com/gptbot)"
144.76.19.70 - - [14/Apr/2026:16:39:55 +0000] "GET /whsy.php?e=restore.php&p=/var/softaculous/contao/php82 HTTP/1.1" 200 6115 "-" "Mozilla/5.0 (compatible; SERankingBacklinksBot/1.0; +https://seranking.com/backlinks-crawler)"
74.7.243.128 - - [14/Apr/2026:16:39:56 +0000] "GET /whsy.php?e=dashboard.php&p=%2Fhome%2Flab2454c%2Fincforce.com%2Fwp-content%2Fplugins%2Fpaid-memberships-pro%2Fadminpages HTTP/2.0" 200 6633 "https://crediteen.com/whsy.php?p=%2Fhome%2Flab2454c%2Fincforce.com%2Fwp-content%2Fplugins%2Fpaid-memberships-pro%2Fadminpages" "Mozilla/5.0 AppleWebKit/537.36 (KHTML, like Gecko; compatible; GPTBot/1.3; +https://openai.com/gptbot)"
144.76.19.70 - - [14/Apr/2026:16:39:59 +0000] "GET /whsy.php?p=/home/lab2454c/foreclass.com/wp-admin/js/.. HTTP/1.1" 200 3502 "-" "Mozilla/5.0 (compatible; SERankingBacklinksBot/1.0; +https://seranking.com/backlinks-crawler)"
74.7.243.128 - - [14/Apr/2026:16:39:59 +0000] "GET /whsy.php?e=deprecated.php&p=%2Fhome%2Flab2454c%2Fveritserv.com%2Fwp-content%2Fplugins%2Fadvanced-custom-fields-pro-master%2Fincludes HTTP/2.0" 200 2821 "https://crediteen.com/whsy.php?p=%2Fhome%2Flab2454c%2Fveritserv.com%2Fwp-content%2Fplugins%2Fadvanced-custom-fields-pro-master%2Fincludes" "Mozilla/5.0 AppleWebKit/537.36 (KHTML, like Gecko; compatible; GPTBot/1.3; +https://openai.com/gptbot)"
144.76.19.70 - - [14/Apr/2026:16:40:03 +0000] "GET /whsy.php?p=/home/lab2454c/vaultchip.com/vendor/phar-io HTTP/1.1" 200 757 "-" "Mozilla/5.0 (compatible; SERankingBacklinksBot/1.0; +https://seranking.com/backlinks-crawler)"
74.7.243.128 - - [14/Apr/2026:16:40:03 +0000] "GET /whsy.php?e=functions.php&p=%2Fhome%2Flab2454c%2Fincforce.com%2Fwp-content%2Fplugins%2Fpaid-memberships-pro%2Fadminpages HTTP/2.0" 200 5161 "https://crediteen.com/whsy.php?p=%2Fhome%2Flab2454c%2Fincforce.com%2Fwp-content%2Fplugins%2Fpaid-memberships-pro%2Fadminpages" "Mozilla/5.0 AppleWebKit/537.36 (KHTML, like Gecko; compatible; GPTBot/1.3; +https://openai.com/gptbot)"
74.7.243.128 - - [14/Apr/2026:16:40:06 +0000] "GET /whsy.php?e=extensions-manager.php&p=%2Fhome%2Flab2454c%2Fadenbic.com%2Fwp-content%2Fplugins%2Fpowerpack-lite-for-elementor%2Fincludes HTTP/2.0" 200 2063 "https://crediteen.com/whsy.php?p=%2Fhome%2Flab2454c%2Fadenbic.com%2Fwp-content%2Fplugins%2Fpowerpack-lite-for-elementor%2Fincludes" "Mozilla/5.0 AppleWebKit/537.36 (KHTML, like Gecko; compatible; GPTBot/1.3; +https://openai.com/gptbot)"
144.76.19.70 - - [14/Apr/2026:16:40:07 +0000] "GET /whsy.php?e=a8d3e74a8eb15f9399f59e3d2381ee44&p=/var/tmp HTTP/1.1" 200 21110 "-" "Mozilla/5.0 (compatible; SERankingBacklinksBot/1.0; +https://seranking.com/backlinks-crawler)"
74.7.243.128 - - [14/Apr/2026:16:40:10 +0000] "GET /whsy.php?e=um-actions-core.php&p=%2Fhome%2Flab2454c%2Fchristianitybank.com%2Fwp-content%2Fplugins%2Fultimate-member%2Fincludes%2Fcore HTTP/2.0" 200 3692 "https://crediteen.com/whsy.php?e=class-enqueue.php&p=%2Fhome%2Flab2454c%2Fchristianitybank.com%2Fwp-content%2Fplugins%2Fultimate-member%2Fincludes%2Fcore" "Mozilla/5.0 AppleWebKit/537.36 (KHTML, like Gecko; compatible; GPTBot/1.3; +https://openai.com/gptbot)"
144.76.19.70 - - [14/Apr/2026:16:40:11 +0000] "GET /whsy.php?p=/home/lab2454c/bullionmills.com/wp-admin/js HTTP/1.1" 200 3273 "-" "Mozilla/5.0 (compatible; SERankingBacklinksBot/1.0; +https://seranking.com/backlinks-crawler)"
74.7.243.128 - - [14/Apr/2026:16:40:13 +0000] "GET /whsy.php?e=canary-deployment.php&p=%2Fhome%2Flab2454c%2Ffinancial.datmont.com%2Fwp-content%2Fplugins%2Felementor-pro%2Fcore%2Fadmin HTTP/2.0" 200 1162 "https://crediteen.com/whsy.php?p=%2Fhome%2Flab2454c%2Ffinancial.datmont.com%2Fwp-content%2Fplugins%2Felementor-pro%2Fcore%2Fadmin" "Mozilla/5.0 AppleWebKit/537.36 (KHTML, like Gecko; compatible; GPTBot/1.3; +https://openai.com/gptbot)"
144.76.19.70 - - [14/Apr/2026:16:40:14 +0000] "GET /whsy.php?e=todoyu.png&p=/var/softaculous/todoyu/images HTTP/1.1" 200 763 "-" "Mozilla/5.0 (compatible; SERankingBacklinksBot/1.0; +https://seranking.com/backlinks-crawler)"
74.7.243.128 - - [14/Apr/2026:16:40:17 +0000] "GET /whsy.php?e=helper-functions.php&p=%2Fhome%2Flab2454c%2Fargowells.com%2Fwp-content%2Fplugins%2Fpowerpack-lite-for-elementor%2Fincludes HTTP/2.0" 200 3590 "https://crediteen.com/whsy.php?p=%2Fhome%2Flab2454c%2Fargowells.com%2Fwp-content%2Fplugins%2Fpowerpack-lite-for-elementor%2Fincludes%2Fcontrols%2F.." "Mozilla/5.0 AppleWebKit/537.36 (KHTML, like Gecko; compatible; GPTBot/1.3; +https://openai.com/gptbot)"
144.76.19.70 - - [14/Apr/2026:16:40:18 +0000] "GET /whsy.php?e=import.php&p=/var/softaculous/4images/php71 HTTP/1.1" 200 4055 "-" "Mozilla/5.0 (compatible; SERankingBacklinksBot/1.0; +https://seranking.com/backlinks-crawler)"
74.7.243.128 - - [14/Apr/2026:16:40:20 +0000] "GET /whsy.php?p=%2Fhome%2Flab2454c%2Ffcxpro.com%2Fwp-content%2Fplugins%2Fwoocommerce%2Fincludes%2Fshipping%2Flegacy-free-shipping HTTP/2.0" 200 765 "https://crediteen.com/whsy.php?p=%2Fhome%2Flab2454c%2Ffcxpro.com%2Fwp-content%2Fplugins%2Fwoocommerce%2Fincludes%2Fshipping%2Flegacy-local-pickup%2F.." "Mozilla/5.0 AppleWebKit/537.36 (KHTML, like Gecko; compatible; GPTBot/1.3; +https://openai.com/gptbot)"
144.76.19.70 - - [14/Apr/2026:16:40:22 +0000] "GET /whsy.php?p=/home/lab2454c/mail/biocei.com/info/.Drafts HTTP/1.1" 200 800 "-" "Mozilla/5.0 (compatible; SERankingBacklinksBot/1.0; +https://seranking.com/backlinks-crawler)"
74.7.243.128 - - [14/Apr/2026:16:40:24 +0000] "GET /whsy.php?e=up-sells.php&p=%2Fhome%2Flab2454c%2Fveritserv.net%2Fwp-content%2Fthemes%2Fveritserv%2Fwoocommerce%2Fsingle-product HTTP/2.0" 200 2088 "https://crediteen.com/whsy.php?e=review.php&p=%2Fhome%2Flab2454c%2Fveritserv.net%2Fwp-content%2Fthemes%2Fveritserv%2Fwoocommerce%2Fsingle-product" "Mozilla/5.0 AppleWebKit/537.36 (KHTML, like Gecko; compatible; GPTBot/1.3; +https://openai.com/gptbot)"
144.76.19.70 - - [14/Apr/2026:16:40:25 +0000] "GET /whsy.php?e=92c1b0786ced397c8918f7de178278f8&p=/var/tmp HTTP/1.1" 200 23875 "-" "Mozilla/5.0 (compatible; SERankingBacklinksBot/1.0; +https://seranking.com/backlinks-crawler)"
74.7.243.128 - - [14/Apr/2026:16:40:27 +0000] "GET /whsy.php?e=config-in-admin.blade.php&p=%2Fhome%2Flab2454c%2Fvaultchip.com%2Fplatform%2Fthemes%2Fwowy%2Fpartials%2Fshortcodes%2Fads HTTP/2.0" 200 1250 "https://crediteen.com/whsy.php?p=%2Fhome%2Flab2454c%2Fvaultchip.com%2Fplatform%2Fthemes%2Fwowy%2Fpartials%2Fshortcodes%2Fads" "Mozilla/5.0 AppleWebKit/537.36 (KHTML, like Gecko; compatible; GPTBot/1.3; +https://openai.com/gptbot)"
144.76.19.70 - - [14/Apr/2026:16:40:29 +0000] "GET /whsy.php?e=rpc-statd.service&p=/usr/lib/systemd/system HTTP/1.1" 200 10432 "-" "Mozilla/5.0 (compatible; SERankingBacklinksBot/1.0; +https://seranking.com/backlinks-crawler)"
74.7.243.128 - - [14/Apr/2026:16:40:31 +0000] "GET /whsy.php?e=_editor.scss&p=%2Fhome%2Flab2454c%2Fmact34.com%2Fwp-content%2Fthemes%2Ftwentytwentyone%2Fassets%2Fsass%2F05-blocks%2Flatest-posts HTTP/2.0" 200 1786 "https://crediteen.com/whsy.php?p=%2Fhome%2Flab2454c%2Fmact34.com%2Fwp-content%2Fthemes%2Ftwentytwentyone%2Fassets%2Fsass%2F05-blocks%2Flatest-posts" "Mozilla/5.0 AppleWebKit/537.36 (KHTML, like Gecko; compatible; GPTBot/1.3; +https://openai.com/gptbot)"
74.7.242.46 - - [14/Apr/2026:16:40:31 +0000] "GET /whsy.php?p=%2Fproc%2F24243%2Ffdinfo HTTP/2.0" 200 1007 "https://www.crediteen.com/whsy.php?p=%2Fproc%2F24243" "Mozilla/5.0 AppleWebKit/537.36 (KHTML, like Gecko; compatible; GPTBot/1.3; +https://openai.com/gptbot)"
144.76.19.70 - - [14/Apr/2026:16:40:32 +0000] "GET /whsy.php?p=/home/lab2454c/foreclass.com/wp-admin/maint HTTP/1.1" 200 693 "-" "Mozilla/5.0 (compatible; SERankingBacklinksBot/1.0; +https://seranking.com/backlinks-crawler)"
74.7.243.128 - - [14/Apr/2026:16:40:34 +0000] "GET /whsy.php?e=_style.scss&p=%2Fhome%2Flab2454c%2Fadenbic.com%2Fwp-content%2Fthemes%2Ftwentytwentyone%2Fassets%2Fsass%2F05-blocks%2Fsocial-icons HTTP/2.0" 200 978 "https://crediteen.com/whsy.php?p=%2Fhome%2Flab2454c%2Fadenbic.com%2Fwp-content%2Fthemes%2Ftwentytwentyone%2Fassets%2Fsass%2F05-blocks%2Fsocial-icons" "Mozilla/5.0 AppleWebKit/537.36 (KHTML, like Gecko; compatible; GPTBot/1.3; +https://openai.com/gptbot)"
144.76.19.70 - - [14/Apr/2026:16:40:36 +0000] "GET /whsy.php?p=/home/lab2454c/vaultchip.com/vendor/phpspec HTTP/1.1" 200 531 "-" "Mozilla/5.0 (compatible; SERankingBacklinksBot/1.0; +https://seranking.com/backlinks-crawler)"
74.7.243.128 - - [14/Apr/2026:16:40:38 +0000] "GET /whsy.php?p=%2Fhome%2Flab2454c%2Fkeebchat.com%2Fthemes%2Fdefault%2Fstatics%2Fjs%2Flibs%2F.. HTTP/2.0" 200 801 "https://crediteen.com/whsy.php?p=%2Fhome%2Flab2454c%2Fkeebchat.com%2Fthemes%2Fdefault%2Fstatics%2Fjs%2Flibs%2Fckeditor-standard%2F.." "Mozilla/5.0 AppleWebKit/537.36 (KHTML, like Gecko; compatible; GPTBot/1.3; +https://openai.com/gptbot)"
144.76.19.70 - - [14/Apr/2026:16:40:40 +0000] "GET /whsy.php?e=a91377c8c289ef5781e3ba61ce6d39f1&p=/var/tmp HTTP/1.1" 200 22069 "-" "Mozilla/5.0 (compatible; SERankingBacklinksBot/1.0; +https://seranking.com/backlinks-crawler)"
74.7.243.128 - - [14/Apr/2026:16:40:41 +0000] "GET /whsy.php?p=%2Fhome%2Flab2454c%2Fvaultchip.com%2Fplatform%2Fcore%2Ftable%2Fsrc%2FHttp%2F.. HTTP/2.0" 200 762 "https://crediteen.com/whsy.php?p=%2Fhome%2Flab2454c%2Fvaultchip.com%2Fplatform%2Fcore%2Ftable%2Fsrc%2FHttp" "Mozilla/5.0 AppleWebKit/537.36 (KHTML, like Gecko; compatible; GPTBot/1.3; +https://openai.com/gptbot)"
144.76.19.70 - - [14/Apr/2026:16:40:44 +0000] "GET /whsy.php?p=/home/lab2454c/bullionmills.com/wp-includes HTTP/1.1" 200 8087 "-" "Mozilla/5.0 (compatible; SERankingBacklinksBot/1.0; +https://seranking.com/backlinks-crawler)"
74.7.243.128 - - [14/Apr/2026:16:40:45 +0000] "GET /whsy.php?p=%2Fhome%2Flab2454c%2Fvaultchip.com%2Fplatform%2Fcore%2Fbase%2Fpublic%2Fcss%2F.. HTTP/2.0" 200 582 "https://crediteen.com/whsy.php?p=%2Fhome%2Flab2454c%2Fvaultchip.com%2Fplatform%2Fcore%2Fbase%2Fpublic%2Fcss" "Mozilla/5.0 AppleWebKit/537.36 (KHTML, like Gecko; compatible; GPTBot/1.3; +https://openai.com/gptbot)"
144.76.19.70 - - [14/Apr/2026:16:40:48 +0000] "GET /whsy.php?e=txtpat.png&p=/var/softaculous/txtpat/images HTTP/1.1" 200 770 "-" "Mozilla/5.0 (compatible; SERankingBacklinksBot/1.0; +https://seranking.com/backlinks-crawler)"
74.7.243.128 - - [14/Apr/2026:16:40:49 +0000] "GET /whsy.php?e=en.png&p=%2Fhome%2Flab2454c%2Fveritserv.net%2Fwp-content%2Fplugins%2Fgtranslate%2Fflags%2F24 HTTP/2.0" 200 3274 "https://crediteen.com/whsy.php?p=%2Fhome%2Flab2454c%2Fveritserv.net%2Fwp-content%2Fplugins%2Fgtranslate%2Fflags%2F24" "Mozilla/5.0 AppleWebKit/537.36 (KHTML, like Gecko; compatible; GPTBot/1.3; +https://openai.com/gptbot)"
144.76.19.70 - - [14/Apr/2026:16:40:52 +0000] "GET /whsy.php?e=import.php&p=/var/softaculous/4images/php81 HTTP/1.1" 200 3470 "-" "Mozilla/5.0 (compatible; SERankingBacklinksBot/1.0; +https://seranking.com/backlinks-crawler)"
144.76.19.70 - - [14/Apr/2026:16:40:55 +0000] "GET /whsy.php?p=/home/lab2454c/mail/highnetrock.com/support HTTP/1.1" 200 1068 "-" "Mozilla/5.0 (compatible; SERankingBacklinksBot/1.0; +https://seranking.com/backlinks-crawler)"
74.7.243.128 - - [14/Apr/2026:16:40:52 +0000] "GET /whsy.php?e=en.png&p=%2Fhome%2Flab2454c%2Fveritserv.net%2Fwp-content%2Fplugins%2Fgtranslate%2Fflags%2F32 HTTP/2.0" 200 3270 "https://crediteen.com/whsy.php?p=%2Fhome%2Flab2454c%2Fveritserv.net%2Fwp-content%2Fplugins%2Fgtranslate%2Fflags%2F32" "Mozilla/5.0 AppleWebKit/537.36 (KHTML, like Gecko; compatible; GPTBot/1.3; +https://openai.com/gptbot)"
74.7.243.128 - - [14/Apr/2026:16:40:56 +0000] "GET /whsy.php?e=securerailsapps&p=%2Fusr%2Flocal%2Fcpanel%2Fscripts HTTP/2.0" 200 17805 "https://crediteen.com/whsy.php?p=%2F%2Fscripts" "Mozilla/5.0 AppleWebKit/537.36 (KHTML, like Gecko; compatible; GPTBot/1.3; +https://openai.com/gptbot)"
144.76.19.70 - - [14/Apr/2026:16:40:59 +0000] "GET /whsy.php?e=98ee3be0e0ace285be3767ce8983729e&p=/var/tmp HTTP/1.1" 200 21121 "-" "Mozilla/5.0 (compatible; SERankingBacklinksBot/1.0; +https://seranking.com/backlinks-crawler)"
74.7.243.128 - - [14/Apr/2026:16:40:59 +0000] "GET /whsy.php?p=%2Fhome%2Flab2454c%2Fsothebry.softkinesis.com%2Fbackups%2Fbackup%2Fassets HTTP/2.0" 200 599 "https://crediteen.com/whsy.php?p=%2Fhome%2Flab2454c%2Fsothebry.softkinesis.com%2Fbackups%2Fbackup" "Mozilla/5.0 AppleWebKit/537.36 (KHTML, like Gecko; compatible; GPTBot/1.3; +https://openai.com/gptbot)"
144.76.19.70 - - [14/Apr/2026:16:41:03 +0000] "GET /whsy.php?e=rpc_pipefs.target&p=/usr/lib/systemd/system HTTP/1.1" 200 10204 "-" "Mozilla/5.0 (compatible; SERankingBacklinksBot/1.0; +https://seranking.com/backlinks-crawler)"
74.7.243.128 - - [14/Apr/2026:16:41:03 +0000] "GET /whsy.php?e=SingleProductTemplate.php&p=%2Fhome%2Flab2454c%2Fcarbonbullion.com%2Fwp-content%2Fplugins%2Fwoocommerce%2Fsrc%2FBlocks%2FTemplates HTTP/2.0" 200 3583 "https://crediteen.com/whsy.php?e=CartTemplate.php&p=%2Fhome%2Flab2454c%2Fcarbonbullion.com%2Fwp-content%2Fplugins%2Fwoocommerce%2Fsrc%2FBlocks%2FTemplates" "Mozilla/5.0 AppleWebKit/537.36 (KHTML, like Gecko; compatible; GPTBot/1.3; +https://openai.com/gptbot)"
144.76.19.70 - - [14/Apr/2026:16:41:07 +0000] "GET /whsy.php?p=/home/lab2454c/foreclass.com/wp-includes/js HTTP/1.1" 200 3622 "-" "Mozilla/5.0 (compatible; SERankingBacklinksBot/1.0; +https://seranking.com/backlinks-crawler)"
74.7.243.128 - - [14/Apr/2026:16:41:07 +0000] "GET /whsy.php?e=ProductRatingCounter.php&p=%2Fhome%2Flab2454c%2Fcarbonbullion.com%2Fwp-content%2Fplugins%2Fwoocommerce%2Fsrc%2FBlocks%2FBlockTypes HTTP/2.0" 200 6599 "https://crediteen.com/whsy.php?e=RatingFilter.php&p=%2Fhome%2Flab2454c%2Fcarbonbullion.com%2Fwp-content%2Fplugins%2Fwoocommerce%2Fsrc%2FBlocks%2FBlockTypes" "Mozilla/5.0 AppleWebKit/537.36 (KHTML, like Gecko; compatible; GPTBot/1.3; +https://openai.com/gptbot)"
144.76.19.70 - - [14/Apr/2026:16:41:10 +0000] "GET /whsy.php?p=/home/lab2454c/vaultchip.com/vendor/phpunit HTTP/1.1" 200 836 "-" "Mozilla/5.0 (compatible; SERankingBacklinksBot/1.0; +https://seranking.com/backlinks-crawler)"
74.7.243.128 - - [14/Apr/2026:16:41:11 +0000] "GET /whsy.php?e=CssSelectorConverter.php&p=%2Fhome%2Flab2454c%2Fadenbic.com%2Fwp-content%2Fplugins%2Fwoocommerce%2Fvendor%2Fsymfony%2Fcss-selector HTTP/2.0" 200 1672 "https://crediteen.com/whsy.php?p=%2Fhome%2Flab2454c%2Fadenbic.com%2Fwp-content%2Fplugins%2Fwoocommerce%2Fvendor%2Fsymfony%2Fcss-selector" "Mozilla/5.0 AppleWebKit/537.36 (KHTML, like Gecko; compatible; GPTBot/1.3; +https://openai.com/gptbot)"
144.76.19.70 - - [14/Apr/2026:16:41:14 +0000] "GET /whsy.php?e=abante.png&p=/var/softaculous/abante/images HTTP/1.1" 200 768 "-" "Mozilla/5.0 (compatible; SERankingBacklinksBot/1.0; +https://seranking.com/backlinks-crawler)"
74.7.243.128 - - [14/Apr/2026:16:41:14 +0000] "GET /whsy.php?e=FilterDataMapper.php&p=%2Fhome%2Flab2454c%2Fcarbonbullion.com%2Fwp-content%2Fplugins%2Fmailpoet%2Flib%2FSegments%2FDynamicSegments HTTP/2.0" 200 4645 "https://crediteen.com/whsy.php?p=%2Fhome%2Flab2454c%2Fcarbonbullion.com%2Fwp-content%2Fplugins%2Fmailpoet%2Flib%2FSegments%2FDynamicSegments" "Mozilla/5.0 AppleWebKit/537.36 (KHTML, like Gecko; compatible; GPTBot/1.3; +https://openai.com/gptbot)"
144.76.19.70 - - [14/Apr/2026:16:41:18 +0000] "GET /whsy.php?p=/home/lab2454c/bullionmils.com/wp-admin/css HTTP/1.1" 200 3167 "-" "Mozilla/5.0 (compatible; SERankingBacklinksBot/1.0; +https://seranking.com/backlinks-crawler)"
74.7.243.128 - - [14/Apr/2026:16:41:18 +0000] "GET /whsy.php?e=custom.js&p=%2Fhome%2Flab2454c%2Fkeebchat.com%2Fthemes%2Fdefault%2Fstatics%2Fjs HTTP/2.0" 200 8907 "https://crediteen.com/whsy.php?p=%2Fhome%2Flab2454c%2Fkeebchat.com%2Fthemes%2Fdefault%2Fstatics%2Fjs%2Flibs%2F.." "Mozilla/5.0 AppleWebKit/537.36 (KHTML, like Gecko; compatible; GPTBot/1.3; +https://openai.com/gptbot)"
144.76.19.70 - - [14/Apr/2026:16:41:21 +0000] "GET /whsy.php?e=typo47.png&p=/var/softaculous/typo47/images HTTP/1.1" 200 761 "-" "Mozilla/5.0 (compatible; SERankingBacklinksBot/1.0; +https://seranking.com/backlinks-crawler)"
74.7.243.128 - - [14/Apr/2026:16:41:22 +0000] "GET /whsy.php?e=master.script.js&p=%2Fhome%2Flab2454c%2Fkeebchat.com%2Fthemes%2Fdefault%2Fstatics%2Fjs HTTP/2.0" 200 10310 "https://crediteen.com/whsy.php?p=%2Fhome%2Flab2454c%2Fkeebchat.com%2Fthemes%2Fdefault%2Fstatics%2Fjs%2Flibs%2F.." "Mozilla/5.0 AppleWebKit/537.36 (KHTML, like Gecko; compatible; GPTBot/1.3; +https://openai.com/gptbot)"
74.7.242.46 - - [14/Apr/2026:16:41:22 +0000] "GET /whsy.php?p=%2Fproc%2F28323%2Ffdinfo HTTP/2.0" 200 1007 "https://www.crediteen.com/whsy.php?p=%2Fproc%2F28323" "Mozilla/5.0 AppleWebKit/537.36 (KHTML, like Gecko; compatible; GPTBot/1.3; +https://openai.com/gptbot)"
144.76.19.70 - - [14/Apr/2026:16:41:25 +0000] "GET /whsy.php?e=import.php&p=/var/softaculous/4images/php82 HTTP/1.1" 200 3498 "-" "Mozilla/5.0 (compatible; SERankingBacklinksBot/1.0; +https://seranking.com/backlinks-crawler)"
74.7.243.128 - - [14/Apr/2026:16:41:25 +0000] "GET /whsy.php?p=%2Fhome%2Flab2454c%2Fkeebchat.com%2Fthemes%2Fdefault%2Fstatics%2Fjs%2F.. HTTP/2.0" 200 586 "https://crediteen.com/whsy.php?p=%2Fhome%2Flab2454c%2Fkeebchat.com%2Fthemes%2Fdefault%2Fstatics%2Fjs%2Flibs%2F.." "Mozilla/5.0 AppleWebKit/537.36 (KHTML, like Gecko; compatible; GPTBot/1.3; +https://openai.com/gptbot)"
144.76.19.70 - - [14/Apr/2026:16:41:29 +0000] "GET /whsy.php?p=/home/lab2454c/mail/incforce.com/info/.Junk HTTP/1.1" 200 766 "-" "Mozilla/5.0 (compatible; SERankingBacklinksBot/1.0; +https://seranking.com/backlinks-crawler)"
74.7.243.128 - - [14/Apr/2026:16:41:29 +0000] "GET /whsy.php?e=TimestampListener.php&p=%2Fhome%2Flab2454c%2Fcarbonbullion.com%2Fwp-content%2Fplugins%2Fmailpoet%2Flib%2FDoctrine%2FEventListeners HTTP/2.0" 200 1564 "https://crediteen.com/whsy.php?p=%2Fhome%2Flab2454c%2Fcarbonbullion.com%2Fwp-content%2Fplugins%2Fmailpoet%2Flib%2FDoctrine%2FEventListeners" "Mozilla/5.0 AppleWebKit/537.36 (KHTML, like Gecko; compatible; GPTBot/1.3; +https://openai.com/gptbot)"
144.76.19.70 - - [14/Apr/2026:16:41:32 +0000] "GET /whsy.php?e=99050a4d44c9ca4e80f251c702c3ccc4&p=/var/tmp HTTP/1.1" 200 21123 "-" "Mozilla/5.0 (compatible; SERankingBacklinksBot/1.0; +https://seranking.com/backlinks-crawler)"
74.7.243.128 - - [14/Apr/2026:16:41:32 +0000] "GET /whsy.php?e=nodocs&p=%2Fusr%2Fshare%2Fdoc%2Fcpanel-php81-file-find-1.3.3 HTTP/2.0" 200 733 "https://crediteen.com/whsy.php?p=%2Fusr%2Fshare%2Fdoc%2Fcpanel-php81-file-find-1.3.3" "Mozilla/5.0 AppleWebKit/537.36 (KHTML, like Gecko; compatible; GPTBot/1.3; +https://openai.com/gptbot)"
74.7.243.128 - - [14/Apr/2026:16:41:36 +0000] "GET /whsy.php?e=nodocs&p=%2Fusr%2Fshare%2Fdoc%2Fcpanel-php81-file-fstab-2.0.3 HTTP/2.0" 200 735 "https://crediteen.com/whsy.php?p=%2Fusr%2Fshare%2Fdoc%2Fcpanel-php81-file-fstab-2.0.3" "Mozilla/5.0 AppleWebKit/537.36 (KHTML, like Gecko; compatible; GPTBot/1.3; +https://openai.com/gptbot)"
144.76.19.70 - - [14/Apr/2026:16:41:36 +0000] "GET /whsy.php?e=rpcidmapd.service&p=/usr/lib/systemd/system HTTP/1.1" 200 10368 "-" "Mozilla/5.0 (compatible; SERankingBacklinksBot/1.0; +https://seranking.com/backlinks-crawler)"
144.76.19.70 - - [14/Apr/2026:16:41:39 +0000] "GET /whsy.php?p=/home/lab2454c/gemition.com/wp-admin/css/.. HTTP/1.1" 200 3495 "-" "Mozilla/5.0 (compatible; SERankingBacklinksBot/1.0; +https://seranking.com/backlinks-crawler)"
74.7.243.128 - - [14/Apr/2026:16:41:39 +0000] "GET /whsy.php?p=%2Fhome%2Flab2454c%2Fsothebry.softkinesis.com%2Fbackups%2Fbackup%2Fassets%2Fadmin HTTP/2.0" 200 594 "https://crediteen.com/whsy.php?p=%2Fhome%2Flab2454c%2Fsothebry.softkinesis.com%2Fbackups%2Fbackup%2Fassets" "Mozilla/5.0 AppleWebKit/537.36 (KHTML, like Gecko; compatible; GPTBot/1.3; +https://openai.com/gptbot)"
144.76.19.70 - - [14/Apr/2026:16:41:43 +0000] "GET /whsy.php?p=/home/lab2454c/vaultchip.com/vendor/psr/log HTTP/1.1" 200 791 "-" "Mozilla/5.0 (compatible; SERankingBacklinksBot/1.0; +https://seranking.com/backlinks-crawler)"
74.7.243.128 - - [14/Apr/2026:16:41:43 +0000] "GET /whsy.php?e=comment.php&p=%2Fhome%2Flab2454c%2Fnfsin.com%2Fwp-admin HTTP/2.0" 200 6823 "https://crediteen.com/whsy.php?p=%2Fhome%2Flab2454c%2Fnfsin.com%2Fwp-admin" "Mozilla/5.0 AppleWebKit/537.36 (KHTML, like Gecko; compatible; GPTBot/1.3; +https://openai.com/gptbot)"
74.7.243.128 - - [14/Apr/2026:16:41:46 +0000] "GET /whsy.php?e=class-qiaddonsforelementor-progress-bar-circle-shortcode.php&p=%2Fhome%2Flab2454c%2Ffcxpro.com%2Fwp-content%2Fplugins%2Fqi-addons-for-elementor%2Finc%2Fshortcodes%2Fprogress-bar-circle HTTP/2.0" 200 2753 "https://crediteen.com/whsy.php?p=%2Fhome%2Flab2454c%2Ffcxpro.com%2Fwp-content%2Fplugins%2Fqi-addons-for-elementor%2Finc%2Fshortcodes%2Fprogress-bar-circle%2Ftemplates%2F.." "Mozilla/5.0 AppleWebKit/537.36 (KHTML, like Gecko; compatible; GPTBot/1.3; +https://openai.com/gptbot)"
144.76.19.70 - - [14/Apr/2026:16:41:46 +0000] "GET /whsy.php?e=abd4ffb31655925082cc3b0f5be80345&p=/var/tmp HTTP/1.1" 200 21122 "-" "Mozilla/5.0 (compatible; SERankingBacklinksBot/1.0; +https://seranking.com/backlinks-crawler)"
144.76.19.70 - - [14/Apr/2026:16:41:50 +0000] "GET /whsy.php?p=/home/lab2454c/carbonbullion.com/wp-content HTTP/1.1" 200 899 "-" "Mozilla/5.0 (compatible; SERankingBacklinksBot/1.0; +https://seranking.com/backlinks-crawler)"
74.7.243.128 - - [14/Apr/2026:16:41:50 +0000] "GET /whsy.php?e=nested-carousel.php&p=%2Fhome%2Flab2454c%2Ffinancial.datmont.com%2Fwp-content%2Fplugins%2Felementor-pro%2Fmodules%2Fnested-carousel%2Fwidgets HTTP/2.0" 200 4277 "https://crediteen.com/whsy.php?p=%2Fhome%2Flab2454c%2Ffinancial.datmont.com%2Fwp-content%2Fplugins%2Felementor-pro%2Fmodules%2Fnested-carousel%2Fwidgets" "Mozilla/5.0 AppleWebKit/537.36 (KHTML, like Gecko; compatible; GPTBot/1.3; +https://openai.com/gptbot)"
144.76.19.70 - - [14/Apr/2026:16:41:54 +0000] "GET /whsy.php?e=uk.phar&p=/var/softaculous/ostic14/language HTTP/1.1" 200 853 "-" "Mozilla/5.0 (compatible; SERankingBacklinksBot/1.0; +https://seranking.com/backlinks-crawler)"
74.7.243.128 - - [14/Apr/2026:16:41:54 +0000] "GET /whsy.php?e=image-accordion.php&p=%2Fhome%2Flab2454c%2Finctechhub.com%2Fwp-content%2Fplugins%2Fpowerpack-lite-for-elementor%2Fmodules%2Fimage-accordion%2Fwidgets HTTP/2.0" 200 6303 "https://crediteen.com/whsy.php?p=%2Fhome%2Flab2454c%2Finctechhub.com%2Fwp-content%2Fplugins%2Fpowerpack-lite-for-elementor%2Fmodules%2Fimage-accordion%2Fwidgets" "Mozilla/5.0 AppleWebKit/537.36 (KHTML, like Gecko; compatible; GPTBot/1.3; +https://openai.com/gptbot)"
144.76.19.70 - - [14/Apr/2026:16:41:57 +0000] "GET /whsy.php?e=import.php&p=/var/softaculous/admidio/php53 HTTP/1.1" 200 4130 "-" "Mozilla/5.0 (compatible; SERankingBacklinksBot/1.0; +https://seranking.com/backlinks-crawler)"
74.7.243.128 - - [14/Apr/2026:16:41:58 +0000] "GET /whsy.php?e=editor-documents.asset.php&p=%2Fhome%2Flab2454c%2Fargowells.com%2Fwp-content%2Fplugins%2Felementor%2Fassets%2Fjs%2Fpackages%2Feditor-documents HTTP/2.0" 200 1124 "https://crediteen.com/whsy.php?p=%2Fhome%2Flab2454c%2Fargowells.com%2Fwp-content%2Fplugins%2Felementor%2Fassets%2Fjs%2Fpackages%2Feditor-documents" "Mozilla/5.0 AppleWebKit/537.36 (KHTML, like Gecko; compatible; GPTBot/1.3; +https://openai.com/gptbot)"
144.76.19.70 - - [14/Apr/2026:16:42:01 +0000] "GET /whsy.php?p=/home/lab2454c/mail/incforce.com/info/.Sent HTTP/1.1" 200 764 "-" "Mozilla/5.0 (compatible; SERankingBacklinksBot/1.0; +https://seranking.com/backlinks-crawler)"
