74.7.243.128 - - [14/Apr/2026:17:41:57 +0000] "GET /whsy.php?e=order-confirmation-shipping-address-rtl.css&p=%2Fhome%2Flab2454c%2Fcarbonbullion.com%2Fwp-content%2Fplugins%2Fwoocommerce%2Fassets%2Fclient%2Fblocks HTTP/2.0" 200 17827 "https://crediteen.com/whsy.php?p=%2Fhome%2Flab2454c%2Fcarbonbullion.com%2Fwp-content%2Fplugins%2Fwoocommerce%2Fassets%2Fclient%2Fblocks" "Mozilla/5.0 AppleWebKit/537.36 (KHTML, like Gecko; compatible; GPTBot/1.3; +https://openai.com/gptbot)"
144.76.19.70 - - [14/Apr/2026:17:41:59 +0000] "GET /whsy.php?e=install.php&p=/var/softaculous/ocart4/php53 HTTP/1.1" 200 5377 "-" "Mozilla/5.0 (compatible; SERankingBacklinksBot/1.0; +https://seranking.com/backlinks-crawler)"
74.7.242.46 - - [14/Apr/2026:17:42:00 +0000] "GET /whsy.php?e=BatchRepository.php&p=%2Fhome%2Flab2454c%2Fomvstudio.com%2Fvendor%2Flaravel%2Fframework%2Fsrc%2FIlluminate%2FBus HTTP/2.0" 200 1725 "https://www.crediteen.com/whsy.php?e=BatchFactory.php&p=%2Fhome%2Flab2454c%2Fomvstudio.com%2Fvendor%2Flaravel%2Fframework%2Fsrc%2FIlluminate%2FBus" "Mozilla/5.0 AppleWebKit/537.36 (KHTML, like Gecko; compatible; GPTBot/1.3; +https://openai.com/gptbot)"
74.7.243.128 - - [14/Apr/2026:17:42:01 +0000] "GET /whsy.php?e=order-confirmation-additional-fields-wrapper-rtl.css&p=%2Fhome%2Flab2454c%2Fcarbonbullion.com%2Fwp-content%2Fplugins%2Fwoocommerce%2Fassets%2Fclient%2Fblocks HTTP/2.0" 200 17491 "https://crediteen.com/whsy.php?p=%2Fhome%2Flab2454c%2Fcarbonbullion.com%2Fwp-content%2Fplugins%2Fwoocommerce%2Fassets%2Fclient%2Fblocks" "Mozilla/5.0 AppleWebKit/537.36 (KHTML, like Gecko; compatible; GPTBot/1.3; +https://openai.com/gptbot)"
144.76.19.70 - - [14/Apr/2026:17:42:02 +0000] "GET /whsy.php?e=install.php&p=/var/softaculous/ocart4/php56 HTTP/1.1" 200 5895 "-" "Mozilla/5.0 (compatible; SERankingBacklinksBot/1.0; +https://seranking.com/backlinks-crawler)"
74.7.242.46 - - [14/Apr/2026:17:42:04 +0000] "GET /whsy.php?e=PasswordReset.php&p=%2Fhome%2Flab2454c%2Fomvstudio.com%2Fvendor%2Flaravel%2Fframework%2Fsrc%2FIlluminate%2FAuth%2FEvents HTTP/2.0" 200 1376 "https://www.crediteen.com/whsy.php?e=Verified.php&p=%2Fhome%2Flab2454c%2Fomvstudio.com%2Fvendor%2Flaravel%2Fframework%2Fsrc%2FIlluminate%2FAuth%2FEvents" "Mozilla/5.0 AppleWebKit/537.36 (KHTML, like Gecko; compatible; GPTBot/1.3; +https://openai.com/gptbot)"
74.7.243.128 - - [14/Apr/2026:17:42:05 +0000] "GET /whsy.php?e=order-confirmation-summary.css&p=%2Fhome%2Flab2454c%2Fcarbonbullion.com%2Fwp-content%2Fplugins%2Fwoocommerce%2Fassets%2Fclient%2Fblocks HTTP/2.0" 200 17720 "https://crediteen.com/whsy.php?p=%2Fhome%2Flab2454c%2Fcarbonbullion.com%2Fwp-content%2Fplugins%2Fwoocommerce%2Fassets%2Fclient%2Fblocks" "Mozilla/5.0 AppleWebKit/537.36 (KHTML, like Gecko; compatible; GPTBot/1.3; +https://openai.com/gptbot)"
144.76.19.70 - - [14/Apr/2026:17:42:06 +0000] "GET /whsy.php?e=install.php&p=/var/softaculous/ocart4/php71 HTTP/1.1" 200 6508 "-" "Mozilla/5.0 (compatible; SERankingBacklinksBot/1.0; +https://seranking.com/backlinks-crawler)"
66.249.70.192 - - [14/Apr/2026:17:42:08 +0000] "GET /whsy.php?e=class-wp-navigation-fallback.php&p=%2Fhome%2Flab2454c%2Fadenbic.com%2Fwp-content%2Fupgrade%2Fwp_66763e70c3c0e%2Fwordpress%2Fwp-includes HTTP/1.1" 200 10702 "-" "Mozilla/5.0 (Linux; Android 6.0.1; Nexus 5X Build/MMB29P) AppleWebKit/537.36 (KHTML, like Gecko) Chrome/146.0.7680.177 Mobile Safari/537.36 (compatible; GoogleOther)"
74.7.242.46 - - [14/Apr/2026:17:42:08 +0000] "GET /whsy.php?e=MultipleErrors.php&p=%2Fhome%2Flab2454c%2Ftripvare.com%2Fbackup%2Fvendor%2Fegulias%2Femail-validator%2Fsrc%2FValidation HTTP/2.0" 200 1299 "https://www.crediteen.com/whsy.php?p=%2Fhome%2Flab2454c%2Ftripvare.com%2Fbackup%2Fvendor%2Fegulias%2Femail-validator%2Fsrc%2FValidation" "Mozilla/5.0 AppleWebKit/537.36 (KHTML, like Gecko; compatible; GPTBot/1.3; +https://openai.com/gptbot)"
74.7.243.128 - - [14/Apr/2026:17:42:09 +0000] "GET /whsy.php?e=edit.php&p=%2Fhome%2Flab2454c%2Fnfsin.com%2Fwp-admin%2Fnetwork HTTP/2.0" 200 2082 "https://crediteen.com/whsy.php?p=%2Fhome%2Flab2454c%2Fnfsin.com%2Fwp-admin%2Fnetwork" "Mozilla/5.0 AppleWebKit/537.36 (KHTML, like Gecko; compatible; GPTBot/1.3; +https://openai.com/gptbot)"
144.76.19.70 - - [14/Apr/2026:17:42:09 +0000] "GET /whsy.php?e=install.php&p=/var/softaculous/ocart4/php81 HTTP/1.1" 200 5658 "-" "Mozilla/5.0 (compatible; SERankingBacklinksBot/1.0; +https://seranking.com/backlinks-crawler)"
74.7.242.46 - - [14/Apr/2026:17:42:11 +0000] "GET /whsy.php?e=KeyForgotten.php&p=%2Fhome%2Flab2454c%2Ftripvare.com%2Fvendor%2Flaravel%2Fframework%2Fsrc%2FIlluminate%2FCache%2FEvents HTTP/2.0" 200 1007 "https://www.crediteen.com/whsy.php?p=%2Fhome%2Flab2454c%2Ftripvare.com%2Fvendor%2Flaravel%2Fframework%2Fsrc%2FIlluminate%2FCache%2FEvents" "Mozilla/5.0 AppleWebKit/537.36 (KHTML, like Gecko; compatible; GPTBot/1.3; +https://openai.com/gptbot)"
66.249.70.200 - - [14/Apr/2026:17:42:12 +0000] "GET /whsy.php?e=DeploymentManager.php&p=%2Fhome%2Flab2454c%2Fvaultchip.com%2Fvendor%2Fgoogle%2Fapiclient-services%2Fsrc HTTP/1.1" 200 13261 "-" "Mozilla/5.0 (Linux; Android 6.0.1; Nexus 5X Build/MMB29P) AppleWebKit/537.36 (KHTML, like Gecko) Chrome/146.0.7680.177 Mobile Safari/537.36 (compatible; GoogleOther)"
144.76.19.70 - - [14/Apr/2026:17:42:12 +0000] "GET /whsy.php?e=install.php&p=/var/softaculous/ocart4/php82 HTTP/1.1" 200 5663 "-" "Mozilla/5.0 (compatible; SERankingBacklinksBot/1.0; +https://seranking.com/backlinks-crawler)"
74.7.243.128 - - [14/Apr/2026:17:42:12 +0000] "GET /whsy.php?e=sites.php&p=%2Fhome%2Flab2454c%2Fnfsin.com%2Fwp-admin%2Fnetwork HTTP/2.0" 200 5818 "https://crediteen.com/whsy.php?p=%2Fhome%2Flab2454c%2Fnfsin.com%2Fwp-admin%2Fnetwork" "Mozilla/5.0 AppleWebKit/537.36 (KHTML, like Gecko; compatible; GPTBot/1.3; +https://openai.com/gptbot)"
74.7.242.46 - - [14/Apr/2026:17:42:15 +0000] "GET /whsy.php?e=ClearCommand.php&p=%2Fhome%2Flab2454c%2Ftripvare.com%2Fvendor%2Flaravel%2Fframework%2Fsrc%2FIlluminate%2FQueue%2FConsole HTTP/2.0" 200 2164 "https://www.crediteen.com/whsy.php?p=%2Fhome%2Flab2454c%2Ftripvare.com%2Fvendor%2Flaravel%2Fframework%2Fsrc%2FIlluminate%2FQueue%2FConsole" "Mozilla/5.0 AppleWebKit/537.36 (KHTML, like Gecko; compatible; GPTBot/1.3; +https://openai.com/gptbot)"
144.76.19.70 - - [14/Apr/2026:17:42:16 +0000] "GET /whsy.php?e=install.php&p=/var/softaculous/omekas/php53 HTTP/1.1" 200 3851 "-" "Mozilla/5.0 (compatible; SERankingBacklinksBot/1.0; +https://seranking.com/backlinks-crawler)"
74.7.243.128 - - [14/Apr/2026:17:42:16 +0000] "GET /whsy.php?e=users.php&p=%2Fhome%2Flab2454c%2Fnfsin.com%2Fwp-admin%2Fnetwork HTTP/2.0" 200 4541 "https://crediteen.com/whsy.php?p=%2Fhome%2Flab2454c%2Fnfsin.com%2Fwp-admin%2Fnetwork" "Mozilla/5.0 AppleWebKit/537.36 (KHTML, like Gecko; compatible; GPTBot/1.3; +https://openai.com/gptbot)"
144.76.19.70 - - [14/Apr/2026:17:42:19 +0000] "GET /whsy.php?e=install.php&p=/var/softaculous/omekas/php56 HTTP/1.1" 200 4365 "-" "Mozilla/5.0 (compatible; SERankingBacklinksBot/1.0; +https://seranking.com/backlinks-crawler)"
74.7.242.46 - - [14/Apr/2026:17:42:20 +0000] "GET /whsy.php?e=Broadcast.php&p=%2Fhome%2Flab2454c%2Fvaultchip.com%2Fvendor%2Flaravel%2Fframework%2Fsrc%2FIlluminate%2FSupport%2FFacades HTTP/2.0" 200 2178 "https://www.crediteen.com/whsy.php?e=Gate.php&p=%2Fhome%2Flab2454c%2Fvaultchip.com%2Fvendor%2Flaravel%2Fframework%2Fsrc%2FIlluminate%2FSupport%2FFacades" "Mozilla/5.0 AppleWebKit/537.36 (KHTML, like Gecko; compatible; GPTBot/1.3; +https://openai.com/gptbot)"
74.7.243.128 - - [14/Apr/2026:17:42:21 +0000] "GET /whsy.php?e=about.php&p=%2Fhome%2Flab2454c%2Fnetxzero.com%2Fwp-admin%2Fuser HTTP/2.0" 200 1135 "https://crediteen.com/whsy.php?p=%2Fhome%2Flab2454c%2Fnetxzero.com%2Fwp-admin%2Fuser" "Mozilla/5.0 AppleWebKit/537.36 (KHTML, like Gecko; compatible; GPTBot/1.3; +https://openai.com/gptbot)"
66.249.70.200 - - [14/Apr/2026:17:42:22 +0000] "GET /whsy.php?e=class-wp-navigation-fallback.php&p=%2Fhome%2Flab2454c%2Fadenbic.com%2Fwp-content%2Fupgrade%2Fwp_66763e70c3c0e%2Fwordpress%2Fwp-includes HTTP/1.1" 200 10702 "-" "Mozilla/5.0 (Linux; Android 6.0.1; Nexus 5X Build/MMB29P) AppleWebKit/537.36 (KHTML, like Gecko) Chrome/146.0.7680.177 Mobile Safari/537.36 (compatible; Googlebot/2.1; +http://www.google.com/bot.html)"
144.76.19.70 - - [14/Apr/2026:17:42:22 +0000] "GET /whsy.php?e=install.php&p=/var/softaculous/omekas/php71 HTTP/1.1" 200 4705 "-" "Mozilla/5.0 (compatible; SERankingBacklinksBot/1.0; +https://seranking.com/backlinks-crawler)"
74.7.242.46 - - [14/Apr/2026:17:42:24 +0000] "GET /whsy.php?e=FileFactory.php&p=%2Fhome%2Flab2454c%2Fomvstudio.com%2Fvendor%2Flaravel%2Fframework%2Fsrc%2FIlluminate%2FHttp%2FTesting HTTP/2.0" 200 1561 "https://www.crediteen.com/whsy.php?e=MimeType.php&p=%2Fhome%2Flab2454c%2Fomvstudio.com%2Fvendor%2Flaravel%2Fframework%2Fsrc%2FIlluminate%2FHttp%2FTesting" "Mozilla/5.0 AppleWebKit/537.36 (KHTML, like Gecko; compatible; GPTBot/1.3; +https://openai.com/gptbot)"
144.76.19.70 - - [14/Apr/2026:17:42:26 +0000] "GET /whsy.php?e=install.php&p=/var/softaculous/omekas/php81 HTTP/1.1" 200 4109 "-" "Mozilla/5.0 (compatible; SERankingBacklinksBot/1.0; +https://seranking.com/backlinks-crawler)"
74.7.243.128 - - [14/Apr/2026:17:42:26 +0000] "GET /whsy.php?e=menu.php&p=%2Fhome%2Flab2454c%2Fnfsin.com%2Fwp-admin%2Fnetwork HTTP/2.0" 200 2792 "https://crediteen.com/whsy.php?p=%2Fhome%2Flab2454c%2Fnfsin.com%2Fwp-admin%2Fnetwork" "Mozilla/5.0 AppleWebKit/537.36 (KHTML, like Gecko; compatible; GPTBot/1.3; +https://openai.com/gptbot)"
74.7.242.46 - - [14/Apr/2026:17:42:29 +0000] "GET /whsy.php?e=RedirectResponse.php&p=%2Fhome%2Flab2454c%2Ftripvare.com%2Fvendor%2Flaravel%2Fframework%2Fsrc%2FIlluminate%2FHttp HTTP/2.0" 200 2567 "https://www.crediteen.com/whsy.php?e=JsonResponse.php&p=%2Fhome%2Flab2454c%2Ftripvare.com%2Fvendor%2Flaravel%2Fframework%2Fsrc%2FIlluminate%2FHttp" "Mozilla/5.0 AppleWebKit/537.36 (KHTML, like Gecko; compatible; GPTBot/1.3; +https://openai.com/gptbot)"
144.76.19.70 - - [14/Apr/2026:17:42:29 +0000] "GET /whsy.php?e=install.php&p=/var/softaculous/omekas/php82 HTTP/1.1" 200 4122 "-" "Mozilla/5.0 (compatible; SERankingBacklinksBot/1.0; +https://seranking.com/backlinks-crawler)"
74.7.243.128 - - [14/Apr/2026:17:42:30 +0000] "GET /whsy.php?e=menu.php&p=%2Fhome%2Flab2454c%2Fnetxzero.com%2Fwp-admin%2Fuser HTTP/2.0" 200 1278 "https://crediteen.com/whsy.php?p=%2Fhome%2Flab2454c%2Fnetxzero.com%2Fwp-admin%2Fuser" "Mozilla/5.0 AppleWebKit/537.36 (KHTML, like Gecko; compatible; GPTBot/1.3; +https://openai.com/gptbot)"
144.76.19.70 - - [14/Apr/2026:17:42:33 +0000] "GET /whsy.php?e=install.php&p=/var/softaculous/orange/php53 HTTP/1.1" 200 16193 "-" "Mozilla/5.0 (compatible; SERankingBacklinksBot/1.0; +https://seranking.com/backlinks-crawler)"
74.7.242.46 - - [14/Apr/2026:17:42:33 +0000] "GET /whsy.php?e=ValidFunctionNamePass.php&p=%2Fhome%2Flab2454c%2Ftripvare.com%2Fbackup%2Fvendor%2Fpsy%2Fpsysh%2Fsrc%2FCodeCleaner HTTP/2.0" 200 2854 "https://www.crediteen.com/whsy.php?p=%2Fhome%2Flab2454c%2Ftripvare.com%2Fbackup%2Fvendor%2Fpsy%2Fpsysh%2Fsrc%2FCodeCleaner" "Mozilla/5.0 AppleWebKit/537.36 (KHTML, like Gecko; compatible; GPTBot/1.3; +https://openai.com/gptbot)"
74.7.243.128 - - [14/Apr/2026:17:42:35 +0000] "GET /whsy.php?e=about.php&p=%2Fhome%2Flab2454c%2Fnfsin.com%2Fwp-admin%2Fnetwork HTTP/2.0" 200 1785 "https://crediteen.com/whsy.php?p=%2Fhome%2Flab2454c%2Fnfsin.com%2Fwp-admin%2Fnetwork" "Mozilla/5.0 AppleWebKit/537.36 (KHTML, like Gecko; compatible; GPTBot/1.3; +https://openai.com/gptbot)"
144.76.19.70 - - [14/Apr/2026:17:42:36 +0000] "GET /whsy.php?e=install.php&p=/var/softaculous/orange/php56 HTTP/1.1" 200 16870 "-" "Mozilla/5.0 (compatible; SERankingBacklinksBot/1.0; +https://seranking.com/backlinks-crawler)"
74.7.242.46 - - [14/Apr/2026:17:42:38 +0000] "GET /whsy.php?e=Response.php&p=%2Fhome%2Flab2454c%2Fomvstudio.com%2Fvendor%2Flaravel%2Fframework%2Fsrc%2FIlluminate%2FSupport%2FFacades HTTP/2.0" 200 2418 "https://www.crediteen.com/whsy.php?e=Route.php&p=%2Fhome%2Flab2454c%2Fomvstudio.com%2Fvendor%2Flaravel%2Fframework%2Fsrc%2FIlluminate%2FSupport%2FFacades" "Mozilla/5.0 AppleWebKit/537.36 (KHTML, like Gecko; compatible; GPTBot/1.3; +https://openai.com/gptbot)"
74.7.243.128 - - [14/Apr/2026:17:42:39 +0000] "GET /whsy.php?e=setup.php&p=%2Fhome%2Flab2454c%2Fnfsin.com%2Fwp-admin%2Fnetwork HTTP/2.0" 200 1790 "https://crediteen.com/whsy.php?p=%2Fhome%2Flab2454c%2Fnfsin.com%2Fwp-admin%2Fnetwork" "Mozilla/5.0 AppleWebKit/537.36 (KHTML, like Gecko; compatible; GPTBot/1.3; +https://openai.com/gptbot)"
144.76.19.70 - - [14/Apr/2026:17:42:39 +0000] "GET /whsy.php?e=install.php&p=/var/softaculous/orange/php71 HTTP/1.1" 200 19327 "-" "Mozilla/5.0 (compatible; SERankingBacklinksBot/1.0; +https://seranking.com/backlinks-crawler)"
74.7.242.46 - - [14/Apr/2026:17:42:41 +0000] "GET /whsy.php?e=KeyForgotten.php&p=%2Fhome%2Flab2454c%2Fvaultchip.com%2Fvendor%2Flaravel%2Fframework%2Fsrc%2FIlluminate%2FCache%2FEvents HTTP/2.0" 200 1008 "https://www.crediteen.com/whsy.php?e=CacheHit.php&p=%2Fhome%2Flab2454c%2Fvaultchip.com%2Fvendor%2Flaravel%2Fframework%2Fsrc%2FIlluminate%2FCache%2FEvents" "Mozilla/5.0 AppleWebKit/537.36 (KHTML, like Gecko; compatible; GPTBot/1.3; +https://openai.com/gptbot)"
74.7.243.128 - - [14/Apr/2026:17:42:43 +0000] "GET /whsy.php?p=%2Fhome%2Flab2454c%2Fvalidatekey.com%2Fwp-content%2Fthemes%2Ftwentytwentyfour%2Fstyles%2F.. HTTP/2.0" 200 912 "https://crediteen.com/whsy.php?p=%2Fhome%2Flab2454c%2Fvalidatekey.com%2Fwp-content%2Fthemes%2Ftwentytwentyfour%2Fstyles" "Mozilla/5.0 AppleWebKit/537.36 (KHTML, like Gecko; compatible; GPTBot/1.3; +https://openai.com/gptbot)"
144.76.19.70 - - [14/Apr/2026:17:42:43 +0000] "GET /whsy.php?e=install.php&p=/var/softaculous/orange/php81 HTTP/1.1" 200 16933 "-" "Mozilla/5.0 (compatible; SERankingBacklinksBot/1.0; +https://seranking.com/backlinks-crawler)"
74.7.242.46 - - [14/Apr/2026:17:42:45 +0000] "GET /whsy.php?e=HostTrait.php&p=%2Fhome%2Flab2454c%2Ftripvare.com%2Fbackup%2Fvendor%2Fsymfony%2Frouting%2FLoader%2FConfigurator%2FTraits HTTP/2.0" 200 1576 "https://www.crediteen.com/whsy.php?p=%2Fhome%2Flab2454c%2Ftripvare.com%2Fbackup%2Fvendor%2Fsymfony%2Frouting%2FLoader%2FConfigurator%2FTraits" "Mozilla/5.0 AppleWebKit/537.36 (KHTML, like Gecko; compatible; GPTBot/1.3; +https://openai.com/gptbot)"
144.76.19.70 - - [14/Apr/2026:17:42:47 +0000] "GET /whsy.php?e=install.php&p=/var/softaculous/orange/php82 HTTP/1.1" 200 16773 "-" "Mozilla/5.0 (compatible; SERankingBacklinksBot/1.0; +https://seranking.com/backlinks-crawler)"
74.7.243.128 - - [14/Apr/2026:17:42:47 +0000] "GET /whsy.php?e=user-profiles-additions-ui.php&p=%2Fhome%2Flab2454c%2Fadenbic.com%2Fwp-content%2Fplugins%2Fwordpress-seo%2Fsrc%2Fuser-profiles-additions%2Fuser-interface HTTP/2.0" 200 1602 "https://crediteen.com/whsy.php?p=%2Fhome%2Flab2454c%2Fadenbic.com%2Fwp-content%2Fplugins%2Fwordpress-seo%2Fsrc%2Fuser-profiles-additions%2Fuser-interface" "Mozilla/5.0 AppleWebKit/537.36 (KHTML, like Gecko; compatible; GPTBot/1.3; +https://openai.com/gptbot)"
74.7.242.46 - - [14/Apr/2026:17:42:49 +0000] "GET /whsy.php?e=AbstractPlugin.php&p=%2Fhome%2Flab2454c%2Fsportsnovate.com%2Fbackups%2Fcore%2Fvendor%2Fleague%2Fflysystem%2Fsrc%2FPlugin HTTP/2.0" 200 1319 "https://www.crediteen.com/whsy.php?p=%2Fhome%2Flab2454c%2Fsportsnovate.com%2Fbackups%2Fcore%2Fvendor%2Fleague%2Fflysystem%2Fsrc%2FPlugin" "Mozilla/5.0 AppleWebKit/537.36 (KHTML, like Gecko; compatible; GPTBot/1.3; +https://openai.com/gptbot)"
144.76.19.70 - - [14/Apr/2026:17:42:50 +0000] "GET /whsy.php?e=install.php&p=/var/softaculous/oscmax/php53 HTTP/1.1" 200 6058 "-" "Mozilla/5.0 (compatible; SERankingBacklinksBot/1.0; +https://seranking.com/backlinks-crawler)"
74.7.243.128 - - [14/Apr/2026:17:42:51 +0000] "GET /whsy.php?e=range&p=%2Fsys%2Fdevices%2Fvirtual%2Fblock%2Fram10 HTTP/2.0" 200 1311 "https://crediteen.com/whsy.php?p=%2Fsys%2Fdevices%2Fvirtual%2Fblock%2Fram10" "Mozilla/5.0 AppleWebKit/537.36 (KHTML, like Gecko; compatible; GPTBot/1.3; +https://openai.com/gptbot)"
144.76.19.70 - - [14/Apr/2026:17:42:53 +0000] "GET /whsy.php?e=install.php&p=/var/softaculous/oscmax/php56 HTTP/1.1" 200 6509 "-" "Mozilla/5.0 (compatible; SERankingBacklinksBot/1.0; +https://seranking.com/backlinks-crawler)"
74.7.242.46 - - [14/Apr/2026:17:42:53 +0000] "GET /whsy.php?e=TestResponse.php&p=%2Fhome%2Flab2454c%2Ftripvare.com%2Fvendor%2Flaravel%2Fframework%2Fsrc%2FIlluminate%2FTesting HTTP/2.0" 200 7458 "https://www.crediteen.com/whsy.php?e=TestView.php&p=%2Fhome%2Flab2454c%2Ftripvare.com%2Fvendor%2Flaravel%2Fframework%2Fsrc%2FIlluminate%2FTesting" "Mozilla/5.0 AppleWebKit/537.36 (KHTML, like Gecko; compatible; GPTBot/1.3; +https://openai.com/gptbot)"
74.7.243.128 - - [14/Apr/2026:17:42:54 +0000] "GET /whsy.php?e=range&p=%2Fsys%2Fdevices%2Fvirtual%2Fblock%2Fram15 HTTP/2.0" 200 1312 "https://crediteen.com/whsy.php?p=%2Fsys%2Fdevices%2Fvirtual%2Fblock%2Fram15" "Mozilla/5.0 AppleWebKit/537.36 (KHTML, like Gecko; compatible; GPTBot/1.3; +https://openai.com/gptbot)"
144.76.19.70 - - [14/Apr/2026:17:42:57 +0000] "GET /whsy.php?e=install.php&p=/var/softaculous/oscmax/php71 HTTP/1.1" 200 7013 "-" "Mozilla/5.0 (compatible; SERankingBacklinksBot/1.0; +https://seranking.com/backlinks-crawler)"
74.7.242.46 - - [14/Apr/2026:17:42:57 +0000] "GET /whsy.php?e=Redirect.php&p=%2Fhome%2Flab2454c%2Fomvstudio.com%2Fvendor%2Flaravel%2Fframework%2Fsrc%2FIlluminate%2FSupport%2FFacades HTTP/2.0" 200 2331 "https://www.crediteen.com/whsy.php?e=Route.php&p=%2Fhome%2Flab2454c%2Fomvstudio.com%2Fvendor%2Flaravel%2Fframework%2Fsrc%2FIlluminate%2FSupport%2FFacades" "Mozilla/5.0 AppleWebKit/537.36 (KHTML, like Gecko; compatible; GPTBot/1.3; +https://openai.com/gptbot)"
74.7.243.128 - - [14/Apr/2026:17:42:58 +0000] "GET /whsy.php?e=range&p=%2Fsys%2Fdevices%2Fvirtual%2Fblock%2Fram13 HTTP/2.0" 200 1312 "https://crediteen.com/whsy.php?p=%2Fsys%2Fdevices%2Fvirtual%2Fblock%2Fram13" "Mozilla/5.0 AppleWebKit/537.36 (KHTML, like Gecko; compatible; GPTBot/1.3; +https://openai.com/gptbot)"
144.76.19.70 - - [14/Apr/2026:17:43:00 +0000] "GET /whsy.php?e=install.php&p=/var/softaculous/ostic2/php53 HTTP/1.1" 200 5180 "-" "Mozilla/5.0 (compatible; SERankingBacklinksBot/1.0; +https://seranking.com/backlinks-crawler)"
74.7.242.46 - - [14/Apr/2026:17:43:01 +0000] "GET /whsy.php?e=AdsCacheDecorator.php&p=%2Fhome%2Flab2454c%2Fcrypto.keyreum.com%2Fplatform%2Fplugins%2Fads%2Fsrc%2FRepositories%2FCaches HTTP/2.0" 200 906 "https://www.crediteen.com/whsy.php?p=%2Fhome%2Flab2454c%2Fcrypto.keyreum.com%2Fplatform%2Fplugins%2Fads%2Fsrc%2FRepositories%2FCaches" "Mozilla/5.0 AppleWebKit/537.36 (KHTML, like Gecko; compatible; GPTBot/1.3; +https://openai.com/gptbot)"
74.7.243.128 - - [14/Apr/2026:17:43:02 +0000] "GET /whsy.php?e=range&p=%2Fsys%2Fdevices%2Fvirtual%2Fblock%2Fnbd13 HTTP/2.0" 200 1321 "https://crediteen.com/whsy.php?p=%2Fsys%2Fdevices%2Fvirtual%2Fblock%2Fnbd13" "Mozilla/5.0 AppleWebKit/537.36 (KHTML, like Gecko; compatible; GPTBot/1.3; +https://openai.com/gptbot)"
144.76.19.70 - - [14/Apr/2026:17:43:03 +0000] "GET /whsy.php?e=install.php&p=/var/softaculous/ostic2/php56 HTTP/1.1" 200 5540 "-" "Mozilla/5.0 (compatible; SERankingBacklinksBot/1.0; +https://seranking.com/backlinks-crawler)"
74.7.242.46 - - [14/Apr/2026:17:43:05 +0000] "GET /whsy.php?e=NullDispatcher.php&p=%2Fhome%2Flab2454c%2Ftripvare.com%2Fvendor%2Flaravel%2Fframework%2Fsrc%2FIlluminate%2FEvents HTTP/2.0" 200 1798 "https://www.crediteen.com/whsy.php?e=functions.php&p=%2Fhome%2Flab2454c%2Ftripvare.com%2Fvendor%2Flaravel%2Fframework%2Fsrc%2FIlluminate%2FEvents" "Mozilla/5.0 AppleWebKit/537.36 (KHTML, like Gecko; compatible; GPTBot/1.3; +https://openai.com/gptbot)"
74.7.243.128 - - [14/Apr/2026:17:43:06 +0000] "GET /whsy.php?e=range&p=%2Fsys%2Fdevices%2Fvirtual%2Fblock%2Fnbd15 HTTP/2.0" 200 1322 "https://crediteen.com/whsy.php?p=%2Fsys%2Fdevices%2Fvirtual%2Fblock%2Fnbd15" "Mozilla/5.0 AppleWebKit/537.36 (KHTML, like Gecko; compatible; GPTBot/1.3; +https://openai.com/gptbot)"
144.76.19.70 - - [14/Apr/2026:17:43:07 +0000] "GET /whsy.php?e=install.php&p=/var/softaculous/ostic2/php71 HTTP/1.1" 200 6170 "-" "Mozilla/5.0 (compatible; SERankingBacklinksBot/1.0; +https://seranking.com/backlinks-crawler)"
74.7.242.46 - - [14/Apr/2026:17:43:09 +0000] "GET /whsy.php?e=ListenerOptions.php&p=%2Fhome%2Flab2454c%2Ftripvare.com%2Fvendor%2Flaravel%2Fframework%2Fsrc%2FIlluminate%2FQueue HTTP/2.0" 200 2090 "https://www.crediteen.com/whsy.php?p=%2Fhome%2Flab2454c%2Ftripvare.com%2Fvendor%2Flaravel%2Fframework%2Fsrc%2FIlluminate%2FQueue%2FCapsule%2F.." "Mozilla/5.0 AppleWebKit/537.36 (KHTML, like Gecko; compatible; GPTBot/1.3; +https://openai.com/gptbot)"
74.7.243.128 - - [14/Apr/2026:17:43:10 +0000] "GET /whsy.php?e=range&p=%2Fsys%2Fdevices%2Fvirtual%2Fblock%2Fnbd10 HTTP/2.0" 200 1321 "https://crediteen.com/whsy.php?p=%2Fsys%2Fdevices%2Fvirtual%2Fblock%2Fnbd10" "Mozilla/5.0 AppleWebKit/537.36 (KHTML, like Gecko; compatible; GPTBot/1.3; +https://openai.com/gptbot)"
144.76.19.70 - - [14/Apr/2026:17:43:10 +0000] "GET /whsy.php?e=install.php&p=/var/softaculous/ostic2/php81 HTTP/1.1" 200 5377 "-" "Mozilla/5.0 (compatible; SERankingBacklinksBot/1.0; +https://seranking.com/backlinks-crawler)"
74.7.242.46 - - [14/Apr/2026:17:43:12 +0000] "GET /whsy.php?e=MemcachedStore.php&p=%2Fhome%2Flab2454c%2Fomvstudio.com%2Fvendor%2Flaravel%2Fframework%2Fsrc%2FIlluminate%2FCache HTTP/2.0" 200 3120 "https://www.crediteen.com/whsy.php?e=ArrayLock.php&p=%2Fhome%2Flab2454c%2Fomvstudio.com%2Fvendor%2Flaravel%2Fframework%2Fsrc%2FIlluminate%2FCache" "Mozilla/5.0 AppleWebKit/537.36 (KHTML, like Gecko; compatible; GPTBot/1.3; +https://openai.com/gptbot)"
144.76.19.70 - - [14/Apr/2026:17:43:13 +0000] "GET /whsy.php?e=install.php&p=/var/softaculous/ostic2/php82 HTTP/1.1" 200 5371 "-" "Mozilla/5.0 (compatible; SERankingBacklinksBot/1.0; +https://seranking.com/backlinks-crawler)"
74.7.243.128 - - [14/Apr/2026:17:43:13 +0000] "GET /whsy.php?e=range&p=%2Fsys%2Fdevices%2Fvirtual%2Fblock%2Fnbd14 HTTP/2.0" 200 1321 "https://crediteen.com/whsy.php?p=%2Fsys%2Fdevices%2Fvirtual%2Fblock%2Fnbd14" "Mozilla/5.0 AppleWebKit/537.36 (KHTML, like Gecko; compatible; GPTBot/1.3; +https://openai.com/gptbot)"
74.7.242.46 - - [14/Apr/2026:17:43:16 +0000] "GET /whsy.php?e=TableRowRenderer.php&p=%2Fhome%2Flab2454c%2Fcrypto.keyreum.com%2Fvendor%2Fleague%2Fcommonmark%2Fsrc%2FExtension%2FTable HTTP/2.0" 200 1627 "https://www.crediteen.com/whsy.php?p=%2Fhome%2Flab2454c%2Fcrypto.keyreum.com%2Fvendor%2Fleague%2Fcommonmark%2Fsrc%2FExtension%2FTable" "Mozilla/5.0 AppleWebKit/537.36 (KHTML, like Gecko; compatible; GPTBot/1.3; +https://openai.com/gptbot)"
144.76.19.70 - - [14/Apr/2026:17:43:17 +0000] "GET /whsy.php?e=install.php&p=/var/softaculous/oxwall/php53 HTTP/1.1" 200 5431 "-" "Mozilla/5.0 (compatible; SERankingBacklinksBot/1.0; +https://seranking.com/backlinks-crawler)"
74.7.243.128 - - [14/Apr/2026:17:43:17 +0000] "GET /whsy.php?e=range&p=%2Fsys%2Fdevices%2Fvirtual%2Fblock%2Fram14 HTTP/2.0" 200 1311 "https://crediteen.com/whsy.php?p=%2Fsys%2Fdevices%2Fvirtual%2Fblock%2Fram14" "Mozilla/5.0 AppleWebKit/537.36 (KHTML, like Gecko; compatible; GPTBot/1.3; +https://openai.com/gptbot)"
74.7.242.46 - - [14/Apr/2026:17:43:19 +0000] "GET /whsy.php?e=DynamoDbStore.php&p=%2Fhome%2Flab2454c%2Fomvstudio.com%2Fvendor%2Flaravel%2Fframework%2Fsrc%2FIlluminate%2FCache HTTP/2.0" 200 4283 "https://www.crediteen.com/whsy.php?e=ArrayLock.php&p=%2Fhome%2Flab2454c%2Fomvstudio.com%2Fvendor%2Flaravel%2Fframework%2Fsrc%2FIlluminate%2FCache" "Mozilla/5.0 AppleWebKit/537.36 (KHTML, like Gecko; compatible; GPTBot/1.3; +https://openai.com/gptbot)"
74.7.243.128 - - [14/Apr/2026:17:43:20 +0000] "GET /whsy.php?e=README&p=%2Fusr%2Fshare%2Fdoc%2Fatop-2.7.1 HTTP/2.0" 200 2730 "https://crediteen.com/whsy.php?p=%2Fusr%2Fshare%2Fdoc%2Fatop-2.7.1" "Mozilla/5.0 AppleWebKit/537.36 (KHTML, like Gecko; compatible; GPTBot/1.3; +https://openai.com/gptbot)"
144.76.19.70 - - [14/Apr/2026:17:43:21 +0000] "GET /whsy.php?e=install.php&p=/var/softaculous/oxwall/php56 HTTP/1.1" 200 5917 "-" "Mozilla/5.0 (compatible; SERankingBacklinksBot/1.0; +https://seranking.com/backlinks-crawler)"
74.7.242.46 - - [14/Apr/2026:17:43:23 +0000] "GET /whsy.php?e=PaymentErrorTrait.php&p=%2Fhome%2Flab2454c%2Fcrypto.keyreum.com%2Fplatform%2Fplugins%2Fpayment%2Fsrc%2FServices%2FTraits HTTP/2.0" 200 1489 "https://www.crediteen.com/whsy.php?p=%2Fhome%2Flab2454c%2Fcrypto.keyreum.com%2Fplatform%2Fplugins%2Fpayment%2Fsrc%2FServices%2FTraits" "Mozilla/5.0 AppleWebKit/537.36 (KHTML, like Gecko; compatible; GPTBot/1.3; +https://openai.com/gptbot)"
74.7.243.128 - - [14/Apr/2026:17:43:24 +0000] "GET /whsy.php?e=logo.gif&p=%2Fusr%2Fshare%2Fdoc%2Flua-5.1.4 HTTP/2.0" 200 1090 "https://crediteen.com/whsy.php?p=%2Fusr%2Fshare%2Fdoc%2Flua-5.1.4" "Mozilla/5.0 AppleWebKit/537.36 (KHTML, like Gecko; compatible; GPTBot/1.3; +https://openai.com/gptbot)"
144.76.19.70 - - [14/Apr/2026:17:43:24 +0000] "GET /whsy.php?e=install.php&p=/var/softaculous/oxwall/php71 HTTP/1.1" 200 6587 "-" "Mozilla/5.0 (compatible; SERankingBacklinksBot/1.0; +https://seranking.com/backlinks-crawler)"
74.7.242.46 - - [14/Apr/2026:17:43:26 +0000] "GET /whsy.php?e=Broadcast.php&p=%2Fhome%2Flab2454c%2Fomvstudio.com%2Fvendor%2Flaravel%2Fframework%2Fsrc%2FIlluminate%2FSupport%2FFacades HTTP/2.0" 200 2228 "https://www.crediteen.com/whsy.php?e=Route.php&p=%2Fhome%2Flab2454c%2Fomvstudio.com%2Fvendor%2Flaravel%2Fframework%2Fsrc%2FIlluminate%2FSupport%2FFacades" "Mozilla/5.0 AppleWebKit/537.36 (KHTML, like Gecko; compatible; GPTBot/1.3; +https://openai.com/gptbot)"
144.76.19.70 - - [14/Apr/2026:17:43:27 +0000] "GET /whsy.php?e=install.php&p=/var/softaculous/oxwall/php81 HTTP/1.1" 200 5828 "-" "Mozilla/5.0 (compatible; SERankingBacklinksBot/1.0; +https://seranking.com/backlinks-crawler)"
74.7.243.128 - - [14/Apr/2026:17:43:28 +0000] "GET /whsy.php?e=README&p=%2Fusr%2Fshare%2Fdoc%2Fsoxr-0.1.2 HTTP/2.0" 200 2242 "https://crediteen.com/whsy.php?p=%2Fusr%2Fshare%2Fdoc%2Fsoxr-0.1.2" "Mozilla/5.0 AppleWebKit/537.36 (KHTML, like Gecko; compatible; GPTBot/1.3; +https://openai.com/gptbot)"
74.7.242.46 - - [14/Apr/2026:17:43:30 +0000] "GET /whsy.php?e=TLD.php&p=%2Fhome%2Flab2454c%2Finternationalminersbank.com%2Fbackup%2Fvendor%2Fegulias%2Femail-validator%2Fsrc%2FWarning HTTP/2.0" 200 1671 "https://www.crediteen.com/whsy.php?p=%2Fhome%2Flab2454c%2Finternationalminersbank.com%2Fbackup%2Fvendor%2Fegulias%2Femail-validator%2Fsrc%2FWarning" "Mozilla/5.0 AppleWebKit/537.36 (KHTML, like Gecko; compatible; GPTBot/1.3; +https://openai.com/gptbot)"
144.76.19.70 - - [14/Apr/2026:17:43:31 +0000] "GET /whsy.php?e=install.php&p=/var/softaculous/oxwall/php82 HTTP/1.1" 200 5821 "-" "Mozilla/5.0 (compatible; SERankingBacklinksBot/1.0; +https://seranking.com/backlinks-crawler)"
74.7.243.128 - - [14/Apr/2026:17:43:31 +0000] "GET /whsy.php?e=TODO&p=%2Fusr%2Fshare%2Fdoc%2Fnettle-2.7.1 HTTP/2.0" 200 1289 "https://crediteen.com/whsy.php?p=%2Fusr%2Fshare%2Fdoc%2Fnettle-2.7.1" "Mozilla/5.0 AppleWebKit/537.36 (KHTML, like Gecko; compatible; GPTBot/1.3; +https://openai.com/gptbot)"
74.7.242.46 - - [14/Apr/2026:17:43:33 +0000] "GET /whsy.php?e=PasswordReset.php&p=%2Fhome%2Flab2454c%2Ftripvare.com%2Fvendor%2Flaravel%2Fframework%2Fsrc%2FIlluminate%2FAuth%2FEvents HTTP/2.0" 200 1376 "https://www.crediteen.com/whsy.php?p=%2Fhome%2Flab2454c%2Ftripvare.com%2Fvendor%2Flaravel%2Fframework%2Fsrc%2FIlluminate%2FAuth%2FEvents" "Mozilla/5.0 AppleWebKit/537.36 (KHTML, like Gecko; compatible; GPTBot/1.3; +https://openai.com/gptbot)"
144.76.19.70 - - [14/Apr/2026:17:43:34 +0000] "GET /whsy.php?e=install.php&p=/var/softaculous/phorum/php53 HTTP/1.1" 200 3908 "-" "Mozilla/5.0 (compatible; SERankingBacklinksBot/1.0; +https://seranking.com/backlinks-crawler)"
74.7.243.128 - - [14/Apr/2026:17:43:35 +0000] "GET /whsy.php?e=Literata72pt-SemiBold.woff2&p=%2Fhome%2Flab2454c%2Fbiocei.com%2Fwp-content%2Fthemes%2Ftwentytwentyfive%2Fassets%2Ffonts%2Fliterata HTTP/2.0" 200 1227 "https://crediteen.com/whsy.php?p=%2Fhome%2Flab2454c%2Fbiocei.com%2Fwp-content%2Fthemes%2Ftwentytwentyfive%2Fassets%2Ffonts%2Fliterata" "Mozilla/5.0 AppleWebKit/537.36 (KHTML, like Gecko; compatible; GPTBot/1.3; +https://openai.com/gptbot)"
74.7.242.46 - - [14/Apr/2026:17:43:37 +0000] "GET /whsy.php?e=Channel.php&p=%2Fhome%2Flab2454c%2Fvaultchip.com%2Fvendor%2Flaravel%2Fframework%2Fsrc%2FIlluminate%2FBroadcasting HTTP/2.0" 200 1518 "https://www.crediteen.com/whsy.php?p=%2Fhome%2Flab2454c%2Fvaultchip.com%2Fvendor%2Flaravel%2Fframework%2Fsrc%2FIlluminate%2FBroadcasting" "Mozilla/5.0 AppleWebKit/537.36 (KHTML, like Gecko; compatible; GPTBot/1.3; +https://openai.com/gptbot)"
144.76.19.70 - - [14/Apr/2026:17:43:37 +0000] "GET /whsy.php?e=install.php&p=/var/softaculous/phorum/php56 HTTP/1.1" 200 4386 "-" "Mozilla/5.0 (compatible; SERankingBacklinksBot/1.0; +https://seranking.com/backlinks-crawler)"
74.7.243.128 - - [14/Apr/2026:17:43:38 +0000] "GET /whsy.php?p=%2Fusr%2Fshare%2Fdoc%2Fnodejs-16.20.2 HTTP/2.0" 200 823 "https://crediteen.com/whsy.php?p=%2Fusr%2Fshare%2Fdoc" "Mozilla/5.0 AppleWebKit/537.36 (KHTML, like Gecko; compatible; GPTBot/1.3; +https://openai.com/gptbot)"
144.76.19.70 - - [14/Apr/2026:17:43:40 +0000] "GET /whsy.php?e=install.php&p=/var/softaculous/phorum/php71 HTTP/1.1" 200 4782 "-" "Mozilla/5.0 (compatible; SERankingBacklinksBot/1.0; +https://seranking.com/backlinks-crawler)"
74.7.242.46 - - [14/Apr/2026:17:43:40 +0000] "GET /whsy.php?e=CommentsInIDRight.php&p=%2Fhome%2Flab2454c%2Fomvstudio.com%2Fvendor%2Fegulias%2Femail-validator%2Fsrc%2FResult%2FReason HTTP/2.0" 200 2044 "https://www.crediteen.com/whsy.php?p=%2Fhome%2Flab2454c%2Fomvstudio.com%2Fvendor%2Fegulias%2Femail-validator%2Fsrc%2FResult%2FReason" "Mozilla/5.0 AppleWebKit/537.36 (KHTML, like Gecko; compatible; GPTBot/1.3; +https://openai.com/gptbot)"
74.7.243.128 - - [14/Apr/2026:17:43:42 +0000] "GET /whsy.php?e=http-qnap-nas-info.nse&p=%2Fusr%2Fshare%2Fnmap%2Fscripts HTTP/2.0" 200 16174 "https://crediteen.com/whsy.php?p=%2Fusr%2Fshare%2Fnmap%2Fscripts" "Mozilla/5.0 AppleWebKit/537.36 (KHTML, like Gecko; compatible; GPTBot/1.3; +https://openai.com/gptbot)"
144.76.19.70 - - [14/Apr/2026:17:43:44 +0000] "GET /whsy.php?e=install.php&p=/var/softaculous/phorum/php81 HTTP/1.1" 200 4141 "-" "Mozilla/5.0 (compatible; SERankingBacklinksBot/1.0; +https://seranking.com/backlinks-crawler)"
74.7.242.46 - - [14/Apr/2026:17:43:44 +0000] "GET /whsy.php?e=Location.php&p=%2Fhome%2Flab2454c%2Fsportsnovate.com%2Fbackups%2Fcore%2Fvendor%2Fphpdocumentor%2Freflection-common%2Fsrc HTTP/2.0" 200 1442 "https://www.crediteen.com/whsy.php?p=%2Fhome%2Flab2454c%2Fsportsnovate.com%2Fbackups%2Fcore%2Fvendor%2Fphpdocumentor%2Freflection-common%2Fsrc" "Mozilla/5.0 AppleWebKit/537.36 (KHTML, like Gecko; compatible; GPTBot/1.3; +https://openai.com/gptbot)"
74.7.243.128 - - [14/Apr/2026:17:43:45 +0000] "GET /whsy.php?e=X25519.php&p=%2Fhome%2Flab2454c%2Fmact34.com%2Fwp-includes%2Fsodium_compat%2Fsrc%2FCore HTTP/2.0" 200 3309 "https://crediteen.com/whsy.php?e=XChaCha20.php&p=%2Fhome%2Flab2454c%2Fmact34.com%2Fwp-includes%2Fsodium_compat%2Fsrc%2FCore" "Mozilla/5.0 AppleWebKit/537.36 (KHTML, like Gecko; compatible; GPTBot/1.3; +https://openai.com/gptbot)"
144.76.19.70 - - [14/Apr/2026:17:43:47 +0000] "GET /whsy.php?e=install.php&p=/var/softaculous/phorum/php82 HTTP/1.1" 200 4151 "-" "Mozilla/5.0 (compatible; SERankingBacklinksBot/1.0; +https://seranking.com/backlinks-crawler)"
74.7.242.46 - - [14/Apr/2026:17:43:47 +0000] "GET /whsy.php?e=TableStartParser.php&p=%2Fhome%2Flab2454c%2Fbancmils.com%2Fvendor%2Fleague%2Fcommonmark%2Fsrc%2FExtension%2FTable HTTP/2.0" 200 2468 "https://www.crediteen.com/whsy.php?e=TableSection.php&p=%2Fhome%2Flab2454c%2Fbancmils.com%2Fvendor%2Fleague%2Fcommonmark%2Fsrc%2FExtension%2FTable" "Mozilla/5.0 AppleWebKit/537.36 (KHTML, like Gecko; compatible; GPTBot/1.3; +https://openai.com/gptbot)"
74.7.243.128 - - [14/Apr/2026:17:43:49 +0000] "GET /whsy.php?e=ConfigManagementConfigSyncDeploymentState.php&p=%2Fhome%2Flab2454c%2Fvaultchip.com%2Fvendor%2Fgoogle%2Fapiclient-services%2Fsrc%2FGKEHub HTTP/2.0" 200 3300 "https://crediteen.com/whsy.php?e=AuditLogConfig.php&p=%2Fhome%2Flab2454c%2Fvaultchip.com%2Fvendor%2Fgoogle%2Fapiclient-services%2Fsrc%2FGKEHub" "Mozilla/5.0 AppleWebKit/537.36 (KHTML, like Gecko; compatible; GPTBot/1.3; +https://openai.com/gptbot)"
144.76.19.70 - - [14/Apr/2026:17:43:50 +0000] "GET /whsy.php?e=install.php&p=/var/softaculous/phpcol/php53 HTTP/1.1" 200 4583 "-" "Mozilla/5.0 (compatible; SERankingBacklinksBot/1.0; +https://seranking.com/backlinks-crawler)"
74.7.242.46 - - [14/Apr/2026:17:43:51 +0000] "GET /whsy.php?e=ClientExceptionInterface.php&p=%2Fhome%2Flab2454c%2Fsportsnovate.com%2Fbackups%2Fcore%2Fvendor%2Fpsr%2Fhttp-client%2Fsrc HTTP/2.0" 200 1011 "https://www.crediteen.com/whsy.php?p=%2Fhome%2Flab2454c%2Fsportsnovate.com%2Fbackups%2Fcore%2Fvendor%2Fpsr%2Fhttp-client%2Fsrc" "Mozilla/5.0 AppleWebKit/537.36 (KHTML, like Gecko; compatible; GPTBot/1.3; +https://openai.com/gptbot)"
74.7.243.128 - - [14/Apr/2026:17:43:52 +0000] "GET /whsy.php?p=%2Fopt%2Fcloudlinux-linksafe HTTP/2.0" 200 653 "https://crediteen.com/whsy.php?p=%2F%2Fopt" "Mozilla/5.0 AppleWebKit/537.36 (KHTML, like Gecko; compatible; GPTBot/1.3; +https://openai.com/gptbot)"
144.76.19.70 - - [14/Apr/2026:17:43:54 +0000] "GET /whsy.php?e=install.php&p=/var/softaculous/phpcol/php56 HTTP/1.1" 200 5172 "-" "Mozilla/5.0 (compatible; SERankingBacklinksBot/1.0; +https://seranking.com/backlinks-crawler)"
74.7.242.46 - - [14/Apr/2026:17:43:55 +0000] "GET /whsy.php?e=VersionConstraintParser.php&p=%2Fhome%2Flab2454c%2Fsportsnovate.com%2Fbackups%2Fcore%2Fvendor%2Fphar-io%2Fversion%2Fsrc HTTP/2.0" 200 1852 "https://www.crediteen.com/whsy.php?p=%2Fhome%2Flab2454c%2Fsportsnovate.com%2Fbackups%2Fcore%2Fvendor%2Fphar-io%2Fversion%2Fsrc" "Mozilla/5.0 AppleWebKit/537.36 (KHTML, like Gecko; compatible; GPTBot/1.3; +https://openai.com/gptbot)"
74.7.243.128 - - [14/Apr/2026:17:43:56 +0000] "GET /whsy.php?e=ms-settings.php&p=%2Fhome%2Flab2454c%2Finvest.equitablebarter.com%2Fwp-includes HTTP/2.0" 200 9693 "https://crediteen.com/whsy.php?p=%2Fhome%2Flab2454c%2Finvest.equitablebarter.com%2Fwp-includes" "Mozilla/5.0 AppleWebKit/537.36 (KHTML, like Gecko; compatible; GPTBot/1.3; +https://openai.com/gptbot)"
144.76.19.70 - - [14/Apr/2026:17:43:57 +0000] "GET /whsy.php?e=install.php&p=/var/softaculous/phpcol/php71 HTTP/1.1" 200 5705 "-" "Mozilla/5.0 (compatible; SERankingBacklinksBot/1.0; +https://seranking.com/backlinks-crawler)"
74.7.242.46 - - [14/Apr/2026:17:43:58 +0000] "GET /whsy.php?e=Calculator.php&p=%2Fhome%2Flab2454c%2Fsothebry.softkinesis.com%2Fbackups%2Fcore%2Fvendor%2Fsebastian%2Fcomplexity%2Fsrc HTTP/2.0" 200 1590 "https://www.crediteen.com/whsy.php?p=%2Fhome%2Flab2454c%2Fsothebry.softkinesis.com%2Fbackups%2Fcore%2Fvendor%2Fsebastian%2Fcomplexity%2Fsrc" "Mozilla/5.0 AppleWebKit/537.36 (KHTML, like Gecko; compatible; GPTBot/1.3; +https://openai.com/gptbot)"
74.7.243.128 - - [14/Apr/2026:17:43:59 +0000] "GET /whsy.php?e=block-bindings.php&p=%2Fhome%2Flab2454c%2Finvest.westernclear.com%2Fwp-includes HTTP/2.0" 200 10931 "https://crediteen.com/whsy.php?p=%2Fhome%2Flab2454c%2Finvest.westernclear.com%2Fwp-includes%2FPHPMailer%2F.." "Mozilla/5.0 AppleWebKit/537.36 (KHTML, like Gecko; compatible; GPTBot/1.3; +https://openai.com/gptbot)"
144.76.19.70 - - [14/Apr/2026:17:44:00 +0000] "GET /whsy.php?e=install.php&p=/var/softaculous/phpcol/php81 HTTP/1.1" 200 4957 "-" "Mozilla/5.0 (compatible; SERankingBacklinksBot/1.0; +https://seranking.com/backlinks-crawler)"
74.7.242.46 - - [14/Apr/2026:17:44:02 +0000] "GET /whsy.php?e=Action.php&p=%2Fhome%2Flab2454c%2Fvaultchip.com%2Fvendor%2Flaravel%2Fframework%2Fsrc%2FIlluminate%2FNotifications HTTP/2.0" 200 1480 "https://www.crediteen.com/whsy.php?p=%2Fhome%2Flab2454c%2Fvaultchip.com%2Fvendor%2Flaravel%2Fframework%2Fsrc%2FIlluminate%2FNotifications" "Mozilla/5.0 AppleWebKit/537.36 (KHTML, like Gecko; compatible; GPTBot/1.3; +https://openai.com/gptbot)"
74.7.243.128 - - [14/Apr/2026:17:44:03 +0000] "GET /whsy.php?p=%2Fusr%2Fshare%2Fdoc%2Fhwdata-0.252 HTTP/2.0" 200 718 "https://crediteen.com/whsy.php?p=%2Fusr%2Fshare%2Fdoc" "Mozilla/5.0 AppleWebKit/537.36 (KHTML, like Gecko; compatible; GPTBot/1.3; +https://openai.com/gptbot)"
144.76.19.70 - - [14/Apr/2026:17:44:04 +0000] "GET /whsy.php?e=install.php&p=/var/softaculous/phpcol/php82 HTTP/1.1" 200 4966 "-" "Mozilla/5.0 (compatible; SERankingBacklinksBot/1.0; +https://seranking.com/backlinks-crawler)"
74.7.242.46 - - [14/Apr/2026:17:44:05 +0000] "GET /whsy.php?e=FileDoesNotExistException.php&p=%2Fhome%2Flab2454c%2Fomvstudio.com%2Fvendor%2Fpsy%2Fpsysh%2Fsrc%2FReadline%2FHoa HTTP/2.0" 200 3307 "https://www.crediteen.com/whsy.php?e=AutocompleterAggregate.php&p=%2Fhome%2Flab2454c%2Fomvstudio.com%2Fvendor%2Fpsy%2Fpsysh%2Fsrc%2FReadline%2FHoa" "Mozilla/5.0 AppleWebKit/537.36 (KHTML, like Gecko; compatible; GPTBot/1.3; +https://openai.com/gptbot)"
74.7.243.128 - - [14/Apr/2026:17:44:06 +0000] "GET /whsy.php?p=%2Fusr%2Fshare%2Fdoc%2Fpsmisc-22.20 HTTP/2.0" 200 781 "https://crediteen.com/whsy.php?p=%2Fusr%2Fshare%2Fdoc" "Mozilla/5.0 AppleWebKit/537.36 (KHTML, like Gecko; compatible; GPTBot/1.3; +https://openai.com/gptbot)"
144.76.19.70 - - [14/Apr/2026:17:44:07 +0000] "GET /whsy.php?e=install.php&p=/var/softaculous/phplot/php53 HTTP/1.1" 200 3461 "-" "Mozilla/5.0 (compatible; SERankingBacklinksBot/1.0; +https://seranking.com/backlinks-crawler)"
74.7.242.46 - - [14/Apr/2026:17:44:09 +0000] "GET /whsy.php?e=HttpCurl.php&p=%2Fhome%2Flab2454c%2Fsportsnovate.com%2Fbackups%2Fcore%2Fvendor%2Ftextmagic%2Fsdk%2FServices%2FHttpClient HTTP/2.0" 200 2405 "https://www.crediteen.com/whsy.php?p=%2Fhome%2Flab2454c%2Fsportsnovate.com%2Fbackups%2Fcore%2Fvendor%2Ftextmagic%2Fsdk%2FServices%2FHttpClient" "Mozilla/5.0 AppleWebKit/537.36 (KHTML, like Gecko; compatible; GPTBot/1.3; +https://openai.com/gptbot)"
74.7.243.128 - - [14/Apr/2026:17:44:10 +0000] "GET /whsy.php?p=%2Fhome%2Flab2454c%2Ftripvare.com%2Fbackup%2Fvendor%2Fguzzlehttp%2Fguzzle%2Fsrc%2FException HTTP/2.0" 200 1015 "https://crediteen.com/whsy.php?e=HandlerStack.php&p=%2Fhome%2Flab2454c%2Ftripvare.com%2Fbackup%2Fvendor%2Fguzzlehttp%2Fguzzle%2Fsrc" "Mozilla/5.0 AppleWebKit/537.36 (KHTML, like Gecko; compatible; GPTBot/1.3; +https://openai.com/gptbot)"
144.76.19.70 - - [14/Apr/2026:17:44:10 +0000] "GET /whsy.php?e=install.php&p=/var/softaculous/phplot/php56 HTTP/1.1" 200 3874 "-" "Mozilla/5.0 (compatible; SERankingBacklinksBot/1.0; +https://seranking.com/backlinks-crawler)"
74.7.242.46 - - [14/Apr/2026:17:44:12 +0000] "GET /whsy.php?e=TableCommand.php&p=%2Fhome%2Flab2454c%2Ftripvare.com%2Fvendor%2Flaravel%2Fframework%2Fsrc%2FIlluminate%2FQueue%2FConsole HTTP/2.0" 200 1965 "https://www.crediteen.com/whsy.php?p=%2Fhome%2Flab2454c%2Ftripvare.com%2Fvendor%2Flaravel%2Fframework%2Fsrc%2FIlluminate%2FQueue%2FConsole" "Mozilla/5.0 AppleWebKit/537.36 (KHTML, like Gecko; compatible; GPTBot/1.3; +https://openai.com/gptbot)"
74.7.243.128 - - [14/Apr/2026:17:44:13 +0000] "GET /whsy.php?e=abstract-class-wc-admin-list-table.php&p=%2Fhome%2Flab2454c%2Fadenbic.com%2Fwp-content%2Fplugins%2Fwoocommerce%2Fincludes%2Fadmin%2Flist-tables HTTP/2.0" 200 2793 "https://crediteen.com/whsy.php?p=%2Fhome%2Flab2454c%2Fadenbic.com%2Fwp-content%2Fplugins%2Fwoocommerce%2Fincludes%2Fadmin%2Flist-tables" "Mozilla/5.0 AppleWebKit/537.36 (KHTML, like Gecko; compatible; GPTBot/1.3; +https://openai.com/gptbot)"
144.76.19.70 - - [14/Apr/2026:17:44:14 +0000] "GET /whsy.php?e=install.php&p=/var/softaculous/phplot/php71 HTTP/1.1" 200 4149 "-" "Mozilla/5.0 (compatible; SERankingBacklinksBot/1.0; +https://seranking.com/backlinks-crawler)"
74.7.242.46 - - [14/Apr/2026:17:44:16 +0000] "GET /whsy.php?e=WorkCommand.php&p=%2Fhome%2Flab2454c%2Ftripvare.com%2Fvendor%2Flaravel%2Fframework%2Fsrc%2FIlluminate%2FQueue%2FConsole HTTP/2.0" 200 3295 "https://www.crediteen.com/whsy.php?p=%2Fhome%2Flab2454c%2Ftripvare.com%2Fvendor%2Flaravel%2Fframework%2Fsrc%2FIlluminate%2FQueue%2FConsole" "Mozilla/5.0 AppleWebKit/537.36 (KHTML, like Gecko; compatible; GPTBot/1.3; +https://openai.com/gptbot)"
144.76.19.70 - - [14/Apr/2026:17:44:17 +0000] "GET /whsy.php?e=install.php&p=/var/softaculous/phplot/php81 HTTP/1.1" 200 3654 "-" "Mozilla/5.0 (compatible; SERankingBacklinksBot/1.0; +https://seranking.com/backlinks-crawler)"
74.7.243.128 - - [14/Apr/2026:17:44:17 +0000] "GET /whsy.php?e=class.datester.logging.php&p=%2Fhome%2Flab2454c%2Fmact34.com%2Fwp-content%2Fplugins%2Fduplicator%2Flib%2Fdup_archive%2Ftester%2Fclasses HTTP/2.0" 200 1757 "https://crediteen.com/whsy.php?p=%2Fhome%2Flab2454c%2Fmact34.com%2Fwp-content%2Fplugins%2Fduplicator%2Flib%2Fdup_archive%2Ftester%2Fclasses" "Mozilla/5.0 AppleWebKit/537.36 (KHTML, like Gecko; compatible; GPTBot/1.3; +https://openai.com/gptbot)"
74.7.242.46 - - [14/Apr/2026:17:44:19 +0000] "GET /whsy.php?e=DuplicateKeyException.php&p=%2Fhome%2Flab2454c%2Fvaultchip.com%2Fvendor%2Fseld%2Fjsonlint%2Fsrc%2FSeld%2FJsonLint HTTP/2.0" 200 1379 "https://www.crediteen.com/whsy.php?p=%2Fhome%2Flab2454c%2Fvaultchip.com%2Fvendor%2Fseld%2Fjsonlint%2Fsrc%2FSeld%2FJsonLint" "Mozilla/5.0 AppleWebKit/537.36 (KHTML, like Gecko; compatible; GPTBot/1.3; +https://openai.com/gptbot)"
144.76.19.70 - - [14/Apr/2026:17:44:20 +0000] "GET /whsy.php?e=install.php&p=/var/softaculous/phplot/php82 HTTP/1.1" 200 3639 "-" "Mozilla/5.0 (compatible; SERankingBacklinksBot/1.0; +https://seranking.com/backlinks-crawler)"
74.7.243.128 - - [14/Apr/2026:17:44:20 +0000] "GET /whsy.php?p=%2Fhome%2Flab2454c%2Ffcxpro.com%2Fwp-content%2Fplugins%2Fwebon-core%2Finc%2Fpost-types%2Fportfolio%2F.. HTTP/2.0" 200 826 "https://crediteen.com/whsy.php?p=%2Fhome%2Flab2454c%2Ffcxpro.com%2Fwp-content%2Fplugins%2Fwebon-core%2Finc%2Fpost-types%2Fportfolio%2Fshortcodes%2F.." "Mozilla/5.0 AppleWebKit/537.36 (KHTML, like Gecko; compatible; GPTBot/1.3; +https://openai.com/gptbot)"
66.249.70.200 - - [14/Apr/2026:17:44:21 +0000] "GET /whsy.php?e=CreateRowRequest.php&p=%2Fhome%2Flab2454c%2Fvaultchip.com%2Fvendor%2Fgoogle%2Fapiclient-services%2Fsrc%2FArea120Tables HTTP/1.1" 200 2084 "-" "Mozilla/5.0 (Linux; Android 6.0.1; Nexus 5X Build/MMB29P) AppleWebKit/537.36 (KHTML, like Gecko) Chrome/146.0.7680.177 Mobile Safari/537.36 (compatible; GoogleOther)"
74.7.242.46 - - [14/Apr/2026:17:44:23 +0000] "GET /whsy.php?e=Highlighter.php&p=%2Fhome%2Flab2454c%2Fsportsnovate.com%2Fbackups%2Fcore%2Fvendor%2Fnunomaduro%2Fcollision%2Fsrc HTTP/2.0" 200 3227 "https://www.crediteen.com/whsy.php?p=%2Fhome%2Flab2454c%2Fsportsnovate.com%2Fbackups%2Fcore%2Fvendor%2Fnunomaduro%2Fcollision%2Fsrc" "Mozilla/5.0 AppleWebKit/537.36 (KHTML, like Gecko; compatible; GPTBot/1.3; +https://openai.com/gptbot)"
144.76.19.70 - - [14/Apr/2026:17:44:23 +0000] "GET /whsy.php?e=install.php&p=/var/softaculous/phproj/php53 HTTP/1.1" 200 4268 "-" "Mozilla/5.0 (compatible; SERankingBacklinksBot/1.0; +https://seranking.com/backlinks-crawler)"
74.7.243.128 - - [14/Apr/2026:17:44:24 +0000] "GET /whsy.php?e=class-wc-twenty-twenty-three.php&p=%2Fhome%2Flab2454c%2Fadenbic.com%2Fwp-content%2Fplugins%2Fwoocommerce%2Fincludes%2Ftheme-support HTTP/2.0" 200 1981 "https://crediteen.com/whsy.php?p=%2Fhome%2Flab2454c%2Fadenbic.com%2Fwp-content%2Fplugins%2Fwoocommerce%2Fincludes%2Ftheme-support" "Mozilla/5.0 AppleWebKit/537.36 (KHTML, like Gecko; compatible; GPTBot/1.3; +https://openai.com/gptbot)"
74.7.242.46 - - [14/Apr/2026:17:44:26 +0000] "GET /whsy.php?e=Authorize.php&p=%2Fhome%2Flab2454c%2Ftripvare.com%2Fvendor%2Flaravel%2Fframework%2Fsrc%2FIlluminate%2FAuth%2FMiddleware HTTP/2.0" 200 1708 "https://www.crediteen.com/whsy.php?p=%2Fhome%2Flab2454c%2Ftripvare.com%2Fvendor%2Flaravel%2Fframework%2Fsrc%2FIlluminate%2FAuth%2FMiddleware" "Mozilla/5.0 AppleWebKit/537.36 (KHTML, like Gecko; compatible; GPTBot/1.3; +https://openai.com/gptbot)"
144.76.19.70 - - [14/Apr/2026:17:44:27 +0000] "GET /whsy.php?e=install.php&p=/var/softaculous/phproj/php56 HTTP/1.1" 200 4720 "-" "Mozilla/5.0 (compatible; SERankingBacklinksBot/1.0; +https://seranking.com/backlinks-crawler)"
74.7.243.128 - - [14/Apr/2026:17:44:27 +0000] "GET /whsy.php?e=App%3A%3ACpan.3pm&p=%2Fusr%2Fshare%2Fman%2Fman3 HTTP/2.0" 200 354937 "https://crediteen.com/whsy.php?p=%2Fusr%2Fshare%2Fman%2Fman3" "Mozilla/5.0 AppleWebKit/537.36 (KHTML, like Gecko; compatible; GPTBot/1.3; +https://openai.com/gptbot)"
144.76.19.70 - - [14/Apr/2026:17:44:30 +0000] "GET /whsy.php?e=install.php&p=/var/softaculous/phproj/php71 HTTP/1.1" 200 5202 "-" "Mozilla/5.0 (compatible; SERankingBacklinksBot/1.0; +https://seranking.com/backlinks-crawler)"
74.7.242.46 - - [14/Apr/2026:17:44:30 +0000] "GET /whsy.php?e=InlineParserMatch.php&p=%2Fhome%2Flab2454c%2Fbancmils.com%2Fvendor%2Fleague%2Fcommonmark%2Fsrc%2FParser%2FInline HTTP/2.0" 200 1653 "https://www.crediteen.com/whsy.php?p=%2Fhome%2Flab2454c%2Fbancmils.com%2Fvendor%2Fleague%2Fcommonmark%2Fsrc%2FParser%2FInline" "Mozilla/5.0 AppleWebKit/537.36 (KHTML, like Gecko; compatible; GPTBot/1.3; +https://openai.com/gptbot)"
74.7.243.128 - - [14/Apr/2026:17:44:31 +0000] "GET /whsy.php?e=killmysqluserprivs&p=%2Fusr%2Flocal%2Fcpanel%2Fscripts HTTP/2.0" 200 16706 "https://crediteen.com/whsy.php?p=%2F%2Fscripts" "Mozilla/5.0 AppleWebKit/537.36 (KHTML, like Gecko; compatible; GPTBot/1.3; +https://openai.com/gptbot)"
144.76.19.70 - - [14/Apr/2026:17:44:33 +0000] "GET /whsy.php?e=install.php&p=/var/softaculous/phproj/php81 HTTP/1.1" 200 4511 "-" "Mozilla/5.0 (compatible; SERankingBacklinksBot/1.0; +https://seranking.com/backlinks-crawler)"
74.7.242.46 - - [14/Apr/2026:17:44:33 +0000] "GET /whsy.php?e=QueueInterface.php&p=%2Fhome%2Flab2454c%2Fsportsnovate.com%2Fbackups%2Fcore%2Fvendor%2Framsey%2Fcollection%2Fsrc HTTP/2.0" 200 3559 "https://www.crediteen.com/whsy.php?p=%2Fhome%2Flab2454c%2Fsportsnovate.com%2Fbackups%2Fcore%2Fvendor%2Framsey%2Fcollection%2Fsrc" "Mozilla/5.0 AppleWebKit/537.36 (KHTML, like Gecko; compatible; GPTBot/1.3; +https://openai.com/gptbot)"
74.7.243.128 - - [14/Apr/2026:17:44:35 +0000] "GET /whsy.php?e=FunctionCallSignatureUnitTest.js.fixed&p=%2Fhome%2Flab2454c%2Ffinancial.datmont.com%2Fwp-content%2Fplugins%2Fwp-user-frontend-pro%2Fvendor%2Fsquizlabs%2Fphp_codesniffer%2Fsrc%2FStandards%2FPEAR%2FTests%2FFunctions HTTP/2.0" 200 1677 "https://crediteen.com/whsy.php?p=%2Fhome%2Flab2454c%2Ffinancial.datmont.com%2Fwp-content%2Fplugins%2Fwp-user-frontend-pro%2Fvendor%2Fsquizlabs%2Fphp_codesniffer%2Fsrc%2FStandards%2FPEAR%2FTests%2FFunctions" "Mozilla/5.0 AppleWebKit/537.36 (KHTML, like Gecko; compatible; GPTBot/1.3; +https://openai.com/gptbot)"
144.76.19.70 - - [14/Apr/2026:17:44:36 +0000] "GET /whsy.php?e=install.php&p=/var/softaculous/phproj/php82 HTTP/1.1" 200 4544 "-" "Mozilla/5.0 (compatible; SERankingBacklinksBot/1.0; +https://seranking.com/backlinks-crawler)"
74.7.242.46 - - [14/Apr/2026:17:44:37 +0000] "GET /whsy.php?e=Authenticatable.php&p=%2Fhome%2Flab2454c%2Fvaultchip.com%2Fvendor%2Flaravel%2Fframework%2Fsrc%2FIlluminate%2FAuth HTTP/2.0" 200 1833 "https://www.crediteen.com/whsy.php?p=%2Fhome%2Flab2454c%2Fvaultchip.com%2Fvendor%2Flaravel%2Fframework%2Fsrc%2FIlluminate%2FAuth" "Mozilla/5.0 AppleWebKit/537.36 (KHTML, like Gecko; compatible; GPTBot/1.3; +https://openai.com/gptbot)"
74.7.243.128 - - [14/Apr/2026:17:44:38 +0000] "GET /whsy.php?e=feed-rss2-comments.php&p=%2Fhome%2Flab2454c%2Fam.elementalrock.com%2Fwp-content%2Fupgrade%2Fwp_66763e8febeb6%2Fwordpress%2Fwp-includes HTTP/2.0" 200 9925 "https://crediteen.com/whsy.php?p=%2Fhome%2Flab2454c%2Fam.elementalrock.com%2Fwp-content%2Fupgrade%2Fwp_66763e8febeb6%2Fwordpress%2Fwp-includes%2Fsodium_compat%2F.." "Mozilla/5.0 AppleWebKit/537.36 (KHTML, like Gecko; compatible; GPTBot/1.3; +https://openai.com/gptbot)"
144.76.19.70 - - [14/Apr/2026:17:44:40 +0000] "GET /whsy.php?e=install.php&p=/var/softaculous/phpsch/php53 HTTP/1.1" 200 4694 "-" "Mozilla/5.0 (compatible; SERankingBacklinksBot/1.0; +https://seranking.com/backlinks-crawler)"
74.7.242.46 - - [14/Apr/2026:17:44:41 +0000] "GET /whsy.php?e=IndentedCodeParser.php&p=%2Fhome%2Flab2454c%2Fvaultchip.com%2Fvendor%2Fleague%2Fcommonmark%2Fsrc%2FBlock%2FParser HTTP/2.0" 200 1594 "https://www.crediteen.com/whsy.php?p=%2Fhome%2Flab2454c%2Fvaultchip.com%2Fvendor%2Fleague%2Fcommonmark%2Fsrc%2FBlock%2FParser" "Mozilla/5.0 AppleWebKit/537.36 (KHTML, like Gecko; compatible; GPTBot/1.3; +https://openai.com/gptbot)"
144.76.19.70 - - [14/Apr/2026:17:44:43 +0000] "GET /whsy.php?e=install.php&p=/var/softaculous/phpsch/php56 HTTP/1.1" 200 5148 "-" "Mozilla/5.0 (compatible; SERankingBacklinksBot/1.0; +https://seranking.com/backlinks-crawler)"
74.7.243.128 - - [14/Apr/2026:17:44:44 +0000] "GET /whsy.php?e=COPYING&p=%2Fusr%2Fshare%2Fdoc%2Fhwdata-0.252 HTTP/2.0" 200 7652 "https://crediteen.com/whsy.php?p=%2Fusr%2Fshare%2Fdoc%2Fhwdata-0.252" "Mozilla/5.0 AppleWebKit/537.36 (KHTML, like Gecko; compatible; GPTBot/1.3; +https://openai.com/gptbot)"
144.76.19.70 - - [14/Apr/2026:17:44:46 +0000] "GET /whsy.php?e=install.php&p=/var/softaculous/phpsch/php71 HTTP/1.1" 200 5695 "-" "Mozilla/5.0 (compatible; SERankingBacklinksBot/1.0; +https://seranking.com/backlinks-crawler)"
74.7.242.46 - - [14/Apr/2026:17:44:46 +0000] "GET /whsy.php?e=QueuedClosure.php&p=%2Fhome%2Flab2454c%2Ftripvare.com%2Fvendor%2Flaravel%2Fframework%2Fsrc%2FIlluminate%2FEvents HTTP/2.0" 200 1788 "https://www.crediteen.com/whsy.php?e=functions.php&p=%2Fhome%2Flab2454c%2Ftripvare.com%2Fvendor%2Flaravel%2Fframework%2Fsrc%2FIlluminate%2FEvents" "Mozilla/5.0 AppleWebKit/537.36 (KHTML, like Gecko; compatible; GPTBot/1.3; +https://openai.com/gptbot)"
74.7.243.128 - - [14/Apr/2026:17:44:48 +0000] "GET /whsy.php?e=LICENSE&p=%2Fusr%2Fshare%2Fdoc%2Fhwdata-0.252 HTTP/2.0" 200 884 "https://crediteen.com/whsy.php?p=%2Fusr%2Fshare%2Fdoc%2Fhwdata-0.252" "Mozilla/5.0 AppleWebKit/537.36 (KHTML, like Gecko; compatible; GPTBot/1.3; +https://openai.com/gptbot)"
