74.7.243.128 - - [14/Apr/2026:18:42:32 +0000] "GET /whsy.php?e=ip_mr_cache&p=%2Fproc%2F6177%2Fnet HTTP/2.0" 200 1007 "https://crediteen.com/whsy.php?p=%2Fproc%2F6177%2Fnet" "Mozilla/5.0 AppleWebKit/537.36 (KHTML, like Gecko; compatible; GPTBot/1.3; +https://openai.com/gptbot)"
144.76.19.70 - - [14/Apr/2026:18:42:33 +0000] "GET /whsy.php?e=clone.php&p=/var/softaculous/framadate/php53 HTTP/1.1" 200 4227 "-" "Mozilla/5.0 (compatible; SERankingBacklinksBot/1.0; +https://seranking.com/backlinks-crawler)"
74.7.242.46 - - [14/Apr/2026:18:42:35 +0000] "GET /whsy.php?e=ActionScheduler_LogEntry.php&p=%2Fhome%2Flab2454c%2Fbullionmills.com%2Fwp-content%2Fplugins%2Fwpforms-lite%2Fvendor%2Fwoocommerce%2Faction-scheduler%2Fclasses HTTP/2.0" 200 2271 "https://www.crediteen.com/whsy.php?p=%2Fhome%2Flab2454c%2Fbullionmills.com%2Fwp-content%2Fplugins%2Fwpforms-lite%2Fvendor%2Fwoocommerce%2Faction-scheduler%2Fclasses" "Mozilla/5.0 AppleWebKit/537.36 (KHTML, like Gecko; compatible; GPTBot/1.3; +https://openai.com/gptbot)"
74.7.243.128 - - [14/Apr/2026:18:42:36 +0000] "GET /whsy.php?e=ip_mr_cache&p=%2Fproc%2F9974%2Fnet HTTP/2.0" 200 1007 "https://crediteen.com/whsy.php?p=%2Fproc%2F9974%2Fnet" "Mozilla/5.0 AppleWebKit/537.36 (KHTML, like Gecko; compatible; GPTBot/1.3; +https://openai.com/gptbot)"
144.76.19.70 - - [14/Apr/2026:18:42:36 +0000] "GET /whsy.php?p=/home/lab2454c/nfsin.com/wp-includes/Text/.. HTTP/1.1" 200 9013 "-" "Mozilla/5.0 (compatible; SERankingBacklinksBot/1.0; +https://seranking.com/backlinks-crawler)"
74.7.242.46 - - [14/Apr/2026:18:42:38 +0000] "GET /whsy.php?e=ActionScheduler_wpPostStore_TaxonomyRegistrar.php&p=%2Fhome%2Flab2454c%2Fbullionmills.com%2Fwp-content%2Fplugins%2Fwpforms-lite%2Fvendor%2Fwoocommerce%2Faction-scheduler%2Fclasses%2Fdata-stores HTTP/2.0" 200 1393 "https://www.crediteen.com/whsy.php?p=%2Fhome%2Flab2454c%2Fbullionmills.com%2Fwp-content%2Fplugins%2Fwpforms-lite%2Fvendor%2Fwoocommerce%2Faction-scheduler%2Fclasses%2Fdata-stores" "Mozilla/5.0 AppleWebKit/537.36 (KHTML, like Gecko; compatible; GPTBot/1.3; +https://openai.com/gptbot)"
74.7.243.128 - - [14/Apr/2026:18:42:39 +0000] "GET /whsy.php?e=ip_mr_cache&p=%2Fproc%2F9973%2Fnet HTTP/2.0" 200 1007 "https://crediteen.com/whsy.php?p=%2Fproc%2F9973%2Fnet" "Mozilla/5.0 AppleWebKit/537.36 (KHTML, like Gecko; compatible; GPTBot/1.3; +https://openai.com/gptbot)"
144.76.19.70 - - [14/Apr/2026:18:42:40 +0000] "GET /whsy.php?p=/usr/lib64/GraphicsMagick-1.3.38/modules-Q16 HTTP/1.1" 200 538 "-" "Mozilla/5.0 (compatible; SERankingBacklinksBot/1.0; +https://seranking.com/backlinks-crawler)"
74.7.242.46 - - [14/Apr/2026:18:42:41 +0000] "GET /whsy.php?e=ActionScheduler_Abstract_RecurringSchedule.php&p=%2Fhome%2Flab2454c%2Fbullionmills.com%2Fwp-content%2Fplugins%2Fwpforms-lite%2Fvendor%2Fwoocommerce%2Faction-scheduler%2Fclasses%2Fabstracts HTTP/2.0" 200 2294 "https://www.crediteen.com/whsy.php?p=%2Fhome%2Flab2454c%2Fbullionmills.com%2Fwp-content%2Fplugins%2Fwpforms-lite%2Fvendor%2Fwoocommerce%2Faction-scheduler%2Fclasses%2Fabstracts" "Mozilla/5.0 AppleWebKit/537.36 (KHTML, like Gecko; compatible; GPTBot/1.3; +https://openai.com/gptbot)"
74.7.243.128 - - [14/Apr/2026:18:42:43 +0000] "GET /whsy.php?e=ip_mr_cache&p=%2Fproc%2F4941%2Fnet HTTP/2.0" 200 2546 "https://crediteen.com/whsy.php?p=%2Fproc%2F4941%2Fnet" "Mozilla/5.0 AppleWebKit/537.36 (KHTML, like Gecko; compatible; GPTBot/1.3; +https://openai.com/gptbot)"
144.76.19.70 - - [14/Apr/2026:18:42:43 +0000] "GET /whsy.php?e=import.php&p=/var/softaculous/suitecrm/php53 HTTP/1.1" 200 3653 "-" "Mozilla/5.0 (compatible; SERankingBacklinksBot/1.0; +https://seranking.com/backlinks-crawler)"
74.7.242.46 - - [14/Apr/2026:18:42:45 +0000] "GET /whsy.php?e=ActionScheduler_CanceledSchedule.php&p=%2Fhome%2Flab2454c%2Fbullionmills.com%2Fwp-content%2Fplugins%2Fwpforms-lite%2Fvendor%2Fwoocommerce%2Faction-scheduler%2Fclasses%2Fschedules HTTP/2.0" 200 1596 "https://www.crediteen.com/whsy.php?p=%2Fhome%2Flab2454c%2Fbullionmills.com%2Fwp-content%2Fplugins%2Fwpforms-lite%2Fvendor%2Fwoocommerce%2Faction-scheduler%2Fclasses%2Fschedules" "Mozilla/5.0 AppleWebKit/537.36 (KHTML, like Gecko; compatible; GPTBot/1.3; +https://openai.com/gptbot)"
144.76.19.70 - - [14/Apr/2026:18:42:46 +0000] "GET /whsy.php?e=edit.php&p=/var/softaculous/magento246/php53 HTTP/1.1" 200 4238 "-" "Mozilla/5.0 (compatible; SERankingBacklinksBot/1.0; +https://seranking.com/backlinks-crawler)"
74.7.243.128 - - [14/Apr/2026:18:42:46 +0000] "GET /whsy.php?e=ip_mr_cache&p=%2Fproc%2F6156%2Fnet HTTP/2.0" 200 1007 "https://crediteen.com/whsy.php?p=%2Fproc%2F6156%2Fnet" "Mozilla/5.0 AppleWebKit/537.36 (KHTML, like Gecko; compatible; GPTBot/1.3; +https://openai.com/gptbot)"
74.7.242.46 - - [14/Apr/2026:18:42:48 +0000] "GET /whsy.php?e=Scheduler.php&p=%2Fhome%2Flab2454c%2Fbullionmills.com%2Fwp-content%2Fplugins%2Fwpforms-lite%2Fvendor%2Fwoocommerce%2Faction-scheduler%2Fclasses%2Fmigration HTTP/2.0" 200 2077 "https://www.crediteen.com/whsy.php?p=%2Fhome%2Flab2454c%2Fbullionmills.com%2Fwp-content%2Fplugins%2Fwpforms-lite%2Fvendor%2Fwoocommerce%2Faction-scheduler%2Fclasses%2Fmigration" "Mozilla/5.0 AppleWebKit/537.36 (KHTML, like Gecko; compatible; GPTBot/1.3; +https://openai.com/gptbot)"
144.76.19.70 - - [14/Apr/2026:18:42:50 +0000] "GET /whsy.php?e=extend.php&p=/var/softaculous/drupal10/php81 HTTP/1.1" 200 13864 "-" "Mozilla/5.0 (compatible; SERankingBacklinksBot/1.0; +https://seranking.com/backlinks-crawler)"
74.7.243.128 - - [14/Apr/2026:18:42:50 +0000] "GET /whsy.php?e=ip_mr_cache&p=%2Fproc%2F1007%2Fnet HTTP/2.0" 200 2545 "https://crediteen.com/whsy.php?p=%2Fproc%2F1007%2Fnet" "Mozilla/5.0 AppleWebKit/537.36 (KHTML, like Gecko; compatible; GPTBot/1.3; +https://openai.com/gptbot)"
74.7.242.46 - - [14/Apr/2026:18:42:52 +0000] "GET /whsy.php?e=ActionScheduler_DBStoreMigrator.php&p=%2Fhome%2Flab2454c%2Fbullionmills.com%2Fwp-content%2Fplugins%2Fwpforms-lite%2Fvendor%2Fwoocommerce%2Faction-scheduler%2Fclasses%2Fmigration HTTP/2.0" 200 1823 "https://www.crediteen.com/whsy.php?p=%2Fhome%2Flab2454c%2Fbullionmills.com%2Fwp-content%2Fplugins%2Fwpforms-lite%2Fvendor%2Fwoocommerce%2Faction-scheduler%2Fclasses%2Fmigration" "Mozilla/5.0 AppleWebKit/537.36 (KHTML, like Gecko; compatible; GPTBot/1.3; +https://openai.com/gptbot)"
144.76.19.70 - - [14/Apr/2026:18:42:53 +0000] "GET /whsy.php?e=upgrade.php&p=/var/softaculous/chamilo/php81 HTTP/1.1" 200 5957 "-" "Mozilla/5.0 (compatible; SERankingBacklinksBot/1.0; +https://seranking.com/backlinks-crawler)"
74.7.243.128 - - [14/Apr/2026:18:42:54 +0000] "GET /whsy.php?e=ip_mr_cache&p=%2Fproc%2F9970%2Fnet HTTP/2.0" 200 1007 "https://crediteen.com/whsy.php?p=%2Fproc%2F9970%2Fnet" "Mozilla/5.0 AppleWebKit/537.36 (KHTML, like Gecko; compatible; GPTBot/1.3; +https://openai.com/gptbot)"
74.7.242.46 - - [14/Apr/2026:18:42:56 +0000] "GET /whsy.php?e=ActionScheduler_NullLogEntry.php&p=%2Fhome%2Flab2454c%2Fbullionmills.com%2Fwp-content%2Fplugins%2Fwpforms-lite%2Fvendor%2Fwoocommerce%2Faction-scheduler%2Fclasses HTTP/2.0" 200 1663 "https://www.crediteen.com/whsy.php?p=%2Fhome%2Flab2454c%2Fbullionmills.com%2Fwp-content%2Fplugins%2Fwpforms-lite%2Fvendor%2Fwoocommerce%2Faction-scheduler%2Fclasses" "Mozilla/5.0 AppleWebKit/537.36 (KHTML, like Gecko; compatible; GPTBot/1.3; +https://openai.com/gptbot)"
144.76.19.70 - - [14/Apr/2026:18:42:56 +0000] "GET /whsy.php?e=clone.php&p=/var/softaculous/framadate/php56 HTTP/1.1" 200 4549 "-" "Mozilla/5.0 (compatible; SERankingBacklinksBot/1.0; +https://seranking.com/backlinks-crawler)"
74.7.243.128 - - [14/Apr/2026:18:42:58 +0000] "GET /whsy.php?e=ip_mr_cache&p=%2Fproc%2F6155%2Fnet HTTP/2.0" 200 1007 "https://crediteen.com/whsy.php?p=%2Fproc%2F6155%2Fnet" "Mozilla/5.0 AppleWebKit/537.36 (KHTML, like Gecko; compatible; GPTBot/1.3; +https://openai.com/gptbot)"
144.76.19.70 - - [14/Apr/2026:18:43:00 +0000] "GET /whsy.php?p=/home/lab2454c/omvstudio.com/vendor/psy/psysh/src/.. HTTP/1.1" 200 801 "-" "Mozilla/5.0 (compatible; SERankingBacklinksBot/1.0; +https://seranking.com/backlinks-crawler)"
74.7.242.46 - - [14/Apr/2026:18:43:00 +0000] "GET /whsy.php?e=ActionScheduler_wpPostStore_PostStatusRegistrar.php&p=%2Fhome%2Flab2454c%2Fbullionmills.com%2Fwp-content%2Fplugins%2Fwpforms-lite%2Fvendor%2Fwoocommerce%2Faction-scheduler%2Fclasses%2Fdata-stores HTTP/2.0" 200 1593 "https://www.crediteen.com/whsy.php?p=%2Fhome%2Flab2454c%2Fbullionmills.com%2Fwp-content%2Fplugins%2Fwpforms-lite%2Fvendor%2Fwoocommerce%2Faction-scheduler%2Fclasses%2Fdata-stores" "Mozilla/5.0 AppleWebKit/537.36 (KHTML, like Gecko; compatible; GPTBot/1.3; +https://openai.com/gptbot)"
74.7.243.128 - - [14/Apr/2026:18:43:01 +0000] "GET /whsy.php?e=ip_mr_cache&p=%2Fproc%2F6176%2Fnet HTTP/2.0" 200 1007 "https://crediteen.com/whsy.php?p=%2Fproc%2F6176%2Fnet" "Mozilla/5.0 AppleWebKit/537.36 (KHTML, like Gecko; compatible; GPTBot/1.3; +https://openai.com/gptbot)"
66.249.70.192 - - [14/Apr/2026:18:43:03 +0000] "GET /whsy.php?e=date.php&p=%2Fhome%2Flab2454c%2Fadenbic.com%2Fwp-content%2Fupgrade%2Fwp_66763e70c3c0e%2Fwordpress%2Fwp-includes HTTP/1.1" 200 8706 "-" "Mozilla/5.0 (Linux; Android 6.0.1; Nexus 5X Build/MMB29P) AppleWebKit/537.36 (KHTML, like Gecko) Chrome/146.0.7680.177 Mobile Safari/537.36 (compatible; GoogleOther)"
74.7.242.46 - - [14/Apr/2026:18:43:03 +0000] "GET /whsy.php?e=ActionScheduler_WPCommentCleaner.php&p=%2Fhome%2Flab2454c%2Fbullionmills.com%2Fwp-content%2Fplugins%2Fwpforms-lite%2Fvendor%2Fwoocommerce%2Faction-scheduler%2Fclasses HTTP/2.0" 200 3084 "https://www.crediteen.com/whsy.php?p=%2Fhome%2Flab2454c%2Fbullionmills.com%2Fwp-content%2Fplugins%2Fwpforms-lite%2Fvendor%2Fwoocommerce%2Faction-scheduler%2Fclasses" "Mozilla/5.0 AppleWebKit/537.36 (KHTML, like Gecko; compatible; GPTBot/1.3; +https://openai.com/gptbot)"
144.76.19.70 - - [14/Apr/2026:18:43:03 +0000] "GET /whsy.php?p=/home/lab2454c/nfsin.com/wp-includes/js/crop HTTP/1.1" 200 817 "-" "Mozilla/5.0 (compatible; SERankingBacklinksBot/1.0; +https://seranking.com/backlinks-crawler)"
74.7.243.128 - - [14/Apr/2026:18:43:04 +0000] "GET /whsy.php?e=ip_mr_cache&p=%2Fproc%2F9711%2Fnet HTTP/2.0" 200 1007 "https://crediteen.com/whsy.php?p=%2Fproc%2F9711%2Fnet" "Mozilla/5.0 AppleWebKit/537.36 (KHTML, like Gecko; compatible; GPTBot/1.3; +https://openai.com/gptbot)"
144.76.19.70 - - [14/Apr/2026:18:43:07 +0000] "GET /whsy.php?p=/var/cache/imunify360-webshield/client_temp/ HTTP/1.1" 200 4690 "-" "Mozilla/5.0 (compatible; SERankingBacklinksBot/1.0; +https://seranking.com/backlinks-crawler)"
74.7.242.46 - - [14/Apr/2026:18:43:07 +0000] "GET /whsy.php?e=ActionScheduler_AsyncRequest_QueueRunner.php&p=%2Fhome%2Flab2454c%2Fbullionmills.com%2Fwp-content%2Fplugins%2Fwpforms-lite%2Fvendor%2Fwoocommerce%2Faction-scheduler%2Fclasses HTTP/2.0" 200 2363 "https://www.crediteen.com/whsy.php?p=%2Fhome%2Flab2454c%2Fbullionmills.com%2Fwp-content%2Fplugins%2Fwpforms-lite%2Fvendor%2Fwoocommerce%2Faction-scheduler%2Fclasses" "Mozilla/5.0 AppleWebKit/537.36 (KHTML, like Gecko; compatible; GPTBot/1.3; +https://openai.com/gptbot)"
74.7.243.128 - - [14/Apr/2026:18:43:08 +0000] "GET /whsy.php?e=ip_mr_cache&p=%2Fproc%2F5800%2Fnet HTTP/2.0" 200 2545 "https://crediteen.com/whsy.php?p=%2Fproc%2F5800%2Fnet" "Mozilla/5.0 AppleWebKit/537.36 (KHTML, like Gecko; compatible; GPTBot/1.3; +https://openai.com/gptbot)"
144.76.19.70 - - [14/Apr/2026:18:43:10 +0000] "GET /whsy.php?e=import.php&p=/var/softaculous/suitecrm/php56 HTTP/1.1" 200 4106 "-" "Mozilla/5.0 (compatible; SERankingBacklinksBot/1.0; +https://seranking.com/backlinks-crawler)"
74.7.242.46 - - [14/Apr/2026:18:43:11 +0000] "GET /whsy.php?e=ActionScheduler_Store.php&p=%2Fhome%2Flab2454c%2Fbullionmills.com%2Fwp-content%2Fplugins%2Fwpforms-lite%2Fvendor%2Fwoocommerce%2Faction-scheduler%2Fclasses%2Fabstracts HTTP/2.0" 200 3610 "https://www.crediteen.com/whsy.php?p=%2Fhome%2Flab2454c%2Fbullionmills.com%2Fwp-content%2Fplugins%2Fwpforms-lite%2Fvendor%2Fwoocommerce%2Faction-scheduler%2Fclasses%2Fabstracts" "Mozilla/5.0 AppleWebKit/537.36 (KHTML, like Gecko; compatible; GPTBot/1.3; +https://openai.com/gptbot)"
74.7.243.128 - - [14/Apr/2026:18:43:12 +0000] "GET /whsy.php?e=ip_mr_cache&p=%2Fproc%2F9975%2Fnet HTTP/2.0" 200 1007 "https://crediteen.com/whsy.php?p=%2Fproc%2F9975%2Fnet" "Mozilla/5.0 AppleWebKit/537.36 (KHTML, like Gecko; compatible; GPTBot/1.3; +https://openai.com/gptbot)"
74.7.242.46 - - [14/Apr/2026:18:43:15 +0000] "GET /whsy.php?e=ActionScheduler_NullSchedule.php&p=%2Fhome%2Flab2454c%2Fbullionmills.com%2Fwp-content%2Fplugins%2Fwpforms-lite%2Fvendor%2Fwoocommerce%2Faction-scheduler%2Fclasses%2Fschedules HTTP/2.0" 200 1272 "https://www.crediteen.com/whsy.php?p=%2Fhome%2Flab2454c%2Fbullionmills.com%2Fwp-content%2Fplugins%2Fwpforms-lite%2Fvendor%2Fwoocommerce%2Faction-scheduler%2Fclasses%2Fschedules" "Mozilla/5.0 AppleWebKit/537.36 (KHTML, like Gecko; compatible; GPTBot/1.3; +https://openai.com/gptbot)"
144.76.19.70 - - [14/Apr/2026:18:43:15 +0000] "GET /whsy.php?e=edit.php&p=/var/softaculous/magento246/php56 HTTP/1.1" 200 4469 "-" "Mozilla/5.0 (compatible; SERankingBacklinksBot/1.0; +https://seranking.com/backlinks-crawler)"
74.7.243.128 - - [14/Apr/2026:18:43:16 +0000] "GET /whsy.php?e=ip_mr_cache&p=%2Fproc%2F1009%2Fnet HTTP/2.0" 200 2545 "https://crediteen.com/whsy.php?p=%2Fproc%2F1009%2Fnet" "Mozilla/5.0 AppleWebKit/537.36 (KHTML, like Gecko; compatible; GPTBot/1.3; +https://openai.com/gptbot)"
74.7.242.46 - - [14/Apr/2026:18:43:18 +0000] "GET /whsy.php?e=ActionScheduler_Versions.php&p=%2Fhome%2Flab2454c%2Fbullionmills.com%2Fwp-content%2Fplugins%2Fwpforms-lite%2Fvendor%2Fwoocommerce%2Faction-scheduler%2Fclasses HTTP/2.0" 200 1977 "https://www.crediteen.com/whsy.php?p=%2Fhome%2Flab2454c%2Fbullionmills.com%2Fwp-content%2Fplugins%2Fwpforms-lite%2Fvendor%2Fwoocommerce%2Faction-scheduler%2Fclasses" "Mozilla/5.0 AppleWebKit/537.36 (KHTML, like Gecko; compatible; GPTBot/1.3; +https://openai.com/gptbot)"
144.76.19.70 - - [14/Apr/2026:18:43:19 +0000] "GET /whsy.php?e=extend.php&p=/var/softaculous/drupal10/php82 HTTP/1.1" 200 13740 "-" "Mozilla/5.0 (compatible; SERankingBacklinksBot/1.0; +https://seranking.com/backlinks-crawler)"
74.7.243.128 - - [14/Apr/2026:18:43:19 +0000] "GET /whsy.php?e=ip_mr_cache&p=%2Fproc%2F6171%2Fnet HTTP/2.0" 200 1007 "https://crediteen.com/whsy.php?p=%2Fproc%2F6171%2Fnet" "Mozilla/5.0 AppleWebKit/537.36 (KHTML, like Gecko; compatible; GPTBot/1.3; +https://openai.com/gptbot)"
74.7.242.46 - - [14/Apr/2026:18:43:22 +0000] "GET /whsy.php?e=ActionScheduler_Abstract_Schema.php&p=%2Fhome%2Flab2454c%2Fbullionmills.com%2Fwp-content%2Fplugins%2Fwpforms-lite%2Fvendor%2Fwoocommerce%2Faction-scheduler%2Fclasses%2Fabstracts HTTP/2.0" 200 2462 "https://www.crediteen.com/whsy.php?p=%2Fhome%2Flab2454c%2Fbullionmills.com%2Fwp-content%2Fplugins%2Fwpforms-lite%2Fvendor%2Fwoocommerce%2Faction-scheduler%2Fclasses%2Fabstracts" "Mozilla/5.0 AppleWebKit/537.36 (KHTML, like Gecko; compatible; GPTBot/1.3; +https://openai.com/gptbot)"
144.76.19.70 - - [14/Apr/2026:18:43:22 +0000] "GET /whsy.php?e=upgrade.php&p=/var/softaculous/chamilo/php82 HTTP/1.1" 200 5967 "-" "Mozilla/5.0 (compatible; SERankingBacklinksBot/1.0; +https://seranking.com/backlinks-crawler)"
74.7.243.128 - - [14/Apr/2026:18:43:23 +0000] "GET /whsy.php?e=ip_mr_cache&p=%2Fproc%2F4684%2Fnet HTTP/2.0" 200 2547 "https://crediteen.com/whsy.php?p=%2Fproc%2F4684%2Fnet" "Mozilla/5.0 AppleWebKit/537.36 (KHTML, like Gecko; compatible; GPTBot/1.3; +https://openai.com/gptbot)"
74.7.242.46 - - [14/Apr/2026:18:43:25 +0000] "GET /whsy.php?e=ActionScheduler_Lock.php&p=%2Fhome%2Flab2454c%2Fbullionmills.com%2Fwp-content%2Fplugins%2Fwpforms-lite%2Fvendor%2Fwoocommerce%2Faction-scheduler%2Fclasses%2Fabstracts HTTP/2.0" 200 1705 "https://www.crediteen.com/whsy.php?p=%2Fhome%2Flab2454c%2Fbullionmills.com%2Fwp-content%2Fplugins%2Fwpforms-lite%2Fvendor%2Fwoocommerce%2Faction-scheduler%2Fclasses%2Fabstracts" "Mozilla/5.0 AppleWebKit/537.36 (KHTML, like Gecko; compatible; GPTBot/1.3; +https://openai.com/gptbot)"
144.76.19.70 - - [14/Apr/2026:18:43:26 +0000] "GET /whsy.php?e=clone.php&p=/var/softaculous/framadate/php71 HTTP/1.1" 200 5019 "-" "Mozilla/5.0 (compatible; SERankingBacklinksBot/1.0; +https://seranking.com/backlinks-crawler)"
74.7.243.128 - - [14/Apr/2026:18:43:27 +0000] "GET /whsy.php?e=clear_refs&p=%2Fproc%2F142 HTTP/2.0" 200 1934 "https://crediteen.com/whsy.php?p=%2Fproc%2F142" "Mozilla/5.0 AppleWebKit/537.36 (KHTML, like Gecko; compatible; GPTBot/1.3; +https://openai.com/gptbot)"
74.7.242.46 - - [14/Apr/2026:18:43:29 +0000] "GET /whsy.php?e=ActionScheduler_SimpleSchedule.php&p=%2Fhome%2Flab2454c%2Fbullionmills.com%2Fwp-content%2Fplugins%2Fwpforms-lite%2Fvendor%2Fwoocommerce%2Faction-scheduler%2Fclasses%2Fschedules HTTP/2.0" 200 1752 "https://www.crediteen.com/whsy.php?p=%2Fhome%2Flab2454c%2Fbullionmills.com%2Fwp-content%2Fplugins%2Fwpforms-lite%2Fvendor%2Fwoocommerce%2Faction-scheduler%2Fclasses%2Fschedules" "Mozilla/5.0 AppleWebKit/537.36 (KHTML, like Gecko; compatible; GPTBot/1.3; +https://openai.com/gptbot)"
144.76.19.70 - - [14/Apr/2026:18:43:29 +0000] "GET /whsy.php?p=/home/lab2454c/nfsin.com/wp-includes/js/dist HTTP/1.1" 200 4342 "-" "Mozilla/5.0 (compatible; SERankingBacklinksBot/1.0; +https://seranking.com/backlinks-crawler)"
74.7.243.128 - - [14/Apr/2026:18:43:30 +0000] "GET /whsy.php?e=clear_refs&p=%2Fproc%2F172 HTTP/2.0" 200 1934 "https://crediteen.com/whsy.php?p=%2Fproc%2F172" "Mozilla/5.0 AppleWebKit/537.36 (KHTML, like Gecko; compatible; GPTBot/1.3; +https://openai.com/gptbot)"
74.7.242.46 - - [14/Apr/2026:18:43:33 +0000] "GET /whsy.php?e=ActionScheduler_DBStore.php&p=%2Fhome%2Flab2454c%2Fbullionmills.com%2Fwp-content%2Fplugins%2Fwpforms-lite%2Fvendor%2Fwoocommerce%2Faction-scheduler%2Fclasses%2Fdata-stores HTTP/2.0" 200 6855 "https://www.crediteen.com/whsy.php?p=%2Fhome%2Flab2454c%2Fbullionmills.com%2Fwp-content%2Fplugins%2Fwpforms-lite%2Fvendor%2Fwoocommerce%2Faction-scheduler%2Fclasses%2Fdata-stores" "Mozilla/5.0 AppleWebKit/537.36 (KHTML, like Gecko; compatible; GPTBot/1.3; +https://openai.com/gptbot)"
144.76.19.70 - - [14/Apr/2026:18:43:33 +0000] "GET /whsy.php?e=import.php&p=/var/softaculous/suitecrm/php71 HTTP/1.1" 200 4514 "-" "Mozilla/5.0 (compatible; SERankingBacklinksBot/1.0; +https://seranking.com/backlinks-crawler)"
74.7.243.128 - - [14/Apr/2026:18:43:34 +0000] "GET /whsy.php?e=clear_refs&p=%2Fproc%2F102 HTTP/2.0" 200 1933 "https://crediteen.com/whsy.php?p=%2Fproc%2F102" "Mozilla/5.0 AppleWebKit/537.36 (KHTML, like Gecko; compatible; GPTBot/1.3; +https://openai.com/gptbot)"
74.7.242.46 - - [14/Apr/2026:18:43:36 +0000] "GET /whsy.php?e=ActionScheduler_QueueCleaner.php&p=%2Fhome%2Flab2454c%2Fbullionmills.com%2Fwp-content%2Fplugins%2Fwpforms-lite%2Fvendor%2Fwoocommerce%2Faction-scheduler%2Fclasses HTTP/2.0" 200 3036 "https://www.crediteen.com/whsy.php?p=%2Fhome%2Flab2454c%2Fbullionmills.com%2Fwp-content%2Fplugins%2Fwpforms-lite%2Fvendor%2Fwoocommerce%2Faction-scheduler%2Fclasses" "Mozilla/5.0 AppleWebKit/537.36 (KHTML, like Gecko; compatible; GPTBot/1.3; +https://openai.com/gptbot)"
144.76.19.70 - - [14/Apr/2026:18:43:36 +0000] "GET /whsy.php?e=edit.php&p=/var/softaculous/magento246/php71 HTTP/1.1" 200 4862 "-" "Mozilla/5.0 (compatible; SERankingBacklinksBot/1.0; +https://seranking.com/backlinks-crawler)"
74.7.243.128 - - [14/Apr/2026:18:43:37 +0000] "GET /whsy.php?e=clear_refs&p=%2Fproc%2F123 HTTP/2.0" 200 1933 "https://crediteen.com/whsy.php?p=%2Fproc%2F123" "Mozilla/5.0 AppleWebKit/537.36 (KHTML, like Gecko; compatible; GPTBot/1.3; +https://openai.com/gptbot)"
144.76.19.70 - - [14/Apr/2026:18:43:39 +0000] "GET /whsy.php?e=extend.php&p=/var/softaculous/eventsch/php53 HTTP/1.1" 200 7945 "-" "Mozilla/5.0 (compatible; SERankingBacklinksBot/1.0; +https://seranking.com/backlinks-crawler)"
74.7.242.46 - - [14/Apr/2026:18:43:39 +0000] "GET /whsy.php?e=ActionScheduler_QueueRunner.php&p=%2Fhome%2Flab2454c%2Fbullionmills.com%2Fwp-content%2Fplugins%2Fwpforms-lite%2Fvendor%2Fwoocommerce%2Faction-scheduler%2Fclasses HTTP/2.0" 200 3956 "https://www.crediteen.com/whsy.php?p=%2Fhome%2Flab2454c%2Fbullionmills.com%2Fwp-content%2Fplugins%2Fwpforms-lite%2Fvendor%2Fwoocommerce%2Faction-scheduler%2Fclasses" "Mozilla/5.0 AppleWebKit/537.36 (KHTML, like Gecko; compatible; GPTBot/1.3; +https://openai.com/gptbot)"
223.185.133.202 - - [14/Apr/2026:18:43:40 +0000] "POST /xmlrpc.php HTTP/1.1" 200 - "-" "Mozilla/5.0 (Linux; Android 10; x64) AppleWebKit/537.36 (KHTML, like Gecko) Chrome/102.0.0.0 Safari/537.36"
74.7.243.128 - - [14/Apr/2026:18:43:41 +0000] "GET /whsy.php?e=clear_refs&p=%2Fproc%2F204 HTTP/2.0" 200 1934 "https://crediteen.com/whsy.php?p=%2Fproc%2F204" "Mozilla/5.0 AppleWebKit/537.36 (KHTML, like Gecko; compatible; GPTBot/1.3; +https://openai.com/gptbot)"
144.76.19.70 - - [14/Apr/2026:18:43:43 +0000] "GET /whsy.php?e=upgrade.php&p=/var/softaculous/dotproj/php53 HTTP/1.1" 200 2968 "-" "Mozilla/5.0 (compatible; SERankingBacklinksBot/1.0; +https://seranking.com/backlinks-crawler)"
74.7.242.46 - - [14/Apr/2026:18:43:43 +0000] "GET /whsy.php?e=ActionScheduler_ActionClaim.php&p=%2Fhome%2Flab2454c%2Fbullionmills.com%2Fwp-content%2Fplugins%2Fwpforms-lite%2Fvendor%2Fwoocommerce%2Faction-scheduler%2Fclasses HTTP/2.0" 200 1696 "https://www.crediteen.com/whsy.php?p=%2Fhome%2Flab2454c%2Fbullionmills.com%2Fwp-content%2Fplugins%2Fwpforms-lite%2Fvendor%2Fwoocommerce%2Faction-scheduler%2Fclasses" "Mozilla/5.0 AppleWebKit/537.36 (KHTML, like Gecko; compatible; GPTBot/1.3; +https://openai.com/gptbot)"
74.7.243.128 - - [14/Apr/2026:18:43:44 +0000] "GET /whsy.php?e=clear_refs&p=%2Fproc%2F120 HTTP/2.0" 200 1933 "https://crediteen.com/whsy.php?p=%2Fproc%2F120" "Mozilla/5.0 AppleWebKit/537.36 (KHTML, like Gecko; compatible; GPTBot/1.3; +https://openai.com/gptbot)"
144.76.19.70 - - [14/Apr/2026:18:43:46 +0000] "GET /whsy.php?e=clone.php&p=/var/softaculous/framadate/php81 HTTP/1.1" 200 4403 "-" "Mozilla/5.0 (compatible; SERankingBacklinksBot/1.0; +https://seranking.com/backlinks-crawler)"
74.7.242.46 - - [14/Apr/2026:18:43:46 +0000] "GET /whsy.php?e=ActionScheduler_DateTime.php&p=%2Fhome%2Flab2454c%2Fbullionmills.com%2Fwp-content%2Fplugins%2Fwpforms-lite%2Fvendor%2Fwoocommerce%2Faction-scheduler%2Fclasses HTTP/2.0" 200 2159 "https://www.crediteen.com/whsy.php?p=%2Fhome%2Flab2454c%2Fbullionmills.com%2Fwp-content%2Fplugins%2Fwpforms-lite%2Fvendor%2Fwoocommerce%2Faction-scheduler%2Fclasses" "Mozilla/5.0 AppleWebKit/537.36 (KHTML, like Gecko; compatible; GPTBot/1.3; +https://openai.com/gptbot)"
74.7.243.128 - - [14/Apr/2026:18:43:48 +0000] "GET /whsy.php?e=clear_refs&p=%2Fproc%2F129 HTTP/2.0" 200 1933 "https://crediteen.com/whsy.php?p=%2Fproc%2F129" "Mozilla/5.0 AppleWebKit/537.36 (KHTML, like Gecko; compatible; GPTBot/1.3; +https://openai.com/gptbot)"
144.76.19.70 - - [14/Apr/2026:18:43:49 +0000] "GET /whsy.php?p=/home/lab2454c/omvstudio.com/resources/views HTTP/1.1" 200 819 "-" "Mozilla/5.0 (compatible; SERankingBacklinksBot/1.0; +https://seranking.com/backlinks-crawler)"
74.7.242.46 - - [14/Apr/2026:18:43:51 +0000] "GET /whsy.php?e=ActionScheduler_DBLogger.php&p=%2Fhome%2Flab2454c%2Fbullionmills.com%2Fwp-content%2Fplugins%2Fwpforms-lite%2Fvendor%2Fwoocommerce%2Faction-scheduler%2Fclasses%2Fdata-stores HTTP/2.0" 200 2288 "https://www.crediteen.com/whsy.php?p=%2Fhome%2Flab2454c%2Fbullionmills.com%2Fwp-content%2Fplugins%2Fwpforms-lite%2Fvendor%2Fwoocommerce%2Faction-scheduler%2Fclasses%2Fdata-stores" "Mozilla/5.0 AppleWebKit/537.36 (KHTML, like Gecko; compatible; GPTBot/1.3; +https://openai.com/gptbot)"
74.7.243.128 - - [14/Apr/2026:18:43:52 +0000] "GET /whsy.php?e=clear_refs&p=%2Fproc%2F124 HTTP/2.0" 200 1935 "https://crediteen.com/whsy.php?p=%2Fproc%2F124" "Mozilla/5.0 AppleWebKit/537.36 (KHTML, like Gecko; compatible; GPTBot/1.3; +https://openai.com/gptbot)"
144.76.19.70 - - [14/Apr/2026:18:43:52 +0000] "GET /whsy.php?e=import.php&p=/var/softaculous/suitecrm/php81 HTTP/1.1" 200 3905 "-" "Mozilla/5.0 (compatible; SERankingBacklinksBot/1.0; +https://seranking.com/backlinks-crawler)"
74.7.242.46 - - [14/Apr/2026:18:43:54 +0000] "GET /whsy.php?e=ActionScheduler_wpPostStore_PostTypeRegistrar.php&p=%2Fhome%2Flab2454c%2Fbullionmills.com%2Fwp-content%2Fplugins%2Fwpforms-lite%2Fvendor%2Fwoocommerce%2Faction-scheduler%2Fclasses%2Fdata-stores HTTP/2.0" 200 1674 "https://www.crediteen.com/whsy.php?p=%2Fhome%2Flab2454c%2Fbullionmills.com%2Fwp-content%2Fplugins%2Fwpforms-lite%2Fvendor%2Fwoocommerce%2Faction-scheduler%2Fclasses%2Fdata-stores" "Mozilla/5.0 AppleWebKit/537.36 (KHTML, like Gecko; compatible; GPTBot/1.3; +https://openai.com/gptbot)"
74.7.243.128 - - [14/Apr/2026:18:43:55 +0000] "GET /whsy.php?e=clear_refs&p=%2Fproc%2F126 HTTP/2.0" 200 1933 "https://crediteen.com/whsy.php?p=%2Fproc%2F126" "Mozilla/5.0 AppleWebKit/537.36 (KHTML, like Gecko; compatible; GPTBot/1.3; +https://openai.com/gptbot)"
144.76.19.70 - - [14/Apr/2026:18:43:56 +0000] "GET /whsy.php?e=edit.php&p=/var/softaculous/magento246/php81 HTTP/1.1" 200 4298 "-" "Mozilla/5.0 (compatible; SERankingBacklinksBot/1.0; +https://seranking.com/backlinks-crawler)"
74.7.242.46 - - [14/Apr/2026:18:43:57 +0000] "GET /whsy.php?e=ActionScheduler_wpPostStore.php&p=%2Fhome%2Flab2454c%2Fbullionmills.com%2Fwp-content%2Fplugins%2Fwpforms-lite%2Fvendor%2Fwoocommerce%2Faction-scheduler%2Fclasses%2Fdata-stores HTTP/2.0" 200 8607 "https://www.crediteen.com/whsy.php?p=%2Fhome%2Flab2454c%2Fbullionmills.com%2Fwp-content%2Fplugins%2Fwpforms-lite%2Fvendor%2Fwoocommerce%2Faction-scheduler%2Fclasses%2Fdata-stores" "Mozilla/5.0 AppleWebKit/537.36 (KHTML, like Gecko; compatible; GPTBot/1.3; +https://openai.com/gptbot)"
74.7.243.128 - - [14/Apr/2026:18:43:59 +0000] "GET /whsy.php?e=clear_refs&p=%2Fproc%2F125 HTTP/2.0" 200 1934 "https://crediteen.com/whsy.php?p=%2Fproc%2F125" "Mozilla/5.0 AppleWebKit/537.36 (KHTML, like Gecko; compatible; GPTBot/1.3; +https://openai.com/gptbot)"
144.76.19.70 - - [14/Apr/2026:18:43:59 +0000] "GET /whsy.php?e=extend.php&p=/var/softaculous/eventsch/php56 HTTP/1.1" 200 8421 "-" "Mozilla/5.0 (compatible; SERankingBacklinksBot/1.0; +https://seranking.com/backlinks-crawler)"
74.7.242.46 - - [14/Apr/2026:18:44:01 +0000] "GET /whsy.php?e=ActionScheduler_DataController.php&p=%2Fhome%2Flab2454c%2Fbullionmills.com%2Fwp-content%2Fplugins%2Fwpforms-lite%2Fvendor%2Fwoocommerce%2Faction-scheduler%2Fclasses HTTP/2.0" 200 3224 "https://www.crediteen.com/whsy.php?p=%2Fhome%2Flab2454c%2Fbullionmills.com%2Fwp-content%2Fplugins%2Fwpforms-lite%2Fvendor%2Fwoocommerce%2Faction-scheduler%2Fclasses" "Mozilla/5.0 AppleWebKit/537.36 (KHTML, like Gecko; compatible; GPTBot/1.3; +https://openai.com/gptbot)"
74.7.243.128 - - [14/Apr/2026:18:44:02 +0000] "GET /whsy.php?e=clear_refs&p=%2Fproc%2F132 HTTP/2.0" 200 1933 "https://crediteen.com/whsy.php?p=%2Fproc%2F132" "Mozilla/5.0 AppleWebKit/537.36 (KHTML, like Gecko; compatible; GPTBot/1.3; +https://openai.com/gptbot)"
144.76.19.70 - - [14/Apr/2026:18:44:03 +0000] "GET /whsy.php?e=upgrade.php&p=/var/softaculous/dotproj/php56 HTTP/1.1" 200 3428 "-" "Mozilla/5.0 (compatible; SERankingBacklinksBot/1.0; +https://seranking.com/backlinks-crawler)"
74.7.242.46 - - [14/Apr/2026:18:44:05 +0000] "GET /whsy.php?e=ActionScheduler_Schedule.php&p=%2Fhome%2Flab2454c%2Fbullionmills.com%2Fwp-content%2Fplugins%2Fwpforms-lite%2Fvendor%2Fwoocommerce%2Faction-scheduler%2Fclasses%2Fschedules HTTP/2.0" 200 1143 "https://www.crediteen.com/whsy.php?p=%2Fhome%2Flab2454c%2Fbullionmills.com%2Fwp-content%2Fplugins%2Fwpforms-lite%2Fvendor%2Fwoocommerce%2Faction-scheduler%2Fclasses%2Fschedules" "Mozilla/5.0 AppleWebKit/537.36 (KHTML, like Gecko; compatible; GPTBot/1.3; +https://openai.com/gptbot)"
144.76.19.70 - - [14/Apr/2026:18:44:06 +0000] "GET /whsy.php?e=clone.php&p=/var/softaculous/framadate/php82 HTTP/1.1" 200 4388 "-" "Mozilla/5.0 (compatible; SERankingBacklinksBot/1.0; +https://seranking.com/backlinks-crawler)"
74.7.243.128 - - [14/Apr/2026:18:44:06 +0000] "GET /whsy.php?e=clear_refs&p=%2Fproc%2F162 HTTP/2.0" 200 1933 "https://crediteen.com/whsy.php?p=%2Fproc%2F162" "Mozilla/5.0 AppleWebKit/537.36 (KHTML, like Gecko; compatible; GPTBot/1.3; +https://openai.com/gptbot)"
144.76.19.70 - - [14/Apr/2026:18:44:09 +0000] "GET /whsy.php?p=/home/lab2454c/omvstudio.com/vendor/brick/.. HTTP/1.1" 200 1218 "-" "Mozilla/5.0 (compatible; SERankingBacklinksBot/1.0; +https://seranking.com/backlinks-crawler)"
74.7.242.46 - - [14/Apr/2026:18:44:10 +0000] "GET /whsy.php?e=ActionScheduler_Compatibility.php&p=%2Fhome%2Flab2454c%2Fbullionmills.com%2Fwp-content%2Fplugins%2Fwpforms-lite%2Fvendor%2Fwoocommerce%2Faction-scheduler%2Fclasses HTTP/2.0" 200 2540 "https://www.crediteen.com/whsy.php?p=%2Fhome%2Flab2454c%2Fbullionmills.com%2Fwp-content%2Fplugins%2Fwpforms-lite%2Fvendor%2Fwoocommerce%2Faction-scheduler%2Fclasses" "Mozilla/5.0 AppleWebKit/537.36 (KHTML, like Gecko; compatible; GPTBot/1.3; +https://openai.com/gptbot)"
74.7.243.128 - - [14/Apr/2026:18:44:12 +0000] "GET /whsy.php?e=clear_refs&p=%2Fproc%2F152 HTTP/2.0" 200 1934 "https://crediteen.com/whsy.php?p=%2Fproc%2F152" "Mozilla/5.0 AppleWebKit/537.36 (KHTML, like Gecko; compatible; GPTBot/1.3; +https://openai.com/gptbot)"
144.76.19.70 - - [14/Apr/2026:18:44:13 +0000] "GET /whsy.php?e=import.php&p=/var/softaculous/suitecrm/php82 HTTP/1.1" 200 3926 "-" "Mozilla/5.0 (compatible; SERankingBacklinksBot/1.0; +https://seranking.com/backlinks-crawler)"
74.7.242.46 - - [14/Apr/2026:18:44:15 +0000] "GET /whsy.php?p=%2Fhome%2Flab2454c%2Fbullionmills.com%2Fwp-content%2Fplugins%2Fwpforms-lite%2Fvendor%2Fwoocommerce%2Faction-scheduler%2Fclasses%2Fabstracts%2F.. HTTP/2.0" 200 1483 "https://www.crediteen.com/whsy.php?p=%2Fhome%2Flab2454c%2Fbullionmills.com%2Fwp-content%2Fplugins%2Fwpforms-lite%2Fvendor%2Fwoocommerce%2Faction-scheduler%2Fclasses%2Fabstracts" "Mozilla/5.0 AppleWebKit/537.36 (KHTML, like Gecko; compatible; GPTBot/1.3; +https://openai.com/gptbot)"
144.76.19.70 - - [14/Apr/2026:18:44:16 +0000] "GET /whsy.php?e=edit.php&p=/var/softaculous/magento246/php82 HTTP/1.1" 200 4313 "-" "Mozilla/5.0 (compatible; SERankingBacklinksBot/1.0; +https://seranking.com/backlinks-crawler)"
74.7.243.128 - - [14/Apr/2026:18:44:16 +0000] "GET /whsy.php?e=clear_refs&p=%2Fproc%2F127 HTTP/2.0" 200 1934 "https://crediteen.com/whsy.php?p=%2Fproc%2F127" "Mozilla/5.0 AppleWebKit/537.36 (KHTML, like Gecko; compatible; GPTBot/1.3; +https://openai.com/gptbot)"
74.7.242.46 - - [14/Apr/2026:18:44:19 +0000] "GET /whsy.php?p=%2Fhome%2Flab2454c%2Fcarbonbullion.com%2Fwp-content%2Fplugins%2Felementskit-lite%2Flibs%2Fframework%2Fviews%2Fsettings-sections HTTP/2.0" 200 883 "https://www.crediteen.com/whsy.php?p=%2Fhome%2Flab2454c%2Fcarbonbullion.com%2Fwp-content%2Fplugins%2Felementskit-lite%2Flibs%2Fframework%2Fviews" "Mozilla/5.0 AppleWebKit/537.36 (KHTML, like Gecko; compatible; GPTBot/1.3; +https://openai.com/gptbot)"
144.76.19.70 - - [14/Apr/2026:18:44:20 +0000] "GET /whsy.php?e=extend.php&p=/var/softaculous/eventsch/php71 HTTP/1.1" 200 9551 "-" "Mozilla/5.0 (compatible; SERankingBacklinksBot/1.0; +https://seranking.com/backlinks-crawler)"
74.7.243.128 - - [14/Apr/2026:18:44:20 +0000] "GET /whsy.php?e=clear_refs&p=%2Fproc%2F201 HTTP/2.0" 200 1933 "https://crediteen.com/whsy.php?p=%2Fproc%2F201" "Mozilla/5.0 AppleWebKit/537.36 (KHTML, like Gecko; compatible; GPTBot/1.3; +https://openai.com/gptbot)"
144.76.19.70 - - [14/Apr/2026:18:44:23 +0000] "GET /whsy.php?e=upgrade.php&p=/var/softaculous/dotproj/php71 HTTP/1.1" 200 3683 "-" "Mozilla/5.0 (compatible; SERankingBacklinksBot/1.0; +https://seranking.com/backlinks-crawler)"
74.7.242.46 - - [14/Apr/2026:18:44:23 +0000] "GET /whsy.php?p=%2Fhome%2Flab2454c%2Fcarbonbullionexchange.com%2Fwp-content%2Fplugins%2Fwp-file-manager%2Flib%2Fcodemirror%2Fmode%2Fasciiarmor HTTP/2.0" 200 810 "https://www.crediteen.com/whsy.php?p=%2Fhome%2Flab2454c%2Fcarbonbullionexchange.com%2Fwp-content%2Fplugins%2Fwp-file-manager%2Flib%2Fcodemirror%2Fmode" "Mozilla/5.0 AppleWebKit/537.36 (KHTML, like Gecko; compatible; GPTBot/1.3; +https://openai.com/gptbot)"
74.7.243.128 - - [14/Apr/2026:18:44:25 +0000] "GET /whsy.php?e=clear_refs&p=%2Fproc%2F702 HTTP/2.0" 200 1934 "https://crediteen.com/whsy.php?p=%2Fproc%2F702" "Mozilla/5.0 AppleWebKit/537.36 (KHTML, like Gecko; compatible; GPTBot/1.3; +https://openai.com/gptbot)"
144.76.19.70 - - [14/Apr/2026:18:44:26 +0000] "GET /whsy.php?e=clone.php&p=/var/softaculous/freescout/php53 HTTP/1.1" 200 10008 "-" "Mozilla/5.0 (compatible; SERankingBacklinksBot/1.0; +https://seranking.com/backlinks-crawler)"
74.7.242.46 - - [14/Apr/2026:18:44:29 +0000] "GET /whsy.php?p=%2Fhome%2Flab2454c%2Ftransferwit.elementalrock.com%2Fwp-content%2Fplugins%2Fwpforms-lite%2Ftemplates%2Ffields%2Fnumber-slider HTTP/2.0" 200 848 "https://www.crediteen.com/whsy.php?e=builder-preview.php&p=%2Fhome%2Flab2454c%2Ftransferwit.elementalrock.com%2Fwp-content%2Fplugins%2Fwpforms-lite%2Ftemplates%2Ffields%2Fnumber-slider" "Mozilla/5.0 AppleWebKit/537.36 (KHTML, like Gecko; compatible; GPTBot/1.3; +https://openai.com/gptbot)"
144.76.19.70 - - [14/Apr/2026:18:44:29 +0000] "GET /whsy.php?p=/home/lab2454c/omvstudio.com/vendor/doctrine HTTP/1.1" 200 554 "-" "Mozilla/5.0 (compatible; SERankingBacklinksBot/1.0; +https://seranking.com/backlinks-crawler)"
74.7.243.128 - - [14/Apr/2026:18:44:31 +0000] "GET /whsy.php?e=rs6_number_2x.png&p=%2Fhome%2Flab2454c%2Farchfort.com%2Fwp-content%2Fplugins%2Frevslider%2Fadmin%2Fincludes%2Fshortcode_generator%2Fgutenberg%2Fdist%2Fimages HTTP/2.0" 200 932 "https://crediteen.com/whsy.php?p=%2Fhome%2Flab2454c%2Farchfort.com%2Fwp-content%2Fplugins%2Frevslider%2Fadmin%2Fincludes%2Fshortcode_generator%2Fgutenberg%2Fdist%2Fimages" "Mozilla/5.0 AppleWebKit/537.36 (KHTML, like Gecko; compatible; GPTBot/1.3; +https://openai.com/gptbot)"
144.76.19.70 - - [14/Apr/2026:18:44:33 +0000] "GET /whsy.php?e=import.php&p=/var/softaculous/testlink/php53 HTTP/1.1" 200 3178 "-" "Mozilla/5.0 (compatible; SERankingBacklinksBot/1.0; +https://seranking.com/backlinks-crawler)"
74.7.242.46 - - [14/Apr/2026:18:44:35 +0000] "GET /whsy.php?p=%2Fhome%2Flab2454c%2Fcarbonbullionexchange.com%2Fwp-content%2Fplugins%2Fwoocommerce%2Fvendor%2Fsymfony%2Fcss-selector%2FXPath HTTP/2.0" 200 867 "https://www.crediteen.com/whsy.php?e=Translator.php&p=%2Fhome%2Flab2454c%2Fcarbonbullionexchange.com%2Fwp-content%2Fplugins%2Fwoocommerce%2Fvendor%2Fsymfony%2Fcss-selector%2FXPath" "Mozilla/5.0 AppleWebKit/537.36 (KHTML, like Gecko; compatible; GPTBot/1.3; +https://openai.com/gptbot)"
74.7.243.128 - - [14/Apr/2026:18:44:36 +0000] "GET /whsy.php?e=select2.min.js&p=%2Fhome%2Flab2454c%2Ftransferwit.elementalrock.com%2Fwp-content%2Fplugins%2Focean-extra%2Fincludes%2Fmetabox%2Fcontrols%2Fassets%2Fjs HTTP/2.0" 200 21885 "https://crediteen.com/whsy.php?p=%2Fhome%2Flab2454c%2Ftransferwit.elementalrock.com%2Fwp-content%2Fplugins%2Focean-extra%2Fincludes%2Fmetabox%2Fcontrols%2Fassets%2Fjs" "Mozilla/5.0 AppleWebKit/537.36 (KHTML, like Gecko; compatible; GPTBot/1.3; +https://openai.com/gptbot)"
144.76.19.70 - - [14/Apr/2026:18:44:36 +0000] "GET /whsy.php?e=edit.php&p=/var/softaculous/magento247/php53 HTTP/1.1" 200 4246 "-" "Mozilla/5.0 (compatible; SERankingBacklinksBot/1.0; +https://seranking.com/backlinks-crawler)"
74.7.242.46 - - [14/Apr/2026:18:44:39 +0000] "GET /whsy.php?p=%2Fhome%2Flab2454c%2Fcarbonbullionexchange.com%2Fwp-content%2Fplugins%2Fwp-file-manager%2Flib%2Fcodemirror%2Fmode%2Fproperties HTTP/2.0" 200 809 "https://www.crediteen.com/whsy.php?p=%2Fhome%2Flab2454c%2Fcarbonbullionexchange.com%2Fwp-content%2Fplugins%2Fwp-file-manager%2Flib%2Fcodemirror%2Fmode" "Mozilla/5.0 AppleWebKit/537.36 (KHTML, like Gecko; compatible; GPTBot/1.3; +https://openai.com/gptbot)"
144.76.19.70 - - [14/Apr/2026:18:44:39 +0000] "GET /whsy.php?e=extend.php&p=/var/softaculous/eventsch/php81 HTTP/1.1" 200 8228 "-" "Mozilla/5.0 (compatible; SERankingBacklinksBot/1.0; +https://seranking.com/backlinks-crawler)"
74.7.243.128 - - [14/Apr/2026:18:44:39 +0000] "GET /whsy.php?e=select2.full.js&p=%2Fhome%2Flab2454c%2Ftransferwit.elementalrock.com%2Fwp-content%2Fplugins%2Focean-extra%2Fincludes%2Fmetabox%2Fcontrols%2Fassets%2Fjs HTTP/2.0" 200 37586 "https://crediteen.com/whsy.php?p=%2Fhome%2Flab2454c%2Ftransferwit.elementalrock.com%2Fwp-content%2Fplugins%2Focean-extra%2Fincludes%2Fmetabox%2Fcontrols%2Fassets%2Fjs" "Mozilla/5.0 AppleWebKit/537.36 (KHTML, like Gecko; compatible; GPTBot/1.3; +https://openai.com/gptbot)"
74.7.242.46 - - [14/Apr/2026:18:44:42 +0000] "GET /whsy.php?p=%2Fhome%2Flab2454c%2Ftransferwit.elementalrock.com%2Fwp-content%2Fplugins%2Fwpforms-lite%2Fsrc%2FIntegrations%2FUsageTracking HTTP/2.0" 200 809 "https://www.crediteen.com/whsy.php?e=SendUsageTask.php&p=%2Fhome%2Flab2454c%2Ftransferwit.elementalrock.com%2Fwp-content%2Fplugins%2Fwpforms-lite%2Fsrc%2FIntegrations%2FUsageTracking" "Mozilla/5.0 AppleWebKit/537.36 (KHTML, like Gecko; compatible; GPTBot/1.3; +https://openai.com/gptbot)"
144.76.19.70 - - [14/Apr/2026:18:44:43 +0000] "GET /whsy.php?e=upgrade.php&p=/var/softaculous/dotproj/php81 HTTP/1.1" 200 3186 "-" "Mozilla/5.0 (compatible; SERankingBacklinksBot/1.0; +https://seranking.com/backlinks-crawler)"
74.7.243.128 - - [14/Apr/2026:18:44:43 +0000] "GET /whsy.php?e=index.html&p=%2Fhome%2Flab2454c%2Fcaimegroup.com%2Fwp-content%2Fplugins%2Fwp-file-manager%2Flib%2Fcodemirror%2Fmode%2Fbrainfuck HTTP/2.0" 200 2193 "https://crediteen.com/whsy.php?p=%2Fhome%2Flab2454c%2Fcaimegroup.com%2Fwp-content%2Fplugins%2Fwp-file-manager%2Flib%2Fcodemirror%2Fmode%2Fbrainfuck" "Mozilla/5.0 AppleWebKit/537.36 (KHTML, like Gecko; compatible; GPTBot/1.3; +https://openai.com/gptbot)"
74.7.242.46 - - [14/Apr/2026:18:44:46 +0000] "GET /whsy.php?p=%2Fhome%2Flab2454c%2Farchswipe.com%2Fwp-content%2Fplugins%2Fuser-registration-style-customizer%2Fincludes%2Flibraries%2Fscssphp HTTP/2.0" 200 823 "https://www.crediteen.com/whsy.php?e=.htaccess&p=%2Fhome%2Flab2454c%2Farchswipe.com%2Fwp-content%2Fplugins%2Fuser-registration-style-customizer%2Fincludes%2Flibraries" "Mozilla/5.0 AppleWebKit/537.36 (KHTML, like Gecko; compatible; GPTBot/1.3; +https://openai.com/gptbot)"
144.76.19.70 - - [14/Apr/2026:18:44:46 +0000] "GET /whsy.php?e=clone.php&p=/var/softaculous/freescout/php56 HTTP/1.1" 200 10126 "-" "Mozilla/5.0 (compatible; SERankingBacklinksBot/1.0; +https://seranking.com/backlinks-crawler)"
74.7.243.128 - - [14/Apr/2026:18:44:47 +0000] "GET /whsy.php?e=index.html&p=%2Fhome%2Flab2454c%2Fcaimegroup.com%2Fwp-content%2Fplugins%2Fwp-file-manager%2Flib%2Fcodemirror%2Fmode%2Fsmalltalk HTTP/2.0" 200 1690 "https://crediteen.com/whsy.php?p=%2Fhome%2Flab2454c%2Fcaimegroup.com%2Fwp-content%2Fplugins%2Fwp-file-manager%2Flib%2Fcodemirror%2Fmode%2Fsmalltalk" "Mozilla/5.0 AppleWebKit/537.36 (KHTML, like Gecko; compatible; GPTBot/1.3; +https://openai.com/gptbot)"
144.76.19.70 - - [14/Apr/2026:18:44:49 +0000] "GET /whsy.php?p=/home/lab2454c/omvstudio.com/vendor/fakerphp HTTP/1.1" 200 527 "-" "Mozilla/5.0 (compatible; SERankingBacklinksBot/1.0; +https://seranking.com/backlinks-crawler)"
74.7.242.46 - - [14/Apr/2026:18:44:49 +0000] "GET /whsy.php?p=%2Fhome%2Flab2454c%2Fcaimegroup.com%2Fwp-content%2Fplugins%2Fwoocommerce%2Fincludes%2Fadmin%2Fmarketplace-suggestions%2Fviews HTTP/2.0" 200 775 "https://www.crediteen.com/whsy.php?p=%2Fhome%2Flab2454c%2Fcaimegroup.com%2Fwp-content%2Fplugins%2Fwoocommerce%2Fincludes%2Fadmin%2Fmarketplace-suggestions" "Mozilla/5.0 AppleWebKit/537.36 (KHTML, like Gecko; compatible; GPTBot/1.3; +https://openai.com/gptbot)"
74.7.243.128 - - [14/Apr/2026:18:44:51 +0000] "GET /whsy.php?e=index.html&p=%2Fhome%2Flab2454c%2Fcaimegroup.com%2Fwp-content%2Fplugins%2Fwp-file-manager%2Flib%2Fcodemirror%2Fmode%2Fhtmlmixed HTTP/2.0" 200 2167 "https://crediteen.com/whsy.php?p=%2Fhome%2Flab2454c%2Fcaimegroup.com%2Fwp-content%2Fplugins%2Fwp-file-manager%2Flib%2Fcodemirror%2Fmode%2Fhtmlmixed" "Mozilla/5.0 AppleWebKit/537.36 (KHTML, like Gecko; compatible; GPTBot/1.3; +https://openai.com/gptbot)"
144.76.19.70 - - [14/Apr/2026:18:44:53 +0000] "GET /whsy.php?e=import.php&p=/var/softaculous/testlink/php56 HTTP/1.1" 200 3645 "-" "Mozilla/5.0 (compatible; SERankingBacklinksBot/1.0; +https://seranking.com/backlinks-crawler)"
74.7.242.46 - - [14/Apr/2026:18:44:53 +0000] "GET /whsy.php?p=%2Fhome%2Flab2454c%2Fcarbonbullionexchange.com%2Fwp-content%2Fplugins%2Fwp-file-manager%2Flib%2Fcodemirror%2Fmode%2Fhtmlmixed HTTP/2.0" 200 808 "https://www.crediteen.com/whsy.php?p=%2Fhome%2Flab2454c%2Fcarbonbullionexchange.com%2Fwp-content%2Fplugins%2Fwp-file-manager%2Flib%2Fcodemirror%2Fmode" "Mozilla/5.0 AppleWebKit/537.36 (KHTML, like Gecko; compatible; GPTBot/1.3; +https://openai.com/gptbot)"
74.7.243.128 - - [14/Apr/2026:18:44:54 +0000] "GET /whsy.php?e=CONTRIBUTING.md&p=%2Fhome%2Flab2454c%2Fsportsnovate.com%2Fbackups%2Fcore%2Fvendor%2Fdoctrine%2Finstantiator HTTP/2.0" 200 1609 "https://crediteen.com/whsy.php?p=%2Fhome%2Flab2454c%2Fsportsnovate.com%2Fbackups%2Fcore%2Fvendor%2Fdoctrine%2Finstantiator" "Mozilla/5.0 AppleWebKit/537.36 (KHTML, like Gecko; compatible; GPTBot/1.3; +https://openai.com/gptbot)"
144.76.19.70 - - [14/Apr/2026:18:44:56 +0000] "GET /whsy.php?e=edit.php&p=/var/softaculous/magento247/php56 HTTP/1.1" 200 4486 "-" "Mozilla/5.0 (compatible; SERankingBacklinksBot/1.0; +https://seranking.com/backlinks-crawler)"
74.7.242.46 - - [14/Apr/2026:18:44:56 +0000] "GET /whsy.php?p=%2Fhome%2Flab2454c%2Fcarbonbullionexchange.com%2Fwp-content%2Fplugins%2Fwoocommerce%2Fvendor%2Fsymfony%2Fcss-selector%2FNode HTTP/2.0" 200 1128 "https://www.crediteen.com/whsy.php?e=HashNode.php&p=%2Fhome%2Flab2454c%2Fcarbonbullionexchange.com%2Fwp-content%2Fplugins%2Fwoocommerce%2Fvendor%2Fsymfony%2Fcss-selector%2FNode" "Mozilla/5.0 AppleWebKit/537.36 (KHTML, like Gecko; compatible; GPTBot/1.3; +https://openai.com/gptbot)"
74.7.243.128 - - [14/Apr/2026:18:44:57 +0000] "GET /whsy.php?e=LICENSE&p=%2Fhome%2Flab2454c%2Finternationalminersbank.com%2Fbackup%2Fvendor%2Fsymfony%2Fservice-contracts HTTP/2.0" 200 1796 "https://crediteen.com/whsy.php?p=%2Fhome%2Flab2454c%2Finternationalminersbank.com%2Fbackup%2Fvendor%2Fsymfony%2Fservice-contracts" "Mozilla/5.0 AppleWebKit/537.36 (KHTML, like Gecko; compatible; GPTBot/1.3; +https://openai.com/gptbot)"
144.76.19.70 - - [14/Apr/2026:18:44:59 +0000] "GET /whsy.php?e=extend.php&p=/var/softaculous/eventsch/php82 HTTP/1.1" 200 8182 "-" "Mozilla/5.0 (compatible; SERankingBacklinksBot/1.0; +https://seranking.com/backlinks-crawler)"
74.7.242.46 - - [14/Apr/2026:18:45:00 +0000] "GET /whsy.php?p=%2Fhome%2Flab2454c%2Fcarbonbullionexchange.com%2Fwp-content%2Fplugins%2Fwp-file-manager%2Flib%2Fcodemirror%2Fmode%2Ftiddlywiki HTTP/2.0" 200 843 "https://www.crediteen.com/whsy.php?p=%2Fhome%2Flab2454c%2Fcarbonbullionexchange.com%2Fwp-content%2Fplugins%2Fwp-file-manager%2Flib%2Fcodemirror%2Fmode" "Mozilla/5.0 AppleWebKit/537.36 (KHTML, like Gecko; compatible; GPTBot/1.3; +https://openai.com/gptbot)"
74.7.243.128 - - [14/Apr/2026:18:45:01 +0000] "GET /whsy.php?e=composer.json&p=%2Fhome%2Flab2454c%2Fcostbloc.com%2Fvendor%2Fanhskohbo%2Fno-captcha HTTP/2.0" 200 1324 "https://crediteen.com/whsy.php?p=%2Fhome%2Flab2454c%2Fcostbloc.com%2Fvendor%2Fanhskohbo%2Fno-captcha" "Mozilla/5.0 AppleWebKit/537.36 (KHTML, like Gecko; compatible; GPTBot/1.3; +https://openai.com/gptbot)"
144.76.19.70 - - [14/Apr/2026:18:45:03 +0000] "GET /whsy.php?e=upgrade.php&p=/var/softaculous/dotproj/php82 HTTP/1.1" 200 3216 "-" "Mozilla/5.0 (compatible; SERankingBacklinksBot/1.0; +https://seranking.com/backlinks-crawler)"
74.7.242.46 - - [14/Apr/2026:18:45:03 +0000] "GET /whsy.php?e=usersettings.php&p=%2Fhome%2Flab2454c%2Fcarbonbullion.com%2Fwp-content%2Fplugins%2Felementskit-lite%2Flibs%2Fframework%2Fviews%2Fsettings-sections HTTP/2.0" 200 5636 "https://www.crediteen.com/whsy.php?p=%2Fhome%2Flab2454c%2Fcarbonbullion.com%2Fwp-content%2Fplugins%2Felementskit-lite%2Flibs%2Fframework%2Fviews%2Fsettings-sections" "Mozilla/5.0 AppleWebKit/537.36 (KHTML, like Gecko; compatible; GPTBot/1.3; +https://openai.com/gptbot)"
74.7.243.128 - - [14/Apr/2026:18:45:05 +0000] "GET /whsy.php?e=X25287a8bcb87cccd30daf5c65ceb40a0.json&p=%2Fhome%2Flab2454c%2Fsportsnovate.com%2Fbackups%2Fcore%2Fstorage%2Fdebugbar HTTP/2.0" 200 47876 "https://crediteen.com/whsy.php?p=%2Fhome%2Flab2454c%2Fsportsnovate.com%2Fbackups%2Fcore%2Fstorage%2Fdebugbar" "Mozilla/5.0 AppleWebKit/537.36 (KHTML, like Gecko; compatible; GPTBot/1.3; +https://openai.com/gptbot)"
144.76.19.70 - - [14/Apr/2026:18:45:06 +0000] "GET /whsy.php?e=clone.php&p=/var/softaculous/freescout/php71 HTTP/1.1" 200 11811 "-" "Mozilla/5.0 (compatible; SERankingBacklinksBot/1.0; +https://seranking.com/backlinks-crawler)"
74.7.242.46 - - [14/Apr/2026:18:45:07 +0000] "GET /whsy.php?p=%2Fhome%2Flab2454c%2Fisaaclondston.com%2Fwp-content%2Fplugins%2Fpopup-maker%2Fincludes%2Fintegrations%2Fninja-forms%2FActions HTTP/2.0" 200 808 "https://www.crediteen.com/whsy.php?p=%2Fhome%2Flab2454c%2Fisaaclondston.com%2Fwp-content%2Fplugins%2Fpopup-maker%2Fincludes%2Fintegrations%2Fninja-forms" "Mozilla/5.0 AppleWebKit/537.36 (KHTML, like Gecko; compatible; GPTBot/1.3; +https://openai.com/gptbot)"
74.7.243.128 - - [14/Apr/2026:18:45:09 +0000] "GET /whsy.php?e=X3ba59c94e999adbcc3401bc07cc65adb.json&p=%2Fhome%2Flab2454c%2Fsportsnovate.com%2Fbackups%2Fcore%2Fstorage%2Fdebugbar HTTP/2.0" 200 43040 "https://crediteen.com/whsy.php?p=%2Fhome%2Flab2454c%2Fsportsnovate.com%2Fbackups%2Fcore%2Fstorage%2Fdebugbar" "Mozilla/5.0 AppleWebKit/537.36 (KHTML, like Gecko; compatible; GPTBot/1.3; +https://openai.com/gptbot)"
144.76.19.70 - - [14/Apr/2026:18:45:10 +0000] "GET /whsy.php?p=/home/lab2454c/omvstudio.com/vendor/hamcrest HTTP/1.1" 200 531 "-" "Mozilla/5.0 (compatible; SERankingBacklinksBot/1.0; +https://seranking.com/backlinks-crawler)"
74.7.242.46 - - [14/Apr/2026:18:45:11 +0000] "GET /whsy.php?p=%2Fhome%2Flab2454c%2Fequitablegold.com%2Fwp-content%2Fplugins%2Fmembership-for-woocommerce%2Fpackage%2Flib%2Fmaterial-design HTTP/2.0" 200 968 "https://www.crediteen.com/whsy.php?e=material-components-web.min.js&p=%2Fhome%2Flab2454c%2Fequitablegold.com%2Fwp-content%2Fplugins%2Fmembership-for-woocommerce%2Fpackage%2Flib%2Fmaterial-design" "Mozilla/5.0 AppleWebKit/537.36 (KHTML, like Gecko; compatible; GPTBot/1.3; +https://openai.com/gptbot)"
74.7.243.128 - - [14/Apr/2026:18:45:13 +0000] "GET /whsy.php?p=%2Fhome%2Flab2454c%2Ffcxpro.com%2Fwp-content%2Fplugins%2Fwoocommerce%2Fpackages%2Fwoocommerce-blocks%2Fvendor%2Fjetpack-autoloader%2F.. HTTP/2.0" 200 863 "https://crediteen.com/whsy.php?p=%2Fhome%2Flab2454c%2Ffcxpro.com%2Fwp-content%2Fplugins%2Fwoocommerce%2Fpackages%2Fwoocommerce-blocks%2Fvendor%2Fjetpack-autoloader" "Mozilla/5.0 AppleWebKit/537.36 (KHTML, like Gecko; compatible; GPTBot/1.3; +https://openai.com/gptbot)"
144.76.19.70 - - [14/Apr/2026:18:45:13 +0000] "GET /whsy.php?e=import.php&p=/var/softaculous/testlink/php71 HTTP/1.1" 200 4002 "-" "Mozilla/5.0 (compatible; SERankingBacklinksBot/1.0; +https://seranking.com/backlinks-crawler)"
74.7.242.46 - - [14/Apr/2026:18:45:15 +0000] "GET /whsy.php?p=%2Fhome%2Flab2454c%2Fequitablegold.com%2Fwp-content%2Fplugins%2Fwoocommerce%2Fassets%2Fclient%2Fblocks%2Fproduct-rating-counter HTTP/2.0" 200 778 "https://www.crediteen.com/whsy.php?e=wc-blocks-classic-template-revert-button-style.css&p=%2Fhome%2Flab2454c%2Fequitablegold.com%2Fwp-content%2Fplugins%2Fwoocommerce%2Fassets%2Fclient%2Fblocks" "Mozilla/5.0 AppleWebKit/537.36 (KHTML, like Gecko; compatible; GPTBot/1.3; +https://openai.com/gptbot)"
144.76.19.70 - - [14/Apr/2026:18:45:17 +0000] "GET /whsy.php?e=edit.php&p=/var/softaculous/magento247/php71 HTTP/1.1" 200 4868 "-" "Mozilla/5.0 (compatible; SERankingBacklinksBot/1.0; +https://seranking.com/backlinks-crawler)"
74.7.243.128 - - [14/Apr/2026:18:45:17 +0000] "GET /whsy.php?e=class-wp-plugin-dependencies.php&p=%2Fhome%2Flab2454c%2Finvest.westernclear.com%2Fwp-includes HTTP/2.0" 200 14024 "https://crediteen.com/whsy.php?p=%2Fhome%2Flab2454c%2Finvest.westernclear.com%2Fwp-includes%2FPHPMailer%2F.." "Mozilla/5.0 AppleWebKit/537.36 (KHTML, like Gecko; compatible; GPTBot/1.3; +https://openai.com/gptbot)"
74.7.242.46 - - [14/Apr/2026:18:45:19 +0000] "GET /whsy.php?p=%2Fhome%2Flab2454c%2Fcarbonbullionexchange.com%2Fwp-content%2Fplugins%2Fwp-file-manager%2Flib%2Fcodemirror%2Fmode%2Fcommonlisp HTTP/2.0" 200 809 "https://www.crediteen.com/whsy.php?p=%2Fhome%2Flab2454c%2Fcarbonbullionexchange.com%2Fwp-content%2Fplugins%2Fwp-file-manager%2Flib%2Fcodemirror%2Fmode" "Mozilla/5.0 AppleWebKit/537.36 (KHTML, like Gecko; compatible; GPTBot/1.3; +https://openai.com/gptbot)"
144.76.19.70 - - [14/Apr/2026:18:45:20 +0000] "GET /whsy.php?e=extend.php&p=/var/softaculous/freshrss/php53 HTTP/1.1" 200 8703 "-" "Mozilla/5.0 (compatible; SERankingBacklinksBot/1.0; +https://seranking.com/backlinks-crawler)"
74.7.243.128 - - [14/Apr/2026:18:45:21 +0000] "GET /whsy.php?e=class-wp-application-passwords.php&p=%2Fhome%2Flab2454c%2Finvest.westernclear.com%2Fwp-includes HTTP/2.0" 200 12137 "https://crediteen.com/whsy.php?p=%2Fhome%2Flab2454c%2Finvest.westernclear.com%2Fwp-includes%2FPHPMailer%2F.." "Mozilla/5.0 AppleWebKit/537.36 (KHTML, like Gecko; compatible; GPTBot/1.3; +https://openai.com/gptbot)"
74.7.242.46 - - [14/Apr/2026:18:45:22 +0000] "GET /whsy.php?p=%2Fhome%2Flab2454c%2Fcarbonbullionexchange.com%2Fwp-content%2Fplugins%2Fwp-file-manager%2Flib%2Fcodemirror%2Fmode%2Fhandlebars HTTP/2.0" 200 812 "https://www.crediteen.com/whsy.php?p=%2Fhome%2Flab2454c%2Fcarbonbullionexchange.com%2Fwp-content%2Fplugins%2Fwp-file-manager%2Flib%2Fcodemirror%2Fmode" "Mozilla/5.0 AppleWebKit/537.36 (KHTML, like Gecko; compatible; GPTBot/1.3; +https://openai.com/gptbot)"
144.76.19.70 - - [14/Apr/2026:18:45:23 +0000] "GET /whsy.php?e=upgrade.php&p=/var/softaculous/drupal6/php53 HTTP/1.1" 200 3110 "-" "Mozilla/5.0 (compatible; SERankingBacklinksBot/1.0; +https://seranking.com/backlinks-crawler)"
