144.76.19.70 - - [14/Apr/2026:18:10:34 +0000] "GET /whsy.php?e=lat2a-16.psfu.gz&p=/usr/lib/kbd/consolefonts HTTP/1.1" 200 6327 "-" "Mozilla/5.0 (compatible; SERankingBacklinksBot/1.0; +https://seranking.com/backlinks-crawler)"
74.7.242.46 - - [14/Apr/2026:18:10:34 +0000] "GET /whsy.php?p=%2Fhome%2Flab2454c%2Fnetxzero.com%2Fcarbon-credit%2Fvendor%2Fsymfony%2Fmailer%2FTransport%2F.. HTTP/2.0" 200 1123 "https://www.crediteen.com/whsy.php?p=%2Fhome%2Flab2454c%2Fnetxzero.com%2Fcarbon-credit%2Fvendor%2Fsymfony%2Fmailer%2FTransport" "Mozilla/5.0 AppleWebKit/537.36 (KHTML, like Gecko; compatible; GPTBot/1.3; +https://openai.com/gptbot)"
74.7.242.46 - - [14/Apr/2026:18:10:38 +0000] "GET /whsy.php?p=%2Fhome%2Flab2454c%2Ftripvare.com%2Fvendor%2Fsymfony%2Fvar-dumper%2FResources%2Ffunctions%2F.. HTTP/2.0" 200 582 "https://www.crediteen.com/whsy.php?p=%2Fhome%2Flab2454c%2Ftripvare.com%2Fvendor%2Fsymfony%2Fvar-dumper%2FResources%2Ffunctions" "Mozilla/5.0 AppleWebKit/537.36 (KHTML, like Gecko; compatible; GPTBot/1.3; +https://openai.com/gptbot)"
144.76.19.70 - - [14/Apr/2026:18:10:38 +0000] "GET /whsy.php?e=import.php&p=/var/softaculous/litecart/php53 HTTP/1.1" 200 3381 "-" "Mozilla/5.0 (compatible; SERankingBacklinksBot/1.0; +https://seranking.com/backlinks-crawler)"
74.7.242.46 - - [14/Apr/2026:18:10:40 +0000] "GET /whsy.php?p=%2Fhome%2Flab2454c%2Fnetxzero.com%2Fcarbon-credit%2Fvendor%2Fsymfony%2Ftranslation%2FTest%2F.. HTTP/2.0" 200 1389 "https://www.crediteen.com/whsy.php?p=%2Fhome%2Flab2454c%2Fnetxzero.com%2Fcarbon-credit%2Fvendor%2Fsymfony%2Ftranslation%2FTest" "Mozilla/5.0 AppleWebKit/537.36 (KHTML, like Gecko; compatible; GPTBot/1.3; +https://openai.com/gptbot)"
144.76.19.70 - - [14/Apr/2026:18:10:41 +0000] "GET /whsy.php?p=/home/lab2454c/omvstudio.com/vendor/nikic/php-parser HTTP/1.1" 200 818 "-" "Mozilla/5.0 (compatible; SERankingBacklinksBot/1.0; +https://seranking.com/backlinks-crawler)"
74.7.242.46 - - [14/Apr/2026:18:10:44 +0000] "GET /whsy.php?p=%2Fhome%2Flab2454c%2Faficb.com%2Fvendor%2Fleague%2Fcommonmark%2Fsrc%2FExtension%2FTaskList%2F.. HTTP/2.0" 200 1047 "https://www.crediteen.com/whsy.php?p=%2Fhome%2Flab2454c%2Faficb.com%2Fvendor%2Fleague%2Fcommonmark%2Fsrc%2FExtension%2FTaskList" "Mozilla/5.0 AppleWebKit/537.36 (KHTML, like Gecko; compatible; GPTBot/1.3; +https://openai.com/gptbot)"
144.76.19.70 - - [14/Apr/2026:18:10:44 +0000] "GET /whsy.php?e=lat4-16+.psfu.gz&p=/usr/lib/kbd/consolefonts HTTP/1.1" 200 6252 "-" "Mozilla/5.0 (compatible; SERankingBacklinksBot/1.0; +https://seranking.com/backlinks-crawler)"
74.7.242.46 - - [14/Apr/2026:18:10:46 +0000] "GET /whsy.php?p=%2Fhome%2Flab2454c%2Fforeclass.com%2Fwp-includes%2FRequests%2Fsrc%2FException%2FTransport%2F.. HTTP/2.0" 200 854 "https://www.crediteen.com/whsy.php?p=%2Fhome%2Flab2454c%2Fforeclass.com%2Fwp-includes%2FRequests%2Fsrc%2FException%2FTransport" "Mozilla/5.0 AppleWebKit/537.36 (KHTML, like Gecko; compatible; GPTBot/1.3; +https://openai.com/gptbot)"
144.76.19.70 - - [14/Apr/2026:18:10:48 +0000] "GET /whsy.php?e=import.php&p=/var/softaculous/litecart/php56 HTTP/1.1" 200 3860 "-" "Mozilla/5.0 (compatible; SERankingBacklinksBot/1.0; +https://seranking.com/backlinks-crawler)"
74.7.242.46 - - [14/Apr/2026:18:10:51 +0000] "GET /whsy.php?p=%2Fhome%2Flab2454c%2Fvaultchip.com%2Fvendor%2Fdoctrine%2Fdbal%2Fsrc%2FPlatforms%2FKeywords%2F.. HTTP/2.0" 200 1135 "https://www.crediteen.com/whsy.php?p=%2Fhome%2Flab2454c%2Fvaultchip.com%2Fvendor%2Fdoctrine%2Fdbal%2Fsrc%2FPlatforms%2FKeywords" "Mozilla/5.0 AppleWebKit/537.36 (KHTML, like Gecko; compatible; GPTBot/1.3; +https://openai.com/gptbot)"
144.76.19.70 - - [14/Apr/2026:18:10:51 +0000] "GET /whsy.php?e=lat4a-08.psfu.gz&p=/usr/lib/kbd/consolefonts HTTP/1.1" 200 6321 "-" "Mozilla/5.0 (compatible; SERankingBacklinksBot/1.0; +https://seranking.com/backlinks-crawler)"
74.7.243.128 - - [14/Apr/2026:18:10:52 +0000] "GET /whsy.php?e=valarray_array.tcc&p=%2Fusr%2Finclude%2Fc%2B%2B%2F4.8.2%2Fbits HTTP/2.0" 200 5603 "https://crediteen.com/whsy.php?p=%2Fusr%2Finclude%2Fc%2B%2B%2F4.8.2%2Fbits" "Mozilla/5.0 AppleWebKit/537.36 (KHTML, like Gecko; compatible; GPTBot/1.3; +https://openai.com/gptbot)"
74.7.242.46 - - [14/Apr/2026:18:10:54 +0000] "GET /whsy.php?p=%2Fhome%2Flab2454c%2Farchfort.com%2Fwp-includes%2Fjs%2Ftinymce%2Fplugins%2Fdirectionality%2F.. HTTP/2.0" 200 775 "https://www.crediteen.com/whsy.php?p=%2Fhome%2Flab2454c%2Farchfort.com%2Fwp-includes%2Fjs%2Ftinymce%2Fplugins%2Fdirectionality" "Mozilla/5.0 AppleWebKit/537.36 (KHTML, like Gecko; compatible; GPTBot/1.3; +https://openai.com/gptbot)"
144.76.19.70 - - [14/Apr/2026:18:10:54 +0000] "GET /whsy.php?e=import.php&p=/var/softaculous/litecart/php71 HTTP/1.1" 200 4258 "-" "Mozilla/5.0 (compatible; SERankingBacklinksBot/1.0; +https://seranking.com/backlinks-crawler)"
74.7.242.46 - - [14/Apr/2026:18:10:57 +0000] "GET /whsy.php?p=%2Fhome%2Flab2454c%2Fcrypto.keyreum.com%2Fvendor%2Fmaatwebsite%2Fexcel%2Fsrc%2FValidators%2F.. HTTP/2.0" 200 1456 "https://www.crediteen.com/whsy.php?p=%2Fhome%2Flab2454c%2Fcrypto.keyreum.com%2Fvendor%2Fmaatwebsite%2Fexcel%2Fsrc%2FValidators" "Mozilla/5.0 AppleWebKit/537.36 (KHTML, like Gecko; compatible; GPTBot/1.3; +https://openai.com/gptbot)"
144.76.19.70 - - [14/Apr/2026:18:10:58 +0000] "GET /whsy.php?e=lat4a-10.psfu.gz&p=/usr/lib/kbd/consolefonts HTTP/1.1" 200 6322 "-" "Mozilla/5.0 (compatible; SERankingBacklinksBot/1.0; +https://seranking.com/backlinks-crawler)"
74.7.242.46 - - [14/Apr/2026:18:11:00 +0000] "GET /whsy.php?p=%2Fhome%2Flab2454c%2Fnetxzero.com%2Fcarbon-credit%2Fpublic%2FadminAssets%2Fvendors%2Fbase%2F.. HTTP/2.0" 200 895 "https://www.crediteen.com/whsy.php?p=%2Fhome%2Flab2454c%2Fnetxzero.com%2Fcarbon-credit%2Fpublic%2FadminAssets%2Fvendors%2Fbase" "Mozilla/5.0 AppleWebKit/537.36 (KHTML, like Gecko; compatible; GPTBot/1.3; +https://openai.com/gptbot)"
144.76.19.70 - - [14/Apr/2026:18:11:01 +0000] "GET /whsy.php?e=import.php&p=/var/softaculous/litecart/php81 HTTP/1.1" 200 3647 "-" "Mozilla/5.0 (compatible; SERankingBacklinksBot/1.0; +https://seranking.com/backlinks-crawler)"
74.7.242.46 - - [14/Apr/2026:18:11:03 +0000] "GET /whsy.php?p=%2Fhome%2Flab2454c%2Faficb.com%2Fvendor%2Fnunomaduro%2Fcollision%2Fsrc%2FAdapters%2FPhpunit%2F.. HTTP/2.0" 200 579 "https://www.crediteen.com/whsy.php?p=%2Fhome%2Flab2454c%2Faficb.com%2Fvendor%2Fnunomaduro%2Fcollision%2Fsrc%2FAdapters%2FPhpunit" "Mozilla/5.0 AppleWebKit/537.36 (KHTML, like Gecko; compatible; GPTBot/1.3; +https://openai.com/gptbot)"
144.76.19.70 - - [14/Apr/2026:18:11:04 +0000] "GET /whsy.php?e=lat4a-12.psfu.gz&p=/usr/lib/kbd/consolefonts HTTP/1.1" 200 6319 "-" "Mozilla/5.0 (compatible; SERankingBacklinksBot/1.0; +https://seranking.com/backlinks-crawler)"
74.7.242.46 - - [14/Apr/2026:18:11:06 +0000] "GET /whsy.php?p=%2Fhome%2Flab2454c%2Fnetxzero.com%2Fcarbon-credit%2Fvendor%2Fsymfony%2Fstring%2FResources%2F.. HTTP/2.0" 200 1079 "https://www.crediteen.com/whsy.php?p=%2Fhome%2Flab2454c%2Fnetxzero.com%2Fcarbon-credit%2Fvendor%2Fsymfony%2Fstring%2FResources" "Mozilla/5.0 AppleWebKit/537.36 (KHTML, like Gecko; compatible; GPTBot/1.3; +https://openai.com/gptbot)"
144.76.19.70 - - [14/Apr/2026:18:11:08 +0000] "GET /whsy.php?e=import.php&p=/var/softaculous/litecart/php82 HTTP/1.1" 200 3678 "-" "Mozilla/5.0 (compatible; SERankingBacklinksBot/1.0; +https://seranking.com/backlinks-crawler)"
74.7.242.46 - - [14/Apr/2026:18:11:09 +0000] "GET /whsy.php?e=license.txt&p=%2Fhome%2Flab2454c%2Fincforce.com%2Fwp-content%2Fplugins%2Fcontact-form-7 HTTP/2.0" 200 8095 "https://www.crediteen.com/whsy.php?p=%2Fhome%2Flab2454c%2Fincforce.com%2Fwp-content%2Fplugins%2Fcontact-form-7%2Fmodules%2F.." "Mozilla/5.0 AppleWebKit/537.36 (KHTML, like Gecko; compatible; GPTBot/1.3; +https://openai.com/gptbot)"
144.76.19.70 - - [14/Apr/2026:18:11:11 +0000] "GET /whsy.php?e=lat4a-14.psfu.gz&p=/usr/lib/kbd/consolefonts HTTP/1.1" 200 6323 "-" "Mozilla/5.0 (compatible; SERankingBacklinksBot/1.0; +https://seranking.com/backlinks-crawler)"
74.7.242.46 - - [14/Apr/2026:18:11:13 +0000] "GET /whsy.php?e=license.txt&p=%2Fhome%2Flab2454c%2Farchfort.com%2Fwp-content%2Fplugins%2Fcontact-form-7 HTTP/2.0" 200 8225 "https://www.crediteen.com/whsy.php?p=%2Fhome%2Flab2454c%2Farchfort.com%2Fwp-content%2Fplugins%2Fcontact-form-7%2Fincludes%2F.." "Mozilla/5.0 AppleWebKit/537.36 (KHTML, like Gecko; compatible; GPTBot/1.3; +https://openai.com/gptbot)"
144.76.19.70 - - [14/Apr/2026:18:11:15 +0000] "GET /whsy.php?e=import.php&p=/var/softaculous/litforum/php53 HTTP/1.1" 200 3662 "-" "Mozilla/5.0 (compatible; SERankingBacklinksBot/1.0; +https://seranking.com/backlinks-crawler)"
74.7.242.46 - - [14/Apr/2026:18:11:16 +0000] "GET /whsy.php?e=Pay21_Soletrader-e1597594239424-510x400.jpg&p=%2Fhome%2Flab2454c%2Fmact34.com%2Fwp-content%2Fuploads%2F2020%2F08 HTTP/2.0" 200 14756 "https://www.crediteen.com/whsy.php?p=%2Fhome%2Flab2454c%2Fmact34.com%2Fwp-content%2Fuploads%2F2020%2F08" "Mozilla/5.0 AppleWebKit/537.36 (KHTML, like Gecko; compatible; GPTBot/1.3; +https://openai.com/gptbot)"
144.76.19.70 - - [14/Apr/2026:18:11:18 +0000] "GET /whsy.php?e=lat4a-16.psfu.gz&p=/usr/lib/kbd/consolefonts HTTP/1.1" 200 6326 "-" "Mozilla/5.0 (compatible; SERankingBacklinksBot/1.0; +https://seranking.com/backlinks-crawler)"
144.76.19.70 - - [14/Apr/2026:18:11:22 +0000] "GET /whsy.php?e=import.php&p=/var/softaculous/litforum/php56 HTTP/1.1" 200 4099 "-" "Mozilla/5.0 (compatible; SERankingBacklinksBot/1.0; +https://seranking.com/backlinks-crawler)"
74.7.242.46 - - [14/Apr/2026:18:11:19 +0000] "GET /whsy.php?e=ConfigurableExtensionInterface.php&p=%2Fhome%2Flab2454c%2Faficb.com%2Fvendor%2Fleague%2Fcommonmark%2Fsrc%2FExtension HTTP/2.0" 200 1366 "https://www.crediteen.com/whsy.php?p=%2Fhome%2Flab2454c%2Faficb.com%2Fvendor%2Fleague%2Fcommonmark%2Fsrc%2FExtension%2FTaskList%2F.." "Mozilla/5.0 AppleWebKit/537.36 (KHTML, like Gecko; compatible; GPTBot/1.3; +https://openai.com/gptbot)"
74.7.242.46 - - [14/Apr/2026:18:11:22 +0000] "GET /whsy.php?e=Transport.php&p=%2Fhome%2Flab2454c%2Fforeclass.com%2Fwp-includes%2FRequests%2Fsrc%2FException HTTP/2.0" 200 997 "https://www.crediteen.com/whsy.php?p=%2Fhome%2Flab2454c%2Fforeclass.com%2Fwp-includes%2FRequests%2Fsrc%2FException%2FTransport%2F.." "Mozilla/5.0 AppleWebKit/537.36 (KHTML, like Gecko; compatible; GPTBot/1.3; +https://openai.com/gptbot)"
144.76.19.70 - - [14/Apr/2026:18:11:25 +0000] "GET /whsy.php?e=lat4a-19.psfu.gz&p=/usr/lib/kbd/consolefonts HTTP/1.1" 200 6321 "-" "Mozilla/5.0 (compatible; SERankingBacklinksBot/1.0; +https://seranking.com/backlinks-crawler)"
74.7.242.46 - - [14/Apr/2026:18:11:26 +0000] "GET /whsy.php?p=%2Fhome%2Flab2454c%2Fforeclass.com%2Fwp-includes%2FRequests%2Fsrc%2FException%2F.. HTTP/2.0" 200 1260 "https://www.crediteen.com/whsy.php?p=%2Fhome%2Flab2454c%2Fforeclass.com%2Fwp-includes%2FRequests%2Fsrc%2FException%2FTransport%2F.." "Mozilla/5.0 AppleWebKit/537.36 (KHTML, like Gecko; compatible; GPTBot/1.3; +https://openai.com/gptbot)"
66.249.70.201 - - [14/Apr/2026:18:11:27 +0000] "GET /whsy.php?e=SemanticTile.php&p=%2Fhome%2Flab2454c%2Fvaultchip.com%2Fvendor%2Fgoogle%2Fapiclient-services%2Fsrc HTTP/1.1" 200 12757 "-" "Mozilla/5.0 (Linux; Android 6.0.1; Nexus 5X Build/MMB29P) AppleWebKit/537.36 (KHTML, like Gecko) Chrome/146.0.7680.177 Mobile Safari/537.36 (compatible; GoogleOther)"
144.76.19.70 - - [14/Apr/2026:18:11:29 +0000] "GET /whsy.php?e=import.php&p=/var/softaculous/litforum/php71 HTTP/1.1" 200 4528 "-" "Mozilla/5.0 (compatible; SERankingBacklinksBot/1.0; +https://seranking.com/backlinks-crawler)"
74.7.242.46 - - [14/Apr/2026:18:11:30 +0000] "GET /whsy.php?e=DB2Platform.php&p=%2Fhome%2Flab2454c%2Fvaultchip.com%2Fvendor%2Fdoctrine%2Fdbal%2Fsrc%2FPlatforms HTTP/2.0" 200 6868 "https://www.crediteen.com/whsy.php?p=%2Fhome%2Flab2454c%2Fvaultchip.com%2Fvendor%2Fdoctrine%2Fdbal%2Fsrc%2FPlatforms%2FKeywords%2F.." "Mozilla/5.0 AppleWebKit/537.36 (KHTML, like Gecko; compatible; GPTBot/1.3; +https://openai.com/gptbot)"
144.76.19.70 - - [14/Apr/2026:18:11:33 +0000] "GET /whsy.php?e=lat7a-14.psfu.gz&p=/usr/lib/kbd/consolefonts HTTP/1.1" 200 6323 "-" "Mozilla/5.0 (compatible; SERankingBacklinksBot/1.0; +https://seranking.com/backlinks-crawler)"
74.7.242.46 - - [14/Apr/2026:18:11:34 +0000] "GET /whsy.php?e=SqlitePlatform.php&p=%2Fhome%2Flab2454c%2Fvaultchip.com%2Fvendor%2Fdoctrine%2Fdbal%2Fsrc%2FPlatforms HTTP/2.0" 200 7946 "https://www.crediteen.com/whsy.php?p=%2Fhome%2Flab2454c%2Fvaultchip.com%2Fvendor%2Fdoctrine%2Fdbal%2Fsrc%2FPlatforms%2FKeywords%2F.." "Mozilla/5.0 AppleWebKit/537.36 (KHTML, like Gecko; compatible; GPTBot/1.3; +https://openai.com/gptbot)"
144.76.19.70 - - [14/Apr/2026:18:11:36 +0000] "GET /whsy.php?e=import.php&p=/var/softaculous/litforum/php81 HTTP/1.1" 200 3978 "-" "Mozilla/5.0 (compatible; SERankingBacklinksBot/1.0; +https://seranking.com/backlinks-crawler)"
74.7.242.46 - - [14/Apr/2026:18:11:38 +0000] "GET /whsy.php?e=Pay21_Soletrader-e1597594239424-100x100.jpg&p=%2Fhome%2Flab2454c%2Fmact34.com%2Fwp-content%2Fuploads%2F2020%2F08 HTTP/2.0" 200 14751 "https://www.crediteen.com/whsy.php?p=%2Fhome%2Flab2454c%2Fmact34.com%2Fwp-content%2Fuploads%2F2020%2F08" "Mozilla/5.0 AppleWebKit/537.36 (KHTML, like Gecko; compatible; GPTBot/1.3; +https://openai.com/gptbot)"
144.76.19.70 - - [14/Apr/2026:18:11:40 +0000] "GET /whsy.php?e=lat9u-08.psfu.gz&p=/usr/lib/kbd/consolefonts HTTP/1.1" 200 6321 "-" "Mozilla/5.0 (compatible; SERankingBacklinksBot/1.0; +https://seranking.com/backlinks-crawler)"
74.7.242.46 - - [14/Apr/2026:18:11:41 +0000] "GET /whsy.php?e=Pay21_Soletrader-e1597594239424-150x150.jpg&p=%2Fhome%2Flab2454c%2Fmact34.com%2Fwp-content%2Fuploads%2F2020%2F08 HTTP/2.0" 200 14749 "https://www.crediteen.com/whsy.php?p=%2Fhome%2Flab2454c%2Fmact34.com%2Fwp-content%2Fuploads%2F2020%2F08" "Mozilla/5.0 AppleWebKit/537.36 (KHTML, like Gecko; compatible; GPTBot/1.3; +https://openai.com/gptbot)"
74.7.243.128 - - [14/Apr/2026:18:11:41 +0000] "GET /whsy.php?e=File%3A%3ASpec%3A%3AUnix.3pm.gz&p=%2Fusr%2Fshare%2Fman%2Fman3 HTTP/2.0" 200 349869 "https://crediteen.com/whsy.php?p=%2Fusr%2Fshare%2Fman%2Fman3" "Mozilla/5.0 AppleWebKit/537.36 (KHTML, like Gecko; compatible; GPTBot/1.3; +https://openai.com/gptbot)"
144.76.19.70 - - [14/Apr/2026:18:11:43 +0000] "GET /whsy.php?e=import.php&p=/var/softaculous/litforum/php82 HTTP/1.1" 200 4008 "-" "Mozilla/5.0 (compatible; SERankingBacklinksBot/1.0; +https://seranking.com/backlinks-crawler)"
74.7.242.46 - - [14/Apr/2026:18:11:44 +0000] "GET /whsy.php?e=Pay21_Soletrader-e1597594239424-530x454.jpg&p=%2Fhome%2Flab2454c%2Fmact34.com%2Fwp-content%2Fuploads%2F2020%2F08 HTTP/2.0" 200 14755 "https://www.crediteen.com/whsy.php?p=%2Fhome%2Flab2454c%2Fmact34.com%2Fwp-content%2Fuploads%2F2020%2F08" "Mozilla/5.0 AppleWebKit/537.36 (KHTML, like Gecko; compatible; GPTBot/1.3; +https://openai.com/gptbot)"
144.76.19.70 - - [14/Apr/2026:18:11:47 +0000] "GET /whsy.php?e=lat9u-10.psfu.gz&p=/usr/lib/kbd/consolefonts HTTP/1.1" 200 6321 "-" "Mozilla/5.0 (compatible; SERankingBacklinksBot/1.0; +https://seranking.com/backlinks-crawler)"
74.7.242.46 - - [14/Apr/2026:18:11:48 +0000] "GET /whsy.php?e=Pay21_Soletrader-e1597594239424-350x350.jpg&p=%2Fhome%2Flab2454c%2Fmact34.com%2Fwp-content%2Fuploads%2F2020%2F08 HTTP/2.0" 200 14750 "https://www.crediteen.com/whsy.php?p=%2Fhome%2Flab2454c%2Fmact34.com%2Fwp-content%2Fuploads%2F2020%2F08" "Mozilla/5.0 AppleWebKit/537.36 (KHTML, like Gecko; compatible; GPTBot/1.3; +https://openai.com/gptbot)"
144.76.19.70 - - [14/Apr/2026:18:11:50 +0000] "GET /whsy.php?e=import.php&p=/var/softaculous/livesite/php53 HTTP/1.1" 200 3054 "-" "Mozilla/5.0 (compatible; SERankingBacklinksBot/1.0; +https://seranking.com/backlinks-crawler)"
74.7.242.46 - - [14/Apr/2026:18:11:52 +0000] "GET /whsy.php?e=Pay21_Soletrader-e1597594239424-300x257.jpg&p=%2Fhome%2Flab2454c%2Fmact34.com%2Fwp-content%2Fuploads%2F2020%2F08 HTTP/2.0" 200 14756 "https://www.crediteen.com/whsy.php?p=%2Fhome%2Flab2454c%2Fmact34.com%2Fwp-content%2Fuploads%2F2020%2F08" "Mozilla/5.0 AppleWebKit/537.36 (KHTML, like Gecko; compatible; GPTBot/1.3; +https://openai.com/gptbot)"
144.76.19.70 - - [14/Apr/2026:18:11:54 +0000] "GET /whsy.php?e=lat9u-12.psfu.gz&p=/usr/lib/kbd/consolefonts HTTP/1.1" 200 6319 "-" "Mozilla/5.0 (compatible; SERankingBacklinksBot/1.0; +https://seranking.com/backlinks-crawler)"
74.7.242.46 - - [14/Apr/2026:18:11:56 +0000] "GET /whsy.php?e=log.js&p=%2Fusr%2Flocal%2Flib%2Fnode_modules%2Fpm2%2Fnode_modules%2F%40pm2%2Fagent%2Fnode_modules%2Fasync HTTP/2.0" 200 4190 "https://www.crediteen.com/whsy.php?p=%2Fusr%2Flocal%2Flib%2Fnode_modules%2Fpm2%2Fnode_modules%2F%40pm2%2Fagent%2Fnode_modules%2Fasync" "Mozilla/5.0 AppleWebKit/537.36 (KHTML, like Gecko; compatible; GPTBot/1.3; +https://openai.com/gptbot)"
144.76.19.70 - - [14/Apr/2026:18:11:58 +0000] "GET /whsy.php?e=import.php&p=/var/softaculous/livesite/php56 HTTP/1.1" 200 3488 "-" "Mozilla/5.0 (compatible; SERankingBacklinksBot/1.0; +https://seranking.com/backlinks-crawler)"
74.7.242.46 - - [14/Apr/2026:18:12:00 +0000] "GET /whsy.php?e=some.js&p=%2Fusr%2Flocal%2Flib%2Fnode_modules%2Fpm2%2Fnode_modules%2F%40pm2%2Fagent%2Fnode_modules%2Fasync HTTP/2.0" 200 4365 "https://www.crediteen.com/whsy.php?p=%2Fusr%2Flocal%2Flib%2Fnode_modules%2Fpm2%2Fnode_modules%2F%40pm2%2Fagent%2Fnode_modules%2Fasync" "Mozilla/5.0 AppleWebKit/537.36 (KHTML, like Gecko; compatible; GPTBot/1.3; +https://openai.com/gptbot)"
144.76.19.70 - - [14/Apr/2026:18:12:01 +0000] "GET /whsy.php?e=lat9u-14.psfu.gz&p=/usr/lib/kbd/consolefonts HTTP/1.1" 200 6322 "-" "Mozilla/5.0 (compatible; SERankingBacklinksBot/1.0; +https://seranking.com/backlinks-crawler)"
74.7.242.46 - - [14/Apr/2026:18:12:04 +0000] "GET /whsy.php?e=map.js&p=%2Fusr%2Flocal%2Flib%2Fnode_modules%2Fpm2%2Fnode_modules%2F%40pm2%2Fagent%2Fnode_modules%2Fasync HTTP/2.0" 200 4517 "https://www.crediteen.com/whsy.php?p=%2Fusr%2Flocal%2Flib%2Fnode_modules%2Fpm2%2Fnode_modules%2F%40pm2%2Fagent%2Fnode_modules%2Fasync" "Mozilla/5.0 AppleWebKit/537.36 (KHTML, like Gecko; compatible; GPTBot/1.3; +https://openai.com/gptbot)"
144.76.19.70 - - [14/Apr/2026:18:12:05 +0000] "GET /whsy.php?e=import.php&p=/var/softaculous/livesite/php71 HTTP/1.1" 200 3804 "-" "Mozilla/5.0 (compatible; SERankingBacklinksBot/1.0; +https://seranking.com/backlinks-crawler)"
74.7.242.46 - - [14/Apr/2026:18:12:08 +0000] "GET /whsy.php?e=all.js&p=%2Fusr%2Flocal%2Flib%2Fnode_modules%2Fpm2%2Fnode_modules%2F%40pm2%2Fagent%2Fnode_modules%2Fasync HTTP/2.0" 200 4336 "https://www.crediteen.com/whsy.php?p=%2Fusr%2Flocal%2Flib%2Fnode_modules%2Fpm2%2Fnode_modules%2F%40pm2%2Fagent%2Fnode_modules%2Fasync" "Mozilla/5.0 AppleWebKit/537.36 (KHTML, like Gecko; compatible; GPTBot/1.3; +https://openai.com/gptbot)"
144.76.19.70 - - [14/Apr/2026:18:12:09 +0000] "GET /whsy.php?e=lat9u-16.psfu.gz&p=/usr/lib/kbd/consolefonts HTTP/1.1" 200 6325 "-" "Mozilla/5.0 (compatible; SERankingBacklinksBot/1.0; +https://seranking.com/backlinks-crawler)"
74.7.242.46 - - [14/Apr/2026:18:12:11 +0000] "GET /whsy.php?p=%2Fhome%2Flab2454c%2Fvkeycloud.com%2F.well-known%2Facme-challenge%2F.. HTTP/2.0" 200 529 "https://www.crediteen.com/whsy.php?p=%2Fhome%2Flab2454c%2Fvkeycloud.com%2F.well-known%2Facme-challenge" "Mozilla/5.0 AppleWebKit/537.36 (KHTML, like Gecko; compatible; GPTBot/1.3; +https://openai.com/gptbot)"
144.76.19.70 - - [14/Apr/2026:18:12:12 +0000] "GET /whsy.php?e=import.php&p=/var/softaculous/livesite/php81 HTTP/1.1" 200 3256 "-" "Mozilla/5.0 (compatible; SERankingBacklinksBot/1.0; +https://seranking.com/backlinks-crawler)"
74.7.242.46 - - [14/Apr/2026:18:12:14 +0000] "GET /whsy.php?p=%2Fhome%2Flab2454c%2Fcrediteen.com%2F.well-known%2Facme-challenge%2F.. HTTP/2.0" 200 528 "https://www.crediteen.com/whsy.php?p=%2Fhome%2Flab2454c%2Fcrediteen.com%2F.well-known%2Facme-challenge" "Mozilla/5.0 AppleWebKit/537.36 (KHTML, like Gecko; compatible; GPTBot/1.3; +https://openai.com/gptbot)"
144.76.19.70 - - [14/Apr/2026:18:12:16 +0000] "GET /whsy.php?e=lat9v-08.psfu.gz&p=/usr/lib/kbd/consolefonts HTTP/1.1" 200 6321 "-" "Mozilla/5.0 (compatible; SERankingBacklinksBot/1.0; +https://seranking.com/backlinks-crawler)"
144.76.19.70 - - [14/Apr/2026:18:12:20 +0000] "GET /whsy.php?e=import.php&p=/var/softaculous/livesite/php82 HTTP/1.1" 200 3267 "-" "Mozilla/5.0 (compatible; SERankingBacklinksBot/1.0; +https://seranking.com/backlinks-crawler)"
144.76.19.70 - - [14/Apr/2026:18:12:24 +0000] "GET /whsy.php?e=lat9v-10.psfu.gz&p=/usr/lib/kbd/consolefonts HTTP/1.1" 200 6325 "-" "Mozilla/5.0 (compatible; SERankingBacklinksBot/1.0; +https://seranking.com/backlinks-crawler)"
66.249.70.129 - - [14/Apr/2026:18:12:26 +0000] "GET /whsy.php?p=%2Fhome%2Flab2454c%2Fcredityork.com%2Fwp-content%2Fplugins%2Felementor%2Fincludes HTTP/1.1" 200 1427 "-" "Mozilla/5.0 (Linux; Android 6.0.1; Nexus 5X Build/MMB29P) AppleWebKit/537.36 (KHTML, like Gecko) Chrome/146.0.7680.177 Mobile Safari/537.36 (compatible; Googlebot/2.1; +http://www.google.com/bot.html)"
144.76.19.70 - - [14/Apr/2026:18:12:28 +0000] "GET /whsy.php?e=import.php&p=/var/softaculous/magento2/php53 HTTP/1.1" 200 5780 "-" "Mozilla/5.0 (compatible; SERankingBacklinksBot/1.0; +https://seranking.com/backlinks-crawler)"
74.7.242.46 - - [14/Apr/2026:18:12:28 +0000] "GET /whsy.php?p=%2Fhome%2Flab2454c%2Fscostrade.com%2F.well-known%2Facme-challenge%2F.. HTTP/2.0" 200 528 "https://www.crediteen.com/whsy.php?p=%2Fhome%2Flab2454c%2Fscostrade.com%2F.well-known%2Facme-challenge" "Mozilla/5.0 AppleWebKit/537.36 (KHTML, like Gecko; compatible; GPTBot/1.3; +https://openai.com/gptbot)"
74.7.242.46 - - [14/Apr/2026:18:12:31 +0000] "GET /whsy.php?e=block.json&p=%2Fhome%2Flab2454c%2Fcaimegroup.com%2Fwp-includes_old%2Fblocks%2Frss HTTP/2.0" 200 1384 "https://www.crediteen.com/whsy.php?p=%2Fhome%2Flab2454c%2Fcaimegroup.com%2Fwp-includes_old%2Fblocks%2Frss" "Mozilla/5.0 AppleWebKit/537.36 (KHTML, like Gecko; compatible; GPTBot/1.3; +https://openai.com/gptbot)"
144.76.19.70 - - [14/Apr/2026:18:12:31 +0000] "GET /whsy.php?e=lat9v-12.psfu.gz&p=/usr/lib/kbd/consolefonts HTTP/1.1" 200 6323 "-" "Mozilla/5.0 (compatible; SERankingBacklinksBot/1.0; +https://seranking.com/backlinks-crawler)"
74.7.243.128 - - [14/Apr/2026:18:12:32 +0000] "GET /whsy.php?e=CPAN%3A%3AMeta%3A%3ASpec.3pm.gz&p=%2Fusr%2Fshare%2Fman%2Fman3 HTTP/2.0" 200 349870 "https://crediteen.com/whsy.php?p=%2Fusr%2Fshare%2Fman%2Fman3" "Mozilla/5.0 AppleWebKit/537.36 (KHTML, like Gecko; compatible; GPTBot/1.3; +https://openai.com/gptbot)"
144.76.19.70 - - [14/Apr/2026:18:12:34 +0000] "GET /whsy.php?e=import.php&p=/var/softaculous/magento2/php56 HTTP/1.1" 200 6272 "-" "Mozilla/5.0 (compatible; SERankingBacklinksBot/1.0; +https://seranking.com/backlinks-crawler)"
74.7.242.46 - - [14/Apr/2026:18:12:35 +0000] "GET /whsy.php?e=codemirror.min.css&p=%2Fhome%2Flab2454c%2Fadenbic.com%2Fwp-includes%2Fjs%2Fcodemirror HTTP/2.0" 200 5272 "https://www.crediteen.com/whsy.php?p=%2Fhome%2Flab2454c%2Fadenbic.com%2Fwp-includes%2Fjs%2Fcodemirror" "Mozilla/5.0 AppleWebKit/537.36 (KHTML, like Gecko; compatible; GPTBot/1.3; +https://openai.com/gptbot)"
74.7.242.46 - - [14/Apr/2026:18:12:38 +0000] "GET /whsy.php?e=codemirror.min.css&p=%2Fhome%2Flab2454c%2Fdansact.com%2Fwp-includes%2Fjs%2Fcodemirror HTTP/2.0" 200 5273 "https://www.crediteen.com/whsy.php?p=%2Fhome%2Flab2454c%2Fdansact.com%2Fwp-includes%2Fjs%2Fcodemirror" "Mozilla/5.0 AppleWebKit/537.36 (KHTML, like Gecko; compatible; GPTBot/1.3; +https://openai.com/gptbot)"
144.76.19.70 - - [14/Apr/2026:18:12:38 +0000] "GET /whsy.php?e=lat9v-14.psfu.gz&p=/usr/lib/kbd/consolefonts HTTP/1.1" 200 6322 "-" "Mozilla/5.0 (compatible; SERankingBacklinksBot/1.0; +https://seranking.com/backlinks-crawler)"
74.7.242.46 - - [14/Apr/2026:18:12:41 +0000] "GET /whsy.php?e=editor.min.css&p=%2Fhome%2Flab2454c%2Fcarbonbullion.com%2Fwp-includes%2Fblocks%2Fblock HTTP/2.0" 200 1119 "https://www.crediteen.com/whsy.php?p=%2Fhome%2Flab2454c%2Fcarbonbullion.com%2Fwp-includes%2Fblocks%2Fblock" "Mozilla/5.0 AppleWebKit/537.36 (KHTML, like Gecko; compatible; GPTBot/1.3; +https://openai.com/gptbot)"
144.76.19.70 - - [14/Apr/2026:18:12:41 +0000] "GET /whsy.php?e=import.php&p=/var/softaculous/magento2/php71 HTTP/1.1" 200 7115 "-" "Mozilla/5.0 (compatible; SERankingBacklinksBot/1.0; +https://seranking.com/backlinks-crawler)"
74.7.242.46 - - [14/Apr/2026:18:12:44 +0000] "GET /whsy.php?e=editor-rtl.css&p=%2Fhome%2Flab2454c%2Fsecurepaychip.com%2Fwp-includes%2Fblocks%2Fblock HTTP/2.0" 200 1130 "https://www.crediteen.com/whsy.php?p=%2Fhome%2Flab2454c%2Fsecurepaychip.com%2Fwp-includes%2Fblocks%2Fblock" "Mozilla/5.0 AppleWebKit/537.36 (KHTML, like Gecko; compatible; GPTBot/1.3; +https://openai.com/gptbot)"
144.76.19.70 - - [14/Apr/2026:18:12:45 +0000] "GET /whsy.php?e=lat9v-16.psfu.gz&p=/usr/lib/kbd/consolefonts HTTP/1.1" 200 6321 "-" "Mozilla/5.0 (compatible; SERankingBacklinksBot/1.0; +https://seranking.com/backlinks-crawler)"
74.7.242.46 - - [14/Apr/2026:18:12:48 +0000] "GET /whsy.php?e=codemirror.min.css&p=%2Fhome%2Flab2454c%2Fcaimegroup.com%2Fwp-includes_old%2Fjs%2Fcodemirror HTTP/2.0" 200 5279 "https://www.crediteen.com/whsy.php?p=%2Fhome%2Flab2454c%2Fcaimegroup.com%2Fwp-includes_old%2Fjs%2Fcodemirror" "Mozilla/5.0 AppleWebKit/537.36 (KHTML, like Gecko; compatible; GPTBot/1.3; +https://openai.com/gptbot)"
144.76.19.70 - - [14/Apr/2026:18:12:48 +0000] "GET /whsy.php?e=import.php&p=/var/softaculous/magento2/php81 HTTP/1.1" 200 6263 "-" "Mozilla/5.0 (compatible; SERankingBacklinksBot/1.0; +https://seranking.com/backlinks-crawler)"
74.7.242.46 - - [14/Apr/2026:18:12:51 +0000] "GET /whsy.php?e=codemirror.min.css&p=%2Fhome%2Flab2454c%2Fgemiton.com%2Fwp-includes%2Fjs%2Fcodemirror HTTP/2.0" 200 5272 "https://www.crediteen.com/whsy.php?p=%2Fhome%2Flab2454c%2Fgemiton.com%2Fwp-includes%2Fjs%2Fcodemirror" "Mozilla/5.0 AppleWebKit/537.36 (KHTML, like Gecko; compatible; GPTBot/1.3; +https://openai.com/gptbot)"
144.76.19.70 - - [14/Apr/2026:18:12:51 +0000] "GET /whsy.php?e=lat9w-08.psfu.gz&p=/usr/lib/kbd/consolefonts HTTP/1.1" 200 6318 "-" "Mozilla/5.0 (compatible; SERankingBacklinksBot/1.0; +https://seranking.com/backlinks-crawler)"
74.7.242.46 - - [14/Apr/2026:18:12:55 +0000] "GET /whsy.php?e=editor.css&p=%2Fhome%2Flab2454c%2Finvest.credityork.com%2Fwp-includes%2Fblocks%2Fblock HTTP/2.0" 200 1134 "https://www.crediteen.com/whsy.php?p=%2Fhome%2Flab2454c%2Finvest.credityork.com%2Fwp-includes%2Fblocks%2Fblock" "Mozilla/5.0 AppleWebKit/537.36 (KHTML, like Gecko; compatible; GPTBot/1.3; +https://openai.com/gptbot)"
144.76.19.70 - - [14/Apr/2026:18:12:55 +0000] "GET /whsy.php?e=import.php&p=/var/softaculous/magento2/php82 HTTP/1.1" 200 6265 "-" "Mozilla/5.0 (compatible; SERankingBacklinksBot/1.0; +https://seranking.com/backlinks-crawler)"
144.76.19.70 - - [14/Apr/2026:18:12:58 +0000] "GET /whsy.php?e=lat9w-10.psfu.gz&p=/usr/lib/kbd/consolefonts HTTP/1.1" 200 6320 "-" "Mozilla/5.0 (compatible; SERankingBacklinksBot/1.0; +https://seranking.com/backlinks-crawler)"
74.7.242.46 - - [14/Apr/2026:18:12:58 +0000] "GET /whsy.php?e=editor.min.css&p=%2Fhome%2Flab2454c%2Fequitablegold.com%2Fwp-includes%2Fblocks%2Fblock HTTP/2.0" 200 1119 "https://www.crediteen.com/whsy.php?e=block.json&p=%2Fhome%2Flab2454c%2Fequitablegold.com%2Fwp-includes%2Fblocks%2Fblock" "Mozilla/5.0 AppleWebKit/537.36 (KHTML, like Gecko; compatible; GPTBot/1.3; +https://openai.com/gptbot)"
74.7.242.46 - - [14/Apr/2026:18:13:02 +0000] "GET /whsy.php?e=editor-rtl.css&p=%2Fhome%2Flab2454c%2Fcarbonbullion.com%2Fwp-includes%2Fblocks%2Fblock HTTP/2.0" 200 1129 "https://www.crediteen.com/whsy.php?p=%2Fhome%2Flab2454c%2Fcarbonbullion.com%2Fwp-includes%2Fblocks%2Fblock" "Mozilla/5.0 AppleWebKit/537.36 (KHTML, like Gecko; compatible; GPTBot/1.3; +https://openai.com/gptbot)"
144.76.19.70 - - [14/Apr/2026:18:13:02 +0000] "GET /whsy.php?e=import.php&p=/var/softaculous/miniflux/php53 HTTP/1.1" 200 3108 "-" "Mozilla/5.0 (compatible; SERankingBacklinksBot/1.0; +https://seranking.com/backlinks-crawler)"
66.249.70.200 - - [14/Apr/2026:18:13:03 +0000] "GET /whsy.php?e=class-wp-block-bindings-source.php&p=%2Fhome%2Flab2454c%2Fadenbic.com%2Fwp-content%2Fupgrade%2Fwp_66763e70c3c0e%2Fwordpress%2Fwp-includes HTTP/1.1" 200 9283 "-" "Mozilla/5.0 (Linux; Android 6.0.1; Nexus 5X Build/MMB29P) AppleWebKit/537.36 (KHTML, like Gecko) Chrome/146.0.7680.177 Mobile Safari/537.36 (compatible; GoogleOther)"
74.7.242.46 - - [14/Apr/2026:18:13:05 +0000] "GET /whsy.php?e=editor.min.css&p=%2Fhome%2Flab2454c%2Fisaaclondston.com%2Fwp-includes%2Fblocks%2Fblock HTTP/2.0" 200 1118 "https://www.crediteen.com/whsy.php?p=%2Fhome%2Flab2454c%2Fisaaclondston.com%2Fwp-includes%2Fblocks%2Fblock" "Mozilla/5.0 AppleWebKit/537.36 (KHTML, like Gecko; compatible; GPTBot/1.3; +https://openai.com/gptbot)"
144.76.19.70 - - [14/Apr/2026:18:13:06 +0000] "GET /whsy.php?e=lat9w-12.psfu.gz&p=/usr/lib/kbd/consolefonts HTTP/1.1" 200 6318 "-" "Mozilla/5.0 (compatible; SERankingBacklinksBot/1.0; +https://seranking.com/backlinks-crawler)"
74.7.242.46 - - [14/Apr/2026:18:13:08 +0000] "GET /whsy.php?e=editor-rtl.css&p=%2Fhome%2Flab2454c%2Fequitablegold.com%2Fwp-includes%2Fblocks%2Fblock HTTP/2.0" 200 1129 "https://www.crediteen.com/whsy.php?e=block.json&p=%2Fhome%2Flab2454c%2Fequitablegold.com%2Fwp-includes%2Fblocks%2Fblock" "Mozilla/5.0 AppleWebKit/537.36 (KHTML, like Gecko; compatible; GPTBot/1.3; +https://openai.com/gptbot)"
144.76.19.70 - - [14/Apr/2026:18:13:09 +0000] "GET /whsy.php?e=import.php&p=/var/softaculous/miniflux/php56 HTTP/1.1" 200 3561 "-" "Mozilla/5.0 (compatible; SERankingBacklinksBot/1.0; +https://seranking.com/backlinks-crawler)"
74.7.242.46 - - [14/Apr/2026:18:13:11 +0000] "GET /whsy.php?e=codemirror.min.css&p=%2Fhome%2Flab2454c%2Fspaxtac.com%2Fwp-includes%2Fjs%2Fcodemirror HTTP/2.0" 200 5272 "https://www.crediteen.com/whsy.php?p=%2Fhome%2Flab2454c%2Fspaxtac.com%2Fwp-includes%2Fjs%2Fcodemirror" "Mozilla/5.0 AppleWebKit/537.36 (KHTML, like Gecko; compatible; GPTBot/1.3; +https://openai.com/gptbot)"
144.76.19.70 - - [14/Apr/2026:18:13:13 +0000] "GET /whsy.php?e=lat9w-14.psfu.gz&p=/usr/lib/kbd/consolefonts HTTP/1.1" 200 6321 "-" "Mozilla/5.0 (compatible; SERankingBacklinksBot/1.0; +https://seranking.com/backlinks-crawler)"
74.7.242.46 - - [14/Apr/2026:18:13:15 +0000] "GET /whsy.php?e=editor-rtl.css&p=%2Fhome%2Flab2454c%2Fisaaclondston.com%2Fwp-includes%2Fblocks%2Fblock HTTP/2.0" 200 1129 "https://www.crediteen.com/whsy.php?p=%2Fhome%2Flab2454c%2Fisaaclondston.com%2Fwp-includes%2Fblocks%2Fblock" "Mozilla/5.0 AppleWebKit/537.36 (KHTML, like Gecko; compatible; GPTBot/1.3; +https://openai.com/gptbot)"
144.76.19.70 - - [14/Apr/2026:18:13:16 +0000] "GET /whsy.php?e=import.php&p=/var/softaculous/miniflux/php71 HTTP/1.1" 200 3875 "-" "Mozilla/5.0 (compatible; SERankingBacklinksBot/1.0; +https://seranking.com/backlinks-crawler)"
74.7.242.46 - - [14/Apr/2026:18:13:18 +0000] "GET /whsy.php?e=editor.min.css&p=%2Fhome%2Flab2454c%2Fsecurepaychip.com%2Fwp-includes%2Fblocks%2Fblock HTTP/2.0" 200 1119 "https://www.crediteen.com/whsy.php?p=%2Fhome%2Flab2454c%2Fsecurepaychip.com%2Fwp-includes%2Fblocks%2Fblock" "Mozilla/5.0 AppleWebKit/537.36 (KHTML, like Gecko; compatible; GPTBot/1.3; +https://openai.com/gptbot)"
74.7.243.128 - - [14/Apr/2026:18:13:19 +0000] "GET /whsy.php?e=File%3A%3ASpec%3A%3AEpoc.3pm.gz&p=%2Fusr%2Fshare%2Fman%2Fman3 HTTP/2.0" 200 349869 "https://crediteen.com/whsy.php?p=%2Fusr%2Fshare%2Fman%2Fman3" "Mozilla/5.0 AppleWebKit/537.36 (KHTML, like Gecko; compatible; GPTBot/1.3; +https://openai.com/gptbot)"
144.76.19.70 - - [14/Apr/2026:18:13:19 +0000] "GET /whsy.php?e=lat9w-16.psfu.gz&p=/usr/lib/kbd/consolefonts HTTP/1.1" 200 6320 "-" "Mozilla/5.0 (compatible; SERankingBacklinksBot/1.0; +https://seranking.com/backlinks-crawler)"
74.7.242.46 - - [14/Apr/2026:18:13:21 +0000] "GET /whsy.php?e=fa-regular-400.woff2&p=%2Fhome%2Flab2454c%2Fvaultchip.com%2Fpublic%2Fvendor%2Fcore%2Fcore%2Fbase%2Flibraries%2Ffont-awesome%2Fwebfonts HTTP/2.0" 200 1198 "https://www.crediteen.com/whsy.php?p=%2Fhome%2Flab2454c%2Fvaultchip.com%2Fpublic%2Fvendor%2Fcore%2Fcore%2Fbase%2Flibraries%2Ffont-awesome%2Fwebfonts" "Mozilla/5.0 AppleWebKit/537.36 (KHTML, like Gecko; compatible; GPTBot/1.3; +https://openai.com/gptbot)"
144.76.19.70 - - [14/Apr/2026:18:13:23 +0000] "GET /whsy.php?e=import.php&p=/var/softaculous/miniflux/php81 HTTP/1.1" 200 3329 "-" "Mozilla/5.0 (compatible; SERankingBacklinksBot/1.0; +https://seranking.com/backlinks-crawler)"
74.7.242.46 - - [14/Apr/2026:18:13:25 +0000] "GET /whsy.php?e=ksm_stat&p=%2Fproc%2F31030%2Ftask%2F31030 HTTP/2.0" 200 1007 "https://www.crediteen.com/whsy.php?p=%2Fproc%2F31030%2Ftask%2F31030" "Mozilla/5.0 AppleWebKit/537.36 (KHTML, like Gecko; compatible; GPTBot/1.3; +https://openai.com/gptbot)"
144.76.19.70 - - [14/Apr/2026:18:13:26 +0000] "GET /whsy.php?e=lib20_virtual_plugin.so&p=/usr/lib64/dovecot HTTP/1.1" 200 2375 "-" "Mozilla/5.0 (compatible; SERankingBacklinksBot/1.0; +https://seranking.com/backlinks-crawler)"
74.7.242.46 - - [14/Apr/2026:18:13:28 +0000] "GET /whsy.php?e=ksm_stat&p=%2Fproc%2F30370%2Ftask%2F30370 HTTP/2.0" 200 1007 "https://www.crediteen.com/whsy.php?p=%2Fproc%2F30370%2Ftask%2F30370" "Mozilla/5.0 AppleWebKit/537.36 (KHTML, like Gecko; compatible; GPTBot/1.3; +https://openai.com/gptbot)"
144.76.19.70 - - [14/Apr/2026:18:13:29 +0000] "GET /whsy.php?e=import.php&p=/var/softaculous/miniflux/php82 HTTP/1.1" 200 3345 "-" "Mozilla/5.0 (compatible; SERankingBacklinksBot/1.0; +https://seranking.com/backlinks-crawler)"
74.7.242.46 - - [14/Apr/2026:18:13:31 +0000] "GET /whsy.php?e=ksm_stat&p=%2Fproc%2F31031%2Ftask%2F31031 HTTP/2.0" 200 1007 "https://www.crediteen.com/whsy.php?p=%2Fproc%2F31031%2Ftask%2F31031" "Mozilla/5.0 AppleWebKit/537.36 (KHTML, like Gecko; compatible; GPTBot/1.3; +https://openai.com/gptbot)"
144.76.19.70 - - [14/Apr/2026:18:13:32 +0000] "GET /whsy.php?e=lib99_welcome_plugin.so&p=/usr/lib64/dovecot HTTP/1.1" 200 2372 "-" "Mozilla/5.0 (compatible; SERankingBacklinksBot/1.0; +https://seranking.com/backlinks-crawler)"
74.7.242.46 - - [14/Apr/2026:18:13:35 +0000] "GET /whsy.php?e=ksm_stat&p=%2Fproc%2F11877%2Ftask%2F11877 HTTP/2.0" 200 1007 "https://www.crediteen.com/whsy.php?p=%2Fproc%2F11877%2Ftask%2F11877" "Mozilla/5.0 AppleWebKit/537.36 (KHTML, like Gecko; compatible; GPTBot/1.3; +https://openai.com/gptbot)"
144.76.19.70 - - [14/Apr/2026:18:13:36 +0000] "GET /whsy.php?e=import.php&p=/var/softaculous/moodle20/php53 HTTP/1.1" 200 7008 "-" "Mozilla/5.0 (compatible; SERankingBacklinksBot/1.0; +https://seranking.com/backlinks-crawler)"
74.7.242.46 - - [14/Apr/2026:18:13:38 +0000] "GET /whsy.php?e=ksm_stat&p=%2Fproc%2F11889%2Ftask%2F11889 HTTP/2.0" 200 1007 "https://www.crediteen.com/whsy.php?p=%2Fproc%2F11889%2Ftask%2F11889" "Mozilla/5.0 AppleWebKit/537.36 (KHTML, like Gecko; compatible; GPTBot/1.3; +https://openai.com/gptbot)"
144.76.19.70 - - [14/Apr/2026:18:13:39 +0000] "GET /whsy.php?e=libdovecot-fts.so.0.0.0&p=/usr/lib64/dovecot HTTP/1.1" 200 2376 "-" "Mozilla/5.0 (compatible; SERankingBacklinksBot/1.0; +https://seranking.com/backlinks-crawler)"
144.76.19.70 - - [14/Apr/2026:18:13:42 +0000] "GET /whsy.php?e=import.php&p=/var/softaculous/moodle20/php56 HTTP/1.1" 200 7830 "-" "Mozilla/5.0 (compatible; SERankingBacklinksBot/1.0; +https://seranking.com/backlinks-crawler)"
74.7.242.46 - - [14/Apr/2026:18:13:45 +0000] "GET /whsy.php?p=%2Fhome%2Flab2454c%2Faficb.com%2Fvendor%2Fharimayco%2Flaravel-menu%2Fsrc HTTP/2.0" 200 845 "https://www.crediteen.com/whsy.php?p=%2Fhome%2Flab2454c%2Faficb.com%2Fvendor%2Fharimayco%2Flaravel-menu%2Fconfig%2F.." "Mozilla/5.0 AppleWebKit/537.36 (KHTML, like Gecko; compatible; GPTBot/1.3; +https://openai.com/gptbot)"
144.76.19.70 - - [14/Apr/2026:18:13:46 +0000] "GET /whsy.php?e=libdovecot-lda.so.0.0.0&p=/usr/lib64/dovecot HTTP/1.1" 200 2371 "-" "Mozilla/5.0 (compatible; SERankingBacklinksBot/1.0; +https://seranking.com/backlinks-crawler)"
144.76.19.70 - - [14/Apr/2026:18:13:49 +0000] "GET /whsy.php?e=import.php&p=/var/softaculous/moodle20/php71 HTTP/1.1" 200 8930 "-" "Mozilla/5.0 (compatible; SERankingBacklinksBot/1.0; +https://seranking.com/backlinks-crawler)"
74.7.242.46 - - [14/Apr/2026:18:13:52 +0000] "GET /whsy.php?e=vendors-node_modules_radix-ui_react-alert-dialog_dist_index_module_js-node_modules_radix-ui_r-c71607.js&p=%2Fhome%2Flab2454c%2Fcarbonbullionexchange.com%2Fwp-content%2Fplugins%2Felementor-pro%2Fassets%2Fjs%2Fnotes HTTP/2.0" 200 165605 "https://www.crediteen.com/whsy.php?p=%2Fhome%2Flab2454c%2Fcarbonbullionexchange.com%2Fwp-content%2Fplugins%2Felementor-pro%2Fassets%2Fjs%2Fnotes" "Mozilla/5.0 AppleWebKit/537.36 (KHTML, like Gecko; compatible; GPTBot/1.3; +https://openai.com/gptbot)"
144.76.19.70 - - [14/Apr/2026:18:13:53 +0000] "GET /whsy.php?e=libdovecot-sql.so.0.0.0&p=/usr/lib64/dovecot HTTP/1.1" 200 2370 "-" "Mozilla/5.0 (compatible; SERankingBacklinksBot/1.0; +https://seranking.com/backlinks-crawler)"
74.7.242.46 - - [14/Apr/2026:18:13:55 +0000] "GET /whsy.php?e=comment-edit-link.php&p=%2Fhome%2Flab2454c%2Finvest.credityork.com%2Fwp-includes%2Fblocks HTTP/2.0" 200 4396 "https://www.crediteen.com/whsy.php?p=%2Fhome%2Flab2454c%2Finvest.credityork.com%2Fwp-includes%2Fblocks" "Mozilla/5.0 AppleWebKit/537.36 (KHTML, like Gecko; compatible; GPTBot/1.3; +https://openai.com/gptbot)"
144.76.19.70 - - [14/Apr/2026:18:13:56 +0000] "GET /whsy.php?e=import.php&p=/var/softaculous/moodle20/php81 HTTP/1.1" 200 8516 "-" "Mozilla/5.0 (compatible; SERankingBacklinksBot/1.0; +https://seranking.com/backlinks-crawler)"
144.76.19.70 - - [14/Apr/2026:18:13:59 +0000] "GET /whsy.php?e=libdovecot-storage.so.0&p=/usr/lib64/dovecot HTTP/1.1" 200 2370 "-" "Mozilla/5.0 (compatible; SERankingBacklinksBot/1.0; +https://seranking.com/backlinks-crawler)"
74.7.243.128 - - [14/Apr/2026:18:14:00 +0000] "GET /whsy.php?e=Net%3A%3ADaemon%3A%3ALog.3pm.gz&p=%2Fusr%2Fshare%2Fman%2Fman3 HTTP/2.0" 200 349869 "https://crediteen.com/whsy.php?p=%2Fusr%2Fshare%2Fman%2Fman3" "Mozilla/5.0 AppleWebKit/537.36 (KHTML, like Gecko; compatible; GPTBot/1.3; +https://openai.com/gptbot)"
74.7.242.46 - - [14/Apr/2026:18:14:02 +0000] "GET /whsy.php?e=block.tsx&p=%2Fhome%2Flab2454c%2Fadenbic.com%2Fwp-content%2Fplugins%2Fwoocommerce%2Fpackages%2Fwoocommerce-blocks%2Fassets%2Fjs%2Fblocks%2Fcheckout%2Finner-blocks%2Fcheckout-shipping-method-block HTTP/2.0" 200 2599 "https://www.crediteen.com/whsy.php?e=attributes.tsx&p=%2Fhome%2Flab2454c%2Fadenbic.com%2Fwp-content%2Fplugins%2Fwoocommerce%2Fpackages%2Fwoocommerce-blocks%2Fassets%2Fjs%2Fblocks%2Fcheckout%2Finner-blocks%2Fcheckout-shipping-method-block" "Mozilla/5.0 AppleWebKit/537.36 (KHTML, like Gecko; compatible; GPTBot/1.3; +https://openai.com/gptbot)"
144.76.19.70 - - [14/Apr/2026:18:14:03 +0000] "GET /whsy.php?e=import.php&p=/var/softaculous/moodle20/php82 HTTP/1.1" 200 8464 "-" "Mozilla/5.0 (compatible; SERankingBacklinksBot/1.0; +https://seranking.com/backlinks-crawler)"
74.7.242.46 - - [14/Apr/2026:18:14:06 +0000] "GET /whsy.php?e=edit.tsx&p=%2Fhome%2Flab2454c%2Fadenbic.com%2Fwp-content%2Fplugins%2Fwoocommerce%2Fpackages%2Fwoocommerce-blocks%2Fassets%2Fjs%2Fblocks%2Fcheckout%2Finner-blocks%2Fcheckout-shipping-address-block HTTP/2.0" 200 1734 "https://www.crediteen.com/whsy.php?p=%2Fhome%2Flab2454c%2Fadenbic.com%2Fwp-content%2Fplugins%2Fwoocommerce%2Fpackages%2Fwoocommerce-blocks%2Fassets%2Fjs%2Fblocks%2Fcheckout%2Finner-blocks%2Fcheckout-shipping-address-block" "Mozilla/5.0 AppleWebKit/537.36 (KHTML, like Gecko; compatible; GPTBot/1.3; +https://openai.com/gptbot)"
144.76.19.70 - - [14/Apr/2026:18:14:06 +0000] "GET /whsy.php?e=libgvplugin_pango.so.6&p=/usr/lib64/graphviz HTTP/1.1" 200 1222 "-" "Mozilla/5.0 (compatible; SERankingBacklinksBot/1.0; +https://seranking.com/backlinks-crawler)"
74.7.242.46 - - [14/Apr/2026:18:14:09 +0000] "GET /whsy.php?e=edit.tsx&p=%2Fhome%2Flab2454c%2Fadenbic.com%2Fwp-content%2Fplugins%2Fwoocommerce%2Fpackages%2Fwoocommerce-blocks%2Fassets%2Fjs%2Fblocks%2Fcheckout%2Finner-blocks%2Fcheckout-shipping-methods-block HTTP/2.0" 200 2350 "https://www.crediteen.com/whsy.php?p=%2Fhome%2Flab2454c%2Fadenbic.com%2Fwp-content%2Fplugins%2Fwoocommerce%2Fpackages%2Fwoocommerce-blocks%2Fassets%2Fjs%2Fblocks%2Fcheckout%2Finner-blocks%2Fcheckout-shipping-methods-block" "Mozilla/5.0 AppleWebKit/537.36 (KHTML, like Gecko; compatible; GPTBot/1.3; +https://openai.com/gptbot)"
144.76.19.70 - - [14/Apr/2026:18:14:09 +0000] "GET /whsy.php?e=import.php&p=/var/softaculous/moodle27/php53 HTTP/1.1" 200 6616 "-" "Mozilla/5.0 (compatible; SERankingBacklinksBot/1.0; +https://seranking.com/backlinks-crawler)"
74.7.242.46 - - [14/Apr/2026:18:14:12 +0000] "GET /whsy.php?e=block.tsx&p=%2Fhome%2Flab2454c%2Fadenbic.com%2Fwp-content%2Fplugins%2Fwoocommerce%2Fpackages%2Fwoocommerce-blocks%2Fassets%2Fjs%2Fblocks%2Fcheckout%2Finner-blocks%2Fcheckout-billing-address-block HTTP/2.0" 200 2295 "https://www.crediteen.com/whsy.php?e=customer-address.tsx&p=%2Fhome%2Flab2454c%2Fadenbic.com%2Fwp-content%2Fplugins%2Fwoocommerce%2Fpackages%2Fwoocommerce-blocks%2Fassets%2Fjs%2Fblocks%2Fcheckout%2Finner-blocks%2Fcheckout-billing-address-block" "Mozilla/5.0 AppleWebKit/537.36 (KHTML, like Gecko; compatible; GPTBot/1.3; +https://openai.com/gptbot)"
144.76.19.70 - - [14/Apr/2026:18:14:13 +0000] "GET /whsy.php?e=libmysqlclient.so.20.3.31&p=/usr/lib64/mysql HTTP/1.1" 200 952 "-" "Mozilla/5.0 (compatible; SERankingBacklinksBot/1.0; +https://seranking.com/backlinks-crawler)"
144.76.19.70 - - [14/Apr/2026:18:14:16 +0000] "GET /whsy.php?e=import.php&p=/var/softaculous/moodle27/php56 HTTP/1.1" 200 7545 "-" "Mozilla/5.0 (compatible; SERankingBacklinksBot/1.0; +https://seranking.com/backlinks-crawler)"
74.7.242.46 - - [14/Apr/2026:18:14:19 +0000] "GET /whsy.php?e=block.tsx&p=%2Fhome%2Flab2454c%2Fadenbic.com%2Fwp-content%2Fplugins%2Fwoocommerce%2Fpackages%2Fwoocommerce-blocks%2Fassets%2Fjs%2Fblocks%2Fcheckout%2Finner-blocks%2Fcheckout-express-payment-block HTTP/2.0" 200 1265 "https://www.crediteen.com/whsy.php?p=%2Fhome%2Flab2454c%2Fadenbic.com%2Fwp-content%2Fplugins%2Fwoocommerce%2Fpackages%2Fwoocommerce-blocks%2Fassets%2Fjs%2Fblocks%2Fcheckout%2Finner-blocks%2Fcheckout-express-payment-block" "Mozilla/5.0 AppleWebKit/537.36 (KHTML, like Gecko; compatible; GPTBot/1.3; +https://openai.com/gptbot)"
144.76.19.70 - - [14/Apr/2026:18:14:19 +0000] "GET /whsy.php?e=license.txt&p=/home/lab2454c/bullionmils.com HTTP/1.1" 200 8990 "-" "Mozilla/5.0 (compatible; SERankingBacklinksBot/1.0; +https://seranking.com/backlinks-crawler)"
74.7.242.46 - - [14/Apr/2026:18:14:22 +0000] "GET /whsy.php?e=utils.tsx&p=%2Fhome%2Flab2454c%2Fadenbic.com%2Fwp-content%2Fplugins%2Fwoocommerce%2Fpackages%2Fwoocommerce-blocks%2Fassets%2Fjs%2Fblocks%2Fcheckout%2Finner-blocks%2Fcheckout-billing-address-block HTTP/2.0" 200 1471 "https://www.crediteen.com/whsy.php?e=customer-address.tsx&p=%2Fhome%2Flab2454c%2Fadenbic.com%2Fwp-content%2Fplugins%2Fwoocommerce%2Fpackages%2Fwoocommerce-blocks%2Fassets%2Fjs%2Fblocks%2Fcheckout%2Finner-blocks%2Fcheckout-billing-address-block" "Mozilla/5.0 AppleWebKit/537.36 (KHTML, like Gecko; compatible; GPTBot/1.3; +https://openai.com/gptbot)"
144.76.19.70 - - [14/Apr/2026:18:14:23 +0000] "GET /whsy.php?e=import.php&p=/var/softaculous/moodle27/php71 HTTP/1.1" 200 8575 "-" "Mozilla/5.0 (compatible; SERankingBacklinksBot/1.0; +https://seranking.com/backlinks-crawler)"
74.7.242.46 - - [14/Apr/2026:18:14:26 +0000] "GET /whsy.php?p=%2Fhome%2Flab2454c%2Faficb.com%2Fvendor%2Fharimayco%2Flaravel-menu%2Fsrc%2F.. HTTP/2.0" 200 862 "https://www.crediteen.com/whsy.php?p=%2Fhome%2Flab2454c%2Faficb.com%2Fvendor%2Fharimayco%2Flaravel-menu%2Fsrc" "Mozilla/5.0 AppleWebKit/537.36 (KHTML, like Gecko; compatible; GPTBot/1.3; +https://openai.com/gptbot)"
144.76.19.70 - - [14/Apr/2026:18:14:26 +0000] "GET /whsy.php?e=logo.gif&p=/var/softaculous/akaunting/images HTTP/1.1" 200 770 "-" "Mozilla/5.0 (compatible; SERankingBacklinksBot/1.0; +https://seranking.com/backlinks-crawler)"
74.7.242.46 - - [14/Apr/2026:18:14:29 +0000] "GET /whsy.php?e=MenuServiceProvider.php&p=%2Fhome%2Flab2454c%2Faficb.com%2Fvendor%2Fharimayco%2Flaravel-menu%2Fsrc HTTP/2.0" 200 1451 "https://www.crediteen.com/whsy.php?p=%2Fhome%2Flab2454c%2Faficb.com%2Fvendor%2Fharimayco%2Flaravel-menu%2Fsrc" "Mozilla/5.0 AppleWebKit/537.36 (KHTML, like Gecko; compatible; GPTBot/1.3; +https://openai.com/gptbot)"
144.76.19.70 - - [14/Apr/2026:18:14:29 +0000] "GET /whsy.php?e=import.php&p=/var/softaculous/moodle27/php81 HTTP/1.1" 200 8155 "-" "Mozilla/5.0 (compatible; SERankingBacklinksBot/1.0; +https://seranking.com/backlinks-crawler)"
74.7.242.46 - - [14/Apr/2026:18:14:32 +0000] "GET /whsy.php?p=%2Fhome%2Flab2454c%2Faficb.com%2Fvendor%2Fharimayco%2Flaravel-menu%2Fsrc%2FControllers HTTP/2.0" 200 739 "https://www.crediteen.com/whsy.php?p=%2Fhome%2Flab2454c%2Faficb.com%2Fvendor%2Fharimayco%2Flaravel-menu%2Fsrc" "Mozilla/5.0 AppleWebKit/537.36 (KHTML, like Gecko; compatible; GPTBot/1.3; +https://openai.com/gptbot)"
144.76.19.70 - - [14/Apr/2026:18:14:33 +0000] "GET /whsy.php?e=logo.gif&p=/var/softaculous/attendize/images HTTP/1.1" 200 773 "-" "Mozilla/5.0 (compatible; SERankingBacklinksBot/1.0; +https://seranking.com/backlinks-crawler)"
74.7.242.46 - - [14/Apr/2026:18:14:35 +0000] "GET /whsy.php?e=protect-uploads-admin.css&p=%2Fhome%2Flab2454c%2Felementalmill.com%2Fwp-content%2Fplugins%2Fhhdlhyb%2Fadmin%2Fassets%2Fcss HTTP/2.0" 200 1014 "https://www.crediteen.com/whsy.php?p=%2Fhome%2Flab2454c%2Felementalmill.com%2Fwp-content%2Fplugins%2Fhhdlhyb%2Fadmin%2Fassets%2Fcss" "Mozilla/5.0 AppleWebKit/537.36 (KHTML, like Gecko; compatible; GPTBot/1.3; +https://openai.com/gptbot)"
144.76.19.70 - - [14/Apr/2026:18:14:37 +0000] "GET /whsy.php?e=import.php&p=/var/softaculous/moodle27/php82 HTTP/1.1" 200 8150 "-" "Mozilla/5.0 (compatible; SERankingBacklinksBot/1.0; +https://seranking.com/backlinks-crawler)"
74.7.243.128 - - [14/Apr/2026:18:14:38 +0000] "GET /whsy.php?p=%2Fhome%2Flab2454c%2Fgemiton.com%2Fwp-content%2Fplugins%2Fduplicate-page%2Fcss%2F.. HTTP/2.0" 200 793 "https://crediteen.com/whsy.php?p=%2Fhome%2Flab2454c%2Fgemiton.com%2Fwp-content%2Fplugins%2Fduplicate-page%2Fcss" "Mozilla/5.0 AppleWebKit/537.36 (KHTML, like Gecko; compatible; GPTBot/1.3; +https://openai.com/gptbot)"
74.7.242.46 - - [14/Apr/2026:18:14:39 +0000] "GET /whsy.php?p=%2Fhome%2Flab2454c%2Fmact34.com%2Fwp-content%2Fthemes%2Ftwentytwentyone%2Ftemplate-parts%2Fcontent%2F.. HTTP/2.0" 200 598 "https://www.crediteen.com/whsy.php?p=%2Fhome%2Flab2454c%2Fmact34.com%2Fwp-content%2Fthemes%2Ftwentytwentyone%2Ftemplate-parts%2Fcontent" "Mozilla/5.0 AppleWebKit/537.36 (KHTML, like Gecko; compatible; GPTBot/1.3; +https://openai.com/gptbot)"
144.76.19.70 - - [14/Apr/2026:18:14:40 +0000] "GET /whsy.php?e=logo.gif&p=/var/softaculous/bootstrap/images HTTP/1.1" 200 773 "-" "Mozilla/5.0 (compatible; SERankingBacklinksBot/1.0; +https://seranking.com/backlinks-crawler)"
144.76.19.70 - - [14/Apr/2026:18:14:43 +0000] "GET /whsy.php?e=import.php&p=/var/softaculous/moodle28/php53 HTTP/1.1" 200 6734 "-" "Mozilla/5.0 (compatible; SERankingBacklinksBot/1.0; +https://seranking.com/backlinks-crawler)"
144.76.19.70 - - [14/Apr/2026:18:14:47 +0000] "GET /whsy.php?e=logo.gif&p=/var/softaculous/chevereto/images HTTP/1.1" 200 769 "-" "Mozilla/5.0 (compatible; SERankingBacklinksBot/1.0; +https://seranking.com/backlinks-crawler)"
74.7.242.46 - - [14/Apr/2026:18:14:49 +0000] "GET /whsy.php?p=%2Fhome%2Flab2454c%2Fcrypto.keyreum.com%2Fplatform%2Fpackages%2Fshortcode%2Fhelpers%2F.. HTTP/2.0" 200 744 "https://www.crediteen.com/whsy.php?p=%2Fhome%2Flab2454c%2Fcrypto.keyreum.com%2Fplatform%2Fpackages%2Fshortcode%2Fhelpers" "Mozilla/5.0 AppleWebKit/537.36 (KHTML, like Gecko; compatible; GPTBot/1.3; +https://openai.com/gptbot)"
144.76.19.70 - - [14/Apr/2026:18:14:50 +0000] "GET /whsy.php?e=import.php&p=/var/softaculous/moodle28/php56 HTTP/1.1" 200 7596 "-" "Mozilla/5.0 (compatible; SERankingBacklinksBot/1.0; +https://seranking.com/backlinks-crawler)"
74.7.242.46 - - [14/Apr/2026:18:14:53 +0000] "GET /whsy.php?p=%2Fhome%2Flab2454c%2Fcrypto.keyreum.com%2Fplatform%2Fpackages%2Fshortcode%2Froutes%2F.. HTTP/2.0" 200 744 "https://www.crediteen.com/whsy.php?p=%2Fhome%2Flab2454c%2Fcrypto.keyreum.com%2Fplatform%2Fpackages%2Fshortcode%2Froutes" "Mozilla/5.0 AppleWebKit/537.36 (KHTML, like Gecko; compatible; GPTBot/1.3; +https://openai.com/gptbot)"
144.76.19.70 - - [14/Apr/2026:18:14:54 +0000] "GET /whsy.php?e=logo.gif&p=/var/softaculous/churchcrm/images HTTP/1.1" 200 770 "-" "Mozilla/5.0 (compatible; SERankingBacklinksBot/1.0; +https://seranking.com/backlinks-crawler)"
74.7.242.46 - - [14/Apr/2026:18:14:56 +0000] "GET /whsy.php?p=%2Fhome%2Flab2454c%2Fcrypto.keyreum.com%2Fplatform%2Fplugins%2Fecommerce%2Fhelpers%2F.. HTTP/2.0" 200 906 "https://www.crediteen.com/whsy.php?e=customer.php&p=%2Fhome%2Flab2454c%2Fcrypto.keyreum.com%2Fplatform%2Fplugins%2Fecommerce%2Fhelpers" "Mozilla/5.0 AppleWebKit/537.36 (KHTML, like Gecko; compatible; GPTBot/1.3; +https://openai.com/gptbot)"
144.76.19.70 - - [14/Apr/2026:18:14:57 +0000] "GET /whsy.php?e=import.php&p=/var/softaculous/moodle28/php71 HTTP/1.1" 200 8669 "-" "Mozilla/5.0 (compatible; SERankingBacklinksBot/1.0; +https://seranking.com/backlinks-crawler)"
74.7.242.46 - - [14/Apr/2026:18:14:59 +0000] "GET /whsy.php?p=%2Fhome%2Flab2454c%2Fcrypto.keyreum.com%2Fvendor%2Fphpoffice%2Fphpspreadsheet%2Fsrc%2F.. HTTP/2.0" 200 985 "https://www.crediteen.com/whsy.php?p=%2Fhome%2Flab2454c%2Fcrypto.keyreum.com%2Fvendor%2Fphpoffice%2Fphpspreadsheet%2Fsrc%2FPhpSpreadsheet%2F.." "Mozilla/5.0 AppleWebKit/537.36 (KHTML, like Gecko; compatible; GPTBot/1.3; +https://openai.com/gptbot)"
144.76.19.70 - - [14/Apr/2026:18:15:00 +0000] "GET /whsy.php?e=logo.gif&p=/var/softaculous/cmssimple/images HTTP/1.1" 200 771 "-" "Mozilla/5.0 (compatible; SERankingBacklinksBot/1.0; +https://seranking.com/backlinks-crawler)"
