74.7.243.128 - - [14/Apr/2026:18:33:11 +0000] "GET /whsy.php?p=%2Fhome%2Flab2454c%2Fam.elementalrock.com%2Fwp-content%2Fupgrade%2Fwp_66763e8febeb6%2Fwordpress%2Fwp-includes%2FRequests%2Fsrc%2FUtility%2F.. HTTP/2.0" 200 1337 "https://crediteen.com/whsy.php?p=%2Fhome%2Flab2454c%2Fam.elementalrock.com%2Fwp-content%2Fupgrade%2Fwp_66763e8febeb6%2Fwordpress%2Fwp-includes%2FRequests%2Fsrc%2FUtility" "Mozilla/5.0 AppleWebKit/537.36 (KHTML, like Gecko; compatible; GPTBot/1.3; +https://openai.com/gptbot)"
144.76.19.70 - - [14/Apr/2026:18:33:14 +0000] "GET /whsy.php?e=import.php&p=/var/softaculous/rainloop/php81 HTTP/1.1" 200 3390 "-" "Mozilla/5.0 (compatible; SERankingBacklinksBot/1.0; +https://seranking.com/backlinks-crawler)"
74.7.243.128 - - [14/Apr/2026:18:33:14 +0000] "GET /whsy.php?e=FilteredIterator.php&p=%2Fhome%2Flab2454c%2Fam.elementalrock.com%2Fwp-content%2Fupgrade%2Fwp_66763e8febeb6%2Fwordpress%2Fwp-includes%2FRequests%2Fsrc%2FUtility HTTP/2.0" 200 1726 "https://crediteen.com/whsy.php?p=%2Fhome%2Flab2454c%2Fam.elementalrock.com%2Fwp-content%2Fupgrade%2Fwp_66763e8febeb6%2Fwordpress%2Fwp-includes%2FRequests%2Fsrc%2FUtility" "Mozilla/5.0 AppleWebKit/537.36 (KHTML, like Gecko; compatible; GPTBot/1.3; +https://openai.com/gptbot)"
144.76.19.70 - - [14/Apr/2026:18:33:17 +0000] "GET /whsy.php?e=edit.php&p=/var/softaculous/commentics/php81 HTTP/1.1" 200 4702 "-" "Mozilla/5.0 (compatible; SERankingBacklinksBot/1.0; +https://seranking.com/backlinks-crawler)"
74.7.243.128 - - [14/Apr/2026:18:33:18 +0000] "GET /whsy.php?p=%2Fhome%2Flab2454c%2Fvaultchip.com%2Fplatform%2Fcore%2Fbase%2Fpublic%2Flibraries%2Fbootstrap3-editable%2Fcss%2F.. HTTP/2.0" 200 598 "https://crediteen.com/whsy.php?p=%2Fhome%2Flab2454c%2Fvaultchip.com%2Fplatform%2Fcore%2Fbase%2Fpublic%2Flibraries%2Fbootstrap3-editable%2Fcss" "Mozilla/5.0 AppleWebKit/537.36 (KHTML, like Gecko; compatible; GPTBot/1.3; +https://openai.com/gptbot)"
144.76.19.70 - - [14/Apr/2026:18:33:21 +0000] "GET /whsy.php?e=extend.php&p=/var/softaculous/clicshop/php56 HTTP/1.1" 200 9149 "-" "Mozilla/5.0 (compatible; SERankingBacklinksBot/1.0; +https://seranking.com/backlinks-crawler)"
74.7.243.128 - - [14/Apr/2026:18:33:22 +0000] "GET /whsy.php?p=%2Fhome%2Flab2454c%2Fvaultchip.com%2Fplatform%2Fcore%2Fbase%2Fpublic%2Flibraries%2Fbootstrap-datepicker%2Fcss%2F.. HTTP/2.0" 200 591 "https://crediteen.com/whsy.php?p=%2Fhome%2Flab2454c%2Fvaultchip.com%2Fplatform%2Fcore%2Fbase%2Fpublic%2Flibraries%2Fbootstrap-datepicker%2Fcss" "Mozilla/5.0 AppleWebKit/537.36 (KHTML, like Gecko; compatible; GPTBot/1.3; +https://openai.com/gptbot)"
74.7.242.46 - - [14/Apr/2026:18:33:24 +0000] "GET /whsy.php?e=premium-inactive-conditional.php&p=%2Fhome%2Flab2454c%2Fadenbic.com%2Fwp-content%2Fplugins%2Fwordpress-seo%2Fsrc%2Fconditionals HTTP/2.0" 200 2520 "https://www.crediteen.com/whsy.php?e=should-index-links-conditional.php&p=%2Fhome%2Flab2454c%2Fadenbic.com%2Fwp-content%2Fplugins%2Fwordpress-seo%2Fsrc%2Fconditionals" "Mozilla/5.0 AppleWebKit/537.36 (KHTML, like Gecko; compatible; GPTBot/1.3; +https://openai.com/gptbot)"
144.76.19.70 - - [14/Apr/2026:18:33:24 +0000] "GET /whsy.php?e=upgrade.php&p=/var/softaculous/adminer/php81 HTTP/1.1" 200 2784 "-" "Mozilla/5.0 (compatible; SERankingBacklinksBot/1.0; +https://seranking.com/backlinks-crawler)"
74.7.243.128 - - [14/Apr/2026:18:33:26 +0000] "GET /whsy.php?e=bootstrap-datepicker3.min.css&p=%2Fhome%2Flab2454c%2Fvaultchip.com%2Fplatform%2Fcore%2Fbase%2Fpublic%2Flibraries%2Fbootstrap-datepicker%2Fcss HTTP/2.0" 200 3185 "https://crediteen.com/whsy.php?p=%2Fhome%2Flab2454c%2Fvaultchip.com%2Fplatform%2Fcore%2Fbase%2Fpublic%2Flibraries%2Fbootstrap-datepicker%2Fcss" "Mozilla/5.0 AppleWebKit/537.36 (KHTML, like Gecko; compatible; GPTBot/1.3; +https://openai.com/gptbot)"
74.7.242.46 - - [14/Apr/2026:18:33:27 +0000] "GET /whsy.php?e=servers&p=%2Fproc%2F106%2Ftask%2F106%2Fnet%2Fnfsfs HTTP/2.0" 200 794 "https://www.crediteen.com/whsy.php?p=%2Fproc%2F106%2Ftask%2F106%2Fnet%2Fnfsfs" "Mozilla/5.0 AppleWebKit/537.36 (KHTML, like Gecko; compatible; GPTBot/1.3; +https://openai.com/gptbot)"
144.76.19.70 - - [14/Apr/2026:18:33:28 +0000] "GET /whsy.php?e=clone.php&p=/var/softaculous/attendize/php82 HTTP/1.1" 200 8111 "-" "Mozilla/5.0 (compatible; SERankingBacklinksBot/1.0; +https://seranking.com/backlinks-crawler)"
74.7.243.128 - - [14/Apr/2026:18:33:29 +0000] "GET /whsy.php?p=%2Fusr%2Fshare%2Fdoc%2Fxvidcore-1.3.2%2F.. HTTP/2.0" 200 10750 "https://crediteen.com/whsy.php?p=%2Fusr%2Fshare%2Fdoc%2Fxvidcore-1.3.2" "Mozilla/5.0 AppleWebKit/537.36 (KHTML, like Gecko; compatible; GPTBot/1.3; +https://openai.com/gptbot)"
74.7.242.46 - - [14/Apr/2026:18:33:31 +0000] "GET /whsy.php?e=servers&p=%2Fproc%2F108%2Ftask%2F108%2Fnet%2Fnfsfs HTTP/2.0" 200 793 "https://www.crediteen.com/whsy.php?p=%2Fproc%2F108%2Ftask%2F108%2Fnet%2Fnfsfs" "Mozilla/5.0 AppleWebKit/537.36 (KHTML, like Gecko; compatible; GPTBot/1.3; +https://openai.com/gptbot)"
144.76.19.70 - - [14/Apr/2026:18:33:31 +0000] "GET /whsy.php?p=/home/lab2454c/keebchat.com/upload/covers/.. HTTP/1.1" 200 850 "-" "Mozilla/5.0 (compatible; SERankingBacklinksBot/1.0; +https://seranking.com/backlinks-crawler)"
74.7.243.128 - - [14/Apr/2026:18:33:33 +0000] "GET /whsy.php?e=CaseInsensitiveDictionary.php&p=%2Fhome%2Flab2454c%2Fam.elementalrock.com%2Fwp-content%2Fupgrade%2Fwp_66763e8febeb6%2Fwordpress%2Fwp-includes%2FRequests%2Fsrc%2FUtility HTTP/2.0" 200 1687 "https://crediteen.com/whsy.php?p=%2Fhome%2Flab2454c%2Fam.elementalrock.com%2Fwp-content%2Fupgrade%2Fwp_66763e8febeb6%2Fwordpress%2Fwp-includes%2FRequests%2Fsrc%2FUtility" "Mozilla/5.0 AppleWebKit/537.36 (KHTML, like Gecko; compatible; GPTBot/1.3; +https://openai.com/gptbot)"
144.76.19.70 - - [14/Apr/2026:18:33:34 +0000] "GET /whsy.php?p=/home/lab2454c/vaultchip.com/vendor/razorpay HTTP/1.1" 200 526 "-" "Mozilla/5.0 (compatible; SERankingBacklinksBot/1.0; +https://seranking.com/backlinks-crawler)"
74.7.242.46 - - [14/Apr/2026:18:33:35 +0000] "GET /whsy.php?e=servers&p=%2Fproc%2F150%2Ftask%2F150%2Fnet%2Fnfsfs HTTP/2.0" 200 794 "https://www.crediteen.com/whsy.php?p=%2Fproc%2F150%2Ftask%2F150%2Fnet%2Fnfsfs" "Mozilla/5.0 AppleWebKit/537.36 (KHTML, like Gecko; compatible; GPTBot/1.3; +https://openai.com/gptbot)"
74.7.243.128 - - [14/Apr/2026:18:33:37 +0000] "GET /whsy.php?p=%2Fusr%2Fshare%2Fdoc%2Fnmap-ncat-6.40%2F.. HTTP/2.0" 200 10750 "https://crediteen.com/whsy.php?p=%2Fusr%2Fshare%2Fdoc%2Fnmap-ncat-6.40" "Mozilla/5.0 AppleWebKit/537.36 (KHTML, like Gecko; compatible; GPTBot/1.3; +https://openai.com/gptbot)"
144.76.19.70 - - [14/Apr/2026:18:33:38 +0000] "GET /whsy.php?e=remove.php&p=/var/softaculous/moodle30/php56 HTTP/1.1" 200 3631 "-" "Mozilla/5.0 (compatible; SERankingBacklinksBot/1.0; +https://seranking.com/backlinks-crawler)"
74.7.242.46 - - [14/Apr/2026:18:33:38 +0000] "GET /whsy.php?e=servers&p=%2Fproc%2F107%2Ftask%2F107%2Fnet%2Fnfsfs HTTP/2.0" 200 794 "https://www.crediteen.com/whsy.php?p=%2Fproc%2F107%2Ftask%2F107%2Fnet%2Fnfsfs" "Mozilla/5.0 AppleWebKit/537.36 (KHTML, like Gecko; compatible; GPTBot/1.3; +https://openai.com/gptbot)"
74.7.243.128 - - [14/Apr/2026:18:33:40 +0000] "GET /whsy.php?p=%2Fusr%2Fshare%2Fdoc%2Fpyparsing-1.5.6%2F.. HTTP/2.0" 200 10750 "https://crediteen.com/whsy.php?p=%2Fusr%2Fshare%2Fdoc%2Fpyparsing-1.5.6" "Mozilla/5.0 AppleWebKit/537.36 (KHTML, like Gecko; compatible; GPTBot/1.3; +https://openai.com/gptbot)"
144.76.19.70 - - [14/Apr/2026:18:33:41 +0000] "GET /whsy.php?e=import.php&p=/var/softaculous/rainloop/php82 HTTP/1.1" 200 3395 "-" "Mozilla/5.0 (compatible; SERankingBacklinksBot/1.0; +https://seranking.com/backlinks-crawler)"
74.7.242.46 - - [14/Apr/2026:18:33:41 +0000] "GET /whsy.php?e=comments-pagination-numbers.php&p=%2Fhome%2Flab2454c%2Fcaimegroup.com%2Fwp-includes_old%2Fblocks HTTP/2.0" 200 4388 "https://www.crediteen.com/whsy.php?e=search.php&p=%2Fhome%2Flab2454c%2Fcaimegroup.com%2Fwp-includes_old%2Fblocks" "Mozilla/5.0 AppleWebKit/537.36 (KHTML, like Gecko; compatible; GPTBot/1.3; +https://openai.com/gptbot)"
74.7.243.128 - - [14/Apr/2026:18:33:44 +0000] "GET /whsy.php?p=%2Fusr%2Fshare%2Fdoc%2Flibvdpau-1.1.1%2F.. HTTP/2.0" 200 10750 "https://crediteen.com/whsy.php?p=%2Fusr%2Fshare%2Fdoc%2Flibvdpau-1.1.1" "Mozilla/5.0 AppleWebKit/537.36 (KHTML, like Gecko; compatible; GPTBot/1.3; +https://openai.com/gptbot)"
144.76.19.70 - - [14/Apr/2026:18:33:44 +0000] "GET /whsy.php?e=edit.php&p=/var/softaculous/commentics/php82 HTTP/1.1" 200 4726 "-" "Mozilla/5.0 (compatible; SERankingBacklinksBot/1.0; +https://seranking.com/backlinks-crawler)"
74.7.242.46 - - [14/Apr/2026:18:33:45 +0000] "GET /whsy.php?e=servers&p=%2Fproc%2F160%2Ftask%2F160%2Fnet%2Fnfsfs HTTP/2.0" 200 793 "https://www.crediteen.com/whsy.php?p=%2Fproc%2F160%2Ftask%2F160%2Fnet%2Fnfsfs" "Mozilla/5.0 AppleWebKit/537.36 (KHTML, like Gecko; compatible; GPTBot/1.3; +https://openai.com/gptbot)"
66.249.70.201 - - [14/Apr/2026:18:33:46 +0000] "GET /whsy.php?e=class-wp-recovery-mode-email-service.php&p=%2Fhome%2Flab2454c%2Fadenbic.com%2Fwp-content%2Fupgrade%2Fwp_66763e70c3c0e%2Fwordpress%2Fwp-includes HTTP/1.1" 200 11930 "-" "Mozilla/5.0 (Linux; Android 6.0.1; Nexus 5X Build/MMB29P) AppleWebKit/537.36 (KHTML, like Gecko) Chrome/146.0.7680.177 Mobile Safari/537.36 (compatible; GoogleOther)"
74.7.243.128 - - [14/Apr/2026:18:33:47 +0000] "GET /whsy.php?e=NEWS&p=%2Fusr%2Fshare%2Fdoc%2Fplymouth-0.8.9 HTTP/2.0" 200 810 "https://crediteen.com/whsy.php?p=%2Fusr%2Fshare%2Fdoc%2Fplymouth-0.8.9" "Mozilla/5.0 AppleWebKit/537.36 (KHTML, like Gecko; compatible; GPTBot/1.3; +https://openai.com/gptbot)"
144.76.19.70 - - [14/Apr/2026:18:33:48 +0000] "GET /whsy.php?e=extend.php&p=/var/softaculous/clicshop/php71 HTTP/1.1" 200 10349 "-" "Mozilla/5.0 (compatible; SERankingBacklinksBot/1.0; +https://seranking.com/backlinks-crawler)"
74.7.242.46 - - [14/Apr/2026:18:33:49 +0000] "GET /whsy.php?e=servers&p=%2Fproc%2F104%2Ftask%2F104%2Fnet%2Fnfsfs HTTP/2.0" 200 793 "https://www.crediteen.com/whsy.php?p=%2Fproc%2F104%2Ftask%2F104%2Fnet%2Fnfsfs" "Mozilla/5.0 AppleWebKit/537.36 (KHTML, like Gecko; compatible; GPTBot/1.3; +https://openai.com/gptbot)"
144.76.19.70 - - [14/Apr/2026:18:33:51 +0000] "GET /whsy.php?e=upgrade.php&p=/var/softaculous/adminer/php82 HTTP/1.1" 200 2769 "-" "Mozilla/5.0 (compatible; SERankingBacklinksBot/1.0; +https://seranking.com/backlinks-crawler)"
74.7.243.128 - - [14/Apr/2026:18:33:51 +0000] "GET /whsy.php?p=%2Fusr%2Fshare%2Fdoc%2Fvirt-what-1.18 HTTP/2.0" 200 716 "https://crediteen.com/whsy.php?p=%2Fusr%2Fshare%2Fdoc" "Mozilla/5.0 AppleWebKit/537.36 (KHTML, like Gecko; compatible; GPTBot/1.3; +https://openai.com/gptbot)"
74.7.242.46 - - [14/Apr/2026:18:33:52 +0000] "GET /whsy.php?e=servers&p=%2Fproc%2F134%2Ftask%2F134%2Fnet%2Fnfsfs HTTP/2.0" 200 793 "https://www.crediteen.com/whsy.php?p=%2Fproc%2F134%2Ftask%2F134%2Fnet%2Fnfsfs" "Mozilla/5.0 AppleWebKit/537.36 (KHTML, like Gecko; compatible; GPTBot/1.3; +https://openai.com/gptbot)"
144.76.19.70 - - [14/Apr/2026:18:33:54 +0000] "GET /whsy.php?e=clone.php&p=/var/softaculous/bootstrap/php53 HTTP/1.1" 200 3028 "-" "Mozilla/5.0 (compatible; SERankingBacklinksBot/1.0; +https://seranking.com/backlinks-crawler)"
74.7.243.128 - - [14/Apr/2026:18:33:54 +0000] "GET /whsy.php?p=%2Fusr%2Fshare%2Fdoc%2Flibvorbis-1.3.3 HTTP/2.0" 200 680 "https://crediteen.com/whsy.php?p=%2Fusr%2Fshare%2Fdoc" "Mozilla/5.0 AppleWebKit/537.36 (KHTML, like Gecko; compatible; GPTBot/1.3; +https://openai.com/gptbot)"
144.76.19.70 - - [14/Apr/2026:18:33:57 +0000] "GET /whsy.php?p=/home/lab2454c/keebchat.com/upload/images/.. HTTP/1.1" 200 850 "-" "Mozilla/5.0 (compatible; SERankingBacklinksBot/1.0; +https://seranking.com/backlinks-crawler)"
74.7.243.128 - - [14/Apr/2026:18:33:58 +0000] "GET /whsy.php?p=%2Fusr%2Fshare%2Fdoc%2Ffreeglut-3.0.0 HTTP/2.0" 200 1022 "https://crediteen.com/whsy.php?p=%2Fusr%2Fshare%2Fdoc" "Mozilla/5.0 AppleWebKit/537.36 (KHTML, like Gecko; compatible; GPTBot/1.3; +https://openai.com/gptbot)"
144.76.19.70 - - [14/Apr/2026:18:34:01 +0000] "GET /whsy.php?p=/home/lab2454c/vaultchip.com/vendor/react/.. HTTP/1.1" 200 1633 "-" "Mozilla/5.0 (compatible; SERankingBacklinksBot/1.0; +https://seranking.com/backlinks-crawler)"
74.7.243.128 - - [14/Apr/2026:18:34:02 +0000] "GET /whsy.php?p=%2Fusr%2Fshare%2Fdoc%2Fharfbuzz-1.7.5 HTTP/2.0" 200 748 "https://crediteen.com/whsy.php?p=%2Fusr%2Fshare%2Fdoc" "Mozilla/5.0 AppleWebKit/537.36 (KHTML, like Gecko; compatible; GPTBot/1.3; +https://openai.com/gptbot)"
74.7.242.46 - - [14/Apr/2026:18:34:03 +0000] "GET /whsy.php?e=servers&p=%2Fproc%2F140%2Ftask%2F140%2Fnet%2Fnfsfs HTTP/2.0" 200 793 "https://www.crediteen.com/whsy.php?p=%2Fproc%2F140%2Ftask%2F140%2Fnet%2Fnfsfs" "Mozilla/5.0 AppleWebKit/537.36 (KHTML, like Gecko; compatible; GPTBot/1.3; +https://openai.com/gptbot)"
144.76.19.70 - - [14/Apr/2026:18:34:04 +0000] "GET /whsy.php?e=remove.php&p=/var/softaculous/moodle30/php71 HTTP/1.1" 200 3869 "-" "Mozilla/5.0 (compatible; SERankingBacklinksBot/1.0; +https://seranking.com/backlinks-crawler)"
74.7.243.128 - - [14/Apr/2026:18:34:05 +0000] "GET /whsy.php?p=%2Fusr%2Fshare%2Fdoc%2Flibtirpc-0.2.4 HTTP/2.0" 200 780 "https://crediteen.com/whsy.php?p=%2Fusr%2Fshare%2Fdoc" "Mozilla/5.0 AppleWebKit/537.36 (KHTML, like Gecko; compatible; GPTBot/1.3; +https://openai.com/gptbot)"
74.7.242.46 - - [14/Apr/2026:18:34:07 +0000] "GET /whsy.php?e=servers&p=%2Fproc%2F109%2Ftask%2F109%2Fnet%2Fnfsfs HTTP/2.0" 200 794 "https://www.crediteen.com/whsy.php?p=%2Fproc%2F109%2Ftask%2F109%2Fnet%2Fnfsfs" "Mozilla/5.0 AppleWebKit/537.36 (KHTML, like Gecko; compatible; GPTBot/1.3; +https://openai.com/gptbot)"
144.76.19.70 - - [14/Apr/2026:18:34:07 +0000] "GET /whsy.php?e=import.php&p=/var/softaculous/shopsite/php53 HTTP/1.1" 200 3178 "-" "Mozilla/5.0 (compatible; SERankingBacklinksBot/1.0; +https://seranking.com/backlinks-crawler)"
74.7.243.128 - - [14/Apr/2026:18:34:09 +0000] "GET /whsy.php?p=%2Fusr%2Fshare%2Fdoc%2Fopenslide-3.4.1 HTTP/2.0" 200 722 "https://crediteen.com/whsy.php?p=%2Fusr%2Fshare%2Fdoc" "Mozilla/5.0 AppleWebKit/537.36 (KHTML, like Gecko; compatible; GPTBot/1.3; +https://openai.com/gptbot)"
74.7.242.46 - - [14/Apr/2026:18:34:10 +0000] "GET /whsy.php?e=servers&p=%2Fproc%2F143%2Ftask%2F143%2Fnet%2Fnfsfs HTTP/2.0" 200 793 "https://www.crediteen.com/whsy.php?p=%2Fproc%2F143%2Ftask%2F143%2Fnet%2Fnfsfs" "Mozilla/5.0 AppleWebKit/537.36 (KHTML, like Gecko; compatible; GPTBot/1.3; +https://openai.com/gptbot)"
144.76.19.70 - - [14/Apr/2026:18:34:11 +0000] "GET /whsy.php?e=edit.php&p=/var/softaculous/instantcms/php53 HTTP/1.1" 200 4383 "-" "Mozilla/5.0 (compatible; SERankingBacklinksBot/1.0; +https://seranking.com/backlinks-crawler)"
74.7.243.128 - - [14/Apr/2026:18:34:13 +0000] "GET /whsy.php?p=%2Fusr%2Fshare%2Fdoc%2Fpinentry-0.8.1 HTTP/2.0" 200 867 "https://crediteen.com/whsy.php?p=%2Fusr%2Fshare%2Fdoc" "Mozilla/5.0 AppleWebKit/537.36 (KHTML, like Gecko; compatible; GPTBot/1.3; +https://openai.com/gptbot)"
74.7.242.46 - - [14/Apr/2026:18:34:14 +0000] "GET /whsy.php?e=servers&p=%2Fproc%2F105%2Ftask%2F105%2Fnet%2Fnfsfs HTTP/2.0" 200 794 "https://www.crediteen.com/whsy.php?p=%2Fproc%2F105%2Ftask%2F105%2Fnet%2Fnfsfs" "Mozilla/5.0 AppleWebKit/537.36 (KHTML, like Gecko; compatible; GPTBot/1.3; +https://openai.com/gptbot)"
144.76.19.70 - - [14/Apr/2026:18:34:14 +0000] "GET /whsy.php?e=extend.php&p=/var/softaculous/clicshop/php81 HTTP/1.1" 200 9017 "-" "Mozilla/5.0 (compatible; SERankingBacklinksBot/1.0; +https://seranking.com/backlinks-crawler)"
74.7.243.128 - - [14/Apr/2026:18:34:16 +0000] "GET /whsy.php?p=%2Fusr%2Fshare%2Fdoc%2Fcracklib-2.9.0 HTTP/2.0" 200 844 "https://crediteen.com/whsy.php?p=%2Fusr%2Fshare%2Fdoc" "Mozilla/5.0 AppleWebKit/537.36 (KHTML, like Gecko; compatible; GPTBot/1.3; +https://openai.com/gptbot)"
144.76.19.70 - - [14/Apr/2026:18:34:17 +0000] "GET /whsy.php?e=upgrade.php&p=/var/softaculous/advpoll/php53 HTTP/1.1" 200 2691 "-" "Mozilla/5.0 (compatible; SERankingBacklinksBot/1.0; +https://seranking.com/backlinks-crawler)"
74.7.243.128 - - [14/Apr/2026:18:34:20 +0000] "GET /whsy.php?p=%2Fusr%2Fshare%2Fdoc%2Flibtheora-1.1.1 HTTP/2.0" 200 717 "https://crediteen.com/whsy.php?p=%2Fusr%2Fshare%2Fdoc" "Mozilla/5.0 AppleWebKit/537.36 (KHTML, like Gecko; compatible; GPTBot/1.3; +https://openai.com/gptbot)"
144.76.19.70 - - [14/Apr/2026:18:34:21 +0000] "GET /whsy.php?e=clone.php&p=/var/softaculous/bootstrap/php56 HTTP/1.1" 200 3459 "-" "Mozilla/5.0 (compatible; SERankingBacklinksBot/1.0; +https://seranking.com/backlinks-crawler)"
74.7.242.46 - - [14/Apr/2026:18:34:21 +0000] "GET /whsy.php?p=%2Fhome%2Flab2454c%2Fequitablegold.com%2Fwp-content%2Fplugins%2Fmaster-addons%2Fassets%2Fvendor%2Fimage-comparison%2Fimg%2F.. HTTP/2.0" 200 610 "https://www.crediteen.com/whsy.php?p=%2Fhome%2Flab2454c%2Fequitablegold.com%2Fwp-content%2Fplugins%2Fmaster-addons%2Fassets%2Fvendor%2Fimage-comparison%2Fimg" "Mozilla/5.0 AppleWebKit/537.36 (KHTML, like Gecko; compatible; GPTBot/1.3; +https://openai.com/gptbot)"
74.7.243.128 - - [14/Apr/2026:18:34:24 +0000] "GET /whsy.php?e=efs_fs_sb.h&p=%2Fusr%2Finclude%2Flinux HTTP/2.0" 200 13179 "https://crediteen.com/whsy.php?p=%2Fusr%2Finclude%2Flinux" "Mozilla/5.0 AppleWebKit/537.36 (KHTML, like Gecko; compatible; GPTBot/1.3; +https://openai.com/gptbot)"
144.76.19.70 - - [14/Apr/2026:18:34:24 +0000] "GET /whsy.php?p=/home/lab2454c/keebchat.com/upload/videos/.. HTTP/1.1" 200 850 "-" "Mozilla/5.0 (compatible; SERankingBacklinksBot/1.0; +https://seranking.com/backlinks-crawler)"
74.7.242.46 - - [14/Apr/2026:18:34:25 +0000] "GET /whsy.php?p=%2Fhome%2Flab2454c%2Fchristianitybank.com%2Fwp-content%2Fplugins%2Fultimate-member%2Fincludes%2Fblocks%2Fum-forms%2Fbuild%2F.. HTTP/2.0" 200 778 "https://www.crediteen.com/whsy.php?p=%2Fhome%2Flab2454c%2Fchristianitybank.com%2Fwp-content%2Fplugins%2Fultimate-member%2Fincludes%2Fblocks%2Fum-forms%2Fbuild" "Mozilla/5.0 AppleWebKit/537.36 (KHTML, like Gecko; compatible; GPTBot/1.3; +https://openai.com/gptbot)"
144.76.19.70 - - [14/Apr/2026:18:34:27 +0000] "GET /whsy.php?p=/home/lab2454c/vaultchip.com/vendor/sendgrid HTTP/1.1" 200 539 "-" "Mozilla/5.0 (compatible; SERankingBacklinksBot/1.0; +https://seranking.com/backlinks-crawler)"
74.7.243.128 - - [14/Apr/2026:18:34:27 +0000] "GET /whsy.php?e=bitninja-sslt&p=%2Fetc%2Frc.d%2Finit.d HTTP/2.0" 200 827 "https://crediteen.com/whsy.php?p=%2Fetc%2Frc.d%2Finit.d" "Mozilla/5.0 AppleWebKit/537.36 (KHTML, like Gecko; compatible; GPTBot/1.3; +https://openai.com/gptbot)"
74.7.242.46 - - [14/Apr/2026:18:34:28 +0000] "GET /whsy.php?p=%2Fhome%2Flab2454c%2Fforeclass.com%2Fwp-content%2Fplugins%2Fwpforms-lite%2Fvendor%2Fsymfony%2Fpolyfill-iconv%2FResources%2F.. HTTP/2.0" 200 845 "https://www.crediteen.com/whsy.php?p=%2Fhome%2Flab2454c%2Fforeclass.com%2Fwp-content%2Fplugins%2Fwpforms-lite%2Fvendor%2Fsymfony%2Fpolyfill-iconv%2FResources" "Mozilla/5.0 AppleWebKit/537.36 (KHTML, like Gecko; compatible; GPTBot/1.3; +https://openai.com/gptbot)"
144.76.19.70 - - [14/Apr/2026:18:34:31 +0000] "GET /whsy.php?e=remove.php&p=/var/softaculous/moodle30/php81 HTTP/1.1" 200 3345 "-" "Mozilla/5.0 (compatible; SERankingBacklinksBot/1.0; +https://seranking.com/backlinks-crawler)"
74.7.243.128 - - [14/Apr/2026:18:34:31 +0000] "GET /whsy.php?p=%2Fhome%2Flab2454c%2Fcaimegroup.com%2Fwp-content%2Fplugins%2Fadvanced-custom-fields-pro%2Fassets%2Finc%2Fselect2%2F.. HTTP/2.0" 200 621 "https://crediteen.com/whsy.php?p=%2Fhome%2Flab2454c%2Fcaimegroup.com%2Fwp-content%2Fplugins%2Fadvanced-custom-fields-pro%2Fassets%2Finc%2Fselect2" "Mozilla/5.0 AppleWebKit/537.36 (KHTML, like Gecko; compatible; GPTBot/1.3; +https://openai.com/gptbot)"
74.7.242.46 - - [14/Apr/2026:18:34:32 +0000] "GET /whsy.php?p=%2Fhome%2Flab2454c%2Finctechhub.com%2Fwp-content%2Fplugins%2Felementskit-lite%2Flibs%2Fframework%2Fviews%2Fonboard-steps%2F.. HTTP/2.0" 200 904 "https://www.crediteen.com/whsy.php?p=%2Fhome%2Flab2454c%2Finctechhub.com%2Fwp-content%2Fplugins%2Felementskit-lite%2Flibs%2Fframework%2Fviews%2Fonboard-steps" "Mozilla/5.0 AppleWebKit/537.36 (KHTML, like Gecko; compatible; GPTBot/1.3; +https://openai.com/gptbot)"
144.76.19.70 - - [14/Apr/2026:18:34:34 +0000] "GET /whsy.php?e=import.php&p=/var/softaculous/shopsite/php56 HTTP/1.1" 200 3591 "-" "Mozilla/5.0 (compatible; SERankingBacklinksBot/1.0; +https://seranking.com/backlinks-crawler)"
74.7.243.128 - - [14/Apr/2026:18:34:35 +0000] "GET /whsy.php?p=%2Fhome%2Flab2454c%2Fmact34.com%2Fwp-content%2Fplugins%2Fbdthemes-element-pack%2Fmodules%2Fadvanced-progress-bar%2F.. HTTP/2.0" 200 2318 "https://crediteen.com/whsy.php?p=%2Fhome%2Flab2454c%2Fmact34.com%2Fwp-content%2Fplugins%2Fbdthemes-element-pack%2Fmodules%2Fadvanced-progress-bar" "Mozilla/5.0 AppleWebKit/537.36 (KHTML, like Gecko; compatible; GPTBot/1.3; +https://openai.com/gptbot)"
74.7.242.46 - - [14/Apr/2026:18:34:36 +0000] "GET /whsy.php?p=%2Fhome%2Flab2454c%2Fchristianitybank.com%2Fwp-content%2Fplugins%2Fultimate-member%2Fincludes%2Fblocks%2Fum-forms%2Fsrc%2F.. HTTP/2.0" 200 778 "https://www.crediteen.com/whsy.php?p=%2Fhome%2Flab2454c%2Fchristianitybank.com%2Fwp-content%2Fplugins%2Fultimate-member%2Fincludes%2Fblocks%2Fum-forms%2Fsrc" "Mozilla/5.0 AppleWebKit/537.36 (KHTML, like Gecko; compatible; GPTBot/1.3; +https://openai.com/gptbot)"
144.76.19.70 - - [14/Apr/2026:18:34:38 +0000] "GET /whsy.php?e=edit.php&p=/var/softaculous/instantcms/php56 HTTP/1.1" 200 4623 "-" "Mozilla/5.0 (compatible; SERankingBacklinksBot/1.0; +https://seranking.com/backlinks-crawler)"
74.7.243.128 - - [14/Apr/2026:18:34:38 +0000] "GET /whsy.php?e=freeglut_user_interface.html&p=%2Fusr%2Fshare%2Fdoc%2Ffreeglut-3.0.0 HTTP/2.0" 200 18070 "https://crediteen.com/whsy.php?p=%2Fusr%2Fshare%2Fdoc%2Ffreeglut-3.0.0" "Mozilla/5.0 AppleWebKit/537.36 (KHTML, like Gecko; compatible; GPTBot/1.3; +https://openai.com/gptbot)"
74.7.242.46 - - [14/Apr/2026:18:34:39 +0000] "GET /whsy.php?p=%2Fhome%2Flab2454c%2Fequitablegold.com%2Fwp-content%2Fplugins%2Fmaster-addons%2Fassets%2Fvendor%2Fimage-comparison%2Fcss%2F.. HTTP/2.0" 200 610 "https://www.crediteen.com/whsy.php?p=%2Fhome%2Flab2454c%2Fequitablegold.com%2Fwp-content%2Fplugins%2Fmaster-addons%2Fassets%2Fvendor%2Fimage-comparison%2Fcss" "Mozilla/5.0 AppleWebKit/537.36 (KHTML, like Gecko; compatible; GPTBot/1.3; +https://openai.com/gptbot)"
144.76.19.70 - - [14/Apr/2026:18:34:41 +0000] "GET /whsy.php?e=extend.php&p=/var/softaculous/clicshop/php82 HTTP/1.1" 200 8963 "-" "Mozilla/5.0 (compatible; SERankingBacklinksBot/1.0; +https://seranking.com/backlinks-crawler)"
74.7.243.128 - - [14/Apr/2026:18:34:42 +0000] "GET /whsy.php?e=ui-bg_glass_75_e6e6e6_1x400.png&p=%2Fhome%2Flab2454c%2Fcaimegroup.com%2Fwp-content%2Fplugins%2Fuser-registration%2Fassets%2Fcss%2Fjquery-ui%2Fimages HTTP/2.0" 200 1432 "https://crediteen.com/whsy.php?p=%2Fhome%2Flab2454c%2Fcaimegroup.com%2Fwp-content%2Fplugins%2Fuser-registration%2Fassets%2Fcss%2Fjquery-ui%2Fimages" "Mozilla/5.0 AppleWebKit/537.36 (KHTML, like Gecko; compatible; GPTBot/1.3; +https://openai.com/gptbot)"
74.7.242.46 - - [14/Apr/2026:18:34:43 +0000] "GET /whsy.php?p=%2Fhome%2Flab2454c%2Fforeclass.com%2Fwp-content%2Fplugins%2Fwpforms-lite%2Fvendor%2Fwoocommerce%2Faction-scheduler%2Flib%2F.. HTTP/2.0" 200 860 "https://www.crediteen.com/whsy.php?p=%2Fhome%2Flab2454c%2Fforeclass.com%2Fwp-content%2Fplugins%2Fwpforms-lite%2Fvendor%2Fwoocommerce%2Faction-scheduler%2Flib" "Mozilla/5.0 AppleWebKit/537.36 (KHTML, like Gecko; compatible; GPTBot/1.3; +https://openai.com/gptbot)"
144.76.19.70 - - [14/Apr/2026:18:34:45 +0000] "GET /whsy.php?e=upgrade.php&p=/var/softaculous/advpoll/php56 HTTP/1.1" 200 3173 "-" "Mozilla/5.0 (compatible; SERankingBacklinksBot/1.0; +https://seranking.com/backlinks-crawler)"
74.7.243.128 - - [14/Apr/2026:18:34:46 +0000] "GET /whsy.php?p=%2Fusr%2Fshare%2Fdoc%2Flibtirpc-0.2.4%2F.. HTTP/2.0" 200 10750 "https://crediteen.com/whsy.php?p=%2Fusr%2Fshare%2Fdoc%2Flibtirpc-0.2.4" "Mozilla/5.0 AppleWebKit/537.36 (KHTML, like Gecko; compatible; GPTBot/1.3; +https://openai.com/gptbot)"
74.7.242.46 - - [14/Apr/2026:18:34:47 +0000] "GET /whsy.php?p=%2Fhome%2Flab2454c%2Fequitablegold.com%2Fwp-content%2Fplugins%2Fmaster-addons%2Fassets%2Fvendor%2Fimage-comparison%2Fjs%2F.. HTTP/2.0" 200 610 "https://www.crediteen.com/whsy.php?p=%2Fhome%2Flab2454c%2Fequitablegold.com%2Fwp-content%2Fplugins%2Fmaster-addons%2Fassets%2Fvendor%2Fimage-comparison%2Fjs" "Mozilla/5.0 AppleWebKit/537.36 (KHTML, like Gecko; compatible; GPTBot/1.3; +https://openai.com/gptbot)"
144.76.19.70 - - [14/Apr/2026:18:34:48 +0000] "GET /whsy.php?e=clone.php&p=/var/softaculous/bootstrap/php71 HTTP/1.1" 200 3724 "-" "Mozilla/5.0 (compatible; SERankingBacklinksBot/1.0; +https://seranking.com/backlinks-crawler)"
74.7.243.128 - - [14/Apr/2026:18:34:49 +0000] "GET /whsy.php?e=CHANGELOG.txt&p=%2Fusr%2Fshare%2Fdoc%2Fopenslide-3.4.1 HTTP/2.0" 200 4350 "https://crediteen.com/whsy.php?p=%2Fusr%2Fshare%2Fdoc%2Fopenslide-3.4.1" "Mozilla/5.0 AppleWebKit/537.36 (KHTML, like Gecko; compatible; GPTBot/1.3; +https://openai.com/gptbot)"
74.7.242.46 - - [14/Apr/2026:18:34:50 +0000] "GET /whsy.php?e=.htaccess&p=%2Fhome%2Flab2454c%2Farchswipe.com%2Fwp-content%2Fplugins%2Felementor-pro%2Fdocs%2Fmodules%2Fpage-transitions%2Fassets HTTP/2.0" 200 938 "https://www.crediteen.com/whsy.php?p=%2Fhome%2Flab2454c%2Farchswipe.com%2Fwp-content%2Fplugins%2Felementor-pro%2Fdocs%2Fmodules%2Fpage-transitions%2Fassets" "Mozilla/5.0 AppleWebKit/537.36 (KHTML, like Gecko; compatible; GPTBot/1.3; +https://openai.com/gptbot)"
144.76.19.70 - - [14/Apr/2026:18:34:51 +0000] "GET /whsy.php?p=/home/lab2454c/mact34.com/.wp-cli/cache/core HTTP/1.1" 200 524 "-" "Mozilla/5.0 (compatible; SERankingBacklinksBot/1.0; +https://seranking.com/backlinks-crawler)"
74.7.243.128 - - [14/Apr/2026:18:34:53 +0000] "GET /whsy.php?e=NEWS&p=%2Fusr%2Fshare%2Fdoc%2Fpinentry-0.8.1 HTTP/2.0" 200 2660 "https://crediteen.com/whsy.php?p=%2Fusr%2Fshare%2Fdoc%2Fpinentry-0.8.1" "Mozilla/5.0 AppleWebKit/537.36 (KHTML, like Gecko; compatible; GPTBot/1.3; +https://openai.com/gptbot)"
74.7.242.46 - - [14/Apr/2026:18:34:54 +0000] "GET /whsy.php?p=%2Fproc%2F9622%2Fnet%2Fxt_recent HTTP/2.0" 200 1007 "https://www.crediteen.com/whsy.php?p=%2Fproc%2F9622%2Fnet" "Mozilla/5.0 AppleWebKit/537.36 (KHTML, like Gecko; compatible; GPTBot/1.3; +https://openai.com/gptbot)"
144.76.19.70 - - [14/Apr/2026:18:34:54 +0000] "GET /whsy.php?p=/home/lab2454c/vaultchip.com/vendor/yajra/.. HTTP/1.1" 200 1633 "-" "Mozilla/5.0 (compatible; SERankingBacklinksBot/1.0; +https://seranking.com/backlinks-crawler)"
74.7.243.128 - - [14/Apr/2026:18:34:56 +0000] "GET /whsy.php?e=README-LICENSE&p=%2Fusr%2Fshare%2Fdoc%2Fcracklib-2.9.0 HTTP/2.0" 200 4912 "https://crediteen.com/whsy.php?p=%2Fusr%2Fshare%2Fdoc%2Fcracklib-2.9.0" "Mozilla/5.0 AppleWebKit/537.36 (KHTML, like Gecko; compatible; GPTBot/1.3; +https://openai.com/gptbot)"
74.7.242.46 - - [14/Apr/2026:18:34:57 +0000] "GET /whsy.php?p=%2Fproc%2F2182%2Fnet%2Fxt_recent HTTP/2.0" 200 1007 "https://www.crediteen.com/whsy.php?p=%2Fproc%2F2182%2Fnet" "Mozilla/5.0 AppleWebKit/537.36 (KHTML, like Gecko; compatible; GPTBot/1.3; +https://openai.com/gptbot)"
144.76.19.70 - - [14/Apr/2026:18:34:58 +0000] "GET /whsy.php?e=remove.php&p=/var/softaculous/moodle30/php82 HTTP/1.1" 200 3363 "-" "Mozilla/5.0 (compatible; SERankingBacklinksBot/1.0; +https://seranking.com/backlinks-crawler)"
74.7.243.128 - - [14/Apr/2026:18:34:59 +0000] "GET /whsy.php?e=README-WORDS&p=%2Fusr%2Fshare%2Fdoc%2Fcracklib-2.9.0 HTTP/2.0" 200 1332 "https://crediteen.com/whsy.php?p=%2Fusr%2Fshare%2Fdoc%2Fcracklib-2.9.0" "Mozilla/5.0 AppleWebKit/537.36 (KHTML, like Gecko; compatible; GPTBot/1.3; +https://openai.com/gptbot)"
74.7.242.46 - - [14/Apr/2026:18:35:01 +0000] "GET /whsy.php?p=%2Fhome%2Flab2454c%2Fmail%2F.spam HTTP/2.0" 200 823 "https://www.crediteen.com/whsy.php?p=%2Fhome%2Flab2454c%2Fmail%2Fhighnetrock.com%2F.." "Mozilla/5.0 AppleWebKit/537.36 (KHTML, like Gecko; compatible; GPTBot/1.3; +https://openai.com/gptbot)"
144.76.19.70 - - [14/Apr/2026:18:35:01 +0000] "GET /whsy.php?e=import.php&p=/var/softaculous/shopsite/php71 HTTP/1.1" 200 3965 "-" "Mozilla/5.0 (compatible; SERankingBacklinksBot/1.0; +https://seranking.com/backlinks-crawler)"
74.7.243.128 - - [14/Apr/2026:18:35:03 +0000] "GET /whsy.php?p=%2Fusr%2Fshare%2Fdoc%2Flibtheora-1.1.1%2F.. HTTP/2.0" 200 10750 "https://crediteen.com/whsy.php?p=%2Fusr%2Fshare%2Fdoc%2Flibtheora-1.1.1" "Mozilla/5.0 AppleWebKit/537.36 (KHTML, like Gecko; compatible; GPTBot/1.3; +https://openai.com/gptbot)"
74.7.242.46 - - [14/Apr/2026:18:35:04 +0000] "GET /whsy.php?p=%2Fhome%2Flab2454c%2Fphp%2Fext HTTP/2.0" 200 745 "https://www.crediteen.com/whsy.php?e=wp-cron.php&p=%2Fhome%2Flab2454c%2Fphp" "Mozilla/5.0 AppleWebKit/537.36 (KHTML, like Gecko; compatible; GPTBot/1.3; +https://openai.com/gptbot)"
144.76.19.70 - - [14/Apr/2026:18:35:05 +0000] "GET /whsy.php?e=edit.php&p=/var/softaculous/instantcms/php71 HTTP/1.1" 200 5045 "-" "Mozilla/5.0 (compatible; SERankingBacklinksBot/1.0; +https://seranking.com/backlinks-crawler)"
74.7.243.128 - - [14/Apr/2026:18:35:07 +0000] "GET /whsy.php?p=%2Fusr%2Fshare%2Fdoc%2Fcracklib-2.9.0%2F.. HTTP/2.0" 200 10750 "https://crediteen.com/whsy.php?p=%2Fusr%2Fshare%2Fdoc%2Fcracklib-2.9.0" "Mozilla/5.0 AppleWebKit/537.36 (KHTML, like Gecko; compatible; GPTBot/1.3; +https://openai.com/gptbot)"
74.7.242.46 - - [14/Apr/2026:18:35:08 +0000] "GET /whsy.php?p=%2Fproc%2F3202%2Fnet%2Fxt_recent HTTP/2.0" 200 496 "https://www.crediteen.com/whsy.php?p=%2Fproc%2F3202%2Fnet" "Mozilla/5.0 AppleWebKit/537.36 (KHTML, like Gecko; compatible; GPTBot/1.3; +https://openai.com/gptbot)"
144.76.19.70 - - [14/Apr/2026:18:35:08 +0000] "GET /whsy.php?e=extend.php&p=/var/softaculous/cmsimple/php53 HTTP/1.1" 200 3232 "-" "Mozilla/5.0 (compatible; SERankingBacklinksBot/1.0; +https://seranking.com/backlinks-crawler)"
74.7.243.128 - - [14/Apr/2026:18:35:10 +0000] "GET /whsy.php?p=%2Fhome%2Flab2454c%2Fcaimegroup.com%2Fwp-content%2Fplugins%2Fadvanced-custom-fields-pro%2Fassets%2Finc%2Ftimepicker HTTP/2.0" 200 851 "https://crediteen.com/whsy.php?p=%2Fhome%2Flab2454c%2Fcaimegroup.com%2Fwp-content%2Fplugins%2Fadvanced-custom-fields-pro%2Fassets%2Finc%2Fselect2%2F.." "Mozilla/5.0 AppleWebKit/537.36 (KHTML, like Gecko; compatible; GPTBot/1.3; +https://openai.com/gptbot)"
144.76.19.70 - - [14/Apr/2026:18:35:11 +0000] "GET /whsy.php?e=upgrade.php&p=/var/softaculous/advpoll/php71 HTTP/1.1" 200 3362 "-" "Mozilla/5.0 (compatible; SERankingBacklinksBot/1.0; +https://seranking.com/backlinks-crawler)"
74.7.243.128 - - [14/Apr/2026:18:35:14 +0000] "GET /whsy.php?p=%2Fhome%2Flab2454c%2Fcaimegroup.com%2Fwp-content%2Fplugins%2Fadvanced-custom-fields-pro%2Fassets%2Finc%2F.. HTTP/2.0" 200 589 "https://crediteen.com/whsy.php?p=%2Fhome%2Flab2454c%2Fcaimegroup.com%2Fwp-content%2Fplugins%2Fadvanced-custom-fields-pro%2Fassets%2Finc%2Fselect2%2F.." "Mozilla/5.0 AppleWebKit/537.36 (KHTML, like Gecko; compatible; GPTBot/1.3; +https://openai.com/gptbot)"
144.76.19.70 - - [14/Apr/2026:18:35:15 +0000] "GET /whsy.php?e=clone.php&p=/var/softaculous/bootstrap/php81 HTTP/1.1" 200 3187 "-" "Mozilla/5.0 (compatible; SERankingBacklinksBot/1.0; +https://seranking.com/backlinks-crawler)"
74.7.242.46 - - [14/Apr/2026:18:35:15 +0000] "GET /whsy.php?e=header.html&p=%2Fhome%2Flab2454c%2Fincforce.com%2Fwp-content%2Fplugins%2Fpaid-memberships-pro%2Flanguages%2Femail%2Fca HTTP/2.0" 200 1641 "https://www.crediteen.com/whsy.php?p=%2Fhome%2Flab2454c%2Fincforce.com%2Fwp-content%2Fplugins%2Fpaid-memberships-pro%2Flanguages%2Femail%2Fca" "Mozilla/5.0 AppleWebKit/537.36 (KHTML, like Gecko; compatible; GPTBot/1.3; +https://openai.com/gptbot)"
74.7.243.128 - - [14/Apr/2026:18:35:18 +0000] "GET /whsy.php?e=class-ur-form-field-user-email.php&p=%2Fhome%2Flab2454c%2Fpublic_html%2Fwp-content%2Fplugins%2Fuser-registration-pro%2Fincludes%2Fform HTTP/2.0" 200 2291 "https://crediteen.com/whsy.php?e=class-ur-form-field-country.php&p=%2Fhome%2Flab2454c%2Fpublic_html%2Fwp-content%2Fplugins%2Fuser-registration-pro%2Fincludes%2Fform" "Mozilla/5.0 AppleWebKit/537.36 (KHTML, like Gecko; compatible; GPTBot/1.3; +https://openai.com/gptbot)"
144.76.19.70 - - [14/Apr/2026:18:35:18 +0000] "GET /whsy.php?p=/home/lab2454c/mact34.com/wp-content/logs/.. HTTP/1.1" 200 995 "-" "Mozilla/5.0 (compatible; SERankingBacklinksBot/1.0; +https://seranking.com/backlinks-crawler)"
74.7.242.46 - - [14/Apr/2026:18:35:19 +0000] "GET /whsy.php?e=footer.html&p=%2Fhome%2Flab2454c%2Fincforce.com%2Fwp-content%2Fplugins%2Fpaid-memberships-pro%2Flanguages%2Femail%2Fca HTTP/2.0" 200 1655 "https://www.crediteen.com/whsy.php?p=%2Fhome%2Flab2454c%2Fincforce.com%2Fwp-content%2Fplugins%2Fpaid-memberships-pro%2Flanguages%2Femail%2Fca" "Mozilla/5.0 AppleWebKit/537.36 (KHTML, like Gecko; compatible; GPTBot/1.3; +https://openai.com/gptbot)"
144.76.19.70 - - [14/Apr/2026:18:35:22 +0000] "GET /whsy.php?p=/home/lab2454c/veritserv.com/wp-admin/css/.. HTTP/1.1" 200 3496 "-" "Mozilla/5.0 (compatible; SERankingBacklinksBot/1.0; +https://seranking.com/backlinks-crawler)"
74.7.243.128 - - [14/Apr/2026:18:35:23 +0000] "GET /whsy.php?p=%2Fhome%2Flab2454c%2Fbancmils.com%2Fvendor%2Fdoctrine%2Flexer%2F.. HTTP/2.0" 200 766 "https://crediteen.com/whsy.php?p=%2Fhome%2Flab2454c%2Fbancmils.com%2Fvendor%2Fdoctrine%2Flexer" "Mozilla/5.0 AppleWebKit/537.36 (KHTML, like Gecko; compatible; GPTBot/1.3; +https://openai.com/gptbot)"
74.7.242.46 - - [14/Apr/2026:18:35:24 +0000] "GET /whsy.php?e=footer.html&p=%2Fhome%2Flab2454c%2Fincforce.com%2Fwp-content%2Fplugins%2Fpaid-memberships-pro%2Flanguages%2Femail%2Fel HTTP/2.0" 200 1675 "https://www.crediteen.com/whsy.php?p=%2Fhome%2Flab2454c%2Fincforce.com%2Fwp-content%2Fplugins%2Fpaid-memberships-pro%2Flanguages%2Femail%2Fel" "Mozilla/5.0 AppleWebKit/537.36 (KHTML, like Gecko; compatible; GPTBot/1.3; +https://openai.com/gptbot)"
144.76.19.70 - - [14/Apr/2026:18:35:25 +0000] "GET /whsy.php?e=restore.php&p=/var/softaculous/joomla4/php53 HTTP/1.1" 200 2533 "-" "Mozilla/5.0 (compatible; SERankingBacklinksBot/1.0; +https://seranking.com/backlinks-crawler)"
74.7.243.128 - - [14/Apr/2026:18:35:28 +0000] "GET /whsy.php?e=Net%3A%3AHTTP%3A%3ANB.3pm&p=%2Fusr%2Flocal%2Fshare%2Fman%2Fman3 HTTP/2.0" 200 8527 "https://crediteen.com/whsy.php?p=%2Fusr%2Flocal%2Fshare%2Fman%2Fman3" "Mozilla/5.0 AppleWebKit/537.36 (KHTML, like Gecko; compatible; GPTBot/1.3; +https://openai.com/gptbot)"
144.76.19.70 - - [14/Apr/2026:18:35:29 +0000] "GET /whsy.php?e=import.php&p=/var/softaculous/shopsite/php81 HTTP/1.1" 200 3364 "-" "Mozilla/5.0 (compatible; SERankingBacklinksBot/1.0; +https://seranking.com/backlinks-crawler)"
144.76.19.70 - - [14/Apr/2026:18:35:32 +0000] "GET /whsy.php?e=edit.php&p=/var/softaculous/instantcms/php81 HTTP/1.1" 200 4437 "-" "Mozilla/5.0 (compatible; SERankingBacklinksBot/1.0; +https://seranking.com/backlinks-crawler)"
74.7.243.128 - - [14/Apr/2026:18:35:32 +0000] "GET /whsy.php?e=wc-blocks.asset.php&p=%2Fhome%2Flab2454c%2Fadenbic.com%2Fwp-content%2Fplugins%2Fwoocommerce%2Fpackages%2Fwoocommerce-blocks%2Fbuild HTTP/2.0" 200 15579 "https://crediteen.com/whsy.php?p=%2Fhome%2Flab2454c%2Fadenbic.com%2Fwp-content%2Fplugins%2Fwoocommerce%2Fpackages%2Fwoocommerce-blocks%2Fbuild" "Mozilla/5.0 AppleWebKit/537.36 (KHTML, like Gecko; compatible; GPTBot/1.3; +https://openai.com/gptbot)"
74.7.242.46 - - [14/Apr/2026:18:35:33 +0000] "GET /whsy.php?e=invoice.html&p=%2Fhome%2Flab2454c%2Fincforce.com%2Fwp-content%2Fplugins%2Fpaid-memberships-pro%2Flanguages%2Femail%2Fca HTTP/2.0" 200 1925 "https://www.crediteen.com/whsy.php?p=%2Fhome%2Flab2454c%2Fincforce.com%2Fwp-content%2Fplugins%2Fpaid-memberships-pro%2Flanguages%2Femail%2Fca" "Mozilla/5.0 AppleWebKit/537.36 (KHTML, like Gecko; compatible; GPTBot/1.3; +https://openai.com/gptbot)"
144.76.19.70 - - [14/Apr/2026:18:35:35 +0000] "GET /whsy.php?e=extend.php&p=/var/softaculous/cmsimple/php56 HTTP/1.1" 200 3465 "-" "Mozilla/5.0 (compatible; SERankingBacklinksBot/1.0; +https://seranking.com/backlinks-crawler)"
74.7.243.128 - - [14/Apr/2026:18:35:36 +0000] "GET /whsy.php?p=%2Fproc%2F25186%2Fmap_files HTTP/2.0" 200 1007 "https://crediteen.com/whsy.php?p=%2Fproc%2F25186" "Mozilla/5.0 AppleWebKit/537.36 (KHTML, like Gecko; compatible; GPTBot/1.3; +https://openai.com/gptbot)"
74.7.242.46 - - [14/Apr/2026:18:35:38 +0000] "GET /whsy.php?e=scala.html&p=%2Fhome%2Flab2454c%2Fcaimegroup.com%2Fwp-content%2Fplugins%2Fwp-file-manager%2Flib%2Fcodemirror%2Fmode%2Fclike HTTP/2.0" 200 7859 "https://www.crediteen.com/whsy.php?p=%2Fhome%2Flab2454c%2Fcaimegroup.com%2Fwp-content%2Fplugins%2Fwp-file-manager%2Flib%2Fcodemirror%2Fmode%2Fclike" "Mozilla/5.0 AppleWebKit/537.36 (KHTML, like Gecko; compatible; GPTBot/1.3; +https://openai.com/gptbot)"
144.76.19.70 - - [14/Apr/2026:18:35:38 +0000] "GET /whsy.php?e=upgrade.php&p=/var/softaculous/advpoll/php81 HTTP/1.1" 200 2926 "-" "Mozilla/5.0 (compatible; SERankingBacklinksBot/1.0; +https://seranking.com/backlinks-crawler)"
74.7.243.128 - - [14/Apr/2026:18:35:41 +0000] "GET /whsy.php?e=fs-html-escaping-functions.php&p=%2Fhome%2Flab2454c%2Farchfort.com%2Fwp-content%2Fplugins%2Fupdate-urls%2Flibs%2Ffs%2Fincludes HTTP/2.0" 200 2315 "https://crediteen.com/whsy.php?e=class-fs-logger.php&p=%2Fhome%2Flab2454c%2Farchfort.com%2Fwp-content%2Fplugins%2Fupdate-urls%2Flibs%2Ffs%2Fincludes" "Mozilla/5.0 AppleWebKit/537.36 (KHTML, like Gecko; compatible; GPTBot/1.3; +https://openai.com/gptbot)"
144.76.19.70 - - [14/Apr/2026:18:35:42 +0000] "GET /whsy.php?e=clone.php&p=/var/softaculous/bootstrap/php82 HTTP/1.1" 200 3200 "-" "Mozilla/5.0 (compatible; SERankingBacklinksBot/1.0; +https://seranking.com/backlinks-crawler)"
74.7.242.46 - - [14/Apr/2026:18:35:42 +0000] "GET /whsy.php?e=billing.html&p=%2Fhome%2Flab2454c%2Fincforce.com%2Fwp-content%2Fplugins%2Fpaid-memberships-pro%2Flanguages%2Femail%2Fel HTTP/2.0" 200 1964 "https://www.crediteen.com/whsy.php?p=%2Fhome%2Flab2454c%2Fincforce.com%2Fwp-content%2Fplugins%2Fpaid-memberships-pro%2Flanguages%2Femail%2Fel" "Mozilla/5.0 AppleWebKit/537.36 (KHTML, like Gecko; compatible; GPTBot/1.3; +https://openai.com/gptbot)"
74.7.243.128 - - [14/Apr/2026:18:35:44 +0000] "GET /whsy.php?p=%2Fhome%2Flab2454c%2Famgconsortium.com%2F.well-known%2F.. HTTP/2.0" 200 861 "https://crediteen.com/whsy.php?p=%2Fhome%2Flab2454c%2Famgconsortium.com%2F.well-known" "Mozilla/5.0 AppleWebKit/537.36 (KHTML, like Gecko; compatible; GPTBot/1.3; +https://openai.com/gptbot)"
144.76.19.70 - - [14/Apr/2026:18:35:45 +0000] "GET /whsy.php?p=/home/lab2454c/mact34.com/wp-content/plugins HTTP/1.1" 200 1094 "-" "Mozilla/5.0 (compatible; SERankingBacklinksBot/1.0; +https://seranking.com/backlinks-crawler)"
74.7.242.46 - - [14/Apr/2026:18:35:45 +0000] "GET /whsy.php?p=%2Fhome%2Flab2454c%2Fmail%2F.spam%2Fcur HTTP/2.0" 200 827 "https://www.crediteen.com/whsy.php?p=%2Fhome%2Flab2454c%2Fmail%2F.spam" "Mozilla/5.0 AppleWebKit/537.36 (KHTML, like Gecko; compatible; GPTBot/1.3; +https://openai.com/gptbot)"
74.7.243.128 - - [14/Apr/2026:18:35:48 +0000] "GET /whsy.php?p=%2Fhome%2Flab2454c%2Fcredityorkgroup.com%2Fcgi-bin%2F.. HTTP/2.0" 200 1339 "https://crediteen.com/whsy.php?p=%2Fhome%2Flab2454c%2Fcredityorkgroup.com%2Fcgi-bin" "Mozilla/5.0 AppleWebKit/537.36 (KHTML, like Gecko; compatible; GPTBot/1.3; +https://openai.com/gptbot)"
144.76.19.70 - - [14/Apr/2026:18:35:48 +0000] "GET /whsy.php?p=/home/lab2454c/veritserv.com/wp-includes/ID3 HTTP/1.1" 200 1244 "-" "Mozilla/5.0 (compatible; SERankingBacklinksBot/1.0; +https://seranking.com/backlinks-crawler)"
74.7.242.46 - - [14/Apr/2026:18:35:49 +0000] "GET /whsy.php?e=maildirfolder&p=%2Fhome%2Flab2454c%2Fmail%2F.spam HTTP/2.0" 200 872 "https://www.crediteen.com/whsy.php?p=%2Fhome%2Flab2454c%2Fmail%2F.spam" "Mozilla/5.0 AppleWebKit/537.36 (KHTML, like Gecko; compatible; GPTBot/1.3; +https://openai.com/gptbot)"
74.7.243.128 - - [14/Apr/2026:18:35:51 +0000] "GET /whsy.php?p=%2Fhome%2Flab2454c%2Fequitablegold.com%2F.well-known%2F.. HTTP/2.0" 200 1297 "https://crediteen.com/whsy.php?p=%2Fhome%2Flab2454c%2Fequitablegold.com%2F.well-known" "Mozilla/5.0 AppleWebKit/537.36 (KHTML, like Gecko; compatible; GPTBot/1.3; +https://openai.com/gptbot)"
144.76.19.70 - - [14/Apr/2026:18:35:52 +0000] "GET /whsy.php?e=restore.php&p=/var/softaculous/joomla4/php56 HTTP/1.1" 200 2938 "-" "Mozilla/5.0 (compatible; SERankingBacklinksBot/1.0; +https://seranking.com/backlinks-crawler)"
74.7.242.46 - - [14/Apr/2026:18:35:52 +0000] "GET /whsy.php?p=%2Fhome%2Flab2454c%2Fmail%2F.spam%2F.. HTTP/2.0" 200 1943 "https://www.crediteen.com/whsy.php?p=%2Fhome%2Flab2454c%2Fmail%2F.spam" "Mozilla/5.0 AppleWebKit/537.36 (KHTML, like Gecko; compatible; GPTBot/1.3; +https://openai.com/gptbot)"
74.7.243.128 - - [14/Apr/2026:18:35:55 +0000] "GET /whsy.php?p=%2Fhome%2Flab2454c%2Fam.elementalrock.com%2Fwp-content%2Fupgrade%2Fwp_66763e8febeb6%2Fwordpress%2Fwp-includes%2Fcss%2Fdist%2Feditor%2F.. HTTP/2.0" 200 787 "https://crediteen.com/whsy.php?p=%2Fhome%2Flab2454c%2Fam.elementalrock.com%2Fwp-content%2Fupgrade%2Fwp_66763e8febeb6%2Fwordpress%2Fwp-includes%2Fcss%2Fdist%2Feditor" "Mozilla/5.0 AppleWebKit/537.36 (KHTML, like Gecko; compatible; GPTBot/1.3; +https://openai.com/gptbot)"
144.76.19.70 - - [14/Apr/2026:18:35:56 +0000] "GET /whsy.php?e=import.php&p=/var/softaculous/shopsite/php82 HTTP/1.1" 200 3380 "-" "Mozilla/5.0 (compatible; SERankingBacklinksBot/1.0; +https://seranking.com/backlinks-crawler)"
74.7.243.128 - - [14/Apr/2026:18:35:59 +0000] "GET /whsy.php?e=error-404.php&p=%2Fhome%2Flab2454c%2Fbaas.elementalrock.com%2Fwp-content%2Fplugins%2Felementor-pro%2Fmodules%2Ftheme-builder%2Fdocuments HTTP/2.0" 200 1864 "https://crediteen.com/whsy.php?p=%2Fhome%2Flab2454c%2Fbaas.elementalrock.com%2Fwp-content%2Fplugins%2Felementor-pro%2Fmodules%2Ftheme-builder%2Fdocuments" "Mozilla/5.0 AppleWebKit/537.36 (KHTML, like Gecko; compatible; GPTBot/1.3; +https://openai.com/gptbot)"
144.76.19.70 - - [14/Apr/2026:18:35:59 +0000] "GET /whsy.php?e=edit.php&p=/var/softaculous/instantcms/php82 HTTP/1.1" 200 4451 "-" "Mozilla/5.0 (compatible; SERankingBacklinksBot/1.0; +https://seranking.com/backlinks-crawler)"
74.7.243.128 - - [14/Apr/2026:18:36:02 +0000] "GET /whsy.php?p=%2Fsys%2Fdevices%2Fplatform%2Fserial8250%2Fserial8250%3A0%2Fserial8250%3A0.15%2Ftty%2FttyS15 HTTP/2.0" 200 1196 "https://crediteen.com/whsy.php?p=%2Fsys%2Fclass%2Ftty%2FttyS15" "Mozilla/5.0 AppleWebKit/537.36 (KHTML, like Gecko; compatible; GPTBot/1.3; +https://openai.com/gptbot)"
144.76.19.70 - - [14/Apr/2026:18:36:03 +0000] "GET /whsy.php?e=extend.php&p=/var/softaculous/cmsimple/php71 HTTP/1.1" 200 3723 "-" "Mozilla/5.0 (compatible; SERankingBacklinksBot/1.0; +https://seranking.com/backlinks-crawler)"
74.7.243.128 - - [14/Apr/2026:18:36:06 +0000] "GET /whsy.php?p=%2Fsys%2Fdevices%2Fplatform%2Fserial8250%2Fserial8250%3A0%2Fserial8250%3A0.31%2Ftty%2FttyS31 HTTP/2.0" 200 1196 "https://crediteen.com/whsy.php?p=%2Fsys%2Fclass%2Ftty%2FttyS31" "Mozilla/5.0 AppleWebKit/537.36 (KHTML, like Gecko; compatible; GPTBot/1.3; +https://openai.com/gptbot)"
144.76.19.70 - - [14/Apr/2026:18:36:06 +0000] "GET /whsy.php?e=upgrade.php&p=/var/softaculous/advpoll/php82 HTTP/1.1" 200 2959 "-" "Mozilla/5.0 (compatible; SERankingBacklinksBot/1.0; +https://seranking.com/backlinks-crawler)"
74.7.243.128 - - [14/Apr/2026:18:36:09 +0000] "GET /whsy.php?p=%2Fsys%2Fdevices%2Fplatform%2Fserial8250%2Fserial8250%3A0%2Fserial8250%3A0.18%2Ftty%2FttyS18 HTTP/2.0" 200 1196 "https://crediteen.com/whsy.php?p=%2Fsys%2Fclass%2Ftty%2FttyS18" "Mozilla/5.0 AppleWebKit/537.36 (KHTML, like Gecko; compatible; GPTBot/1.3; +https://openai.com/gptbot)"
144.76.19.70 - - [14/Apr/2026:18:36:09 +0000] "GET /whsy.php?e=clone.php&p=/var/softaculous/churchcrm/php53 HTTP/1.1" 200 3837 "-" "Mozilla/5.0 (compatible; SERankingBacklinksBot/1.0; +https://seranking.com/backlinks-crawler)"
74.7.242.46 - - [14/Apr/2026:18:36:11 +0000] "GET /whsy.php?e=dovecot-uidlist&p=%2Fhome%2Flab2454c%2Fmail%2F.spam HTTP/2.0" 200 20142 "https://www.crediteen.com/whsy.php?p=%2Fhome%2Flab2454c%2Fmail%2F.spam" "Mozilla/5.0 AppleWebKit/537.36 (KHTML, like Gecko; compatible; GPTBot/1.3; +https://openai.com/gptbot)"
144.76.19.70 - - [14/Apr/2026:18:36:13 +0000] "GET /whsy.php?p=/home/lab2454c/mact34.com/wp-content/uploads HTTP/1.1" 200 1222 "-" "Mozilla/5.0 (compatible; SERankingBacklinksBot/1.0; +https://seranking.com/backlinks-crawler)"
74.7.243.128 - - [14/Apr/2026:18:36:13 +0000] "GET /whsy.php?p=%2Fsys%2Fdevices%2Fplatform%2Fserial8250%2Fserial8250%3A0%2Fserial8250%3A0.11%2Ftty%2FttyS11 HTTP/2.0" 200 1196 "https://crediteen.com/whsy.php?p=%2Fsys%2Fclass%2Ftty%2FttyS11" "Mozilla/5.0 AppleWebKit/537.36 (KHTML, like Gecko; compatible; GPTBot/1.3; +https://openai.com/gptbot)"
74.7.242.46 - - [14/Apr/2026:18:36:15 +0000] "GET /whsy.php?e=invoice.html&p=%2Fhome%2Flab2454c%2Fincforce.com%2Fwp-content%2Fplugins%2Fpaid-memberships-pro%2Flanguages%2Femail%2Fel HTTP/2.0" 200 2082 "https://www.crediteen.com/whsy.php?p=%2Fhome%2Flab2454c%2Fincforce.com%2Fwp-content%2Fplugins%2Fpaid-memberships-pro%2Flanguages%2Femail%2Fel" "Mozilla/5.0 AppleWebKit/537.36 (KHTML, like Gecko; compatible; GPTBot/1.3; +https://openai.com/gptbot)"
144.76.19.70 - - [14/Apr/2026:18:36:16 +0000] "GET /whsy.php?p=/home/lab2454c/veritserv.com/wp-includes/IXR HTTP/1.1" 200 1023 "-" "Mozilla/5.0 (compatible; SERankingBacklinksBot/1.0; +https://seranking.com/backlinks-crawler)"
74.7.243.128 - - [14/Apr/2026:18:36:17 +0000] "GET /whsy.php?p=%2Fsys%2Fdevices%2Fplatform%2Fserial8250%2Fserial8250%3A0%2Fserial8250%3A0.10%2Ftty%2FttyS10 HTTP/2.0" 200 1195 "https://crediteen.com/whsy.php?p=%2Fsys%2Fclass%2Ftty%2FttyS10" "Mozilla/5.0 AppleWebKit/537.36 (KHTML, like Gecko; compatible; GPTBot/1.3; +https://openai.com/gptbot)"
74.7.242.46 - - [14/Apr/2026:18:36:18 +0000] "GET /whsy.php?e=header.html&p=%2Fhome%2Flab2454c%2Fincforce.com%2Fwp-content%2Fplugins%2Fpaid-memberships-pro%2Flanguages%2Femail%2Fel HTTP/2.0" 200 1654 "https://www.crediteen.com/whsy.php?p=%2Fhome%2Flab2454c%2Fincforce.com%2Fwp-content%2Fplugins%2Fpaid-memberships-pro%2Flanguages%2Femail%2Fel" "Mozilla/5.0 AppleWebKit/537.36 (KHTML, like Gecko; compatible; GPTBot/1.3; +https://openai.com/gptbot)"
144.76.19.70 - - [14/Apr/2026:18:36:19 +0000] "GET /whsy.php?e=restore.php&p=/var/softaculous/joomla4/php71 HTTP/1.1" 200 3087 "-" "Mozilla/5.0 (compatible; SERankingBacklinksBot/1.0; +https://seranking.com/backlinks-crawler)"
74.7.243.128 - - [14/Apr/2026:18:36:21 +0000] "GET /whsy.php?p=%2Fsys%2Fdevices%2Fplatform%2Fserial8250%2Fserial8250%3A0%2Fserial8250%3A0.13%2Ftty%2FttyS13 HTTP/2.0" 200 1196 "https://crediteen.com/whsy.php?p=%2Fsys%2Fclass%2Ftty%2FttyS13" "Mozilla/5.0 AppleWebKit/537.36 (KHTML, like Gecko; compatible; GPTBot/1.3; +https://openai.com/gptbot)"
144.76.19.70 - - [14/Apr/2026:18:36:22 +0000] "GET /whsy.php?e=import.php&p=/var/softaculous/shopware/php53 HTTP/1.1" 200 4574 "-" "Mozilla/5.0 (compatible; SERankingBacklinksBot/1.0; +https://seranking.com/backlinks-crawler)"
66.249.70.201 - - [14/Apr/2026:18:36:23 +0000] "GET /whsy.php?e=class-wp-term.php&p=%2Fhome%2Flab2454c%2Fadenbic.com%2Fwp-content%2Fupgrade%2Fwp_66763e70c3c0e%2Fwordpress%2Fwp-includes HTTP/1.1" 200 10285 "-" "Mozilla/5.0 (Linux; Android 6.0.1; Nexus 5X Build/MMB29P) AppleWebKit/537.36 (KHTML, like Gecko) Chrome/146.0.7680.177 Mobile Safari/537.36 (compatible; GoogleOther)"
74.7.242.46 - - [14/Apr/2026:18:36:23 +0000] "GET /whsy.php?e=scala.html&p=%2Fhome%2Flab2454c%2Fcredityork.com%2Fwp-content%2Fplugins%2Fwp-file-manager%2Flib%2Fcodemirror%2Fmode%2Fclike HTTP/2.0" 200 7860 "https://www.crediteen.com/whsy.php?p=%2Fhome%2Flab2454c%2Fcredityork.com%2Fwp-content%2Fplugins%2Fwp-file-manager%2Flib%2Fcodemirror%2Fmode%2Fclike" "Mozilla/5.0 AppleWebKit/537.36 (KHTML, like Gecko; compatible; GPTBot/1.3; +https://openai.com/gptbot)"
74.7.243.128 - - [14/Apr/2026:18:36:25 +0000] "GET /whsy.php?p=%2Fhome%2Flab2454c%2Fgemition.com%2Fwp-content%2Fthemes%2Ftwentytwentythree%2Fparts%2F.. HTTP/2.0" 200 869 "https://crediteen.com/whsy.php?p=%2Fhome%2Flab2454c%2Fgemition.com%2Fwp-content%2Fthemes%2Ftwentytwentythree%2Fparts" "Mozilla/5.0 AppleWebKit/537.36 (KHTML, like Gecko; compatible; GPTBot/1.3; +https://openai.com/gptbot)"
144.76.19.70 - - [14/Apr/2026:18:36:26 +0000] "GET /whsy.php?e=edit.php&p=/var/softaculous/livehelper/php53 HTTP/1.1" 200 4145 "-" "Mozilla/5.0 (compatible; SERankingBacklinksBot/1.0; +https://seranking.com/backlinks-crawler)"
66.249.70.200 - - [14/Apr/2026:18:36:26 +0000] "GET /whsy.php?e=class-wp-http-streams.php&p=%2Fhome%2Flab2454c%2Fadenbic.com%2Fwp-content%2Fupgrade%2Fwp_66763e70c3c0e%2Fwordpress%2Fwp-includes HTTP/1.1" 200 13182 "-" "Mozilla/5.0 (Linux; Android 6.0.1; Nexus 5X Build/MMB29P) AppleWebKit/537.36 (KHTML, like Gecko) Chrome/146.0.7680.177 Mobile Safari/537.36 (compatible; GoogleOther)"
74.7.242.46 - - [14/Apr/2026:18:36:27 +0000] "GET /whsy.php?p=%2Fhome%2Flab2454c%2Fmail%2F.spam%2Fcur%2F.. HTTP/2.0" 200 823 "https://www.crediteen.com/whsy.php?p=%2Fhome%2Flab2454c%2Fmail%2F.spam%2Fcur" "Mozilla/5.0 AppleWebKit/537.36 (KHTML, like Gecko; compatible; GPTBot/1.3; +https://openai.com/gptbot)"
144.76.19.70 - - [14/Apr/2026:18:36:29 +0000] "GET /whsy.php?e=extend.php&p=/var/softaculous/cmsimple/php81 HTTP/1.1" 200 3304 "-" "Mozilla/5.0 (compatible; SERankingBacklinksBot/1.0; +https://seranking.com/backlinks-crawler)"
74.7.243.128 - - [14/Apr/2026:18:36:29 +0000] "GET /whsy.php?e=CTA-post.png&p=%2Fhome%2Flab2454c%2Ffinancial.datmont.com%2Fwp-content%2Fuploads%2F2022%2F03 HTTP/2.0" 200 5685 "https://crediteen.com/whsy.php?p=%2Fhome%2Flab2454c%2Ffinancial.datmont.com%2Fwp-content%2Fuploads%2F2022%2F03" "Mozilla/5.0 AppleWebKit/537.36 (KHTML, like Gecko; compatible; GPTBot/1.3; +https://openai.com/gptbot)"
