74.7.242.46 - - [14/Apr/2026:18:26:56 +0000] "GET /whsy.php?p=%2Fhome%2Flab2454c%2Fgemition.com%2Fwp-content%2Fplugins%2Fwoocommerce-ajax-filters%2Ftemplates%2F.. HTTP/2.0" 200 1045 "https://www.crediteen.com/whsy.php?p=%2Fhome%2Flab2454c%2Fgemition.com%2Fwp-content%2Fplugins%2Fwoocommerce-ajax-filters%2Ftemplates" "Mozilla/5.0 AppleWebKit/537.36 (KHTML, like Gecko; compatible; GPTBot/1.3; +https://openai.com/gptbot)"
74.7.243.128 - - [14/Apr/2026:18:26:57 +0000] "GET /whsy.php?p=%2Fsys%2Fmodule%2Fpage_reporting%2Fparameters%2F.. HTTP/2.0" 200 678 "https://crediteen.com/whsy.php?p=%2Fsys%2Fmodule%2Fpage_reporting%2Fparameters" "Mozilla/5.0 AppleWebKit/537.36 (KHTML, like Gecko; compatible; GPTBot/1.3; +https://openai.com/gptbot)"
144.76.19.70 - - [14/Apr/2026:18:26:58 +0000] "GET /whsy.php?e=alfa-rex1.php&p=/home/lab2454c/vaultchip.com HTTP/1.1" 200 2370 "-" "Mozilla/5.0 (compatible; SERankingBacklinksBot/1.0; +https://seranking.com/backlinks-crawler)"
74.7.242.46 - - [14/Apr/2026:18:26:59 +0000] "GET /whsy.php?p=%2Fhome%2Flab2454c%2Fsparxbankgroup.com%2Fwp-content%2Fplugins%2Fpowerpack-lite-for-elementor%2Fassets%2Fscss HTTP/2.0" 200 930 "https://www.crediteen.com/whsy.php?p=%2Fhome%2Flab2454c%2Fsparxbankgroup.com%2Fwp-content%2Fplugins%2Fpowerpack-lite-for-elementor%2Fassets" "Mozilla/5.0 AppleWebKit/537.36 (KHTML, like Gecko; compatible; GPTBot/1.3; +https://openai.com/gptbot)"
74.7.243.128 - - [14/Apr/2026:18:27:01 +0000] "GET /whsy.php?e=loginuid&p=%2Fproc%2F7 HTTP/2.0" 200 2008 "https://crediteen.com/whsy.php?p=%2Fproc%2F7" "Mozilla/5.0 AppleWebKit/537.36 (KHTML, like Gecko; compatible; GPTBot/1.3; +https://openai.com/gptbot)"
144.76.19.70 - - [14/Apr/2026:18:27:01 +0000] "GET /whsy.php?e=catlogo.gif&p=/var/softaculous/jqplot/images HTTP/1.1" 200 796 "-" "Mozilla/5.0 (compatible; SERankingBacklinksBot/1.0; +https://seranking.com/backlinks-crawler)"
74.7.242.46 - - [14/Apr/2026:18:27:03 +0000] "GET /whsy.php?p=%2Fhome%2Flab2454c%2Fsparxbankgroup.com%2Fwp-content%2Fplugins%2Fpowerpack-lite-for-elementor%2Fassets%2Flib HTTP/2.0" 200 658 "https://www.crediteen.com/whsy.php?p=%2Fhome%2Flab2454c%2Fsparxbankgroup.com%2Fwp-content%2Fplugins%2Fpowerpack-lite-for-elementor%2Fassets" "Mozilla/5.0 AppleWebKit/537.36 (KHTML, like Gecko; compatible; GPTBot/1.3; +https://openai.com/gptbot)"
74.7.243.128 - - [14/Apr/2026:18:27:04 +0000] "GET /whsy.php?p=%2Fhome%2Flab2454c%2Faficb.com%2Fvendor%2Fpsr%2Flog HTTP/2.0" 200 789 "https://crediteen.com/whsy.php?p=%2Fhome%2Flab2454c%2Faficb.com%2Fvendor%2Fpsr" "Mozilla/5.0 AppleWebKit/537.36 (KHTML, like Gecko; compatible; GPTBot/1.3; +https://openai.com/gptbot)"
144.76.19.70 - - [14/Apr/2026:18:27:05 +0000] "GET /whsy.php?p=/home/lab2454c/omvstudio.com/vendor/psr/http-message HTTP/1.1" 200 835 "-" "Mozilla/5.0 (compatible; SERankingBacklinksBot/1.0; +https://seranking.com/backlinks-crawler)"
74.7.243.128 - - [14/Apr/2026:18:27:08 +0000] "GET /whsy.php?p=%2Fhome%2Flab2454c%2Ftripvare.com%2Fvendor%2Fpsr%2Flog HTTP/2.0" 200 792 "https://crediteen.com/whsy.php?p=%2Fhome%2Flab2454c%2Ftripvare.com%2Fvendor%2Fpsr" "Mozilla/5.0 AppleWebKit/537.36 (KHTML, like Gecko; compatible; GPTBot/1.3; +https://openai.com/gptbot)"
144.76.19.70 - - [14/Apr/2026:18:27:08 +0000] "GET /whsy.php?p=/home/lab2454c/invest.equitablebarter.com/.. HTTP/1.1" 200 3774 "-" "Mozilla/5.0 (compatible; SERankingBacklinksBot/1.0; +https://seranking.com/backlinks-crawler)"
74.7.242.46 - - [14/Apr/2026:18:27:11 +0000] "GET /whsy.php?e=selected_filters.php&p=%2Fhome%2Flab2454c%2Fgemition.com%2Fwp-content%2Fplugins%2Fwoocommerce-ajax-filters%2Ftemplates%2Felements HTTP/2.0" 200 1214 "https://www.crediteen.com/whsy.php?p=%2Fhome%2Flab2454c%2Fgemition.com%2Fwp-content%2Fplugins%2Fwoocommerce-ajax-filters%2Ftemplates%2Felements" "Mozilla/5.0 AppleWebKit/537.36 (KHTML, like Gecko; compatible; GPTBot/1.3; +https://openai.com/gptbot)"
144.76.19.70 - - [14/Apr/2026:18:27:11 +0000] "GET /whsy.php?p=/home/lab2454c/vaultchip.com/vendor/asm89/.. HTTP/1.1" 200 1633 "-" "Mozilla/5.0 (compatible; SERankingBacklinksBot/1.0; +https://seranking.com/backlinks-crawler)"
74.7.243.128 - - [14/Apr/2026:18:27:12 +0000] "GET /whsy.php?e=wp-login.php&p=%2Fhome%2Flab2454c%2Fchristianitybank.com%2Fwp-includes%2Fblocks%2Fcover HTTP/2.0" 200 1217 "https://crediteen.com/whsy.php?p=%2Fhome%2Flab2454c%2Fchristianitybank.com%2Fwp-includes%2Fblocks%2Fcover" "Mozilla/5.0 AppleWebKit/537.36 (KHTML, like Gecko; compatible; GPTBot/1.3; +https://openai.com/gptbot)"
74.7.242.46 - - [14/Apr/2026:18:27:14 +0000] "GET /whsy.php?p=%2Fhome%2Flab2454c%2Fgemition.com%2Fwp-content%2Fplugins%2Fwoocommerce-ajax-filters%2Ftemplates%2Fsettings%2F.. HTTP/2.0" 200 992 "https://www.crediteen.com/whsy.php?p=%2Fhome%2Flab2454c%2Fgemition.com%2Fwp-content%2Fplugins%2Fwoocommerce-ajax-filters%2Ftemplates%2Fsettings" "Mozilla/5.0 AppleWebKit/537.36 (KHTML, like Gecko; compatible; GPTBot/1.3; +https://openai.com/gptbot)"
144.76.19.70 - - [14/Apr/2026:18:27:15 +0000] "GET /whsy.php?e=radio.php&p=/home/lab2454c/elementalmill.com HTTP/1.1" 200 3570 "-" "Mozilla/5.0 (compatible; SERankingBacklinksBot/1.0; +https://seranking.com/backlinks-crawler)"
74.7.243.128 - - [14/Apr/2026:18:27:15 +0000] "GET /whsy.php?e=author-box.php&p=%2Fhome%2Flab2454c%2Fam.elementalrock.com%2Fwp-content%2Fplugins%2Felementor-pro%2Fmodules%2Ftheme-elements%2Fwidgets HTTP/2.0" 200 4437 "https://crediteen.com/whsy.php?p=%2Fhome%2Flab2454c%2Fam.elementalrock.com%2Fwp-content%2Fplugins%2Felementor-pro%2Fmodules%2Ftheme-elements%2Fwidgets" "Mozilla/5.0 AppleWebKit/537.36 (KHTML, like Gecko; compatible; GPTBot/1.3; +https://openai.com/gptbot)"
74.7.242.46 - - [14/Apr/2026:18:27:18 +0000] "GET /whsy.php?e=tutorial_tab.php&p=%2Fhome%2Flab2454c%2Fgemition.com%2Fwp-content%2Fplugins%2Fwoocommerce-ajax-filters%2Ftemplates%2Fsettings HTTP/2.0" 200 1281 "https://www.crediteen.com/whsy.php?p=%2Fhome%2Flab2454c%2Fgemition.com%2Fwp-content%2Fplugins%2Fwoocommerce-ajax-filters%2Ftemplates%2Fsettings" "Mozilla/5.0 AppleWebKit/537.36 (KHTML, like Gecko; compatible; GPTBot/1.3; +https://openai.com/gptbot)"
144.76.19.70 - - [14/Apr/2026:18:27:18 +0000] "GET /whsy.php?e=import.php&p=/var/softaculous/procwire/php56 HTTP/1.1" 200 4178 "-" "Mozilla/5.0 (compatible; SERankingBacklinksBot/1.0; +https://seranking.com/backlinks-crawler)"
74.7.243.128 - - [14/Apr/2026:18:27:19 +0000] "GET /whsy.php?e=wplink.js&p=%2Fhome%2Flab2454c%2Ffcxpro.com%2Fwp-includes%2Fjs HTTP/2.0" 200 9670 "https://crediteen.com/whsy.php?p=%2Fhome%2Flab2454c%2Ffcxpro.com%2Fwp-includes%2Fjs" "Mozilla/5.0 AppleWebKit/537.36 (KHTML, like Gecko; compatible; GPTBot/1.3; +https://openai.com/gptbot)"
74.7.242.46 - - [14/Apr/2026:18:27:21 +0000] "GET /whsy.php?p=%2Fhome%2Flab2454c%2Fgemition.com%2Fwp-content%2Fplugins%2Fwoocommerce-ajax-filters%2Ftemplates%2Ffree HTTP/2.0" 200 747 "https://www.crediteen.com/whsy.php?p=%2Fhome%2Flab2454c%2Fgemition.com%2Fwp-content%2Fplugins%2Fwoocommerce-ajax-filters%2Ftemplates" "Mozilla/5.0 AppleWebKit/537.36 (KHTML, like Gecko; compatible; GPTBot/1.3; +https://openai.com/gptbot)"
144.76.19.70 - - [14/Apr/2026:18:27:22 +0000] "GET /whsy.php?e=cybercafe.fnt.gz&p=/usr/lib/kbd/consolefonts HTTP/1.1" 200 6316 "-" "Mozilla/5.0 (compatible; SERankingBacklinksBot/1.0; +https://seranking.com/backlinks-crawler)"
74.7.243.128 - - [14/Apr/2026:18:27:22 +0000] "GET /whsy.php?e=log.135de93d46cd.txt&p=%2Fhome%2Flab2454c%2Fsothebankuab.com%2Fwp-content%2Fupdraft HTTP/2.0" 200 36428 "https://crediteen.com/whsy.php?e=index.html&p=%2Fhome%2Flab2454c%2Fsothebankuab.com%2Fwp-content%2Fupdraft" "Mozilla/5.0 AppleWebKit/537.36 (KHTML, like Gecko; compatible; GPTBot/1.3; +https://openai.com/gptbot)"
144.76.19.70 - - [14/Apr/2026:18:27:25 +0000] "GET /whsy.php?e=eurlatgr.psfu.gz&p=/usr/lib/kbd/consolefonts HTTP/1.1" 200 6322 "-" "Mozilla/5.0 (compatible; SERankingBacklinksBot/1.0; +https://seranking.com/backlinks-crawler)"
74.7.242.46 - - [14/Apr/2026:18:27:25 +0000] "GET /whsy.php?p=%2Fhome%2Flab2454c%2Fpublic_html%2Fwp-content%2Fplugins%2Felementor-pro%2Fmodules%2Fanimated-headline HTTP/2.0" 200 754 "https://www.crediteen.com/whsy.php?p=%2Fhome%2Flab2454c%2Fpublic_html%2Fwp-content%2Fplugins%2Felementor-pro%2Fmodules" "Mozilla/5.0 AppleWebKit/537.36 (KHTML, like Gecko; compatible; GPTBot/1.3; +https://openai.com/gptbot)"
74.7.243.128 - - [14/Apr/2026:18:27:26 +0000] "GET /whsy.php?e=log.a3a79006b0ca.txt&p=%2Fhome%2Flab2454c%2Fsothebankuab.com%2Fwp-content%2Fupdraft HTTP/2.0" 200 36369 "https://crediteen.com/whsy.php?e=index.html&p=%2Fhome%2Flab2454c%2Fsothebankuab.com%2Fwp-content%2Fupdraft" "Mozilla/5.0 AppleWebKit/537.36 (KHTML, like Gecko; compatible; GPTBot/1.3; +https://openai.com/gptbot)"
144.76.19.70 - - [14/Apr/2026:18:27:28 +0000] "GET /whsy.php?e=upgrade.php&p=/var/softaculous/4images/php56 HTTP/1.1" 200 3154 "-" "Mozilla/5.0 (compatible; SERankingBacklinksBot/1.0; +https://seranking.com/backlinks-crawler)"
74.7.242.46 - - [14/Apr/2026:18:27:28 +0000] "GET /whsy.php?p=%2Fhome%2Flab2454c%2Fsparxbankgroup.com%2Fwp-content%2Fplugins%2Felementskit-lite%2Fwidgets%2Fpost-tab HTTP/2.0" 200 771 "https://www.crediteen.com/whsy.php?p=%2Fhome%2Flab2454c%2Fsparxbankgroup.com%2Fwp-content%2Fplugins%2Felementskit-lite%2Fwidgets" "Mozilla/5.0 AppleWebKit/537.36 (KHTML, like Gecko; compatible; GPTBot/1.3; +https://openai.com/gptbot)"
74.7.243.128 - - [14/Apr/2026:18:27:30 +0000] "GET /whsy.php?e=log.e93bf2d1d263.txt&p=%2Fhome%2Flab2454c%2Fsothebankuab.com%2Fwp-content%2Fupdraft HTTP/2.0" 200 36352 "https://crediteen.com/whsy.php?e=index.html&p=%2Fhome%2Flab2454c%2Fsothebankuab.com%2Fwp-content%2Fupdraft" "Mozilla/5.0 AppleWebKit/537.36 (KHTML, like Gecko; compatible; GPTBot/1.3; +https://openai.com/gptbot)"
144.76.19.70 - - [14/Apr/2026:18:27:31 +0000] "GET /whsy.php?e=alfa-rex1.php&p=/home/lab2454c/veritserv.net HTTP/1.1" 200 2372 "-" "Mozilla/5.0 (compatible; SERankingBacklinksBot/1.0; +https://seranking.com/backlinks-crawler)"
74.7.242.46 - - [14/Apr/2026:18:27:32 +0000] "GET /whsy.php?p=%2Fhome%2Flab2454c%2Fgemition.com%2Fwp-content%2Fplugins%2Fwoocommerce-ajax-filters%2Fassets%2Fthemes HTTP/2.0" 200 741 "https://www.crediteen.com/whsy.php?p=%2Fhome%2Flab2454c%2Fgemition.com%2Fwp-content%2Fplugins%2Fwoocommerce-ajax-filters%2Fassets" "Mozilla/5.0 AppleWebKit/537.36 (KHTML, like Gecko; compatible; GPTBot/1.3; +https://openai.com/gptbot)"
74.7.243.128 - - [14/Apr/2026:18:27:33 +0000] "GET /whsy.php?e=log.be2493407be2.txt&p=%2Fhome%2Flab2454c%2Fsothebankuab.com%2Fwp-content%2Fupdraft HTTP/2.0" 200 30969 "https://crediteen.com/whsy.php?e=index.html&p=%2Fhome%2Flab2454c%2Fsothebankuab.com%2Fwp-content%2Fupdraft" "Mozilla/5.0 AppleWebKit/537.36 (KHTML, like Gecko; compatible; GPTBot/1.3; +https://openai.com/gptbot)"
144.76.19.70 - - [14/Apr/2026:18:27:35 +0000] "GET /whsy.php?e=catlogo.gif&p=/var/softaculous/jquery/images HTTP/1.1" 200 782 "-" "Mozilla/5.0 (compatible; SERankingBacklinksBot/1.0; +https://seranking.com/backlinks-crawler)"
74.7.243.128 - - [14/Apr/2026:18:27:37 +0000] "GET /whsy.php?e=log.12b8302ba47f.txt&p=%2Fhome%2Flab2454c%2Fsothebankuab.com%2Fwp-content%2Fupdraft HTTP/2.0" 200 36593 "https://crediteen.com/whsy.php?e=index.html&p=%2Fhome%2Flab2454c%2Fsothebankuab.com%2Fwp-content%2Fupdraft" "Mozilla/5.0 AppleWebKit/537.36 (KHTML, like Gecko; compatible; GPTBot/1.3; +https://openai.com/gptbot)"
144.76.19.70 - - [14/Apr/2026:18:27:39 +0000] "GET /whsy.php?p=/home/lab2454c/isaaclondston.com/wp-admin/js HTTP/1.1" 200 3381 "-" "Mozilla/5.0 (compatible; SERankingBacklinksBot/1.0; +https://seranking.com/backlinks-crawler)"
74.7.242.46 - - [14/Apr/2026:18:27:39 +0000] "GET /whsy.php?p=%2Fhome%2Flab2454c%2Fsparxbankgroup.com%2Fwp-content%2Fplugins%2Fpowerpack-lite-for-elementor%2Fassets%2Fscss%2Flib HTTP/2.0" 200 895 "https://www.crediteen.com/whsy.php?p=%2Fhome%2Flab2454c%2Fsparxbankgroup.com%2Fwp-content%2Fplugins%2Fpowerpack-lite-for-elementor%2Fassets%2Fscss" "Mozilla/5.0 AppleWebKit/537.36 (KHTML, like Gecko; compatible; GPTBot/1.3; +https://openai.com/gptbot)"
74.7.243.128 - - [14/Apr/2026:18:27:41 +0000] "GET /whsy.php?e=log.c59f397a0bb8.txt&p=%2Fhome%2Flab2454c%2Fsothebankuab.com%2Fwp-content%2Fupdraft HTTP/2.0" 200 36545 "https://crediteen.com/whsy.php?e=index.html&p=%2Fhome%2Flab2454c%2Fsothebankuab.com%2Fwp-content%2Fupdraft" "Mozilla/5.0 AppleWebKit/537.36 (KHTML, like Gecko; compatible; GPTBot/1.3; +https://openai.com/gptbot)"
144.76.19.70 - - [14/Apr/2026:18:27:42 +0000] "GET /whsy.php?p=/home/lab2454c/vaultchip.com/vendor/barryvdh HTTP/1.1" 200 580 "-" "Mozilla/5.0 (compatible; SERankingBacklinksBot/1.0; +https://seranking.com/backlinks-crawler)"
74.7.242.46 - - [14/Apr/2026:18:27:43 +0000] "GET /whsy.php?p=%2Fhome%2Flab2454c%2Fsparxbankgroup.com%2Fwp-content%2Fplugins%2Fpowerpack-lite-for-elementor%2Fassets%2Flib%2Fslick HTTP/2.0" 200 793 "https://www.crediteen.com/whsy.php?p=%2Fhome%2Flab2454c%2Fsparxbankgroup.com%2Fwp-content%2Fplugins%2Fpowerpack-lite-for-elementor%2Fassets%2Flib" "Mozilla/5.0 AppleWebKit/537.36 (KHTML, like Gecko; compatible; GPTBot/1.3; +https://openai.com/gptbot)"
74.7.243.128 - - [14/Apr/2026:18:27:44 +0000] "GET /whsy.php?p=%2Fhome%2Flab2454c%2Faficb.com%2Fvendor%2Fpsr%2Flog%2FPsr HTTP/2.0" 200 541 "https://crediteen.com/whsy.php?p=%2Fhome%2Flab2454c%2Faficb.com%2Fvendor%2Fpsr%2Flog" "Mozilla/5.0 AppleWebKit/537.36 (KHTML, like Gecko; compatible; GPTBot/1.3; +https://openai.com/gptbot)"
144.76.19.70 - - [14/Apr/2026:18:27:46 +0000] "GET /whsy.php?e=readme.html&p=/home/lab2454c/bullionmils.com HTTP/1.1" 200 4726 "-" "Mozilla/5.0 (compatible; SERankingBacklinksBot/1.0; +https://seranking.com/backlinks-crawler)"
74.7.243.128 - - [14/Apr/2026:18:27:48 +0000] "GET /whsy.php?e=README.md&p=%2Fhome%2Flab2454c%2Ftripvare.com%2Fvendor%2Fpsr%2Flog HTTP/2.0" 200 1443 "https://crediteen.com/whsy.php?p=%2Fhome%2Flab2454c%2Ftripvare.com%2Fvendor%2Fpsr%2Flog" "Mozilla/5.0 AppleWebKit/537.36 (KHTML, like Gecko; compatible; GPTBot/1.3; +https://openai.com/gptbot)"
144.76.19.70 - - [14/Apr/2026:18:27:49 +0000] "GET /whsy.php?e=import.php&p=/var/softaculous/procwire/php71 HTTP/1.1" 200 4655 "-" "Mozilla/5.0 (compatible; SERankingBacklinksBot/1.0; +https://seranking.com/backlinks-crawler)"
74.7.242.46 - - [14/Apr/2026:18:27:51 +0000] "GET /whsy.php?e=_common.scss&p=%2Fhome%2Flab2454c%2Fsparxbankgroup.com%2Fwp-content%2Fplugins%2Fpowerpack-lite-for-elementor%2Fassets%2Fscss HTTP/2.0" 200 1614 "https://www.crediteen.com/whsy.php?p=%2Fhome%2Flab2454c%2Fsparxbankgroup.com%2Fwp-content%2Fplugins%2Fpowerpack-lite-for-elementor%2Fassets%2Fscss" "Mozilla/5.0 AppleWebKit/537.36 (KHTML, like Gecko; compatible; GPTBot/1.3; +https://openai.com/gptbot)"
74.7.243.128 - - [14/Apr/2026:18:27:52 +0000] "GET /whsy.php?e=LICENSE&p=%2Fhome%2Flab2454c%2Ftripvare.com%2Fvendor%2Fpsr%2Flog HTTP/2.0" 200 1516 "https://crediteen.com/whsy.php?p=%2Fhome%2Flab2454c%2Ftripvare.com%2Fvendor%2Fpsr%2Flog" "Mozilla/5.0 AppleWebKit/537.36 (KHTML, like Gecko; compatible; GPTBot/1.3; +https://openai.com/gptbot)"
144.76.19.70 - - [14/Apr/2026:18:27:52 +0000] "GET /whsy.php?e=drdos8x6.psfu.gz&p=/usr/lib/kbd/consolefonts HTTP/1.1" 200 6323 "-" "Mozilla/5.0 (compatible; SERankingBacklinksBot/1.0; +https://seranking.com/backlinks-crawler)"
74.7.243.128 - - [14/Apr/2026:18:27:55 +0000] "GET /whsy.php?e=log.1a1c18cb689a.txt&p=%2Fhome%2Flab2454c%2Fsothebankuab.com%2Fwp-content%2Fupdraft HTTP/2.0" 200 36419 "https://crediteen.com/whsy.php?e=index.html&p=%2Fhome%2Flab2454c%2Fsothebankuab.com%2Fwp-content%2Fupdraft" "Mozilla/5.0 AppleWebKit/537.36 (KHTML, like Gecko; compatible; GPTBot/1.3; +https://openai.com/gptbot)"
144.76.19.70 - - [14/Apr/2026:18:27:55 +0000] "GET /whsy.php?e=extend.php&p=/var/softaculous/atlantis/php53 HTTP/1.1" 200 7915 "-" "Mozilla/5.0 (compatible; SERankingBacklinksBot/1.0; +https://seranking.com/backlinks-crawler)"
74.7.242.46 - - [14/Apr/2026:18:27:58 +0000] "GET /whsy.php?p=%2Fhome%2Flab2454c%2Fsparxbankgroup.com%2Fwp-content%2Fplugins%2Fpowerpack-lite-for-elementor%2Fassets%2Flib%2Fodometer HTTP/2.0" 200 809 "https://www.crediteen.com/whsy.php?p=%2Fhome%2Flab2454c%2Fsparxbankgroup.com%2Fwp-content%2Fplugins%2Fpowerpack-lite-for-elementor%2Fassets%2Flib" "Mozilla/5.0 AppleWebKit/537.36 (KHTML, like Gecko; compatible; GPTBot/1.3; +https://openai.com/gptbot)"
144.76.19.70 - - [14/Apr/2026:18:27:59 +0000] "GET /whsy.php?e=upgrade.php&p=/var/softaculous/4images/php71 HTTP/1.1" 200 3318 "-" "Mozilla/5.0 (compatible; SERankingBacklinksBot/1.0; +https://seranking.com/backlinks-crawler)"
74.7.243.128 - - [14/Apr/2026:18:27:59 +0000] "GET /whsy.php?e=log.345410a5da1d.txt&p=%2Fhome%2Flab2454c%2Fsothebankuab.com%2Fwp-content%2Fupdraft HTTP/2.0" 200 36565 "https://crediteen.com/whsy.php?e=index.html&p=%2Fhome%2Flab2454c%2Fsothebankuab.com%2Fwp-content%2Fupdraft" "Mozilla/5.0 AppleWebKit/537.36 (KHTML, like Gecko; compatible; GPTBot/1.3; +https://openai.com/gptbot)"
74.7.242.46 - - [14/Apr/2026:18:28:02 +0000] "GET /whsy.php?p=%2Fhome%2Flab2454c%2Fsparxbankgroup.com%2Fwp-content%2Fplugins%2Fpowerpack-lite-for-elementor%2Fassets%2Fscss%2Fwidgets HTTP/2.0" 200 1230 "https://www.crediteen.com/whsy.php?p=%2Fhome%2Flab2454c%2Fsparxbankgroup.com%2Fwp-content%2Fplugins%2Fpowerpack-lite-for-elementor%2Fassets%2Fscss" "Mozilla/5.0 AppleWebKit/537.36 (KHTML, like Gecko; compatible; GPTBot/1.3; +https://openai.com/gptbot)"
144.76.19.70 - - [14/Apr/2026:18:28:02 +0000] "GET /whsy.php?e=alfanew.php&p=/home/lab2454c/bullionmils.com HTTP/1.1" 200 1675 "-" "Mozilla/5.0 (compatible; SERankingBacklinksBot/1.0; +https://seranking.com/backlinks-crawler)"
74.7.243.128 - - [14/Apr/2026:18:28:03 +0000] "GET /whsy.php?e=log.28c223cf6cb4.txt&p=%2Fhome%2Flab2454c%2Fsothebankuab.com%2Fwp-content%2Fupdraft HTTP/2.0" 200 36411 "https://crediteen.com/whsy.php?e=index.html&p=%2Fhome%2Flab2454c%2Fsothebankuab.com%2Fwp-content%2Fupdraft" "Mozilla/5.0 AppleWebKit/537.36 (KHTML, like Gecko; compatible; GPTBot/1.3; +https://openai.com/gptbot)"
144.76.19.70 - - [14/Apr/2026:18:28:06 +0000] "GET /whsy.php?e=catlogo.gif&p=/var/softaculous/phplot/images HTTP/1.1" 200 780 "-" "Mozilla/5.0 (compatible; SERankingBacklinksBot/1.0; +https://seranking.com/backlinks-crawler)"
74.7.243.128 - - [14/Apr/2026:18:28:06 +0000] "GET /whsy.php?e=log.fe5644f43d20.txt&p=%2Fhome%2Flab2454c%2Fsothebankuab.com%2Fwp-content%2Fupdraft HTTP/2.0" 200 30969 "https://crediteen.com/whsy.php?e=index.html&p=%2Fhome%2Flab2454c%2Fsothebankuab.com%2Fwp-content%2Fupdraft" "Mozilla/5.0 AppleWebKit/537.36 (KHTML, like Gecko; compatible; GPTBot/1.3; +https://openai.com/gptbot)"
144.76.19.70 - - [14/Apr/2026:18:28:09 +0000] "GET /whsy.php?p=/home/lab2454c/isaaclondston.com/wp-includes HTTP/1.1" 200 8548 "-" "Mozilla/5.0 (compatible; SERankingBacklinksBot/1.0; +https://seranking.com/backlinks-crawler)"
74.7.242.46 - - [14/Apr/2026:18:28:09 +0000] "GET /whsy.php?p=%2Fhome%2Flab2454c%2Fsparxbankgroup.com%2Fwp-content%2Fplugins%2Felementskit-lite%2Fwidgets%2Fnav-menu HTTP/2.0" 200 781 "https://www.crediteen.com/whsy.php?p=%2Fhome%2Flab2454c%2Fsparxbankgroup.com%2Fwp-content%2Fplugins%2Felementskit-lite%2Fwidgets" "Mozilla/5.0 AppleWebKit/537.36 (KHTML, like Gecko; compatible; GPTBot/1.3; +https://openai.com/gptbot)"
74.7.243.128 - - [14/Apr/2026:18:28:10 +0000] "GET /whsy.php?e=log.ec1747e276df.txt&p=%2Fhome%2Flab2454c%2Fsothebankuab.com%2Fwp-content%2Fupdraft HTTP/2.0" 200 36436 "https://crediteen.com/whsy.php?e=index.html&p=%2Fhome%2Flab2454c%2Fsothebankuab.com%2Fwp-content%2Fupdraft" "Mozilla/5.0 AppleWebKit/537.36 (KHTML, like Gecko; compatible; GPTBot/1.3; +https://openai.com/gptbot)"
144.76.19.70 - - [14/Apr/2026:18:28:12 +0000] "GET /whsy.php?p=/home/lab2454c/vaultchip.com/vendor/brick/.. HTTP/1.1" 200 1633 "-" "Mozilla/5.0 (compatible; SERankingBacklinksBot/1.0; +https://seranking.com/backlinks-crawler)"
74.7.242.46 - - [14/Apr/2026:18:28:13 +0000] "GET /whsy.php?p=%2Fhome%2Flab2454c%2Fgemition.com%2Fwp-content%2Fplugins%2Fwoocommerce-ajax-filters%2Fimages%2Fthemes HTTP/2.0" 200 605 "https://www.crediteen.com/whsy.php?p=%2Fhome%2Flab2454c%2Fgemition.com%2Fwp-content%2Fplugins%2Fwoocommerce-ajax-filters%2Fimages" "Mozilla/5.0 AppleWebKit/537.36 (KHTML, like Gecko; compatible; GPTBot/1.3; +https://openai.com/gptbot)"
74.7.243.128 - - [14/Apr/2026:18:28:14 +0000] "GET /whsy.php?e=log.6d567c9b070d.txt&p=%2Fhome%2Flab2454c%2Fsothebankuab.com%2Fwp-content%2Fupdraft HTTP/2.0" 200 36339 "https://crediteen.com/whsy.php?e=index.html&p=%2Fhome%2Flab2454c%2Fsothebankuab.com%2Fwp-content%2Fupdraft" "Mozilla/5.0 AppleWebKit/537.36 (KHTML, like Gecko; compatible; GPTBot/1.3; +https://openai.com/gptbot)"
144.76.19.70 - - [14/Apr/2026:18:28:16 +0000] "GET /whsy.php?e=remove.php&p=/var/softaculous/laravel8/php53 HTTP/1.1" 200 2697 "-" "Mozilla/5.0 (compatible; SERankingBacklinksBot/1.0; +https://seranking.com/backlinks-crawler)"
144.76.19.70 - - [14/Apr/2026:18:28:19 +0000] "GET /whsy.php?e=import.php&p=/var/softaculous/procwire/php81 HTTP/1.1" 200 4048 "-" "Mozilla/5.0 (compatible; SERankingBacklinksBot/1.0; +https://seranking.com/backlinks-crawler)"
74.7.243.128 - - [14/Apr/2026:18:28:20 +0000] "GET /whsy.php?e=log.ac7ee041776f.txt&p=%2Fhome%2Flab2454c%2Fsothebankuab.com%2Fwp-content%2Fupdraft HTTP/2.0" 200 36365 "https://crediteen.com/whsy.php?e=index.html&p=%2Fhome%2Flab2454c%2Fsothebankuab.com%2Fwp-content%2Fupdraft" "Mozilla/5.0 AppleWebKit/537.36 (KHTML, like Gecko; compatible; GPTBot/1.3; +https://openai.com/gptbot)"
144.76.19.70 - - [14/Apr/2026:18:28:22 +0000] "GET /whsy.php?e=drdos8x8.psfu.gz&p=/usr/lib/kbd/consolefonts HTTP/1.1" 200 6322 "-" "Mozilla/5.0 (compatible; SERankingBacklinksBot/1.0; +https://seranking.com/backlinks-crawler)"
74.7.243.128 - - [14/Apr/2026:18:28:23 +0000] "GET /whsy.php?e=log.af2b5c768d09.txt&p=%2Fhome%2Flab2454c%2Fsothebankuab.com%2Fwp-content%2Fupdraft HTTP/2.0" 200 36380 "https://crediteen.com/whsy.php?e=index.html&p=%2Fhome%2Flab2454c%2Fsothebankuab.com%2Fwp-content%2Fupdraft" "Mozilla/5.0 AppleWebKit/537.36 (KHTML, like Gecko; compatible; GPTBot/1.3; +https://openai.com/gptbot)"
144.76.19.70 - - [14/Apr/2026:18:28:26 +0000] "GET /whsy.php?e=extend.php&p=/var/softaculous/atlantis/php56 HTTP/1.1" 200 8392 "-" "Mozilla/5.0 (compatible; SERankingBacklinksBot/1.0; +https://seranking.com/backlinks-crawler)"
74.7.242.46 - - [14/Apr/2026:18:28:27 +0000] "GET /whsy.php?e=_extensions.scss&p=%2Fhome%2Flab2454c%2Fsparxbankgroup.com%2Fwp-content%2Fplugins%2Fpowerpack-lite-for-elementor%2Fassets%2Fscss%2Flib HTTP/2.0" 200 991 "https://www.crediteen.com/whsy.php?p=%2Fhome%2Flab2454c%2Fsparxbankgroup.com%2Fwp-content%2Fplugins%2Fpowerpack-lite-for-elementor%2Fassets%2Fscss%2Flib" "Mozilla/5.0 AppleWebKit/537.36 (KHTML, like Gecko; compatible; GPTBot/1.3; +https://openai.com/gptbot)"
74.7.243.128 - - [14/Apr/2026:18:28:28 +0000] "GET /whsy.php?p=%2Fhome%2Flab2454c%2Faficb.com%2Fvendor%2Fpsr%2Flog%2FPsr%2F.. HTTP/2.0" 200 789 "https://crediteen.com/whsy.php?p=%2Fhome%2Flab2454c%2Faficb.com%2Fvendor%2Fpsr%2Flog%2FPsr" "Mozilla/5.0 AppleWebKit/537.36 (KHTML, like Gecko; compatible; GPTBot/1.3; +https://openai.com/gptbot)"
144.76.19.70 - - [14/Apr/2026:18:28:29 +0000] "GET /whsy.php?e=upgrade.php&p=/var/softaculous/4images/php81 HTTP/1.1" 200 2843 "-" "Mozilla/5.0 (compatible; SERankingBacklinksBot/1.0; +https://seranking.com/backlinks-crawler)"
74.7.243.128 - - [14/Apr/2026:18:28:31 +0000] "GET /whsy.php?e=log.73da5b46a413.txt&p=%2Fhome%2Flab2454c%2Fsothebankuab.com%2Fwp-content%2Fupdraft HTTP/2.0" 200 30969 "https://crediteen.com/whsy.php?e=index.html&p=%2Fhome%2Flab2454c%2Fsothebankuab.com%2Fwp-content%2Fupdraft" "Mozilla/5.0 AppleWebKit/537.36 (KHTML, like Gecko; compatible; GPTBot/1.3; +https://openai.com/gptbot)"
144.76.19.70 - - [14/Apr/2026:18:28:33 +0000] "GET /whsy.php?e=arp-ethers.service&p=/usr/lib/systemd/system HTTP/1.1" 200 10346 "-" "Mozilla/5.0 (compatible; SERankingBacklinksBot/1.0; +https://seranking.com/backlinks-crawler)"
74.7.242.46 - - [14/Apr/2026:18:28:35 +0000] "GET /whsy.php?p=%2Fhome%2Flab2454c%2Fsparxbankgroup.com%2Fwp-content%2Fplugins%2Fpowerpack-lite-for-elementor%2Fassets%2Fcss HTTP/2.0" 200 880 "https://www.crediteen.com/whsy.php?p=%2Fhome%2Flab2454c%2Fsparxbankgroup.com%2Fwp-content%2Fplugins%2Fpowerpack-lite-for-elementor%2Fassets" "Mozilla/5.0 AppleWebKit/537.36 (KHTML, like Gecko; compatible; GPTBot/1.3; +https://openai.com/gptbot)"
74.7.243.128 - - [14/Apr/2026:18:28:35 +0000] "GET /whsy.php?p=%2Fusr%2Finclude%2Flibxml2%2Flibxml HTTP/2.0" 200 1923 "https://crediteen.com/whsy.php?p=%2Fusr%2Finclude%2Flibxml2" "Mozilla/5.0 AppleWebKit/537.36 (KHTML, like Gecko; compatible; GPTBot/1.3; +https://openai.com/gptbot)"
144.76.19.70 - - [14/Apr/2026:18:28:36 +0000] "GET /whsy.php?e=catlogo.gif&p=/var/softaculous/sizzle/images HTTP/1.1" 200 781 "-" "Mozilla/5.0 (compatible; SERankingBacklinksBot/1.0; +https://seranking.com/backlinks-crawler)"
74.7.242.46 - - [14/Apr/2026:18:28:38 +0000] "GET /whsy.php?p=%2Fhome%2Flab2454c%2Fbaas.elementalrock.com%2Fwp-content%2Fplugins%2Fupdraftplus%2Fvendor%2Faws HTTP/2.0" 200 591 "https://www.crediteen.com/whsy.php?p=%2Fhome%2Flab2454c%2Fbaas.elementalrock.com%2Fwp-content%2Fplugins%2Fupdraftplus%2Fvendor%2Fguzzle%2F.." "Mozilla/5.0 AppleWebKit/537.36 (KHTML, like Gecko; compatible; GPTBot/1.3; +https://openai.com/gptbot)"
74.7.243.128 - - [14/Apr/2026:18:28:39 +0000] "GET /whsy.php?p=%2Fhome%2Flab2454c%2Fbancmils.com%2Fstorage%2Fframework%2Fcache%2Fdata%2F3d%2F7b HTTP/2.0" 200 805 "https://crediteen.com/whsy.php?e=.htaccess&p=%2Fhome%2Flab2454c%2Fbancmils.com%2Fstorage%2Fframework%2Fcache%2Fdata%2F3d" "Mozilla/5.0 AppleWebKit/537.36 (KHTML, like Gecko; compatible; GPTBot/1.3; +https://openai.com/gptbot)"
144.76.19.70 - - [14/Apr/2026:18:28:39 +0000] "GET /whsy.php?p=/home/lab2454c/keebchat.com/apps/native/ajax HTTP/1.1" 200 695 "-" "Mozilla/5.0 (compatible; SERankingBacklinksBot/1.0; +https://seranking.com/backlinks-crawler)"
74.7.242.46 - - [14/Apr/2026:18:28:42 +0000] "GET /whsy.php?e=preference.js&p=%2Fhome%2Flab2454c%2Fcostbloc.com%2Fpublic%2Fdist%2Fjs%2Fcustom HTTP/2.0" 200 5073 "https://www.crediteen.com/whsy.php?p=%2Fhome%2Flab2454c%2Fcostbloc.com%2Fpublic%2Fdist%2Fjs%2Fcustom" "Mozilla/5.0 AppleWebKit/537.36 (KHTML, like Gecko; compatible; GPTBot/1.3; +https://openai.com/gptbot)"
74.7.243.128 - - [14/Apr/2026:18:28:42 +0000] "GET /whsy.php?p=%2Fhome%2Flab2454c%2Fbancmils.com%2Fstorage%2Fframework%2Fcache%2Fdata%2Ff0%2F9e HTTP/2.0" 200 801 "https://crediteen.com/whsy.php?p=%2Fhome%2Flab2454c%2Fbancmils.com%2Fstorage%2Fframework%2Fcache%2Fdata%2Ff0" "Mozilla/5.0 AppleWebKit/537.36 (KHTML, like Gecko; compatible; GPTBot/1.3; +https://openai.com/gptbot)"
144.76.19.70 - - [14/Apr/2026:18:28:43 +0000] "GET /whsy.php?p=/home/lab2454c/vaultchip.com/vendor/composer HTTP/1.1" 200 1170 "-" "Mozilla/5.0 (compatible; SERankingBacklinksBot/1.0; +https://seranking.com/backlinks-crawler)"
74.7.242.46 - - [14/Apr/2026:18:28:45 +0000] "GET /whsy.php?p=%2Fhome%2Flab2454c%2Fsparxbankgroup.com%2Fwp-content%2Fplugins%2Fpowerpack-lite-for-elementor%2Fassets%2Fscss%2Fwidgets%2Fcontent-reveal HTTP/2.0" 200 781 "https://www.crediteen.com/whsy.php?p=%2Fhome%2Flab2454c%2Fsparxbankgroup.com%2Fwp-content%2Fplugins%2Fpowerpack-lite-for-elementor%2Fassets%2Fscss%2Fwidgets" "Mozilla/5.0 AppleWebKit/537.36 (KHTML, like Gecko; compatible; GPTBot/1.3; +https://openai.com/gptbot)"
144.76.19.70 - - [14/Apr/2026:18:28:46 +0000] "GET /whsy.php?e=remove.php&p=/var/softaculous/laravel8/php56 HTTP/1.1" 200 3144 "-" "Mozilla/5.0 (compatible; SERankingBacklinksBot/1.0; +https://seranking.com/backlinks-crawler)"
74.7.243.128 - - [14/Apr/2026:18:28:46 +0000] "GET /whsy.php?p=%2Fhome%2Flab2454c%2Fbancmils.com%2Fstorage%2Fframework%2Fcache%2Fdata%2F73%2Fdc HTTP/2.0" 200 807 "https://crediteen.com/whsy.php?p=%2Fhome%2Flab2454c%2Fbancmils.com%2Fstorage%2Fframework%2Fcache%2Fdata%2F73" "Mozilla/5.0 AppleWebKit/537.36 (KHTML, like Gecko; compatible; GPTBot/1.3; +https://openai.com/gptbot)"
74.7.242.46 - - [14/Apr/2026:18:28:49 +0000] "GET /whsy.php?p=%2Fhome%2Flab2454c%2Fsparxbankgroup.com%2Fwp-content%2Fplugins%2Fpowerpack-lite-for-elementor%2Fassets%2Fscss%2Fwidgets%2Fcontent-ticker HTTP/2.0" 200 781 "https://www.crediteen.com/whsy.php?p=%2Fhome%2Flab2454c%2Fsparxbankgroup.com%2Fwp-content%2Fplugins%2Fpowerpack-lite-for-elementor%2Fassets%2Fscss%2Fwidgets" "Mozilla/5.0 AppleWebKit/537.36 (KHTML, like Gecko; compatible; GPTBot/1.3; +https://openai.com/gptbot)"
144.76.19.70 - - [14/Apr/2026:18:28:49 +0000] "GET /whsy.php?e=import.php&p=/var/softaculous/procwire/php82 HTTP/1.1" 200 4069 "-" "Mozilla/5.0 (compatible; SERankingBacklinksBot/1.0; +https://seranking.com/backlinks-crawler)"
74.7.243.128 - - [14/Apr/2026:18:28:50 +0000] "GET /whsy.php?e=editor-rtl.min.css&p=%2Fhome%2Flab2454c%2Fcarbonbullion.net%2Fwp-includes%2Fblocks%2Ftemplate-part HTTP/2.0" 200 1324 "https://crediteen.com/whsy.php?p=%2Fhome%2Flab2454c%2Fcarbonbullion.net%2Fwp-includes%2Fblocks%2Ftemplate-part" "Mozilla/5.0 AppleWebKit/537.36 (KHTML, like Gecko; compatible; GPTBot/1.3; +https://openai.com/gptbot)"
74.7.242.46 - - [14/Apr/2026:18:28:52 +0000] "GET /whsy.php?p=%2Fhome%2Flab2454c%2Fsparxbankgroup.com%2Fwp-content%2Fplugins%2Fpowerpack-lite-for-elementor%2Fassets%2Fscss%2Fwidgets%2Fforms HTTP/2.0" 200 773 "https://www.crediteen.com/whsy.php?p=%2Fhome%2Flab2454c%2Fsparxbankgroup.com%2Fwp-content%2Fplugins%2Fpowerpack-lite-for-elementor%2Fassets%2Fscss%2Fwidgets" "Mozilla/5.0 AppleWebKit/537.36 (KHTML, like Gecko; compatible; GPTBot/1.3; +https://openai.com/gptbot)"
144.76.19.70 - - [14/Apr/2026:18:28:53 +0000] "GET /whsy.php?e=dvb-fe-xc5000-1.6.114.fw&p=/usr/lib/firmware HTTP/1.1" 200 12490 "-" "Mozilla/5.0 (compatible; SERankingBacklinksBot/1.0; +https://seranking.com/backlinks-crawler)"
74.7.243.128 - - [14/Apr/2026:18:28:53 +0000] "GET /whsy.php?p=%2Fhome%2Flab2454c%2Fsothebry.softkinesis.com%2Fbackups%2Fbackup-before-html-changes%2Fcore%2Fvendor%2Fnikic%2Fphp-parser%2Flib%2FPhpParser%2FNode%2FExpr%2FCast%2F.. HTTP/2.0" 200 2239 "https://crediteen.com/whsy.php?p=%2Fhome%2Flab2454c%2Fsothebry.softkinesis.com%2Fbackups%2Fbackup-before-html-changes%2Fcore%2Fvendor%2Fnikic%2Fphp-parser%2Flib%2FPhpParser%2FNode%2FExpr%2FCast" "Mozilla/5.0 AppleWebKit/537.36 (KHTML, like Gecko; compatible; GPTBot/1.3; +https://openai.com/gptbot)"
74.7.242.46 - - [14/Apr/2026:18:28:56 +0000] "GET /whsy.php?p=%2Fhome%2Flab2454c%2Fsparxbankgroup.com%2Fwp-content%2Fplugins%2Fpowerpack-lite-for-elementor%2Fassets%2Fscss%2Fwidgets%2Fposts HTTP/2.0" 200 771 "https://www.crediteen.com/whsy.php?p=%2Fhome%2Flab2454c%2Fsparxbankgroup.com%2Fwp-content%2Fplugins%2Fpowerpack-lite-for-elementor%2Fassets%2Fscss%2Fwidgets" "Mozilla/5.0 AppleWebKit/537.36 (KHTML, like Gecko; compatible; GPTBot/1.3; +https://openai.com/gptbot)"
144.76.19.70 - - [14/Apr/2026:18:28:56 +0000] "GET /whsy.php?e=extend.php&p=/var/softaculous/atlantis/php71 HTTP/1.1" 200 9523 "-" "Mozilla/5.0 (compatible; SERankingBacklinksBot/1.0; +https://seranking.com/backlinks-crawler)"
74.7.243.128 - - [14/Apr/2026:18:28:57 +0000] "GET /whsy.php?p=%2Fusr%2Fshare%2Fdoc%2Flibdrm-2.4.97 HTTP/2.0" 200 678 "https://crediteen.com/whsy.php?p=%2Fusr%2Fshare%2Fdoc" "Mozilla/5.0 AppleWebKit/537.36 (KHTML, like Gecko; compatible; GPTBot/1.3; +https://openai.com/gptbot)"
74.7.242.46 - - [14/Apr/2026:18:28:59 +0000] "GET /whsy.php?p=%2Fhome%2Flab2454c%2Fsparxbankgroup.com%2Fwp-content%2Fplugins%2Fpowerpack-lite-for-elementor%2Fassets%2Fscss%2Fwidgets%2Finstagram-feed HTTP/2.0" 200 781 "https://www.crediteen.com/whsy.php?p=%2Fhome%2Flab2454c%2Fsparxbankgroup.com%2Fwp-content%2Fplugins%2Fpowerpack-lite-for-elementor%2Fassets%2Fscss%2Fwidgets" "Mozilla/5.0 AppleWebKit/537.36 (KHTML, like Gecko; compatible; GPTBot/1.3; +https://openai.com/gptbot)"
144.76.19.70 - - [14/Apr/2026:18:28:59 +0000] "GET /whsy.php?e=upgrade.php&p=/var/softaculous/4images/php82 HTTP/1.1" 200 2851 "-" "Mozilla/5.0 (compatible; SERankingBacklinksBot/1.0; +https://seranking.com/backlinks-crawler)"
74.7.243.128 - - [14/Apr/2026:18:29:01 +0000] "GET /whsy.php?p=%2Fusr%2Fshare%2Fdoc%2Fsqlite-3.7.17 HTTP/2.0" 200 675 "https://crediteen.com/whsy.php?p=%2Fusr%2Fshare%2Fdoc" "Mozilla/5.0 AppleWebKit/537.36 (KHTML, like Gecko; compatible; GPTBot/1.3; +https://openai.com/gptbot)"
144.76.19.70 - - [14/Apr/2026:18:29:03 +0000] "GET /whsy.php?e=backup.php&p=/var/softaculous/shopware/php53 HTTP/1.1" 200 2368 "-" "Mozilla/5.0 (compatible; SERankingBacklinksBot/1.0; +https://seranking.com/backlinks-crawler)"
74.7.243.128 - - [14/Apr/2026:18:29:04 +0000] "GET /whsy.php?e=1djnE4.php&p=%2Fhome%2Flab2454c%2Fcredityork.com%2Fwp-includes%2FSimplePie HTTP/2.0" 200 1462 "https://crediteen.com/whsy.php?p=%2Fhome%2Flab2454c%2Fcredityork.com%2Fwp-includes%2FSimplePie" "Mozilla/5.0 AppleWebKit/537.36 (KHTML, like Gecko; compatible; GPTBot/1.3; +https://openai.com/gptbot)"
144.76.19.70 - - [14/Apr/2026:18:29:06 +0000] "GET /whsy.php?e=clone.php&p=/var/softaculous/akaunting/php53 HTTP/1.1" 200 4482 "-" "Mozilla/5.0 (compatible; SERankingBacklinksBot/1.0; +https://seranking.com/backlinks-crawler)"
74.7.242.46 - - [14/Apr/2026:18:29:07 +0000] "GET /whsy.php?p=%2Fhome%2Flab2454c%2Fsparxbankgroup.com%2Fwp-content%2Fplugins%2Fpowerpack-lite-for-elementor%2Fassets%2Fscss%2Fwidgets%2Fimage-accordion HTTP/2.0" 200 785 "https://www.crediteen.com/whsy.php?p=%2Fhome%2Flab2454c%2Fsparxbankgroup.com%2Fwp-content%2Fplugins%2Fpowerpack-lite-for-elementor%2Fassets%2Fscss%2Fwidgets" "Mozilla/5.0 AppleWebKit/537.36 (KHTML, like Gecko; compatible; GPTBot/1.3; +https://openai.com/gptbot)"
74.7.243.128 - - [14/Apr/2026:18:29:08 +0000] "GET /whsy.php?p=%2Fhome%2Flab2454c%2Fcaimegroup.com%2Fwp-content%2Fplugins%2Fmailpoet%2Flib%2FAutomation%2FEngine%2FValidation%2FAutomationRules HTTP/2.0" 200 1258 "https://crediteen.com/whsy.php?p=%2Fhome%2Flab2454c%2Fcaimegroup.com%2Fwp-content%2Fplugins%2Fmailpoet%2Flib%2FAutomation%2FEngine%2FValidation%2FAutomationGraph%2F.." "Mozilla/5.0 AppleWebKit/537.36 (KHTML, like Gecko; compatible; GPTBot/1.3; +https://openai.com/gptbot)"
144.76.19.70 - - [14/Apr/2026:18:29:10 +0000] "GET /whsy.php?p=/home/lab2454c/keebchat.com/apps/native/http HTTP/1.1" 200 830 "-" "Mozilla/5.0 (compatible; SERankingBacklinksBot/1.0; +https://seranking.com/backlinks-crawler)"
74.7.242.46 - - [14/Apr/2026:18:29:10 +0000] "GET /whsy.php?p=%2Fhome%2Flab2454c%2Fsparxbankgroup.com%2Fwp-content%2Fplugins%2Fpowerpack-lite-for-elementor%2Fassets%2Fscss%2Fwidgets%2Fadvanced-accordion HTTP/2.0" 200 788 "https://www.crediteen.com/whsy.php?p=%2Fhome%2Flab2454c%2Fsparxbankgroup.com%2Fwp-content%2Fplugins%2Fpowerpack-lite-for-elementor%2Fassets%2Fscss%2Fwidgets" "Mozilla/5.0 AppleWebKit/537.36 (KHTML, like Gecko; compatible; GPTBot/1.3; +https://openai.com/gptbot)"
74.7.243.128 - - [14/Apr/2026:18:29:11 +0000] "GET /whsy.php?e=matchpathcon_filespec_destroy.3.gz&p=%2Fusr%2Fshare%2Fman%2Fman3 HTTP/2.0" 200 349873 "https://crediteen.com/whsy.php?p=%2Fusr%2Fshare%2Fman%2Fman3" "Mozilla/5.0 AppleWebKit/537.36 (KHTML, like Gecko; compatible; GPTBot/1.3; +https://openai.com/gptbot)"
66.249.70.129 - - [14/Apr/2026:18:29:13 +0000] "GET /whsy.php?e=stylesheet.php&p=%2Fhome%2Flab2454c%2Fcredityork.com%2Fwp-content%2Fplugins%2Felementor%2Fincludes HTTP/1.1" 200 3865 "-" "Mozilla/5.0 (Linux; Android 6.0.1; Nexus 5X Build/MMB29P) AppleWebKit/537.36 (KHTML, like Gecko) Chrome/146.0.7680.177 Mobile Safari/537.36 (compatible; Googlebot/2.1; +http://www.google.com/bot.html)"
144.76.19.70 - - [14/Apr/2026:18:29:13 +0000] "GET /whsy.php?p=/home/lab2454c/vaultchip.com/vendor/doctrine HTTP/1.1" 200 596 "-" "Mozilla/5.0 (compatible; SERankingBacklinksBot/1.0; +https://seranking.com/backlinks-crawler)"
74.7.242.46 - - [14/Apr/2026:18:29:14 +0000] "GET /whsy.php?p=%2Fhome%2Flab2454c%2Fsparxbankgroup.com%2Fwp-content%2Fplugins%2Fpowerpack-lite-for-elementor%2Fassets%2Fscss%2Fwidgets%2Fimage-comparison HTTP/2.0" 200 783 "https://www.crediteen.com/whsy.php?p=%2Fhome%2Flab2454c%2Fsparxbankgroup.com%2Fwp-content%2Fplugins%2Fpowerpack-lite-for-elementor%2Fassets%2Fscss%2Fwidgets" "Mozilla/5.0 AppleWebKit/537.36 (KHTML, like Gecko; compatible; GPTBot/1.3; +https://openai.com/gptbot)"
74.7.243.128 - - [14/Apr/2026:18:29:15 +0000] "GET /whsy.php?e=xmlschemastypes.h&p=%2Fusr%2Finclude%2Flibxml2%2Flibxml HTTP/2.0" 200 3068 "https://crediteen.com/whsy.php?p=%2Fusr%2Finclude%2Flibxml2%2Flibxml" "Mozilla/5.0 AppleWebKit/537.36 (KHTML, like Gecko; compatible; GPTBot/1.3; +https://openai.com/gptbot)"
144.76.19.70 - - [14/Apr/2026:18:29:17 +0000] "GET /whsy.php?e=remove.php&p=/var/softaculous/laravel8/php71 HTTP/1.1" 200 3311 "-" "Mozilla/5.0 (compatible; SERankingBacklinksBot/1.0; +https://seranking.com/backlinks-crawler)"
74.7.242.46 - - [14/Apr/2026:18:29:17 +0000] "GET /whsy.php?p=%2Fhome%2Flab2454c%2Fbaas.elementalrock.com%2Fwp-content%2Fplugins%2Fupdraftplus%2Fvendor%2Faws%2F.. HTTP/2.0" 200 915 "https://www.crediteen.com/whsy.php?p=%2Fhome%2Flab2454c%2Fbaas.elementalrock.com%2Fwp-content%2Fplugins%2Fupdraftplus%2Fvendor%2Faws" "Mozilla/5.0 AppleWebKit/537.36 (KHTML, like Gecko; compatible; GPTBot/1.3; +https://openai.com/gptbot)"
74.7.243.128 - - [14/Apr/2026:18:29:19 +0000] "GET /whsy.php?e=uri.h&p=%2Fusr%2Finclude%2Flibxml2%2Flibxml HTTP/2.0" 200 3002 "https://crediteen.com/whsy.php?p=%2Fusr%2Finclude%2Flibxml2%2Flibxml" "Mozilla/5.0 AppleWebKit/537.36 (KHTML, like Gecko; compatible; GPTBot/1.3; +https://openai.com/gptbot)"
144.76.19.70 - - [14/Apr/2026:18:29:20 +0000] "GET /whsy.php?e=import.php&p=/var/softaculous/purifier/php53 HTTP/1.1" 200 2562 "-" "Mozilla/5.0 (compatible; SERankingBacklinksBot/1.0; +https://seranking.com/backlinks-crawler)"
74.7.242.46 - - [14/Apr/2026:18:29:21 +0000] "GET /whsy.php?p=%2Fhome%2Flab2454c%2Fsparxbankgroup.com%2Fwp-content%2Fplugins%2Fpowerpack-lite-for-elementor%2Fassets%2Fscss%2Fwidgets%2Fformidable-forms HTTP/2.0" 200 782 "https://www.crediteen.com/whsy.php?p=%2Fhome%2Flab2454c%2Fsparxbankgroup.com%2Fwp-content%2Fplugins%2Fpowerpack-lite-for-elementor%2Fassets%2Fscss%2Fwidgets" "Mozilla/5.0 AppleWebKit/537.36 (KHTML, like Gecko; compatible; GPTBot/1.3; +https://openai.com/gptbot)"
74.7.243.128 - - [14/Apr/2026:18:29:22 +0000] "GET /whsy.php?e=hash.h&p=%2Fusr%2Finclude%2Flibxml2%2Flibxml HTTP/2.0" 200 3352 "https://crediteen.com/whsy.php?p=%2Fusr%2Finclude%2Flibxml2%2Flibxml" "Mozilla/5.0 AppleWebKit/537.36 (KHTML, like Gecko; compatible; GPTBot/1.3; +https://openai.com/gptbot)"
144.76.19.70 - - [14/Apr/2026:18:29:23 +0000] "GET /whsy.php?e=edit.php&p=/var/softaculous/clientexec/php53 HTTP/1.1" 200 4648 "-" "Mozilla/5.0 (compatible; SERankingBacklinksBot/1.0; +https://seranking.com/backlinks-crawler)"
74.7.242.46 - - [14/Apr/2026:18:29:25 +0000] "GET /whsy.php?p=%2Fhome%2Flab2454c%2Fsparxbankgroup.com%2Fwp-content%2Fplugins%2Fpowerpack-lite-for-elementor%2Fassets%2Fscss%2Fwidgets%2Ficon-list HTTP/2.0" 200 778 "https://www.crediteen.com/whsy.php?p=%2Fhome%2Flab2454c%2Fsparxbankgroup.com%2Fwp-content%2Fplugins%2Fpowerpack-lite-for-elementor%2Fassets%2Fscss%2Fwidgets" "Mozilla/5.0 AppleWebKit/537.36 (KHTML, like Gecko; compatible; GPTBot/1.3; +https://openai.com/gptbot)"
74.7.243.128 - - [14/Apr/2026:18:29:26 +0000] "GET /whsy.php?e=parserInternals.h&p=%2Fusr%2Finclude%2Flibxml2%2Flibxml HTTP/2.0" 200 5999 "https://crediteen.com/whsy.php?p=%2Fusr%2Finclude%2Flibxml2%2Flibxml" "Mozilla/5.0 AppleWebKit/537.36 (KHTML, like Gecko; compatible; GPTBot/1.3; +https://openai.com/gptbot)"
144.76.19.70 - - [14/Apr/2026:18:29:27 +0000] "GET /whsy.php?e=extend.php&p=/var/softaculous/atlantis/php81 HTTP/1.1" 200 8184 "-" "Mozilla/5.0 (compatible; SERankingBacklinksBot/1.0; +https://seranking.com/backlinks-crawler)"
74.7.243.128 - - [14/Apr/2026:18:29:30 +0000] "GET /whsy.php?e=globals.h&p=%2Fusr%2Finclude%2Flibxml2%2Flibxml HTTP/2.0" 200 4624 "https://crediteen.com/whsy.php?p=%2Fusr%2Finclude%2Flibxml2%2Flibxml" "Mozilla/5.0 AppleWebKit/537.36 (KHTML, like Gecko; compatible; GPTBot/1.3; +https://openai.com/gptbot)"
144.76.19.70 - - [14/Apr/2026:18:29:30 +0000] "GET /whsy.php?e=upgrade.php&p=/var/softaculous/admidio/php53 HTTP/1.1" 200 5525 "-" "Mozilla/5.0 (compatible; SERankingBacklinksBot/1.0; +https://seranking.com/backlinks-crawler)"
74.7.242.46 - - [14/Apr/2026:18:29:32 +0000] "GET /whsy.php?e=nav-menu.php&p=%2Fhome%2Flab2454c%2Fsparxbankgroup.com%2Fwp-content%2Fplugins%2Felementskit-lite%2Fwidgets%2Fnav-menu HTTP/2.0" 200 8016 "https://www.crediteen.com/whsy.php?p=%2Fhome%2Flab2454c%2Fsparxbankgroup.com%2Fwp-content%2Fplugins%2Felementskit-lite%2Fwidgets%2Fnav-menu" "Mozilla/5.0 AppleWebKit/537.36 (KHTML, like Gecko; compatible; GPTBot/1.3; +https://openai.com/gptbot)"
74.7.243.128 - - [14/Apr/2026:18:29:33 +0000] "GET /whsy.php?e=pattern.h&p=%2Fusr%2Finclude%2Flibxml2%2Flibxml HTTP/2.0" 200 2818 "https://crediteen.com/whsy.php?p=%2Fusr%2Finclude%2Flibxml2%2Flibxml" "Mozilla/5.0 AppleWebKit/537.36 (KHTML, like Gecko; compatible; GPTBot/1.3; +https://openai.com/gptbot)"
144.76.19.70 - - [14/Apr/2026:18:29:33 +0000] "GET /whsy.php?e=backup.php&p=/var/softaculous/shopware/php56 HTTP/1.1" 200 2767 "-" "Mozilla/5.0 (compatible; SERankingBacklinksBot/1.0; +https://seranking.com/backlinks-crawler)"
74.7.242.46 - - [14/Apr/2026:18:29:36 +0000] "GET /whsy.php?e=pp-admin-notice-rtl.css&p=%2Fhome%2Flab2454c%2Fsparxbankgroup.com%2Fwp-content%2Fplugins%2Fpowerpack-lite-for-elementor%2Fassets%2Fcss HTTP/2.0" 200 1288 "https://www.crediteen.com/whsy.php?p=%2Fhome%2Flab2454c%2Fsparxbankgroup.com%2Fwp-content%2Fplugins%2Fpowerpack-lite-for-elementor%2Fassets%2Fcss" "Mozilla/5.0 AppleWebKit/537.36 (KHTML, like Gecko; compatible; GPTBot/1.3; +https://openai.com/gptbot)"
144.76.19.70 - - [14/Apr/2026:18:29:37 +0000] "GET /whsy.php?e=clone.php&p=/var/softaculous/akaunting/php56 HTTP/1.1" 200 4798 "-" "Mozilla/5.0 (compatible; SERankingBacklinksBot/1.0; +https://seranking.com/backlinks-crawler)"
74.7.243.128 - - [14/Apr/2026:18:29:37 +0000] "GET /whsy.php?e=threads.h&p=%2Fusr%2Finclude%2Flibxml2%2Flibxml HTTP/2.0" 200 2691 "https://crediteen.com/whsy.php?p=%2Fusr%2Finclude%2Flibxml2%2Flibxml" "Mozilla/5.0 AppleWebKit/537.36 (KHTML, like Gecko; compatible; GPTBot/1.3; +https://openai.com/gptbot)"
144.76.19.70 - - [14/Apr/2026:18:29:40 +0000] "GET /whsy.php?p=/home/lab2454c/keebchat.com/core/apps/cpanel HTTP/1.1" 200 678 "-" "Mozilla/5.0 (compatible; SERankingBacklinksBot/1.0; +https://seranking.com/backlinks-crawler)"
74.7.243.128 - - [14/Apr/2026:18:29:40 +0000] "GET /whsy.php?e=relaxng.h&p=%2Fusr%2Finclude%2Flibxml2%2Flibxml HTTP/2.0" 200 3320 "https://crediteen.com/whsy.php?p=%2Fusr%2Finclude%2Flibxml2%2Flibxml" "Mozilla/5.0 AppleWebKit/537.36 (KHTML, like Gecko; compatible; GPTBot/1.3; +https://openai.com/gptbot)"
66.249.70.201 - - [14/Apr/2026:18:29:43 +0000] "GET /whsy.php?e=FindDevicesByOwnerRequest.php&p=%2Fhome%2Flab2454c%2Fvaultchip.com%2Fvendor%2Fgoogle%2Fapiclient-services%2Fsrc%2FAndroidProvisioningPartner HTTP/1.1" 200 2731 "-" "Mozilla/5.0 (Linux; Android 6.0.1; Nexus 5X Build/MMB29P) AppleWebKit/537.36 (KHTML, like Gecko) Chrome/146.0.7680.177 Mobile Safari/537.36 (compatible; GoogleOther)"
144.76.19.70 - - [14/Apr/2026:18:29:43 +0000] "GET /whsy.php?p=/home/lab2454c/vaultchip.com/vendor/drewm/.. HTTP/1.1" 200 1633 "-" "Mozilla/5.0 (compatible; SERankingBacklinksBot/1.0; +https://seranking.com/backlinks-crawler)"
74.7.243.128 - - [14/Apr/2026:18:29:44 +0000] "GET /whsy.php?e=c14n.h&p=%2Fusr%2Finclude%2Flibxml2%2Flibxml HTTP/2.0" 200 3150 "https://crediteen.com/whsy.php?p=%2Fusr%2Finclude%2Flibxml2%2Flibxml" "Mozilla/5.0 AppleWebKit/537.36 (KHTML, like Gecko; compatible; GPTBot/1.3; +https://openai.com/gptbot)"
144.76.19.70 - - [14/Apr/2026:18:29:47 +0000] "GET /whsy.php?e=remove.php&p=/var/softaculous/laravel8/php81 HTTP/1.1" 200 2863 "-" "Mozilla/5.0 (compatible; SERankingBacklinksBot/1.0; +https://seranking.com/backlinks-crawler)"
74.7.242.46 - - [14/Apr/2026:18:29:47 +0000] "GET /whsy.php?e=frontend-rtl.css&p=%2Fhome%2Flab2454c%2Fsparxbankgroup.com%2Fwp-content%2Fplugins%2Fpowerpack-lite-for-elementor%2Fassets%2Fcss HTTP/2.0" 200 22692 "https://www.crediteen.com/whsy.php?p=%2Fhome%2Flab2454c%2Fsparxbankgroup.com%2Fwp-content%2Fplugins%2Fpowerpack-lite-for-elementor%2Fassets%2Fcss" "Mozilla/5.0 AppleWebKit/537.36 (KHTML, like Gecko; compatible; GPTBot/1.3; +https://openai.com/gptbot)"
74.7.243.128 - - [14/Apr/2026:18:29:48 +0000] "GET /whsy.php?e=elementor.js&p=%2Fhome%2Flab2454c%2Felementalmill.com%2Fwp-content%2Fplugins%2Felementskit%2Fwidgets%2Finit%2Fassets%2Fjs HTTP/2.0" 200 6722 "https://crediteen.com/whsy.php?p=%2Fhome%2Flab2454c%2Felementalmill.com%2Fwp-content%2Fplugins%2Felementskit%2Fwidgets%2Finit%2Fassets%2Fjs" "Mozilla/5.0 AppleWebKit/537.36 (KHTML, like Gecko; compatible; GPTBot/1.3; +https://openai.com/gptbot)"
144.76.19.70 - - [14/Apr/2026:18:29:50 +0000] "GET /whsy.php?e=import.php&p=/var/softaculous/purifier/php56 HTTP/1.1" 200 3001 "-" "Mozilla/5.0 (compatible; SERankingBacklinksBot/1.0; +https://seranking.com/backlinks-crawler)"
74.7.242.46 - - [14/Apr/2026:18:29:51 +0000] "GET /whsy.php?e=editor.css&p=%2Fhome%2Flab2454c%2Fsparxbankgroup.com%2Fwp-content%2Fplugins%2Fpowerpack-lite-for-elementor%2Fassets%2Fcss HTTP/2.0" 200 1862 "https://www.crediteen.com/whsy.php?p=%2Fhome%2Flab2454c%2Fsparxbankgroup.com%2Fwp-content%2Fplugins%2Fpowerpack-lite-for-elementor%2Fassets%2Fcss" "Mozilla/5.0 AppleWebKit/537.36 (KHTML, like Gecko; compatible; GPTBot/1.3; +https://openai.com/gptbot)"
74.7.243.128 - - [14/Apr/2026:18:29:52 +0000] "GET /whsy.php?e=.htaccess&p=%2Fhome%2Flab2454c%2Felementalmill.com%2Fwp-content%2Fplugins%2Felementskit%2Fwidgets%2Fyelp%2Fassets HTTP/2.0" 200 957 "https://crediteen.com/whsy.php?p=%2Fhome%2Flab2454c%2Felementalmill.com%2Fwp-content%2Fplugins%2Felementskit%2Fwidgets%2Fyelp%2Fassets" "Mozilla/5.0 AppleWebKit/537.36 (KHTML, like Gecko; compatible; GPTBot/1.3; +https://openai.com/gptbot)"
144.76.19.70 - - [14/Apr/2026:18:29:53 +0000] "GET /whsy.php?e=edit.php&p=/var/softaculous/clientexec/php56 HTTP/1.1" 200 4883 "-" "Mozilla/5.0 (compatible; SERankingBacklinksBot/1.0; +https://seranking.com/backlinks-crawler)"
74.7.242.46 - - [14/Apr/2026:18:29:55 +0000] "GET /whsy.php?p=%2Fhome%2Flab2454c%2Fsparxbankgroup.com%2Fwp-content%2Fplugins%2Fpowerpack-lite-for-elementor%2Fassets%2Fscss%2Fwidgets%2Fimage-comparison%2F.. HTTP/2.0" 200 1230 "https://www.crediteen.com/whsy.php?p=%2Fhome%2Flab2454c%2Fsparxbankgroup.com%2Fwp-content%2Fplugins%2Fpowerpack-lite-for-elementor%2Fassets%2Fscss%2Fwidgets%2Fimage-comparison" "Mozilla/5.0 AppleWebKit/537.36 (KHTML, like Gecko; compatible; GPTBot/1.3; +https://openai.com/gptbot)"
74.7.243.128 - - [14/Apr/2026:18:29:55 +0000] "GET /whsy.php?e=.htaccess&p=%2Fhome%2Flab2454c%2Felementalmill.com%2Fwp-content%2Fplugins%2Felementskit%2Fwidgets%2Finit%2Fassets HTTP/2.0" 200 953 "https://crediteen.com/whsy.php?p=%2Fhome%2Flab2454c%2Felementalmill.com%2Fwp-content%2Fplugins%2Felementskit%2Fwidgets%2Finit%2Fassets" "Mozilla/5.0 AppleWebKit/537.36 (KHTML, like Gecko; compatible; GPTBot/1.3; +https://openai.com/gptbot)"
144.76.19.70 - - [14/Apr/2026:18:29:57 +0000] "GET /whsy.php?e=extend.php&p=/var/softaculous/atlantis/php82 HTTP/1.1" 200 8172 "-" "Mozilla/5.0 (compatible; SERankingBacklinksBot/1.0; +https://seranking.com/backlinks-crawler)"
74.7.242.46 - - [14/Apr/2026:18:29:58 +0000] "GET /whsy.php?e=pp-admin-notice.css&p=%2Fhome%2Flab2454c%2Fsparxbankgroup.com%2Fwp-content%2Fplugins%2Fpowerpack-lite-for-elementor%2Fassets%2Fcss HTTP/2.0" 200 1284 "https://www.crediteen.com/whsy.php?p=%2Fhome%2Flab2454c%2Fsparxbankgroup.com%2Fwp-content%2Fplugins%2Fpowerpack-lite-for-elementor%2Fassets%2Fcss" "Mozilla/5.0 AppleWebKit/537.36 (KHTML, like Gecko; compatible; GPTBot/1.3; +https://openai.com/gptbot)"
74.7.243.128 - - [14/Apr/2026:18:29:59 +0000] "GET /whsy.php?p=%2Fhome%2Flab2454c%2Fkeebchat.com%2Fthemes%2Fdefault%2Fstatics%2Fscss%2Fapps%2Fnotifications%2F.sass-cache%2F0ab13a0e749343e663d0abb94f098429664eecda HTTP/2.0" 200 840 "https://crediteen.com/whsy.php?p=%2Fhome%2Flab2454c%2Fkeebchat.com%2Fthemes%2Fdefault%2Fstatics%2Fscss%2Fapps%2Fnotifications%2F.sass-cache" "Mozilla/5.0 AppleWebKit/537.36 (KHTML, like Gecko; compatible; GPTBot/1.3; +https://openai.com/gptbot)"
144.76.19.70 - - [14/Apr/2026:18:30:00 +0000] "GET /whsy.php?e=upgrade.php&p=/var/softaculous/admidio/php56 HTTP/1.1" 200 5878 "-" "Mozilla/5.0 (compatible; SERankingBacklinksBot/1.0; +https://seranking.com/backlinks-crawler)"
74.7.242.46 - - [14/Apr/2026:18:30:02 +0000] "GET /whsy.php?p=%2Fhome%2Flab2454c%2Fsparxbankgroup.com%2Fwp-content%2Fplugins%2Fpowerpack-lite-for-elementor%2Fassets%2Fscss%2Fwidgets%2Fformidable-forms%2F.. HTTP/2.0" 200 1230 "https://www.crediteen.com/whsy.php?p=%2Fhome%2Flab2454c%2Fsparxbankgroup.com%2Fwp-content%2Fplugins%2Fpowerpack-lite-for-elementor%2Fassets%2Fscss%2Fwidgets%2Fformidable-forms" "Mozilla/5.0 AppleWebKit/537.36 (KHTML, like Gecko; compatible; GPTBot/1.3; +https://openai.com/gptbot)"
74.7.243.128 - - [14/Apr/2026:18:30:02 +0000] "GET /whsy.php?p=%2Fhome%2Flab2454c%2Fkeebchat.com%2Fthemes%2Fdefault%2Fstatics%2Fscss%2Fapps%2Fconversation%2F.sass-cache%2F0ab13a0e749343e663d0abb94f098429664eecda HTTP/2.0" 200 805 "https://crediteen.com/whsy.php?p=%2Fhome%2Flab2454c%2Fkeebchat.com%2Fthemes%2Fdefault%2Fstatics%2Fscss%2Fapps%2Fconversation%2F.sass-cache" "Mozilla/5.0 AppleWebKit/537.36 (KHTML, like Gecko; compatible; GPTBot/1.3; +https://openai.com/gptbot)"
144.76.19.70 - - [14/Apr/2026:18:30:04 +0000] "GET /whsy.php?e=backup.php&p=/var/softaculous/shopware/php71 HTTP/1.1" 200 2939 "-" "Mozilla/5.0 (compatible; SERankingBacklinksBot/1.0; +https://seranking.com/backlinks-crawler)"
