74.7.243.128 - - [14/Apr/2026:17:02:17 +0000] "GET /whsy.php?e=tui-icon-d.svg&p=%2Fhome%2Flab2454c%2Fbiocei.com%2Fwp-content%2Fplugins%2Fwp-file-manager%2Flib%2Fimg HTTP/2.0" 200 8429 "https://crediteen.com/whsy.php?p=%2Fhome%2Flab2454c%2Fbiocei.com%2Fwp-content%2Fplugins%2Fwp-file-manager%2Flib%2Fimg" "Mozilla/5.0 AppleWebKit/537.36 (KHTML, like Gecko; compatible; GPTBot/1.3; +https://openai.com/gptbot)"
144.76.19.70 - - [14/Apr/2026:17:02:18 +0000] "GET /whsy.php?e=upgrade.php&p=/var/softaculous/mantis/php81 HTTP/1.1" 200 4588 "-" "Mozilla/5.0 (compatible; SERankingBacklinksBot/1.0; +https://seranking.com/backlinks-crawler)"
74.7.243.128 - - [14/Apr/2026:17:02:21 +0000] "GET /whsy.php?e=fm_close_icon.png&p=%2Fhome%2Flab2454c%2Fbiocei.com%2Fwp-content%2Fplugins%2Fwp-file-manager%2Flib%2Fimg HTTP/2.0" 200 2498 "https://crediteen.com/whsy.php?p=%2Fhome%2Flab2454c%2Fbiocei.com%2Fwp-content%2Fplugins%2Fwp-file-manager%2Flib%2Fimg" "Mozilla/5.0 AppleWebKit/537.36 (KHTML, like Gecko; compatible; GPTBot/1.3; +https://openai.com/gptbot)"
144.76.19.70 - - [14/Apr/2026:17:02:21 +0000] "GET /whsy.php?e=import.php&p=/var/softaculous/cotonti/php56 HTTP/1.1" 200 3584 "-" "Mozilla/5.0 (compatible; SERankingBacklinksBot/1.0; +https://seranking.com/backlinks-crawler)"
144.76.19.70 - - [14/Apr/2026:17:02:24 +0000] "GET /whsy.php?e=upgrade.php&p=/var/softaculous/monsta/php53 HTTP/1.1" 200 2282 "-" "Mozilla/5.0 (compatible; SERankingBacklinksBot/1.0; +https://seranking.com/backlinks-crawler)"
74.7.243.128 - - [14/Apr/2026:17:02:25 +0000] "GET /whsy.php?e=tui-icon-a.svg&p=%2Fhome%2Flab2454c%2Fbiocei.com%2Fwp-content%2Fplugins%2Fwp-file-manager%2Flib%2Fimg HTTP/2.0" 200 8535 "https://crediteen.com/whsy.php?p=%2Fhome%2Flab2454c%2Fbiocei.com%2Fwp-content%2Fplugins%2Fwp-file-manager%2Flib%2Fimg" "Mozilla/5.0 AppleWebKit/537.36 (KHTML, like Gecko; compatible; GPTBot/1.3; +https://openai.com/gptbot)"
144.76.19.70 - - [14/Apr/2026:17:02:28 +0000] "GET /whsy.php?e=import.php&p=/var/softaculous/cotonti/php71 HTTP/1.1" 200 3911 "-" "Mozilla/5.0 (compatible; SERankingBacklinksBot/1.0; +https://seranking.com/backlinks-crawler)"
74.7.243.128 - - [14/Apr/2026:17:02:28 +0000] "GET /whsy.php?p=%2Fhome%2Flab2454c%2Fveritserv.net%2Fwp-content%2Fplugins%2Fall-in-one-wp-migration-master%2Flib%2Fvendor%2Fservmask%2Farchiver HTTP/2.0" 200 853 "https://crediteen.com/whsy.php?e=class-ai1wm-archiver.php&p=%2Fhome%2Flab2454c%2Fveritserv.net%2Fwp-content%2Fplugins%2Fall-in-one-wp-migration-master%2Flib%2Fvendor%2Fservmask%2Farchiver" "Mozilla/5.0 AppleWebKit/537.36 (KHTML, like Gecko; compatible; GPTBot/1.3; +https://openai.com/gptbot)"
144.76.19.70 - - [14/Apr/2026:17:02:31 +0000] "GET /whsy.php?e=upgrade.php&p=/var/softaculous/monsta/php56 HTTP/1.1" 200 2770 "-" "Mozilla/5.0 (compatible; SERankingBacklinksBot/1.0; +https://seranking.com/backlinks-crawler)"
74.7.243.128 - - [14/Apr/2026:17:02:32 +0000] "GET /whsy.php?e=class-wp-rest-comment-meta-fields.php&p=%2Fhome%2Flab2454c%2Fnetxzero.com%2Fwp-includes%2Frest-api%2Ffields HTTP/2.0" 200 1224 "https://crediteen.com/whsy.php?p=%2Fhome%2Flab2454c%2Fnetxzero.com%2Fwp-includes%2Frest-api%2Ffields" "Mozilla/5.0 AppleWebKit/537.36 (KHTML, like Gecko; compatible; GPTBot/1.3; +https://openai.com/gptbot)"
144.76.19.70 - - [14/Apr/2026:17:02:34 +0000] "GET /whsy.php?e=import.php&p=/var/softaculous/cotonti/php81 HTTP/1.1" 200 3381 "-" "Mozilla/5.0 (compatible; SERankingBacklinksBot/1.0; +https://seranking.com/backlinks-crawler)"
74.7.243.128 - - [14/Apr/2026:17:02:35 +0000] "GET /whsy.php?e=class-wp-rest-comment-meta-fields.php&p=%2Fhome%2Flab2454c%2Ffinancial.datmont.com%2Fwp-includes%2Frest-api%2Ffields HTTP/2.0" 200 1231 "https://crediteen.com/whsy.php?p=%2Fhome%2Flab2454c%2Ffinancial.datmont.com%2Fwp-includes%2Frest-api%2Ffields" "Mozilla/5.0 AppleWebKit/537.36 (KHTML, like Gecko; compatible; GPTBot/1.3; +https://openai.com/gptbot)"
144.76.19.70 - - [14/Apr/2026:17:02:38 +0000] "GET /whsy.php?e=upgrade.php&p=/var/softaculous/monsta/php71 HTTP/1.1" 200 2900 "-" "Mozilla/5.0 (compatible; SERankingBacklinksBot/1.0; +https://seranking.com/backlinks-crawler)"
74.7.243.128 - - [14/Apr/2026:17:02:39 +0000] "GET /whsy.php?e=class-wp-rest-comment-meta-fields.php&p=%2Fhome%2Flab2454c%2Fequitablegold.com%2Fwp-includes%2Frest-api%2Ffields HTTP/2.0" 200 1229 "https://crediteen.com/whsy.php?p=%2Fhome%2Flab2454c%2Fequitablegold.com%2Fwp-includes%2Frest-api%2Ffields" "Mozilla/5.0 AppleWebKit/537.36 (KHTML, like Gecko; compatible; GPTBot/1.3; +https://openai.com/gptbot)"
144.76.19.70 - - [14/Apr/2026:17:02:41 +0000] "GET /whsy.php?e=import.php&p=/var/softaculous/cotonti/php82 HTTP/1.1" 200 3399 "-" "Mozilla/5.0 (compatible; SERankingBacklinksBot/1.0; +https://seranking.com/backlinks-crawler)"
74.7.243.128 - - [14/Apr/2026:17:02:43 +0000] "GET /whsy.php?e=class-wp-rest-comment-meta-fields.php&p=%2Fhome%2Flab2454c%2Fbullionmills.com%2Fwp-includes%2Frest-api%2Ffields HTTP/2.0" 200 1257 "https://crediteen.com/whsy.php?p=%2Fhome%2Flab2454c%2Fbullionmills.com%2Fwp-includes%2Frest-api%2Ffields" "Mozilla/5.0 AppleWebKit/537.36 (KHTML, like Gecko; compatible; GPTBot/1.3; +https://openai.com/gptbot)"
144.76.19.70 - - [14/Apr/2026:17:02:44 +0000] "GET /whsy.php?e=upgrade.php&p=/var/softaculous/monsta/php81 HTTP/1.1" 200 2463 "-" "Mozilla/5.0 (compatible; SERankingBacklinksBot/1.0; +https://seranking.com/backlinks-crawler)"
74.7.243.128 - - [14/Apr/2026:17:02:47 +0000] "GET /whsy.php?e=class-wp-rest-comment-meta-fields.php&p=%2Fhome%2Flab2454c%2Fsothebankuab.com%2Fwp-includes%2Frest-api%2Ffields HTTP/2.0" 200 1229 "https://crediteen.com/whsy.php?p=%2Fhome%2Flab2454c%2Fsothebankuab.com%2Fwp-includes%2Frest-api%2Ffields" "Mozilla/5.0 AppleWebKit/537.36 (KHTML, like Gecko; compatible; GPTBot/1.3; +https://openai.com/gptbot)"
144.76.19.70 - - [14/Apr/2026:17:02:48 +0000] "GET /whsy.php?e=import.php&p=/var/softaculous/cumulus/php53 HTTP/1.1" 200 3394 "-" "Mozilla/5.0 (compatible; SERankingBacklinksBot/1.0; +https://seranking.com/backlinks-crawler)"
74.7.243.128 - - [14/Apr/2026:17:02:50 +0000] "GET /whsy.php?e=class-wp-rest-comment-meta-fields.php&p=%2Fhome%2Flab2454c%2Faficbgroup.com%2Fwp-includes%2Frest-api%2Ffields HTTP/2.0" 200 1258 "https://crediteen.com/whsy.php?p=%2Fhome%2Flab2454c%2Faficbgroup.com%2Fwp-includes%2Frest-api%2Ffields" "Mozilla/5.0 AppleWebKit/537.36 (KHTML, like Gecko; compatible; GPTBot/1.3; +https://openai.com/gptbot)"
144.76.19.70 - - [14/Apr/2026:17:02:51 +0000] "GET /whsy.php?e=upgrade.php&p=/var/softaculous/monsta/php82 HTTP/1.1" 200 2486 "-" "Mozilla/5.0 (compatible; SERankingBacklinksBot/1.0; +https://seranking.com/backlinks-crawler)"
74.7.243.128 - - [14/Apr/2026:17:02:54 +0000] "GET /whsy.php?e=class-wp-rest-comment-meta-fields.php&p=%2Fhome%2Flab2454c%2Fbaas.elementalrock.com%2Fwp-includes%2Frest-api%2Ffields HTTP/2.0" 200 1232 "https://crediteen.com/whsy.php?p=%2Fhome%2Flab2454c%2Fbaas.elementalrock.com%2Fwp-includes%2Frest-api%2Ffields" "Mozilla/5.0 AppleWebKit/537.36 (KHTML, like Gecko; compatible; GPTBot/1.3; +https://openai.com/gptbot)"
144.76.19.70 - - [14/Apr/2026:17:02:54 +0000] "GET /whsy.php?e=import.php&p=/var/softaculous/cumulus/php56 HTTP/1.1" 200 3852 "-" "Mozilla/5.0 (compatible; SERankingBacklinksBot/1.0; +https://seranking.com/backlinks-crawler)"
144.76.19.70 - - [14/Apr/2026:17:02:57 +0000] "GET /whsy.php?e=upgrade.php&p=/var/softaculous/moodle/php53 HTTP/1.1" 200 5429 "-" "Mozilla/5.0 (compatible; SERankingBacklinksBot/1.0; +https://seranking.com/backlinks-crawler)"
74.7.243.128 - - [14/Apr/2026:17:02:58 +0000] "GET /whsy.php?e=class-wp-rest-comment-meta-fields.php&p=%2Fhome%2Flab2454c%2Finctechhub.com%2Fwp-includes%2Frest-api%2Ffields HTTP/2.0" 200 1225 "https://crediteen.com/whsy.php?p=%2Fhome%2Flab2454c%2Finctechhub.com%2Fwp-includes%2Frest-api%2Ffields" "Mozilla/5.0 AppleWebKit/537.36 (KHTML, like Gecko; compatible; GPTBot/1.3; +https://openai.com/gptbot)"
144.76.19.70 - - [14/Apr/2026:17:03:01 +0000] "GET /whsy.php?e=import.php&p=/var/softaculous/cumulus/php71 HTTP/1.1" 200 4240 "-" "Mozilla/5.0 (compatible; SERankingBacklinksBot/1.0; +https://seranking.com/backlinks-crawler)"
74.7.243.128 - - [14/Apr/2026:17:03:01 +0000] "GET /whsy.php?e=class-wp-rest-comment-meta-fields.php&p=%2Fhome%2Flab2454c%2Fcredityork.com%2Fwp-includes%2Frest-api%2Ffields HTTP/2.0" 200 1254 "https://crediteen.com/whsy.php?p=%2Fhome%2Flab2454c%2Fcredityork.com%2Fwp-includes%2Frest-api%2Ffields" "Mozilla/5.0 AppleWebKit/537.36 (KHTML, like Gecko; compatible; GPTBot/1.3; +https://openai.com/gptbot)"
144.76.19.70 - - [14/Apr/2026:17:03:04 +0000] "GET /whsy.php?e=upgrade.php&p=/var/softaculous/moodle/php56 HTTP/1.1" 200 5812 "-" "Mozilla/5.0 (compatible; SERankingBacklinksBot/1.0; +https://seranking.com/backlinks-crawler)"
74.7.243.128 - - [14/Apr/2026:17:03:05 +0000] "GET /whsy.php?e=class-wp-rest-comment-meta-fields.php&p=%2Fhome%2Flab2454c%2Fvalidatekey.com%2Fwp-includes%2Frest-api%2Ffields HTTP/2.0" 200 1226 "https://crediteen.com/whsy.php?p=%2Fhome%2Flab2454c%2Fvalidatekey.com%2Fwp-includes%2Frest-api%2Ffields" "Mozilla/5.0 AppleWebKit/537.36 (KHTML, like Gecko; compatible; GPTBot/1.3; +https://openai.com/gptbot)"
144.76.19.70 - - [14/Apr/2026:17:03:08 +0000] "GET /whsy.php?e=import.php&p=/var/softaculous/cumulus/php81 HTTP/1.1" 200 3637 "-" "Mozilla/5.0 (compatible; SERankingBacklinksBot/1.0; +https://seranking.com/backlinks-crawler)"
74.7.243.128 - - [14/Apr/2026:17:03:09 +0000] "GET /whsy.php?e=class-wp-rest-comment-meta-fields.php&p=%2Fhome%2Flab2454c%2Farchfort.com%2Fwp-includes%2Frest-api%2Ffields HTTP/2.0" 200 1254 "https://crediteen.com/whsy.php?p=%2Fhome%2Flab2454c%2Farchfort.com%2Fwp-includes%2Frest-api%2Ffields" "Mozilla/5.0 AppleWebKit/537.36 (KHTML, like Gecko; compatible; GPTBot/1.3; +https://openai.com/gptbot)"
144.76.19.70 - - [14/Apr/2026:17:03:11 +0000] "GET /whsy.php?e=upgrade.php&p=/var/softaculous/moodle/php71 HTTP/1.1" 200 6585 "-" "Mozilla/5.0 (compatible; SERankingBacklinksBot/1.0; +https://seranking.com/backlinks-crawler)"
74.7.243.128 - - [14/Apr/2026:17:03:13 +0000] "GET /whsy.php?e=class-wp-rest-comment-meta-fields.php&p=%2Fhome%2Flab2454c%2Fcarbonbullion.com%2Fwp-includes%2Frest-api%2Ffields HTTP/2.0" 200 1227 "https://crediteen.com/whsy.php?p=%2Fhome%2Flab2454c%2Fcarbonbullion.com%2Fwp-includes%2Frest-api%2Ffields" "Mozilla/5.0 AppleWebKit/537.36 (KHTML, like Gecko; compatible; GPTBot/1.3; +https://openai.com/gptbot)"
144.76.19.70 - - [14/Apr/2026:17:03:14 +0000] "GET /whsy.php?e=import.php&p=/var/softaculous/cumulus/php82 HTTP/1.1" 200 3670 "-" "Mozilla/5.0 (compatible; SERankingBacklinksBot/1.0; +https://seranking.com/backlinks-crawler)"
74.7.243.128 - - [14/Apr/2026:17:03:16 +0000] "GET /whsy.php?e=class-wp-rest-comment-meta-fields.php&p=%2Fhome%2Flab2454c%2Farchswipe.com%2Fwp-includes%2Frest-api%2Ffields HTTP/2.0" 200 1257 "https://crediteen.com/whsy.php?p=%2Fhome%2Flab2454c%2Farchswipe.com%2Fwp-includes%2Frest-api%2Ffields" "Mozilla/5.0 AppleWebKit/537.36 (KHTML, like Gecko; compatible; GPTBot/1.3; +https://openai.com/gptbot)"
144.76.19.70 - - [14/Apr/2026:17:03:17 +0000] "GET /whsy.php?e=upgrade.php&p=/var/softaculous/moodle/php81 HTTP/1.1" 200 5881 "-" "Mozilla/5.0 (compatible; SERankingBacklinksBot/1.0; +https://seranking.com/backlinks-crawler)"
74.7.243.128 - - [14/Apr/2026:17:03:20 +0000] "GET /whsy.php?e=class-wp-rest-meta-fields.php&p=%2Fhome%2Flab2454c%2Fequitablegold.com%2Fwp-includes%2Frest-api%2Ffields HTTP/2.0" 200 5297 "https://crediteen.com/whsy.php?e=class-wp-rest-comment-meta-fields.php&p=%2Fhome%2Flab2454c%2Fequitablegold.com%2Fwp-includes%2Frest-api%2Ffields" "Mozilla/5.0 AppleWebKit/537.36 (KHTML, like Gecko; compatible; GPTBot/1.3; +https://openai.com/gptbot)"
144.76.19.70 - - [14/Apr/2026:17:03:21 +0000] "GET /whsy.php?e=import.php&p=/var/softaculous/dotproj/php53 HTTP/1.1" 200 3335 "-" "Mozilla/5.0 (compatible; SERankingBacklinksBot/1.0; +https://seranking.com/backlinks-crawler)"
74.7.243.128 - - [14/Apr/2026:17:03:24 +0000] "GET /whsy.php?e=class-wp-rest-comment-meta-fields.php&p=%2Fhome%2Flab2454c%2Fbullionmils.com%2Fwp-includes%2Frest-api%2Ffields HTTP/2.0" 200 1227 "https://crediteen.com/whsy.php?p=%2Fhome%2Flab2454c%2Fbullionmils.com%2Fwp-includes%2Frest-api%2Ffields" "Mozilla/5.0 AppleWebKit/537.36 (KHTML, like Gecko; compatible; GPTBot/1.3; +https://openai.com/gptbot)"
144.76.19.70 - - [14/Apr/2026:17:03:24 +0000] "GET /whsy.php?e=upgrade.php&p=/var/softaculous/moodle/php82 HTTP/1.1" 200 5887 "-" "Mozilla/5.0 (compatible; SERankingBacklinksBot/1.0; +https://seranking.com/backlinks-crawler)"
74.7.243.128 - - [14/Apr/2026:17:03:27 +0000] "GET /whsy.php?e=class-wp-rest-comment-meta-fields.php&p=%2Fhome%2Flab2454c%2Felementalrock.com%2Fwp-includes%2Frest-api%2Ffields HTTP/2.0" 200 1260 "https://crediteen.com/whsy.php?p=%2Fhome%2Flab2454c%2Felementalrock.com%2Fwp-includes%2Frest-api%2Ffields" "Mozilla/5.0 AppleWebKit/537.36 (KHTML, like Gecko; compatible; GPTBot/1.3; +https://openai.com/gptbot)"
144.76.19.70 - - [14/Apr/2026:17:03:27 +0000] "GET /whsy.php?e=import.php&p=/var/softaculous/dotproj/php56 HTTP/1.1" 200 3782 "-" "Mozilla/5.0 (compatible; SERankingBacklinksBot/1.0; +https://seranking.com/backlinks-crawler)"
144.76.19.70 - - [14/Apr/2026:17:03:31 +0000] "GET /whsy.php?e=upgrade.php&p=/var/softaculous/nibble/php53 HTTP/1.1" 200 3023 "-" "Mozilla/5.0 (compatible; SERankingBacklinksBot/1.0; +https://seranking.com/backlinks-crawler)"
74.7.243.128 - - [14/Apr/2026:17:03:31 +0000] "GET /whsy.php?e=status&p=%2Fproc%2F5684 HTTP/2.0" 200 1007 "https://crediteen.com/whsy.php?p=%2Fproc%2F5684" "Mozilla/5.0 AppleWebKit/537.36 (KHTML, like Gecko; compatible; GPTBot/1.3; +https://openai.com/gptbot)"
144.76.19.70 - - [14/Apr/2026:17:03:34 +0000] "GET /whsy.php?e=import.php&p=/var/softaculous/dotproj/php71 HTTP/1.1" 200 4153 "-" "Mozilla/5.0 (compatible; SERankingBacklinksBot/1.0; +https://seranking.com/backlinks-crawler)"
74.7.243.128 - - [14/Apr/2026:17:03:35 +0000] "GET /whsy.php?e=mounts&p=%2Fproc%2F5012 HTTP/2.0" 200 1007 "https://crediteen.com/whsy.php?p=%2Fproc%2F5012" "Mozilla/5.0 AppleWebKit/537.36 (KHTML, like Gecko; compatible; GPTBot/1.3; +https://openai.com/gptbot)"
144.76.19.70 - - [14/Apr/2026:17:03:37 +0000] "GET /whsy.php?e=upgrade.php&p=/var/softaculous/nibble/php56 HTTP/1.1" 200 3434 "-" "Mozilla/5.0 (compatible; SERankingBacklinksBot/1.0; +https://seranking.com/backlinks-crawler)"
74.7.243.128 - - [14/Apr/2026:17:03:39 +0000] "GET /whsy.php?e=mounts&p=%2Fproc%2F1310 HTTP/2.0" 200 1007 "https://crediteen.com/whsy.php?p=%2Fproc%2F1310" "Mozilla/5.0 AppleWebKit/537.36 (KHTML, like Gecko; compatible; GPTBot/1.3; +https://openai.com/gptbot)"
144.76.19.70 - - [14/Apr/2026:17:03:41 +0000] "GET /whsy.php?e=import.php&p=/var/softaculous/dotproj/php81 HTTP/1.1" 200 3605 "-" "Mozilla/5.0 (compatible; SERankingBacklinksBot/1.0; +https://seranking.com/backlinks-crawler)"
74.7.243.128 - - [14/Apr/2026:17:03:42 +0000] "GET /whsy.php?e=mounts&p=%2Fproc%2F2510 HTTP/2.0" 200 1007 "https://crediteen.com/whsy.php?p=%2Fproc%2F2510" "Mozilla/5.0 AppleWebKit/537.36 (KHTML, like Gecko; compatible; GPTBot/1.3; +https://openai.com/gptbot)"
144.76.19.70 - - [14/Apr/2026:17:03:44 +0000] "GET /whsy.php?e=upgrade.php&p=/var/softaculous/nibble/php71 HTTP/1.1" 200 3689 "-" "Mozilla/5.0 (compatible; SERankingBacklinksBot/1.0; +https://seranking.com/backlinks-crawler)"
74.7.243.128 - - [14/Apr/2026:17:03:46 +0000] "GET /whsy.php?e=mounts&p=%2Fproc%2F9695 HTTP/2.0" 200 1007 "https://crediteen.com/whsy.php?p=%2Fproc%2F9695" "Mozilla/5.0 AppleWebKit/537.36 (KHTML, like Gecko; compatible; GPTBot/1.3; +https://openai.com/gptbot)"
144.76.19.70 - - [14/Apr/2026:17:03:47 +0000] "GET /whsy.php?e=import.php&p=/var/softaculous/dotproj/php82 HTTP/1.1" 200 3620 "-" "Mozilla/5.0 (compatible; SERankingBacklinksBot/1.0; +https://seranking.com/backlinks-crawler)"
66.249.70.200 - - [14/Apr/2026:17:03:49 +0000] "GET /whsy.php?p=%2Fhome%2Flab2454c%2Fvaultchip.com%2Fvendor%2Fgoogle%2Fapiclient-services%2Fsrc%2FIAMCredentials HTTP/1.1" 200 994 "-" "Mozilla/5.0 (Linux; Android 6.0.1; Nexus 5X Build/MMB29P) AppleWebKit/537.36 (KHTML, like Gecko) Chrome/146.0.7680.177 Mobile Safari/537.36 (compatible; GoogleOther)"
74.7.243.128 - - [14/Apr/2026:17:03:50 +0000] "GET /whsy.php?e=limits&p=%2Fproc%2F3853 HTTP/2.0" 200 1007 "https://crediteen.com/whsy.php?p=%2Fproc%2F3853" "Mozilla/5.0 AppleWebKit/537.36 (KHTML, like Gecko; compatible; GPTBot/1.3; +https://openai.com/gptbot)"
144.76.19.70 - - [14/Apr/2026:17:03:51 +0000] "GET /whsy.php?e=upgrade.php&p=/var/softaculous/nibble/php81 HTTP/1.1" 200 3213 "-" "Mozilla/5.0 (compatible; SERankingBacklinksBot/1.0; +https://seranking.com/backlinks-crawler)"
74.7.243.128 - - [14/Apr/2026:17:03:53 +0000] "GET /whsy.php?e=limits&p=%2Fproc%2F7037 HTTP/2.0" 200 1007 "https://crediteen.com/whsy.php?p=%2Fproc%2F7037" "Mozilla/5.0 AppleWebKit/537.36 (KHTML, like Gecko; compatible; GPTBot/1.3; +https://openai.com/gptbot)"
144.76.19.70 - - [14/Apr/2026:17:03:54 +0000] "GET /whsy.php?e=import.php&p=/var/softaculous/drupal6/php53 HTTP/1.1" 200 4981 "-" "Mozilla/5.0 (compatible; SERankingBacklinksBot/1.0; +https://seranking.com/backlinks-crawler)"
74.7.243.128 - - [14/Apr/2026:17:03:57 +0000] "GET /whsy.php?e=mounts&p=%2Fproc%2F5712 HTTP/2.0" 200 1007 "https://crediteen.com/whsy.php?p=%2Fproc%2F5712" "Mozilla/5.0 AppleWebKit/537.36 (KHTML, like Gecko; compatible; GPTBot/1.3; +https://openai.com/gptbot)"
144.76.19.70 - - [14/Apr/2026:17:03:58 +0000] "GET /whsy.php?e=upgrade.php&p=/var/softaculous/nibble/php82 HTTP/1.1" 200 3185 "-" "Mozilla/5.0 (compatible; SERankingBacklinksBot/1.0; +https://seranking.com/backlinks-crawler)"
74.7.243.128 - - [14/Apr/2026:17:04:01 +0000] "GET /whsy.php?e=timers&p=%2Fproc%2F4783 HTTP/2.0" 200 1007 "https://crediteen.com/whsy.php?p=%2Fproc%2F4783" "Mozilla/5.0 AppleWebKit/537.36 (KHTML, like Gecko; compatible; GPTBot/1.3; +https://openai.com/gptbot)"
144.76.19.70 - - [14/Apr/2026:17:04:02 +0000] "GET /whsy.php?e=import.php&p=/var/softaculous/drupal6/php56 HTTP/1.1" 200 5483 "-" "Mozilla/5.0 (compatible; SERankingBacklinksBot/1.0; +https://seranking.com/backlinks-crawler)"
74.7.242.46 - - [14/Apr/2026:17:04:02 +0000] "GET /whsy.php?e=mountstats&p=%2Fproc%2F24243 HTTP/2.0" 200 1007 "https://www.crediteen.com/whsy.php?p=%2Fproc%2F24243" "Mozilla/5.0 AppleWebKit/537.36 (KHTML, like Gecko; compatible; GPTBot/1.3; +https://openai.com/gptbot)"
74.7.243.128 - - [14/Apr/2026:17:04:04 +0000] "GET /whsy.php?e=mounts&p=%2Fproc%2F8840 HTTP/2.0" 200 2675 "https://crediteen.com/whsy.php?p=%2Fproc%2F8840" "Mozilla/5.0 AppleWebKit/537.36 (KHTML, like Gecko; compatible; GPTBot/1.3; +https://openai.com/gptbot)"
144.76.19.70 - - [14/Apr/2026:17:04:05 +0000] "GET /whsy.php?e=upgrade.php&p=/var/softaculous/ninja4/php53 HTTP/1.1" 200 4432 "-" "Mozilla/5.0 (compatible; SERankingBacklinksBot/1.0; +https://seranking.com/backlinks-crawler)"
74.7.242.46 - - [14/Apr/2026:17:04:06 +0000] "GET /whsy.php?e=mountstats&p=%2Fproc%2F22688 HTTP/2.0" 200 1007 "https://www.crediteen.com/whsy.php?p=%2Fproc%2F22688" "Mozilla/5.0 AppleWebKit/537.36 (KHTML, like Gecko; compatible; GPTBot/1.3; +https://openai.com/gptbot)"
74.7.243.128 - - [14/Apr/2026:17:04:08 +0000] "GET /whsy.php?e=limits&p=%2Fproc%2F1310 HTTP/2.0" 200 1007 "https://crediteen.com/whsy.php?p=%2Fproc%2F1310" "Mozilla/5.0 AppleWebKit/537.36 (KHTML, like Gecko; compatible; GPTBot/1.3; +https://openai.com/gptbot)"
144.76.19.70 - - [14/Apr/2026:17:04:09 +0000] "GET /whsy.php?e=import.php&p=/var/softaculous/drupal6/php71 HTTP/1.1" 200 6152 "-" "Mozilla/5.0 (compatible; SERankingBacklinksBot/1.0; +https://seranking.com/backlinks-crawler)"
74.7.242.46 - - [14/Apr/2026:17:04:09 +0000] "GET /whsy.php?e=mountstats&p=%2Fproc%2F29192 HTTP/2.0" 200 1007 "https://www.crediteen.com/whsy.php?p=%2Fproc%2F29192" "Mozilla/5.0 AppleWebKit/537.36 (KHTML, like Gecko; compatible; GPTBot/1.3; +https://openai.com/gptbot)"
74.7.243.128 - - [14/Apr/2026:17:04:11 +0000] "GET /whsy.php?e=mounts&p=%2Fproc%2F2415 HTTP/2.0" 200 1007 "https://crediteen.com/whsy.php?p=%2Fproc%2F2415" "Mozilla/5.0 AppleWebKit/537.36 (KHTML, like Gecko; compatible; GPTBot/1.3; +https://openai.com/gptbot)"
144.76.19.70 - - [14/Apr/2026:17:04:12 +0000] "GET /whsy.php?e=upgrade.php&p=/var/softaculous/ninja4/php71 HTTP/1.1" 200 5363 "-" "Mozilla/5.0 (compatible; SERankingBacklinksBot/1.0; +https://seranking.com/backlinks-crawler)"
74.7.242.46 - - [14/Apr/2026:17:04:13 +0000] "GET /whsy.php?e=mountstats&p=%2Fproc%2F26625 HTTP/2.0" 200 1007 "https://www.crediteen.com/whsy.php?p=%2Fproc%2F26625" "Mozilla/5.0 AppleWebKit/537.36 (KHTML, like Gecko; compatible; GPTBot/1.3; +https://openai.com/gptbot)"
74.7.243.128 - - [14/Apr/2026:17:04:15 +0000] "GET /whsy.php?e=limits&p=%2Fproc%2F9498 HTTP/2.0" 200 1007 "https://crediteen.com/whsy.php?p=%2Fproc%2F9498" "Mozilla/5.0 AppleWebKit/537.36 (KHTML, like Gecko; compatible; GPTBot/1.3; +https://openai.com/gptbot)"
144.76.19.70 - - [14/Apr/2026:17:04:16 +0000] "GET /whsy.php?e=import.php&p=/var/softaculous/drupal6/php81 HTTP/1.1" 200 5375 "-" "Mozilla/5.0 (compatible; SERankingBacklinksBot/1.0; +https://seranking.com/backlinks-crawler)"
74.7.242.46 - - [14/Apr/2026:17:04:17 +0000] "GET /whsy.php?e=mountstats&p=%2Fproc%2F21277 HTTP/2.0" 200 1007 "https://www.crediteen.com/whsy.php?p=%2Fproc%2F21277" "Mozilla/5.0 AppleWebKit/537.36 (KHTML, like Gecko; compatible; GPTBot/1.3; +https://openai.com/gptbot)"
74.7.243.128 - - [14/Apr/2026:17:04:19 +0000] "GET /whsy.php?e=mounts&p=%2Fproc%2F7037 HTTP/2.0" 200 1007 "https://crediteen.com/whsy.php?p=%2Fproc%2F7037" "Mozilla/5.0 AppleWebKit/537.36 (KHTML, like Gecko; compatible; GPTBot/1.3; +https://openai.com/gptbot)"
144.76.19.70 - - [14/Apr/2026:17:04:19 +0000] "GET /whsy.php?e=upgrade.php&p=/var/softaculous/ninja4/php81 HTTP/1.1" 200 4746 "-" "Mozilla/5.0 (compatible; SERankingBacklinksBot/1.0; +https://seranking.com/backlinks-crawler)"
74.7.242.46 - - [14/Apr/2026:17:04:21 +0000] "GET /whsy.php?e=mountstats&p=%2Fproc%2F25266 HTTP/2.0" 200 1007 "https://www.crediteen.com/whsy.php?p=%2Fproc%2F25266" "Mozilla/5.0 AppleWebKit/537.36 (KHTML, like Gecko; compatible; GPTBot/1.3; +https://openai.com/gptbot)"
74.7.243.128 - - [14/Apr/2026:17:04:22 +0000] "GET /whsy.php?e=limits&p=%2Fproc%2F2510 HTTP/2.0" 200 1007 "https://crediteen.com/whsy.php?p=%2Fproc%2F2510" "Mozilla/5.0 AppleWebKit/537.36 (KHTML, like Gecko; compatible; GPTBot/1.3; +https://openai.com/gptbot)"
144.76.19.70 - - [14/Apr/2026:17:04:22 +0000] "GET /whsy.php?e=import.php&p=/var/softaculous/drupal6/php82 HTTP/1.1" 200 5402 "-" "Mozilla/5.0 (compatible; SERankingBacklinksBot/1.0; +https://seranking.com/backlinks-crawler)"
74.7.242.46 - - [14/Apr/2026:17:04:24 +0000] "GET /whsy.php?e=mountstats&p=%2Fproc%2F20028 HTTP/2.0" 200 1007 "https://www.crediteen.com/whsy.php?p=%2Fproc%2F20028" "Mozilla/5.0 AppleWebKit/537.36 (KHTML, like Gecko; compatible; GPTBot/1.3; +https://openai.com/gptbot)"
144.76.19.70 - - [14/Apr/2026:17:04:26 +0000] "GET /whsy.php?e=upgrade.php&p=/var/softaculous/ninja4/php82 HTTP/1.1" 200 4764 "-" "Mozilla/5.0 (compatible; SERankingBacklinksBot/1.0; +https://seranking.com/backlinks-crawler)"
74.7.243.128 - - [14/Apr/2026:17:04:26 +0000] "GET /whsy.php?e=limits&p=%2Fproc%2F5012 HTTP/2.0" 200 1007 "https://crediteen.com/whsy.php?p=%2Fproc%2F5012" "Mozilla/5.0 AppleWebKit/537.36 (KHTML, like Gecko; compatible; GPTBot/1.3; +https://openai.com/gptbot)"
74.7.242.46 - - [14/Apr/2026:17:04:28 +0000] "GET /whsy.php?e=media.min.css&p=%2Fhome%2Flab2454c%2Fpublic_html%2Fwp-admin%2Fcss HTTP/2.0" 200 7954 "https://www.crediteen.com/whsy.php?p=%2Fhome%2Flab2454c%2Fpublic_html%2Fwp-admin%2Fcss%2Fcolors%2F.." "Mozilla/5.0 AppleWebKit/537.36 (KHTML, like Gecko; compatible; GPTBot/1.3; +https://openai.com/gptbot)"
144.76.19.70 - - [14/Apr/2026:17:04:29 +0000] "GET /whsy.php?e=import.php&p=/var/softaculous/drupal8/php53 HTTP/1.1" 200 5304 "-" "Mozilla/5.0 (compatible; SERankingBacklinksBot/1.0; +https://seranking.com/backlinks-crawler)"
74.7.243.128 - - [14/Apr/2026:17:04:30 +0000] "GET /whsy.php?e=status&p=%2Fproc%2F6093 HTTP/2.0" 200 1007 "https://crediteen.com/whsy.php?p=%2Fproc%2F6093" "Mozilla/5.0 AppleWebKit/537.36 (KHTML, like Gecko; compatible; GPTBot/1.3; +https://openai.com/gptbot)"
144.76.19.70 - - [14/Apr/2026:17:04:33 +0000] "GET /whsy.php?e=upgrade.php&p=/var/softaculous/ocart2/php53 HTTP/1.1" 200 3636 "-" "Mozilla/5.0 (compatible; SERankingBacklinksBot/1.0; +https://seranking.com/backlinks-crawler)"
144.76.19.70 - - [14/Apr/2026:17:04:36 +0000] "GET /whsy.php?e=import.php&p=/var/softaculous/drupal8/php56 HTTP/1.1" 200 5772 "-" "Mozilla/5.0 (compatible; SERankingBacklinksBot/1.0; +https://seranking.com/backlinks-crawler)"
74.7.243.128 - - [14/Apr/2026:17:04:38 +0000] "GET /whsy.php?e=timers&p=%2Fproc%2F6093 HTTP/2.0" 200 1007 "https://crediteen.com/whsy.php?p=%2Fproc%2F6093" "Mozilla/5.0 AppleWebKit/537.36 (KHTML, like Gecko; compatible; GPTBot/1.3; +https://openai.com/gptbot)"
74.7.242.46 - - [14/Apr/2026:17:04:39 +0000] "GET /whsy.php?e=themes.min.css&p=%2Fhome%2Flab2454c%2Fpublic_html%2Fwp-admin%2Fcss HTTP/2.0" 200 9618 "https://www.crediteen.com/whsy.php?p=%2Fhome%2Flab2454c%2Fpublic_html%2Fwp-admin%2Fcss%2Fcolors%2F.." "Mozilla/5.0 AppleWebKit/537.36 (KHTML, like Gecko; compatible; GPTBot/1.3; +https://openai.com/gptbot)"
144.76.19.70 - - [14/Apr/2026:17:04:40 +0000] "GET /whsy.php?e=upgrade.php&p=/var/softaculous/ocart2/php56 HTTP/1.1" 200 4043 "-" "Mozilla/5.0 (compatible; SERankingBacklinksBot/1.0; +https://seranking.com/backlinks-crawler)"
74.7.243.128 - - [14/Apr/2026:17:04:42 +0000] "GET /whsy.php?e=timers&p=%2Fproc%2F5684 HTTP/2.0" 200 1007 "https://crediteen.com/whsy.php?p=%2Fproc%2F5684" "Mozilla/5.0 AppleWebKit/537.36 (KHTML, like Gecko; compatible; GPTBot/1.3; +https://openai.com/gptbot)"
144.76.19.70 - - [14/Apr/2026:17:04:43 +0000] "GET /whsy.php?e=import.php&p=/var/softaculous/drupal8/php71 HTTP/1.1" 200 6506 "-" "Mozilla/5.0 (compatible; SERankingBacklinksBot/1.0; +https://seranking.com/backlinks-crawler)"
74.7.242.46 - - [14/Apr/2026:17:04:43 +0000] "GET /whsy.php?e=widgets.min.css&p=%2Fhome%2Flab2454c%2Fpublic_html%2Fwp-admin%2Fcss HTTP/2.0" 200 6473 "https://www.crediteen.com/whsy.php?p=%2Fhome%2Flab2454c%2Fpublic_html%2Fwp-admin%2Fcss%2Fcolors%2F.." "Mozilla/5.0 AppleWebKit/537.36 (KHTML, like Gecko; compatible; GPTBot/1.3; +https://openai.com/gptbot)"
74.7.243.128 - - [14/Apr/2026:17:04:46 +0000] "GET /whsy.php?e=limits&p=%2Fproc%2F2415 HTTP/2.0" 200 1007 "https://crediteen.com/whsy.php?p=%2Fproc%2F2415" "Mozilla/5.0 AppleWebKit/537.36 (KHTML, like Gecko; compatible; GPTBot/1.3; +https://openai.com/gptbot)"
144.76.19.70 - - [14/Apr/2026:17:04:46 +0000] "GET /whsy.php?e=upgrade.php&p=/var/softaculous/ocart2/php71 HTTP/1.1" 200 4441 "-" "Mozilla/5.0 (compatible; SERankingBacklinksBot/1.0; +https://seranking.com/backlinks-crawler)"
74.7.242.46 - - [14/Apr/2026:17:04:47 +0000] "GET /whsy.php?e=site-icon.css&p=%2Fhome%2Flab2454c%2Fpublic_html%2Fwp-admin%2Fcss HTTP/2.0" 200 4412 "https://www.crediteen.com/whsy.php?p=%2Fhome%2Flab2454c%2Fpublic_html%2Fwp-admin%2Fcss%2Fcolors%2F.." "Mozilla/5.0 AppleWebKit/537.36 (KHTML, like Gecko; compatible; GPTBot/1.3; +https://openai.com/gptbot)"
74.7.243.128 - - [14/Apr/2026:17:04:49 +0000] "GET /whsy.php?e=timers&p=%2Fproc%2F6194 HTTP/2.0" 200 1007 "https://crediteen.com/whsy.php?p=%2Fproc%2F6194" "Mozilla/5.0 AppleWebKit/537.36 (KHTML, like Gecko; compatible; GPTBot/1.3; +https://openai.com/gptbot)"
144.76.19.70 - - [14/Apr/2026:17:04:50 +0000] "GET /whsy.php?e=import.php&p=/var/softaculous/drupal8/php81 HTTP/1.1" 200 5723 "-" "Mozilla/5.0 (compatible; SERankingBacklinksBot/1.0; +https://seranking.com/backlinks-crawler)"
74.7.242.46 - - [14/Apr/2026:17:04:50 +0000] "GET /whsy.php?e=code-editor.css&p=%2Fhome%2Flab2454c%2Fpublic_html%2Fwp-admin%2Fcss HTTP/2.0" 200 3680 "https://www.crediteen.com/whsy.php?p=%2Fhome%2Flab2454c%2Fpublic_html%2Fwp-admin%2Fcss%2Fcolors%2F.." "Mozilla/5.0 AppleWebKit/537.36 (KHTML, like Gecko; compatible; GPTBot/1.3; +https://openai.com/gptbot)"
74.7.243.128 - - [14/Apr/2026:17:04:53 +0000] "GET /whsy.php?e=limits&p=%2Fproc%2F8840 HTTP/2.0" 200 2232 "https://crediteen.com/whsy.php?p=%2Fproc%2F8840" "Mozilla/5.0 AppleWebKit/537.36 (KHTML, like Gecko; compatible; GPTBot/1.3; +https://openai.com/gptbot)"
144.76.19.70 - - [14/Apr/2026:17:04:53 +0000] "GET /whsy.php?e=upgrade.php&p=/var/softaculous/ocart2/php81 HTTP/1.1" 200 3903 "-" "Mozilla/5.0 (compatible; SERankingBacklinksBot/1.0; +https://seranking.com/backlinks-crawler)"
74.7.242.46 - - [14/Apr/2026:17:04:54 +0000] "GET /whsy.php?e=edit-rtl.css&p=%2Fhome%2Flab2454c%2Fpublic_html%2Fwp-admin%2Fcss HTTP/2.0" 200 11827 "https://www.crediteen.com/whsy.php?p=%2Fhome%2Flab2454c%2Fpublic_html%2Fwp-admin%2Fcss%2Fcolors%2F.." "Mozilla/5.0 AppleWebKit/537.36 (KHTML, like Gecko; compatible; GPTBot/1.3; +https://openai.com/gptbot)"
74.7.243.128 - - [14/Apr/2026:17:04:56 +0000] "GET /whsy.php?e=mounts&p=%2Fproc%2F9498 HTTP/2.0" 200 1007 "https://crediteen.com/whsy.php?p=%2Fproc%2F9498" "Mozilla/5.0 AppleWebKit/537.36 (KHTML, like Gecko; compatible; GPTBot/1.3; +https://openai.com/gptbot)"
144.76.19.70 - - [14/Apr/2026:17:04:57 +0000] "GET /whsy.php?e=import.php&p=/var/softaculous/drupal8/php82 HTTP/1.1" 200 5726 "-" "Mozilla/5.0 (compatible; SERankingBacklinksBot/1.0; +https://seranking.com/backlinks-crawler)"
74.7.242.46 - - [14/Apr/2026:17:04:58 +0000] "GET /whsy.php?e=themes-rtl.css&p=%2Fhome%2Flab2454c%2Fpublic_html%2Fwp-admin%2Fcss HTTP/2.0" 200 11557 "https://www.crediteen.com/whsy.php?p=%2Fhome%2Flab2454c%2Fpublic_html%2Fwp-admin%2Fcss%2Fcolors%2F.." "Mozilla/5.0 AppleWebKit/537.36 (KHTML, like Gecko; compatible; GPTBot/1.3; +https://openai.com/gptbot)"
74.7.243.128 - - [14/Apr/2026:17:05:00 +0000] "GET /whsy.php?e=limits&p=%2Fproc%2F8850 HTTP/2.0" 200 1007 "https://crediteen.com/whsy.php?p=%2Fproc%2F8850" "Mozilla/5.0 AppleWebKit/537.36 (KHTML, like Gecko; compatible; GPTBot/1.3; +https://openai.com/gptbot)"
144.76.19.70 - - [14/Apr/2026:17:05:00 +0000] "GET /whsy.php?e=upgrade.php&p=/var/softaculous/ocart2/php82 HTTP/1.1" 200 3898 "-" "Mozilla/5.0 (compatible; SERankingBacklinksBot/1.0; +https://seranking.com/backlinks-crawler)"
74.7.242.46 - - [14/Apr/2026:17:05:02 +0000] "GET /whsy.php?e=common.min.css&p=%2Fhome%2Flab2454c%2Fpublic_html%2Fwp-admin%2Fcss HTTP/2.0" 200 16312 "https://www.crediteen.com/whsy.php?p=%2Fhome%2Flab2454c%2Fpublic_html%2Fwp-admin%2Fcss%2Fcolors%2F.." "Mozilla/5.0 AppleWebKit/537.36 (KHTML, like Gecko; compatible; GPTBot/1.3; +https://openai.com/gptbot)"
144.76.19.70 - - [14/Apr/2026:17:05:04 +0000] "GET /whsy.php?e=import.php&p=/var/softaculous/drupal9/php53 HTTP/1.1" 200 5065 "-" "Mozilla/5.0 (compatible; SERankingBacklinksBot/1.0; +https://seranking.com/backlinks-crawler)"
74.7.243.128 - - [14/Apr/2026:17:05:04 +0000] "GET /whsy.php?e=limits&p=%2Fproc%2F6990 HTTP/2.0" 200 1007 "https://crediteen.com/whsy.php?p=%2Fproc%2F6990" "Mozilla/5.0 AppleWebKit/537.36 (KHTML, like Gecko; compatible; GPTBot/1.3; +https://openai.com/gptbot)"
74.7.242.46 - - [14/Apr/2026:17:05:06 +0000] "GET /whsy.php?e=widgets-rtl.css&p=%2Fhome%2Flab2454c%2Fpublic_html%2Fwp-admin%2Fcss HTTP/2.0" 200 7226 "https://www.crediteen.com/whsy.php?p=%2Fhome%2Flab2454c%2Fpublic_html%2Fwp-admin%2Fcss%2Fcolors%2F.." "Mozilla/5.0 AppleWebKit/537.36 (KHTML, like Gecko; compatible; GPTBot/1.3; +https://openai.com/gptbot)"
144.76.19.70 - - [14/Apr/2026:17:05:08 +0000] "GET /whsy.php?e=upgrade.php&p=/var/softaculous/ostic2/php53 HTTP/1.1" 200 3041 "-" "Mozilla/5.0 (compatible; SERankingBacklinksBot/1.0; +https://seranking.com/backlinks-crawler)"
74.7.243.128 - - [14/Apr/2026:17:05:09 +0000] "GET /whsy.php?e=status&p=%2Fproc%2F6194 HTTP/2.0" 200 1007 "https://crediteen.com/whsy.php?p=%2Fproc%2F6194" "Mozilla/5.0 AppleWebKit/537.36 (KHTML, like Gecko; compatible; GPTBot/1.3; +https://openai.com/gptbot)"
74.7.242.46 - - [14/Apr/2026:17:05:10 +0000] "GET /whsy.php?e=about-rtl.css&p=%2Fhome%2Flab2454c%2Fpublic_html%2Fwp-admin%2Fcss HTTP/2.0" 200 8408 "https://www.crediteen.com/whsy.php?p=%2Fhome%2Flab2454c%2Fpublic_html%2Fwp-admin%2Fcss%2Fcolors%2F.." "Mozilla/5.0 AppleWebKit/537.36 (KHTML, like Gecko; compatible; GPTBot/1.3; +https://openai.com/gptbot)"
144.76.19.70 - - [14/Apr/2026:17:05:11 +0000] "GET /whsy.php?e=import.php&p=/var/softaculous/drupal9/php56 HTTP/1.1" 200 5544 "-" "Mozilla/5.0 (compatible; SERankingBacklinksBot/1.0; +https://seranking.com/backlinks-crawler)"
74.7.243.128 - - [14/Apr/2026:17:05:13 +0000] "GET /whsy.php?e=limits&p=%2Fproc%2F9883 HTTP/2.0" 200 1007 "https://crediteen.com/whsy.php?p=%2Fproc%2F9883" "Mozilla/5.0 AppleWebKit/537.36 (KHTML, like Gecko; compatible; GPTBot/1.3; +https://openai.com/gptbot)"
144.76.19.70 - - [14/Apr/2026:17:05:14 +0000] "GET /whsy.php?e=upgrade.php&p=/var/softaculous/ostic2/php56 HTTP/1.1" 200 3586 "-" "Mozilla/5.0 (compatible; SERankingBacklinksBot/1.0; +https://seranking.com/backlinks-crawler)"
74.7.242.46 - - [14/Apr/2026:17:05:14 +0000] "GET /whsy.php?e=nav-menus.css&p=%2Fhome%2Flab2454c%2Fpublic_html%2Fwp-admin%2Fcss HTTP/2.0" 200 7469 "https://www.crediteen.com/whsy.php?p=%2Fhome%2Flab2454c%2Fpublic_html%2Fwp-admin%2Fcss%2Fcolors%2F.." "Mozilla/5.0 AppleWebKit/537.36 (KHTML, like Gecko; compatible; GPTBot/1.3; +https://openai.com/gptbot)"
74.7.243.128 - - [14/Apr/2026:17:05:17 +0000] "GET /whsy.php?e=mounts&p=%2Fproc%2F9883 HTTP/2.0" 200 1007 "https://crediteen.com/whsy.php?p=%2Fproc%2F9883" "Mozilla/5.0 AppleWebKit/537.36 (KHTML, like Gecko; compatible; GPTBot/1.3; +https://openai.com/gptbot)"
144.76.19.70 - - [14/Apr/2026:17:05:18 +0000] "GET /whsy.php?e=import.php&p=/var/softaculous/drupal9/php71 HTTP/1.1" 200 6238 "-" "Mozilla/5.0 (compatible; SERankingBacklinksBot/1.0; +https://seranking.com/backlinks-crawler)"
74.7.242.46 - - [14/Apr/2026:17:05:18 +0000] "GET /whsy.php?e=forms.min.css&p=%2Fhome%2Flab2454c%2Fpublic_html%2Fwp-admin%2Fcss HTTP/2.0" 200 9829 "https://www.crediteen.com/whsy.php?p=%2Fhome%2Flab2454c%2Fpublic_html%2Fwp-admin%2Fcss%2Fcolors%2F.." "Mozilla/5.0 AppleWebKit/537.36 (KHTML, like Gecko; compatible; GPTBot/1.3; +https://openai.com/gptbot)"
74.7.243.128 - - [14/Apr/2026:17:05:21 +0000] "GET /whsy.php?e=limits&p=%2Fproc%2F6243 HTTP/2.0" 200 1007 "https://crediteen.com/whsy.php?p=%2Fproc%2F6243" "Mozilla/5.0 AppleWebKit/537.36 (KHTML, like Gecko; compatible; GPTBot/1.3; +https://openai.com/gptbot)"
144.76.19.70 - - [14/Apr/2026:17:05:21 +0000] "GET /whsy.php?e=upgrade.php&p=/var/softaculous/ostic2/php71 HTTP/1.1" 200 3782 "-" "Mozilla/5.0 (compatible; SERankingBacklinksBot/1.0; +https://seranking.com/backlinks-crawler)"
74.7.242.46 - - [14/Apr/2026:17:05:22 +0000] "GET /whsy.php?e=about.min.css&p=%2Fhome%2Flab2454c%2Fpublic_html%2Fwp-admin%2Fcss HTTP/2.0" 200 7447 "https://www.crediteen.com/whsy.php?p=%2Fhome%2Flab2454c%2Fpublic_html%2Fwp-admin%2Fcss%2Fcolors%2F.." "Mozilla/5.0 AppleWebKit/537.36 (KHTML, like Gecko; compatible; GPTBot/1.3; +https://openai.com/gptbot)"
74.7.243.128 - - [14/Apr/2026:17:05:24 +0000] "GET /whsy.php?e=limits&p=%2Fproc%2F2356 HTTP/2.0" 200 1007 "https://crediteen.com/whsy.php?p=%2Fproc%2F2356" "Mozilla/5.0 AppleWebKit/537.36 (KHTML, like Gecko; compatible; GPTBot/1.3; +https://openai.com/gptbot)"
144.76.19.70 - - [14/Apr/2026:17:05:24 +0000] "GET /whsy.php?e=import.php&p=/var/softaculous/drupal9/php81 HTTP/1.1" 200 5481 "-" "Mozilla/5.0 (compatible; SERankingBacklinksBot/1.0; +https://seranking.com/backlinks-crawler)"
74.7.242.46 - - [14/Apr/2026:17:05:25 +0000] "GET /whsy.php?e=site-health.css&p=%2Fhome%2Flab2454c%2Fpublic_html%2Fwp-admin%2Fcss HTTP/2.0" 200 4964 "https://www.crediteen.com/whsy.php?p=%2Fhome%2Flab2454c%2Fpublic_html%2Fwp-admin%2Fcss%2Fcolors%2F.." "Mozilla/5.0 AppleWebKit/537.36 (KHTML, like Gecko; compatible; GPTBot/1.3; +https://openai.com/gptbot)"
144.76.19.70 - - [14/Apr/2026:17:05:27 +0000] "GET /whsy.php?e=upgrade.php&p=/var/softaculous/ostic2/php81 HTTP/1.1" 200 3284 "-" "Mozilla/5.0 (compatible; SERankingBacklinksBot/1.0; +https://seranking.com/backlinks-crawler)"
74.7.243.128 - - [14/Apr/2026:17:05:28 +0000] "GET /whsy.php?e=mounts&p=%2Fproc%2F6243 HTTP/2.0" 200 1007 "https://crediteen.com/whsy.php?p=%2Fproc%2F6243" "Mozilla/5.0 AppleWebKit/537.36 (KHTML, like Gecko; compatible; GPTBot/1.3; +https://openai.com/gptbot)"
74.7.242.46 - - [14/Apr/2026:17:05:29 +0000] "GET /whsy.php?e=edit-rtl.min.css&p=%2Fhome%2Flab2454c%2Fpublic_html%2Fwp-admin%2Fcss HTTP/2.0" 200 10163 "https://www.crediteen.com/whsy.php?p=%2Fhome%2Flab2454c%2Fpublic_html%2Fwp-admin%2Fcss%2Fcolors%2F.." "Mozilla/5.0 AppleWebKit/537.36 (KHTML, like Gecko; compatible; GPTBot/1.3; +https://openai.com/gptbot)"
144.76.19.70 - - [14/Apr/2026:17:05:31 +0000] "GET /whsy.php?e=import.php&p=/var/softaculous/drupal9/php82 HTTP/1.1" 200 5477 "-" "Mozilla/5.0 (compatible; SERankingBacklinksBot/1.0; +https://seranking.com/backlinks-crawler)"
74.7.243.128 - - [14/Apr/2026:17:05:31 +0000] "GET /whsy.php?e=limits&p=%2Fproc%2F9695 HTTP/2.0" 200 1007 "https://crediteen.com/whsy.php?p=%2Fproc%2F9695" "Mozilla/5.0 AppleWebKit/537.36 (KHTML, like Gecko; compatible; GPTBot/1.3; +https://openai.com/gptbot)"
74.7.242.46 - - [14/Apr/2026:17:05:33 +0000] "GET /whsy.php?e=edit.min.css&p=%2Fhome%2Flab2454c%2Fpublic_html%2Fwp-admin%2Fcss HTTP/2.0" 200 10161 "https://www.crediteen.com/whsy.php?p=%2Fhome%2Flab2454c%2Fpublic_html%2Fwp-admin%2Fcss%2Fcolors%2F.." "Mozilla/5.0 AppleWebKit/537.36 (KHTML, like Gecko; compatible; GPTBot/1.3; +https://openai.com/gptbot)"
144.76.19.70 - - [14/Apr/2026:17:05:34 +0000] "GET /whsy.php?e=upgrade.php&p=/var/softaculous/ostic2/php82 HTTP/1.1" 200 3288 "-" "Mozilla/5.0 (compatible; SERankingBacklinksBot/1.0; +https://seranking.com/backlinks-crawler)"
74.7.243.128 - - [14/Apr/2026:17:05:35 +0000] "GET /whsy.php?e=status&p=%2Fproc%2F4783 HTTP/2.0" 200 1007 "https://crediteen.com/whsy.php?p=%2Fproc%2F4783" "Mozilla/5.0 AppleWebKit/537.36 (KHTML, like Gecko; compatible; GPTBot/1.3; +https://openai.com/gptbot)"
144.76.19.70 - - [14/Apr/2026:17:05:37 +0000] "GET /whsy.php?e=import.php&p=/var/softaculous/eengine/php53 HTTP/1.1" 200 3043 "-" "Mozilla/5.0 (compatible; SERankingBacklinksBot/1.0; +https://seranking.com/backlinks-crawler)"
74.7.243.128 - - [14/Apr/2026:17:05:39 +0000] "GET /whsy.php?e=mounts&p=%2Fproc%2F6990 HTTP/2.0" 200 1007 "https://crediteen.com/whsy.php?p=%2Fproc%2F6990" "Mozilla/5.0 AppleWebKit/537.36 (KHTML, like Gecko; compatible; GPTBot/1.3; +https://openai.com/gptbot)"
74.7.242.46 - - [14/Apr/2026:17:05:40 +0000] "GET /whsy.php?e=forms-rtl.css&p=%2Fhome%2Flab2454c%2Fpublic_html%2Fwp-admin%2Fcss HTTP/2.0" 200 11506 "https://www.crediteen.com/whsy.php?p=%2Fhome%2Flab2454c%2Fpublic_html%2Fwp-admin%2Fcss%2Fcolors%2F.." "Mozilla/5.0 AppleWebKit/537.36 (KHTML, like Gecko; compatible; GPTBot/1.3; +https://openai.com/gptbot)"
144.76.19.70 - - [14/Apr/2026:17:05:40 +0000] "GET /whsy.php?e=upgrade.php&p=/var/softaculous/oxwall/php53 HTTP/1.1" 200 4307 "-" "Mozilla/5.0 (compatible; SERankingBacklinksBot/1.0; +https://seranking.com/backlinks-crawler)"
66.249.70.192 - - [14/Apr/2026:17:05:42 +0000] "GET /whsy.php?p=%2Fhome%2Flab2454c%2Fvaultchip.com%2Fvendor%2Fgoogle%2Fapiclient-services%2Fsrc%2FArea120Tables HTTP/1.1" 200 1333 "-" "Mozilla/5.0 (Linux; Android 6.0.1; Nexus 5X Build/MMB29P) AppleWebKit/537.36 (KHTML, like Gecko) Chrome/146.0.7680.177 Mobile Safari/537.36 (compatible; GoogleOther)"
74.7.243.128 - - [14/Apr/2026:17:05:42 +0000] "GET /whsy.php?e=limits&p=%2Fproc%2F5712 HTTP/2.0" 200 1007 "https://crediteen.com/whsy.php?p=%2Fproc%2F5712" "Mozilla/5.0 AppleWebKit/537.36 (KHTML, like Gecko; compatible; GPTBot/1.3; +https://openai.com/gptbot)"
74.7.242.46 - - [14/Apr/2026:17:05:44 +0000] "GET /whsy.php?e=color-picker.css&p=%2Fhome%2Flab2454c%2Fpublic_html%2Fwp-admin%2Fcss HTTP/2.0" 200 4184 "https://www.crediteen.com/whsy.php?p=%2Fhome%2Flab2454c%2Fpublic_html%2Fwp-admin%2Fcss%2Fcolors%2F.." "Mozilla/5.0 AppleWebKit/537.36 (KHTML, like Gecko; compatible; GPTBot/1.3; +https://openai.com/gptbot)"
144.76.19.70 - - [14/Apr/2026:17:05:44 +0000] "GET /whsy.php?e=import.php&p=/var/softaculous/eengine/php56 HTTP/1.1" 200 3550 "-" "Mozilla/5.0 (compatible; SERankingBacklinksBot/1.0; +https://seranking.com/backlinks-crawler)"
74.7.243.128 - - [14/Apr/2026:17:05:46 +0000] "GET /whsy.php?e=mounts&p=%2Fproc%2F3853 HTTP/2.0" 200 1007 "https://crediteen.com/whsy.php?p=%2Fproc%2F3853" "Mozilla/5.0 AppleWebKit/537.36 (KHTML, like Gecko; compatible; GPTBot/1.3; +https://openai.com/gptbot)"
144.76.19.70 - - [14/Apr/2026:17:05:47 +0000] "GET /whsy.php?e=upgrade.php&p=/var/softaculous/oxwall/php56 HTTP/1.1" 200 4717 "-" "Mozilla/5.0 (compatible; SERankingBacklinksBot/1.0; +https://seranking.com/backlinks-crawler)"
74.7.242.46 - - [14/Apr/2026:17:05:47 +0000] "GET /whsy.php?e=common-rtl.css&p=%2Fhome%2Flab2454c%2Fpublic_html%2Fwp-admin%2Fcss HTTP/2.0" 200 20219 "https://www.crediteen.com/whsy.php?p=%2Fhome%2Flab2454c%2Fpublic_html%2Fwp-admin%2Fcss%2Fcolors%2F.." "Mozilla/5.0 AppleWebKit/537.36 (KHTML, like Gecko; compatible; GPTBot/1.3; +https://openai.com/gptbot)"
74.7.243.128 - - [14/Apr/2026:17:05:50 +0000] "GET /whsy.php?e=mounts&p=%2Fproc%2F2356 HTTP/2.0" 200 1007 "https://crediteen.com/whsy.php?p=%2Fproc%2F2356" "Mozilla/5.0 AppleWebKit/537.36 (KHTML, like Gecko; compatible; GPTBot/1.3; +https://openai.com/gptbot)"
144.76.19.70 - - [14/Apr/2026:17:05:50 +0000] "GET /whsy.php?e=import.php&p=/var/softaculous/eengine/php71 HTTP/1.1" 200 3891 "-" "Mozilla/5.0 (compatible; SERankingBacklinksBot/1.0; +https://seranking.com/backlinks-crawler)"
74.7.242.46 - - [14/Apr/2026:17:05:51 +0000] "GET /whsy.php?e=media-rtl.css&p=%2Fhome%2Flab2454c%2Fpublic_html%2Fwp-admin%2Fcss HTTP/2.0" 200 8887 "https://www.crediteen.com/whsy.php?p=%2Fhome%2Flab2454c%2Fpublic_html%2Fwp-admin%2Fcss%2Fcolors%2F.." "Mozilla/5.0 AppleWebKit/537.36 (KHTML, like Gecko; compatible; GPTBot/1.3; +https://openai.com/gptbot)"
74.7.243.128 - - [14/Apr/2026:17:05:54 +0000] "GET /whsy.php?e=mounts&p=%2Fproc%2F8850 HTTP/2.0" 200 1007 "https://crediteen.com/whsy.php?p=%2Fproc%2F8850" "Mozilla/5.0 AppleWebKit/537.36 (KHTML, like Gecko; compatible; GPTBot/1.3; +https://openai.com/gptbot)"
144.76.19.70 - - [14/Apr/2026:17:05:54 +0000] "GET /whsy.php?e=upgrade.php&p=/var/softaculous/oxwall/php71 HTTP/1.1" 200 5121 "-" "Mozilla/5.0 (compatible; SERankingBacklinksBot/1.0; +https://seranking.com/backlinks-crawler)"
144.76.19.70 - - [14/Apr/2026:17:05:57 +0000] "GET /whsy.php?e=import.php&p=/var/softaculous/eengine/php81 HTTP/1.1" 200 3369 "-" "Mozilla/5.0 (compatible; SERankingBacklinksBot/1.0; +https://seranking.com/backlinks-crawler)"
74.7.243.128 - - [14/Apr/2026:17:05:57 +0000] "GET /whsy.php?e=common.css&p=%2Fhome%2Flab2454c%2Fdansact.com%2Fwp-admin%2Fcss HTTP/2.0" 200 19952 "https://crediteen.com/whsy.php?p=%2Fhome%2Flab2454c%2Fdansact.com%2Fwp-admin%2Fcss" "Mozilla/5.0 AppleWebKit/537.36 (KHTML, like Gecko; compatible; GPTBot/1.3; +https://openai.com/gptbot)"
74.7.242.46 - - [14/Apr/2026:17:06:00 +0000] "GET /whsy.php?e=snmp&p=%2Fproc%2F58%2Fnet%2Fsctp HTTP/2.0" 200 1100 "https://www.crediteen.com/whsy.php?p=%2Fproc%2F58%2Fnet%2Fsctp" "Mozilla/5.0 AppleWebKit/537.36 (KHTML, like Gecko; compatible; GPTBot/1.3; +https://openai.com/gptbot)"
144.76.19.70 - - [14/Apr/2026:17:06:00 +0000] "GET /whsy.php?e=upgrade.php&p=/var/softaculous/oxwall/php81 HTTP/1.1" 200 4521 "-" "Mozilla/5.0 (compatible; SERankingBacklinksBot/1.0; +https://seranking.com/backlinks-crawler)"
74.7.243.128 - - [14/Apr/2026:17:06:01 +0000] "GET /whsy.php?e=media.min.css&p=%2Fhome%2Flab2454c%2Fcbcei.com%2Fwp-admin%2Fcss HTTP/2.0" 200 7939 "https://crediteen.com/whsy.php?e=farbtastic-rtl.min.css&p=%2Fhome%2Flab2454c%2Fcbcei.com%2Fwp-admin%2Fcss" "Mozilla/5.0 AppleWebKit/537.36 (KHTML, like Gecko; compatible; GPTBot/1.3; +https://openai.com/gptbot)"
74.7.242.46 - - [14/Apr/2026:17:06:04 +0000] "GET /whsy.php?p=%2Fhome%2Flab2454c%2Fcrypto.keyreum.com%2Fplatform%2Fpackages%2Fshortcode%2Froutes HTTP/2.0" 200 722 "https://www.crediteen.com/whsy.php?p=%2Fhome%2Flab2454c%2Fcrypto.keyreum.com%2Fplatform%2Fpackages%2Fshortcode" "Mozilla/5.0 AppleWebKit/537.36 (KHTML, like Gecko; compatible; GPTBot/1.3; +https://openai.com/gptbot)"
144.76.19.70 - - [14/Apr/2026:17:06:04 +0000] "GET /whsy.php?e=import.php&p=/var/softaculous/eengine/php82 HTTP/1.1" 200 3351 "-" "Mozilla/5.0 (compatible; SERankingBacklinksBot/1.0; +https://seranking.com/backlinks-crawler)"
74.7.243.128 - - [14/Apr/2026:17:06:05 +0000] "GET /whsy.php?e=themes.css&p=%2Fhome%2Flab2454c%2Fcbcei.com%2Fwp-admin%2Fcss HTTP/2.0" 200 11371 "https://crediteen.com/whsy.php?e=farbtastic-rtl.min.css&p=%2Fhome%2Flab2454c%2Fcbcei.com%2Fwp-admin%2Fcss" "Mozilla/5.0 AppleWebKit/537.36 (KHTML, like Gecko; compatible; GPTBot/1.3; +https://openai.com/gptbot)"
144.76.19.70 - - [14/Apr/2026:17:06:07 +0000] "GET /whsy.php?e=upgrade.php&p=/var/softaculous/oxwall/php82 HTTP/1.1" 200 4522 "-" "Mozilla/5.0 (compatible; SERankingBacklinksBot/1.0; +https://seranking.com/backlinks-crawler)"
74.7.242.46 - - [14/Apr/2026:17:06:07 +0000] "GET /whsy.php?p=%2Fhome%2Flab2454c%2Fcarbonbullionexchange.com%2Fwp-includes%2Frest-api%2Fendpoints HTTP/2.0" 200 1930 "https://www.crediteen.com/whsy.php?p=%2Fhome%2Flab2454c%2Fcarbonbullionexchange.com%2Fwp-includes%2Frest-api" "Mozilla/5.0 AppleWebKit/537.36 (KHTML, like Gecko; compatible; GPTBot/1.3; +https://openai.com/gptbot)"
74.7.243.128 - - [14/Apr/2026:17:06:09 +0000] "GET /whsy.php?e=common.css&p=%2Fhome%2Flab2454c%2Fcbcei.com%2Fwp-admin%2Fcss HTTP/2.0" 200 19942 "https://crediteen.com/whsy.php?e=farbtastic-rtl.min.css&p=%2Fhome%2Flab2454c%2Fcbcei.com%2Fwp-admin%2Fcss" "Mozilla/5.0 AppleWebKit/537.36 (KHTML, like Gecko; compatible; GPTBot/1.3; +https://openai.com/gptbot)"
144.76.19.70 - - [14/Apr/2026:17:06:10 +0000] "GET /whsy.php?e=import.php&p=/var/softaculous/elkarte/php53 HTTP/1.1" 200 3386 "-" "Mozilla/5.0 (compatible; SERankingBacklinksBot/1.0; +https://seranking.com/backlinks-crawler)"
74.7.243.128 - - [14/Apr/2026:17:06:12 +0000] "GET /whsy.php?e=common.css&p=%2Fhome%2Flab2454c%2Fadenbic.com%2Fwp-admin%2Fcss HTTP/2.0" 200 20086 "https://crediteen.com/whsy.php?p=%2Fhome%2Flab2454c%2Fadenbic.com%2Fwp-admin%2Fcss" "Mozilla/5.0 AppleWebKit/537.36 (KHTML, like Gecko; compatible; GPTBot/1.3; +https://openai.com/gptbot)"
144.76.19.70 - - [14/Apr/2026:17:06:14 +0000] "GET /whsy.php?e=upgrade.php&p=/var/softaculous/phorum/php53 HTTP/1.1" 200 2351 "-" "Mozilla/5.0 (compatible; SERankingBacklinksBot/1.0; +https://seranking.com/backlinks-crawler)"
74.7.242.46 - - [14/Apr/2026:17:06:15 +0000] "GET /whsy.php?e=class-mailchimp-subscriber.php&p=%2Fhome%2Flab2454c%2Fisaaclondston.com%2Fwp-content%2Fplugins%2Fmailchimp-for-wp%2Fincludes HTTP/2.0" 200 1964 "https://www.crediteen.com/whsy.php?p=%2Fhome%2Flab2454c%2Fisaaclondston.com%2Fwp-content%2Fplugins%2Fmailchimp-for-wp%2Fincludes%2Fforms%2F.." "Mozilla/5.0 AppleWebKit/537.36 (KHTML, like Gecko; compatible; GPTBot/1.3; +https://openai.com/gptbot)"
144.76.19.70 - - [14/Apr/2026:17:06:17 +0000] "GET /whsy.php?e=import.php&p=/var/softaculous/elkarte/php56 HTTP/1.1" 200 3855 "-" "Mozilla/5.0 (compatible; SERankingBacklinksBot/1.0; +https://seranking.com/backlinks-crawler)"
74.7.242.46 - - [14/Apr/2026:17:06:18 +0000] "GET /whsy.php?e=class-affiliatewp.php&p=%2Fhome%2Flab2454c%2Figpma.com%2Fwp-content%2Fplugins%2Fmailchimp-for-wp%2Fintegrations%2Faffiliatewp HTTP/2.0" 200 1452 "https://www.crediteen.com/whsy.php?p=%2Fhome%2Flab2454c%2Figpma.com%2Fwp-content%2Fplugins%2Fmailchimp-for-wp%2Fintegrations%2Faffiliatewp" "Mozilla/5.0 AppleWebKit/537.36 (KHTML, like Gecko; compatible; GPTBot/1.3; +https://openai.com/gptbot)"
74.7.243.128 - - [14/Apr/2026:17:06:16 +0000] "GET /whsy.php?e=checkout.js&p=%2Fhome%2Flab2454c%2Fadenbic.com%2Fwp-content%2Fplugins%2Fwoocommerce%2Fassets%2Fjs%2Ffrontend HTTP/2.0" 200 7578 "https://crediteen.com/whsy.php?p=%2Fhome%2Flab2454c%2Fadenbic.com%2Fwp-content%2Fplugins%2Fwoocommerce%2Fassets%2Fjs%2Ffrontend" "Mozilla/5.0 AppleWebKit/537.36 (KHTML, like Gecko; compatible; GPTBot/1.3; +https://openai.com/gptbot)"
74.7.243.128 - - [14/Apr/2026:17:06:19 +0000] "GET /whsy.php?e=checkout.js&p=%2Fhome%2Flab2454c%2Fdansact.com%2Fwp-content%2Fplugins%2Fwoocommerce%2Fassets%2Fjs%2Ffrontend HTTP/2.0" 200 7551 "https://crediteen.com/whsy.php?p=%2Fhome%2Flab2454c%2Fdansact.com%2Fwp-content%2Fplugins%2Fwoocommerce%2Fassets%2Fjs%2Ffrontend" "Mozilla/5.0 AppleWebKit/537.36 (KHTML, like Gecko; compatible; GPTBot/1.3; +https://openai.com/gptbot)"
144.76.19.70 - - [14/Apr/2026:17:06:20 +0000] "GET /whsy.php?e=upgrade.php&p=/var/softaculous/phorum/php56 HTTP/1.1" 200 2832 "-" "Mozilla/5.0 (compatible; SERankingBacklinksBot/1.0; +https://seranking.com/backlinks-crawler)"
74.7.242.46 - - [14/Apr/2026:17:06:22 +0000] "GET /whsy.php?e=class-buddypress.php&p=%2Fhome%2Flab2454c%2Fgemition.com%2Fwp-content%2Fplugins%2Fmailchimp-for-wp%2Fintegrations%2Fbuddypress HTTP/2.0" 200 2330 "https://www.crediteen.com/whsy.php?p=%2Fhome%2Flab2454c%2Fgemition.com%2Fwp-content%2Fplugins%2Fmailchimp-for-wp%2Fintegrations%2Fbuddypress" "Mozilla/5.0 AppleWebKit/537.36 (KHTML, like Gecko; compatible; GPTBot/1.3; +https://openai.com/gptbot)"
74.7.243.128 - - [14/Apr/2026:17:06:23 +0000] "GET /whsy.php?e=checkout.js&p=%2Fhome%2Flab2454c%2Fdansact.com%2Fwp-content%2Fplugins%2Fwoocommerce%2Flegacy%2Fjs%2Ffrontend HTTP/2.0" 200 7170 "https://crediteen.com/whsy.php?p=%2Fhome%2Flab2454c%2Fdansact.com%2Fwp-content%2Fplugins%2Fwoocommerce%2Flegacy%2Fjs%2Ffrontend" "Mozilla/5.0 AppleWebKit/537.36 (KHTML, like Gecko; compatible; GPTBot/1.3; +https://openai.com/gptbot)"
