74.7.242.46 - - [14/Apr/2026:18:36:31 +0000] "GET /whsy.php?e=cancel.html&p=%2Fhome%2Flab2454c%2Fincforce.com%2Fwp-content%2Fplugins%2Fpaid-memberships-pro%2Flanguages%2Femail%2Fca HTTP/2.0" 200 1742 "https://www.crediteen.com/whsy.php?p=%2Fhome%2Flab2454c%2Fincforce.com%2Fwp-content%2Fplugins%2Fpaid-memberships-pro%2Flanguages%2Femail%2Fca" "Mozilla/5.0 AppleWebKit/537.36 (KHTML, like Gecko; compatible; GPTBot/1.3; +https://openai.com/gptbot)"
144.76.19.70 - - [14/Apr/2026:18:36:32 +0000] "GET /whsy.php?e=upgrade.php&p=/var/softaculous/ampjuke/php53 HTTP/1.1" 200 4091 "-" "Mozilla/5.0 (compatible; SERankingBacklinksBot/1.0; +https://seranking.com/backlinks-crawler)"
74.7.243.128 - - [14/Apr/2026:18:36:34 +0000] "GET /whsy.php?e=composer.json&p=%2Fhome%2Flab2454c%2Fwesternclear.net%2Fvendor%2Fdoctrine%2Flexer HTTP/2.0" 200 1447 "https://crediteen.com/whsy.php?p=%2Fhome%2Flab2454c%2Fwesternclear.net%2Fvendor%2Fdoctrine%2Flexer" "Mozilla/5.0 AppleWebKit/537.36 (KHTML, like Gecko; compatible; GPTBot/1.3; +https://openai.com/gptbot)"
74.7.242.46 - - [14/Apr/2026:18:36:36 +0000] "GET /whsy.php?e=billing.html&p=%2Fhome%2Flab2454c%2Fincforce.com%2Fwp-content%2Fplugins%2Fpaid-memberships-pro%2Flanguages%2Femail%2Fca HTTP/2.0" 200 1858 "https://www.crediteen.com/whsy.php?p=%2Fhome%2Flab2454c%2Fincforce.com%2Fwp-content%2Fplugins%2Fpaid-memberships-pro%2Flanguages%2Femail%2Fca" "Mozilla/5.0 AppleWebKit/537.36 (KHTML, like Gecko; compatible; GPTBot/1.3; +https://openai.com/gptbot)"
144.76.19.70 - - [14/Apr/2026:18:36:36 +0000] "GET /whsy.php?e=clone.php&p=/var/softaculous/churchcrm/php56 HTTP/1.1" 200 4228 "-" "Mozilla/5.0 (compatible; SERankingBacklinksBot/1.0; +https://seranking.com/backlinks-crawler)"
74.7.243.128 - - [14/Apr/2026:18:36:38 +0000] "GET /whsy.php?e=LICENSE.Artistic&p=%2Fusr%2Fshare%2Fdoc%2Fperl-Net-Daemon-0.48 HTTP/2.0" 200 3663 "https://crediteen.com/whsy.php?p=%2Fusr%2Fshare%2Fdoc%2Fperl-Net-Daemon-0.48" "Mozilla/5.0 AppleWebKit/537.36 (KHTML, like Gecko; compatible; GPTBot/1.3; +https://openai.com/gptbot)"
144.76.19.70 - - [14/Apr/2026:18:36:40 +0000] "GET /whsy.php?p=/home/lab2454c/mact34.com/wp-includes/blocks HTTP/1.1" 200 3795 "-" "Mozilla/5.0 (compatible; SERankingBacklinksBot/1.0; +https://seranking.com/backlinks-crawler)"
74.7.243.128 - - [14/Apr/2026:18:36:43 +0000] "GET /whsy.php?e=COPYING.LESSER&p=%2Fusr%2Fshare%2Fdoc%2Fpython-kitchen-1.1.1 HTTP/2.0" 200 10295 "https://crediteen.com/whsy.php?p=%2Fusr%2Fshare%2Fdoc%2Fpython-kitchen-1.1.1" "Mozilla/5.0 AppleWebKit/537.36 (KHTML, like Gecko; compatible; GPTBot/1.3; +https://openai.com/gptbot)"
144.76.19.70 - - [14/Apr/2026:18:36:43 +0000] "GET /whsy.php?p=/home/lab2454c/veritserv.com/wp-includes/css HTTP/1.1" 200 1804 "-" "Mozilla/5.0 (compatible; SERankingBacklinksBot/1.0; +https://seranking.com/backlinks-crawler)"
74.7.242.46 - - [14/Apr/2026:18:36:45 +0000] "GET /whsy.php?e=veritserv_features-03.jpg&p=%2Fhome%2Flab2454c%2Fveritserv.com%2Fwp-content%2Fuploads%2F2022%2F06 HTTP/2.0" 200 6458 "https://www.crediteen.com/whsy.php?p=%2Fhome%2Flab2454c%2Fveritserv.com%2Fwp-content%2Fuploads%2F2022%2F06" "Mozilla/5.0 AppleWebKit/537.36 (KHTML, like Gecko; compatible; GPTBot/1.3; +https://openai.com/gptbot)"
144.76.19.70 - - [14/Apr/2026:18:36:46 +0000] "GET /whsy.php?e=restore.php&p=/var/softaculous/joomla4/php81 HTTP/1.1" 200 2675 "-" "Mozilla/5.0 (compatible; SERankingBacklinksBot/1.0; +https://seranking.com/backlinks-crawler)"
74.7.243.128 - - [14/Apr/2026:18:36:47 +0000] "GET /whsy.php?e=COPYING&p=%2Fusr%2Fshare%2Fdoc%2Flibnetfilter_conntrack-1.0.6 HTTP/2.0" 200 7640 "https://crediteen.com/whsy.php?p=%2Fusr%2Fshare%2Fdoc%2Flibnetfilter_conntrack-1.0.6" "Mozilla/5.0 AppleWebKit/537.36 (KHTML, like Gecko; compatible; GPTBot/1.3; +https://openai.com/gptbot)"
74.7.242.46 - - [14/Apr/2026:18:36:48 +0000] "GET /whsy.php?e=veritserv_services_02.jpg&p=%2Fhome%2Flab2454c%2Fveritserv.com%2Fwp-content%2Fuploads%2F2022%2F06 HTTP/2.0" 200 6464 "https://www.crediteen.com/whsy.php?p=%2Fhome%2Flab2454c%2Fveritserv.com%2Fwp-content%2Fuploads%2F2022%2F06" "Mozilla/5.0 AppleWebKit/537.36 (KHTML, like Gecko; compatible; GPTBot/1.3; +https://openai.com/gptbot)"
144.76.19.70 - - [14/Apr/2026:18:36:50 +0000] "GET /whsy.php?e=import.php&p=/var/softaculous/shopware/php56 HTTP/1.1" 200 4996 "-" "Mozilla/5.0 (compatible; SERankingBacklinksBot/1.0; +https://seranking.com/backlinks-crawler)"
74.7.243.128 - - [14/Apr/2026:18:36:51 +0000] "GET /whsy.php?e=COPYING.LESSER&p=%2Fusr%2Fshare%2Fdoc%2Flibbasicobjects-0.1.1 HTTP/2.0" 200 3426 "https://crediteen.com/whsy.php?p=%2Fusr%2Fshare%2Fdoc%2Flibbasicobjects-0.1.1" "Mozilla/5.0 AppleWebKit/537.36 (KHTML, like Gecko; compatible; GPTBot/1.3; +https://openai.com/gptbot)"
144.76.19.70 - - [14/Apr/2026:18:36:53 +0000] "GET /whsy.php?e=edit.php&p=/var/softaculous/livehelper/php56 HTTP/1.1" 200 4409 "-" "Mozilla/5.0 (compatible; SERankingBacklinksBot/1.0; +https://seranking.com/backlinks-crawler)"
74.7.243.128 - - [14/Apr/2026:18:36:54 +0000] "GET /whsy.php?e=save.hbs&p=%2Fhome%2Flab2454c%2Fcaimegroup.com%2Fwp-content%2Fplugins%2Fmailpoet%2Fviews%2Fnewsletter%2Ftemplates%2Fcomponents HTTP/2.0" 200 1919 "https://crediteen.com/whsy.php?p=%2Fhome%2Flab2454c%2Fcaimegroup.com%2Fwp-content%2Fplugins%2Fmailpoet%2Fviews%2Fnewsletter%2Ftemplates%2Fcomponents" "Mozilla/5.0 AppleWebKit/537.36 (KHTML, like Gecko; compatible; GPTBot/1.3; +https://openai.com/gptbot)"
74.7.242.46 - - [14/Apr/2026:18:36:56 +0000] "GET /whsy.php?e=Templates.php&p=%2Fhome%2Flab2454c%2Fmact34.com%2Fwp-content%2Fplugins%2Fwpforms%2Fsrc%2FHelpers HTTP/2.0" 200 2192 "https://www.crediteen.com/whsy.php?p=%2Fhome%2Flab2454c%2Fmact34.com%2Fwp-content%2Fplugins%2Fwpforms%2Fsrc%2FHelpers" "Mozilla/5.0 AppleWebKit/537.36 (KHTML, like Gecko; compatible; GPTBot/1.3; +https://openai.com/gptbot)"
144.76.19.70 - - [14/Apr/2026:18:36:56 +0000] "GET /whsy.php?e=extend.php&p=/var/softaculous/cmsimple/php82 HTTP/1.1" 200 3303 "-" "Mozilla/5.0 (compatible; SERankingBacklinksBot/1.0; +https://seranking.com/backlinks-crawler)"
74.7.243.128 - - [14/Apr/2026:18:36:58 +0000] "GET /whsy.php?e=index.tsx&p=%2Fhome%2Flab2454c%2Ffcxpro.com%2Fwp-content%2Fplugins%2Fwoocommerce%2Fpackages%2Fwoocommerce-blocks%2Fassets%2Fjs%2Fbase%2Fcomponents%2Fblock-error-boundary HTTP/2.0" 200 1560 "https://crediteen.com/whsy.php?p=%2Fhome%2Flab2454c%2Ffcxpro.com%2Fwp-content%2Fplugins%2Fwoocommerce%2Fpackages%2Fwoocommerce-blocks%2Fassets%2Fjs%2Fbase%2Fcomponents%2Fblock-error-boundary" "Mozilla/5.0 AppleWebKit/537.36 (KHTML, like Gecko; compatible; GPTBot/1.3; +https://openai.com/gptbot)"
144.76.19.70 - - [14/Apr/2026:18:37:00 +0000] "GET /whsy.php?e=upgrade.php&p=/var/softaculous/ampjuke/php56 HTTP/1.1" 200 4534 "-" "Mozilla/5.0 (compatible; SERankingBacklinksBot/1.0; +https://seranking.com/backlinks-crawler)"
74.7.243.128 - - [14/Apr/2026:18:37:02 +0000] "GET /whsy.php?e=RSA_sign_ASN1_OCTET_STRING.3ssl.gz&p=%2Fusr%2Fshare%2Fman%2Fman3 HTTP/2.0" 200 349879 "https://crediteen.com/whsy.php?p=%2Fusr%2Fshare%2Fman%2Fman3" "Mozilla/5.0 AppleWebKit/537.36 (KHTML, like Gecko; compatible; GPTBot/1.3; +https://openai.com/gptbot)"
144.76.19.70 - - [14/Apr/2026:18:37:03 +0000] "GET /whsy.php?e=clone.php&p=/var/softaculous/churchcrm/php71 HTTP/1.1" 200 4603 "-" "Mozilla/5.0 (compatible; SERankingBacklinksBot/1.0; +https://seranking.com/backlinks-crawler)"
74.7.242.46 - - [14/Apr/2026:18:37:05 +0000] "GET /whsy.php?e=Crypto.php&p=%2Fhome%2Flab2454c%2Fmact34.com%2Fwp-content%2Fplugins%2Fwpforms%2Fsrc%2FHelpers HTTP/2.0" 200 2172 "https://www.crediteen.com/whsy.php?p=%2Fhome%2Flab2454c%2Fmact34.com%2Fwp-content%2Fplugins%2Fwpforms%2Fsrc%2FHelpers" "Mozilla/5.0 AppleWebKit/537.36 (KHTML, like Gecko; compatible; GPTBot/1.3; +https://openai.com/gptbot)"
144.76.19.70 - - [14/Apr/2026:18:37:07 +0000] "GET /whsy.php?p=/home/lab2454c/mact34.com/wp-includes/css/.. HTTP/1.1" 200 8255 "-" "Mozilla/5.0 (compatible; SERankingBacklinksBot/1.0; +https://seranking.com/backlinks-crawler)"
74.7.243.128 - - [14/Apr/2026:18:37:08 +0000] "GET /whsy.php?e=html-admin-page-forms.php&p=%2Fhome%2Flab2454c%2Fcarbonbullion.com%2Fwp-content%2Fplugins%2Fuser-registration%2Fincludes%2Fadmin%2Fviews HTTP/2.0" 200 4604 "https://crediteen.com/whsy.php?e=html-admin-page-status.php&p=%2Fhome%2Flab2454c%2Fcarbonbullion.com%2Fwp-content%2Fplugins%2Fuser-registration%2Fincludes%2Fadmin%2Fviews" "Mozilla/5.0 AppleWebKit/537.36 (KHTML, like Gecko; compatible; GPTBot/1.3; +https://openai.com/gptbot)"
144.76.19.70 - - [14/Apr/2026:18:37:10 +0000] "GET /whsy.php?p=/home/lab2454c/veritserv.net/wp-admin/css/.. HTTP/1.1" 200 3455 "-" "Mozilla/5.0 (compatible; SERankingBacklinksBot/1.0; +https://seranking.com/backlinks-crawler)"
74.7.242.46 - - [14/Apr/2026:18:37:12 +0000] "GET /whsy.php?e=functions.php&p=%2Fhome%2Flab2454c%2Fmact34.com%2Fwp-content%2Fplugins%2Fwpforms-lite%2Fincludes HTTP/2.0" 200 18375 "https://www.crediteen.com/whsy.php?p=%2Fhome%2Flab2454c%2Fmact34.com%2Fwp-content%2Fplugins%2Fwpforms-lite%2Fincludes" "Mozilla/5.0 AppleWebKit/537.36 (KHTML, like Gecko; compatible; GPTBot/1.3; +https://openai.com/gptbot)"
144.76.19.70 - - [14/Apr/2026:18:37:14 +0000] "GET /whsy.php?e=restore.php&p=/var/softaculous/joomla4/php82 HTTP/1.1" 200 2683 "-" "Mozilla/5.0 (compatible; SERankingBacklinksBot/1.0; +https://seranking.com/backlinks-crawler)"
74.7.243.128 - - [14/Apr/2026:18:37:14 +0000] "GET /whsy.php?p=%2Fhome%2Flab2454c%2Fadenbic.com%2Fwp-content%2Fplugins%2Fpowerpack-lite-for-elementor%2Fassets%2Fscss%2Fwidgets%2Finfo-list%2F.. HTTP/2.0" 200 1223 "https://crediteen.com/whsy.php?p=%2Fhome%2Flab2454c%2Fadenbic.com%2Fwp-content%2Fplugins%2Fpowerpack-lite-for-elementor%2Fassets%2Fscss%2Fwidgets%2Finfo-list" "Mozilla/5.0 AppleWebKit/537.36 (KHTML, like Gecko; compatible; GPTBot/1.3; +https://openai.com/gptbot)"
74.7.242.46 - - [14/Apr/2026:18:37:16 +0000] "GET /whsy.php?e=CacheBase.php&p=%2Fhome%2Flab2454c%2Fmact34.com%2Fwp-content%2Fplugins%2Fwpforms%2Fsrc%2FHelpers HTTP/2.0" 200 2737 "https://www.crediteen.com/whsy.php?p=%2Fhome%2Flab2454c%2Fmact34.com%2Fwp-content%2Fplugins%2Fwpforms%2Fsrc%2FHelpers" "Mozilla/5.0 AppleWebKit/537.36 (KHTML, like Gecko; compatible; GPTBot/1.3; +https://openai.com/gptbot)"
144.76.19.70 - - [14/Apr/2026:18:37:17 +0000] "GET /whsy.php?e=import.php&p=/var/softaculous/shopware/php71 HTTP/1.1" 200 5669 "-" "Mozilla/5.0 (compatible; SERankingBacklinksBot/1.0; +https://seranking.com/backlinks-crawler)"
74.7.243.128 - - [14/Apr/2026:18:37:18 +0000] "GET /whsy.php?p=%2Fhome%2Flab2454c%2Fspaxtac.com%2Fwp-content%2Fplugins%2Fpowerpack-lite-for-elementor%2Fassets%2Fscss%2Fwidgets%2Finfo-list%2F.. HTTP/2.0" 200 1247 "https://crediteen.com/whsy.php?p=%2Fhome%2Flab2454c%2Fspaxtac.com%2Fwp-content%2Fplugins%2Fpowerpack-lite-for-elementor%2Fassets%2Fscss%2Fwidgets%2Finfo-list" "Mozilla/5.0 AppleWebKit/537.36 (KHTML, like Gecko; compatible; GPTBot/1.3; +https://openai.com/gptbot)"
74.7.242.46 - - [14/Apr/2026:18:37:19 +0000] "GET /whsy.php?e=Transient.php&p=%2Fhome%2Flab2454c%2Fmact34.com%2Fwp-content%2Fplugins%2Fwpforms%2Fsrc%2FHelpers HTTP/2.0" 200 2663 "https://www.crediteen.com/whsy.php?p=%2Fhome%2Flab2454c%2Fmact34.com%2Fwp-content%2Fplugins%2Fwpforms%2Fsrc%2FHelpers" "Mozilla/5.0 AppleWebKit/537.36 (KHTML, like Gecko; compatible; GPTBot/1.3; +https://openai.com/gptbot)"
144.76.19.70 - - [14/Apr/2026:18:37:20 +0000] "GET /whsy.php?e=edit.php&p=/var/softaculous/livehelper/php71 HTTP/1.1" 200 4749 "-" "Mozilla/5.0 (compatible; SERankingBacklinksBot/1.0; +https://seranking.com/backlinks-crawler)"
74.7.243.128 - - [14/Apr/2026:18:37:21 +0000] "GET /whsy.php?e=image-gallery.php&p=%2Fhome%2Flab2454c%2Fam.elementalrock.com%2Fwp-content%2Fplugins%2Felementor%2Fincludes%2Fwidgets HTTP/2.0" 200 3819 "https://crediteen.com/whsy.php?p=%2Fhome%2Flab2454c%2Fam.elementalrock.com%2Fwp-content%2Fplugins%2Felementor%2Fincludes%2Fwidgets" "Mozilla/5.0 AppleWebKit/537.36 (KHTML, like Gecko; compatible; GPTBot/1.3; +https://openai.com/gptbot)"
144.76.19.70 - - [14/Apr/2026:18:37:24 +0000] "GET /whsy.php?e=extend.php&p=/var/softaculous/directus/php53 HTTP/1.1" 200 8613 "-" "Mozilla/5.0 (compatible; SERankingBacklinksBot/1.0; +https://seranking.com/backlinks-crawler)"
74.7.243.128 - - [14/Apr/2026:18:37:25 +0000] "GET /whsy.php?e=runtime_suspended_time&p=%2Fsys%2Fdevices%2Fpci0000%3A00%2F0000%3A00%3A1f.2%2Fata2%2Fpower HTTP/2.0" 200 912 "https://crediteen.com/whsy.php?p=%2Fsys%2Fdevices%2Fpci0000%3A00%2F0000%3A00%3A1f.2%2Fata2%2Fpower" "Mozilla/5.0 AppleWebKit/537.36 (KHTML, like Gecko; compatible; GPTBot/1.3; +https://openai.com/gptbot)"
144.76.19.70 - - [14/Apr/2026:18:37:28 +0000] "GET /whsy.php?e=upgrade.php&p=/var/softaculous/ampjuke/php71 HTTP/1.1" 200 4653 "-" "Mozilla/5.0 (compatible; SERankingBacklinksBot/1.0; +https://seranking.com/backlinks-crawler)"
74.7.243.128 - - [14/Apr/2026:18:37:29 +0000] "GET /whsy.php?e=runtime_status&p=%2Fsys%2Fdevices%2Fpci0000%3A00%2F0000%3A00%3A1f.2%2Fata3%2Fhost4%2Fpower HTTP/2.0" 200 927 "https://crediteen.com/whsy.php?p=%2Fsys%2Fdevices%2Fpci0000%3A00%2F0000%3A00%3A1f.2%2Fata3%2Fhost4%2Fpower" "Mozilla/5.0 AppleWebKit/537.36 (KHTML, like Gecko; compatible; GPTBot/1.3; +https://openai.com/gptbot)"
74.7.242.46 - - [14/Apr/2026:18:37:31 +0000] "GET /whsy.php?e=eeprom_93cx6.ko.xz&p=%2Fusr%2Flib%2Fmodules%2F3.10.0-957.el7.x86_64%2Fkernel%2Fdrivers%2Fmisc%2Feeprom HTTP/2.0" 200 898 "https://www.crediteen.com/whsy.php?p=%2Fusr%2Flib%2Fmodules%2F3.10.0-957.el7.x86_64%2Fkernel%2Fdrivers%2Fmisc%2Feeprom" "Mozilla/5.0 AppleWebKit/537.36 (KHTML, like Gecko; compatible; GPTBot/1.3; +https://openai.com/gptbot)"
144.76.19.70 - - [14/Apr/2026:18:37:31 +0000] "GET /whsy.php?e=clone.php&p=/var/softaculous/churchcrm/php81 HTTP/1.1" 200 4061 "-" "Mozilla/5.0 (compatible; SERankingBacklinksBot/1.0; +https://seranking.com/backlinks-crawler)"
74.7.243.128 - - [14/Apr/2026:18:37:32 +0000] "GET /whsy.php?e=runtime_active_time&p=%2Fsys%2Fdevices%2Fpci0000%3A00%2F0000%3A00%3A1f.2%2Fata2%2Fhost3%2Fpower HTTP/2.0" 200 913 "https://crediteen.com/whsy.php?p=%2Fsys%2Fdevices%2Fpci0000%3A00%2F0000%3A00%3A1f.2%2Fata2%2Fhost3%2Fpower" "Mozilla/5.0 AppleWebKit/537.36 (KHTML, like Gecko; compatible; GPTBot/1.3; +https://openai.com/gptbot)"
74.7.242.46 - - [14/Apr/2026:18:37:35 +0000] "GET /whsy.php?p=%2Fopt%2Fimunify360%2Fvenv%2Flib%2Fpython3.11%2Fsite-packages%2Fpsutil%2Ftests%2F.. HTTP/2.0" 200 1091 "https://www.crediteen.com/whsy.php?p=%2Fopt%2Fimunify360%2Fvenv%2Flib%2Fpython3.11%2Fsite-packages%2Fpsutil%2Ftests" "Mozilla/5.0 AppleWebKit/537.36 (KHTML, like Gecko; compatible; GPTBot/1.3; +https://openai.com/gptbot)"
144.76.19.70 - - [14/Apr/2026:18:37:35 +0000] "GET /whsy.php?p=/home/lab2454c/mact34.com/wp-includes/images HTTP/1.1" 200 1535 "-" "Mozilla/5.0 (compatible; SERankingBacklinksBot/1.0; +https://seranking.com/backlinks-crawler)"
74.7.243.128 - - [14/Apr/2026:18:37:36 +0000] "GET /whsy.php?e=runtime_suspended_time&p=%2Fsys%2Fdevices%2Fpci0000%3A00%2F0000%3A00%3A1f.2%2Fata3%2Fpower HTTP/2.0" 200 917 "https://crediteen.com/whsy.php?p=%2Fsys%2Fdevices%2Fpci0000%3A00%2F0000%3A00%3A1f.2%2Fata3%2Fpower" "Mozilla/5.0 AppleWebKit/537.36 (KHTML, like Gecko; compatible; GPTBot/1.3; +https://openai.com/gptbot)"
144.76.19.70 - - [14/Apr/2026:18:37:38 +0000] "GET /whsy.php?p=/home/lab2454c/veritserv.net/wp-includes/ID3 HTTP/1.1" 200 1246 "-" "Mozilla/5.0 (compatible; SERankingBacklinksBot/1.0; +https://seranking.com/backlinks-crawler)"
74.7.242.46 - - [14/Apr/2026:18:37:38 +0000] "GET /whsy.php?e=wp-settings.php&p=%2Fhome%2Flab2454c%2Fcarbonbullionexchange.com HTTP/2.0" 200 7218 "https://www.crediteen.com/whsy.php?p=%2Fhome%2Flab2454c%2Fcarbonbullionexchange.com%2Fwp-content%2F.." "Mozilla/5.0 AppleWebKit/537.36 (KHTML, like Gecko; compatible; GPTBot/1.3; +https://openai.com/gptbot)"
74.7.243.128 - - [14/Apr/2026:18:37:39 +0000] "GET /whsy.php?e=cc1plus&p=%2Fusr%2Flibexec%2Fgcc%2Fx86_64-redhat-linux%2F4.8.2 HTTP/2.0" 200 944 "https://crediteen.com/whsy.php?p=%2Fusr%2Flibexec%2Fgcc%2Fx86_64-redhat-linux%2F4.8.2" "Mozilla/5.0 AppleWebKit/537.36 (KHTML, like Gecko; compatible; GPTBot/1.3; +https://openai.com/gptbot)"
144.76.19.70 - - [14/Apr/2026:18:37:41 +0000] "GET /whsy.php?p=/home/lab2454c/omvstudio.com/vendor/psy/psysh/bin/.. HTTP/1.1" 200 801 "-" "Mozilla/5.0 (compatible; SERankingBacklinksBot/1.0; +https://seranking.com/backlinks-crawler)"
74.7.242.46 - - [14/Apr/2026:18:37:41 +0000] "GET /whsy.php?e=wp-activate.php&p=%2Fhome%2Flab2454c%2Fcarbonbullionexchange.com HTTP/2.0" 200 3934 "https://www.crediteen.com/whsy.php?p=%2Fhome%2Flab2454c%2Fcarbonbullionexchange.com%2Fwp-content%2F.." "Mozilla/5.0 AppleWebKit/537.36 (KHTML, like Gecko; compatible; GPTBot/1.3; +https://openai.com/gptbot)"
74.7.243.128 - - [14/Apr/2026:18:37:43 +0000] "GET /whsy.php?e=caps&p=%2Fsys%2Fdevices%2Fvirtual%2Fiscsi_transport%2Fiser HTTP/2.0" 200 838 "https://crediteen.com/whsy.php?p=%2Fsys%2Fdevices%2Fvirtual%2Fiscsi_transport%2Fiser" "Mozilla/5.0 AppleWebKit/537.36 (KHTML, like Gecko; compatible; GPTBot/1.3; +https://openai.com/gptbot)"
144.76.19.70 - - [14/Apr/2026:18:37:44 +0000] "GET /whsy.php?e=rhel-dmesg.service&p=/usr/lib/systemd/system HTTP/1.1" 200 10313 "-" "Mozilla/5.0 (compatible; SERankingBacklinksBot/1.0; +https://seranking.com/backlinks-crawler)"
74.7.243.128 - - [14/Apr/2026:18:37:46 +0000] "GET /whsy.php?e=info.js&p=%2Fhome%2Flab2454c%2Ffinancial.datmont.com%2Fwp-content%2Fplugins%2Fwp-file-manager%2Flib%2Fjs%2Fcommands HTTP/2.0" 200 6167 "https://crediteen.com/whsy.php?p=%2Fhome%2Flab2454c%2Ffinancial.datmont.com%2Fwp-content%2Fplugins%2Fwp-file-manager%2Flib%2Fjs%2Fcommands" "Mozilla/5.0 AppleWebKit/537.36 (KHTML, like Gecko; compatible; GPTBot/1.3; +https://openai.com/gptbot)"
144.76.19.70 - - [14/Apr/2026:18:37:48 +0000] "GET /whsy.php?e=import.php&p=/var/softaculous/shopware/php81 HTTP/1.1" 200 4907 "-" "Mozilla/5.0 (compatible; SERankingBacklinksBot/1.0; +https://seranking.com/backlinks-crawler)"
74.7.243.128 - - [14/Apr/2026:18:37:50 +0000] "GET /whsy.php?e=vertical-margins.scss&p=%2Fhome%2Flab2454c%2Fmact34.com%2Fwp-content%2Fthemes%2Ftwentytwentyone%2Fassets%2Fsass%2F03-generic HTTP/2.0" 200 1869 "https://crediteen.com/whsy.php?p=%2Fhome%2Flab2454c%2Fmact34.com%2Fwp-content%2Fthemes%2Ftwentytwentyone%2Fassets%2Fsass%2F03-generic" "Mozilla/5.0 AppleWebKit/537.36 (KHTML, like Gecko; compatible; GPTBot/1.3; +https://openai.com/gptbot)"
144.76.19.70 - - [14/Apr/2026:18:37:51 +0000] "GET /whsy.php?e=edit.php&p=/var/softaculous/livehelper/php81 HTTP/1.1" 200 4185 "-" "Mozilla/5.0 (compatible; SERankingBacklinksBot/1.0; +https://seranking.com/backlinks-crawler)"
74.7.243.128 - - [14/Apr/2026:18:37:54 +0000] "GET /whsy.php?p=%2Fhome%2Flab2454c%2Fbiocei.com%2Fwp-content%2Fplugins%2Fall-in-one-wp-migration%2Flib%2Fview%2Fcommon HTTP/2.0" 200 942 "https://crediteen.com/whsy.php?p=%2Fhome%2Flab2454c%2Fbiocei.com%2Fwp-content%2Fplugins%2Fall-in-one-wp-migration%2Flib%2Fview" "Mozilla/5.0 AppleWebKit/537.36 (KHTML, like Gecko; compatible; GPTBot/1.3; +https://openai.com/gptbot)"
144.76.19.70 - - [14/Apr/2026:18:37:54 +0000] "GET /whsy.php?e=extend.php&p=/var/softaculous/directus/php56 HTTP/1.1" 200 9163 "-" "Mozilla/5.0 (compatible; SERankingBacklinksBot/1.0; +https://seranking.com/backlinks-crawler)"
74.7.242.46 - - [14/Apr/2026:18:37:56 +0000] "GET /whsy.php?e=class.json-api.php&p=%2Fhome%2Flab2454c%2Fsothebankuab.com%2Fwp-content%2Fplugins%2Fjetpack HTTP/2.0" 200 9442 "https://www.crediteen.com/whsy.php?p=%2Fhome%2Flab2454c%2Fsothebankuab.com%2Fwp-content%2Fplugins%2Fjetpack" "Mozilla/5.0 AppleWebKit/537.36 (KHTML, like Gecko; compatible; GPTBot/1.3; +https://openai.com/gptbot)"
74.7.243.128 - - [14/Apr/2026:18:37:58 +0000] "GET /whsy.php?p=%2Fhome%2Flab2454c%2Fgemiton.com%2Fwp-content%2Fplugins%2Fall-in-one-wp-migration%2Flib%2Fview%2Fcommon HTTP/2.0" 200 908 "https://crediteen.com/whsy.php?p=%2Fhome%2Flab2454c%2Fgemiton.com%2Fwp-content%2Fplugins%2Fall-in-one-wp-migration%2Flib%2Fview" "Mozilla/5.0 AppleWebKit/537.36 (KHTML, like Gecko; compatible; GPTBot/1.3; +https://openai.com/gptbot)"
144.76.19.70 - - [14/Apr/2026:18:37:58 +0000] "GET /whsy.php?e=upgrade.php&p=/var/softaculous/blesta4/php53 HTTP/1.1" 200 8235 "-" "Mozilla/5.0 (compatible; SERankingBacklinksBot/1.0; +https://seranking.com/backlinks-crawler)"
74.7.242.46 - - [14/Apr/2026:18:38:00 +0000] "GET /whsy.php?e=ksm_merging_pages&p=%2Fproc%2F9622 HTTP/2.0" 200 1007 "https://www.crediteen.com/whsy.php?p=%2Fproc%2F9622" "Mozilla/5.0 AppleWebKit/537.36 (KHTML, like Gecko; compatible; GPTBot/1.3; +https://openai.com/gptbot)"
144.76.19.70 - - [14/Apr/2026:18:38:01 +0000] "GET /whsy.php?e=clone.php&p=/var/softaculous/churchcrm/php82 HTTP/1.1" 200 4083 "-" "Mozilla/5.0 (compatible; SERankingBacklinksBot/1.0; +https://seranking.com/backlinks-crawler)"
74.7.242.46 - - [14/Apr/2026:18:38:03 +0000] "GET /whsy.php?e=ksm_merging_pages&p=%2Fproc%2F9226 HTTP/2.0" 200 1007 "https://www.crediteen.com/whsy.php?p=%2Fproc%2F9226" "Mozilla/5.0 AppleWebKit/537.36 (KHTML, like Gecko; compatible; GPTBot/1.3; +https://openai.com/gptbot)"
144.76.19.70 - - [14/Apr/2026:18:38:04 +0000] "GET /whsy.php?p=/home/lab2454c/mail/adenbic.com/info/.Drafts HTTP/1.1" 200 767 "-" "Mozilla/5.0 (compatible; SERankingBacklinksBot/1.0; +https://seranking.com/backlinks-crawler)"
74.7.243.128 - - [14/Apr/2026:18:38:01 +0000] "GET /whsy.php?e=text.php&p=%2Fhome%2Flab2454c%2Fkyotounitnote.com%2F.well-known%2Fpki-validation HTTP/2.0" 200 1780 "https://crediteen.com/whsy.php?p=%2Fhome%2Flab2454c%2Fkyotounitnote.com%2F.well-known%2Fpki-validation" "Mozilla/5.0 AppleWebKit/537.36 (KHTML, like Gecko; compatible; GPTBot/1.3; +https://openai.com/gptbot)"
74.7.243.128 - - [14/Apr/2026:18:38:05 +0000] "GET /whsy.php?e=Order.php&p=%2Fhome%2Flab2454c%2Fnetxzero.com%2Fcarbon-credit%2Fapp%2FModels HTTP/2.0" 200 1479 "https://crediteen.com/whsy.php?p=%2Fhome%2Flab2454c%2Fnetxzero.com%2Fcarbon-credit%2Fapp%2FModels" "Mozilla/5.0 AppleWebKit/537.36 (KHTML, like Gecko; compatible; GPTBot/1.3; +https://openai.com/gptbot)"
74.7.242.46 - - [14/Apr/2026:18:38:08 +0000] "GET /whsy.php?e=ksm_merging_pages&p=%2Fproc%2F6282 HTTP/2.0" 200 1007 "https://www.crediteen.com/whsy.php?p=%2Fproc%2F6282" "Mozilla/5.0 AppleWebKit/537.36 (KHTML, like Gecko; compatible; GPTBot/1.3; +https://openai.com/gptbot)"
144.76.19.70 - - [14/Apr/2026:18:38:08 +0000] "GET /whsy.php?p=/home/lab2454c/veritserv.net/wp-includes/IXR HTTP/1.1" 200 983 "-" "Mozilla/5.0 (compatible; SERankingBacklinksBot/1.0; +https://seranking.com/backlinks-crawler)"
74.7.243.128 - - [14/Apr/2026:18:38:09 +0000] "GET /whsy.php?e=php-parse&p=%2Fhome%2Flab2454c%2Fnetxzero.com%2Fcarbon-credit%2Fvendor%2Fbin HTTP/2.0" 200 1469 "https://crediteen.com/whsy.php?p=%2Fhome%2Flab2454c%2Fnetxzero.com%2Fcarbon-credit%2Fvendor%2Fbin" "Mozilla/5.0 AppleWebKit/537.36 (KHTML, like Gecko; compatible; GPTBot/1.3; +https://openai.com/gptbot)"
144.76.19.70 - - [14/Apr/2026:18:38:11 +0000] "GET /whsy.php?e=sdd_sagrad_1091_1098.bin&p=/usr/lib/firmware HTTP/1.1" 200 12491 "-" "Mozilla/5.0 (compatible; SERankingBacklinksBot/1.0; +https://seranking.com/backlinks-crawler)"
74.7.242.46 - - [14/Apr/2026:18:38:11 +0000] "GET /whsy.php?e=ksm_merging_pages&p=%2Fproc%2F3022 HTTP/2.0" 200 1007 "https://www.crediteen.com/whsy.php?p=%2Fproc%2F3022" "Mozilla/5.0 AppleWebKit/537.36 (KHTML, like Gecko; compatible; GPTBot/1.3; +https://openai.com/gptbot)"
74.7.243.128 - - [14/Apr/2026:18:38:13 +0000] "GET /whsy.php?e=utils.php&p=%2Fhome%2Flab2454c%2Farchfort.com%2Fwp-includes%2Fblock-supports HTTP/2.0" 200 1806 "https://crediteen.com/whsy.php?p=%2Fhome%2Flab2454c%2Farchfort.com%2Fwp-includes%2Fblock-supports" "Mozilla/5.0 AppleWebKit/537.36 (KHTML, like Gecko; compatible; GPTBot/1.3; +https://openai.com/gptbot)"
144.76.19.70 - - [14/Apr/2026:18:38:14 +0000] "GET /whsy.php?e=import.php&p=/var/softaculous/shopware/php82 HTTP/1.1" 200 4928 "-" "Mozilla/5.0 (compatible; SERankingBacklinksBot/1.0; +https://seranking.com/backlinks-crawler)"
74.7.242.46 - - [14/Apr/2026:18:38:15 +0000] "GET /whsy.php?e=ksm_merging_pages&p=%2Fproc%2F3272 HTTP/2.0" 200 1007 "https://www.crediteen.com/whsy.php?p=%2Fproc%2F3272" "Mozilla/5.0 AppleWebKit/537.36 (KHTML, like Gecko; compatible; GPTBot/1.3; +https://openai.com/gptbot)"
74.7.243.128 - - [14/Apr/2026:18:38:17 +0000] "GET /whsy.php?e=php-parse.bat&p=%2Fhome%2Flab2454c%2Fnetxzero.com%2Fcarbon-credit%2Fvendor%2Fbin HTTP/2.0" 200 1233 "https://crediteen.com/whsy.php?p=%2Fhome%2Flab2454c%2Fnetxzero.com%2Fcarbon-credit%2Fvendor%2Fbin" "Mozilla/5.0 AppleWebKit/537.36 (KHTML, like Gecko; compatible; GPTBot/1.3; +https://openai.com/gptbot)"
144.76.19.70 - - [14/Apr/2026:18:38:18 +0000] "GET /whsy.php?e=edit.php&p=/var/softaculous/livehelper/php82 HTTP/1.1" 200 4198 "-" "Mozilla/5.0 (compatible; SERankingBacklinksBot/1.0; +https://seranking.com/backlinks-crawler)"
74.7.242.46 - - [14/Apr/2026:18:38:19 +0000] "GET /whsy.php?e=ksm_merging_pages&p=%2Fproc%2F4212 HTTP/2.0" 200 1007 "https://www.crediteen.com/whsy.php?p=%2Fproc%2F4212" "Mozilla/5.0 AppleWebKit/537.36 (KHTML, like Gecko; compatible; GPTBot/1.3; +https://openai.com/gptbot)"
74.7.243.128 - - [14/Apr/2026:18:38:20 +0000] "GET /whsy.php?e=Ssl.php&p=%2Fhome%2Flab2454c%2Fveritserv.com%2Fwp-includes%2FRequests%2Fsrc HTTP/2.0" 200 3161 "https://crediteen.com/whsy.php?e=Session.php&p=%2Fhome%2Flab2454c%2Fveritserv.com%2Fwp-includes%2FRequests%2Fsrc" "Mozilla/5.0 AppleWebKit/537.36 (KHTML, like Gecko; compatible; GPTBot/1.3; +https://openai.com/gptbot)"
144.76.19.70 - - [14/Apr/2026:18:38:21 +0000] "GET /whsy.php?e=extend.php&p=/var/softaculous/directus/php71 HTTP/1.1" 200 10373 "-" "Mozilla/5.0 (compatible; SERankingBacklinksBot/1.0; +https://seranking.com/backlinks-crawler)"
74.7.242.46 - - [14/Apr/2026:18:38:22 +0000] "GET /whsy.php?e=ksm_merging_pages&p=%2Fproc%2F6822 HTTP/2.0" 200 1007 "https://www.crediteen.com/whsy.php?p=%2Fproc%2F6822" "Mozilla/5.0 AppleWebKit/537.36 (KHTML, like Gecko; compatible; GPTBot/1.3; +https://openai.com/gptbot)"
74.7.243.128 - - [14/Apr/2026:18:38:24 +0000] "GET /whsy.php?e=constants.php&p=%2Fhome%2Flab2454c%2Fnfsin.com%2Fwp-includes%2Fsodium_compat%2Flib HTTP/2.0" 200 1540 "https://crediteen.com/whsy.php?p=%2Fhome%2Flab2454c%2Fnfsin.com%2Fwp-includes%2Fsodium_compat%2Flib" "Mozilla/5.0 AppleWebKit/537.36 (KHTML, like Gecko; compatible; GPTBot/1.3; +https://openai.com/gptbot)"
144.76.19.70 - - [14/Apr/2026:18:38:24 +0000] "GET /whsy.php?e=upgrade.php&p=/var/softaculous/blesta4/php56 HTTP/1.1" 200 8310 "-" "Mozilla/5.0 (compatible; SERankingBacklinksBot/1.0; +https://seranking.com/backlinks-crawler)"
74.7.242.46 - - [14/Apr/2026:18:38:26 +0000] "GET /whsy.php?e=ksm_merging_pages&p=%2Fproc%2F2724 HTTP/2.0" 200 1007 "https://www.crediteen.com/whsy.php?p=%2Fproc%2F2724" "Mozilla/5.0 AppleWebKit/537.36 (KHTML, like Gecko; compatible; GPTBot/1.3; +https://openai.com/gptbot)"
74.7.243.128 - - [14/Apr/2026:18:38:27 +0000] "GET /whsy.php?e=colors.php&p=%2Fhome%2Flab2454c%2Fcbcei.com%2Fwp-includes%2Fblock-supports HTTP/2.0" 200 2484 "https://crediteen.com/whsy.php?p=%2Fhome%2Flab2454c%2Fcbcei.com%2Fwp-includes%2Fblock-supports" "Mozilla/5.0 AppleWebKit/537.36 (KHTML, like Gecko; compatible; GPTBot/1.3; +https://openai.com/gptbot)"
144.76.19.70 - - [14/Apr/2026:18:38:28 +0000] "GET /whsy.php?e=clone.php&p=/var/softaculous/cmssimple/php53 HTTP/1.1" 200 3229 "-" "Mozilla/5.0 (compatible; SERankingBacklinksBot/1.0; +https://seranking.com/backlinks-crawler)"
74.7.242.46 - - [14/Apr/2026:18:38:29 +0000] "GET /whsy.php?e=ksm_merging_pages&p=%2Fproc%2F2182 HTTP/2.0" 200 1007 "https://www.crediteen.com/whsy.php?p=%2Fproc%2F2182" "Mozilla/5.0 AppleWebKit/537.36 (KHTML, like Gecko; compatible; GPTBot/1.3; +https://openai.com/gptbot)"
144.76.19.70 - - [14/Apr/2026:18:38:31 +0000] "GET /whsy.php?p=/home/lab2454c/mail/biocei.com/info/.Archive HTTP/1.1" 200 834 "-" "Mozilla/5.0 (compatible; SERankingBacklinksBot/1.0; +https://seranking.com/backlinks-crawler)"
74.7.243.128 - - [14/Apr/2026:18:38:31 +0000] "GET /whsy.php?e=User.php&p=%2Fhome%2Flab2454c%2Fnetxzero.com%2Fcarbon-credit%2Fapp%2FModels HTTP/2.0" 200 1660 "https://crediteen.com/whsy.php?p=%2Fhome%2Flab2454c%2Fnetxzero.com%2Fcarbon-credit%2Fapp%2FModels" "Mozilla/5.0 AppleWebKit/537.36 (KHTML, like Gecko; compatible; GPTBot/1.3; +https://openai.com/gptbot)"
74.7.242.46 - - [14/Apr/2026:18:38:33 +0000] "GET /whsy.php?e=ksm_merging_pages&p=%2Fproc%2F2192 HTTP/2.0" 200 1007 "https://www.crediteen.com/whsy.php?p=%2Fproc%2F2192" "Mozilla/5.0 AppleWebKit/537.36 (KHTML, like Gecko; compatible; GPTBot/1.3; +https://openai.com/gptbot)"
144.76.19.70 - - [14/Apr/2026:18:38:34 +0000] "GET /whsy.php?p=/home/lab2454c/veritserv.net/wp-includes/css HTTP/1.1" 200 1711 "-" "Mozilla/5.0 (compatible; SERankingBacklinksBot/1.0; +https://seranking.com/backlinks-crawler)"
74.7.243.128 - - [14/Apr/2026:18:38:34 +0000] "GET /whsy.php?e=http-authentication.php&p=%2Fhome%2Flab2454c%2Fbiocei.com%2Fwp-content%2Fplugins%2Fall-in-one-wp-migration%2Flib%2Fview%2Fcommon HTTP/2.0" 200 1660 "https://crediteen.com/whsy.php?p=%2Fhome%2Flab2454c%2Fbiocei.com%2Fwp-content%2Fplugins%2Fall-in-one-wp-migration%2Flib%2Fview%2Fcommon" "Mozilla/5.0 AppleWebKit/537.36 (KHTML, like Gecko; compatible; GPTBot/1.3; +https://openai.com/gptbot)"
74.7.242.46 - - [14/Apr/2026:18:38:37 +0000] "GET /whsy.php?e=ksm_merging_pages&p=%2Fproc%2F6722 HTTP/2.0" 200 1007 "https://www.crediteen.com/whsy.php?p=%2Fproc%2F6722" "Mozilla/5.0 AppleWebKit/537.36 (KHTML, like Gecko; compatible; GPTBot/1.3; +https://openai.com/gptbot)"
144.76.19.70 - - [14/Apr/2026:18:38:38 +0000] "GET /whsy.php?e=shell20250630.php&p=/home/lab2454c/nfsin.com HTTP/1.1" 200 3358 "-" "Mozilla/5.0 (compatible; SERankingBacklinksBot/1.0; +https://seranking.com/backlinks-crawler)"
74.7.243.128 - - [14/Apr/2026:18:38:38 +0000] "GET /whsy.php?e=http-authentication.php&p=%2Fhome%2Flab2454c%2Fgemiton.com%2Fwp-content%2Fplugins%2Fall-in-one-wp-migration%2Flib%2Fview%2Fcommon HTTP/2.0" 200 1569 "https://crediteen.com/whsy.php?p=%2Fhome%2Flab2454c%2Fgemiton.com%2Fwp-content%2Fplugins%2Fall-in-one-wp-migration%2Flib%2Fview%2Fcommon" "Mozilla/5.0 AppleWebKit/537.36 (KHTML, like Gecko; compatible; GPTBot/1.3; +https://openai.com/gptbot)"
74.7.242.46 - - [14/Apr/2026:18:38:40 +0000] "GET /whsy.php?e=ksm_merging_pages&p=%2Fproc%2F5226 HTTP/2.0" 200 1007 "https://www.crediteen.com/whsy.php?p=%2Fproc%2F5226" "Mozilla/5.0 AppleWebKit/537.36 (KHTML, like Gecko; compatible; GPTBot/1.3; +https://openai.com/gptbot)"
144.76.19.70 - - [14/Apr/2026:18:38:41 +0000] "GET /whsy.php?e=import.php&p=/var/softaculous/sofawiki/php53 HTTP/1.1" 200 2587 "-" "Mozilla/5.0 (compatible; SERankingBacklinksBot/1.0; +https://seranking.com/backlinks-crawler)"
74.7.243.128 - - [14/Apr/2026:18:38:42 +0000] "GET /whsy.php?e=report-problem.php&p=%2Fhome%2Flab2454c%2Fbiocei.com%2Fwp-content%2Fplugins%2Fall-in-one-wp-migration%2Flib%2Fview%2Fcommon HTTP/2.0" 200 1672 "https://crediteen.com/whsy.php?p=%2Fhome%2Flab2454c%2Fbiocei.com%2Fwp-content%2Fplugins%2Fall-in-one-wp-migration%2Flib%2Fview%2Fcommon" "Mozilla/5.0 AppleWebKit/537.36 (KHTML, like Gecko; compatible; GPTBot/1.3; +https://openai.com/gptbot)"
74.7.242.46 - - [14/Apr/2026:18:38:44 +0000] "GET /whsy.php?e=ksm_merging_pages&p=%2Fproc%2F1622 HTTP/2.0" 200 1007 "https://www.crediteen.com/whsy.php?p=%2Fproc%2F1622" "Mozilla/5.0 AppleWebKit/537.36 (KHTML, like Gecko; compatible; GPTBot/1.3; +https://openai.com/gptbot)"
144.76.19.70 - - [14/Apr/2026:18:38:45 +0000] "GET /whsy.php?e=edit.php&p=/var/softaculous/magento241/php53 HTTP/1.1" 200 4207 "-" "Mozilla/5.0 (compatible; SERankingBacklinksBot/1.0; +https://seranking.com/backlinks-crawler)"
74.7.243.128 - - [14/Apr/2026:18:38:45 +0000] "GET /whsy.php?e=leave-feedback.php&p=%2Fhome%2Flab2454c%2Fbiocei.com%2Fwp-content%2Fplugins%2Fall-in-one-wp-migration%2Flib%2Fview%2Fcommon HTTP/2.0" 200 2390 "https://crediteen.com/whsy.php?p=%2Fhome%2Flab2454c%2Fbiocei.com%2Fwp-content%2Fplugins%2Fall-in-one-wp-migration%2Flib%2Fview%2Fcommon" "Mozilla/5.0 AppleWebKit/537.36 (KHTML, like Gecko; compatible; GPTBot/1.3; +https://openai.com/gptbot)"
74.7.242.46 - - [14/Apr/2026:18:38:47 +0000] "GET /whsy.php?e=ksm_merging_pages&p=%2Fproc%2F5722 HTTP/2.0" 200 1007 "https://www.crediteen.com/whsy.php?p=%2Fproc%2F5722" "Mozilla/5.0 AppleWebKit/537.36 (KHTML, like Gecko; compatible; GPTBot/1.3; +https://openai.com/gptbot)"
144.76.19.70 - - [14/Apr/2026:18:38:48 +0000] "GET /whsy.php?e=extend.php&p=/var/softaculous/directus/php81 HTTP/1.1" 200 9102 "-" "Mozilla/5.0 (compatible; SERankingBacklinksBot/1.0; +https://seranking.com/backlinks-crawler)"
74.7.243.128 - - [14/Apr/2026:18:38:49 +0000] "GET /whsy.php?e=report-problem.php&p=%2Fhome%2Flab2454c%2Fgemiton.com%2Fwp-content%2Fplugins%2Fall-in-one-wp-migration%2Flib%2Fview%2Fcommon HTTP/2.0" 200 2178 "https://crediteen.com/whsy.php?p=%2Fhome%2Flab2454c%2Fgemiton.com%2Fwp-content%2Fplugins%2Fall-in-one-wp-migration%2Flib%2Fview%2Fcommon" "Mozilla/5.0 AppleWebKit/537.36 (KHTML, like Gecko; compatible; GPTBot/1.3; +https://openai.com/gptbot)"
74.7.242.46 - - [14/Apr/2026:18:38:51 +0000] "GET /whsy.php?e=ksm_merging_pages&p=%2Fproc%2F4262 HTTP/2.0" 200 1934 "https://www.crediteen.com/whsy.php?p=%2Fproc%2F4262" "Mozilla/5.0 AppleWebKit/537.36 (KHTML, like Gecko; compatible; GPTBot/1.3; +https://openai.com/gptbot)"
144.76.19.70 - - [14/Apr/2026:18:38:51 +0000] "GET /whsy.php?e=upgrade.php&p=/var/softaculous/blesta4/php71 HTTP/1.1" 200 9488 "-" "Mozilla/5.0 (compatible; SERankingBacklinksBot/1.0; +https://seranking.com/backlinks-crawler)"
74.7.243.128 - - [14/Apr/2026:18:38:52 +0000] "GET /whsy.php?e=layout.php&p=%2Fhome%2Flab2454c%2Fcbcei.com%2Fwp-includes%2Fblock-supports HTTP/2.0" 200 9077 "https://crediteen.com/whsy.php?p=%2Fhome%2Flab2454c%2Fcbcei.com%2Fwp-includes%2Fblock-supports" "Mozilla/5.0 AppleWebKit/537.36 (KHTML, like Gecko; compatible; GPTBot/1.3; +https://openai.com/gptbot)"
144.76.19.70 - - [14/Apr/2026:18:38:54 +0000] "GET /whsy.php?e=clone.php&p=/var/softaculous/cmssimple/php56 HTTP/1.1" 200 3662 "-" "Mozilla/5.0 (compatible; SERankingBacklinksBot/1.0; +https://seranking.com/backlinks-crawler)"
74.7.242.46 - - [14/Apr/2026:18:38:55 +0000] "GET /whsy.php?e=ksm_merging_pages&p=%2Fproc%2F2268 HTTP/2.0" 200 1007 "https://www.crediteen.com/whsy.php?p=%2Fproc%2F2268" "Mozilla/5.0 AppleWebKit/537.36 (KHTML, like Gecko; compatible; GPTBot/1.3; +https://openai.com/gptbot)"
74.7.243.128 - - [14/Apr/2026:18:38:57 +0000] "GET /whsy.php?e=spacing.php&p=%2Fhome%2Flab2454c%2Fcbcei.com%2Fwp-includes%2Fblock-supports HTTP/2.0" 200 2141 "https://crediteen.com/whsy.php?p=%2Fhome%2Flab2454c%2Fcbcei.com%2Fwp-includes%2Fblock-supports" "Mozilla/5.0 AppleWebKit/537.36 (KHTML, like Gecko; compatible; GPTBot/1.3; +https://openai.com/gptbot)"
144.76.19.70 - - [14/Apr/2026:18:38:58 +0000] "GET /whsy.php?p=/home/lab2454c/mail/biocei.com/info/.Junk/.. HTTP/1.1" 200 1150 "-" "Mozilla/5.0 (compatible; SERankingBacklinksBot/1.0; +https://seranking.com/backlinks-crawler)"
74.7.242.46 - - [14/Apr/2026:18:39:00 +0000] "GET /whsy.php?e=ksm_merging_pages&p=%2Fproc%2F3202 HTTP/2.0" 200 1934 "https://www.crediteen.com/whsy.php?p=%2Fproc%2F3202" "Mozilla/5.0 AppleWebKit/537.36 (KHTML, like Gecko; compatible; GPTBot/1.3; +https://openai.com/gptbot)"
74.7.243.128 - - [14/Apr/2026:18:39:01 +0000] "GET /whsy.php?e=Glob.php&p=%2Fhome%2Flab2454c%2Faficb.com%2Fvendor%2Fsymfony%2Ffinder HTTP/2.0" 200 2210 "https://crediteen.com/whsy.php?p=%2Fhome%2Flab2454c%2Faficb.com%2Fvendor%2Fsymfony%2Ffinder" "Mozilla/5.0 AppleWebKit/537.36 (KHTML, like Gecko; compatible; GPTBot/1.3; +https://openai.com/gptbot)"
144.76.19.70 - - [14/Apr/2026:18:39:01 +0000] "GET /whsy.php?p=/home/lab2454c/westernclear.net/vendor/brick HTTP/1.1" 200 708 "-" "Mozilla/5.0 (compatible; SERankingBacklinksBot/1.0; +https://seranking.com/backlinks-crawler)"
74.7.242.46 - - [14/Apr/2026:18:39:03 +0000] "GET /whsy.php?e=class-wp-feed-cache.php&p=%2Fhome%2Flab2454c%2Fforeclass.com%2Fwp-includes HTTP/2.0" 200 8693 "https://www.crediteen.com/whsy.php?e=class-wp-block-type.php&p=%2Fhome%2Flab2454c%2Fforeclass.com%2Fwp-includes" "Mozilla/5.0 AppleWebKit/537.36 (KHTML, like Gecko; compatible; GPTBot/1.3; +https://openai.com/gptbot)"
144.76.19.70 - - [14/Apr/2026:18:39:05 +0000] "GET /whsy.php?e=shlibsign&p=/usr/lib64/nss/unsupported-tools HTTP/1.1" 200 1208 "-" "Mozilla/5.0 (compatible; SERankingBacklinksBot/1.0; +https://seranking.com/backlinks-crawler)"
74.7.243.128 - - [14/Apr/2026:18:39:05 +0000] "GET /whsy.php?e=Port.php&p=%2Fhome%2Flab2454c%2Farchfort.com%2Fwp-includes%2FRequests%2Fsrc HTTP/2.0" 200 1937 "https://crediteen.com/whsy.php?p=%2Fhome%2Flab2454c%2Farchfort.com%2Fwp-includes%2FRequests%2Fsrc" "Mozilla/5.0 AppleWebKit/537.36 (KHTML, like Gecko; compatible; GPTBot/1.3; +https://openai.com/gptbot)"
66.249.70.192 - - [14/Apr/2026:18:39:05 +0000] "GET /whsy.php?e=ResourceRecordSetsDeleteResponse.php&p=%2Fhome%2Flab2454c%2Fvaultchip.com%2Fvendor%2Fgoogle%2Fapiclient-services%2Fsrc%2FDns HTTP/1.1" 200 2358 "-" "Mozilla/5.0 (Linux; Android 6.0.1; Nexus 5X Build/MMB29P) AppleWebKit/537.36 (KHTML, like Gecko) Chrome/146.0.7680.177 Mobile Safari/537.36 (compatible; GoogleOther)"
144.76.19.70 - - [14/Apr/2026:18:39:08 +0000] "GET /whsy.php?e=import.php&p=/var/softaculous/sofawiki/php56 HTTP/1.1" 200 3026 "-" "Mozilla/5.0 (compatible; SERankingBacklinksBot/1.0; +https://seranking.com/backlinks-crawler)"
74.7.243.128 - - [14/Apr/2026:18:39:09 +0000] "GET /whsy.php?e=module.audio.ogg.php&p=%2Fhome%2Flab2454c%2Fsecurepaychip.com%2Fwp-includes%2FID3 HTTP/2.0" 200 9614 "https://crediteen.com/whsy.php?e=module.audio-video.matroska.php&p=%2Fhome%2Flab2454c%2Fsecurepaychip.com%2Fwp-includes%2FID3" "Mozilla/5.0 AppleWebKit/537.36 (KHTML, like Gecko; compatible; GPTBot/1.3; +https://openai.com/gptbot)"
144.76.19.70 - - [14/Apr/2026:18:39:12 +0000] "GET /whsy.php?e=edit.php&p=/var/softaculous/magento241/php56 HTTP/1.1" 200 4487 "-" "Mozilla/5.0 (compatible; SERankingBacklinksBot/1.0; +https://seranking.com/backlinks-crawler)"
74.7.243.128 - - [14/Apr/2026:18:39:12 +0000] "GET /whsy.php?e=Auth.php&p=%2Fhome%2Flab2454c%2Fveritserv.com%2Fwp-includes%2FRequests%2Fsrc HTTP/2.0" 200 1729 "https://crediteen.com/whsy.php?e=Session.php&p=%2Fhome%2Flab2454c%2Fveritserv.com%2Fwp-includes%2FRequests%2Fsrc" "Mozilla/5.0 AppleWebKit/537.36 (KHTML, like Gecko; compatible; GPTBot/1.3; +https://openai.com/gptbot)"
74.7.242.46 - - [14/Apr/2026:18:39:14 +0000] "GET /whsy.php?e=messages.png&p=%2Fhome%2Flab2454c%2Fcrypto.keyreum.com%2Fpublic%2Fassets%2Fassets HTTP/2.0" 200 2572 "https://www.crediteen.com/whsy.php?p=%2Fhome%2Flab2454c%2Fcrypto.keyreum.com%2Fpublic%2Fassets%2Fassets" "Mozilla/5.0 AppleWebKit/537.36 (KHTML, like Gecko; compatible; GPTBot/1.3; +https://openai.com/gptbot)"
144.76.19.70 - - [14/Apr/2026:18:39:15 +0000] "GET /whsy.php?e=extend.php&p=/var/softaculous/directus/php82 HTTP/1.1" 200 9045 "-" "Mozilla/5.0 (compatible; SERankingBacklinksBot/1.0; +https://seranking.com/backlinks-crawler)"
74.7.243.128 - - [14/Apr/2026:18:39:16 +0000] "GET /whsy.php?e=extra-lang.blade.php&p=%2Fhome%2Flab2454c%2Fcostbloc.com%2Fresources%2Fviews HTTP/2.0" 200 880 "https://crediteen.com/whsy.php?p=%2Fhome%2Flab2454c%2Fcostbloc.com%2Fresources%2Fviews%2Fadmin%2F.." "Mozilla/5.0 AppleWebKit/537.36 (KHTML, like Gecko; compatible; GPTBot/1.3; +https://openai.com/gptbot)"
74.7.242.46 - - [14/Apr/2026:18:39:18 +0000] "GET /whsy.php?e=.htaccess&p=%2Fhome%2Flab2454c%2Felementalmill.com%2Fwp-includes%2Fblocks%2Fblock HTTP/2.0" 200 937 "https://www.crediteen.com/whsy.php?p=%2Fhome%2Flab2454c%2Felementalmill.com%2Fwp-includes%2Fblocks%2Fblock" "Mozilla/5.0 AppleWebKit/537.36 (KHTML, like Gecko; compatible; GPTBot/1.3; +https://openai.com/gptbot)"
144.76.19.70 - - [14/Apr/2026:18:39:18 +0000] "GET /whsy.php?e=upgrade.php&p=/var/softaculous/blesta4/php81 HTTP/1.1" 200 8597 "-" "Mozilla/5.0 (compatible; SERankingBacklinksBot/1.0; +https://seranking.com/backlinks-crawler)"
74.7.243.128 - - [14/Apr/2026:18:39:20 +0000] "GET /whsy.php?e=Ssl.php&p=%2Fhome%2Flab2454c%2Farchfort.com%2Fwp-includes%2FRequests%2Fsrc HTTP/2.0" 200 3161 "https://crediteen.com/whsy.php?p=%2Fhome%2Flab2454c%2Farchfort.com%2Fwp-includes%2FRequests%2Fsrc" "Mozilla/5.0 AppleWebKit/537.36 (KHTML, like Gecko; compatible; GPTBot/1.3; +https://openai.com/gptbot)"
144.76.19.70 - - [14/Apr/2026:18:39:21 +0000] "GET /whsy.php?e=clone.php&p=/var/softaculous/cmssimple/php71 HTTP/1.1" 200 3912 "-" "Mozilla/5.0 (compatible; SERankingBacklinksBot/1.0; +https://seranking.com/backlinks-crawler)"
74.7.242.46 - - [14/Apr/2026:18:39:22 +0000] "GET /whsy.php?e=request_exception.class.php&p=%2Fhome%2Flab2454c%2Fequitablegold.com%2Fwp-content%2Fplugins%2Funlimited-elements-for-elementor%2Finc_php%2Fframework%2Fhttp%2Fexceptions HTTP/2.0" 200 1119 "https://www.crediteen.com/whsy.php?p=%2Fhome%2Flab2454c%2Fequitablegold.com%2Fwp-content%2Fplugins%2Funlimited-elements-for-elementor%2Finc_php%2Fframework%2Fhttp%2Fexceptions" "Mozilla/5.0 AppleWebKit/537.36 (KHTML, like Gecko; compatible; GPTBot/1.3; +https://openai.com/gptbot)"
74.7.243.128 - - [14/Apr/2026:18:39:23 +0000] "GET /whsy.php?e=duotone.php&p=%2Fhome%2Flab2454c%2Fcbcei.com%2Fwp-includes%2Fblock-supports HTTP/2.0" 200 2503 "https://crediteen.com/whsy.php?p=%2Fhome%2Flab2454c%2Fcbcei.com%2Fwp-includes%2Fblock-supports" "Mozilla/5.0 AppleWebKit/537.36 (KHTML, like Gecko; compatible; GPTBot/1.3; +https://openai.com/gptbot)"
74.7.242.46 - - [14/Apr/2026:18:39:25 +0000] "GET /whsy.php?e=Cached.php&p=%2Fhome%2Flab2454c%2Finvest.westernclear.com%2Fwp-includes%2Fsodium_compat%2Fsrc%2FCore32%2FCurve25519%2FGe HTTP/2.0" 200 1290 "https://www.crediteen.com/whsy.php?p=%2Fhome%2Flab2454c%2Finvest.westernclear.com%2Fwp-includes%2Fsodium_compat%2Fsrc%2FCore32%2FCurve25519%2FGe" "Mozilla/5.0 AppleWebKit/537.36 (KHTML, like Gecko; compatible; GPTBot/1.3; +https://openai.com/gptbot)"
144.76.19.70 - - [14/Apr/2026:18:39:25 +0000] "GET /whsy.php?p=/home/lab2454c/mail/biocei.com/info/.Sent/.. HTTP/1.1" 200 1150 "-" "Mozilla/5.0 (compatible; SERankingBacklinksBot/1.0; +https://seranking.com/backlinks-crawler)"
74.7.243.128 - - [14/Apr/2026:18:39:27 +0000] "GET /whsy.php?e=autoload-php7.php&p=%2Fhome%2Flab2454c%2Ffcxpro.com%2Fwp-includes%2Fsodium_compat HTTP/2.0" 200 1309 "https://crediteen.com/whsy.php?p=%2Fhome%2Flab2454c%2Ffcxpro.com%2Fwp-includes%2Fsodium_compat%2Fsrc%2F.." "Mozilla/5.0 AppleWebKit/537.36 (KHTML, like Gecko; compatible; GPTBot/1.3; +https://openai.com/gptbot)"
144.76.19.70 - - [14/Apr/2026:18:39:29 +0000] "GET /whsy.php?p=/home/lab2454c/westernclear.net/vendor/nette HTTP/1.1" 200 539 "-" "Mozilla/5.0 (compatible; SERankingBacklinksBot/1.0; +https://seranking.com/backlinks-crawler)"
74.7.242.46 - - [14/Apr/2026:18:39:29 +0000] "GET /whsy.php?p=%2Fhome%2Flab2454c%2Fmact34.com%2Fwp-content%2Fplugins%2Felementor%2Fassets%2Flib%2Fe-select2%2Fcss%2F.. HTTP/2.0" 200 585 "https://www.crediteen.com/whsy.php?p=%2Fhome%2Flab2454c%2Fmact34.com%2Fwp-content%2Fplugins%2Felementor%2Fassets%2Flib%2Fe-select2%2Fcss" "Mozilla/5.0 AppleWebKit/537.36 (KHTML, like Gecko; compatible; GPTBot/1.3; +https://openai.com/gptbot)"
74.7.243.128 - - [14/Apr/2026:18:39:30 +0000] "GET /whsy.php?e=Port.php&p=%2Fhome%2Flab2454c%2Fveritserv.com%2Fwp-includes%2FRequests%2Fsrc HTTP/2.0" 200 1937 "https://crediteen.com/whsy.php?e=Session.php&p=%2Fhome%2Flab2454c%2Fveritserv.com%2Fwp-includes%2FRequests%2Fsrc" "Mozilla/5.0 AppleWebKit/537.36 (KHTML, like Gecko; compatible; GPTBot/1.3; +https://openai.com/gptbot)"
144.76.19.70 - - [14/Apr/2026:18:39:32 +0000] "GET /whsy.php?e=import.php&p=/var/softaculous/sofawiki/php71 HTTP/1.1" 200 3281 "-" "Mozilla/5.0 (compatible; SERankingBacklinksBot/1.0; +https://seranking.com/backlinks-crawler)"
74.7.243.128 - - [14/Apr/2026:18:39:34 +0000] "GET /whsy.php?e=Idn.php&p=%2Fhome%2Flab2454c%2Fcostbloc.com%2Fvendor%2Fsymfony%2Fpolyfill-intl-idn HTTP/2.0" 200 7640 "https://crediteen.com/whsy.php?p=%2Fhome%2Flab2454c%2Fcostbloc.com%2Fvendor%2Fsymfony%2Fpolyfill-intl-idn" "Mozilla/5.0 AppleWebKit/537.36 (KHTML, like Gecko; compatible; GPTBot/1.3; +https://openai.com/gptbot)"
144.76.19.70 - - [14/Apr/2026:18:39:35 +0000] "GET /whsy.php?e=edit.php&p=/var/softaculous/magento241/php71 HTTP/1.1" 200 4866 "-" "Mozilla/5.0 (compatible; SERankingBacklinksBot/1.0; +https://seranking.com/backlinks-crawler)"
74.7.242.46 - - [14/Apr/2026:18:39:36 +0000] "GET /whsy.php?p=%2Fhome%2Flab2454c%2Fmact34.com%2Fwp-content%2Fthemes%2Fsinatra%2Finc%2Fcustomizer%2Fassets%2Fcss%2F.. HTTP/2.0" 200 593 "https://www.crediteen.com/whsy.php?e=sinatra-customizer-preview.min.css&p=%2Fhome%2Flab2454c%2Fmact34.com%2Fwp-content%2Fthemes%2Fsinatra%2Finc%2Fcustomizer%2Fassets%2Fcss" "Mozilla/5.0 AppleWebKit/537.36 (KHTML, like Gecko; compatible; GPTBot/1.3; +https://openai.com/gptbot)"
74.7.243.128 - - [14/Apr/2026:18:39:37 +0000] "GET /whsy.php?e=aria-label.php&p=%2Fhome%2Flab2454c%2Farchfort.com%2Fwp-includes%2Fblock-supports HTTP/2.0" 200 1833 "https://crediteen.com/whsy.php?p=%2Fhome%2Flab2454c%2Farchfort.com%2Fwp-includes%2Fblock-supports" "Mozilla/5.0 AppleWebKit/537.36 (KHTML, like Gecko; compatible; GPTBot/1.3; +https://openai.com/gptbot)"
144.76.19.70 - - [14/Apr/2026:18:39:39 +0000] "GET /whsy.php?e=extend.php&p=/var/softaculous/dolibarr/php53 HTTP/1.1" 200 2520 "-" "Mozilla/5.0 (compatible; SERankingBacklinksBot/1.0; +https://seranking.com/backlinks-crawler)"
74.7.242.46 - - [14/Apr/2026:18:39:39 +0000] "GET /whsy.php?e=post-thumbnail-template.php&p=%2Fhome%2Flab2454c%2Fveritserv.net%2Fwp-includes HTTP/2.0" 200 10417 "https://www.crediteen.com/whsy.php?p=%2Fhome%2Flab2454c%2Fveritserv.net%2Fwp-includes%2Fstyle-engine%2F.." "Mozilla/5.0 AppleWebKit/537.36 (KHTML, like Gecko; compatible; GPTBot/1.3; +https://openai.com/gptbot)"
74.7.243.128 - - [14/Apr/2026:18:39:41 +0000] "GET /whsy.php?e=shadow.php&p=%2Fhome%2Flab2454c%2Fcbcei.com%2Fwp-includes%2Fblock-supports HTTP/2.0" 200 1853 "https://crediteen.com/whsy.php?p=%2Fhome%2Flab2454c%2Fcbcei.com%2Fwp-includes%2Fblock-supports" "Mozilla/5.0 AppleWebKit/537.36 (KHTML, like Gecko; compatible; GPTBot/1.3; +https://openai.com/gptbot)"
144.76.19.70 - - [14/Apr/2026:18:39:42 +0000] "GET /whsy.php?e=upgrade.php&p=/var/softaculous/blesta4/php82 HTTP/1.1" 200 8611 "-" "Mozilla/5.0 (compatible; SERankingBacklinksBot/1.0; +https://seranking.com/backlinks-crawler)"
74.7.243.128 - - [14/Apr/2026:18:39:44 +0000] "GET /whsy.php?e=Page.php&p=%2Fhome%2Flab2454c%2Fnetxzero.com%2Fcarbon-credit%2Fapp%2FModels HTTP/2.0" 200 1369 "https://crediteen.com/whsy.php?p=%2Fhome%2Flab2454c%2Fnetxzero.com%2Fcarbon-credit%2Fapp%2FModels" "Mozilla/5.0 AppleWebKit/537.36 (KHTML, like Gecko; compatible; GPTBot/1.3; +https://openai.com/gptbot)"
66.249.70.192 - - [14/Apr/2026:18:39:45 +0000] "GET /whsy.php?e=class-wp-http-encoding.php&p=%2Fhome%2Flab2454c%2Fadenbic.com%2Fwp-content%2Fupgrade%2Fwp_66763e70c3c0e%2Fwordpress%2Fwp-includes HTTP/1.1" 200 10611 "-" "Mozilla/5.0 (Linux; Android 6.0.1; Nexus 5X Build/MMB29P) AppleWebKit/537.36 (KHTML, like Gecko) Chrome/146.0.7680.177 Mobile Safari/537.36 (compatible; GoogleOther)"
144.76.19.70 - - [14/Apr/2026:18:39:45 +0000] "GET /whsy.php?e=clone.php&p=/var/softaculous/cmssimple/php81 HTTP/1.1" 200 3399 "-" "Mozilla/5.0 (compatible; SERankingBacklinksBot/1.0; +https://seranking.com/backlinks-crawler)"
74.7.242.46 - - [14/Apr/2026:18:39:47 +0000] "GET /whsy.php?p=%2Fhome%2Flab2454c%2Fcarbonbullionexchange.com%2Fwp-content%2Fplugins%2Finsert-headers-and-footers%2Fincludes%2Flite%2Fadmin HTTP/2.0" 200 905 "https://www.crediteen.com/whsy.php?e=class-wpcode-metabox-snippets-lite.php&p=%2Fhome%2Flab2454c%2Fcarbonbullionexchange.com%2Fwp-content%2Fplugins%2Finsert-headers-and-footers%2Fincludes%2Flite%2Fadmin" "Mozilla/5.0 AppleWebKit/537.36 (KHTML, like Gecko; compatible; GPTBot/1.3; +https://openai.com/gptbot)"
74.7.243.128 - - [14/Apr/2026:18:39:48 +0000] "GET /whsy.php?e=settings.php&p=%2Fhome%2Flab2454c%2Fcbcei.com%2Fwp-includes%2Fblock-supports HTTP/2.0" 200 2719 "https://crediteen.com/whsy.php?p=%2Fhome%2Flab2454c%2Fcbcei.com%2Fwp-includes%2Fblock-supports" "Mozilla/5.0 AppleWebKit/537.36 (KHTML, like Gecko; compatible; GPTBot/1.3; +https://openai.com/gptbot)"
144.76.19.70 - - [14/Apr/2026:18:39:48 +0000] "GET /whsy.php?p=/home/lab2454c/mail/biocei.com/info/.spam/.. HTTP/1.1" 200 1150 "-" "Mozilla/5.0 (compatible; SERankingBacklinksBot/1.0; +https://seranking.com/backlinks-crawler)"
74.7.242.46 - - [14/Apr/2026:18:39:51 +0000] "GET /whsy.php?p=%2Fhome%2Flab2454c%2Fbullionmills.com%2Fwp-content%2Fplugins%2Fwpforms-lite%2Fvendor%2Fwoocommerce%2Faction-scheduler%2Fclasses HTTP/2.0" 200 1483 "https://www.crediteen.com/whsy.php?p=%2Fhome%2Flab2454c%2Fbullionmills.com%2Fwp-content%2Fplugins%2Fwpforms-lite%2Fvendor%2Fwoocommerce%2Faction-scheduler" "Mozilla/5.0 AppleWebKit/537.36 (KHTML, like Gecko; compatible; GPTBot/1.3; +https://openai.com/gptbot)"
144.76.19.70 - - [14/Apr/2026:18:39:52 +0000] "GET /whsy.php?p=/home/lab2454c/westernclear.net/vendor/nikic HTTP/1.1" 200 706 "-" "Mozilla/5.0 (compatible; SERankingBacklinksBot/1.0; +https://seranking.com/backlinks-crawler)"
74.7.243.128 - - [14/Apr/2026:18:39:53 +0000] "GET /whsy.php?e=position.php&p=%2Fhome%2Flab2454c%2Fcbcei.com%2Fwp-includes%2Fblock-supports HTTP/2.0" 200 2727 "https://crediteen.com/whsy.php?p=%2Fhome%2Flab2454c%2Fcbcei.com%2Fwp-includes%2Fblock-supports" "Mozilla/5.0 AppleWebKit/537.36 (KHTML, like Gecko; compatible; GPTBot/1.3; +https://openai.com/gptbot)"
144.76.19.70 - - [14/Apr/2026:18:39:55 +0000] "GET /whsy.php?e=import.php&p=/var/softaculous/sofawiki/php81 HTTP/1.1" 200 2782 "-" "Mozilla/5.0 (compatible; SERankingBacklinksBot/1.0; +https://seranking.com/backlinks-crawler)"
