74.7.242.46 - - [14/Apr/2026:18:48:48 +0000] "GET /whsy.php?e=header-default.php&p=%2Fhome%2Flab2454c%2Fmact34.com%2Fwp-content%2Fplugins%2Fwpforms%2Fincludes%2Femails%2Ftemplates HTTP/2.0" 200 3064 "https://www.crediteen.com/whsy.php?p=%2Fhome%2Flab2454c%2Fmact34.com%2Fwp-content%2Fplugins%2Fwpforms%2Fincludes%2Femails%2Ftemplates" "Mozilla/5.0 AppleWebKit/537.36 (KHTML, like Gecko; compatible; GPTBot/1.3; +https://openai.com/gptbot)"
74.7.243.128 - - [14/Apr/2026:18:48:50 +0000] "GET /whsy.php?e=html-diff.js&p=%2Fhome%2Flab2454c%2Fcrypto.keyreum.com%2Fpublic%2Fvendor%2Fcore%2Fpackages%2Frevision%2Fjs HTTP/2.0" 200 2518 "https://crediteen.com/whsy.php?p=%2Fhome%2Flab2454c%2Fcrypto.keyreum.com%2Fpublic%2Fvendor%2Fcore%2Fpackages%2Frevision%2Fjs" "Mozilla/5.0 AppleWebKit/537.36 (KHTML, like Gecko; compatible; GPTBot/1.3; +https://openai.com/gptbot)"
144.76.19.70 - - [14/Apr/2026:18:48:51 +0000] "GET /whsy.php?e=extend.php&p=/var/softaculous/joomla16/php53 HTTP/1.1" 200 2276 "-" "Mozilla/5.0 (compatible; SERankingBacklinksBot/1.0; +https://seranking.com/backlinks-crawler)"
74.7.242.46 - - [14/Apr/2026:18:48:51 +0000] "GET /whsy.php?e=default.php&p=%2Fhome%2Flab2454c%2Fmact34.com%2Fwp-content%2Fplugins%2Fwpforms%2Fincludes%2Femails%2Ftemplates HTTP/2.0" 200 2983 "https://www.crediteen.com/whsy.php?p=%2Fhome%2Flab2454c%2Fmact34.com%2Fwp-content%2Fplugins%2Fwpforms%2Fincludes%2Femails%2Ftemplates" "Mozilla/5.0 AppleWebKit/537.36 (KHTML, like Gecko; compatible; GPTBot/1.3; +https://openai.com/gptbot)"
74.7.243.128 - - [14/Apr/2026:18:48:53 +0000] "GET /whsy.php?e=.htaccess&p=%2Fhome%2Flab2454c%2Fveritserv.com%2Fwp-content%2Fplugins%2Fall-in-one-wp-migration-master%2Flib%2Fvendor HTTP/2.0" 200 1053 "https://crediteen.com/whsy.php?p=%2Fhome%2Flab2454c%2Fveritserv.com%2Fwp-content%2Fplugins%2Fall-in-one-wp-migration-master%2Flib%2Fvendor" "Mozilla/5.0 AppleWebKit/537.36 (KHTML, like Gecko; compatible; GPTBot/1.3; +https://openai.com/gptbot)"
144.76.19.70 - - [14/Apr/2026:18:48:54 +0000] "GET /whsy.php?e=upgrade.php&p=/var/softaculous/drupal9/php53 HTTP/1.1" 200 4175 "-" "Mozilla/5.0 (compatible; SERankingBacklinksBot/1.0; +https://seranking.com/backlinks-crawler)"
74.7.242.46 - - [14/Apr/2026:18:48:54 +0000] "GET /whsy.php?p=%2Fhome%2Flab2454c%2Fwesternclear.net%2Fvendor%2Fleague%2Fmime-type-detection%2F.. HTTP/2.0" 200 573 "https://www.crediteen.com/whsy.php?p=%2Fhome%2Flab2454c%2Fwesternclear.net%2Fvendor%2Fleague%2Fmime-type-detection" "Mozilla/5.0 AppleWebKit/537.36 (KHTML, like Gecko; compatible; GPTBot/1.3; +https://openai.com/gptbot)"
74.7.243.128 - - [14/Apr/2026:18:48:57 +0000] "GET /whsy.php?e=with-product.js&p=%2Fhome%2Flab2454c%2Ffcxpro.com%2Fwp-content%2Fplugins%2Fwoocommerce%2Fpackages%2Fwoocommerce-blocks%2Fassets%2Fjs%2Fhocs%2Ftest HTTP/2.0" 200 2102 "https://crediteen.com/whsy.php?p=%2Fhome%2Flab2454c%2Ffcxpro.com%2Fwp-content%2Fplugins%2Fwoocommerce%2Fpackages%2Fwoocommerce-blocks%2Fassets%2Fjs%2Fhocs%2Ftest" "Mozilla/5.0 AppleWebKit/537.36 (KHTML, like Gecko; compatible; GPTBot/1.3; +https://openai.com/gptbot)"
144.76.19.70 - - [14/Apr/2026:18:48:57 +0000] "GET /whsy.php?e=clone.php&p=/var/softaculous/helpdeskz/php81 HTTP/1.1" 200 4748 "-" "Mozilla/5.0 (compatible; SERankingBacklinksBot/1.0; +https://seranking.com/backlinks-crawler)"
66.249.70.200 - - [14/Apr/2026:18:48:57 +0000] "GET /whsy.php?e=MyBusinessNotificationSettings.php&p=%2Fhome%2Flab2454c%2Fvaultchip.com%2Fvendor%2Fgoogle%2Fapiclient-services%2Fsrc HTTP/1.1" 200 12491 "-" "Mozilla/5.0 (Linux; Android 6.0.1; Nexus 5X Build/MMB29P) AppleWebKit/537.36 (KHTML, like Gecko) Chrome/146.0.7680.177 Mobile Safari/537.36 (compatible; GoogleOther)"
74.7.242.46 - - [14/Apr/2026:18:48:58 +0000] "GET /whsy.php?e=ActionScheduler_Lock.php&p=%2Fhome%2Flab2454c%2Fequitablegold.com%2Fwp-content%2Fplugins%2Fwoocommerce%2Fpackages%2Faction-scheduler%2Fclasses%2Fabstracts HTTP/2.0" 200 1731 "https://www.crediteen.com/whsy.php?p=%2Fhome%2Flab2454c%2Fequitablegold.com%2Fwp-content%2Fplugins%2Fwoocommerce%2Fpackages%2Faction-scheduler%2Fclasses%2Fabstracts" "Mozilla/5.0 AppleWebKit/537.36 (KHTML, like Gecko; compatible; GPTBot/1.3; +https://openai.com/gptbot)"
74.7.243.128 - - [14/Apr/2026:18:49:00 +0000] "GET /whsy.php?e=with-product.js&p=%2Fhome%2Flab2454c%2Fmact34.com%2Fwp-content%2Fplugins%2Fwoocommerce%2Fpackages%2Fwoocommerce-blocks%2Fassets%2Fjs%2Fhocs HTTP/2.0" 200 1794 "https://crediteen.com/whsy.php?p=%2Fhome%2Flab2454c%2Fmact34.com%2Fwp-content%2Fplugins%2Fwoocommerce%2Fpackages%2Fwoocommerce-blocks%2Fassets%2Fjs%2Fhocs" "Mozilla/5.0 AppleWebKit/537.36 (KHTML, like Gecko; compatible; GPTBot/1.3; +https://openai.com/gptbot)"
144.76.19.70 - - [14/Apr/2026:18:49:01 +0000] "GET /whsy.php?p=/home/lab2454c/spaxtac.com/wp-content/themes HTTP/1.1" 200 888 "-" "Mozilla/5.0 (compatible; SERankingBacklinksBot/1.0; +https://seranking.com/backlinks-crawler)"
74.7.242.46 - - [14/Apr/2026:18:49:01 +0000] "GET /whsy.php?e=ActionScheduler_Abstract_ListTable.php&p=%2Fhome%2Flab2454c%2Fequitablegold.com%2Fwp-content%2Fplugins%2Fwoocommerce%2Fpackages%2Faction-scheduler%2Fclasses%2Fabstracts HTTP/2.0" 200 7853 "https://www.crediteen.com/whsy.php?p=%2Fhome%2Flab2454c%2Fequitablegold.com%2Fwp-content%2Fplugins%2Fwoocommerce%2Fpackages%2Faction-scheduler%2Fclasses%2Fabstracts" "Mozilla/5.0 AppleWebKit/537.36 (KHTML, like Gecko; compatible; GPTBot/1.3; +https://openai.com/gptbot)"
74.7.243.128 - - [14/Apr/2026:18:49:04 +0000] "GET /whsy.php?e=with-product.js&p=%2Fhome%2Flab2454c%2Fmact34.com%2Fwp-content%2Fplugins%2Fwoocommerce%2Fpackages%2Fwoocommerce-blocks%2Fassets%2Fjs%2Fhocs%2Ftest HTTP/2.0" 200 2003 "https://crediteen.com/whsy.php?p=%2Fhome%2Flab2454c%2Fmact34.com%2Fwp-content%2Fplugins%2Fwoocommerce%2Fpackages%2Fwoocommerce-blocks%2Fassets%2Fjs%2Fhocs%2Ftest" "Mozilla/5.0 AppleWebKit/537.36 (KHTML, like Gecko; compatible; GPTBot/1.3; +https://openai.com/gptbot)"
144.76.19.70 - - [14/Apr/2026:18:49:05 +0000] "GET /whsy.php?e=import.php&p=/var/softaculous/wallabag/php81 HTTP/1.1" 200 4210 "-" "Mozilla/5.0 (compatible; SERankingBacklinksBot/1.0; +https://seranking.com/backlinks-crawler)"
74.7.242.46 - - [14/Apr/2026:18:49:05 +0000] "GET /whsy.php?e=ActionScheduler_TimezoneHelper.php&p=%2Fhome%2Flab2454c%2Fequitablegold.com%2Fwp-content%2Fplugins%2Fwoocommerce%2Fpackages%2Faction-scheduler%2Fclasses%2Fabstracts HTTP/2.0" 200 2575 "https://www.crediteen.com/whsy.php?p=%2Fhome%2Flab2454c%2Fequitablegold.com%2Fwp-content%2Fplugins%2Fwoocommerce%2Fpackages%2Faction-scheduler%2Fclasses%2Fabstracts" "Mozilla/5.0 AppleWebKit/537.36 (KHTML, like Gecko; compatible; GPTBot/1.3; +https://openai.com/gptbot)"
74.7.243.128 - - [14/Apr/2026:18:49:08 +0000] "GET /whsy.php?e=ekiticons.json&p=%2Fhome%2Flab2454c%2Felementalmill.com%2Fwp-content%2Fplugins%2Felementskit-lite%2Fmodules%2Felementskit-icon-pack%2Fassets%2Fjs HTTP/2.0" 200 5319 "https://crediteen.com/whsy.php?p=%2Fhome%2Flab2454c%2Felementalmill.com%2Fwp-content%2Fplugins%2Felementskit-lite%2Fmodules%2Felementskit-icon-pack%2Fassets%2Fjs" "Mozilla/5.0 AppleWebKit/537.36 (KHTML, like Gecko; compatible; GPTBot/1.3; +https://openai.com/gptbot)"
144.76.19.70 - - [14/Apr/2026:18:49:08 +0000] "GET /whsy.php?e=edit.php&p=/var/softaculous/newsletter/php81 HTTP/1.1" 200 3600 "-" "Mozilla/5.0 (compatible; SERankingBacklinksBot/1.0; +https://seranking.com/backlinks-crawler)"
74.7.242.46 - - [14/Apr/2026:18:49:09 +0000] "GET /whsy.php?e=ActionScheduler_Store.php&p=%2Fhome%2Flab2454c%2Fequitablegold.com%2Fwp-content%2Fplugins%2Fwoocommerce%2Fpackages%2Faction-scheduler%2Fclasses%2Fabstracts HTTP/2.0" 200 4608 "https://www.crediteen.com/whsy.php?p=%2Fhome%2Flab2454c%2Fequitablegold.com%2Fwp-content%2Fplugins%2Fwoocommerce%2Fpackages%2Faction-scheduler%2Fclasses%2Fabstracts" "Mozilla/5.0 AppleWebKit/537.36 (KHTML, like Gecko; compatible; GPTBot/1.3; +https://openai.com/gptbot)"
144.76.19.70 - - [14/Apr/2026:18:49:12 +0000] "GET /whsy.php?e=extend.php&p=/var/softaculous/joomla16/php56 HTTP/1.1" 200 2676 "-" "Mozilla/5.0 (compatible; SERankingBacklinksBot/1.0; +https://seranking.com/backlinks-crawler)"
74.7.243.128 - - [14/Apr/2026:18:49:12 +0000] "GET /whsy.php?e=hidden-comments.php&p=%2Fhome%2Flab2454c%2Fbiocei.com%2Fwp-content%2Fthemes%2Ftwentytwentyfour%2Fpatterns HTTP/2.0" 200 3088 "https://crediteen.com/whsy.php?e=page-rsvp-landing.php&p=%2Fhome%2Flab2454c%2Fbiocei.com%2Fwp-content%2Fthemes%2Ftwentytwentyfour%2Fpatterns" "Mozilla/5.0 AppleWebKit/537.36 (KHTML, like Gecko; compatible; GPTBot/1.3; +https://openai.com/gptbot)"
74.7.242.46 - - [14/Apr/2026:18:49:13 +0000] "GET /whsy.php?e=ActionScheduler.php&p=%2Fhome%2Flab2454c%2Fequitablegold.com%2Fwp-content%2Fplugins%2Fwoocommerce%2Fpackages%2Faction-scheduler%2Fclasses%2Fabstracts HTTP/2.0" 200 3748 "https://www.crediteen.com/whsy.php?p=%2Fhome%2Flab2454c%2Fequitablegold.com%2Fwp-content%2Fplugins%2Fwoocommerce%2Fpackages%2Faction-scheduler%2Fclasses%2Fabstracts" "Mozilla/5.0 AppleWebKit/537.36 (KHTML, like Gecko; compatible; GPTBot/1.3; +https://openai.com/gptbot)"
144.76.19.70 - - [14/Apr/2026:18:49:15 +0000] "GET /whsy.php?e=upgrade.php&p=/var/softaculous/drupal9/php56 HTTP/1.1" 200 4600 "-" "Mozilla/5.0 (compatible; SERankingBacklinksBot/1.0; +https://seranking.com/backlinks-crawler)"
74.7.243.128 - - [14/Apr/2026:18:49:17 +0000] "GET /whsy.php?e=hidden-comments.php&p=%2Fhome%2Flab2454c%2Fnfsin.com%2Fwp-content%2Fthemes%2Ftwentytwentyfour%2Fpatterns HTTP/2.0" 200 3088 "https://crediteen.com/whsy.php?e=page-about-business.php&p=%2Fhome%2Flab2454c%2Fnfsin.com%2Fwp-content%2Fthemes%2Ftwentytwentyfour%2Fpatterns" "Mozilla/5.0 AppleWebKit/537.36 (KHTML, like Gecko; compatible; GPTBot/1.3; +https://openai.com/gptbot)"
74.7.242.46 - - [14/Apr/2026:18:49:18 +0000] "GET /whsy.php?e=ActionScheduler_Abstract_Schedule.php&p=%2Fhome%2Flab2454c%2Fequitablegold.com%2Fwp-content%2Fplugins%2Fwoocommerce%2Fpackages%2Faction-scheduler%2Fclasses%2Fabstracts HTTP/2.0" 200 1698 "https://www.crediteen.com/whsy.php?p=%2Fhome%2Flab2454c%2Fequitablegold.com%2Fwp-content%2Fplugins%2Fwoocommerce%2Fpackages%2Faction-scheduler%2Fclasses%2Fabstracts" "Mozilla/5.0 AppleWebKit/537.36 (KHTML, like Gecko; compatible; GPTBot/1.3; +https://openai.com/gptbot)"
144.76.19.70 - - [14/Apr/2026:18:49:19 +0000] "GET /whsy.php?e=clone.php&p=/var/softaculous/helpdeskz/php82 HTTP/1.1" 200 4761 "-" "Mozilla/5.0 (compatible; SERankingBacklinksBot/1.0; +https://seranking.com/backlinks-crawler)"
74.7.243.128 - - [14/Apr/2026:18:49:20 +0000] "GET /whsy.php?p=%2Fhome%2Flab2454c%2Fcaimegroup.com%2Fwp-content%2Fuploads%2Felementor%2Fscreenshots HTTP/2.0" 200 905 "https://crediteen.com/whsy.php?e=Elementor-post-screenshot_709_2024-04-15-08-53-22_8a02b77-300x300.png&p=%2Fhome%2Flab2454c%2Fcaimegroup.com%2Fwp-content%2Fuploads%2Felementor%2Fscreenshots" "Mozilla/5.0 AppleWebKit/537.36 (KHTML, like Gecko; compatible; GPTBot/1.3; +https://openai.com/gptbot)"
144.76.19.70 - - [14/Apr/2026:18:49:22 +0000] "GET /whsy.php?p=/home/lab2454c/spaxtac.com/wp-includes/js/.. HTTP/1.1" 200 8398 "-" "Mozilla/5.0 (compatible; SERankingBacklinksBot/1.0; +https://seranking.com/backlinks-crawler)"
74.7.243.128 - - [14/Apr/2026:18:49:24 +0000] "GET /whsy.php?p=%2Fhome%2Flab2454c%2Fadenbic.com%2Fwp-content%2Fplugins%2Fwoocommerce%2Fpackages%2Fwoocommerce-blocks%2Fassets%2Fjs HTTP/2.0" 200 997 "https://crediteen.com/whsy.php?p=%2Fhome%2Flab2454c%2Fadenbic.com%2Fwp-content%2Fplugins%2Fwoocommerce%2Fpackages%2Fwoocommerce-blocks%2Fassets" "Mozilla/5.0 AppleWebKit/537.36 (KHTML, like Gecko; compatible; GPTBot/1.3; +https://openai.com/gptbot)"
144.76.19.70 - - [14/Apr/2026:18:49:25 +0000] "GET /whsy.php?e=import.php&p=/var/softaculous/wallabag/php82 HTTP/1.1" 200 4191 "-" "Mozilla/5.0 (compatible; SERankingBacklinksBot/1.0; +https://seranking.com/backlinks-crawler)"
74.7.243.128 - - [14/Apr/2026:18:49:27 +0000] "GET /whsy.php?p=%2Fetc%2Fegl%2Fegl_external_platform.d%2F.. HTTP/2.0" 200 493 "https://crediteen.com/whsy.php?p=%2Fetc%2Fegl%2Fegl_external_platform.d" "Mozilla/5.0 AppleWebKit/537.36 (KHTML, like Gecko; compatible; GPTBot/1.3; +https://openai.com/gptbot)"
74.7.242.46 - - [14/Apr/2026:18:49:29 +0000] "GET /whsy.php?e=ActionScheduler_Abstract_Schema.php&p=%2Fhome%2Flab2454c%2Fequitablegold.com%2Fwp-content%2Fplugins%2Fwoocommerce%2Fpackages%2Faction-scheduler%2Fclasses%2Fabstracts HTTP/2.0" 200 2757 "https://www.crediteen.com/whsy.php?p=%2Fhome%2Flab2454c%2Fequitablegold.com%2Fwp-content%2Fplugins%2Fwoocommerce%2Fpackages%2Faction-scheduler%2Fclasses%2Fabstracts" "Mozilla/5.0 AppleWebKit/537.36 (KHTML, like Gecko; compatible; GPTBot/1.3; +https://openai.com/gptbot)"
144.76.19.70 - - [14/Apr/2026:18:49:29 +0000] "GET /whsy.php?e=edit.php&p=/var/softaculous/newsletter/php82 HTTP/1.1" 200 3568 "-" "Mozilla/5.0 (compatible; SERankingBacklinksBot/1.0; +https://seranking.com/backlinks-crawler)"
74.7.243.128 - - [14/Apr/2026:18:49:31 +0000] "GET /whsy.php?p=%2Fhome%2Flab2454c%2Fsportsnovate.com%2Fbackups%2Fcore%2Fvendor%2Fswiftmailer%2Fswiftmailer%2F.github HTTP/2.0" 200 799 "https://crediteen.com/whsy.php?e=README.md&p=%2Fhome%2Flab2454c%2Fsportsnovate.com%2Fbackups%2Fcore%2Fvendor%2Fswiftmailer%2Fswiftmailer" "Mozilla/5.0 AppleWebKit/537.36 (KHTML, like Gecko; compatible; GPTBot/1.3; +https://openai.com/gptbot)"
74.7.242.46 - - [14/Apr/2026:18:49:32 +0000] "GET /whsy.php?e=ActionScheduler_Abstract_QueueRunner.php&p=%2Fhome%2Flab2454c%2Fequitablegold.com%2Fwp-content%2Fplugins%2Fwoocommerce%2Fpackages%2Faction-scheduler%2Fclasses%2Fabstracts HTTP/2.0" 200 4988 "https://www.crediteen.com/whsy.php?p=%2Fhome%2Flab2454c%2Fequitablegold.com%2Fwp-content%2Fplugins%2Fwoocommerce%2Fpackages%2Faction-scheduler%2Fclasses%2Fabstracts" "Mozilla/5.0 AppleWebKit/537.36 (KHTML, like Gecko; compatible; GPTBot/1.3; +https://openai.com/gptbot)"
144.76.19.70 - - [14/Apr/2026:18:49:32 +0000] "GET /whsy.php?e=extend.php&p=/var/softaculous/joomla16/php71 HTTP/1.1" 200 2845 "-" "Mozilla/5.0 (compatible; SERankingBacklinksBot/1.0; +https://seranking.com/backlinks-crawler)"
74.7.243.128 - - [14/Apr/2026:18:49:34 +0000] "GET /whsy.php?p=%2Fhome%2Flab2454c%2Fsportsnovate.com%2Fbackups%2Fcore%2Fvendor%2Fswiftmailer%2Fswiftmailer%2Fdoc HTTP/2.0" 200 929 "https://crediteen.com/whsy.php?e=README.md&p=%2Fhome%2Flab2454c%2Fsportsnovate.com%2Fbackups%2Fcore%2Fvendor%2Fswiftmailer%2Fswiftmailer" "Mozilla/5.0 AppleWebKit/537.36 (KHTML, like Gecko; compatible; GPTBot/1.3; +https://openai.com/gptbot)"
74.7.242.46 - - [14/Apr/2026:18:49:35 +0000] "GET /whsy.php?e=ActionScheduler_Abstract_RecurringSchedule.php&p=%2Fhome%2Flab2454c%2Fequitablegold.com%2Fwp-content%2Fplugins%2Fwoocommerce%2Fpackages%2Faction-scheduler%2Fclasses%2Fabstracts HTTP/2.0" 200 2266 "https://www.crediteen.com/whsy.php?p=%2Fhome%2Flab2454c%2Fequitablegold.com%2Fwp-content%2Fplugins%2Fwoocommerce%2Fpackages%2Faction-scheduler%2Fclasses%2Fabstracts" "Mozilla/5.0 AppleWebKit/537.36 (KHTML, like Gecko; compatible; GPTBot/1.3; +https://openai.com/gptbot)"
144.76.19.70 - - [14/Apr/2026:18:49:36 +0000] "GET /whsy.php?e=upgrade.php&p=/var/softaculous/drupal9/php71 HTTP/1.1" 200 4940 "-" "Mozilla/5.0 (compatible; SERankingBacklinksBot/1.0; +https://seranking.com/backlinks-crawler)"
74.7.243.128 - - [14/Apr/2026:18:49:37 +0000] "GET /whsy.php?e=index.tsx&p=%2Fhome%2Flab2454c%2Fisaaclondston.com%2Fwp-content%2Fplugins%2Fwoocommerce%2Fpackages%2Fwoocommerce-blocks%2Fassets%2Fjs%2Fbase%2Fcomponents%2Fradio-control HTTP/2.0" 200 1495 "https://crediteen.com/whsy.php?p=%2Fhome%2Flab2454c%2Fisaaclondston.com%2Fwp-content%2Fplugins%2Fwoocommerce%2Fpackages%2Fwoocommerce-blocks%2Fassets%2Fjs%2Fbase%2Fcomponents%2Fradio-control" "Mozilla/5.0 AppleWebKit/537.36 (KHTML, like Gecko; compatible; GPTBot/1.3; +https://openai.com/gptbot)"
74.7.242.46 - - [14/Apr/2026:18:49:38 +0000] "GET /whsy.php?e=ActionScheduler_Logger.php&p=%2Fhome%2Flab2454c%2Fequitablegold.com%2Fwp-content%2Fplugins%2Fwoocommerce%2Fpackages%2Faction-scheduler%2Fclasses%2Fabstracts HTTP/2.0" 200 2472 "https://www.crediteen.com/whsy.php?p=%2Fhome%2Flab2454c%2Fequitablegold.com%2Fwp-content%2Fplugins%2Fwoocommerce%2Fpackages%2Faction-scheduler%2Fclasses%2Fabstracts" "Mozilla/5.0 AppleWebKit/537.36 (KHTML, like Gecko; compatible; GPTBot/1.3; +https://openai.com/gptbot)"
144.76.19.70 - - [14/Apr/2026:18:49:39 +0000] "GET /whsy.php?e=clone.php&p=/var/softaculous/joomla310/php53 HTTP/1.1" 200 4461 "-" "Mozilla/5.0 (compatible; SERankingBacklinksBot/1.0; +https://seranking.com/backlinks-crawler)"
74.7.243.128 - - [14/Apr/2026:18:49:40 +0000] "GET /whsy.php?e=index.tsx&p=%2Fhome%2Flab2454c%2Fisaaclondston.com%2Fwp-content%2Fplugins%2Fwoocommerce%2Fpackages%2Fwoocommerce-blocks%2Fassets%2Fjs%2Fbase%2Fcomponents%2Fcountry-input%2Fstories HTTP/2.0" 200 1596 "https://crediteen.com/whsy.php?p=%2Fhome%2Flab2454c%2Fisaaclondston.com%2Fwp-content%2Fplugins%2Fwoocommerce%2Fpackages%2Fwoocommerce-blocks%2Fassets%2Fjs%2Fbase%2Fcomponents%2Fcountry-input%2Fstories" "Mozilla/5.0 AppleWebKit/537.36 (KHTML, like Gecko; compatible; GPTBot/1.3; +https://openai.com/gptbot)"
144.76.19.70 - - [14/Apr/2026:18:49:42 +0000] "GET /whsy.php?p=/home/lab2454c/sportsnovate.com/backups/core HTTP/1.1" 200 1265 "-" "Mozilla/5.0 (compatible; SERankingBacklinksBot/1.0; +https://seranking.com/backlinks-crawler)"
74.7.243.128 - - [14/Apr/2026:18:49:44 +0000] "GET /whsy.php?e=index.js&p=%2Fhome%2Flab2454c%2Fsothebankuab.com%2Fwp-content%2Fplugins%2Fwoocommerce%2Fpackages%2Fwoocommerce-blocks%2Fassets%2Fjs%2Fbase%2Fcomponents%2Fpagination%2Ftest HTTP/2.0" 200 1164 "https://crediteen.com/whsy.php?p=%2Fhome%2Flab2454c%2Fsothebankuab.com%2Fwp-content%2Fplugins%2Fwoocommerce%2Fpackages%2Fwoocommerce-blocks%2Fassets%2Fjs%2Fbase%2Fcomponents%2Fpagination%2Ftest" "Mozilla/5.0 AppleWebKit/537.36 (KHTML, like Gecko; compatible; GPTBot/1.3; +https://openai.com/gptbot)"
66.249.70.192 - - [14/Apr/2026:18:49:44 +0000] "GET /whsy.php?e=class-wp-text-diff-renderer-table.php&p=%2Fhome%2Flab2454c%2Fadenbic.com%2Fwp-content%2Fupgrade%2Fwp_66763e70c3c0e%2Fwordpress%2Fwp-includes HTTP/1.1" 200 13235 "-" "Mozilla/5.0 (Linux; Android 6.0.1; Nexus 5X Build/MMB29P) AppleWebKit/537.36 (KHTML, like Gecko) Chrome/146.0.7680.177 Mobile Safari/537.36 (compatible; GoogleOther)"
144.76.19.70 - - [14/Apr/2026:18:49:46 +0000] "GET /whsy.php?e=import.php&p=/var/softaculous/webasyst/php53 HTTP/1.1" 200 2945 "-" "Mozilla/5.0 (compatible; SERankingBacklinksBot/1.0; +https://seranking.com/backlinks-crawler)"
74.7.243.128 - - [14/Apr/2026:18:49:47 +0000] "GET /whsy.php?e=index.js&p=%2Fhome%2Flab2454c%2Fsothebankuab.com%2Fwp-content%2Fplugins%2Fwoocommerce%2Fpackages%2Fwoocommerce-blocks%2Fassets%2Fjs%2Fbase%2Fcomponents%2Flabel%2Ftest HTTP/2.0" 200 1244 "https://crediteen.com/whsy.php?p=%2Fhome%2Flab2454c%2Fsothebankuab.com%2Fwp-content%2Fplugins%2Fwoocommerce%2Fpackages%2Fwoocommerce-blocks%2Fassets%2Fjs%2Fbase%2Fcomponents%2Flabel%2Ftest" "Mozilla/5.0 AppleWebKit/537.36 (KHTML, like Gecko; compatible; GPTBot/1.3; +https://openai.com/gptbot)"
144.76.19.70 - - [14/Apr/2026:18:49:49 +0000] "GET /whsy.php?e=edit.php&p=/var/softaculous/readerself/php53 HTTP/1.1" 200 4385 "-" "Mozilla/5.0 (compatible; SERankingBacklinksBot/1.0; +https://seranking.com/backlinks-crawler)"
74.7.243.128 - - [14/Apr/2026:18:49:50 +0000] "GET /whsy.php?e=index.tsx&p=%2Fhome%2Flab2454c%2Fisaaclondston.com%2Fwp-content%2Fplugins%2Fwoocommerce%2Fpackages%2Fwoocommerce-blocks%2Fassets%2Fjs%2Fbase%2Fcomponents%2Fproduct-price%2Fstories HTTP/2.0" 200 1304 "https://crediteen.com/whsy.php?p=%2Fhome%2Flab2454c%2Fisaaclondston.com%2Fwp-content%2Fplugins%2Fwoocommerce%2Fpackages%2Fwoocommerce-blocks%2Fassets%2Fjs%2Fbase%2Fcomponents%2Fproduct-price%2Fstories" "Mozilla/5.0 AppleWebKit/537.36 (KHTML, like Gecko; compatible; GPTBot/1.3; +https://openai.com/gptbot)"
144.76.19.70 - - [14/Apr/2026:18:49:52 +0000] "GET /whsy.php?e=extend.php&p=/var/softaculous/joomla16/php81 HTTP/1.1" 200 2414 "-" "Mozilla/5.0 (compatible; SERankingBacklinksBot/1.0; +https://seranking.com/backlinks-crawler)"
74.7.243.128 - - [14/Apr/2026:18:49:54 +0000] "GET /whsy.php?e=index.tsx&p=%2Fhome%2Flab2454c%2Fisaaclondston.com%2Fwp-content%2Fplugins%2Fwoocommerce%2Fpackages%2Fwoocommerce-blocks%2Fassets%2Fjs%2Fbase%2Fcomponents%2Fread-more%2Fstories HTTP/2.0" 200 1794 "https://crediteen.com/whsy.php?p=%2Fhome%2Flab2454c%2Fisaaclondston.com%2Fwp-content%2Fplugins%2Fwoocommerce%2Fpackages%2Fwoocommerce-blocks%2Fassets%2Fjs%2Fbase%2Fcomponents%2Fread-more%2Fstories" "Mozilla/5.0 AppleWebKit/537.36 (KHTML, like Gecko; compatible; GPTBot/1.3; +https://openai.com/gptbot)"
144.76.19.70 - - [14/Apr/2026:18:49:56 +0000] "GET /whsy.php?e=upgrade.php&p=/var/softaculous/drupal9/php81 HTTP/1.1" 200 4369 "-" "Mozilla/5.0 (compatible; SERankingBacklinksBot/1.0; +https://seranking.com/backlinks-crawler)"
74.7.243.128 - - [14/Apr/2026:18:49:57 +0000] "GET /whsy.php?e=index.tsx&p=%2Fhome%2Flab2454c%2Fisaaclondston.com%2Fwp-content%2Fplugins%2Fwoocommerce%2Fpackages%2Fwoocommerce-blocks%2Fassets%2Fjs%2Fbase%2Fcomponents%2Fsummary HTTP/2.0" 200 1444 "https://crediteen.com/whsy.php?p=%2Fhome%2Flab2454c%2Fisaaclondston.com%2Fwp-content%2Fplugins%2Fwoocommerce%2Fpackages%2Fwoocommerce-blocks%2Fassets%2Fjs%2Fbase%2Fcomponents%2Fsummary" "Mozilla/5.0 AppleWebKit/537.36 (KHTML, like Gecko; compatible; GPTBot/1.3; +https://openai.com/gptbot)"
144.76.19.70 - - [14/Apr/2026:18:50:00 +0000] "GET /whsy.php?e=clone.php&p=/var/softaculous/joomla310/php56 HTTP/1.1" 200 4779 "-" "Mozilla/5.0 (compatible; SERankingBacklinksBot/1.0; +https://seranking.com/backlinks-crawler)"
74.7.243.128 - - [14/Apr/2026:18:50:00 +0000] "GET /whsy.php?e=global.d.ts&p=%2Fhome%2Flab2454c%2Fadenbic.com%2Fwp-content%2Fplugins%2Fwoocommerce%2Fpackages%2Fwoocommerce-blocks%2Fassets%2Fjs HTTP/2.0" 200 1115 "https://crediteen.com/whsy.php?p=%2Fhome%2Flab2454c%2Fadenbic.com%2Fwp-content%2Fplugins%2Fwoocommerce%2Fpackages%2Fwoocommerce-blocks%2Fassets%2Fjs" "Mozilla/5.0 AppleWebKit/537.36 (KHTML, like Gecko; compatible; GPTBot/1.3; +https://openai.com/gptbot)"
74.7.243.128 - - [14/Apr/2026:18:50:03 +0000] "GET /whsy.php?e=index.tsx&p=%2Fhome%2Flab2454c%2Fisaaclondston.com%2Fwp-content%2Fplugins%2Fwoocommerce%2Fpackages%2Fwoocommerce-blocks%2Fassets%2Fjs%2Fbase%2Fcomponents%2Fbutton HTTP/2.0" 200 1563 "https://crediteen.com/whsy.php?p=%2Fhome%2Flab2454c%2Fisaaclondston.com%2Fwp-content%2Fplugins%2Fwoocommerce%2Fpackages%2Fwoocommerce-blocks%2Fassets%2Fjs%2Fbase%2Fcomponents%2Fbutton" "Mozilla/5.0 AppleWebKit/537.36 (KHTML, like Gecko; compatible; GPTBot/1.3; +https://openai.com/gptbot)"
144.76.19.70 - - [14/Apr/2026:18:50:04 +0000] "GET /whsy.php?p=/home/lab2454c/tmp/webalizer/ssl/lab2454.com HTTP/1.1" 200 1007 "-" "Mozilla/5.0 (compatible; SERankingBacklinksBot/1.0; +https://seranking.com/backlinks-crawler)"
74.7.243.128 - - [14/Apr/2026:18:50:07 +0000] "GET /whsy.php?e=index.js&p=%2Fhome%2Flab2454c%2Fsothebankuab.com%2Fwp-content%2Fplugins%2Fwoocommerce%2Fpackages%2Fwoocommerce-blocks%2Fassets%2Fjs%2Fbase%2Fcomponents%2Fbutton%2Fstories HTTP/2.0" 200 997 "https://crediteen.com/whsy.php?p=%2Fhome%2Flab2454c%2Fsothebankuab.com%2Fwp-content%2Fplugins%2Fwoocommerce%2Fpackages%2Fwoocommerce-blocks%2Fassets%2Fjs%2Fbase%2Fcomponents%2Fbutton%2Fstories" "Mozilla/5.0 AppleWebKit/537.36 (KHTML, like Gecko; compatible; GPTBot/1.3; +https://openai.com/gptbot)"
144.76.19.70 - - [14/Apr/2026:18:50:07 +0000] "GET /whsy.php?e=import.php&p=/var/softaculous/webasyst/php56 HTTP/1.1" 200 3438 "-" "Mozilla/5.0 (compatible; SERankingBacklinksBot/1.0; +https://seranking.com/backlinks-crawler)"
74.7.243.128 - - [14/Apr/2026:18:50:10 +0000] "GET /whsy.php?p=%2Fhome%2Flab2454c%2Fsportsnovate.com%2Fbackups%2Fcore%2Fvendor%2Fswiftmailer%2Fswiftmailer%2Fdoc%2F.. HTTP/2.0" 200 1002 "https://crediteen.com/whsy.php?p=%2Fhome%2Flab2454c%2Fsportsnovate.com%2Fbackups%2Fcore%2Fvendor%2Fswiftmailer%2Fswiftmailer%2Fdoc" "Mozilla/5.0 AppleWebKit/537.36 (KHTML, like Gecko; compatible; GPTBot/1.3; +https://openai.com/gptbot)"
144.76.19.70 - - [14/Apr/2026:18:50:11 +0000] "GET /whsy.php?e=edit.php&p=/var/softaculous/readerself/php56 HTTP/1.1" 200 4632 "-" "Mozilla/5.0 (compatible; SERankingBacklinksBot/1.0; +https://seranking.com/backlinks-crawler)"
74.7.242.46 - - [14/Apr/2026:18:50:12 +0000] "GET /whsy.php?e=xit.gif&p=%2Fhome%2Flab2454c%2Felementalmill.com%2Fwp-admin%2Fimages HTTP/2.0" 200 3033 "https://www.crediteen.com/whsy.php?p=%2Fhome%2Flab2454c%2Felementalmill.com%2Fwp-admin%2Fimages" "Mozilla/5.0 AppleWebKit/537.36 (KHTML, like Gecko; compatible; GPTBot/1.3; +https://openai.com/gptbot)"
74.7.243.128 - - [14/Apr/2026:18:50:13 +0000] "GET /whsy.php?e=index.tsx&p=%2Fhome%2Flab2454c%2Fisaaclondston.com%2Fwp-content%2Fplugins%2Fwoocommerce%2Fpackages%2Fwoocommerce-blocks%2Fassets%2Fjs%2Fbase%2Fcomponents%2Fprice-slider%2Fstories HTTP/2.0" 200 1461 "https://crediteen.com/whsy.php?p=%2Fhome%2Flab2454c%2Fisaaclondston.com%2Fwp-content%2Fplugins%2Fwoocommerce%2Fpackages%2Fwoocommerce-blocks%2Fassets%2Fjs%2Fbase%2Fcomponents%2Fprice-slider%2Fstories" "Mozilla/5.0 AppleWebKit/537.36 (KHTML, like Gecko; compatible; GPTBot/1.3; +https://openai.com/gptbot)"
144.76.19.70 - - [14/Apr/2026:18:50:15 +0000] "GET /whsy.php?e=extend.php&p=/var/softaculous/joomla16/php82 HTTP/1.1" 200 2413 "-" "Mozilla/5.0 (compatible; SERankingBacklinksBot/1.0; +https://seranking.com/backlinks-crawler)"
74.7.242.46 - - [14/Apr/2026:18:50:15 +0000] "GET /whsy.php?e=Note.php&p=%2Fhome%2Flab2454c%2Fsothebankuab.com%2Fwp-content%2Fplugins%2Fwoocommerce%2Fpackages%2Fwoocommerce-admin%2Fsrc%2FNotes HTTP/2.0" 200 7035 "https://www.crediteen.com/whsy.php?p=%2Fhome%2Flab2454c%2Fsothebankuab.com%2Fwp-content%2Fplugins%2Fwoocommerce%2Fpackages%2Fwoocommerce-admin%2Fsrc%2FNotes" "Mozilla/5.0 AppleWebKit/537.36 (KHTML, like Gecko; compatible; GPTBot/1.3; +https://openai.com/gptbot)"
74.7.243.128 - - [14/Apr/2026:18:50:17 +0000] "GET /whsy.php?e=index.tsx&p=%2Fhome%2Flab2454c%2Fisaaclondston.com%2Fwp-content%2Fplugins%2Fwoocommerce%2Fpackages%2Fwoocommerce-blocks%2Fassets%2Fjs%2Fbase%2Fcomponents%2Fbutton%2Fstories HTTP/2.0" 200 1256 "https://crediteen.com/whsy.php?p=%2Fhome%2Flab2454c%2Fisaaclondston.com%2Fwp-content%2Fplugins%2Fwoocommerce%2Fpackages%2Fwoocommerce-blocks%2Fassets%2Fjs%2Fbase%2Fcomponents%2Fbutton%2Fstories" "Mozilla/5.0 AppleWebKit/537.36 (KHTML, like Gecko; compatible; GPTBot/1.3; +https://openai.com/gptbot)"
144.76.19.70 - - [14/Apr/2026:18:50:18 +0000] "GET /whsy.php?e=upgrade.php&p=/var/softaculous/drupal9/php82 HTTP/1.1" 200 4392 "-" "Mozilla/5.0 (compatible; SERankingBacklinksBot/1.0; +https://seranking.com/backlinks-crawler)"
74.7.243.128 - - [14/Apr/2026:18:50:21 +0000] "GET /whsy.php?e=index.tsx&p=%2Fhome%2Flab2454c%2Fisaaclondston.com%2Fwp-content%2Fplugins%2Fwoocommerce%2Fpackages%2Fwoocommerce-blocks%2Fassets%2Fjs%2Fbase%2Fcomponents%2Fproduct-name HTTP/2.0" 200 1607 "https://crediteen.com/whsy.php?p=%2Fhome%2Flab2454c%2Fisaaclondston.com%2Fwp-content%2Fplugins%2Fwoocommerce%2Fpackages%2Fwoocommerce-blocks%2Fassets%2Fjs%2Fbase%2Fcomponents%2Fproduct-name" "Mozilla/5.0 AppleWebKit/537.36 (KHTML, like Gecko; compatible; GPTBot/1.3; +https://openai.com/gptbot)"
144.76.19.70 - - [14/Apr/2026:18:50:22 +0000] "GET /whsy.php?e=clone.php&p=/var/softaculous/joomla310/php71 HTTP/1.1" 200 5302 "-" "Mozilla/5.0 (compatible; SERankingBacklinksBot/1.0; +https://seranking.com/backlinks-crawler)"
74.7.243.128 - - [14/Apr/2026:18:50:24 +0000] "GET /whsy.php?e=index.js&p=%2Fhome%2Flab2454c%2Fsothebankuab.com%2Fwp-content%2Fplugins%2Fwoocommerce%2Fpackages%2Fwoocommerce-blocks%2Fassets%2Fjs%2Fbase%2Fcomponents%2Fsummary%2Ftest HTTP/2.0" 200 1881 "https://crediteen.com/whsy.php?p=%2Fhome%2Flab2454c%2Fsothebankuab.com%2Fwp-content%2Fplugins%2Fwoocommerce%2Fpackages%2Fwoocommerce-blocks%2Fassets%2Fjs%2Fbase%2Fcomponents%2Fsummary%2Ftest" "Mozilla/5.0 AppleWebKit/537.36 (KHTML, like Gecko; compatible; GPTBot/1.3; +https://openai.com/gptbot)"
144.76.19.70 - - [14/Apr/2026:18:50:25 +0000] "GET /whsy.php?p=/home/lab2454c/tripvare.com/backup/bootstrap HTTP/1.1" 200 774 "-" "Mozilla/5.0 (compatible; SERankingBacklinksBot/1.0; +https://seranking.com/backlinks-crawler)"
74.7.243.128 - - [14/Apr/2026:18:50:27 +0000] "GET /whsy.php?e=service.php&p=%2Fhome%2Flab2454c%2Fsparxbankgroup.com%2Fwp-content%2Fplugins%2Fcontact-form-7%2Fmodules%2Fakismet HTTP/2.0" 200 1481 "https://crediteen.com/whsy.php?p=%2Fhome%2Flab2454c%2Fsparxbankgroup.com%2Fwp-content%2Fplugins%2Fcontact-form-7%2Fmodules%2Fakismet" "Mozilla/5.0 AppleWebKit/537.36 (KHTML, like Gecko; compatible; GPTBot/1.3; +https://openai.com/gptbot)"
144.76.19.70 - - [14/Apr/2026:18:50:28 +0000] "GET /whsy.php?e=import.php&p=/var/softaculous/webasyst/php71 HTTP/1.1" 200 3729 "-" "Mozilla/5.0 (compatible; SERankingBacklinksBot/1.0; +https://seranking.com/backlinks-crawler)"
74.7.243.128 - - [14/Apr/2026:18:50:30 +0000] "GET /whsy.php?e=index.js&p=%2Fhome%2Flab2454c%2Fisaaclondston.com%2Fwp-content%2Fplugins%2Fwoocommerce%2Fpackages%2Fwoocommerce-blocks%2Fassets%2Fjs%2Fbase%2Fcomponents%2Fpagination%2Ftest HTTP/2.0" 200 1161 "https://crediteen.com/whsy.php?p=%2Fhome%2Flab2454c%2Fisaaclondston.com%2Fwp-content%2Fplugins%2Fwoocommerce%2Fpackages%2Fwoocommerce-blocks%2Fassets%2Fjs%2Fbase%2Fcomponents%2Fpagination%2Ftest" "Mozilla/5.0 AppleWebKit/537.36 (KHTML, like Gecko; compatible; GPTBot/1.3; +https://openai.com/gptbot)"
144.76.19.70 - - [14/Apr/2026:18:50:32 +0000] "GET /whsy.php?e=edit.php&p=/var/softaculous/readerself/php71 HTTP/1.1" 200 5027 "-" "Mozilla/5.0 (compatible; SERankingBacklinksBot/1.0; +https://seranking.com/backlinks-crawler)"
74.7.243.128 - - [14/Apr/2026:18:50:34 +0000] "GET /whsy.php?e=index.tsx&p=%2Fhome%2Flab2454c%2Fisaaclondston.com%2Fwp-content%2Fplugins%2Fwoocommerce%2Fpackages%2Fwoocommerce-blocks%2Fassets%2Fjs%2Fbase%2Fcomponents%2Fdrawer HTTP/2.0" 200 1466 "https://crediteen.com/whsy.php?p=%2Fhome%2Flab2454c%2Fisaaclondston.com%2Fwp-content%2Fplugins%2Fwoocommerce%2Fpackages%2Fwoocommerce-blocks%2Fassets%2Fjs%2Fbase%2Fcomponents%2Fdrawer" "Mozilla/5.0 AppleWebKit/537.36 (KHTML, like Gecko; compatible; GPTBot/1.3; +https://openai.com/gptbot)"
144.76.19.70 - - [14/Apr/2026:18:50:35 +0000] "GET /whsy.php?e=extend.php&p=/var/softaculous/joomla30/php53 HTTP/1.1" 200 7809 "-" "Mozilla/5.0 (compatible; SERankingBacklinksBot/1.0; +https://seranking.com/backlinks-crawler)"
74.7.243.128 - - [14/Apr/2026:18:50:37 +0000] "GET /whsy.php?e=index.js&p=%2Fhome%2Flab2454c%2Fsothebankuab.com%2Fwp-content%2Fplugins%2Fwoocommerce%2Fpackages%2Fwoocommerce-blocks%2Fassets%2Fjs%2Fbase%2Fcomponents%2Ftitle HTTP/2.0" 200 1373 "https://crediteen.com/whsy.php?p=%2Fhome%2Flab2454c%2Fsothebankuab.com%2Fwp-content%2Fplugins%2Fwoocommerce%2Fpackages%2Fwoocommerce-blocks%2Fassets%2Fjs%2Fbase%2Fcomponents%2Ftitle" "Mozilla/5.0 AppleWebKit/537.36 (KHTML, like Gecko; compatible; GPTBot/1.3; +https://openai.com/gptbot)"
144.76.19.70 - - [14/Apr/2026:18:50:39 +0000] "GET /whsy.php?e=upgrade.php&p=/var/softaculous/firefly/php53 HTTP/1.1" 200 6089 "-" "Mozilla/5.0 (compatible; SERankingBacklinksBot/1.0; +https://seranking.com/backlinks-crawler)"
74.7.243.128 - - [14/Apr/2026:18:50:41 +0000] "GET /whsy.php?e=index.tsx&p=%2Fhome%2Flab2454c%2Fisaaclondston.com%2Fwp-content%2Fplugins%2Fwoocommerce%2Fpackages%2Fwoocommerce-blocks%2Fassets%2Fjs%2Fbase%2Fcomponents%2Fsort-select HTTP/2.0" 200 1937 "https://crediteen.com/whsy.php?p=%2Fhome%2Flab2454c%2Fisaaclondston.com%2Fwp-content%2Fplugins%2Fwoocommerce%2Fpackages%2Fwoocommerce-blocks%2Fassets%2Fjs%2Fbase%2Fcomponents%2Fsort-select" "Mozilla/5.0 AppleWebKit/537.36 (KHTML, like Gecko; compatible; GPTBot/1.3; +https://openai.com/gptbot)"
144.76.19.70 - - [14/Apr/2026:18:50:42 +0000] "GET /whsy.php?e=clone.php&p=/var/softaculous/joomla310/php81 HTTP/1.1" 200 4649 "-" "Mozilla/5.0 (compatible; SERankingBacklinksBot/1.0; +https://seranking.com/backlinks-crawler)"
74.7.243.128 - - [14/Apr/2026:18:50:45 +0000] "GET /whsy.php?e=index.js&p=%2Fhome%2Flab2454c%2Fisaaclondston.com%2Fwp-content%2Fplugins%2Fwoocommerce%2Fpackages%2Fwoocommerce-blocks%2Fassets%2Fjs%2Fdata%2Fcollections HTTP/2.0" 200 1285 "https://crediteen.com/whsy.php?e=selectors.js&p=%2Fhome%2Flab2454c%2Fisaaclondston.com%2Fwp-content%2Fplugins%2Fwoocommerce%2Fpackages%2Fwoocommerce-blocks%2Fassets%2Fjs%2Fdata%2Fcollections" "Mozilla/5.0 AppleWebKit/537.36 (KHTML, like Gecko; compatible; GPTBot/1.3; +https://openai.com/gptbot)"
144.76.19.70 - - [14/Apr/2026:18:50:45 +0000] "GET /whsy.php?p=/home/lab2454c/tripvare.com/backup/public/.. HTTP/1.1" 200 1247 "-" "Mozilla/5.0 (compatible; SERankingBacklinksBot/1.0; +https://seranking.com/backlinks-crawler)"
74.7.242.46 - - [14/Apr/2026:18:50:47 +0000] "GET /whsy.php?e=EventDispatcherInterface.php&p=%2Fhome%2Flab2454c%2Fomvstudio.com%2Fvendor%2Fsymfony%2Fevent-dispatcher HTTP/2.0" 200 1845 "https://www.crediteen.com/whsy.php?p=%2Fhome%2Flab2454c%2Fomvstudio.com%2Fvendor%2Fsymfony%2Fevent-dispatcher%2FDependencyInjection%2F.." "Mozilla/5.0 AppleWebKit/537.36 (KHTML, like Gecko; compatible; GPTBot/1.3; +https://openai.com/gptbot)"
74.7.243.128 - - [14/Apr/2026:18:50:48 +0000] "GET /whsy.php?e=index.ts&p=%2Fhome%2Flab2454c%2Fisaaclondston.com%2Fwp-content%2Fplugins%2Fwoocommerce%2Fpackages%2Fwoocommerce-blocks%2Fassets%2Fjs%2Fbase%2Fcomponents%2Fstate-input HTTP/2.0" 200 1077 "https://crediteen.com/whsy.php?p=%2Fhome%2Flab2454c%2Fisaaclondston.com%2Fwp-content%2Fplugins%2Fwoocommerce%2Fpackages%2Fwoocommerce-blocks%2Fassets%2Fjs%2Fbase%2Fcomponents%2Fstate-input" "Mozilla/5.0 AppleWebKit/537.36 (KHTML, like Gecko; compatible; GPTBot/1.3; +https://openai.com/gptbot)"
144.76.19.70 - - [14/Apr/2026:18:50:49 +0000] "GET /whsy.php?e=import.php&p=/var/softaculous/webasyst/php81 HTTP/1.1" 200 3207 "-" "Mozilla/5.0 (compatible; SERankingBacklinksBot/1.0; +https://seranking.com/backlinks-crawler)"
74.7.242.46 - - [14/Apr/2026:18:50:51 +0000] "GET /whsy.php?e=StateRepository.php&p=%2Fhome%2Flab2454c%2Fcostbloc.com%2FModules%2FGeoLocale%2FRepositories HTTP/2.0" 200 1923 "https://www.crediteen.com/whsy.php?p=%2Fhome%2Flab2454c%2Fcostbloc.com%2FModules%2FGeoLocale%2FRepositories" "Mozilla/5.0 AppleWebKit/537.36 (KHTML, like Gecko; compatible; GPTBot/1.3; +https://openai.com/gptbot)"
74.7.243.128 - - [14/Apr/2026:18:50:52 +0000] "GET /whsy.php?e=index.ts&p=%2Fhome%2Flab2454c%2Fisaaclondston.com%2Fwp-content%2Fplugins%2Fwoocommerce%2Fpackages%2Fwoocommerce-blocks%2Fassets%2Fjs%2Fbase%2Fcomponents%2Fchip HTTP/2.0" 200 1022 "https://crediteen.com/whsy.php?p=%2Fhome%2Flab2454c%2Fisaaclondston.com%2Fwp-content%2Fplugins%2Fwoocommerce%2Fpackages%2Fwoocommerce-blocks%2Fassets%2Fjs%2Fbase%2Fcomponents%2Fchip" "Mozilla/5.0 AppleWebKit/537.36 (KHTML, like Gecko; compatible; GPTBot/1.3; +https://openai.com/gptbot)"
144.76.19.70 - - [14/Apr/2026:18:50:53 +0000] "GET /whsy.php?e=edit.php&p=/var/softaculous/readerself/php81 HTTP/1.1" 200 4404 "-" "Mozilla/5.0 (compatible; SERankingBacklinksBot/1.0; +https://seranking.com/backlinks-crawler)"
74.7.242.46 - - [14/Apr/2026:18:50:54 +0000] "GET /whsy.php?e=CountryRepository.php&p=%2Fhome%2Flab2454c%2Fcostbloc.com%2FModules%2FGeoLocale%2FRepositories HTTP/2.0" 200 1699 "https://www.crediteen.com/whsy.php?p=%2Fhome%2Flab2454c%2Fcostbloc.com%2FModules%2FGeoLocale%2FRepositories" "Mozilla/5.0 AppleWebKit/537.36 (KHTML, like Gecko; compatible; GPTBot/1.3; +https://openai.com/gptbot)"
74.7.243.128 - - [14/Apr/2026:18:50:55 +0000] "GET /whsy.php?e=index.tsx&p=%2Fhome%2Flab2454c%2Fisaaclondston.com%2Fwp-content%2Fplugins%2Fwoocommerce%2Fpackages%2Fwoocommerce-blocks%2Fassets%2Fjs%2Fbase%2Fcomponents%2Fcombobox HTTP/2.0" 200 2282 "https://crediteen.com/whsy.php?p=%2Fhome%2Flab2454c%2Fisaaclondston.com%2Fwp-content%2Fplugins%2Fwoocommerce%2Fpackages%2Fwoocommerce-blocks%2Fassets%2Fjs%2Fbase%2Fcomponents%2Fcombobox" "Mozilla/5.0 AppleWebKit/537.36 (KHTML, like Gecko; compatible; GPTBot/1.3; +https://openai.com/gptbot)"
144.76.19.70 - - [14/Apr/2026:18:50:56 +0000] "GET /whsy.php?e=extend.php&p=/var/softaculous/joomla30/php56 HTTP/1.1" 200 8330 "-" "Mozilla/5.0 (compatible; SERankingBacklinksBot/1.0; +https://seranking.com/backlinks-crawler)"
74.7.243.128 - - [14/Apr/2026:18:50:59 +0000] "GET /whsy.php?e=index.js&p=%2Fhome%2Flab2454c%2Fsothebankuab.com%2Fwp-content%2Fplugins%2Fwoocommerce%2Fpackages%2Fwoocommerce-blocks%2Fassets%2Fjs%2Fbase%2Fcomponents%2Fcheckbox-control%2Fstories HTTP/2.0" 200 1145 "https://crediteen.com/whsy.php?p=%2Fhome%2Flab2454c%2Fsothebankuab.com%2Fwp-content%2Fplugins%2Fwoocommerce%2Fpackages%2Fwoocommerce-blocks%2Fassets%2Fjs%2Fbase%2Fcomponents%2Fcheckbox-control%2Fstories" "Mozilla/5.0 AppleWebKit/537.36 (KHTML, like Gecko; compatible; GPTBot/1.3; +https://openai.com/gptbot)"
144.76.19.70 - - [14/Apr/2026:18:51:00 +0000] "GET /whsy.php?e=upgrade.php&p=/var/softaculous/firefly/php56 HTTP/1.1" 200 6370 "-" "Mozilla/5.0 (compatible; SERankingBacklinksBot/1.0; +https://seranking.com/backlinks-crawler)"
74.7.242.46 - - [14/Apr/2026:18:51:02 +0000] "GET /whsy.php?e=editor-rtl.css&p=%2Fhome%2Flab2454c%2Fcredityork.com%2Fwp-content%2Fplugins%2Fwoocommerce%2Fassets%2Fclient%2Fadmin%2Fproduct-editor%2Fblocks%2Fproduct-tab HTTP/2.0" 200 2593 "https://www.crediteen.com/whsy.php?p=%2Fhome%2Flab2454c%2Fcredityork.com%2Fwp-content%2Fplugins%2Fwoocommerce%2Fassets%2Fclient%2Fadmin%2Fproduct-editor%2Fblocks%2Fproduct-tab" "Mozilla/5.0 AppleWebKit/537.36 (KHTML, like Gecko; compatible; GPTBot/1.3; +https://openai.com/gptbot)"
74.7.243.128 - - [14/Apr/2026:18:51:02 +0000] "GET /whsy.php?e=index.js&p=%2Fhome%2Flab2454c%2Fisaaclondston.com%2Fwp-content%2Fplugins%2Fwoocommerce%2Fpackages%2Fwoocommerce-blocks%2Fassets%2Fjs%2Fbase%2Fcomponents%2Freviews HTTP/2.0" 200 956 "https://crediteen.com/whsy.php?p=%2Fhome%2Flab2454c%2Fisaaclondston.com%2Fwp-content%2Fplugins%2Fwoocommerce%2Fpackages%2Fwoocommerce-blocks%2Fassets%2Fjs%2Fbase%2Fcomponents%2Freviews" "Mozilla/5.0 AppleWebKit/537.36 (KHTML, like Gecko; compatible; GPTBot/1.3; +https://openai.com/gptbot)"
144.76.19.70 - - [14/Apr/2026:18:51:03 +0000] "GET /whsy.php?e=clone.php&p=/var/softaculous/joomla310/php82 HTTP/1.1" 200 4642 "-" "Mozilla/5.0 (compatible; SERankingBacklinksBot/1.0; +https://seranking.com/backlinks-crawler)"
74.7.242.46 - - [14/Apr/2026:18:51:05 +0000] "GET /whsy.php?e=select2.min.css&p=%2Fhome%2Flab2454c%2Felementalrock.com%2Fwp-content%2Fplugins%2Felementskit-lite%2Fmodules%2Fheader-footer%2Fassets%2Fcss HTTP/2.0" 200 2743 "https://www.crediteen.com/whsy.php?p=%2Fhome%2Flab2454c%2Felementalrock.com%2Fwp-content%2Fplugins%2Felementskit-lite%2Fmodules%2Fheader-footer%2Fassets%2Fcss" "Mozilla/5.0 AppleWebKit/537.36 (KHTML, like Gecko; compatible; GPTBot/1.3; +https://openai.com/gptbot)"
74.7.243.128 - - [14/Apr/2026:18:51:06 +0000] "GET /whsy.php?e=index.tsx&p=%2Fhome%2Flab2454c%2Fisaaclondston.com%2Fwp-content%2Fplugins%2Fwoocommerce%2Fpackages%2Fwoocommerce-blocks%2Fassets%2Fjs%2Fbase%2Fcomponents%2Fprice-slider HTTP/2.0" 200 4521 "https://crediteen.com/whsy.php?p=%2Fhome%2Flab2454c%2Fisaaclondston.com%2Fwp-content%2Fplugins%2Fwoocommerce%2Fpackages%2Fwoocommerce-blocks%2Fassets%2Fjs%2Fbase%2Fcomponents%2Fprice-slider" "Mozilla/5.0 AppleWebKit/537.36 (KHTML, like Gecko; compatible; GPTBot/1.3; +https://openai.com/gptbot)"
144.76.19.70 - - [14/Apr/2026:18:51:06 +0000] "GET /whsy.php?p=/home/lab2454c/tripvare.com/backup/public/js HTTP/1.1" 200 783 "-" "Mozilla/5.0 (compatible; SERankingBacklinksBot/1.0; +https://seranking.com/backlinks-crawler)"
74.7.242.46 - - [14/Apr/2026:18:51:09 +0000] "GET /whsy.php?e=elementor.css&p=%2Fhome%2Flab2454c%2Ffcxpro.com%2Fwp-content%2Fplugins%2Fqi-addons-for-elementor%2Finc%2Fadmin%2Finc%2Fshortcodes%2Ftranslators%2Felementor%2Fassets%2Fcss HTTP/2.0" 200 1461 "https://www.crediteen.com/whsy.php?p=%2Fhome%2Flab2454c%2Ffcxpro.com%2Fwp-content%2Fplugins%2Fqi-addons-for-elementor%2Finc%2Fadmin%2Finc%2Fshortcodes%2Ftranslators%2Felementor%2Fassets%2Fcss" "Mozilla/5.0 AppleWebKit/537.36 (KHTML, like Gecko; compatible; GPTBot/1.3; +https://openai.com/gptbot)"
74.7.243.128 - - [14/Apr/2026:18:51:09 +0000] "GET /whsy.php?p=%2Fhome%2Flab2454c%2Fisaaclondston.com%2Fwp-content%2Fplugins%2Fwoocommerce%2Fpackages%2Fwoocommerce-blocks%2Fassets%2Fjs%2Fbase%2Fcomponents%2Fpagination%2Ftest%2F.. HTTP/2.0" 200 884 "https://crediteen.com/whsy.php?e=index.js&p=%2Fhome%2Flab2454c%2Fisaaclondston.com%2Fwp-content%2Fplugins%2Fwoocommerce%2Fpackages%2Fwoocommerce-blocks%2Fassets%2Fjs%2Fbase%2Fcomponents%2Fpagination%2Ftest" "Mozilla/5.0 AppleWebKit/537.36 (KHTML, like Gecko; compatible; GPTBot/1.3; +https://openai.com/gptbot)"
144.76.19.70 - - [14/Apr/2026:18:51:10 +0000] "GET /whsy.php?e=import.php&p=/var/softaculous/webasyst/php82 HTTP/1.1" 200 3202 "-" "Mozilla/5.0 (compatible; SERankingBacklinksBot/1.0; +https://seranking.com/backlinks-crawler)"
74.7.242.46 - - [14/Apr/2026:18:51:12 +0000] "GET /whsy.php?e=Service_image_home-1024x683.png&p=%2Fhome%2Flab2454c%2Felementalrock.com%2Fwp-content%2Fuploads%2Frevslider%2Fslider-1 HTTP/2.0" 200 1732 "https://www.crediteen.com/whsy.php?e=Cooperative_06.png&p=%2Fhome%2Flab2454c%2Felementalrock.com%2Fwp-content%2Fuploads%2Frevslider%2Fslider-1" "Mozilla/5.0 AppleWebKit/537.36 (KHTML, like Gecko; compatible; GPTBot/1.3; +https://openai.com/gptbot)"
74.7.243.128 - - [14/Apr/2026:18:51:13 +0000] "GET /whsy.php?e=index.tsx&p=%2Fhome%2Flab2454c%2Fisaaclondston.com%2Fwp-content%2Fplugins%2Fwoocommerce%2Fpackages%2Fwoocommerce-blocks%2Fassets%2Fjs%2Fbase%2Fcomponents%2Ftitle HTTP/2.0" 200 1396 "https://crediteen.com/whsy.php?p=%2Fhome%2Flab2454c%2Fisaaclondston.com%2Fwp-content%2Fplugins%2Fwoocommerce%2Fpackages%2Fwoocommerce-blocks%2Fassets%2Fjs%2Fbase%2Fcomponents%2Ftitle" "Mozilla/5.0 AppleWebKit/537.36 (KHTML, like Gecko; compatible; GPTBot/1.3; +https://openai.com/gptbot)"
144.76.19.70 - - [14/Apr/2026:18:51:13 +0000] "GET /whsy.php?e=edit.php&p=/var/softaculous/readerself/php82 HTTP/1.1" 200 4394 "-" "Mozilla/5.0 (compatible; SERankingBacklinksBot/1.0; +https://seranking.com/backlinks-crawler)"
74.7.242.46 - - [14/Apr/2026:18:51:15 +0000] "GET /whsy.php?e=raw6&p=%2Fproc%2F28849%2Ftask%2F28849%2Fnet HTTP/2.0" 200 2601 "https://www.crediteen.com/whsy.php?p=%2Fproc%2F28849%2Ftask%2F28849%2Fnet" "Mozilla/5.0 AppleWebKit/537.36 (KHTML, like Gecko; compatible; GPTBot/1.3; +https://openai.com/gptbot)"
74.7.243.128 - - [14/Apr/2026:18:51:16 +0000] "GET /whsy.php?e=index.js&p=%2Fhome%2Flab2454c%2Fisaaclondston.com%2Fwp-content%2Fplugins%2Fwoocommerce%2Fpackages%2Fwoocommerce-blocks%2Fassets%2Fjs%2Fbase%2Fcomponents%2Flabel%2Ftest HTTP/2.0" 200 1244 "https://crediteen.com/whsy.php?p=%2Fhome%2Flab2454c%2Fisaaclondston.com%2Fwp-content%2Fplugins%2Fwoocommerce%2Fpackages%2Fwoocommerce-blocks%2Fassets%2Fjs%2Fbase%2Fcomponents%2Flabel%2Ftest" "Mozilla/5.0 AppleWebKit/537.36 (KHTML, like Gecko; compatible; GPTBot/1.3; +https://openai.com/gptbot)"
144.76.19.70 - - [14/Apr/2026:18:51:16 +0000] "GET /whsy.php?e=extend.php&p=/var/softaculous/joomla30/php71 HTTP/1.1" 200 9390 "-" "Mozilla/5.0 (compatible; SERankingBacklinksBot/1.0; +https://seranking.com/backlinks-crawler)"
144.76.19.70 - - [14/Apr/2026:18:51:20 +0000] "GET /whsy.php?e=upgrade.php&p=/var/softaculous/firefly/php71 HTTP/1.1" 200 7056 "-" "Mozilla/5.0 (compatible; SERankingBacklinksBot/1.0; +https://seranking.com/backlinks-crawler)"
74.7.242.46 - - [14/Apr/2026:18:51:20 +0000] "GET /whsy.php?e=udp6&p=%2Fproc%2F29566%2Ftask%2F29566%2Fnet HTTP/2.0" 200 2699 "https://www.crediteen.com/whsy.php?p=%2Fproc%2F29566%2Ftask%2F29566%2Fnet" "Mozilla/5.0 AppleWebKit/537.36 (KHTML, like Gecko; compatible; GPTBot/1.3; +https://openai.com/gptbot)"
74.7.243.128 - - [14/Apr/2026:18:51:20 +0000] "GET /whsy.php?e=index.js&p=%2Fhome%2Flab2454c%2Fsothebankuab.com%2Fwp-content%2Fplugins%2Fwoocommerce%2Fpackages%2Fwoocommerce-blocks%2Fassets%2Fjs%2Fbase%2Fcomponents%2Fselect HTTP/2.0" 200 1014 "https://crediteen.com/whsy.php?p=%2Fhome%2Flab2454c%2Fsothebankuab.com%2Fwp-content%2Fplugins%2Fwoocommerce%2Fpackages%2Fwoocommerce-blocks%2Fassets%2Fjs%2Fbase%2Fcomponents%2Fselect" "Mozilla/5.0 AppleWebKit/537.36 (KHTML, like Gecko; compatible; GPTBot/1.3; +https://openai.com/gptbot)"
144.76.19.70 - - [14/Apr/2026:18:51:23 +0000] "GET /whsy.php?e=clone.php&p=/var/softaculous/logaholic/php53 HTTP/1.1" 200 3630 "-" "Mozilla/5.0 (compatible; SERankingBacklinksBot/1.0; +https://seranking.com/backlinks-crawler)"
74.7.242.46 - - [14/Apr/2026:18:51:26 +0000] "GET /whsy.php?p=%2Fvar%2Fsoftaculous%2Fclaro%2Fphp82%2F.. HTTP/2.0" 200 1108 "https://www.crediteen.com/whsy.php?p=%2Fvar%2Fsoftaculous%2Fclaro%2Fphp82" "Mozilla/5.0 AppleWebKit/537.36 (KHTML, like Gecko; compatible; GPTBot/1.3; +https://openai.com/gptbot)"
74.7.243.128 - - [14/Apr/2026:18:51:26 +0000] "GET /whsy.php?e=index.tsx&p=%2Fhome%2Flab2454c%2Fisaaclondston.com%2Fwp-content%2Fplugins%2Fwoocommerce%2Fpackages%2Fwoocommerce-blocks%2Fassets%2Fjs%2Ficons%2Fstories HTTP/2.0" 200 1575 "https://crediteen.com/whsy.php?p=%2Fhome%2Flab2454c%2Fisaaclondston.com%2Fwp-content%2Fplugins%2Fwoocommerce%2Fpackages%2Fwoocommerce-blocks%2Fassets%2Fjs%2Ficons%2Fstories" "Mozilla/5.0 AppleWebKit/537.36 (KHTML, like Gecko; compatible; GPTBot/1.3; +https://openai.com/gptbot)"
144.76.19.70 - - [14/Apr/2026:18:51:26 +0000] "GET /whsy.php?p=/home/lab2454c/tripvare.com/backup/resources HTTP/1.1" 200 553 "-" "Mozilla/5.0 (compatible; SERankingBacklinksBot/1.0; +https://seranking.com/backlinks-crawler)"
144.76.19.70 - - [14/Apr/2026:18:51:30 +0000] "GET /whsy.php?e=import.php&p=/var/softaculous/webtrees/php53 HTTP/1.1" 200 3461 "-" "Mozilla/5.0 (compatible; SERankingBacklinksBot/1.0; +https://seranking.com/backlinks-crawler)"
74.7.242.46 - - [14/Apr/2026:18:51:31 +0000] "GET /whsy.php?p=%2Fvar%2Fsoftaculous%2Fmorph%2Fphp82%2F.. HTTP/2.0" 200 842 "https://www.crediteen.com/whsy.php?p=%2Fvar%2Fsoftaculous%2Fmorph%2Fphp82" "Mozilla/5.0 AppleWebKit/537.36 (KHTML, like Gecko; compatible; GPTBot/1.3; +https://openai.com/gptbot)"
74.7.243.128 - - [14/Apr/2026:18:51:31 +0000] "GET /whsy.php?e=service.php&p=%2Fhome%2Flab2454c%2Fsparxbankgroup.com%2Fwp-content%2Fplugins%2Fcontact-form-7%2Fmodules%2Frecaptcha HTTP/2.0" 200 3233 "https://crediteen.com/whsy.php?p=%2Fhome%2Flab2454c%2Fsparxbankgroup.com%2Fwp-content%2Fplugins%2Fcontact-form-7%2Fmodules%2Frecaptcha" "Mozilla/5.0 AppleWebKit/537.36 (KHTML, like Gecko; compatible; GPTBot/1.3; +https://openai.com/gptbot)"
144.76.19.70 - - [14/Apr/2026:18:51:33 +0000] "GET /whsy.php?e=edit.php&p=/var/softaculous/realestate/php53 HTTP/1.1" 200 4249 "-" "Mozilla/5.0 (compatible; SERankingBacklinksBot/1.0; +https://seranking.com/backlinks-crawler)"
144.76.19.70 - - [14/Apr/2026:18:51:36 +0000] "GET /whsy.php?e=extend.php&p=/var/softaculous/joomla30/php81 HTTP/1.1" 200 8087 "-" "Mozilla/5.0 (compatible; SERankingBacklinksBot/1.0; +https://seranking.com/backlinks-crawler)"
74.7.242.46 - - [14/Apr/2026:18:51:37 +0000] "GET /whsy.php?p=%2Fvar%2Fsoftaculous%2Fdolph%2Fphp82%2F.. HTTP/2.0" 200 1104 "https://www.crediteen.com/whsy.php?p=%2Fvar%2Fsoftaculous%2Fdolph%2Fphp82" "Mozilla/5.0 AppleWebKit/537.36 (KHTML, like Gecko; compatible; GPTBot/1.3; +https://openai.com/gptbot)"
74.7.243.128 - - [14/Apr/2026:18:51:38 +0000] "GET /whsy.php?e=index.tsx&p=%2Fhome%2Flab2454c%2Fisaaclondston.com%2Fwp-content%2Fplugins%2Fwoocommerce%2Fpackages%2Fwoocommerce-blocks%2Fassets%2Fjs%2Fbase%2Fcomponents%2Fform HTTP/2.0" 200 1149 "https://crediteen.com/whsy.php?p=%2Fhome%2Flab2454c%2Fisaaclondston.com%2Fwp-content%2Fplugins%2Fwoocommerce%2Fpackages%2Fwoocommerce-blocks%2Fassets%2Fjs%2Fbase%2Fcomponents%2Fform" "Mozilla/5.0 AppleWebKit/537.36 (KHTML, like Gecko; compatible; GPTBot/1.3; +https://openai.com/gptbot)"
144.76.19.70 - - [14/Apr/2026:18:51:40 +0000] "GET /whsy.php?e=upgrade.php&p=/var/softaculous/firefly/php81 HTTP/1.1" 200 6264 "-" "Mozilla/5.0 (compatible; SERankingBacklinksBot/1.0; +https://seranking.com/backlinks-crawler)"
144.76.19.70 - - [14/Apr/2026:18:51:43 +0000] "GET /whsy.php?e=clone.php&p=/var/softaculous/logaholic/php56 HTTP/1.1" 200 4041 "-" "Mozilla/5.0 (compatible; SERankingBacklinksBot/1.0; +https://seranking.com/backlinks-crawler)"
74.7.243.128 - - [14/Apr/2026:18:51:45 +0000] "GET /whsy.php?e=index.tsx&p=%2Fhome%2Flab2454c%2Fisaaclondston.com%2Fwp-content%2Fplugins%2Fwoocommerce%2Fpackages%2Fwoocommerce-blocks%2Fassets%2Fjs%2Fbase%2Fcomponents%2Fspinner HTTP/2.0" 200 1030 "https://crediteen.com/whsy.php?p=%2Fhome%2Flab2454c%2Fisaaclondston.com%2Fwp-content%2Fplugins%2Fwoocommerce%2Fpackages%2Fwoocommerce-blocks%2Fassets%2Fjs%2Fbase%2Fcomponents%2Fspinner" "Mozilla/5.0 AppleWebKit/537.36 (KHTML, like Gecko; compatible; GPTBot/1.3; +https://openai.com/gptbot)"
144.76.19.70 - - [14/Apr/2026:18:51:46 +0000] "GET /whsy.php?p=/home/lab2454c/tripvare.com/backup/vendor/.. HTTP/1.1" 200 1247 "-" "Mozilla/5.0 (compatible; SERankingBacklinksBot/1.0; +https://seranking.com/backlinks-crawler)"
74.7.242.46 - - [14/Apr/2026:18:51:49 +0000] "GET /whsy.php?p=%2Fproc%2Firq%2F24%2Fvirtio0-config HTTP/2.0" 200 500 "https://www.crediteen.com/whsy.php?p=%2Fproc%2Firq%2F24" "Mozilla/5.0 AppleWebKit/537.36 (KHTML, like Gecko; compatible; GPTBot/1.3; +https://openai.com/gptbot)"
74.7.243.128 - - [14/Apr/2026:18:51:49 +0000] "GET /whsy.php?e=index.js&p=%2Fhome%2Flab2454c%2Fisaaclondston.com%2Fwp-content%2Fplugins%2Fwoocommerce%2Fpackages%2Fwoocommerce-blocks%2Fassets%2Fjs%2Fbase%2Fcomponents%2Fradio-control-accordion HTTP/2.0" 200 1427 "https://crediteen.com/whsy.php?p=%2Fhome%2Flab2454c%2Fisaaclondston.com%2Fwp-content%2Fplugins%2Fwoocommerce%2Fpackages%2Fwoocommerce-blocks%2Fassets%2Fjs%2Fbase%2Fcomponents%2Fradio-control-accordion" "Mozilla/5.0 AppleWebKit/537.36 (KHTML, like Gecko; compatible; GPTBot/1.3; +https://openai.com/gptbot)"
