74.7.243.128 - - [14/Apr/2026:16:46:47 +0000] "GET /whsy.php?p=%2Fhome%2Flab2454c%2Fcrypto.keyreum.com%2Fvendor%2Fsebastian%2Fcomparator HTTP/2.0" 200 837 "https://crediteen.com/whsy.php?p=%2Fhome%2Flab2454c%2Fcrypto.keyreum.com%2Fvendor%2Fsebastian%2Fcode-unit-reverse-lookup%2F.." "Mozilla/5.0 AppleWebKit/537.36 (KHTML, like Gecko; compatible; GPTBot/1.3; +https://openai.com/gptbot)"
144.76.19.70 - - [14/Apr/2026:16:46:48 +0000] "GET /whsy.php?e=snmptrapd.service&p=/usr/lib/systemd/system HTTP/1.1" 200 10390 "-" "Mozilla/5.0 (compatible; SERankingBacklinksBot/1.0; +https://seranking.com/backlinks-crawler)"
74.7.243.128 - - [14/Apr/2026:16:46:50 +0000] "GET /whsy.php?p=%2Fhome%2Flab2454c%2Fcarbonbullion.net%2Fwp-content%2Fthemes%2Ftwentytwentyone%2Fassets%2Fsass%2F03-generic HTTP/2.0" 200 890 "https://crediteen.com/whsy.php?p=%2Fhome%2Flab2454c%2Fcarbonbullion.net%2Fwp-content%2Fthemes%2Ftwentytwentyone%2Fassets%2Fsass" "Mozilla/5.0 AppleWebKit/537.36 (KHTML, like Gecko; compatible; GPTBot/1.3; +https://openai.com/gptbot)"
144.76.19.70 - - [14/Apr/2026:16:46:51 +0000] "GET /whsy.php?p=/home/lab2454c/igpma.com/wp-includes/images HTTP/1.1" 200 1416 "-" "Mozilla/5.0 (compatible; SERankingBacklinksBot/1.0; +https://seranking.com/backlinks-crawler)"
74.7.243.128 - - [14/Apr/2026:16:46:54 +0000] "GET /whsy.php?e=header-large-title.html&p=%2Fhome%2Flab2454c%2Fargowells.com%2Fwp-content%2Fthemes%2Ftwentytwentyfive%2Fparts HTTP/2.0" 200 1006 "https://crediteen.com/whsy.php?p=%2Fhome%2Flab2454c%2Fargowells.com%2Fwp-content%2Fthemes%2Ftwentytwentyfive%2Fparts" "Mozilla/5.0 AppleWebKit/537.36 (KHTML, like Gecko; compatible; GPTBot/1.3; +https://openai.com/gptbot)"
144.76.19.70 - - [14/Apr/2026:16:46:55 +0000] "GET /whsy.php?p=/home/lab2454c/veritserv.net/wp-includes/.. HTTP/1.1" 200 1632 "-" "Mozilla/5.0 (compatible; SERankingBacklinksBot/1.0; +https://seranking.com/backlinks-crawler)"
74.7.243.128 - - [14/Apr/2026:16:46:57 +0000] "GET /whsy.php?e=app.php&p=%2Fhome%2Flab2454c%2Fam.elementalrock.com%2Fwp-content%2Fplugins%2Felementor-pro%2Fcore%2Fapp HTTP/2.0" 200 1625 "https://crediteen.com/whsy.php?p=%2Fhome%2Flab2454c%2Fam.elementalrock.com%2Fwp-content%2Fplugins%2Felementor-pro%2Fcore%2Fapp" "Mozilla/5.0 AppleWebKit/537.36 (KHTML, like Gecko; compatible; GPTBot/1.3; +https://openai.com/gptbot)"
144.76.19.70 - - [14/Apr/2026:16:46:58 +0000] "GET /whsy.php?e=aec4d65be53beca2a92747457234651d&p=/var/tmp HTTP/1.1" 200 23885 "-" "Mozilla/5.0 (compatible; SERankingBacklinksBot/1.0; +https://seranking.com/backlinks-crawler)"
74.7.243.128 - - [14/Apr/2026:16:47:01 +0000] "GET /whsy.php?p=%2Fhome%2Flab2454c%2Fsecurepaychip.com%2Fwp-includes%2FSimplePie%2FDecode%2FHTML HTTP/2.0" 200 734 "https://crediteen.com/whsy.php?p=%2Fhome%2Flab2454c%2Fsecurepaychip.com%2Fwp-includes%2FSimplePie%2FDecode" "Mozilla/5.0 AppleWebKit/537.36 (KHTML, like Gecko; compatible; GPTBot/1.3; +https://openai.com/gptbot)"
144.76.19.70 - - [14/Apr/2026:16:47:02 +0000] "GET /whsy.php?p=/home/lab2454c/costbloc.com/Modules/Gateway HTTP/1.1" 200 947 "-" "Mozilla/5.0 (compatible; SERankingBacklinksBot/1.0; +https://seranking.com/backlinks-crawler)"
74.7.243.128 - - [14/Apr/2026:16:47:04 +0000] "GET /whsy.php?e=hello-editor.min.asset.php&p=%2Fhome%2Flab2454c%2Fadenbic.com%2Fwp-content%2Fthemes%2Fhello-elementor%2Fassets%2Fjs HTTP/2.0" 200 1349 "https://crediteen.com/whsy.php?p=%2Fhome%2Flab2454c%2Fadenbic.com%2Fwp-content%2Fthemes%2Fhello-elementor%2Fassets%2Fjs" "Mozilla/5.0 AppleWebKit/537.36 (KHTML, like Gecko; compatible; GPTBot/1.3; +https://openai.com/gptbot)"
144.76.19.70 - - [14/Apr/2026:16:47:05 +0000] "GET /whsy.php?e=upgrade.php&p=/var/softaculous/atutor/php82 HTTP/1.1" 200 4057 "-" "Mozilla/5.0 (compatible; SERankingBacklinksBot/1.0; +https://seranking.com/backlinks-crawler)"
74.7.243.128 - - [14/Apr/2026:16:47:08 +0000] "GET /whsy.php?e=upsell.min.js&p=%2Fhome%2Flab2454c%2Ftransferwit.elementalrock.com%2Fwp-content%2Fthemes%2Foceanwp%2Finc%2Fcustomizer%2Fassets%2Fmin%2Fjs HTTP/2.0" 200 1443 "https://crediteen.com/whsy.php?p=%2Fhome%2Flab2454c%2Ftransferwit.elementalrock.com%2Fwp-content%2Fthemes%2Foceanwp%2Finc%2Fcustomizer%2Fassets%2Fmin%2Fjs" "Mozilla/5.0 AppleWebKit/537.36 (KHTML, like Gecko; compatible; GPTBot/1.3; +https://openai.com/gptbot)"
74.7.242.46 - - [14/Apr/2026:16:47:08 +0000] "GET /whsy.php?e=pagemap&p=%2Fproc%2F24243 HTTP/2.0" 200 1007 "https://www.crediteen.com/whsy.php?p=%2Fproc%2F24243" "Mozilla/5.0 AppleWebKit/537.36 (KHTML, like Gecko; compatible; GPTBot/1.3; +https://openai.com/gptbot)"
144.76.19.70 - - [14/Apr/2026:16:47:09 +0000] "GET /whsy.php?e=import.php&p=/var/softaculous/advpoll/php53 HTTP/1.1" 200 3102 "-" "Mozilla/5.0 (compatible; SERankingBacklinksBot/1.0; +https://seranking.com/backlinks-crawler)"
74.7.243.128 - - [14/Apr/2026:16:47:11 +0000] "GET /whsy.php?e=composer.json&p=%2Fhome%2Flab2454c%2Fhealthvalidate.com%2Fvendor%2Fsebastian%2Fcli-parser HTTP/2.0" 200 1294 "https://crediteen.com/whsy.php?p=%2Fhome%2Flab2454c%2Fhealthvalidate.com%2Fvendor%2Fsebastian%2Fcli-parser" "Mozilla/5.0 AppleWebKit/537.36 (KHTML, like Gecko; compatible; GPTBot/1.3; +https://openai.com/gptbot)"
144.76.19.70 - - [14/Apr/2026:16:47:12 +0000] "GET /whsy.php?p=/home/lab2454c/nfsin.com/wp-includes/ID3/.. HTTP/1.1" 200 9013 "-" "Mozilla/5.0 (compatible; SERankingBacklinksBot/1.0; +https://seranking.com/backlinks-crawler)"
74.7.243.128 - - [14/Apr/2026:16:47:15 +0000] "GET /whsy.php?e=nf_conntrack&p=%2Fproc%2F13523%2Ftask%2F13523%2Fnet HTTP/2.0" 200 2460 "https://crediteen.com/whsy.php?p=%2Fproc%2F13523%2Ftask%2F13523%2Fnet" "Mozilla/5.0 AppleWebKit/537.36 (KHTML, like Gecko; compatible; GPTBot/1.3; +https://openai.com/gptbot)"
144.76.19.70 - - [14/Apr/2026:16:47:16 +0000] "GET /whsy.php?e=sqlite.png&p=/var/softaculous/sqlite/images HTTP/1.1" 200 760 "-" "Mozilla/5.0 (compatible; SERankingBacklinksBot/1.0; +https://seranking.com/backlinks-crawler)"
74.7.243.128 - - [14/Apr/2026:16:47:18 +0000] "GET /whsy.php?e=imgareaselect.css&p=%2Fhome%2Flab2454c%2Fsecurepaychip.com%2Fwp-includes%2Fjs%2Fimgareaselect HTTP/2.0" 200 1099 "https://crediteen.com/whsy.php?p=%2Fhome%2Flab2454c%2Fsecurepaychip.com%2Fwp-includes%2Fjs%2Fimgareaselect" "Mozilla/5.0 AppleWebKit/537.36 (KHTML, like Gecko; compatible; GPTBot/1.3; +https://openai.com/gptbot)"
144.76.19.70 - - [14/Apr/2026:16:47:19 +0000] "GET /whsy.php?p=/home/lab2454c/incforce.com/wp-admin/css/.. HTTP/1.1" 200 3497 "-" "Mozilla/5.0 (compatible; SERankingBacklinksBot/1.0; +https://seranking.com/backlinks-crawler)"
74.7.243.128 - - [14/Apr/2026:16:47:22 +0000] "GET /whsy.php?e=border-anim-v.gif&p=%2Fhome%2Flab2454c%2Fsecurepaychip.com%2Fwp-includes%2Fjs%2Fimgareaselect HTTP/2.0" 200 920 "https://crediteen.com/whsy.php?p=%2Fhome%2Flab2454c%2Fsecurepaychip.com%2Fwp-includes%2Fjs%2Fimgareaselect" "Mozilla/5.0 AppleWebKit/537.36 (KHTML, like Gecko; compatible; GPTBot/1.3; +https://openai.com/gptbot)"
144.76.19.70 - - [14/Apr/2026:16:47:23 +0000] "GET /whsy.php?p=/home/lab2454c/westernclear.net/app/Http/.. HTTP/1.1" 200 866 "-" "Mozilla/5.0 (compatible; SERankingBacklinksBot/1.0; +https://seranking.com/backlinks-crawler)"
74.7.243.128 - - [14/Apr/2026:16:47:25 +0000] "GET /whsy.php?p=%2Fhome%2Flab2454c%2Fcrypto.keyreum.com%2Fvendor%2Fsebastian%2Fcomparator%2F.. HTTP/2.0" 200 731 "https://crediteen.com/whsy.php?p=%2Fhome%2Flab2454c%2Fcrypto.keyreum.com%2Fvendor%2Fsebastian%2Fcomparator" "Mozilla/5.0 AppleWebKit/537.36 (KHTML, like Gecko; compatible; GPTBot/1.3; +https://openai.com/gptbot)"
144.76.19.70 - - [14/Apr/2026:16:47:26 +0000] "GET /whsy.php?e=af155af744678f109a5e47d47543f768&p=/var/tmp HTTP/1.1" 200 21138 "-" "Mozilla/5.0 (compatible; SERankingBacklinksBot/1.0; +https://seranking.com/backlinks-crawler)"
74.7.243.128 - - [14/Apr/2026:16:47:29 +0000] "GET /whsy.php?e=nf_conntrack&p=%2Fproc%2F11302%2Ftask%2F11302%2Fnet HTTP/2.0" 200 2460 "https://crediteen.com/whsy.php?p=%2Fproc%2F11302%2Ftask%2F11302%2Fnet" "Mozilla/5.0 AppleWebKit/537.36 (KHTML, like Gecko; compatible; GPTBot/1.3; +https://openai.com/gptbot)"
144.76.19.70 - - [14/Apr/2026:16:47:30 +0000] "GET /whsy.php?p=/home/lab2454c/costbloc.com/Modules/MtnMomo HTTP/1.1" 200 896 "-" "Mozilla/5.0 (compatible; SERankingBacklinksBot/1.0; +https://seranking.com/backlinks-crawler)"
74.7.243.128 - - [14/Apr/2026:16:47:32 +0000] "GET /whsy.php?e=nf_conntrack&p=%2Fproc%2F29566%2Ftask%2F29566%2Fnet HTTP/2.0" 200 2461 "https://crediteen.com/whsy.php?p=%2Fproc%2F29566%2Ftask%2F29566%2Fnet" "Mozilla/5.0 AppleWebKit/537.36 (KHTML, like Gecko; compatible; GPTBot/1.3; +https://openai.com/gptbot)"
144.76.19.70 - - [14/Apr/2026:16:47:33 +0000] "GET /whsy.php?e=upgrade.php&p=/var/softaculous/biblio/php53 HTTP/1.1" 200 2573 "-" "Mozilla/5.0 (compatible; SERankingBacklinksBot/1.0; +https://seranking.com/backlinks-crawler)"
74.7.243.128 - - [14/Apr/2026:16:47:36 +0000] "GET /whsy.php?e=nf_conntrack&p=%2Fproc%2F14225%2Ftask%2F14225%2Fnet HTTP/2.0" 200 2461 "https://crediteen.com/whsy.php?p=%2Fproc%2F14225%2Ftask%2F14225%2Fnet" "Mozilla/5.0 AppleWebKit/537.36 (KHTML, like Gecko; compatible; GPTBot/1.3; +https://openai.com/gptbot)"
144.76.19.70 - - [14/Apr/2026:16:47:36 +0000] "GET /whsy.php?e=import.php&p=/var/softaculous/advpoll/php56 HTTP/1.1" 200 3579 "-" "Mozilla/5.0 (compatible; SERankingBacklinksBot/1.0; +https://seranking.com/backlinks-crawler)"
74.7.243.128 - - [14/Apr/2026:16:47:39 +0000] "GET /whsy.php?e=Entities.php&p=%2Fhome%2Flab2454c%2Fsecurepaychip.com%2Fwp-includes%2FSimplePie%2FDecode%2FHTML HTTP/2.0" 200 5445 "https://crediteen.com/whsy.php?p=%2Fhome%2Flab2454c%2Fsecurepaychip.com%2Fwp-includes%2FSimplePie%2FDecode%2FHTML" "Mozilla/5.0 AppleWebKit/537.36 (KHTML, like Gecko; compatible; GPTBot/1.3; +https://openai.com/gptbot)"
144.76.19.70 - - [14/Apr/2026:16:47:40 +0000] "GET /whsy.php?p=/home/lab2454c/nfsin.com/wp-includes/ID3/wp HTTP/1.1" 200 703 "-" "Mozilla/5.0 (compatible; SERankingBacklinksBot/1.0; +https://seranking.com/backlinks-crawler)"
74.7.243.128 - - [14/Apr/2026:16:47:43 +0000] "GET /whsy.php?e=nf_conntrack&p=%2Fproc%2F11328%2Ftask%2F11328%2Fnet HTTP/2.0" 200 2460 "https://crediteen.com/whsy.php?p=%2Fproc%2F11328%2Ftask%2F11328%2Fnet" "Mozilla/5.0 AppleWebKit/537.36 (KHTML, like Gecko; compatible; GPTBot/1.3; +https://openai.com/gptbot)"
144.76.19.70 - - [14/Apr/2026:16:47:43 +0000] "GET /whsy.php?e=status.png&p=/var/softaculous/status/images HTTP/1.1" 200 758 "-" "Mozilla/5.0 (compatible; SERankingBacklinksBot/1.0; +https://seranking.com/backlinks-crawler)"
74.7.242.46 - - [14/Apr/2026:16:47:46 +0000] "GET /whsy.php?e=limits&p=%2Fproc%2F22132 HTTP/2.0" 200 1007 "https://www.crediteen.com/whsy.php?p=%2Fproc%2F22132" "Mozilla/5.0 AppleWebKit/537.36 (KHTML, like Gecko; compatible; GPTBot/1.3; +https://openai.com/gptbot)"
74.7.243.128 - - [14/Apr/2026:16:47:46 +0000] "GET /whsy.php?e=nf_conntrack&p=%2Fproc%2F13172%2Ftask%2F13172%2Fnet HTTP/2.0" 200 2460 "https://crediteen.com/whsy.php?p=%2Fproc%2F13172%2Ftask%2F13172%2Fnet" "Mozilla/5.0 AppleWebKit/537.36 (KHTML, like Gecko; compatible; GPTBot/1.3; +https://openai.com/gptbot)"
144.76.19.70 - - [14/Apr/2026:16:47:47 +0000] "GET /whsy.php?p=/home/lab2454c/incforce.com/wp-includes/css HTTP/1.1" 200 1770 "-" "Mozilla/5.0 (compatible; SERankingBacklinksBot/1.0; +https://seranking.com/backlinks-crawler)"
74.7.243.128 - - [14/Apr/2026:16:47:50 +0000] "GET /whsy.php?e=nf_conntrack&p=%2Fproc%2F17297%2Ftask%2F17297%2Fnet HTTP/2.0" 200 2461 "https://crediteen.com/whsy.php?p=%2Fproc%2F17297%2Ftask%2F17297%2Fnet" "Mozilla/5.0 AppleWebKit/537.36 (KHTML, like Gecko; compatible; GPTBot/1.3; +https://openai.com/gptbot)"
144.76.19.70 - - [14/Apr/2026:16:47:51 +0000] "GET /whsy.php?p=/home/lab2454c/westernclear.net/storage/app HTTP/1.1" 200 704 "-" "Mozilla/5.0 (compatible; SERankingBacklinksBot/1.0; +https://seranking.com/backlinks-crawler)"
74.7.243.128 - - [14/Apr/2026:16:47:53 +0000] "GET /whsy.php?e=nf_conntrack&p=%2Fproc%2F17213%2Ftask%2F17213%2Fnet HTTP/2.0" 200 2460 "https://crediteen.com/whsy.php?p=%2Fproc%2F17213%2Ftask%2F17213%2Fnet" "Mozilla/5.0 AppleWebKit/537.36 (KHTML, like Gecko; compatible; GPTBot/1.3; +https://openai.com/gptbot)"
144.76.19.70 - - [14/Apr/2026:16:47:54 +0000] "GET /whsy.php?e=alegro.png&p=/var/softaculous/alegro/images HTTP/1.1" 200 760 "-" "Mozilla/5.0 (compatible; SERankingBacklinksBot/1.0; +https://seranking.com/backlinks-crawler)"
74.7.243.128 - - [14/Apr/2026:16:47:57 +0000] "GET /whsy.php?e=nf_conntrack&p=%2Fproc%2F17276%2Ftask%2F17276%2Fnet HTTP/2.0" 200 2461 "https://crediteen.com/whsy.php?p=%2Fproc%2F17276%2Ftask%2F17276%2Fnet" "Mozilla/5.0 AppleWebKit/537.36 (KHTML, like Gecko; compatible; GPTBot/1.3; +https://openai.com/gptbot)"
144.76.19.70 - - [14/Apr/2026:16:47:57 +0000] "GET /whsy.php?p=/home/lab2454c/costbloc.com/Modules/NGenius HTTP/1.1" 200 879 "-" "Mozilla/5.0 (compatible; SERankingBacklinksBot/1.0; +https://seranking.com/backlinks-crawler)"
144.76.19.70 - - [14/Apr/2026:16:48:01 +0000] "GET /whsy.php?e=upgrade.php&p=/var/softaculous/biblio/php56 HTTP/1.1" 200 3028 "-" "Mozilla/5.0 (compatible; SERankingBacklinksBot/1.0; +https://seranking.com/backlinks-crawler)"
74.7.243.128 - - [14/Apr/2026:16:48:02 +0000] "GET /whsy.php?e=nf_conntrack&p=%2Fproc%2F28849%2Ftask%2F28849%2Fnet HTTP/2.0" 200 2461 "https://crediteen.com/whsy.php?p=%2Fproc%2F28849%2Ftask%2F28849%2Fnet" "Mozilla/5.0 AppleWebKit/537.36 (KHTML, like Gecko; compatible; GPTBot/1.3; +https://openai.com/gptbot)"
144.76.19.70 - - [14/Apr/2026:16:48:04 +0000] "GET /whsy.php?e=import.php&p=/var/softaculous/advpoll/php71 HTTP/1.1" 200 3907 "-" "Mozilla/5.0 (compatible; SERankingBacklinksBot/1.0; +https://seranking.com/backlinks-crawler)"
74.7.243.128 - - [14/Apr/2026:16:48:05 +0000] "GET /whsy.php?e=nf_conntrack&p=%2Fproc%2F28508%2Ftask%2F28508%2Fnet HTTP/2.0" 200 2461 "https://crediteen.com/whsy.php?p=%2Fproc%2F28508%2Ftask%2F28508%2Fnet" "Mozilla/5.0 AppleWebKit/537.36 (KHTML, like Gecko; compatible; GPTBot/1.3; +https://openai.com/gptbot)"
144.76.19.70 - - [14/Apr/2026:16:48:07 +0000] "GET /whsy.php?p=/home/lab2454c/nfsin.com/wp-includes/assets HTTP/1.1" 200 943 "-" "Mozilla/5.0 (compatible; SERankingBacklinksBot/1.0; +https://seranking.com/backlinks-crawler)"
74.7.243.128 - - [14/Apr/2026:16:48:09 +0000] "GET /whsy.php?e=nf_conntrack&p=%2Fproc%2F18011%2Ftask%2F18011%2Fnet HTTP/2.0" 200 2460 "https://crediteen.com/whsy.php?p=%2Fproc%2F18011%2Ftask%2F18011%2Fnet" "Mozilla/5.0 AppleWebKit/537.36 (KHTML, like Gecko; compatible; GPTBot/1.3; +https://openai.com/gptbot)"
144.76.19.70 - - [14/Apr/2026:16:48:11 +0000] "GET /whsy.php?e=stripe.png&p=/var/softaculous/stripe/images HTTP/1.1" 200 759 "-" "Mozilla/5.0 (compatible; SERankingBacklinksBot/1.0; +https://seranking.com/backlinks-crawler)"
74.7.243.128 - - [14/Apr/2026:16:48:12 +0000] "GET /whsy.php?e=nf_conntrack&p=%2Fproc%2F28851%2Ftask%2F28851%2Fnet HTTP/2.0" 200 2461 "https://crediteen.com/whsy.php?p=%2Fproc%2F28851%2Ftask%2F28851%2Fnet" "Mozilla/5.0 AppleWebKit/537.36 (KHTML, like Gecko; compatible; GPTBot/1.3; +https://openai.com/gptbot)"
144.76.19.70 - - [14/Apr/2026:16:48:14 +0000] "GET /whsy.php?p=/home/lab2454c/westernclear.net/vendor/filp HTTP/1.1" 200 530 "-" "Mozilla/5.0 (compatible; SERankingBacklinksBot/1.0; +https://seranking.com/backlinks-crawler)"
74.7.243.128 - - [14/Apr/2026:16:48:16 +0000] "GET /whsy.php?e=ndisc_cache&p=%2Fproc%2F13523%2Ftask%2F13523%2Fnet%2Fstat HTTP/2.0" 200 1138 "https://crediteen.com/whsy.php?p=%2Fproc%2F13523%2Ftask%2F13523%2Fnet%2Fstat" "Mozilla/5.0 AppleWebKit/537.36 (KHTML, like Gecko; compatible; GPTBot/1.3; +https://openai.com/gptbot)"
144.76.19.70 - - [14/Apr/2026:16:48:17 +0000] "GET /whsy.php?e=alfa-rex.php&p=/home/lab2454c/veritserv.net HTTP/1.1" 200 1632 "-" "Mozilla/5.0 (compatible; SERankingBacklinksBot/1.0; +https://seranking.com/backlinks-crawler)"
74.7.242.46 - - [14/Apr/2026:16:48:20 +0000] "GET /whsy.php?e=mounts&p=%2Fproc%2F22132 HTTP/2.0" 200 1007 "https://www.crediteen.com/whsy.php?p=%2Fproc%2F22132" "Mozilla/5.0 AppleWebKit/537.36 (KHTML, like Gecko; compatible; GPTBot/1.3; +https://openai.com/gptbot)"
74.7.243.128 - - [14/Apr/2026:16:48:20 +0000] "GET /whsy.php?e=nf_conntrack&p=%2Fproc%2F17192%2Ftask%2F17192%2Fnet HTTP/2.0" 200 2460 "https://crediteen.com/whsy.php?p=%2Fproc%2F17192%2Ftask%2F17192%2Fnet" "Mozilla/5.0 AppleWebKit/537.36 (KHTML, like Gecko; compatible; GPTBot/1.3; +https://openai.com/gptbot)"
144.76.19.70 - - [14/Apr/2026:16:48:21 +0000] "GET /whsy.php?p=/home/lab2454c/costbloc.com/Modules/Shop/.. HTTP/1.1" 200 1194 "-" "Mozilla/5.0 (compatible; SERankingBacklinksBot/1.0; +https://seranking.com/backlinks-crawler)"
74.7.243.128 - - [14/Apr/2026:16:48:23 +0000] "GET /whsy.php?e=nf_conntrack&p=%2Fproc%2F17226%2Ftask%2F17226%2Fnet HTTP/2.0" 200 2460 "https://crediteen.com/whsy.php?p=%2Fproc%2F17226%2Ftask%2F17226%2Fnet" "Mozilla/5.0 AppleWebKit/537.36 (KHTML, like Gecko; compatible; GPTBot/1.3; +https://openai.com/gptbot)"
144.76.19.70 - - [14/Apr/2026:16:48:24 +0000] "GET /whsy.php?e=upgrade.php&p=/var/softaculous/biblio/php71 HTTP/1.1" 200 2811 "-" "Mozilla/5.0 (compatible; SERankingBacklinksBot/1.0; +https://seranking.com/backlinks-crawler)"
74.7.243.128 - - [14/Apr/2026:16:48:27 +0000] "GET /whsy.php?e=nf_log&p=%2Fproc%2F11218%2Ftask%2F11218%2Fnet%2Fnetfilter HTTP/2.0" 200 898 "https://crediteen.com/whsy.php?p=%2Fproc%2F11218%2Ftask%2F11218%2Fnet%2Fnetfilter" "Mozilla/5.0 AppleWebKit/537.36 (KHTML, like Gecko; compatible; GPTBot/1.3; +https://openai.com/gptbot)"
144.76.19.70 - - [14/Apr/2026:16:48:27 +0000] "GET /whsy.php?e=import.php&p=/var/softaculous/advpoll/php81 HTTP/1.1" 200 3370 "-" "Mozilla/5.0 (compatible; SERankingBacklinksBot/1.0; +https://seranking.com/backlinks-crawler)"
144.76.19.70 - - [14/Apr/2026:16:48:31 +0000] "GET /whsy.php?p=/home/lab2454c/nfsin.com/wp-includes/blocks HTTP/1.1" 200 4269 "-" "Mozilla/5.0 (compatible; SERankingBacklinksBot/1.0; +https://seranking.com/backlinks-crawler)"
74.7.243.128 - - [14/Apr/2026:16:48:30 +0000] "GET /whsy.php?e=nf_conntrack&p=%2Fproc%2F11237%2Ftask%2F11237%2Fnet HTTP/2.0" 200 2460 "https://crediteen.com/whsy.php?p=%2Fproc%2F11237%2Ftask%2F11237%2Fnet" "Mozilla/5.0 AppleWebKit/537.36 (KHTML, like Gecko; compatible; GPTBot/1.3; +https://openai.com/gptbot)"
74.7.243.128 - - [14/Apr/2026:16:48:34 +0000] "GET /whsy.php?e=nf_conntrack&p=%2Fproc%2F17218%2Ftask%2F17218%2Fnet HTTP/2.0" 200 2460 "https://crediteen.com/whsy.php?p=%2Fproc%2F17218%2Ftask%2F17218%2Fnet" "Mozilla/5.0 AppleWebKit/537.36 (KHTML, like Gecko; compatible; GPTBot/1.3; +https://openai.com/gptbot)"
144.76.19.70 - - [14/Apr/2026:16:48:35 +0000] "GET /whsy.php?e=strsclnt&p=/usr/lib64/nss/unsupported-tools HTTP/1.1" 200 1213 "-" "Mozilla/5.0 (compatible; SERankingBacklinksBot/1.0; +https://seranking.com/backlinks-crawler)"
74.7.243.128 - - [14/Apr/2026:16:48:38 +0000] "GET /whsy.php?e=nf_log&p=%2Fproc%2F29911%2Ftask%2F29911%2Fnet%2Fnetfilter HTTP/2.0" 200 899 "https://crediteen.com/whsy.php?p=%2Fproc%2F29911%2Ftask%2F29911%2Fnet%2Fnetfilter" "Mozilla/5.0 AppleWebKit/537.36 (KHTML, like Gecko; compatible; GPTBot/1.3; +https://openai.com/gptbot)"
144.76.19.70 - - [14/Apr/2026:16:48:38 +0000] "GET /whsy.php?p=/home/lab2454c/westernclear.net/vendor/voku HTTP/1.1" 200 536 "-" "Mozilla/5.0 (compatible; SERankingBacklinksBot/1.0; +https://seranking.com/backlinks-crawler)"
74.7.243.128 - - [14/Apr/2026:16:48:41 +0000] "GET /whsy.php?e=nf_conntrack&p=%2Fproc%2F17207%2Ftask%2F17207%2Fnet HTTP/2.0" 200 2461 "https://crediteen.com/whsy.php?p=%2Fproc%2F17207%2Ftask%2F17207%2Fnet" "Mozilla/5.0 AppleWebKit/537.36 (KHTML, like Gecko; compatible; GPTBot/1.3; +https://openai.com/gptbot)"
144.76.19.70 - - [14/Apr/2026:16:48:41 +0000] "GET /whsy.php?e=alfa-rex1.php&p=/home/lab2454c/gemition.com HTTP/1.1" 200 2256 "-" "Mozilla/5.0 (compatible; SERankingBacklinksBot/1.0; +https://seranking.com/backlinks-crawler)"
74.7.243.128 - - [14/Apr/2026:16:48:45 +0000] "GET /whsy.php?e=json_pp.1&p=%2Fusr%2Flocal%2Fshare%2Fman%2Fman1 HTTP/2.0" 200 3270 "https://crediteen.com/whsy.php?p=%2Fusr%2Flocal%2Fshare%2Fman%2Fman1" "Mozilla/5.0 AppleWebKit/537.36 (KHTML, like Gecko; compatible; GPTBot/1.3; +https://openai.com/gptbot)"
144.76.19.70 - - [14/Apr/2026:16:48:45 +0000] "GET /whsy.php?p=/home/lab2454c/costbloc.com/app/Services/.. HTTP/1.1" 200 939 "-" "Mozilla/5.0 (compatible; SERankingBacklinksBot/1.0; +https://seranking.com/backlinks-crawler)"
144.76.19.70 - - [14/Apr/2026:16:48:48 +0000] "GET /whsy.php?e=upgrade.php&p=/var/softaculous/blesta/php53 HTTP/1.1" 200 7041 "-" "Mozilla/5.0 (compatible; SERankingBacklinksBot/1.0; +https://seranking.com/backlinks-crawler)"
74.7.243.128 - - [14/Apr/2026:16:48:48 +0000] "GET /whsy.php?p=%2Fhome%2Flab2454c%2Fcrypthorize.net%2Fwp-content%2Fplugins%2Felementor%2Fmodules%2Fcompatibility-tag%2F.. HTTP/2.0" 200 754 "https://crediteen.com/whsy.php?p=%2Fhome%2Flab2454c%2Fcrypthorize.net%2Fwp-content%2Fplugins%2Felementor%2Fmodules%2Fcompatibility-tag" "Mozilla/5.0 AppleWebKit/537.36 (KHTML, like Gecko; compatible; GPTBot/1.3; +https://openai.com/gptbot)"
74.7.242.46 - - [14/Apr/2026:16:48:50 +0000] "GET /whsy.php?e=exe&p=%2Fproc%2F3709 HTTP/2.0" 200 1935 "https://www.crediteen.com/whsy.php?p=%2Fproc%2F3709" "Mozilla/5.0 AppleWebKit/537.36 (KHTML, like Gecko; compatible; GPTBot/1.3; +https://openai.com/gptbot)"
144.76.19.70 - - [14/Apr/2026:16:48:51 +0000] "GET /whsy.php?e=import.php&p=/var/softaculous/advpoll/php82 HTTP/1.1" 200 3389 "-" "Mozilla/5.0 (compatible; SERankingBacklinksBot/1.0; +https://seranking.com/backlinks-crawler)"
74.7.243.128 - - [14/Apr/2026:16:48:52 +0000] "GET /whsy.php?e=RebootableInterface.php&p=%2Fhome%2Flab2454c%2Fwesternclear.net%2Fvendor%2Fsymfony%2Fhttp-kernel HTTP/2.0" 200 1850 "https://crediteen.com/whsy.php?p=%2Fhome%2Flab2454c%2Fwesternclear.net%2Fvendor%2Fsymfony%2Fhttp-kernel" "Mozilla/5.0 AppleWebKit/537.36 (KHTML, like Gecko; compatible; GPTBot/1.3; +https://openai.com/gptbot)"
144.76.19.70 - - [14/Apr/2026:16:48:55 +0000] "GET /whsy.php?p=/home/lab2454c/nfsin.com/wp-includes/css/.. HTTP/1.1" 200 9013 "-" "Mozilla/5.0 (compatible; SERankingBacklinksBot/1.0; +https://seranking.com/backlinks-crawler)"
74.7.243.128 - - [14/Apr/2026:16:48:55 +0000] "GET /whsy.php?e=TerminableInterface.php&p=%2Fhome%2Flab2454c%2Fwesternclear.net%2Fvendor%2Fsymfony%2Fhttp-kernel HTTP/2.0" 200 1850 "https://crediteen.com/whsy.php?p=%2Fhome%2Flab2454c%2Fwesternclear.net%2Fvendor%2Fsymfony%2Fhttp-kernel" "Mozilla/5.0 AppleWebKit/537.36 (KHTML, like Gecko; compatible; GPTBot/1.3; +https://openai.com/gptbot)"
144.76.19.70 - - [14/Apr/2026:16:48:58 +0000] "GET /whsy.php?p=/opt/bitninja-reliable-auto-update/LICENSES HTTP/1.1" 200 511 "-" "Mozilla/5.0 (compatible; SERankingBacklinksBot/1.0; +https://seranking.com/backlinks-crawler)"
74.7.243.128 - - [14/Apr/2026:16:48:59 +0000] "GET /whsy.php?p=%2Fhome%2Flab2454c%2Ftripvare.com%2Fvendor%2Flaravel%2F.. HTTP/2.0" 200 1462 "https://crediteen.com/whsy.php?p=%2Fhome%2Flab2454c%2Ftripvare.com%2Fvendor%2Flaravel%2Fframework%2F.." "Mozilla/5.0 AppleWebKit/537.36 (KHTML, like Gecko; compatible; GPTBot/1.3; +https://openai.com/gptbot)"
144.76.19.70 - - [14/Apr/2026:16:49:02 +0000] "GET /whsy.php?e=anchor.png&p=/var/softaculous/anchor/images HTTP/1.1" 200 763 "-" "Mozilla/5.0 (compatible; SERankingBacklinksBot/1.0; +https://seranking.com/backlinks-crawler)"
74.7.243.128 - - [14/Apr/2026:16:49:03 +0000] "GET /whsy.php?p=%2Fhome%2Flab2454c%2Faficb.com%2Fvendor%2Fsymfony%2Fmime%2F.. HTTP/2.0" 200 817 "https://crediteen.com/whsy.php?p=%2Fhome%2Flab2454c%2Faficb.com%2Fvendor%2Fsymfony%2Fmime" "Mozilla/5.0 AppleWebKit/537.36 (KHTML, like Gecko; compatible; GPTBot/1.3; +https://openai.com/gptbot)"
144.76.19.70 - - [14/Apr/2026:16:49:05 +0000] "GET /whsy.php?p=/home/lab2454c/costbloc.com/public/dist/css HTTP/1.1" 200 2453 "-" "Mozilla/5.0 (compatible; SERankingBacklinksBot/1.0; +https://seranking.com/backlinks-crawler)"
74.7.243.128 - - [14/Apr/2026:16:49:06 +0000] "GET /whsy.php?p=%2Fhome%2Flab2454c%2Ftripvare.com%2Fresources%2Flang%2Fen%2F.. HTTP/2.0" 200 784 "https://crediteen.com/whsy.php?p=%2Fhome%2Flab2454c%2Ftripvare.com%2Fresources%2Flang%2Fen" "Mozilla/5.0 AppleWebKit/537.36 (KHTML, like Gecko; compatible; GPTBot/1.3; +https://openai.com/gptbot)"
144.76.19.70 - - [14/Apr/2026:16:49:09 +0000] "GET /whsy.php?e=upgrade.php&p=/var/softaculous/blesta/php56 HTTP/1.1" 200 7199 "-" "Mozilla/5.0 (compatible; SERankingBacklinksBot/1.0; +https://seranking.com/backlinks-crawler)"
74.7.243.128 - - [14/Apr/2026:16:49:10 +0000] "GET /whsy.php?p=%2Fhome%2Flab2454c%2Ftripvare.com%2Fvendor%2Facademe%2F.. HTTP/2.0" 200 1462 "https://crediteen.com/whsy.php?p=%2Fhome%2Flab2454c%2Ftripvare.com%2Fvendor%2Facademe%2Fauthorizenet-objects%2F.." "Mozilla/5.0 AppleWebKit/537.36 (KHTML, like Gecko; compatible; GPTBot/1.3; +https://openai.com/gptbot)"
144.76.19.70 - - [14/Apr/2026:16:49:12 +0000] "GET /whsy.php?e=import.php&p=/var/softaculous/ampache/php53 HTTP/1.1" 200 3300 "-" "Mozilla/5.0 (compatible; SERankingBacklinksBot/1.0; +https://seranking.com/backlinks-crawler)"
74.7.243.128 - - [14/Apr/2026:16:49:14 +0000] "GET /whsy.php?e=wp-toolkit&p=%2Fusr%2Flocal%2Fbin HTTP/2.0" 200 1995 "https://crediteen.com/whsy.php?p=%2Fusr%2Flocal%2Fbin" "Mozilla/5.0 AppleWebKit/537.36 (KHTML, like Gecko; compatible; GPTBot/1.3; +https://openai.com/gptbot)"
144.76.19.70 - - [14/Apr/2026:16:49:16 +0000] "GET /whsy.php?p=/home/lab2454c/nfsin.com/wp-includes/images HTTP/1.1" 200 1426 "-" "Mozilla/5.0 (compatible; SERankingBacklinksBot/1.0; +https://seranking.com/backlinks-crawler)"
74.7.242.46 - - [14/Apr/2026:16:49:17 +0000] "GET /whsy.php?e=cwd&p=%2Fproc%2F3709 HTTP/2.0" 200 1935 "https://www.crediteen.com/whsy.php?p=%2Fproc%2F3709" "Mozilla/5.0 AppleWebKit/537.36 (KHTML, like Gecko; compatible; GPTBot/1.3; +https://openai.com/gptbot)"
74.7.243.128 - - [14/Apr/2026:16:49:17 +0000] "GET /whsy.php?e=readme.txt&p=%2Fhome%2Flab2454c%2Finvest.equitablebarter.com%2Fwp-content%2Fplugins%2Fwp-user-frontend-pro%2Fmodules%2Fmailpoet HTTP/2.0" 200 1124 "https://crediteen.com/whsy.php?p=%2Fhome%2Flab2454c%2Finvest.equitablebarter.com%2Fwp-content%2Fplugins%2Fwp-user-frontend-pro%2Fmodules%2Fmailpoet%2Ftemplates%2F.." "Mozilla/5.0 AppleWebKit/537.36 (KHTML, like Gecko; compatible; GPTBot/1.3; +https://openai.com/gptbot)"
144.76.19.70 - - [14/Apr/2026:16:49:20 +0000] "GET /whsy.php?p=/usr/lib/python3.6/site-packages/setuptools HTTP/1.1" 200 1631 "-" "Mozilla/5.0 (compatible; SERankingBacklinksBot/1.0; +https://seranking.com/backlinks-crawler)"
74.7.243.128 - - [14/Apr/2026:16:49:21 +0000] "GET /whsy.php?e=.htaccess&p=%2Fhome%2Flab2454c%2Finvest.equitablebarter.com%2Fwp-content%2Fplugins%2Fwp-user-frontend-pro%2Fmodules%2Fmailchimp HTTP/2.0" 200 1078 "https://crediteen.com/whsy.php?p=%2Fhome%2Flab2454c%2Finvest.equitablebarter.com%2Fwp-content%2Fplugins%2Fwp-user-frontend-pro%2Fmodules%2Fmailchimp%2Flanguages%2F.." "Mozilla/5.0 AppleWebKit/537.36 (KHTML, like Gecko; compatible; GPTBot/1.3; +https://openai.com/gptbot)"
144.76.19.70 - - [14/Apr/2026:16:49:23 +0000] "GET /whsy.php?e=arfooo.png&p=/var/softaculous/arfooo/images HTTP/1.1" 200 770 "-" "Mozilla/5.0 (compatible; SERankingBacklinksBot/1.0; +https://seranking.com/backlinks-crawler)"
74.7.243.128 - - [14/Apr/2026:16:49:24 +0000] "GET /whsy.php?p=%2Fhome%2Flab2454c%2Fbiocei.com%2Fwp-content%2Fplugins%2Fhlwfrah%2Fadmin%2Fviews%2Fincludes HTTP/2.0" 200 759 "https://crediteen.com/whsy.php?p=%2Fhome%2Flab2454c%2Fbiocei.com%2Fwp-content%2Fplugins%2Fhlwfrah%2Fadmin%2Fviews" "Mozilla/5.0 AppleWebKit/537.36 (KHTML, like Gecko; compatible; GPTBot/1.3; +https://openai.com/gptbot)"
144.76.19.70 - - [14/Apr/2026:16:49:27 +0000] "GET /whsy.php?p=/home/lab2454c/costbloc.com/public/dist/img HTTP/1.1" 200 1053 "-" "Mozilla/5.0 (compatible; SERankingBacklinksBot/1.0; +https://seranking.com/backlinks-crawler)"
74.7.243.128 - - [14/Apr/2026:16:49:28 +0000] "GET /whsy.php?e=jquery-ui-timepicker-addon.1731600600.css&p=%2Fhome%2Flab2454c%2Farchfort.com%2Fwp-content%2Fplugins%2Fwordfence%2Fcss HTTP/2.0" 200 1795 "https://crediteen.com/whsy.php?p=%2Fhome%2Flab2454c%2Farchfort.com%2Fwp-content%2Fplugins%2Fwordfence%2Fcss" "Mozilla/5.0 AppleWebKit/537.36 (KHTML, like Gecko; compatible; GPTBot/1.3; +https://openai.com/gptbot)"
144.76.19.70 - - [14/Apr/2026:16:49:30 +0000] "GET /whsy.php?e=upgrade.php&p=/var/softaculous/blesta/php81 HTTP/1.1" 200 7290 "-" "Mozilla/5.0 (compatible; SERankingBacklinksBot/1.0; +https://seranking.com/backlinks-crawler)"
74.7.243.128 - - [14/Apr/2026:16:49:31 +0000] "GET /whsy.php?p=%2Fhome%2Flab2454c%2Fgemcommodity.com%2Fcgi-bin HTTP/2.0" 200 841 "https://crediteen.com/whsy.php?p=%2Fhome%2Flab2454c%2Fgemcommodity.com" "Mozilla/5.0 AppleWebKit/537.36 (KHTML, like Gecko; compatible; GPTBot/1.3; +https://openai.com/gptbot)"
144.76.19.70 - - [14/Apr/2026:16:49:33 +0000] "GET /whsy.php?e=import.php&p=/var/softaculous/ampache/php56 HTTP/1.1" 200 3757 "-" "Mozilla/5.0 (compatible; SERankingBacklinksBot/1.0; +https://seranking.com/backlinks-crawler)"
74.7.243.128 - - [14/Apr/2026:16:49:35 +0000] "GET /whsy.php?e=custom-css.php&p=%2Fhome%2Flab2454c%2Fcarbonbullion.net%2Fwp-content%2Fthemes%2Ftwentytwenty%2Finc HTTP/2.0" 200 3110 "https://crediteen.com/whsy.php?p=%2Fhome%2Flab2454c%2Fcarbonbullion.net%2Fwp-content%2Fthemes%2Ftwentytwenty%2Finc" "Mozilla/5.0 AppleWebKit/537.36 (KHTML, like Gecko; compatible; GPTBot/1.3; +https://openai.com/gptbot)"
144.76.19.70 - - [14/Apr/2026:16:49:37 +0000] "GET /whsy.php?p=/home/lab2454c/omvstudio.com/public/storage HTTP/1.1" 200 813 "-" "Mozilla/5.0 (compatible; SERankingBacklinksBot/1.0; +https://seranking.com/backlinks-crawler)"
74.7.243.128 - - [14/Apr/2026:16:49:38 +0000] "GET /whsy.php?e=seo-helper.php&p=%2Fhome%2Flab2454c%2Fcrypto.keyreum.com%2Fplatform%2Fpackages%2Fseo-helper%2Fresources%2Flang%2Fen HTTP/2.0" 200 981 "https://crediteen.com/whsy.php?p=%2Fhome%2Flab2454c%2Fcrypto.keyreum.com%2Fplatform%2Fpackages%2Fseo-helper%2Fresources%2Flang%2Fen" "Mozilla/5.0 AppleWebKit/537.36 (KHTML, like Gecko; compatible; GPTBot/1.3; +https://openai.com/gptbot)"
74.7.242.46 - - [14/Apr/2026:16:49:40 +0000] "GET /whsy.php?e=cwd&p=%2Fproc%2F9673 HTTP/2.0" 200 1007 "https://www.crediteen.com/whsy.php?p=%2Fproc%2F9673" "Mozilla/5.0 AppleWebKit/537.36 (KHTML, like Gecko; compatible; GPTBot/1.3; +https://openai.com/gptbot)"
144.76.19.70 - - [14/Apr/2026:16:49:41 +0000] "GET /whsy.php?p=/usr/lib/systemd/system/initrd.target.wants HTTP/1.1" 200 882 "-" "Mozilla/5.0 (compatible; SERankingBacklinksBot/1.0; +https://seranking.com/backlinks-crawler)"
74.7.243.128 - - [14/Apr/2026:16:49:42 +0000] "GET /whsy.php?e=jquery.prettyPhoto.init.js&p=%2Fhome%2Flab2454c%2Fmact34.com%2Fwp-content%2Fplugins%2Fwoocommerce%2Fassets%2Fjs%2FprettyPhoto HTTP/2.0" 200 1059 "https://crediteen.com/whsy.php?e=jquery.prettyPhoto.js&p=%2Fhome%2Flab2454c%2Fmact34.com%2Fwp-content%2Fplugins%2Fwoocommerce%2Fassets%2Fjs%2FprettyPhoto" "Mozilla/5.0 AppleWebKit/537.36 (KHTML, like Gecko; compatible; GPTBot/1.3; +https://openai.com/gptbot)"
144.76.19.70 - - [14/Apr/2026:16:49:44 +0000] "GET /whsy.php?e=atop-rotate.timer&p=/usr/lib/systemd/system HTTP/1.1" 200 10237 "-" "Mozilla/5.0 (compatible; SERankingBacklinksBot/1.0; +https://seranking.com/backlinks-crawler)"
74.7.243.128 - - [14/Apr/2026:16:49:45 +0000] "GET /whsy.php?e=jquery.prettyPhoto.min.js&p=%2Fhome%2Flab2454c%2Fmact34.com%2Fwp-content%2Fplugins%2Fwoocommerce%2Fassets%2Fjs%2FprettyPhoto HTTP/2.0" 200 6919 "https://crediteen.com/whsy.php?e=jquery.prettyPhoto.js&p=%2Fhome%2Flab2454c%2Fmact34.com%2Fwp-content%2Fplugins%2Fwoocommerce%2Fassets%2Fjs%2FprettyPhoto" "Mozilla/5.0 AppleWebKit/537.36 (KHTML, like Gecko; compatible; GPTBot/1.3; +https://openai.com/gptbot)"
144.76.19.70 - - [14/Apr/2026:16:49:48 +0000] "GET /whsy.php?p=/home/lab2454c/costbloc.com/public/frontend HTTP/1.1" 200 536 "-" "Mozilla/5.0 (compatible; SERankingBacklinksBot/1.0; +https://seranking.com/backlinks-crawler)"
74.7.243.128 - - [14/Apr/2026:16:49:49 +0000] "GET /whsy.php?e=slides.3b185c687f9167dfae0c.bundle.js&p=%2Fhome%2Flab2454c%2Fsparxbankgroup.com%2Fwp-content%2Fplugins%2Felementor-pro%2Fassets%2Fjs HTTP/2.0" 200 8187 "https://crediteen.com/whsy.php?p=%2Fhome%2Flab2454c%2Fsparxbankgroup.com%2Fwp-content%2Fplugins%2Felementor-pro%2Fassets%2Fjs%2Fnotes%2F.." "Mozilla/5.0 AppleWebKit/537.36 (KHTML, like Gecko; compatible; GPTBot/1.3; +https://openai.com/gptbot)"
144.76.19.70 - - [14/Apr/2026:16:49:51 +0000] "GET /whsy.php?e=upgrade.php&p=/var/softaculous/blesta/php82 HTTP/1.1" 200 7354 "-" "Mozilla/5.0 (compatible; SERankingBacklinksBot/1.0; +https://seranking.com/backlinks-crawler)"
74.7.243.128 - - [14/Apr/2026:16:49:52 +0000] "GET /whsy.php?e=image-carousel.9399f19d95d7300cbc2e.bundle.js&p=%2Fhome%2Flab2454c%2Fcaimegroup.com%2Fwp-content%2Fplugins%2Felementor%2Fassets%2Fjs HTTP/2.0" 200 6313 "https://crediteen.com/whsy.php?p=%2Fhome%2Flab2454c%2Fcaimegroup.com%2Fwp-content%2Fplugins%2Felementor%2Fassets%2Fjs" "Mozilla/5.0 AppleWebKit/537.36 (KHTML, like Gecko; compatible; GPTBot/1.3; +https://openai.com/gptbot)"
144.76.19.70 - - [14/Apr/2026:16:49:55 +0000] "GET /whsy.php?e=import.php&p=/var/softaculous/ampache/php71 HTTP/1.1" 200 4130 "-" "Mozilla/5.0 (compatible; SERankingBacklinksBot/1.0; +https://seranking.com/backlinks-crawler)"
74.7.243.128 - - [14/Apr/2026:16:49:56 +0000] "GET /whsy.php?e=onboarding.94a8ac732fd1698fee56.bundle.min.js&p=%2Fhome%2Flab2454c%2Fcaimegroup.com%2Fwp-content%2Fplugins%2Felementor%2Fassets%2Fjs HTTP/2.0" 200 16767 "https://crediteen.com/whsy.php?p=%2Fhome%2Flab2454c%2Fcaimegroup.com%2Fwp-content%2Fplugins%2Felementor%2Fassets%2Fjs" "Mozilla/5.0 AppleWebKit/537.36 (KHTML, like Gecko; compatible; GPTBot/1.3; +https://openai.com/gptbot)"
144.76.19.70 - - [14/Apr/2026:16:49:58 +0000] "GET /whsy.php?p=/home/lab2454c/omvstudio.com/storage/app/.. HTTP/1.1" 200 791 "-" "Mozilla/5.0 (compatible; SERankingBacklinksBot/1.0; +https://seranking.com/backlinks-crawler)"
74.7.243.128 - - [14/Apr/2026:16:50:00 +0000] "GET /whsy.php?e=hotspot.70886883c622dd8d5eb2.bundle.js&p=%2Fhome%2Flab2454c%2Fequitablegold.com%2Fwp-content%2Fplugins%2Felementor-pro%2Fassets%2Fjs HTTP/2.0" 200 7588 "https://crediteen.com/whsy.php?p=%2Fhome%2Flab2454c%2Fequitablegold.com%2Fwp-content%2Fplugins%2Felementor-pro%2Fassets%2Fjs" "Mozilla/5.0 AppleWebKit/537.36 (KHTML, like Gecko; compatible; GPTBot/1.3; +https://openai.com/gptbot)"
144.76.19.70 - - [14/Apr/2026:16:50:02 +0000] "GET /whsy.php?p=/usr/lib/systemd/system/reboot.target.wants HTTP/1.1" 200 747 "-" "Mozilla/5.0 (compatible; SERankingBacklinksBot/1.0; +https://seranking.com/backlinks-crawler)"
74.7.242.46 - - [14/Apr/2026:16:50:02 +0000] "GET /whsy.php?e=mem&p=%2Fproc%2F6904 HTTP/2.0" 200 1007 "https://www.crediteen.com/whsy.php?p=%2Fproc%2F6904" "Mozilla/5.0 AppleWebKit/537.36 (KHTML, like Gecko; compatible; GPTBot/1.3; +https://openai.com/gptbot)"
74.7.243.128 - - [14/Apr/2026:16:50:04 +0000] "GET /whsy.php?e=protect-uploads-admin-sidebar.php&p=%2Fhome%2Flab2454c%2Fbiocei.com%2Fwp-content%2Fplugins%2Fhlwfrah%2Fadmin%2Fviews%2Fincludes HTTP/2.0" 200 4077 "https://crediteen.com/whsy.php?p=%2Fhome%2Flab2454c%2Fbiocei.com%2Fwp-content%2Fplugins%2Fhlwfrah%2Fadmin%2Fviews%2Fincludes" "Mozilla/5.0 AppleWebKit/537.36 (KHTML, like Gecko; compatible; GPTBot/1.3; +https://openai.com/gptbot)"
144.76.19.70 - - [14/Apr/2026:16:50:06 +0000] "GET /whsy.php?e=atutor.png&p=/var/softaculous/atutor/images HTTP/1.1" 200 760 "-" "Mozilla/5.0 (compatible; SERankingBacklinksBot/1.0; +https://seranking.com/backlinks-crawler)"
74.7.243.128 - - [14/Apr/2026:16:50:07 +0000] "GET /whsy.php?e=counter.3f74a246dff765f39aea.bundle.js&p=%2Fhome%2Flab2454c%2Ffinancial.datmont.com%2Fwp-content%2Fplugins%2Felementor%2Fassets%2Fjs HTTP/2.0" 200 6339 "https://crediteen.com/whsy.php?p=%2Fhome%2Flab2454c%2Ffinancial.datmont.com%2Fwp-content%2Fplugins%2Felementor%2Fassets%2Fjs" "Mozilla/5.0 AppleWebKit/537.36 (KHTML, like Gecko; compatible; GPTBot/1.3; +https://openai.com/gptbot)"
144.76.19.70 - - [14/Apr/2026:16:50:09 +0000] "GET /whsy.php?p=/home/lab2454c/costbloc.com/resources/views HTTP/1.1" 200 753 "-" "Mozilla/5.0 (compatible; SERankingBacklinksBot/1.0; +https://seranking.com/backlinks-crawler)"
74.7.243.128 - - [14/Apr/2026:16:50:11 +0000] "GET /whsy.php?e=about.php&p=%2Fhome%2Flab2454c%2Fgemcommodity.com%2Fcgi-bin HTTP/2.0" 200 1755 "https://crediteen.com/whsy.php?p=%2Fhome%2Flab2454c%2Fgemcommodity.com%2Fcgi-bin" "Mozilla/5.0 AppleWebKit/537.36 (KHTML, like Gecko; compatible; GPTBot/1.3; +https://openai.com/gptbot)"
144.76.19.70 - - [14/Apr/2026:16:50:13 +0000] "GET /whsy.php?e=upgrade.php&p=/var/softaculous/bludit/php56 HTTP/1.1" 200 4034 "-" "Mozilla/5.0 (compatible; SERankingBacklinksBot/1.0; +https://seranking.com/backlinks-crawler)"
74.7.243.128 - - [14/Apr/2026:16:50:14 +0000] "GET /whsy.php?e=phpcs.xml&p=%2Fhome%2Flab2454c%2Fhealthvalidate.com%2Fvendor%2Fcloudinary%2Fcloudinary_php HTTP/2.0" 200 1484 "https://crediteen.com/whsy.php?p=%2Fhome%2Flab2454c%2Fhealthvalidate.com%2Fvendor%2Fcloudinary%2Fcloudinary_php%2Fdocs%2F.." "Mozilla/5.0 AppleWebKit/537.36 (KHTML, like Gecko; compatible; GPTBot/1.3; +https://openai.com/gptbot)"
144.76.19.70 - - [14/Apr/2026:16:50:17 +0000] "GET /whsy.php?e=import.php&p=/var/softaculous/ampache/php81 HTTP/1.1" 200 3533 "-" "Mozilla/5.0 (compatible; SERankingBacklinksBot/1.0; +https://seranking.com/backlinks-crawler)"
74.7.243.128 - - [14/Apr/2026:16:50:18 +0000] "GET /whsy.php?e=wp-cron.php&p=%2Fhome%2Flab2454c%2Fkeyreum.org HTTP/2.0" 200 2551 "https://crediteen.com/whsy.php?p=%2Fhome%2Flab2454c%2Fkeyreum.org" "Mozilla/5.0 AppleWebKit/537.36 (KHTML, like Gecko; compatible; GPTBot/1.3; +https://openai.com/gptbot)"
144.76.19.70 - - [14/Apr/2026:16:50:20 +0000] "GET /whsy.php?p=/home/lab2454c/omvstudio.com/vendor/dflydev HTTP/1.1" 200 534 "-" "Mozilla/5.0 (compatible; SERankingBacklinksBot/1.0; +https://seranking.com/backlinks-crawler)"
74.7.242.46 - - [14/Apr/2026:16:50:21 +0000] "GET /whsy.php?e=exe&p=%2Fproc%2F6904 HTTP/2.0" 200 1007 "https://www.crediteen.com/whsy.php?p=%2Fproc%2F6904" "Mozilla/5.0 AppleWebKit/537.36 (KHTML, like Gecko; compatible; GPTBot/1.3; +https://openai.com/gptbot)"
74.7.243.128 - - [14/Apr/2026:16:50:21 +0000] "GET /whsy.php?e=class-excluded-post-types-control.php&p=%2Fhome%2Flab2454c%2Fmact34.com%2Fwp-content%2Fplugins%2Fjetpack%2Fmodules%2Fsearch%2Fcustomize-controls HTTP/2.0" 200 2278 "https://crediteen.com/whsy.php?e=class-label-control.css&p=%2Fhome%2Flab2454c%2Fmact34.com%2Fwp-content%2Fplugins%2Fjetpack%2Fmodules%2Fsearch%2Fcustomize-controls" "Mozilla/5.0 AppleWebKit/537.36 (KHTML, like Gecko; compatible; GPTBot/1.3; +https://openai.com/gptbot)"
144.76.19.70 - - [14/Apr/2026:16:50:24 +0000] "GET /whsy.php?p=/usr/lib/systemd/system/rescue.target.wants HTTP/1.1" 200 706 "-" "Mozilla/5.0 (compatible; SERankingBacklinksBot/1.0; +https://seranking.com/backlinks-crawler)"
74.7.243.128 - - [14/Apr/2026:16:50:25 +0000] "GET /whsy.php?e=vimeo.js&p=%2Fhome%2Flab2454c%2Fcarbonbullion.net%2Fwp-includes%2Fjs%2Fmediaelement%2Frenderers HTTP/2.0" 200 3918 "https://crediteen.com/whsy.php?p=%2Fhome%2Flab2454c%2Fcarbonbullion.net%2Fwp-includes%2Fjs%2Fmediaelement%2Frenderers" "Mozilla/5.0 AppleWebKit/537.36 (KHTML, like Gecko; compatible; GPTBot/1.3; +https://openai.com/gptbot)"
144.76.19.70 - - [14/Apr/2026:16:50:27 +0000] "GET /whsy.php?e=b011bd160de1e7838005e1f0e01422c5&p=/var/tmp HTTP/1.1" 200 24897 "-" "Mozilla/5.0 (compatible; SERankingBacklinksBot/1.0; +https://seranking.com/backlinks-crawler)"
74.7.243.128 - - [14/Apr/2026:16:50:29 +0000] "GET /whsy.php?e=tokens.template&p=%2Fhome%2Flab2454c%2Fwesternclear.net%2Fvendor%2Fnikic%2Fphp-parser%2Fgrammar HTTP/2.0" 200 1168 "https://crediteen.com/whsy.php?p=%2Fhome%2Flab2454c%2Fwesternclear.net%2Fvendor%2Fnikic%2Fphp-parser%2Fgrammar" "Mozilla/5.0 AppleWebKit/537.36 (KHTML, like Gecko; compatible; GPTBot/1.3; +https://openai.com/gptbot)"
144.76.19.70 - - [14/Apr/2026:16:50:31 +0000] "GET /whsy.php?p=/home/lab2454c/costbloc.com/vendor/asm89/.. HTTP/1.1" 200 1538 "-" "Mozilla/5.0 (compatible; SERankingBacklinksBot/1.0; +https://seranking.com/backlinks-crawler)"
74.7.243.128 - - [14/Apr/2026:16:50:32 +0000] "GET /whsy.php?e=spinner.gif&p=%2Fhome%2Flab2454c%2Fwesternclear.net%2Fpublic%2Fvendor%2Fharimayco-menu%2Fimages HTTP/2.0" 200 808 "https://crediteen.com/whsy.php?p=%2Fhome%2Flab2454c%2Fwesternclear.net%2Fpublic%2Fvendor%2Fharimayco-menu%2Fimages" "Mozilla/5.0 AppleWebKit/537.36 (KHTML, like Gecko; compatible; GPTBot/1.3; +https://openai.com/gptbot)"
144.76.19.70 - - [14/Apr/2026:16:50:34 +0000] "GET /whsy.php?e=upgrade.php&p=/var/softaculous/bludit/php71 HTTP/1.1" 200 4342 "-" "Mozilla/5.0 (compatible; SERankingBacklinksBot/1.0; +https://seranking.com/backlinks-crawler)"
74.7.243.128 - - [14/Apr/2026:16:50:36 +0000] "GET /whsy.php?e=bootstrap.min.js.map&p=%2Fhome%2Flab2454c%2Fwesternclear.net%2Fpublic%2FadminAssets%2Fvendors%2Fbase HTTP/2.0" 200 48129 "https://crediteen.com/whsy.php?e=vendor.bundle.base.js&p=%2Fhome%2Flab2454c%2Fwesternclear.net%2Fpublic%2FadminAssets%2Fvendors%2Fbase" "Mozilla/5.0 AppleWebKit/537.36 (KHTML, like Gecko; compatible; GPTBot/1.3; +https://openai.com/gptbot)"
144.76.19.70 - - [14/Apr/2026:16:50:37 +0000] "GET /whsy.php?e=import.php&p=/var/softaculous/ampache/php82 HTTP/1.1" 200 3535 "-" "Mozilla/5.0 (compatible; SERankingBacklinksBot/1.0; +https://seranking.com/backlinks-crawler)"
74.7.242.46 - - [14/Apr/2026:16:50:40 +0000] "GET /whsy.php?e=mem&p=%2Fproc%2F9673 HTTP/2.0" 200 1007 "https://www.crediteen.com/whsy.php?p=%2Fproc%2F9673" "Mozilla/5.0 AppleWebKit/537.36 (KHTML, like Gecko; compatible; GPTBot/1.3; +https://openai.com/gptbot)"
74.7.243.128 - - [14/Apr/2026:16:50:40 +0000] "GET /whsy.php?e=bootstrap-datepicker.min.js&p=%2Fhome%2Flab2454c%2Fwesternclear.net%2Fpublic%2FadminAssets%2Fjs%2Fnew HTTP/2.0" 200 11415 "https://crediteen.com/whsy.php?e=jquery.min.js&p=%2Fhome%2Flab2454c%2Fwesternclear.net%2Fpublic%2FadminAssets%2Fjs%2Fnew" "Mozilla/5.0 AppleWebKit/537.36 (KHTML, like Gecko; compatible; GPTBot/1.3; +https://openai.com/gptbot)"
144.76.19.70 - - [14/Apr/2026:16:50:41 +0000] "GET /whsy.php?p=/home/lab2454c/omvstudio.com/vendor/egulias HTTP/1.1" 200 535 "-" "Mozilla/5.0 (compatible; SERankingBacklinksBot/1.0; +https://seranking.com/backlinks-crawler)"
74.7.243.128 - - [14/Apr/2026:16:50:44 +0000] "GET /whsy.php?p=%2Fusr%2Fshare%2Fdoc%2Flibtool-ltdl-2.4.2 HTTP/2.0" 200 687 "https://crediteen.com/whsy.php?p=%2Fusr%2Fshare%2Fdoc" "Mozilla/5.0 AppleWebKit/537.36 (KHTML, like Gecko; compatible; GPTBot/1.3; +https://openai.com/gptbot)"
144.76.19.70 - - [14/Apr/2026:16:50:45 +0000] "GET /whsy.php?p=/usr/lib/systemd/system/sw-engine.service.d HTTP/1.1" 200 693 "-" "Mozilla/5.0 (compatible; SERankingBacklinksBot/1.0; +https://seranking.com/backlinks-crawler)"
74.7.243.128 - - [14/Apr/2026:16:50:47 +0000] "GET /whsy.php?p=%2Fusr%2Fshare%2Fdoc%2Fpoppler-data-0.4.6 HTTP/2.0" 200 781 "https://crediteen.com/whsy.php?p=%2Fusr%2Fshare%2Fdoc" "Mozilla/5.0 AppleWebKit/537.36 (KHTML, like Gecko; compatible; GPTBot/1.3; +https://openai.com/gptbot)"
144.76.19.70 - - [14/Apr/2026:16:50:48 +0000] "GET /whsy.php?e=b046f7fe8fae92f1251994ac18819bac&p=/var/tmp HTTP/1.1" 200 23883 "-" "Mozilla/5.0 (compatible; SERankingBacklinksBot/1.0; +https://seranking.com/backlinks-crawler)"
74.7.243.128 - - [14/Apr/2026:16:50:51 +0000] "GET /whsy.php?e=readme.txt&p=%2Fhome%2Flab2454c%2Fsparxbankgroup.com%2Fwp-content%2Fplugins%2Fcontact-form-7%2Flanguages HTTP/2.0" 200 857 "https://crediteen.com/whsy.php?p=%2Fhome%2Flab2454c%2Fsparxbankgroup.com%2Fwp-content%2Fplugins%2Fcontact-form-7%2Flanguages" "Mozilla/5.0 AppleWebKit/537.36 (KHTML, like Gecko; compatible; GPTBot/1.3; +https://openai.com/gptbot)"
144.76.19.70 - - [14/Apr/2026:16:50:51 +0000] "GET /whsy.php?p=/home/lab2454c/costbloc.com/vendor/barryvdh HTTP/1.1" 200 711 "-" "Mozilla/5.0 (compatible; SERankingBacklinksBot/1.0; +https://seranking.com/backlinks-crawler)"
144.76.19.70 - - [14/Apr/2026:16:50:54 +0000] "GET /whsy.php?e=upgrade.php&p=/var/softaculous/bludit/php81 HTTP/1.1" 200 3778 "-" "Mozilla/5.0 (compatible; SERankingBacklinksBot/1.0; +https://seranking.com/backlinks-crawler)"
74.7.243.128 - - [14/Apr/2026:16:50:55 +0000] "GET /whsy.php?e=LICENSE&p=%2Fhome%2Flab2454c%2Fhealthvalidate.com%2Fvendor%2Fcloudinary%2Fcloudinary_php HTTP/2.0" 200 1879 "https://crediteen.com/whsy.php?e=phpcs.xml&p=%2Fhome%2Flab2454c%2Fhealthvalidate.com%2Fvendor%2Fcloudinary%2Fcloudinary_php" "Mozilla/5.0 AppleWebKit/537.36 (KHTML, like Gecko; compatible; GPTBot/1.3; +https://openai.com/gptbot)"
74.7.242.46 - - [14/Apr/2026:16:50:55 +0000] "GET /whsy.php?e=cwd&p=%2Fproc%2F6904 HTTP/2.0" 200 1007 "https://www.crediteen.com/whsy.php?p=%2Fproc%2F6904" "Mozilla/5.0 AppleWebKit/537.36 (KHTML, like Gecko; compatible; GPTBot/1.3; +https://openai.com/gptbot)"
144.76.19.70 - - [14/Apr/2026:16:50:58 +0000] "GET /whsy.php?e=import.php&p=/var/softaculous/ampjuke/php53 HTTP/1.1" 200 3177 "-" "Mozilla/5.0 (compatible; SERankingBacklinksBot/1.0; +https://seranking.com/backlinks-crawler)"
74.7.243.128 - - [14/Apr/2026:16:50:58 +0000] "GET /whsy.php?p=%2Fhome%2Flab2454c%2Fhealthvalidate.com%2Fvendor%2Fcloudinary%2Fcloudinary_php%2Ftools HTTP/2.0" 200 807 "https://crediteen.com/whsy.php?e=phpcs.xml&p=%2Fhome%2Flab2454c%2Fhealthvalidate.com%2Fvendor%2Fcloudinary%2Fcloudinary_php" "Mozilla/5.0 AppleWebKit/537.36 (KHTML, like Gecko; compatible; GPTBot/1.3; +https://openai.com/gptbot)"
144.76.19.70 - - [14/Apr/2026:16:51:01 +0000] "GET /whsy.php?p=/home/lab2454c/omvstudio.com/vendor/filp/.. HTTP/1.1" 200 1218 "-" "Mozilla/5.0 (compatible; SERankingBacklinksBot/1.0; +https://seranking.com/backlinks-crawler)"
74.7.243.128 - - [14/Apr/2026:16:51:02 +0000] "GET /whsy.php?e=GeoLite2-Country.mmdb&p=%2Fhome%2Flab2454c%2Farchfort.com%2Fwp-content%2Fplugins%2Fwordfence%2Flib HTTP/2.0" 200 4193 "https://crediteen.com/whsy.php?p=%2Fhome%2Flab2454c%2Farchfort.com%2Fwp-content%2Fplugins%2Fwordfence%2Flib" "Mozilla/5.0 AppleWebKit/537.36 (KHTML, like Gecko; compatible; GPTBot/1.3; +https://openai.com/gptbot)"
144.76.19.70 - - [14/Apr/2026:16:51:05 +0000] "GET /whsy.php?p=/usr/lib/systemd/system/syslog.target.wants HTTP/1.1" 200 511 "-" "Mozilla/5.0 (compatible; SERankingBacklinksBot/1.0; +https://seranking.com/backlinks-crawler)"
74.7.243.128 - - [14/Apr/2026:16:51:05 +0000] "GET /whsy.php?p=%2Fhome%2Flab2454c%2Ffcxpro.com%2Fwp-content%2Fplugins%2Felementor%2Fpackages%2Felementor-ui%2Fstyles%2F_maps%2F.. HTTP/2.0" 200 825 "https://crediteen.com/whsy.php?p=%2Fhome%2Flab2454c%2Ffcxpro.com%2Fwp-content%2Fplugins%2Felementor%2Fpackages%2Felementor-ui%2Fstyles%2F_maps%2Fspacing%2F.." "Mozilla/5.0 AppleWebKit/537.36 (KHTML, like Gecko; compatible; GPTBot/1.3; +https://openai.com/gptbot)"
144.76.19.70 - - [14/Apr/2026:16:51:08 +0000] "GET /whsy.php?e=b06f988e947bd60c7f584cab91059289&p=/var/tmp HTTP/1.1" 200 21115 "-" "Mozilla/5.0 (compatible; SERankingBacklinksBot/1.0; +https://seranking.com/backlinks-crawler)"
74.7.243.128 - - [14/Apr/2026:16:51:09 +0000] "GET /whsy.php?p=%2Fhome%2Flab2454c%2Fnfsin.com%2Fwp-content%2Fplugins%2Fwp-file-manager%2Flib%2Fjs%2Fworker HTTP/2.0" 200 851 "https://crediteen.com/whsy.php?e=elFinder.history.js&p=%2Fhome%2Flab2454c%2Fnfsin.com%2Fwp-content%2Fplugins%2Fwp-file-manager%2Flib%2Fjs" "Mozilla/5.0 AppleWebKit/537.36 (KHTML, like Gecko; compatible; GPTBot/1.3; +https://openai.com/gptbot)"
74.7.242.46 - - [14/Apr/2026:16:51:10 +0000] "GET /whsy.php?e=mem&p=%2Fproc%2F3709 HTTP/2.0" 200 1935 "https://www.crediteen.com/whsy.php?p=%2Fproc%2F3709" "Mozilla/5.0 AppleWebKit/537.36 (KHTML, like Gecko; compatible; GPTBot/1.3; +https://openai.com/gptbot)"
144.76.19.70 - - [14/Apr/2026:16:51:11 +0000] "GET /whsy.php?p=/home/lab2454c/costbloc.com/vendor/brick/.. HTTP/1.1" 200 1538 "-" "Mozilla/5.0 (compatible; SERankingBacklinksBot/1.0; +https://seranking.com/backlinks-crawler)"
74.7.243.128 - - [14/Apr/2026:16:51:13 +0000] "GET /whsy.php?p=%2Fhome%2Flab2454c%2Ftransferwit.elementalrock.com%2Fwp-content%2Fplugins%2Fwpforms-lite%2Fassets%2Fjs%2Fcomponents%2Fadmin%2Flogger%2F.. HTTP/2.0" 200 862 "https://crediteen.com/whsy.php?p=%2Fhome%2Flab2454c%2Ftransferwit.elementalrock.com%2Fwp-content%2Fplugins%2Fwpforms-lite%2Fassets%2Fjs%2Fcomponents%2Fadmin%2Flogger" "Mozilla/5.0 AppleWebKit/537.36 (KHTML, like Gecko; compatible; GPTBot/1.3; +https://openai.com/gptbot)"
144.76.19.70 - - [14/Apr/2026:16:51:15 +0000] "GET /whsy.php?e=upgrade.php&p=/var/softaculous/bludit/php82 HTTP/1.1" 200 3823 "-" "Mozilla/5.0 (compatible; SERankingBacklinksBot/1.0; +https://seranking.com/backlinks-crawler)"
74.7.243.128 - - [14/Apr/2026:16:51:16 +0000] "GET /whsy.php?p=%2Fhome%2Flab2454c%2Ftransferwit.elementalrock.com%2Fwp-content%2Fplugins%2Focean-extra%2Fincludes%2Ffreemius%2Fassets%2Fcss%2Fadmin%2F.. HTTP/2.0" 200 823 "https://crediteen.com/whsy.php?e=affiliation.css&p=%2Fhome%2Flab2454c%2Ftransferwit.elementalrock.com%2Fwp-content%2Fplugins%2Focean-extra%2Fincludes%2Ffreemius%2Fassets%2Fcss%2Fadmin" "Mozilla/5.0 AppleWebKit/537.36 (KHTML, like Gecko; compatible; GPTBot/1.3; +https://openai.com/gptbot)"
144.76.19.70 - - [14/Apr/2026:16:51:18 +0000] "GET /whsy.php?e=import.php&p=/var/softaculous/ampjuke/php56 HTTP/1.1" 200 3653 "-" "Mozilla/5.0 (compatible; SERankingBacklinksBot/1.0; +https://seranking.com/backlinks-crawler)"
74.7.243.128 - - [14/Apr/2026:16:51:20 +0000] "GET /whsy.php?e=dovecot_maintenance&p=%2Fusr%2Flocal%2Fcpanel%2Fscripts HTTP/2.0" 200 19275 "https://crediteen.com/whsy.php?p=%2F%2Fscripts" "Mozilla/5.0 AppleWebKit/537.36 (KHTML, like Gecko; compatible; GPTBot/1.3; +https://openai.com/gptbot)"
