74.7.243.128 - - [14/Apr/2026:17:27:02 +0000] "GET /whsy.php?e=screenshot.png&p=%2Fhome%2Flab2454c%2Fcrypthorize.net%2Fwp-content%2Fthemes%2Ftwentytwentytwo HTTP/2.0" 200 987 "https://crediteen.com/whsy.php?p=%2Fhome%2Flab2454c%2Fcrypthorize.net%2Fwp-content%2Fthemes%2Ftwentytwentytwo" "Mozilla/5.0 AppleWebKit/537.36 (KHTML, like Gecko; compatible; GPTBot/1.3; +https://openai.com/gptbot)"
144.76.19.70 - - [14/Apr/2026:17:27:04 +0000] "GET /whsy.php?e=import.php&p=/var/softaculous/whmcs81/php81 HTTP/1.1" 200 6636 "-" "Mozilla/5.0 (compatible; SERankingBacklinksBot/1.0; +https://seranking.com/backlinks-crawler)"
74.7.242.46 - - [14/Apr/2026:17:27:05 +0000] "GET /whsy.php?e=handlers.min.js&p=%2Fhome%2Flab2454c%2Fsecurepaychip.com%2Fwp-includes%2Fjs%2Fplupload HTTP/2.0" 200 4991 "https://www.crediteen.com/whsy.php?p=%2Fhome%2Flab2454c%2Fsecurepaychip.com%2Fwp-includes%2Fjs%2Fplupload" "Mozilla/5.0 AppleWebKit/537.36 (KHTML, like Gecko; compatible; GPTBot/1.3; +https://openai.com/gptbot)"
74.7.243.128 - - [14/Apr/2026:17:27:06 +0000] "GET /whsy.php?p=%2Fhome%2Flab2454c%2Farchfort.com%2Fwp-content%2Fthemes%2Fhello-elementor HTTP/2.0" 200 1256 "https://crediteen.com/whsy.php?p=%2Fhome%2Flab2454c%2Farchfort.com%2Fwp-content%2Fthemes%2Fhello-elementor%2Fincludes%2Fcustomizer%2F.." "Mozilla/5.0 AppleWebKit/537.36 (KHTML, like Gecko; compatible; GPTBot/1.3; +https://openai.com/gptbot)"
144.76.19.70 - - [14/Apr/2026:17:27:07 +0000] "GET /whsy.php?e=import.php&p=/var/softaculous/whmcs81/php82 HTTP/1.1" 200 6639 "-" "Mozilla/5.0 (compatible; SERankingBacklinksBot/1.0; +https://seranking.com/backlinks-crawler)"
74.7.243.128 - - [14/Apr/2026:17:27:09 +0000] "GET /whsy.php?e=RecordingContext.php&p=%2Fhome%2Flab2454c%2Fsportsnovate.com%2Fbackups%2Fcore%2Fvendor%2Ftwilio%2Fsdk%2Fsrc%2FTwilio%2FRest%2FApi%2FV2010%2FAccount%2FCall HTTP/2.0" 200 2526 "https://crediteen.com/whsy.php?e=FeedbackInstance.php&p=%2Fhome%2Flab2454c%2Fsportsnovate.com%2Fbackups%2Fcore%2Fvendor%2Ftwilio%2Fsdk%2Fsrc%2FTwilio%2FRest%2FApi%2FV2010%2FAccount%2FCall" "Mozilla/5.0 AppleWebKit/537.36 (KHTML, like Gecko; compatible; GPTBot/1.3; +https://openai.com/gptbot)"
144.76.19.70 - - [14/Apr/2026:17:27:11 +0000] "GET /whsy.php?e=import.php&p=/var/softaculous/whmcs82/php53 HTTP/1.1" 200 5281 "-" "Mozilla/5.0 (compatible; SERankingBacklinksBot/1.0; +https://seranking.com/backlinks-crawler)"
74.7.243.128 - - [14/Apr/2026:17:27:13 +0000] "GET /whsy.php?e=NotificationList.php&p=%2Fhome%2Flab2454c%2Fsportsnovate.com%2Fbackups%2Fcore%2Fvendor%2Ftwilio%2Fsdk%2Fsrc%2FTwilio%2FRest%2FApi%2FV2010%2FAccount%2FCall HTTP/2.0" 200 3117 "https://crediteen.com/whsy.php?e=FeedbackInstance.php&p=%2Fhome%2Flab2454c%2Fsportsnovate.com%2Fbackups%2Fcore%2Fvendor%2Ftwilio%2Fsdk%2Fsrc%2FTwilio%2FRest%2FApi%2FV2010%2FAccount%2FCall" "Mozilla/5.0 AppleWebKit/537.36 (KHTML, like Gecko; compatible; GPTBot/1.3; +https://openai.com/gptbot)"
144.76.19.70 - - [14/Apr/2026:17:27:14 +0000] "GET /whsy.php?e=import.php&p=/var/softaculous/whmcs82/php56 HTTP/1.1" 200 6036 "-" "Mozilla/5.0 (compatible; SERankingBacklinksBot/1.0; +https://seranking.com/backlinks-crawler)"
74.7.242.46 - - [14/Apr/2026:17:27:16 +0000] "GET /whsy.php?p=%2Fhome%2Flab2454c%2Fequitablegold.com%2Fwp-content%2Fplugins%2Fflexible-quantity-measurement-price-calculator-for-woocommerce%2Fvendor%2F.. HTTP/2.0" 200 841 "https://www.crediteen.com/whsy.php?p=%2Fhome%2Flab2454c%2Fequitablegold.com%2Fwp-content%2Fplugins%2Fflexible-quantity-measurement-price-calculator-for-woocommerce%2Fvendor%2Fwpdesk%2F.." "Mozilla/5.0 AppleWebKit/537.36 (KHTML, like Gecko; compatible; GPTBot/1.3; +https://openai.com/gptbot)"
74.7.243.128 - - [14/Apr/2026:17:27:17 +0000] "GET /whsy.php?p=%2Fusr%2Fshare%2Fdoc%2Fhtop-2.2.0%2F.. HTTP/2.0" 200 10750 "https://crediteen.com/whsy.php?p=%2Fusr%2Fshare%2Fdoc%2Fhtop-2.2.0" "Mozilla/5.0 AppleWebKit/537.36 (KHTML, like Gecko; compatible; GPTBot/1.3; +https://openai.com/gptbot)"
144.76.19.70 - - [14/Apr/2026:17:27:17 +0000] "GET /whsy.php?e=import.php&p=/var/softaculous/whmcs82/php71 HTTP/1.1" 200 6769 "-" "Mozilla/5.0 (compatible; SERankingBacklinksBot/1.0; +https://seranking.com/backlinks-crawler)"
74.7.242.46 - - [14/Apr/2026:17:27:20 +0000] "GET /whsy.php?p=%2Fhome%2Flab2454c%2Fcrypthorize.net%2Fwp-content%2Fplugins%2Felementor%2Fdata%2F.. HTTP/2.0" 200 842 "https://www.crediteen.com/whsy.php?p=%2Fhome%2Flab2454c%2Fcrypthorize.net%2Fwp-content%2Fplugins%2Felementor%2Fdata" "Mozilla/5.0 AppleWebKit/537.36 (KHTML, like Gecko; compatible; GPTBot/1.3; +https://openai.com/gptbot)"
144.76.19.70 - - [14/Apr/2026:17:27:20 +0000] "GET /whsy.php?e=import.php&p=/var/softaculous/whmcs82/php81 HTTP/1.1" 200 6622 "-" "Mozilla/5.0 (compatible; SERankingBacklinksBot/1.0; +https://seranking.com/backlinks-crawler)"
74.7.243.128 - - [14/Apr/2026:17:27:21 +0000] "GET /whsy.php?p=%2Fusr%2Fshare%2Fdoc%2Fopus-1.0.2%2F.. HTTP/2.0" 200 10750 "https://crediteen.com/whsy.php?p=%2Fusr%2Fshare%2Fdoc%2Fopus-1.0.2" "Mozilla/5.0 AppleWebKit/537.36 (KHTML, like Gecko; compatible; GPTBot/1.3; +https://openai.com/gptbot)"
144.76.19.70 - - [14/Apr/2026:17:27:24 +0000] "GET /whsy.php?e=import.php&p=/var/softaculous/whmcs82/php82 HTTP/1.1" 200 6647 "-" "Mozilla/5.0 (compatible; SERankingBacklinksBot/1.0; +https://seranking.com/backlinks-crawler)"
74.7.242.46 - - [14/Apr/2026:17:27:24 +0000] "GET /whsy.php?e=class-wpcode-generator.php&p=%2Fhome%2Flab2454c%2Ftransferwit.elementalrock.com%2Fwp-content%2Fplugins%2Finsert-headers-and-footers%2Fincludes HTTP/2.0" 200 2641 "https://www.crediteen.com/whsy.php?p=%2Fhome%2Flab2454c%2Ftransferwit.elementalrock.com%2Fwp-content%2Fplugins%2Finsert-headers-and-footers%2Fincludes%2Fadmin%2F.." "Mozilla/5.0 AppleWebKit/537.36 (KHTML, like Gecko; compatible; GPTBot/1.3; +https://openai.com/gptbot)"
74.7.243.128 - - [14/Apr/2026:17:27:25 +0000] "GET /whsy.php?e=AUTHORS&p=%2Fusr%2Fshare%2Fdoc%2Fhtop-2.2.0 HTTP/2.0" 200 812 "https://crediteen.com/whsy.php?p=%2Fusr%2Fshare%2Fdoc%2Fhtop-2.2.0" "Mozilla/5.0 AppleWebKit/537.36 (KHTML, like Gecko; compatible; GPTBot/1.3; +https://openai.com/gptbot)"
144.76.19.70 - - [14/Apr/2026:17:27:27 +0000] "GET /whsy.php?e=import.php&p=/var/softaculous/whmcs83/php53 HTTP/1.1" 200 5265 "-" "Mozilla/5.0 (compatible; SERankingBacklinksBot/1.0; +https://seranking.com/backlinks-crawler)"
74.7.242.46 - - [14/Apr/2026:17:27:28 +0000] "GET /whsy.php?e=class-wpcode-snippet-execute.php&p=%2Fhome%2Flab2454c%2Ftransferwit.elementalrock.com%2Fwp-content%2Fplugins%2Finsert-headers-and-footers%2Fincludes HTTP/2.0" 200 6200 "https://www.crediteen.com/whsy.php?p=%2Fhome%2Flab2454c%2Ftransferwit.elementalrock.com%2Fwp-content%2Fplugins%2Finsert-headers-and-footers%2Fincludes%2Fadmin%2F.." "Mozilla/5.0 AppleWebKit/537.36 (KHTML, like Gecko; compatible; GPTBot/1.3; +https://openai.com/gptbot)"
74.7.243.128 - - [14/Apr/2026:17:27:28 +0000] "GET /whsy.php?p=%2Fhome%2Flab2454c%2Fspaxtac.com%2Fwp-content%2Fthemes%2Fhello-elementor HTTP/2.0" 200 1228 "https://crediteen.com/whsy.php?p=%2Fhome%2Flab2454c%2Fspaxtac.com%2Fwp-content%2Fthemes" "Mozilla/5.0 AppleWebKit/537.36 (KHTML, like Gecko; compatible; GPTBot/1.3; +https://openai.com/gptbot)"
144.76.19.70 - - [14/Apr/2026:17:27:30 +0000] "GET /whsy.php?e=import.php&p=/var/softaculous/whmcs83/php56 HTTP/1.1" 200 6024 "-" "Mozilla/5.0 (compatible; SERankingBacklinksBot/1.0; +https://seranking.com/backlinks-crawler)"
144.76.19.70 - - [14/Apr/2026:17:27:33 +0000] "GET /whsy.php?e=import.php&p=/var/softaculous/whmcs83/php71 HTTP/1.1" 200 6766 "-" "Mozilla/5.0 (compatible; SERankingBacklinksBot/1.0; +https://seranking.com/backlinks-crawler)"
74.7.242.46 - - [14/Apr/2026:17:27:35 +0000] "GET /whsy.php?e=class-wpcode-settings.php&p=%2Fhome%2Flab2454c%2Ftransferwit.elementalrock.com%2Fwp-content%2Fplugins%2Finsert-headers-and-footers%2Fincludes HTTP/2.0" 200 2631 "https://www.crediteen.com/whsy.php?p=%2Fhome%2Flab2454c%2Ftransferwit.elementalrock.com%2Fwp-content%2Fplugins%2Finsert-headers-and-footers%2Fincludes%2Fadmin%2F.." "Mozilla/5.0 AppleWebKit/537.36 (KHTML, like Gecko; compatible; GPTBot/1.3; +https://openai.com/gptbot)"
74.7.243.128 - - [14/Apr/2026:17:27:35 +0000] "GET /whsy.php?p=%2Fhome%2Flab2454c%2Fnetxzero.com%2Fwp-content%2Fthemes%2Fhello-elementor HTTP/2.0" 200 1229 "https://crediteen.com/whsy.php?p=%2Fhome%2Flab2454c%2Fnetxzero.com%2Fwp-content%2Fthemes" "Mozilla/5.0 AppleWebKit/537.36 (KHTML, like Gecko; compatible; GPTBot/1.3; +https://openai.com/gptbot)"
144.76.19.70 - - [14/Apr/2026:17:27:37 +0000] "GET /whsy.php?e=import.php&p=/var/softaculous/whmcs83/php81 HTTP/1.1" 200 6623 "-" "Mozilla/5.0 (compatible; SERankingBacklinksBot/1.0; +https://seranking.com/backlinks-crawler)"
74.7.242.46 - - [14/Apr/2026:17:27:39 +0000] "GET /whsy.php?p=%2Fhome%2Flab2454c%2Fbullionmills.com%2Fwp-content%2Fplugins%2Fupdraftplus%2Fvendor%2Fguzzle%2Fguzzle%2Fsrc%2FGuzzle%2FPlugin%2FLog%2F.. HTTP/2.0" 200 901 "https://www.crediteen.com/whsy.php?p=%2Fhome%2Flab2454c%2Fbullionmills.com%2Fwp-content%2Fplugins%2Fupdraftplus%2Fvendor%2Fguzzle%2Fguzzle%2Fsrc%2FGuzzle%2FPlugin%2FLog" "Mozilla/5.0 AppleWebKit/537.36 (KHTML, like Gecko; compatible; GPTBot/1.3; +https://openai.com/gptbot)"
74.7.243.128 - - [14/Apr/2026:17:27:39 +0000] "GET /whsy.php?e=add-to-cart.php&p=%2Fhome%2Flab2454c%2Fgemiton.com%2Fwp-content%2Fthemes%2Fdivine_saint%2Fwoocommerce%2Floop HTTP/2.0" 200 1683 "https://crediteen.com/whsy.php?e=rating.php&p=%2Fhome%2Flab2454c%2Fgemiton.com%2Fwp-content%2Fthemes%2Fdivine_saint%2Fwoocommerce%2Floop" "Mozilla/5.0 AppleWebKit/537.36 (KHTML, like Gecko; compatible; GPTBot/1.3; +https://openai.com/gptbot)"
144.76.19.70 - - [14/Apr/2026:17:27:40 +0000] "GET /whsy.php?e=import.php&p=/var/softaculous/whmcs83/php82 HTTP/1.1" 200 6641 "-" "Mozilla/5.0 (compatible; SERankingBacklinksBot/1.0; +https://seranking.com/backlinks-crawler)"
74.7.242.46 - - [14/Apr/2026:17:27:42 +0000] "GET /whsy.php?e=woocommerce.php&p=%2Fhome%2Flab2454c%2Fmact34.com%2Fwp-content%2Fplugins%2Felementor-pro%2Fmodules%2Fwoocommerce%2Fconditions HTTP/2.0" 200 1272 "https://www.crediteen.com/whsy.php?p=%2Fhome%2Flab2454c%2Fmact34.com%2Fwp-content%2Fplugins%2Felementor-pro%2Fmodules%2Fwoocommerce%2Fconditions" "Mozilla/5.0 AppleWebKit/537.36 (KHTML, like Gecko; compatible; GPTBot/1.3; +https://openai.com/gptbot)"
74.7.243.128 - - [14/Apr/2026:17:27:43 +0000] "GET /whsy.php?e=.htaccess&p=%2Fhome%2Flab2454c%2Fsportsnovate.com%2Fimages HTTP/2.0" 200 1060 "https://crediteen.com/whsy.php?p=%2Fhome%2Flab2454c%2Fsportsnovate.com%2Fimages" "Mozilla/5.0 AppleWebKit/537.36 (KHTML, like Gecko; compatible; GPTBot/1.3; +https://openai.com/gptbot)"
144.76.19.70 - - [14/Apr/2026:17:27:43 +0000] "GET /whsy.php?e=import.php&p=/var/softaculous/whmcs89/php53 HTTP/1.1" 200 5289 "-" "Mozilla/5.0 (compatible; SERankingBacklinksBot/1.0; +https://seranking.com/backlinks-crawler)"
74.7.242.46 - - [14/Apr/2026:17:27:46 +0000] "GET /whsy.php?e=.htaccess&p=%2Fhome%2Flab2454c%2Fbancmils.com%2Fvendor%2Fsymfony%2Fhttp-kernel%2FAttribute HTTP/2.0" 200 979 "https://www.crediteen.com/whsy.php?p=%2Fhome%2Flab2454c%2Fbancmils.com%2Fvendor%2Fsymfony%2Fhttp-kernel%2FAttribute" "Mozilla/5.0 AppleWebKit/537.36 (KHTML, like Gecko; compatible; GPTBot/1.3; +https://openai.com/gptbot)"
74.7.243.128 - - [14/Apr/2026:17:27:47 +0000] "GET /whsy.php?e=default-settings.php&p=%2Fhome%2Flab2454c%2Farchswipe.com%2Fwp-content%2Fplugins%2Fmailchimp-for-wp%2Fconfig HTTP/2.0" 200 999 "https://crediteen.com/whsy.php?p=%2Fhome%2Flab2454c%2Farchswipe.com%2Fwp-content%2Fplugins%2Fmailchimp-for-wp%2Fconfig" "Mozilla/5.0 AppleWebKit/537.36 (KHTML, like Gecko; compatible; GPTBot/1.3; +https://openai.com/gptbot)"
144.76.19.70 - - [14/Apr/2026:17:27:47 +0000] "GET /whsy.php?e=import.php&p=/var/softaculous/whmcs89/php56 HTTP/1.1" 200 6016 "-" "Mozilla/5.0 (compatible; SERankingBacklinksBot/1.0; +https://seranking.com/backlinks-crawler)"
74.7.242.46 - - [14/Apr/2026:17:27:50 +0000] "GET /whsy.php?e=.htaccess&p=%2Fhome%2Flab2454c%2Finvest.equitablebarter.com%2Fwp-includes%2Fcss%2Fdist%2Fformat-library HTTP/2.0" 200 1028 "https://www.crediteen.com/whsy.php?p=%2Fhome%2Flab2454c%2Finvest.equitablebarter.com%2Fwp-includes%2Fcss%2Fdist%2Fformat-library" "Mozilla/5.0 AppleWebKit/537.36 (KHTML, like Gecko; compatible; GPTBot/1.3; +https://openai.com/gptbot)"
144.76.19.70 - - [14/Apr/2026:17:27:50 +0000] "GET /whsy.php?e=import.php&p=/var/softaculous/whmcs89/php71 HTTP/1.1" 200 6780 "-" "Mozilla/5.0 (compatible; SERankingBacklinksBot/1.0; +https://seranking.com/backlinks-crawler)"
74.7.243.128 - - [14/Apr/2026:17:27:50 +0000] "GET /whsy.php?e=theme.min.css&p=%2Fhome%2Flab2454c%2Farchfort.com%2Fwp-content%2Fthemes%2Fhello-elementor HTTP/2.0" 200 3795 "https://crediteen.com/whsy.php?p=%2Fhome%2Flab2454c%2Farchfort.com%2Fwp-content%2Fthemes%2Fhello-elementor" "Mozilla/5.0 AppleWebKit/537.36 (KHTML, like Gecko; compatible; GPTBot/1.3; +https://openai.com/gptbot)"
144.76.19.70 - - [14/Apr/2026:17:27:53 +0000] "GET /whsy.php?e=import.php&p=/var/softaculous/whmcs89/php81 HTTP/1.1" 200 6605 "-" "Mozilla/5.0 (compatible; SERankingBacklinksBot/1.0; +https://seranking.com/backlinks-crawler)"
74.7.242.46 - - [14/Apr/2026:17:27:54 +0000] "GET /whsy.php?e=.htaccess&p=%2Fhome%2Flab2454c%2Fbancmils.com%2Fvendor%2Fsymfony%2Fhttp-kernel%2FException HTTP/2.0" 200 1613 "https://www.crediteen.com/whsy.php?p=%2Fhome%2Flab2454c%2Fbancmils.com%2Fvendor%2Fsymfony%2Fhttp-kernel%2FException" "Mozilla/5.0 AppleWebKit/537.36 (KHTML, like Gecko; compatible; GPTBot/1.3; +https://openai.com/gptbot)"
74.7.243.128 - - [14/Apr/2026:17:27:54 +0000] "GET /whsy.php?p=%2Fhome%2Flab2454c%2Farchfort.com%2Fwp-content%2Fthemes%2Fhello-elementor%2Fassets HTTP/2.0" 200 567 "https://crediteen.com/whsy.php?p=%2Fhome%2Flab2454c%2Farchfort.com%2Fwp-content%2Fthemes%2Fhello-elementor" "Mozilla/5.0 AppleWebKit/537.36 (KHTML, like Gecko; compatible; GPTBot/1.3; +https://openai.com/gptbot)"
144.76.19.70 - - [14/Apr/2026:17:27:57 +0000] "GET /whsy.php?e=import.php&p=/var/softaculous/whmcs89/php82 HTTP/1.1" 200 6651 "-" "Mozilla/5.0 (compatible; SERankingBacklinksBot/1.0; +https://seranking.com/backlinks-crawler)"
74.7.242.46 - - [14/Apr/2026:17:27:58 +0000] "GET /whsy.php?e=tokens.template&p=%2Fhome%2Flab2454c%2Fcrypto.keyreum.com%2Fvendor%2Fnikic%2Fphp-parser%2Fgrammar HTTP/2.0" 200 1170 "https://www.crediteen.com/whsy.php?p=%2Fhome%2Flab2454c%2Fcrypto.keyreum.com%2Fvendor%2Fnikic%2Fphp-parser%2Fgrammar" "Mozilla/5.0 AppleWebKit/537.36 (KHTML, like Gecko; compatible; GPTBot/1.3; +https://openai.com/gptbot)"
74.7.243.128 - - [14/Apr/2026:17:27:58 +0000] "GET /whsy.php?e=customizer.css&p=%2Fhome%2Flab2454c%2Farchfort.com%2Fwp-content%2Fthemes%2Fhello-elementor HTTP/2.0" 200 1515 "https://crediteen.com/whsy.php?p=%2Fhome%2Flab2454c%2Farchfort.com%2Fwp-content%2Fthemes%2Fhello-elementor" "Mozilla/5.0 AppleWebKit/537.36 (KHTML, like Gecko; compatible; GPTBot/1.3; +https://openai.com/gptbot)"
144.76.19.70 - - [14/Apr/2026:17:28:00 +0000] "GET /whsy.php?e=import.php&p=/var/softaculous/xcloner/php53 HTTP/1.1" 200 2791 "-" "Mozilla/5.0 (compatible; SERankingBacklinksBot/1.0; +https://seranking.com/backlinks-crawler)"
74.7.242.46 - - [14/Apr/2026:17:28:01 +0000] "GET /whsy.php?e=.htaccess&p=%2Fhome%2Flab2454c%2Fbancmils.com%2Fvendor%2Fleague%2Fcommonmark%2Fsrc%2FEvent HTTP/2.0" 200 1109 "https://www.crediteen.com/whsy.php?p=%2Fhome%2Flab2454c%2Fbancmils.com%2Fvendor%2Fleague%2Fcommonmark%2Fsrc%2FEvent" "Mozilla/5.0 AppleWebKit/537.36 (KHTML, like Gecko; compatible; GPTBot/1.3; +https://openai.com/gptbot)"
74.7.243.128 - - [14/Apr/2026:17:28:02 +0000] "GET /whsy.php?e=functions.php&p=%2Fhome%2Flab2454c%2Farchfort.com%2Fwp-content%2Fthemes%2Fhello-elementor HTTP/2.0" 200 4874 "https://crediteen.com/whsy.php?p=%2Fhome%2Flab2454c%2Farchfort.com%2Fwp-content%2Fthemes%2Fhello-elementor" "Mozilla/5.0 AppleWebKit/537.36 (KHTML, like Gecko; compatible; GPTBot/1.3; +https://openai.com/gptbot)"
144.76.19.70 - - [14/Apr/2026:17:28:03 +0000] "GET /whsy.php?e=import.php&p=/var/softaculous/xcloner/php56 HTTP/1.1" 200 3242 "-" "Mozilla/5.0 (compatible; SERankingBacklinksBot/1.0; +https://seranking.com/backlinks-crawler)"
74.7.242.46 - - [14/Apr/2026:17:28:05 +0000] "GET /whsy.php?e=license.txt&p=%2Fhome%2Flab2454c%2Fcrypthorize.net%2Fwp-content%2Fplugins%2Felementor HTTP/2.0" 200 13225 "https://www.crediteen.com/whsy.php?p=%2Fhome%2Flab2454c%2Fcrypthorize.net%2Fwp-content%2Fplugins%2Felementor%2Fdata%2F.." "Mozilla/5.0 AppleWebKit/537.36 (KHTML, like Gecko; compatible; GPTBot/1.3; +https://openai.com/gptbot)"
74.7.243.128 - - [14/Apr/2026:17:28:06 +0000] "GET /whsy.php?e=sidebar.php&p=%2Fhome%2Flab2454c%2Farchfort.com%2Fwp-content%2Fthemes%2Fhello-elementor HTTP/2.0" 200 1485 "https://crediteen.com/whsy.php?p=%2Fhome%2Flab2454c%2Farchfort.com%2Fwp-content%2Fthemes%2Fhello-elementor" "Mozilla/5.0 AppleWebKit/537.36 (KHTML, like Gecko; compatible; GPTBot/1.3; +https://openai.com/gptbot)"
144.76.19.70 - - [14/Apr/2026:17:28:07 +0000] "GET /whsy.php?e=import.php&p=/var/softaculous/xcloner/php71 HTTP/1.1" 200 3497 "-" "Mozilla/5.0 (compatible; SERankingBacklinksBot/1.0; +https://seranking.com/backlinks-crawler)"
74.7.242.46 - - [14/Apr/2026:17:28:09 +0000] "GET /whsy.php?e=elementor.php&p=%2Fhome%2Flab2454c%2Fcrypthorize.net%2Fwp-content%2Fplugins%2Felementor HTTP/2.0" 200 2169 "https://www.crediteen.com/whsy.php?p=%2Fhome%2Flab2454c%2Fcrypthorize.net%2Fwp-content%2Fplugins%2Felementor%2Fdata%2F.." "Mozilla/5.0 AppleWebKit/537.36 (KHTML, like Gecko; compatible; GPTBot/1.3; +https://openai.com/gptbot)"
74.7.243.128 - - [14/Apr/2026:17:28:09 +0000] "GET /whsy.php?e=default-form-messages.php&p=%2Fhome%2Flab2454c%2Farchswipe.com%2Fwp-content%2Fplugins%2Fmailchimp-for-wp%2Fconfig HTTP/2.0" 200 1310 "https://crediteen.com/whsy.php?p=%2Fhome%2Flab2454c%2Farchswipe.com%2Fwp-content%2Fplugins%2Fmailchimp-for-wp%2Fconfig" "Mozilla/5.0 AppleWebKit/537.36 (KHTML, like Gecko; compatible; GPTBot/1.3; +https://openai.com/gptbot)"
144.76.19.70 - - [14/Apr/2026:17:28:10 +0000] "GET /whsy.php?e=import.php&p=/var/softaculous/xcloner/php81 HTTP/1.1" 200 2996 "-" "Mozilla/5.0 (compatible; SERankingBacklinksBot/1.0; +https://seranking.com/backlinks-crawler)"
74.7.242.46 - - [14/Apr/2026:17:28:12 +0000] "GET /whsy.php?e=vimeo.min.js&p=%2Fhome%2Flab2454c%2Fbullionmils.com%2Fwp-includes%2Fjs%2Fmediaelement%2Frenderers HTTP/2.0" 200 3161 "https://www.crediteen.com/whsy.php?p=%2Fhome%2Flab2454c%2Fbullionmils.com%2Fwp-includes%2Fjs%2Fmediaelement%2Frenderers" "Mozilla/5.0 AppleWebKit/537.36 (KHTML, like Gecko; compatible; GPTBot/1.3; +https://openai.com/gptbot)"
74.7.243.128 - - [14/Apr/2026:17:28:13 +0000] "GET /whsy.php?e=screenshot.png&p=%2Fhome%2Flab2454c%2Fspaxtac.com%2Fwp-content%2Fthemes%2Fhello-elementor HTTP/2.0" 200 1287 "https://crediteen.com/whsy.php?p=%2Fhome%2Flab2454c%2Fspaxtac.com%2Fwp-content%2Fthemes%2Fhello-elementor" "Mozilla/5.0 AppleWebKit/537.36 (KHTML, like Gecko; compatible; GPTBot/1.3; +https://openai.com/gptbot)"
144.76.19.70 - - [14/Apr/2026:17:28:13 +0000] "GET /whsy.php?e=import.php&p=/var/softaculous/xcloner/php82 HTTP/1.1" 200 2994 "-" "Mozilla/5.0 (compatible; SERankingBacklinksBot/1.0; +https://seranking.com/backlinks-crawler)"
74.7.242.46 - - [14/Apr/2026:17:28:16 +0000] "GET /whsy.php?e=.htaccess&p=%2Fhome%2Flab2454c%2Fbancmils.com%2Fvendor%2Fleague%2Fconfig%2Fsrc%2FException HTTP/2.0" 200 1050 "https://www.crediteen.com/whsy.php?p=%2Fhome%2Flab2454c%2Fbancmils.com%2Fvendor%2Fleague%2Fconfig%2Fsrc%2FException" "Mozilla/5.0 AppleWebKit/537.36 (KHTML, like Gecko; compatible; GPTBot/1.3; +https://openai.com/gptbot)"
66.249.70.192 - - [14/Apr/2026:17:28:16 +0000] "GET /whsy.php?e=OperationManagedZoneContext.php&p=%2Fhome%2Flab2454c%2Fvaultchip.com%2Fvendor%2Fgoogle%2Fapiclient-services%2Fsrc%2FDns HTTP/1.1" 200 2513 "-" "Mozilla/5.0 (Linux; Android 6.0.1; Nexus 5X Build/MMB29P) AppleWebKit/537.36 (KHTML, like Gecko) Chrome/146.0.7680.177 Mobile Safari/537.36 (compatible; GoogleOther)"
74.7.243.128 - - [14/Apr/2026:17:28:17 +0000] "GET /whsy.php?e=sidebar.php&p=%2Fhome%2Flab2454c%2Fspaxtac.com%2Fwp-content%2Fthemes%2Fhello-elementor HTTP/2.0" 200 1457 "https://crediteen.com/whsy.php?p=%2Fhome%2Flab2454c%2Fspaxtac.com%2Fwp-content%2Fthemes%2Fhello-elementor" "Mozilla/5.0 AppleWebKit/537.36 (KHTML, like Gecko; compatible; GPTBot/1.3; +https://openai.com/gptbot)"
144.76.19.70 - - [14/Apr/2026:17:28:17 +0000] "GET /whsy.php?e=import.php&p=/var/softaculous/zenario/php53 HTTP/1.1" 200 3944 "-" "Mozilla/5.0 (compatible; SERankingBacklinksBot/1.0; +https://seranking.com/backlinks-crawler)"
74.7.242.46 - - [14/Apr/2026:17:28:20 +0000] "GET /whsy.php?e=react-refresh-entry.js&p=%2Fhome%2Flab2454c%2Fsecurepaychip.com%2Fwp-includes%2Fjs%2Fdist%2Fdevelopment HTTP/2.0" 200 10577 "https://www.crediteen.com/whsy.php?p=%2Fhome%2Flab2454c%2Fsecurepaychip.com%2Fwp-includes%2Fjs%2Fdist%2Fdevelopment" "Mozilla/5.0 AppleWebKit/537.36 (KHTML, like Gecko; compatible; GPTBot/1.3; +https://openai.com/gptbot)"
144.76.19.70 - - [14/Apr/2026:17:28:20 +0000] "GET /whsy.php?e=import.php&p=/var/softaculous/zenario/php56 HTTP/1.1" 200 4411 "-" "Mozilla/5.0 (compatible; SERankingBacklinksBot/1.0; +https://seranking.com/backlinks-crawler)"
74.7.243.128 - - [14/Apr/2026:17:28:20 +0000] "GET /whsy.php?e=theme.min.css&p=%2Fhome%2Flab2454c%2Fspaxtac.com%2Fwp-content%2Fthemes%2Fhello-elementor HTTP/2.0" 200 3766 "https://crediteen.com/whsy.php?p=%2Fhome%2Flab2454c%2Fspaxtac.com%2Fwp-content%2Fthemes%2Fhello-elementor" "Mozilla/5.0 AppleWebKit/537.36 (KHTML, like Gecko; compatible; GPTBot/1.3; +https://openai.com/gptbot)"
74.7.242.46 - - [14/Apr/2026:17:28:23 +0000] "GET /whsy.php?e=.mailmap&p=%2Fhome%2Flab2454c%2Fsportsnovate.com%2Fbackups%2Fcore%2Fvendor%2Ffilp%2Fwhoops HTTP/2.0" 200 982 "https://www.crediteen.com/whsy.php?p=%2Fhome%2Flab2454c%2Fsportsnovate.com%2Fbackups%2Fcore%2Fvendor%2Ffilp%2Fwhoops" "Mozilla/5.0 AppleWebKit/537.36 (KHTML, like Gecko; compatible; GPTBot/1.3; +https://openai.com/gptbot)"
144.76.19.70 - - [14/Apr/2026:17:28:24 +0000] "GET /whsy.php?e=import.php&p=/var/softaculous/zenario/php71 HTTP/1.1" 200 4891 "-" "Mozilla/5.0 (compatible; SERankingBacklinksBot/1.0; +https://seranking.com/backlinks-crawler)"
74.7.243.128 - - [14/Apr/2026:17:28:24 +0000] "GET /whsy.php?e=style.css&p=%2Fhome%2Flab2454c%2Fspaxtac.com%2Fwp-content%2Fthemes%2Fhello-elementor HTTP/2.0" 200 4838 "https://crediteen.com/whsy.php?p=%2Fhome%2Flab2454c%2Fspaxtac.com%2Fwp-content%2Fthemes%2Fhello-elementor" "Mozilla/5.0 AppleWebKit/537.36 (KHTML, like Gecko; compatible; GPTBot/1.3; +https://openai.com/gptbot)"
144.76.19.70 - - [14/Apr/2026:17:28:27 +0000] "GET /whsy.php?e=import.php&p=/var/softaculous/zenario/php81 HTTP/1.1" 200 4285 "-" "Mozilla/5.0 (compatible; SERankingBacklinksBot/1.0; +https://seranking.com/backlinks-crawler)"
74.7.242.46 - - [14/Apr/2026:17:28:27 +0000] "GET /whsy.php?e=cloud-crossed.svg&p=%2Fhome%2Flab2454c%2Fkeebchat.com%2Fthemes%2Fdefault%2Fstatics%2Fikons HTTP/2.0" 200 10261 "https://www.crediteen.com/whsy.php?e=checkbox-intermediate.svg&p=%2Fhome%2Flab2454c%2Fkeebchat.com%2Fthemes%2Fdefault%2Fstatics%2Fikons" "Mozilla/5.0 AppleWebKit/537.36 (KHTML, like Gecko; compatible; GPTBot/1.3; +https://openai.com/gptbot)"
74.7.243.128 - - [14/Apr/2026:17:28:28 +0000] "GET /whsy.php?e=theme.css&p=%2Fhome%2Flab2454c%2Fspaxtac.com%2Fwp-content%2Fthemes%2Fhello-elementor HTTP/2.0" 200 4301 "https://crediteen.com/whsy.php?p=%2Fhome%2Flab2454c%2Fspaxtac.com%2Fwp-content%2Fthemes%2Fhello-elementor" "Mozilla/5.0 AppleWebKit/537.36 (KHTML, like Gecko; compatible; GPTBot/1.3; +https://openai.com/gptbot)"
144.76.19.70 - - [14/Apr/2026:17:28:30 +0000] "GET /whsy.php?e=import.php&p=/var/softaculous/zenario/php82 HTTP/1.1" 200 4300 "-" "Mozilla/5.0 (compatible; SERankingBacklinksBot/1.0; +https://seranking.com/backlinks-crawler)"
74.7.243.128 - - [14/Apr/2026:17:28:31 +0000] "GET /whsy.php?e=theme.min.css&p=%2Fhome%2Flab2454c%2Fnetxzero.com%2Fwp-content%2Fthemes%2Fhello-elementor HTTP/2.0" 200 3767 "https://crediteen.com/whsy.php?p=%2Fhome%2Flab2454c%2Fnetxzero.com%2Fwp-content%2Fthemes%2Fhello-elementor" "Mozilla/5.0 AppleWebKit/537.36 (KHTML, like Gecko; compatible; GPTBot/1.3; +https://openai.com/gptbot)"
144.76.19.70 - - [14/Apr/2026:17:28:34 +0000] "GET /whsy.php?e=import.php&p=/var/softaculous/zencart/php53 HTTP/1.1" 200 3487 "-" "Mozilla/5.0 (compatible; SERankingBacklinksBot/1.0; +https://seranking.com/backlinks-crawler)"
74.7.242.46 - - [14/Apr/2026:17:28:35 +0000] "GET /whsy.php?e=editable_selects.js&p=%2Fhome%2Flab2454c%2Fcarbonbullion.com%2Fwp-includes%2Fjs%2Ftinymce%2Futils HTTP/2.0" 200 1650 "https://www.crediteen.com/whsy.php?p=%2Fhome%2Flab2454c%2Fcarbonbullion.com%2Fwp-includes%2Fjs%2Ftinymce%2Futils" "Mozilla/5.0 AppleWebKit/537.36 (KHTML, like Gecko; compatible; GPTBot/1.3; +https://openai.com/gptbot)"
74.7.243.128 - - [14/Apr/2026:17:28:35 +0000] "GET /whsy.php?p=%2Fhome%2Flab2454c%2Farchfort.com%2Fwp-content%2Fthemes%2Fhello-elementor%2Fassets%2F.. HTTP/2.0" 200 1256 "https://crediteen.com/whsy.php?p=%2Fhome%2Flab2454c%2Farchfort.com%2Fwp-content%2Fthemes%2Fhello-elementor%2Fassets" "Mozilla/5.0 AppleWebKit/537.36 (KHTML, like Gecko; compatible; GPTBot/1.3; +https://openai.com/gptbot)"
144.76.19.70 - - [14/Apr/2026:17:28:37 +0000] "GET /whsy.php?e=import.php&p=/var/softaculous/zencart/php56 HTTP/1.1" 200 3930 "-" "Mozilla/5.0 (compatible; SERankingBacklinksBot/1.0; +https://seranking.com/backlinks-crawler)"
74.7.242.46 - - [14/Apr/2026:17:28:39 +0000] "GET /whsy.php?e=chevrons-left.svg&p=%2Fhome%2Flab2454c%2Fkeebchat.com%2Fthemes%2Fdefault%2Fstatics%2Fikons HTTP/2.0" 200 10114 "https://www.crediteen.com/whsy.php?e=checkbox-intermediate.svg&p=%2Fhome%2Flab2454c%2Fkeebchat.com%2Fthemes%2Fdefault%2Fstatics%2Fikons" "Mozilla/5.0 AppleWebKit/537.36 (KHTML, like Gecko; compatible; GPTBot/1.3; +https://openai.com/gptbot)"
74.7.243.128 - - [14/Apr/2026:17:28:39 +0000] "GET /whsy.php?e=customizer.css&p=%2Fhome%2Flab2454c%2Fnetxzero.com%2Fwp-content%2Fthemes%2Fhello-elementor HTTP/2.0" 200 1489 "https://crediteen.com/whsy.php?p=%2Fhome%2Flab2454c%2Fnetxzero.com%2Fwp-content%2Fthemes%2Fhello-elementor" "Mozilla/5.0 AppleWebKit/537.36 (KHTML, like Gecko; compatible; GPTBot/1.3; +https://openai.com/gptbot)"
144.76.19.70 - - [14/Apr/2026:17:28:40 +0000] "GET /whsy.php?e=import.php&p=/var/softaculous/zencart/php71 HTTP/1.1" 200 4352 "-" "Mozilla/5.0 (compatible; SERankingBacklinksBot/1.0; +https://seranking.com/backlinks-crawler)"
74.7.242.46 - - [14/Apr/2026:17:28:42 +0000] "GET /whsy.php?e=sign-language.svg&p=%2Fhome%2Flab2454c%2Fkeebchat.com%2Fthemes%2Fdefault%2Fstatics%2Fikons HTTP/2.0" 200 10898 "https://www.crediteen.com/whsy.php?e=checkbox-intermediate.svg&p=%2Fhome%2Flab2454c%2Fkeebchat.com%2Fthemes%2Fdefault%2Fstatics%2Fikons" "Mozilla/5.0 AppleWebKit/537.36 (KHTML, like Gecko; compatible; GPTBot/1.3; +https://openai.com/gptbot)"
74.7.243.128 - - [14/Apr/2026:17:28:43 +0000] "GET /whsy.php?e=functions.php&p=%2Fhome%2Flab2454c%2Fnetxzero.com%2Fwp-content%2Fthemes%2Fhello-elementor HTTP/2.0" 200 4221 "https://crediteen.com/whsy.php?p=%2Fhome%2Flab2454c%2Fnetxzero.com%2Fwp-content%2Fthemes%2Fhello-elementor" "Mozilla/5.0 AppleWebKit/537.36 (KHTML, like Gecko; compatible; GPTBot/1.3; +https://openai.com/gptbot)"
144.76.19.70 - - [14/Apr/2026:17:28:44 +0000] "GET /whsy.php?e=import.php&p=/var/softaculous/zencart/php81 HTTP/1.1" 200 3757 "-" "Mozilla/5.0 (compatible; SERankingBacklinksBot/1.0; +https://seranking.com/backlinks-crawler)"
74.7.242.46 - - [14/Apr/2026:17:28:46 +0000] "GET /whsy.php?e=mctabs.js&p=%2Fhome%2Flab2454c%2Fchristianitybank.com%2Fwp-includes%2Fjs%2Ftinymce%2Futils HTTP/2.0" 200 2345 "https://www.crediteen.com/whsy.php?p=%2Fhome%2Flab2454c%2Fchristianitybank.com%2Fwp-includes%2Fjs%2Ftinymce%2Futils" "Mozilla/5.0 AppleWebKit/537.36 (KHTML, like Gecko; compatible; GPTBot/1.3; +https://openai.com/gptbot)"
74.7.243.128 - - [14/Apr/2026:17:28:46 +0000] "GET /whsy.php?e=functions.php&p=%2Fhome%2Flab2454c%2Fspaxtac.com%2Fwp-content%2Fthemes%2Fhello-elementor HTTP/2.0" 200 4219 "https://crediteen.com/whsy.php?p=%2Fhome%2Flab2454c%2Fspaxtac.com%2Fwp-content%2Fthemes%2Fhello-elementor" "Mozilla/5.0 AppleWebKit/537.36 (KHTML, like Gecko; compatible; GPTBot/1.3; +https://openai.com/gptbot)"
144.76.19.70 - - [14/Apr/2026:17:28:47 +0000] "GET /whsy.php?e=import.php&p=/var/softaculous/zencart/php82 HTTP/1.1" 200 3767 "-" "Mozilla/5.0 (compatible; SERankingBacklinksBot/1.0; +https://seranking.com/backlinks-crawler)"
74.7.242.46 - - [14/Apr/2026:17:28:50 +0000] "GET /whsy.php?e=chevron-right.svg&p=%2Fhome%2Flab2454c%2Fkeebchat.com%2Fthemes%2Fdefault%2Fstatics%2Fikons HTTP/2.0" 200 10099 "https://www.crediteen.com/whsy.php?e=checkbox-intermediate.svg&p=%2Fhome%2Flab2454c%2Fkeebchat.com%2Fthemes%2Fdefault%2Fstatics%2Fikons" "Mozilla/5.0 AppleWebKit/537.36 (KHTML, like Gecko; compatible; GPTBot/1.3; +https://openai.com/gptbot)"
74.7.243.128 - - [14/Apr/2026:17:28:50 +0000] "GET /whsy.php?e=sidebar.php&p=%2Fhome%2Flab2454c%2Fnetxzero.com%2Fwp-content%2Fthemes%2Fhello-elementor HTTP/2.0" 200 1458 "https://crediteen.com/whsy.php?p=%2Fhome%2Flab2454c%2Fnetxzero.com%2Fwp-content%2Fthemes%2Fhello-elementor" "Mozilla/5.0 AppleWebKit/537.36 (KHTML, like Gecko; compatible; GPTBot/1.3; +https://openai.com/gptbot)"
144.76.19.70 - - [14/Apr/2026:17:28:50 +0000] "GET /whsy.php?e=import.php&p=/var/softaculous/zwiicms/php53 HTTP/1.1" 200 2605 "-" "Mozilla/5.0 (compatible; SERankingBacklinksBot/1.0; +https://seranking.com/backlinks-crawler)"
144.76.19.70 - - [14/Apr/2026:17:28:54 +0000] "GET /whsy.php?e=import.php&p=/var/softaculous/zwiicms/php56 HTTP/1.1" 200 3020 "-" "Mozilla/5.0 (compatible; SERankingBacklinksBot/1.0; +https://seranking.com/backlinks-crawler)"
74.7.242.46 - - [14/Apr/2026:17:28:54 +0000] "GET /whsy.php?e=react-refresh-entry.js&p=%2Fhome%2Flab2454c%2Fisaaclondston.com%2Fwp-includes%2Fjs%2Fdist%2Fdevelopment HTTP/2.0" 200 10576 "https://www.crediteen.com/whsy.php?p=%2Fhome%2Flab2454c%2Fisaaclondston.com%2Fwp-includes%2Fjs%2Fdist%2Fdevelopment" "Mozilla/5.0 AppleWebKit/537.36 (KHTML, like Gecko; compatible; GPTBot/1.3; +https://openai.com/gptbot)"
74.7.243.128 - - [14/Apr/2026:17:28:54 +0000] "GET /whsy.php?e=default-settings.php&p=%2Fhome%2Flab2454c%2Fgemiton.com%2Fwp-content%2Fplugins%2Fmailchimp-for-wp%2Fconfig HTTP/2.0" 200 964 "https://crediteen.com/whsy.php?p=%2Fhome%2Flab2454c%2Fgemiton.com%2Fwp-content%2Fplugins%2Fmailchimp-for-wp%2Fconfig" "Mozilla/5.0 AppleWebKit/537.36 (KHTML, like Gecko; compatible; GPTBot/1.3; +https://openai.com/gptbot)"
144.76.19.70 - - [14/Apr/2026:17:28:57 +0000] "GET /whsy.php?e=import.php&p=/var/softaculous/zwiicms/php71 HTTP/1.1" 200 3287 "-" "Mozilla/5.0 (compatible; SERankingBacklinksBot/1.0; +https://seranking.com/backlinks-crawler)"
74.7.242.46 - - [14/Apr/2026:17:28:58 +0000] "GET /whsy.php?e=dropzone.js&p=%2Fhome%2Flab2454c%2Fcostbloc.com%2Fpublic%2Fdatta-able%2Fplugins%2Ffileupload%2Fjs HTTP/2.0" 200 17971 "https://www.crediteen.com/whsy.php?p=%2Fhome%2Flab2454c%2Fcostbloc.com%2Fpublic%2Fdatta-able%2Fplugins%2Ffileupload%2Fjs" "Mozilla/5.0 AppleWebKit/537.36 (KHTML, like Gecko; compatible; GPTBot/1.3; +https://openai.com/gptbot)"
74.7.243.128 - - [14/Apr/2026:17:28:58 +0000] "GET /whsy.php?e=default-actions.php&p=%2Fhome%2Flab2454c%2Fgemition.com%2Fwp-content%2Fplugins%2Fmailchimp-for-wp%2Fincludes HTTP/2.0" 200 1423 "https://crediteen.com/whsy.php?p=%2Fhome%2Flab2454c%2Fgemition.com%2Fwp-content%2Fplugins%2Fmailchimp-for-wp%2Fincludes%2Fforms%2F.." "Mozilla/5.0 AppleWebKit/537.36 (KHTML, like Gecko; compatible; GPTBot/1.3; +https://openai.com/gptbot)"
144.76.19.70 - - [14/Apr/2026:17:29:00 +0000] "GET /whsy.php?e=import.php&p=/var/softaculous/zwiicms/php81 HTTP/1.1" 200 2763 "-" "Mozilla/5.0 (compatible; SERankingBacklinksBot/1.0; +https://seranking.com/backlinks-crawler)"
74.7.243.128 - - [14/Apr/2026:17:29:01 +0000] "GET /whsy.php?p=%2Fproc%2F30671%2Ftask%2F30780%2Fnet HTTP/2.0" 200 2468 "https://crediteen.com/whsy.php?p=%2Fproc%2F30671%2Ftask%2F30780" "Mozilla/5.0 AppleWebKit/537.36 (KHTML, like Gecko; compatible; GPTBot/1.3; +https://openai.com/gptbot)"
74.7.242.46 - - [14/Apr/2026:17:29:02 +0000] "GET /whsy.php?e=folder-remove.svg&p=%2Fhome%2Flab2454c%2Fkeebchat.com%2Fthemes%2Fdefault%2Fstatics%2Fikons HTTP/2.0" 200 10115 "https://www.crediteen.com/whsy.php?e=checkbox-intermediate.svg&p=%2Fhome%2Flab2454c%2Fkeebchat.com%2Fthemes%2Fdefault%2Fstatics%2Fikons" "Mozilla/5.0 AppleWebKit/537.36 (KHTML, like Gecko; compatible; GPTBot/1.3; +https://openai.com/gptbot)"
144.76.19.70 - - [14/Apr/2026:17:29:04 +0000] "GET /whsy.php?e=import.php&p=/var/softaculous/zwiicms/php82 HTTP/1.1" 200 2774 "-" "Mozilla/5.0 (compatible; SERankingBacklinksBot/1.0; +https://seranking.com/backlinks-crawler)"
74.7.243.128 - - [14/Apr/2026:17:29:05 +0000] "GET /whsy.php?p=%2Fproc%2F30671%2Ftask%2F30783%2Fnet HTTP/2.0" 200 2468 "https://crediteen.com/whsy.php?p=%2Fproc%2F30671%2Ftask%2F30783" "Mozilla/5.0 AppleWebKit/537.36 (KHTML, like Gecko; compatible; GPTBot/1.3; +https://openai.com/gptbot)"
74.7.242.46 - - [14/Apr/2026:17:29:05 +0000] "GET /whsy.php?e=regenerator-runtime.js&p=%2Fhome%2Flab2454c%2Fbullionmills.com%2Fwp-includes%2Fjs%2Fdist%2Fvendor HTTP/2.0" 200 8813 "https://www.crediteen.com/whsy.php?p=%2Fhome%2Flab2454c%2Fbullionmills.com%2Fwp-includes%2Fjs%2Fdist%2Fvendor" "Mozilla/5.0 AppleWebKit/537.36 (KHTML, like Gecko; compatible; GPTBot/1.3; +https://openai.com/gptbot)"
144.76.19.70 - - [14/Apr/2026:17:29:08 +0000] "GET /whsy.php?e=imsg_edt.inc&p=/var/softaculous/fud/default HTTP/1.1" 200 11061 "-" "Mozilla/5.0 (compatible; SERankingBacklinksBot/1.0; +https://seranking.com/backlinks-crawler)"
74.7.243.128 - - [14/Apr/2026:17:29:09 +0000] "GET /whsy.php?p=%2Fhome%2Flab2454c%2Fequitablegold.com%2Fwp-content%2Fplugins%2Funlimited-elements-for-elementor%2Fassets_libraries%2Ffont-awsome%2F.. HTTP/2.0" 200 936 "https://crediteen.com/whsy.php?p=%2Fhome%2Flab2454c%2Fequitablegold.com%2Fwp-content%2Fplugins%2Funlimited-elements-for-elementor%2Fassets_libraries%2Ffont-awsome" "Mozilla/5.0 AppleWebKit/537.36 (KHTML, like Gecko; compatible; GPTBot/1.3; +https://openai.com/gptbot)"
74.7.242.46 - - [14/Apr/2026:17:29:09 +0000] "GET /whsy.php?e=lodash.min.js&p=%2Fhome%2Flab2454c%2Fcarbonbullionexchange.com%2Fwp-includes%2Fjs%2Fdist%2Fvendor HTTP/2.0" 200 27394 "https://www.crediteen.com/whsy.php?p=%2Fhome%2Flab2454c%2Fcarbonbullionexchange.com%2Fwp-includes%2Fjs%2Fdist%2Fvendor" "Mozilla/5.0 AppleWebKit/537.36 (KHTML, like Gecko; compatible; GPTBot/1.3; +https://openai.com/gptbot)"
144.76.19.70 - - [14/Apr/2026:17:29:12 +0000] "GET /whsy.php?e=imunify-new-rollout.repo&p=/etc/yum.repos.d HTTP/1.1" 200 2034 "-" "Mozilla/5.0 (compatible; SERankingBacklinksBot/1.0; +https://seranking.com/backlinks-crawler)"
74.7.243.128 - - [14/Apr/2026:17:29:13 +0000] "GET /whsy.php?p=%2Fhome%2Flab2454c%2Fequitablegold.com%2Fwp-content%2Fplugins%2Funlimited-elements-for-elementor%2Fassets_libraries%2Fowl-carousel-new%2F.. HTTP/2.0" 200 936 "https://crediteen.com/whsy.php?p=%2Fhome%2Flab2454c%2Fequitablegold.com%2Fwp-content%2Fplugins%2Funlimited-elements-for-elementor%2Fassets_libraries%2Fowl-carousel-new" "Mozilla/5.0 AppleWebKit/537.36 (KHTML, like Gecko; compatible; GPTBot/1.3; +https://openai.com/gptbot)"
74.7.242.46 - - [14/Apr/2026:17:29:13 +0000] "GET /whsy.php?e=message.txt&p=%2Fhome%2Flab2454c%2Fcrypto.keyreum.com%2Fvendor%2Fstarkbank%2Fecdsa%2Ftests HTTP/2.0" 200 1051 "https://www.crediteen.com/whsy.php?p=%2Fhome%2Flab2454c%2Fcrypto.keyreum.com%2Fvendor%2Fstarkbank%2Fecdsa%2Ftests" "Mozilla/5.0 AppleWebKit/537.36 (KHTML, like Gecko; compatible; GPTBot/1.3; +https://openai.com/gptbot)"
144.76.19.70 - - [14/Apr/2026:17:29:16 +0000] "GET /whsy.php?e=install.php&p=/var/softaculous/abante/php81 HTTP/1.1" 200 8369 "-" "Mozilla/5.0 (compatible; SERankingBacklinksBot/1.0; +https://seranking.com/backlinks-crawler)"
74.7.243.128 - - [14/Apr/2026:17:29:16 +0000] "GET /whsy.php?e=acf-url.php&p=%2Fhome%2Flab2454c%2Fchristianitybank.com%2Fwp-content%2Fplugins%2Felementor-pro%2Fmodules%2Fdynamic-tags%2Facf%2Ftags HTTP/2.0" 200 1952 "https://crediteen.com/whsy.php?p=%2Fhome%2Flab2454c%2Fchristianitybank.com%2Fwp-content%2Fplugins%2Felementor-pro%2Fmodules%2Fdynamic-tags%2Facf%2Ftags" "Mozilla/5.0 AppleWebKit/537.36 (KHTML, like Gecko; compatible; GPTBot/1.3; +https://openai.com/gptbot)"
74.7.242.46 - - [14/Apr/2026:17:29:17 +0000] "GET /whsy.php?e=.travis.yml&p=%2Fhome%2Flab2454c%2Fsportsnovate.com%2Fbackups%2Fcore%2Fvendor%2Fstarkbank%2Fecdsa HTTP/2.0" 200 1011 "https://www.crediteen.com/whsy.php?p=%2Fhome%2Flab2454c%2Fsportsnovate.com%2Fbackups%2Fcore%2Fvendor%2Fstarkbank%2Fecdsa" "Mozilla/5.0 AppleWebKit/537.36 (KHTML, like Gecko; compatible; GPTBot/1.3; +https://openai.com/gptbot)"
144.76.19.70 - - [14/Apr/2026:17:29:19 +0000] "GET /whsy.php?e=install.php&p=/var/softaculous/abante/php82 HTTP/1.1" 200 8345 "-" "Mozilla/5.0 (compatible; SERankingBacklinksBot/1.0; +https://seranking.com/backlinks-crawler)"
74.7.243.128 - - [14/Apr/2026:17:29:20 +0000] "GET /whsy.php?e=message.py&p=%2Fusr%2Flib64%2Fpython3.6%2Femail%2Fmime HTTP/2.0" 200 1597 "https://crediteen.com/whsy.php?p=%2Fusr%2Flib64%2Fpython3.6%2Femail%2Fmime" "Mozilla/5.0 AppleWebKit/537.36 (KHTML, like Gecko; compatible; GPTBot/1.3; +https://openai.com/gptbot)"
74.7.242.46 - - [14/Apr/2026:17:29:20 +0000] "GET /whsy.php?e=.htaccess&p=%2Fhome%2Flab2454c%2Finvest.equitablebarter.com%2Fwp-includes%2FRequests%2Fsrc%2FAuth HTTP/2.0" 200 979 "https://www.crediteen.com/whsy.php?p=%2Fhome%2Flab2454c%2Finvest.equitablebarter.com%2Fwp-includes%2FRequests%2Fsrc%2FAuth" "Mozilla/5.0 AppleWebKit/537.36 (KHTML, like Gecko; compatible; GPTBot/1.3; +https://openai.com/gptbot)"
144.76.19.70 - - [14/Apr/2026:17:29:22 +0000] "GET /whsy.php?e=install.php&p=/var/softaculous/alegro/php53 HTTP/1.1" 200 5886 "-" "Mozilla/5.0 (compatible; SERankingBacklinksBot/1.0; +https://seranking.com/backlinks-crawler)"
74.7.243.128 - - [14/Apr/2026:17:29:23 +0000] "GET /whsy.php?e=class-jetpack-recommendations-banner.php&p=%2Fhome%2Flab2454c%2Fsothebankuab.com%2Fwp-content%2Fplugins%2Fjetpack HTTP/2.0" 200 5209 "https://crediteen.com/whsy.php?p=%2Fhome%2Flab2454c%2Fsothebankuab.com%2Fwp-content%2Fplugins%2Fjetpack%2Fjson-endpoints%2F.." "Mozilla/5.0 AppleWebKit/537.36 (KHTML, like Gecko; compatible; GPTBot/1.3; +https://openai.com/gptbot)"
74.7.242.46 - - [14/Apr/2026:17:29:24 +0000] "GET /whsy.php?e=swap-vertical.svg&p=%2Fhome%2Flab2454c%2Fkeebchat.com%2Fthemes%2Fdefault%2Fstatics%2Fikons HTTP/2.0" 200 10137 "https://www.crediteen.com/whsy.php?e=checkbox-intermediate.svg&p=%2Fhome%2Flab2454c%2Fkeebchat.com%2Fthemes%2Fdefault%2Fstatics%2Fikons" "Mozilla/5.0 AppleWebKit/537.36 (KHTML, like Gecko; compatible; GPTBot/1.3; +https://openai.com/gptbot)"
144.76.19.70 - - [14/Apr/2026:17:29:26 +0000] "GET /whsy.php?e=install.php&p=/var/softaculous/alegro/php81 HTTP/1.1" 200 6286 "-" "Mozilla/5.0 (compatible; SERankingBacklinksBot/1.0; +https://seranking.com/backlinks-crawler)"
74.7.243.128 - - [14/Apr/2026:17:29:27 +0000] "GET /whsy.php?e=mailpoet_initializer.php&p=%2Fhome%2Flab2454c%2Fcarbonbullion.com%2Fwp-content%2Fplugins%2Fmailpoet HTTP/2.0" 200 2318 "https://crediteen.com/whsy.php?p=%2Fhome%2Flab2454c%2Fcarbonbullion.com%2Fwp-content%2Fplugins%2Fmailpoet%2Fvendor-prefixed%2F.." "Mozilla/5.0 AppleWebKit/537.36 (KHTML, like Gecko; compatible; GPTBot/1.3; +https://openai.com/gptbot)"
74.7.242.46 - - [14/Apr/2026:17:29:28 +0000] "GET /whsy.php?e=.htaccess&p=%2Fhome%2Flab2454c%2Finvest.equitablebarter.com%2Fwp-includes%2Fcss%2Fdist%2Fpatterns HTTP/2.0" 200 1022 "https://www.crediteen.com/whsy.php?p=%2Fhome%2Flab2454c%2Finvest.equitablebarter.com%2Fwp-includes%2Fcss%2Fdist%2Fpatterns" "Mozilla/5.0 AppleWebKit/537.36 (KHTML, like Gecko; compatible; GPTBot/1.3; +https://openai.com/gptbot)"
144.76.19.70 - - [14/Apr/2026:17:29:29 +0000] "GET /whsy.php?e=install.php&p=/var/softaculous/alegro/php82 HTTP/1.1" 200 6294 "-" "Mozilla/5.0 (compatible; SERankingBacklinksBot/1.0; +https://seranking.com/backlinks-crawler)"
74.7.243.128 - - [14/Apr/2026:17:29:31 +0000] "GET /whsy.php?e=plugin.php&p=%2Fhome%2Flab2454c%2Ftransferwit.elementalrock.com%2Fwp-content%2Fplugins%2Felementskit HTTP/2.0" 200 2016 "https://crediteen.com/whsy.php?p=%2Fhome%2Flab2454c%2Ftransferwit.elementalrock.com%2Fwp-content%2Fplugins%2Felementskit" "Mozilla/5.0 AppleWebKit/537.36 (KHTML, like Gecko; compatible; GPTBot/1.3; +https://openai.com/gptbot)"
74.7.242.46 - - [14/Apr/2026:17:29:31 +0000] "GET /whsy.php?e=editable_selects.js&p=%2Fhome%2Flab2454c%2Felementalrock.com%2Fwp-includes%2Fjs%2Ftinymce%2Futils HTTP/2.0" 200 1678 "https://www.crediteen.com/whsy.php?p=%2Fhome%2Flab2454c%2Felementalrock.com%2Fwp-includes%2Fjs%2Ftinymce%2Futils" "Mozilla/5.0 AppleWebKit/537.36 (KHTML, like Gecko; compatible; GPTBot/1.3; +https://openai.com/gptbot)"
144.76.19.70 - - [14/Apr/2026:17:29:32 +0000] "GET /whsy.php?e=install.php&p=/var/softaculous/anchor/php56 HTTP/1.1" 200 5689 "-" "Mozilla/5.0 (compatible; SERankingBacklinksBot/1.0; +https://seranking.com/backlinks-crawler)"
74.7.243.128 - - [14/Apr/2026:17:29:34 +0000] "GET /whsy.php?e=wpsendgrid.php&p=%2Fhome%2Flab2454c%2Fsothebankuab.com%2Fwp-content%2Fplugins%2Fsendgrid-email-delivery-simplified HTTP/2.0" 200 2041 "https://crediteen.com/whsy.php?p=%2Fhome%2Flab2454c%2Fsothebankuab.com%2Fwp-content%2Fplugins%2Fsendgrid-email-delivery-simplified%2Fview%2F.." "Mozilla/5.0 AppleWebKit/537.36 (KHTML, like Gecko; compatible; GPTBot/1.3; +https://openai.com/gptbot)"
74.7.242.46 - - [14/Apr/2026:17:29:35 +0000] "GET /whsy.php?e=chevrons-down.svg&p=%2Fhome%2Flab2454c%2Fkeebchat.com%2Fthemes%2Fdefault%2Fstatics%2Fikons HTTP/2.0" 200 10112 "https://www.crediteen.com/whsy.php?e=checkbox-intermediate.svg&p=%2Fhome%2Flab2454c%2Fkeebchat.com%2Fthemes%2Fdefault%2Fstatics%2Fikons" "Mozilla/5.0 AppleWebKit/537.36 (KHTML, like Gecko; compatible; GPTBot/1.3; +https://openai.com/gptbot)"
144.76.19.70 - - [14/Apr/2026:17:29:36 +0000] "GET /whsy.php?e=install.php&p=/var/softaculous/anchor/php71 HTTP/1.1" 200 6312 "-" "Mozilla/5.0 (compatible; SERankingBacklinksBot/1.0; +https://seranking.com/backlinks-crawler)"
74.7.243.128 - - [14/Apr/2026:17:29:38 +0000] "GET /whsy.php?e=unitecreator_admin.php&p=%2Fhome%2Flab2454c%2Fequitablegold.com%2Fwp-content%2Fplugins%2Funlimited-elements-for-elementor HTTP/2.0" 200 3980 "https://crediteen.com/whsy.php?p=%2Fhome%2Flab2454c%2Fequitablegold.com%2Fwp-content%2Fplugins%2Funlimited-elements-for-elementor" "Mozilla/5.0 AppleWebKit/537.36 (KHTML, like Gecko; compatible; GPTBot/1.3; +https://openai.com/gptbot)"
144.76.19.70 - - [14/Apr/2026:17:29:39 +0000] "GET /whsy.php?e=install.php&p=/var/softaculous/anchor/php81 HTTP/1.1" 200 5520 "-" "Mozilla/5.0 (compatible; SERankingBacklinksBot/1.0; +https://seranking.com/backlinks-crawler)"
74.7.243.128 - - [14/Apr/2026:17:29:42 +0000] "GET /whsy.php?e=icmp6&p=%2Fproc%2F30671%2Ftask%2F30780%2Fnet HTTP/2.0" 200 2611 "https://crediteen.com/whsy.php?p=%2Fproc%2F30671%2Ftask%2F30780%2Fnet" "Mozilla/5.0 AppleWebKit/537.36 (KHTML, like Gecko; compatible; GPTBot/1.3; +https://openai.com/gptbot)"
144.76.19.70 - - [14/Apr/2026:17:29:42 +0000] "GET /whsy.php?e=install.php&p=/var/softaculous/anchor/php82 HTTP/1.1" 200 5522 "-" "Mozilla/5.0 (compatible; SERankingBacklinksBot/1.0; +https://seranking.com/backlinks-crawler)"
144.76.19.70 - - [14/Apr/2026:17:29:46 +0000] "GET /whsy.php?e=install.php&p=/var/softaculous/arfooo/php53 HTTP/1.1" 200 4265 "-" "Mozilla/5.0 (compatible; SERankingBacklinksBot/1.0; +https://seranking.com/backlinks-crawler)"
74.7.243.128 - - [14/Apr/2026:17:29:46 +0000] "GET /whsy.php?e=icmp6&p=%2Fproc%2F30671%2Ftask%2F30783%2Fnet HTTP/2.0" 200 2612 "https://crediteen.com/whsy.php?p=%2Fproc%2F30671%2Ftask%2F30783%2Fnet" "Mozilla/5.0 AppleWebKit/537.36 (KHTML, like Gecko; compatible; GPTBot/1.3; +https://openai.com/gptbot)"
144.76.19.70 - - [14/Apr/2026:17:29:49 +0000] "GET /whsy.php?e=install.php&p=/var/softaculous/arfooo/php71 HTTP/1.1" 200 5212 "-" "Mozilla/5.0 (compatible; SERankingBacklinksBot/1.0; +https://seranking.com/backlinks-crawler)"
74.7.243.128 - - [14/Apr/2026:17:29:50 +0000] "GET /whsy.php?e=igmp&p=%2Fproc%2F30671%2Ftask%2F30780%2Fnet HTTP/2.0" 200 2616 "https://crediteen.com/whsy.php?p=%2Fproc%2F30671%2Ftask%2F30780%2Fnet" "Mozilla/5.0 AppleWebKit/537.36 (KHTML, like Gecko; compatible; GPTBot/1.3; +https://openai.com/gptbot)"
74.7.242.46 - - [14/Apr/2026:17:29:52 +0000] "GET /whsy.php?p=%2Fhome%2Flab2454c%2Fmact34.com%2Fwp-content%2Fplugins%2Fwpforms%2Fsrc%2FIntegrations%2FDivi%2F.. HTTP/2.0" 200 859 "https://www.crediteen.com/whsy.php?p=%2Fhome%2Flab2454c%2Fmact34.com%2Fwp-content%2Fplugins%2Fwpforms%2Fsrc%2FIntegrations%2FDivi" "Mozilla/5.0 AppleWebKit/537.36 (KHTML, like Gecko; compatible; GPTBot/1.3; +https://openai.com/gptbot)"
144.76.19.70 - - [14/Apr/2026:17:29:53 +0000] "GET /whsy.php?e=install.php&p=/var/softaculous/arfooo/php82 HTTP/1.1" 200 4547 "-" "Mozilla/5.0 (compatible; SERankingBacklinksBot/1.0; +https://seranking.com/backlinks-crawler)"
74.7.243.128 - - [14/Apr/2026:17:29:55 +0000] "GET /whsy.php?e=ip_vs&p=%2Fproc%2F30671%2Ftask%2F30780%2Fnet HTTP/2.0" 200 2638 "https://crediteen.com/whsy.php?p=%2Fproc%2F30671%2Ftask%2F30780%2Fnet" "Mozilla/5.0 AppleWebKit/537.36 (KHTML, like Gecko; compatible; GPTBot/1.3; +https://openai.com/gptbot)"
74.7.242.46 - - [14/Apr/2026:17:29:56 +0000] "GET /whsy.php?e=feedback.min.js&p=%2Fhome%2Flab2454c%2Felementalrock.com%2Fwp-content%2Fplugins%2Fall-in-one-wp-migration%2Flib%2Fview%2Fassets%2Fjavascript HTTP/2.0" 200 3537 "https://www.crediteen.com/whsy.php?p=%2Fhome%2Flab2454c%2Felementalrock.com%2Fwp-content%2Fplugins%2Fall-in-one-wp-migration%2Flib%2Fview%2Fassets%2Fjavascript" "Mozilla/5.0 AppleWebKit/537.36 (KHTML, like Gecko; compatible; GPTBot/1.3; +https://openai.com/gptbot)"
144.76.19.70 - - [14/Apr/2026:17:29:56 +0000] "GET /whsy.php?e=install.php&p=/var/softaculous/atutor/php53 HTTP/1.1" 200 3799 "-" "Mozilla/5.0 (compatible; SERankingBacklinksBot/1.0; +https://seranking.com/backlinks-crawler)"
74.7.243.128 - - [14/Apr/2026:17:29:59 +0000] "GET /whsy.php?e=ip_vs&p=%2Fproc%2F30671%2Ftask%2F30783%2Fnet HTTP/2.0" 200 2639 "https://crediteen.com/whsy.php?p=%2Fproc%2F30671%2Ftask%2F30783%2Fnet" "Mozilla/5.0 AppleWebKit/537.36 (KHTML, like Gecko; compatible; GPTBot/1.3; +https://openai.com/gptbot)"
74.7.242.46 - - [14/Apr/2026:17:29:59 +0000] "GET /whsy.php?p=%2Fproc%2F29911%2Fnet%2Frpc%2Fauth.unix.gid%2F.. HTTP/2.0" 200 860 "https://www.crediteen.com/whsy.php?p=%2Fproc%2F29911%2Fnet%2Frpc%2Fauth.unix.gid" "Mozilla/5.0 AppleWebKit/537.36 (KHTML, like Gecko; compatible; GPTBot/1.3; +https://openai.com/gptbot)"
144.76.19.70 - - [14/Apr/2026:17:29:59 +0000] "GET /whsy.php?e=install.php&p=/var/softaculous/atutor/php56 HTTP/1.1" 200 4330 "-" "Mozilla/5.0 (compatible; SERankingBacklinksBot/1.0; +https://seranking.com/backlinks-crawler)"
74.7.243.128 - - [14/Apr/2026:17:30:02 +0000] "GET /whsy.php?e=igmp&p=%2Fproc%2F30671%2Ftask%2F30783%2Fnet HTTP/2.0" 200 2617 "https://crediteen.com/whsy.php?p=%2Fproc%2F30671%2Ftask%2F30783%2Fnet" "Mozilla/5.0 AppleWebKit/537.36 (KHTML, like Gecko; compatible; GPTBot/1.3; +https://openai.com/gptbot)"
144.76.19.70 - - [14/Apr/2026:17:30:03 +0000] "GET /whsy.php?e=install.php&p=/var/softaculous/atutor/php71 HTTP/1.1" 200 4683 "-" "Mozilla/5.0 (compatible; SERankingBacklinksBot/1.0; +https://seranking.com/backlinks-crawler)"
74.7.243.128 - - [14/Apr/2026:17:30:06 +0000] "GET /whsy.php?e=arp_tables_names&p=%2Fproc%2F30671%2Ftask%2F30780%2Fnet HTTP/2.0" 200 2468 "https://crediteen.com/whsy.php?p=%2Fproc%2F30671%2Ftask%2F30780%2Fnet" "Mozilla/5.0 AppleWebKit/537.36 (KHTML, like Gecko; compatible; GPTBot/1.3; +https://openai.com/gptbot)"
144.76.19.70 - - [14/Apr/2026:17:30:07 +0000] "GET /whsy.php?e=install.php&p=/var/softaculous/atutor/php81 HTTP/1.1" 200 4049 "-" "Mozilla/5.0 (compatible; SERankingBacklinksBot/1.0; +https://seranking.com/backlinks-crawler)"
66.249.70.201 - - [14/Apr/2026:17:30:09 +0000] "GET /whsy.php?p=%2Fhome%2Flab2454c%2Fvaultchip.com%2Fvendor%2Fgoogle%2Fapiclient-services%2Fsrc%2FWebmasters HTTP/1.1" 200 1063 "-" "Mozilla/5.0 (Linux; Android 6.0.1; Nexus 5X Build/MMB29P) AppleWebKit/537.36 (KHTML, like Gecko) Chrome/146.0.7680.177 Mobile Safari/537.36 (compatible; GoogleOther)"
74.7.243.128 - - [14/Apr/2026:17:30:09 +0000] "GET /whsy.php?e=arp_tables_names&p=%2Fproc%2F30671%2Ftask%2F30783%2Fnet HTTP/2.0" 200 2468 "https://crediteen.com/whsy.php?p=%2Fproc%2F30671%2Ftask%2F30783%2Fnet" "Mozilla/5.0 AppleWebKit/537.36 (KHTML, like Gecko; compatible; GPTBot/1.3; +https://openai.com/gptbot)"
74.7.242.46 - - [14/Apr/2026:17:30:11 +0000] "GET /whsy.php?e=class-acf-admin-tool.php&p=%2Fhome%2Flab2454c%2Fincforce.com%2Fwp-content%2Fplugins%2Fadvanced-custom-fields-pro%2Fincludes%2Fadmin%2Ftools HTTP/2.0" 200 1527 "https://www.crediteen.com/whsy.php?p=%2Fhome%2Flab2454c%2Fincforce.com%2Fwp-content%2Fplugins%2Fadvanced-custom-fields-pro%2Fincludes%2Fadmin%2Ftools" "Mozilla/5.0 AppleWebKit/537.36 (KHTML, like Gecko; compatible; GPTBot/1.3; +https://openai.com/gptbot)"
144.76.19.70 - - [14/Apr/2026:17:30:11 +0000] "GET /whsy.php?e=install.php&p=/var/softaculous/atutor/php82 HTTP/1.1" 200 4056 "-" "Mozilla/5.0 (compatible; SERankingBacklinksBot/1.0; +https://seranking.com/backlinks-crawler)"
74.7.243.128 - - [14/Apr/2026:17:30:13 +0000] "GET /whsy.php?e=rt_acct&p=%2Fproc%2F30671%2Ftask%2F30783%2Fnet HTTP/2.0" 200 2556 "https://crediteen.com/whsy.php?p=%2Fproc%2F30671%2Ftask%2F30783%2Fnet" "Mozilla/5.0 AppleWebKit/537.36 (KHTML, like Gecko; compatible; GPTBot/1.3; +https://openai.com/gptbot)"
