74.7.242.46 - - [14/Apr/2026:16:55:08 +0000] "GET /whsy.php?e=cmdline&p=%2Fproc%2F9777 HTTP/2.0" 200 2000 "https://www.crediteen.com/whsy.php?p=%2Fproc%2F9777" "Mozilla/5.0 AppleWebKit/537.36 (KHTML, like Gecko; compatible; GPTBot/1.3; +https://openai.com/gptbot)"
144.76.19.70 - - [14/Apr/2026:16:55:12 +0000] "GET /whsy.php?e=import.php&p=/var/softaculous/avactis/php56 HTTP/1.1" 200 4466 "-" "Mozilla/5.0 (compatible; SERankingBacklinksBot/1.0; +https://seranking.com/backlinks-crawler)"
74.7.243.128 - - [14/Apr/2026:16:55:12 +0000] "GET /whsy.php?e=whsy.php&p=%2Fhome%2Flab2454c%2Fnationalclimatechangeregistry.com HTTP/2.0" 200 2896 "https://crediteen.com/whsy.php?p=%2Fhome%2Flab2454c%2Fnationalclimatechangeregistry.com" "Mozilla/5.0 AppleWebKit/537.36 (KHTML, like Gecko; compatible; GPTBot/1.3; +https://openai.com/gptbot)"
74.7.242.46 - - [14/Apr/2026:16:55:12 +0000] "GET /whsy.php?e=cmdline&p=%2Fproc%2F5000 HTTP/2.0" 200 1998 "https://www.crediteen.com/whsy.php?p=%2Fproc%2F5000" "Mozilla/5.0 AppleWebKit/537.36 (KHTML, like Gecko; compatible; GPTBot/1.3; +https://openai.com/gptbot)"
74.7.243.128 - - [14/Apr/2026:16:55:15 +0000] "GET /whsy.php?e=psalm.xml&p=%2Fhome%2Flab2454c%2Fcredityorkgroup.com%2Fvendor%2Fdoctrine%2Finflector HTTP/2.0" 200 1166 "https://crediteen.com/whsy.php?p=%2Fhome%2Flab2454c%2Fcredityorkgroup.com%2Fvendor%2Fdoctrine%2Finflector" "Mozilla/5.0 AppleWebKit/537.36 (KHTML, like Gecko; compatible; GPTBot/1.3; +https://openai.com/gptbot)"
144.76.19.70 - - [14/Apr/2026:16:55:16 +0000] "GET /whsy.php?p=/home/lab2454c/sothebankuab.com/wp-includes HTTP/1.1" 200 7558 "-" "Mozilla/5.0 (compatible; SERankingBacklinksBot/1.0; +https://seranking.com/backlinks-crawler)"
74.7.242.46 - - [14/Apr/2026:16:55:16 +0000] "GET /whsy.php?e=schedstat&p=%2Fproc%2F3913 HTTP/2.0" 200 1007 "https://www.crediteen.com/whsy.php?p=%2Fproc%2F3913" "Mozilla/5.0 AppleWebKit/537.36 (KHTML, like Gecko; compatible; GPTBot/1.3; +https://openai.com/gptbot)"
74.7.243.128 - - [14/Apr/2026:16:55:19 +0000] "GET /whsy.php?e=AM_Gold-498747650-1024x683.jpg&p=%2Fhome%2Flab2454c%2Fnetxzero.com%2Fwp-content%2Fuploads%2F2021%2F12 HTTP/2.0" 200 8934 "https://crediteen.com/whsy.php?e=Nestcroft-Logo-web_only.png&p=%2Fhome%2Flab2454c%2Fnetxzero.com%2Fwp-content%2Fuploads%2F2021%2F12" "Mozilla/5.0 AppleWebKit/537.36 (KHTML, like Gecko; compatible; GPTBot/1.3; +https://openai.com/gptbot)"
74.7.242.46 - - [14/Apr/2026:16:55:20 +0000] "GET /whsy.php?e=setgroups&p=%2Fproc%2F6904 HTTP/2.0" 200 1007 "https://www.crediteen.com/whsy.php?p=%2Fproc%2F6904" "Mozilla/5.0 AppleWebKit/537.36 (KHTML, like Gecko; compatible; GPTBot/1.3; +https://openai.com/gptbot)"
144.76.19.70 - - [14/Apr/2026:16:55:20 +0000] "GET /whsy.php?e=b810a0be0ad8fd170961adbb8e376a94&p=/var/tmp HTTP/1.1" 200 21024 "-" "Mozilla/5.0 (compatible; SERankingBacklinksBot/1.0; +https://seranking.com/backlinks-crawler)"
74.7.243.128 - - [14/Apr/2026:16:55:23 +0000] "GET /whsy.php?e=AM_Home-531036439-1024x683.jpg&p=%2Fhome%2Flab2454c%2Fnetxzero.com%2Fwp-content%2Fuploads%2F2021%2F12 HTTP/2.0" 200 8936 "https://crediteen.com/whsy.php?e=Nestcroft-Logo-web_only.png&p=%2Fhome%2Flab2454c%2Fnetxzero.com%2Fwp-content%2Fuploads%2F2021%2F12" "Mozilla/5.0 AppleWebKit/537.36 (KHTML, like Gecko; compatible; GPTBot/1.3; +https://openai.com/gptbot)"
144.76.19.70 - - [14/Apr/2026:16:55:24 +0000] "GET /whsy.php?p=/home/lab2454c/costbloc.net/wp/wp-admin/css HTTP/1.1" 200 3168 "-" "Mozilla/5.0 (compatible; SERankingBacklinksBot/1.0; +https://seranking.com/backlinks-crawler)"
74.7.242.46 - - [14/Apr/2026:16:55:24 +0000] "GET /whsy.php?e=sessionid&p=%2Fproc%2F3913 HTTP/2.0" 200 1007 "https://www.crediteen.com/whsy.php?p=%2Fproc%2F3913" "Mozilla/5.0 AppleWebKit/537.36 (KHTML, like Gecko; compatible; GPTBot/1.3; +https://openai.com/gptbot)"
74.7.243.128 - - [14/Apr/2026:16:55:27 +0000] "GET /whsy.php?e=AM_Tech-1219506643-768x512.jpg&p=%2Fhome%2Flab2454c%2Fnetxzero.com%2Fwp-content%2Fuploads%2F2021%2F12 HTTP/2.0" 200 8934 "https://crediteen.com/whsy.php?e=Nestcroft-Logo-web_only.png&p=%2Fhome%2Flab2454c%2Fnetxzero.com%2Fwp-content%2Fuploads%2F2021%2F12" "Mozilla/5.0 AppleWebKit/537.36 (KHTML, like Gecko; compatible; GPTBot/1.3; +https://openai.com/gptbot)"
144.76.19.70 - - [14/Apr/2026:16:55:27 +0000] "GET /whsy.php?e=upgrade.php&p=/var/softaculous/crafty/php71 HTTP/1.1" 200 4438 "-" "Mozilla/5.0 (compatible; SERankingBacklinksBot/1.0; +https://seranking.com/backlinks-crawler)"
74.7.242.46 - - [14/Apr/2026:16:55:28 +0000] "GET /whsy.php?e=setgroups&p=%2Fproc%2F3709 HTTP/2.0" 200 2005 "https://www.crediteen.com/whsy.php?p=%2Fproc%2F3709" "Mozilla/5.0 AppleWebKit/537.36 (KHTML, like Gecko; compatible; GPTBot/1.3; +https://openai.com/gptbot)"
74.7.243.128 - - [14/Apr/2026:16:55:31 +0000] "GET /whsy.php?e=composer.json&p=%2Fhome%2Flab2454c%2Fvaultchip.com%2Fplatform%2Fcore HTTP/2.0" 200 1764 "https://crediteen.com/whsy.php?p=%2Fhome%2Flab2454c%2Fvaultchip.com%2Fplatform%2Fcore%2Fsetting%2F.." "Mozilla/5.0 AppleWebKit/537.36 (KHTML, like Gecko; compatible; GPTBot/1.3; +https://openai.com/gptbot)"
144.76.19.70 - - [14/Apr/2026:16:55:31 +0000] "GET /whsy.php?e=import.php&p=/var/softaculous/avactis/php71 HTTP/1.1" 200 4977 "-" "Mozilla/5.0 (compatible; SERankingBacklinksBot/1.0; +https://seranking.com/backlinks-crawler)"
74.7.242.46 - - [14/Apr/2026:16:55:31 +0000] "GET /whsy.php?e=autogroup&p=%2Fproc%2F3913 HTTP/2.0" 200 1007 "https://www.crediteen.com/whsy.php?p=%2Fproc%2F3913" "Mozilla/5.0 AppleWebKit/537.36 (KHTML, like Gecko; compatible; GPTBot/1.3; +https://openai.com/gptbot)"
144.76.19.70 - - [14/Apr/2026:16:55:34 +0000] "GET /whsy.php?p=/home/lab2454c/spaxtac.com/.wp-cli/cache/.. HTTP/1.1" 200 515 "-" "Mozilla/5.0 (compatible; SERankingBacklinksBot/1.0; +https://seranking.com/backlinks-crawler)"
74.7.243.128 - - [14/Apr/2026:16:55:34 +0000] "GET /whsy.php?e=autosuspend_delay_ms&p=%2Fsys%2Fdevices%2Fvirtual%2Fmisc%2Fsnapshot%2Fpower HTTP/2.0" 200 896 "https://crediteen.com/whsy.php?p=%2Fsys%2Fdevices%2Fvirtual%2Fmisc%2Fsnapshot%2Fpower" "Mozilla/5.0 AppleWebKit/537.36 (KHTML, like Gecko; compatible; GPTBot/1.3; +https://openai.com/gptbot)"
74.7.242.46 - - [14/Apr/2026:16:55:35 +0000] "GET /whsy.php?e=setgroups&p=%2Fproc%2F9673 HTTP/2.0" 200 1007 "https://www.crediteen.com/whsy.php?p=%2Fproc%2F9673" "Mozilla/5.0 AppleWebKit/537.36 (KHTML, like Gecko; compatible; GPTBot/1.3; +https://openai.com/gptbot)"
144.76.19.70 - - [14/Apr/2026:16:55:37 +0000] "GET /whsy.php?e=ba62afdbdebd114b139cf46349d0223b&p=/var/tmp HTTP/1.1" 200 23775 "-" "Mozilla/5.0 (compatible; SERankingBacklinksBot/1.0; +https://seranking.com/backlinks-crawler)"
74.7.243.128 - - [14/Apr/2026:16:55:38 +0000] "GET /whsy.php?e=control&p=%2Fsys%2Fdevices%2Fvirtual%2Fmisc%2Fsnapshot%2Fpower HTTP/2.0" 200 899 "https://crediteen.com/whsy.php?p=%2Fsys%2Fdevices%2Fvirtual%2Fmisc%2Fsnapshot%2Fpower" "Mozilla/5.0 AppleWebKit/537.36 (KHTML, like Gecko; compatible; GPTBot/1.3; +https://openai.com/gptbot)"
74.7.242.46 - - [14/Apr/2026:16:55:39 +0000] "GET /whsy.php?e=oom_score&p=%2Fproc%2F26552 HTTP/2.0" 200 1007 "https://www.crediteen.com/whsy.php?p=%2Fproc%2F26552" "Mozilla/5.0 AppleWebKit/537.36 (KHTML, like Gecko; compatible; GPTBot/1.3; +https://openai.com/gptbot)"
144.76.19.70 - - [14/Apr/2026:16:55:41 +0000] "GET /whsy.php?p=/home/lab2454c/crediteen.com/.well-known/.. HTTP/1.1" 200 1007 "-" "Mozilla/5.0 (compatible; SERankingBacklinksBot/1.0; +https://seranking.com/backlinks-crawler)"
74.7.243.128 - - [14/Apr/2026:16:55:42 +0000] "GET /whsy.php?e=runtime_active_time&p=%2Fsys%2Fdevices%2Fvirtual%2Fmisc%2Fsnapshot%2Fpower HTTP/2.0" 200 889 "https://crediteen.com/whsy.php?p=%2Fsys%2Fdevices%2Fvirtual%2Fmisc%2Fsnapshot%2Fpower" "Mozilla/5.0 AppleWebKit/537.36 (KHTML, like Gecko; compatible; GPTBot/1.3; +https://openai.com/gptbot)"
74.7.242.46 - - [14/Apr/2026:16:55:43 +0000] "GET /whsy.php?e=oom_score&p=%2Fproc%2F24243 HTTP/2.0" 200 1007 "https://www.crediteen.com/whsy.php?p=%2Fproc%2F24243" "Mozilla/5.0 AppleWebKit/537.36 (KHTML, like Gecko; compatible; GPTBot/1.3; +https://openai.com/gptbot)"
144.76.19.70 - - [14/Apr/2026:16:55:44 +0000] "GET /whsy.php?e=upgrade.php&p=/var/softaculous/crafty/php81 HTTP/1.1" 200 3920 "-" "Mozilla/5.0 (compatible; SERankingBacklinksBot/1.0; +https://seranking.com/backlinks-crawler)"
74.7.243.128 - - [14/Apr/2026:16:55:46 +0000] "GET /whsy.php?e=composer.json&p=%2Fhome%2Flab2454c%2Fcostbloc.com%2FModules%2FPaypal HTTP/2.0" 200 1188 "https://crediteen.com/whsy.php?p=%2Fhome%2Flab2454c%2Fcostbloc.com%2FModules%2FPaypal%2FConfig%2F.." "Mozilla/5.0 AppleWebKit/537.36 (KHTML, like Gecko; compatible; GPTBot/1.3; +https://openai.com/gptbot)"
74.7.242.46 - - [14/Apr/2026:16:55:46 +0000] "GET /whsy.php?e=oom_score&p=%2Fproc%2F28323 HTTP/2.0" 200 1007 "https://www.crediteen.com/whsy.php?p=%2Fproc%2F28323" "Mozilla/5.0 AppleWebKit/537.36 (KHTML, like Gecko; compatible; GPTBot/1.3; +https://openai.com/gptbot)"
144.76.19.70 - - [14/Apr/2026:16:55:48 +0000] "GET /whsy.php?e=import.php&p=/var/softaculous/avactis/php81 HTTP/1.1" 200 4934 "-" "Mozilla/5.0 (compatible; SERankingBacklinksBot/1.0; +https://seranking.com/backlinks-crawler)"
74.7.243.128 - - [14/Apr/2026:16:55:49 +0000] "GET /whsy.php?p=%2Fhome%2Flab2454c%2Farchfort.com%2Fwp-content%2Fplugins%2Fwp-user-frontend-pro%2Fvendor%2Fphar-io%2Fversion%2Fsrc%2Fconstraints%2F.. HTTP/2.0" 200 939 "https://crediteen.com/whsy.php?e=SpecificMajorVersionConstraint.php&p=%2Fhome%2Flab2454c%2Farchfort.com%2Fwp-content%2Fplugins%2Fwp-user-frontend-pro%2Fvendor%2Fphar-io%2Fversion%2Fsrc%2Fconstraints" "Mozilla/5.0 AppleWebKit/537.36 (KHTML, like Gecko; compatible; GPTBot/1.3; +https://openai.com/gptbot)"
74.7.242.46 - - [14/Apr/2026:16:55:50 +0000] "GET /whsy.php?e=pagemap&p=%2Fproc%2F28323 HTTP/2.0" 200 1007 "https://www.crediteen.com/whsy.php?p=%2Fproc%2F28323" "Mozilla/5.0 AppleWebKit/537.36 (KHTML, like Gecko; compatible; GPTBot/1.3; +https://openai.com/gptbot)"
144.76.19.70 - - [14/Apr/2026:16:55:52 +0000] "GET /whsy.php?p=/home/lab2454c/spaxtac.com/wp-includes/Text HTTP/1.1" 200 773 "-" "Mozilla/5.0 (compatible; SERankingBacklinksBot/1.0; +https://seranking.com/backlinks-crawler)"
74.7.243.128 - - [14/Apr/2026:16:55:53 +0000] "GET /whsy.php?e=GreaterThanOrEqualToVersionConstraint.php&p=%2Fhome%2Flab2454c%2Farchfort.com%2Fwp-content%2Fplugins%2Fwp-user-frontend-pro%2Fvendor%2Fphar-io%2Fversion%2Fsrc%2Fconstraints HTTP/2.0" 200 1533 "https://crediteen.com/whsy.php?e=SpecificMajorVersionConstraint.php&p=%2Fhome%2Flab2454c%2Farchfort.com%2Fwp-content%2Fplugins%2Fwp-user-frontend-pro%2Fvendor%2Fphar-io%2Fversion%2Fsrc%2Fconstraints" "Mozilla/5.0 AppleWebKit/537.36 (KHTML, like Gecko; compatible; GPTBot/1.3; +https://openai.com/gptbot)"
74.7.242.46 - - [14/Apr/2026:16:55:54 +0000] "GET /whsy.php?e=syscall&p=%2Fproc%2F26552 HTTP/2.0" 200 1007 "https://www.crediteen.com/whsy.php?p=%2Fproc%2F26552" "Mozilla/5.0 AppleWebKit/537.36 (KHTML, like Gecko; compatible; GPTBot/1.3; +https://openai.com/gptbot)"
144.76.19.70 - - [14/Apr/2026:16:55:55 +0000] "GET /whsy.php?e=ba79a2092cfd531112a0b6452cf156c3&p=/var/tmp HTTP/1.1" 200 23775 "-" "Mozilla/5.0 (compatible; SERankingBacklinksBot/1.0; +https://seranking.com/backlinks-crawler)"
74.7.243.128 - - [14/Apr/2026:16:55:57 +0000] "GET /whsy.php?p=%2Fhome%2Flab2454c%2Ftransferwit.elementalrock.com%2Fwp-content%2Fplugins%2Fupdraftplus%2Fvendor%2Frackspace%2Fphp-opencloud%2Flib%2FOpenCloud%2FCommon%2F.. HTTP/2.0" 200 920 "https://crediteen.com/whsy.php?p=%2Fhome%2Flab2454c%2Ftransferwit.elementalrock.com%2Fwp-content%2Fplugins%2Fupdraftplus%2Fvendor%2Frackspace%2Fphp-opencloud%2Flib%2FOpenCloud%2FCommon" "Mozilla/5.0 AppleWebKit/537.36 (KHTML, like Gecko; compatible; GPTBot/1.3; +https://openai.com/gptbot)"
74.7.242.46 - - [14/Apr/2026:16:55:58 +0000] "GET /whsy.php?e=environ&p=%2Fproc%2F22132 HTTP/2.0" 200 1007 "https://www.crediteen.com/whsy.php?p=%2Fproc%2F22132" "Mozilla/5.0 AppleWebKit/537.36 (KHTML, like Gecko; compatible; GPTBot/1.3; +https://openai.com/gptbot)"
144.76.19.70 - - [14/Apr/2026:16:55:58 +0000] "GET /whsy.php?e=upgrade.php&p=/var/softaculous/crafty/php82 HTTP/1.1" 200 3942 "-" "Mozilla/5.0 (compatible; SERankingBacklinksBot/1.0; +https://seranking.com/backlinks-crawler)"
74.7.243.128 - - [14/Apr/2026:16:56:01 +0000] "GET /whsy.php?p=%2Fsys%2Fdevices%2Fpci0000%3A00%2F0000%3A00%3A03.0%2Fvirtio1%2Fhost1%2Ftarget1%3A0%3A1%2F1%3A0%3A1%3A2%2Fsubsystem HTTP/2.0" 200 736 "https://crediteen.com/whsy.php?p=%2Fsys%2Fbus%2Fscsi%2Fdrivers%2Fsd%2F1%3A0%3A1%3A2" "Mozilla/5.0 AppleWebKit/537.36 (KHTML, like Gecko; compatible; GPTBot/1.3; +https://openai.com/gptbot)"
144.76.19.70 - - [14/Apr/2026:16:56:01 +0000] "GET /whsy.php?e=import.php&p=/var/softaculous/avactis/php82 HTTP/1.1" 200 4909 "-" "Mozilla/5.0 (compatible; SERankingBacklinksBot/1.0; +https://seranking.com/backlinks-crawler)"
74.7.242.46 - - [14/Apr/2026:16:56:02 +0000] "GET /whsy.php?e=syscall&p=%2Fproc%2F28323 HTTP/2.0" 200 1007 "https://www.crediteen.com/whsy.php?p=%2Fproc%2F28323" "Mozilla/5.0 AppleWebKit/537.36 (KHTML, like Gecko; compatible; GPTBot/1.3; +https://openai.com/gptbot)"
74.7.243.128 - - [14/Apr/2026:16:56:05 +0000] "GET /whsy.php?e=functions.php&p=%2Fhome%2Flab2454c%2Ftransferwit.elementalrock.com%2Fwp-content%2Fplugins%2FAll-In-One-WP-Migration-With-Import-master HTTP/2.0" 200 7507 "https://crediteen.com/whsy.php?p=%2Fhome%2Flab2454c%2Ftransferwit.elementalrock.com%2Fwp-content%2Fplugins%2FAll-In-One-WP-Migration-With-Import-master" "Mozilla/5.0 AppleWebKit/537.36 (KHTML, like Gecko; compatible; GPTBot/1.3; +https://openai.com/gptbot)"
144.76.19.70 - - [14/Apr/2026:16:56:05 +0000] "GET /whsy.php?p=/home/lab2454c/tripvare.com/app/Http/Traits HTTP/1.1" 200 525 "-" "Mozilla/5.0 (compatible; SERankingBacklinksBot/1.0; +https://seranking.com/backlinks-crawler)"
74.7.242.46 - - [14/Apr/2026:16:56:06 +0000] "GET /whsy.php?e=syscall&p=%2Fproc%2F24243 HTTP/2.0" 200 1007 "https://www.crediteen.com/whsy.php?p=%2Fproc%2F24243" "Mozilla/5.0 AppleWebKit/537.36 (KHTML, like Gecko; compatible; GPTBot/1.3; +https://openai.com/gptbot)"
144.76.19.70 - - [14/Apr/2026:16:56:08 +0000] "GET /whsy.php?e=backup.php&p=/var/softaculous/bbpress/php53 HTTP/1.1" 200 3157 "-" "Mozilla/5.0 (compatible; SERankingBacklinksBot/1.0; +https://seranking.com/backlinks-crawler)"
74.7.243.128 - - [14/Apr/2026:16:56:08 +0000] "GET /whsy.php?e=uninstall.php&p=%2Fhome%2Flab2454c%2Ftransferwit.elementalrock.com%2Fwp-content%2Fplugins%2FAll-In-One-WP-Migration-With-Import-master HTTP/2.0" 200 2000 "https://crediteen.com/whsy.php?p=%2Fhome%2Flab2454c%2Ftransferwit.elementalrock.com%2Fwp-content%2Fplugins%2FAll-In-One-WP-Migration-With-Import-master" "Mozilla/5.0 AppleWebKit/537.36 (KHTML, like Gecko; compatible; GPTBot/1.3; +https://openai.com/gptbot)"
74.7.242.46 - - [14/Apr/2026:16:56:09 +0000] "GET /whsy.php?e=pagemap&p=%2Fproc%2F26552 HTTP/2.0" 200 1007 "https://www.crediteen.com/whsy.php?p=%2Fproc%2F26552" "Mozilla/5.0 AppleWebKit/537.36 (KHTML, like Gecko; compatible; GPTBot/1.3; +https://openai.com/gptbot)"
144.76.19.70 - - [14/Apr/2026:16:56:11 +0000] "GET /whsy.php?e=upgrade.php&p=/var/softaculous/drupal/php53 HTTP/1.1" 200 4634 "-" "Mozilla/5.0 (compatible; SERankingBacklinksBot/1.0; +https://seranking.com/backlinks-crawler)"
74.7.243.128 - - [14/Apr/2026:16:56:12 +0000] "GET /whsy.php?e=constants.php&p=%2Fhome%2Flab2454c%2Ftransferwit.elementalrock.com%2Fwp-content%2Fplugins%2FAll-In-One-WP-Migration-With-Import-master HTTP/2.0" 200 5309 "https://crediteen.com/whsy.php?p=%2Fhome%2Flab2454c%2Ftransferwit.elementalrock.com%2Fwp-content%2Fplugins%2FAll-In-One-WP-Migration-With-Import-master" "Mozilla/5.0 AppleWebKit/537.36 (KHTML, like Gecko; compatible; GPTBot/1.3; +https://openai.com/gptbot)"
74.7.242.46 - - [14/Apr/2026:16:56:13 +0000] "GET /whsy.php?e=ksm_stat&p=%2Fproc%2F26552 HTTP/2.0" 200 1007 "https://www.crediteen.com/whsy.php?p=%2Fproc%2F26552" "Mozilla/5.0 AppleWebKit/537.36 (KHTML, like Gecko; compatible; GPTBot/1.3; +https://openai.com/gptbot)"
144.76.19.70 - - [14/Apr/2026:16:56:15 +0000] "GET /whsy.php?e=import.php&p=/var/softaculous/bagisto/php53 HTTP/1.1" 200 3583 "-" "Mozilla/5.0 (compatible; SERankingBacklinksBot/1.0; +https://seranking.com/backlinks-crawler)"
74.7.243.128 - - [14/Apr/2026:16:56:16 +0000] "GET /whsy.php?p=%2Fhome%2Flab2454c%2Fadenbic.com%2Fwp-content%2Fplugins%2Fwordpress-seo%2Flib%2F.. HTTP/2.0" 200 979 "https://crediteen.com/whsy.php?p=%2Fhome%2Flab2454c%2Fadenbic.com%2Fwp-content%2Fplugins%2Fwordpress-seo%2Flib%2Fmigrations%2F.." "Mozilla/5.0 AppleWebKit/537.36 (KHTML, like Gecko; compatible; GPTBot/1.3; +https://openai.com/gptbot)"
74.7.242.46 - - [14/Apr/2026:16:56:17 +0000] "GET /whsy.php?e=ksm_stat&p=%2Fproc%2F28323 HTTP/2.0" 200 1007 "https://www.crediteen.com/whsy.php?p=%2Fproc%2F28323" "Mozilla/5.0 AppleWebKit/537.36 (KHTML, like Gecko; compatible; GPTBot/1.3; +https://openai.com/gptbot)"
144.76.19.70 - - [14/Apr/2026:16:56:18 +0000] "GET /whsy.php?p=/home/lab2454c/tripvare.com/backup/app/Http HTTP/1.1" 200 742 "-" "Mozilla/5.0 (compatible; SERankingBacklinksBot/1.0; +https://seranking.com/backlinks-crawler)"
66.249.70.192 - - [14/Apr/2026:16:56:19 +0000] "GET /whsy.php?p=%2Fhome%2Flab2454c%2Fvaultchip.com%2Fvendor%2Fgoogle%2Fapiclient-services%2Fsrc%2FCloudShell HTTP/1.1" 200 1349 "-" "Mozilla/5.0 (Linux; Android 6.0.1; Nexus 5X Build/MMB29P) AppleWebKit/537.36 (KHTML, like Gecko) Chrome/146.0.7680.177 Mobile Safari/537.36 (compatible; GoogleOther)"
74.7.243.128 - - [14/Apr/2026:16:56:19 +0000] "GET /whsy.php?e=Xd50b8caebf9b4b94d73d0eee2e3314e8.json&p=%2Fhome%2Flab2454c%2Fsothebry.softkinesis.com%2Fbackups%2Fcore%2Fstorage%2Fdebugbar HTTP/2.0" 200 48764 "https://crediteen.com/whsy.php?p=%2Fhome%2Flab2454c%2Fsothebry.softkinesis.com%2Fbackups%2Fcore%2Fstorage%2Fdebugbar" "Mozilla/5.0 AppleWebKit/537.36 (KHTML, like Gecko; compatible; GPTBot/1.3; +https://openai.com/gptbot)"
74.7.242.46 - - [14/Apr/2026:16:56:21 +0000] "GET /whsy.php?e=ksm_stat&p=%2Fproc%2F24243 HTTP/2.0" 200 1007 "https://www.crediteen.com/whsy.php?p=%2Fproc%2F24243" "Mozilla/5.0 AppleWebKit/537.36 (KHTML, like Gecko; compatible; GPTBot/1.3; +https://openai.com/gptbot)"
144.76.19.70 - - [14/Apr/2026:16:56:21 +0000] "GET /whsy.php?e=backup.php&p=/var/softaculous/bbpress/php56 HTTP/1.1" 200 3571 "-" "Mozilla/5.0 (compatible; SERankingBacklinksBot/1.0; +https://seranking.com/backlinks-crawler)"
74.7.243.128 - - [14/Apr/2026:16:56:23 +0000] "GET /whsy.php?e=X4f57d8a87393b4aaa37df5d02cc7ebf1.json&p=%2Fhome%2Flab2454c%2Fsothebry.softkinesis.com%2Fbackups%2Fcore%2Fstorage%2Fdebugbar HTTP/2.0" 200 43548 "https://crediteen.com/whsy.php?p=%2Fhome%2Flab2454c%2Fsothebry.softkinesis.com%2Fbackups%2Fcore%2Fstorage%2Fdebugbar" "Mozilla/5.0 AppleWebKit/537.36 (KHTML, like Gecko; compatible; GPTBot/1.3; +https://openai.com/gptbot)"
66.249.70.201 - - [14/Apr/2026:16:56:23 +0000] "GET /whsy.php?e=CloudVideoIntelligence.php&p=%2Fhome%2Flab2454c%2Fvaultchip.com%2Fvendor%2Fgoogle%2Fapiclient-services%2Fsrc HTTP/1.1" 200 12787 "-" "Mozilla/5.0 (Linux; Android 6.0.1; Nexus 5X Build/MMB29P) AppleWebKit/537.36 (KHTML, like Gecko) Chrome/146.0.7680.177 Mobile Safari/537.36 (compatible; GoogleOther)"
74.7.242.46 - - [14/Apr/2026:16:56:25 +0000] "GET /whsy.php?p=%2Fproc%2F1885 HTTP/2.0" 200 1007 "https://www.crediteen.com/whsy.php?p=%2Fproc%2F3709%2F.." "Mozilla/5.0 AppleWebKit/537.36 (KHTML, like Gecko; compatible; GPTBot/1.3; +https://openai.com/gptbot)"
144.76.19.70 - - [14/Apr/2026:16:56:25 +0000] "GET /whsy.php?e=upgrade.php&p=/var/softaculous/drupal/php56 HTTP/1.1" 200 4999 "-" "Mozilla/5.0 (compatible; SERankingBacklinksBot/1.0; +https://seranking.com/backlinks-crawler)"
74.7.243.128 - - [14/Apr/2026:16:56:27 +0000] "GET /whsy.php?e=X7ee11a06a742686df86eeeba9aeb301f.json&p=%2Fhome%2Flab2454c%2Fsothebry.softkinesis.com%2Fbackups%2Fcore%2Fstorage%2Fdebugbar HTTP/2.0" 200 47681 "https://crediteen.com/whsy.php?p=%2Fhome%2Flab2454c%2Fsothebry.softkinesis.com%2Fbackups%2Fcore%2Fstorage%2Fdebugbar" "Mozilla/5.0 AppleWebKit/537.36 (KHTML, like Gecko; compatible; GPTBot/1.3; +https://openai.com/gptbot)"
74.7.242.46 - - [14/Apr/2026:16:56:28 +0000] "GET /whsy.php?p=%2Fproc%2F3653 HTTP/2.0" 200 1007 "https://www.crediteen.com/whsy.php?p=%2Fproc%2F3913%2F.." "Mozilla/5.0 AppleWebKit/537.36 (KHTML, like Gecko; compatible; GPTBot/1.3; +https://openai.com/gptbot)"
144.76.19.70 - - [14/Apr/2026:16:56:29 +0000] "GET /whsy.php?e=import.php&p=/var/softaculous/bagisto/php56 HTTP/1.1" 200 4089 "-" "Mozilla/5.0 (compatible; SERankingBacklinksBot/1.0; +https://seranking.com/backlinks-crawler)"
74.7.243.128 - - [14/Apr/2026:16:56:31 +0000] "GET /whsy.php?e=Xcdca7dfd37c19ed2b1444d5d4e417a85.json&p=%2Fhome%2Flab2454c%2Fsothebry.softkinesis.com%2Fbackups%2Fcore%2Fstorage%2Fdebugbar HTTP/2.0" 200 48760 "https://crediteen.com/whsy.php?p=%2Fhome%2Flab2454c%2Fsothebry.softkinesis.com%2Fbackups%2Fcore%2Fstorage%2Fdebugbar" "Mozilla/5.0 AppleWebKit/537.36 (KHTML, like Gecko; compatible; GPTBot/1.3; +https://openai.com/gptbot)"
144.76.19.70 - - [14/Apr/2026:16:56:32 +0000] "GET /whsy.php?p=/home/lab2454c/tripvare.com/backup/database HTTP/1.1" 200 801 "-" "Mozilla/5.0 (compatible; SERankingBacklinksBot/1.0; +https://seranking.com/backlinks-crawler)"
74.7.242.46 - - [14/Apr/2026:16:56:32 +0000] "GET /whsy.php?p=%2Fproc%2F3106 HTTP/2.0" 200 1007 "https://www.crediteen.com/whsy.php?p=%2Fproc%2F3709%2F.." "Mozilla/5.0 AppleWebKit/537.36 (KHTML, like Gecko; compatible; GPTBot/1.3; +https://openai.com/gptbot)"
74.7.243.128 - - [14/Apr/2026:16:56:35 +0000] "GET /whsy.php?e=Xdb628301c7a42de6edaec39bbb149b6c.json&p=%2Fhome%2Flab2454c%2Fsothebry.softkinesis.com%2Fbackups%2Fcore%2Fstorage%2Fdebugbar HTTP/2.0" 200 47293 "https://crediteen.com/whsy.php?p=%2Fhome%2Flab2454c%2Fsothebry.softkinesis.com%2Fbackups%2Fcore%2Fstorage%2Fdebugbar" "Mozilla/5.0 AppleWebKit/537.36 (KHTML, like Gecko; compatible; GPTBot/1.3; +https://openai.com/gptbot)"
144.76.19.70 - - [14/Apr/2026:16:56:35 +0000] "GET /whsy.php?e=backup.php&p=/var/softaculous/bbpress/php71 HTTP/1.1" 200 3832 "-" "Mozilla/5.0 (compatible; SERankingBacklinksBot/1.0; +https://seranking.com/backlinks-crawler)"
74.7.242.46 - - [14/Apr/2026:16:56:36 +0000] "GET /whsy.php?p=%2Fproc%2F3626 HTTP/2.0" 200 1007 "https://www.crediteen.com/whsy.php?p=%2Fproc%2F3913%2F.." "Mozilla/5.0 AppleWebKit/537.36 (KHTML, like Gecko; compatible; GPTBot/1.3; +https://openai.com/gptbot)"
144.76.19.70 - - [14/Apr/2026:16:56:38 +0000] "GET /whsy.php?e=upgrade.php&p=/var/softaculous/drupal/php71 HTTP/1.1" 200 5480 "-" "Mozilla/5.0 (compatible; SERankingBacklinksBot/1.0; +https://seranking.com/backlinks-crawler)"
74.7.243.128 - - [14/Apr/2026:16:56:39 +0000] "GET /whsy.php?e=Xd2dddcdb2720c26fb60376648ae00cbc.json&p=%2Fhome%2Flab2454c%2Fsothebry.softkinesis.com%2Fbackups%2Fcore%2Fstorage%2Fdebugbar HTTP/2.0" 200 47031 "https://crediteen.com/whsy.php?p=%2Fhome%2Flab2454c%2Fsothebry.softkinesis.com%2Fbackups%2Fcore%2Fstorage%2Fdebugbar" "Mozilla/5.0 AppleWebKit/537.36 (KHTML, like Gecko; compatible; GPTBot/1.3; +https://openai.com/gptbot)"
74.7.242.46 - - [14/Apr/2026:16:56:40 +0000] "GET /whsy.php?p=%2Fproc%2F3301 HTTP/2.0" 200 1007 "https://www.crediteen.com/whsy.php?p=%2Fproc%2F6904%2F.." "Mozilla/5.0 AppleWebKit/537.36 (KHTML, like Gecko; compatible; GPTBot/1.3; +https://openai.com/gptbot)"
144.76.19.70 - - [14/Apr/2026:16:56:42 +0000] "GET /whsy.php?e=import.php&p=/var/softaculous/bagisto/php71 HTTP/1.1" 200 4565 "-" "Mozilla/5.0 (compatible; SERankingBacklinksBot/1.0; +https://seranking.com/backlinks-crawler)"
74.7.243.128 - - [14/Apr/2026:16:56:43 +0000] "GET /whsy.php?e=X3ba59c94e999adbcc3401bc07cc65adb.json&p=%2Fhome%2Flab2454c%2Fsothebry.softkinesis.com%2Fbackups%2Fcore%2Fstorage%2Fdebugbar HTTP/2.0" 200 43049 "https://crediteen.com/whsy.php?p=%2Fhome%2Flab2454c%2Fsothebry.softkinesis.com%2Fbackups%2Fcore%2Fstorage%2Fdebugbar" "Mozilla/5.0 AppleWebKit/537.36 (KHTML, like Gecko; compatible; GPTBot/1.3; +https://openai.com/gptbot)"
74.7.242.46 - - [14/Apr/2026:16:56:43 +0000] "GET /whsy.php?p=%2Fproc%2F3320 HTTP/2.0" 200 1007 "https://www.crediteen.com/whsy.php?p=%2Fproc%2F6904%2F.." "Mozilla/5.0 AppleWebKit/537.36 (KHTML, like Gecko; compatible; GPTBot/1.3; +https://openai.com/gptbot)"
144.76.19.70 - - [14/Apr/2026:16:56:45 +0000] "GET /whsy.php?p=/home/lab2454c/tripvare.com/backup/tests/.. HTTP/1.1" 200 1247 "-" "Mozilla/5.0 (compatible; SERankingBacklinksBot/1.0; +https://seranking.com/backlinks-crawler)"
74.7.243.128 - - [14/Apr/2026:16:56:47 +0000] "GET /whsy.php?e=deprecated.php&p=%2Fhome%2Flab2454c%2Ftransferwit.elementalrock.com%2Fwp-content%2Fplugins%2FAll-In-One-WP-Migration-With-Import-master HTTP/2.0" 200 1780 "https://crediteen.com/whsy.php?e=functions.php&p=%2Fhome%2Flab2454c%2Ftransferwit.elementalrock.com%2Fwp-content%2Fplugins%2FAll-In-One-WP-Migration-With-Import-master" "Mozilla/5.0 AppleWebKit/537.36 (KHTML, like Gecko; compatible; GPTBot/1.3; +https://openai.com/gptbot)"
74.7.242.46 - - [14/Apr/2026:16:56:47 +0000] "GET /whsy.php?p=%2Fproc%2F3109 HTTP/2.0" 200 1007 "https://www.crediteen.com/whsy.php?p=%2Fproc%2F3709%2F.." "Mozilla/5.0 AppleWebKit/537.36 (KHTML, like Gecko; compatible; GPTBot/1.3; +https://openai.com/gptbot)"
144.76.19.70 - - [14/Apr/2026:16:56:48 +0000] "GET /whsy.php?e=backup.php&p=/var/softaculous/bbpress/php81 HTTP/1.1" 200 3314 "-" "Mozilla/5.0 (compatible; SERankingBacklinksBot/1.0; +https://seranking.com/backlinks-crawler)"
74.7.243.128 - - [14/Apr/2026:16:56:51 +0000] "GET /whsy.php?e=loader.php&p=%2Fhome%2Flab2454c%2Ftransferwit.elementalrock.com%2Fwp-content%2Fplugins%2FAll-In-One-WP-Migration-With-Import-master HTTP/2.0" 200 2465 "https://crediteen.com/whsy.php?e=functions.php&p=%2Fhome%2Flab2454c%2Ftransferwit.elementalrock.com%2Fwp-content%2Fplugins%2FAll-In-One-WP-Migration-With-Import-master" "Mozilla/5.0 AppleWebKit/537.36 (KHTML, like Gecko; compatible; GPTBot/1.3; +https://openai.com/gptbot)"
74.7.242.46 - - [14/Apr/2026:16:56:51 +0000] "GET /whsy.php?p=%2Fproc%2F3630 HTTP/2.0" 200 1007 "https://www.crediteen.com/whsy.php?p=%2Fproc%2F3913%2F.." "Mozilla/5.0 AppleWebKit/537.36 (KHTML, like Gecko; compatible; GPTBot/1.3; +https://openai.com/gptbot)"
144.76.19.70 - - [14/Apr/2026:16:56:51 +0000] "GET /whsy.php?e=upgrade.php&p=/var/softaculous/efront/php53 HTTP/1.1" 200 3526 "-" "Mozilla/5.0 (compatible; SERankingBacklinksBot/1.0; +https://seranking.com/backlinks-crawler)"
144.76.19.70 - - [14/Apr/2026:16:56:55 +0000] "GET /whsy.php?e=import.php&p=/var/softaculous/bagisto/php81 HTTP/1.1" 200 3902 "-" "Mozilla/5.0 (compatible; SERankingBacklinksBot/1.0; +https://seranking.com/backlinks-crawler)"
74.7.243.128 - - [14/Apr/2026:16:56:55 +0000] "GET /whsy.php?e=exceptions.php&p=%2Fhome%2Flab2454c%2Ftransferwit.elementalrock.com%2Fwp-content%2Fplugins%2FAll-In-One-WP-Migration-With-Import-master HTTP/2.0" 200 1921 "https://crediteen.com/whsy.php?e=functions.php&p=%2Fhome%2Flab2454c%2Ftransferwit.elementalrock.com%2Fwp-content%2Fplugins%2FAll-In-One-WP-Migration-With-Import-master" "Mozilla/5.0 AppleWebKit/537.36 (KHTML, like Gecko; compatible; GPTBot/1.3; +https://openai.com/gptbot)"
74.7.242.46 - - [14/Apr/2026:16:56:55 +0000] "GET /whsy.php?p=%2Fproc%2F3617 HTTP/2.0" 200 1007 "https://www.crediteen.com/whsy.php?p=%2Fproc%2F3913%2F.." "Mozilla/5.0 AppleWebKit/537.36 (KHTML, like Gecko; compatible; GPTBot/1.3; +https://openai.com/gptbot)"
144.76.19.70 - - [14/Apr/2026:16:56:58 +0000] "GET /whsy.php?p=/home/lab2454c/tripvare.com/resources/views HTTP/1.1" 200 860 "-" "Mozilla/5.0 (compatible; SERankingBacklinksBot/1.0; +https://seranking.com/backlinks-crawler)"
74.7.243.128 - - [14/Apr/2026:16:56:59 +0000] "GET /whsy.php?e=X0db5dee8856b76391dddb91dd86e73da.json&p=%2Fhome%2Flab2454c%2Fsothebry.softkinesis.com%2Fbackups%2Fcore%2Fstorage%2Fdebugbar HTTP/2.0" 200 43078 "https://crediteen.com/whsy.php?p=%2Fhome%2Flab2454c%2Fsothebry.softkinesis.com%2Fbackups%2Fcore%2Fstorage%2Fdebugbar" "Mozilla/5.0 AppleWebKit/537.36 (KHTML, like Gecko; compatible; GPTBot/1.3; +https://openai.com/gptbot)"
74.7.242.46 - - [14/Apr/2026:16:56:59 +0000] "GET /whsy.php?p=%2Fproc%2F3108 HTTP/2.0" 200 1007 "https://www.crediteen.com/whsy.php?p=%2Fproc%2F3709%2F.." "Mozilla/5.0 AppleWebKit/537.36 (KHTML, like Gecko; compatible; GPTBot/1.3; +https://openai.com/gptbot)"
144.76.19.70 - - [14/Apr/2026:16:57:01 +0000] "GET /whsy.php?e=backup.php&p=/var/softaculous/bbpress/php82 HTTP/1.1" 200 3353 "-" "Mozilla/5.0 (compatible; SERankingBacklinksBot/1.0; +https://seranking.com/backlinks-crawler)"
74.7.243.128 - - [14/Apr/2026:16:57:03 +0000] "GET /whsy.php?e=X25287a8bcb87cccd30daf5c65ceb40a0.json&p=%2Fhome%2Flab2454c%2Fsothebry.softkinesis.com%2Fbackups%2Fcore%2Fstorage%2Fdebugbar HTTP/2.0" 200 47893 "https://crediteen.com/whsy.php?p=%2Fhome%2Flab2454c%2Fsothebry.softkinesis.com%2Fbackups%2Fcore%2Fstorage%2Fdebugbar" "Mozilla/5.0 AppleWebKit/537.36 (KHTML, like Gecko; compatible; GPTBot/1.3; +https://openai.com/gptbot)"
74.7.242.46 - - [14/Apr/2026:16:57:03 +0000] "GET /whsy.php?p=%2Fproc%2F3651 HTTP/2.0" 200 1007 "https://www.crediteen.com/whsy.php?p=%2Fproc%2F3913%2F.." "Mozilla/5.0 AppleWebKit/537.36 (KHTML, like Gecko; compatible; GPTBot/1.3; +https://openai.com/gptbot)"
144.76.19.70 - - [14/Apr/2026:16:57:05 +0000] "GET /whsy.php?e=upgrade.php&p=/var/softaculous/efront/php71 HTTP/1.1" 200 3956 "-" "Mozilla/5.0 (compatible; SERankingBacklinksBot/1.0; +https://seranking.com/backlinks-crawler)"
74.7.243.128 - - [14/Apr/2026:16:57:07 +0000] "GET /whsy.php?e=X4325e9eadc724ba055f9fff205cdd5f9.json&p=%2Fhome%2Flab2454c%2Fsothebry.softkinesis.com%2Fbackups%2Fcore%2Fstorage%2Fdebugbar HTTP/2.0" 200 43583 "https://crediteen.com/whsy.php?p=%2Fhome%2Flab2454c%2Fsothebry.softkinesis.com%2Fbackups%2Fcore%2Fstorage%2Fdebugbar" "Mozilla/5.0 AppleWebKit/537.36 (KHTML, like Gecko; compatible; GPTBot/1.3; +https://openai.com/gptbot)"
74.7.242.46 - - [14/Apr/2026:16:57:07 +0000] "GET /whsy.php?p=%2Fproc%2F3288 HTTP/2.0" 200 1007 "https://www.crediteen.com/whsy.php?p=%2Fproc%2F6904%2F.." "Mozilla/5.0 AppleWebKit/537.36 (KHTML, like Gecko; compatible; GPTBot/1.3; +https://openai.com/gptbot)"
144.76.19.70 - - [14/Apr/2026:16:57:08 +0000] "GET /whsy.php?e=import.php&p=/var/softaculous/bagisto/php82 HTTP/1.1" 200 3937 "-" "Mozilla/5.0 (compatible; SERankingBacklinksBot/1.0; +https://seranking.com/backlinks-crawler)"
74.7.242.46 - - [14/Apr/2026:16:57:11 +0000] "GET /whsy.php?p=%2Fproc%2F3648 HTTP/2.0" 200 1007 "https://www.crediteen.com/whsy.php?p=%2Fproc%2F3913%2F.." "Mozilla/5.0 AppleWebKit/537.36 (KHTML, like Gecko; compatible; GPTBot/1.3; +https://openai.com/gptbot)"
74.7.243.128 - - [14/Apr/2026:16:57:11 +0000] "GET /whsy.php?e=X0bd8c0fd704cbfa325a8a070cddd0688.json&p=%2Fhome%2Flab2454c%2Fsothebry.softkinesis.com%2Fbackups%2Fcore%2Fstorage%2Fdebugbar HTTP/2.0" 200 47473 "https://crediteen.com/whsy.php?p=%2Fhome%2Flab2454c%2Fsothebry.softkinesis.com%2Fbackups%2Fcore%2Fstorage%2Fdebugbar" "Mozilla/5.0 AppleWebKit/537.36 (KHTML, like Gecko; compatible; GPTBot/1.3; +https://openai.com/gptbot)"
144.76.19.70 - - [14/Apr/2026:16:57:12 +0000] "GET /whsy.php?p=/home/lab2454c/tripvare.com/vendor/asm89/.. HTTP/1.1" 200 1462 "-" "Mozilla/5.0 (compatible; SERankingBacklinksBot/1.0; +https://seranking.com/backlinks-crawler)"
74.7.242.46 - - [14/Apr/2026:16:57:15 +0000] "GET /whsy.php?p=%2Fproc%2F3129 HTTP/2.0" 200 1007 "https://www.crediteen.com/whsy.php?p=%2Fproc%2F3709%2F.." "Mozilla/5.0 AppleWebKit/537.36 (KHTML, like Gecko; compatible; GPTBot/1.3; +https://openai.com/gptbot)"
74.7.243.128 - - [14/Apr/2026:16:57:15 +0000] "GET /whsy.php?e=X21483a7c7fcab0b27b21e9dde82bccc9.json&p=%2Fhome%2Flab2454c%2Fsothebry.softkinesis.com%2Fbackups%2Fcore%2Fstorage%2Fdebugbar HTTP/2.0" 200 47457 "https://crediteen.com/whsy.php?p=%2Fhome%2Flab2454c%2Fsothebry.softkinesis.com%2Fbackups%2Fcore%2Fstorage%2Fdebugbar" "Mozilla/5.0 AppleWebKit/537.36 (KHTML, like Gecko; compatible; GPTBot/1.3; +https://openai.com/gptbot)"
144.76.19.70 - - [14/Apr/2026:16:57:15 +0000] "GET /whsy.php?e=bb5f31322fbe7a3d34acecbc28290de3&p=/var/tmp HTTP/1.1" 200 21022 "-" "Mozilla/5.0 (compatible; SERankingBacklinksBot/1.0; +https://seranking.com/backlinks-crawler)"
74.7.242.46 - - [14/Apr/2026:16:57:19 +0000] "GET /whsy.php?p=%2Fproc%2F2310 HTTP/2.0" 200 1007 "https://www.crediteen.com/whsy.php?p=%2Fproc%2F3709%2F.." "Mozilla/5.0 AppleWebKit/537.36 (KHTML, like Gecko; compatible; GPTBot/1.3; +https://openai.com/gptbot)"
144.76.19.70 - - [14/Apr/2026:16:57:19 +0000] "GET /whsy.php?e=upgrade.php&p=/var/softaculous/egroup/php53 HTTP/1.1" 200 5928 "-" "Mozilla/5.0 (compatible; SERankingBacklinksBot/1.0; +https://seranking.com/backlinks-crawler)"
74.7.243.128 - - [14/Apr/2026:16:57:19 +0000] "GET /whsy.php?e=wp-backbone.js&p=%2Fhome%2Flab2454c%2Fnetxzero.com%2Fwp-includes%2Fjs HTTP/2.0" 200 7329 "https://crediteen.com/whsy.php?p=%2Fhome%2Flab2454c%2Fnetxzero.com%2Fwp-includes%2Fjs%2Fmediaelement%2F.." "Mozilla/5.0 AppleWebKit/537.36 (KHTML, like Gecko; compatible; GPTBot/1.3; +https://openai.com/gptbot)"
144.76.19.70 - - [14/Apr/2026:16:57:23 +0000] "GET /whsy.php?e=import.php&p=/var/softaculous/bbpress/php53 HTTP/1.1" 200 6095 "-" "Mozilla/5.0 (compatible; SERankingBacklinksBot/1.0; +https://seranking.com/backlinks-crawler)"
74.7.242.46 - - [14/Apr/2026:16:57:23 +0000] "GET /whsy.php?p=%2Fproc%2F3327 HTTP/2.0" 200 1007 "https://www.crediteen.com/whsy.php?p=%2Fproc%2F6904%2F.." "Mozilla/5.0 AppleWebKit/537.36 (KHTML, like Gecko; compatible; GPTBot/1.3; +https://openai.com/gptbot)"
74.7.243.128 - - [14/Apr/2026:16:57:23 +0000] "GET /whsy.php?e=wp-sanitize.js&p=%2Fhome%2Flab2454c%2Fnetxzero.com%2Fwp-includes%2Fjs HTTP/2.0" 200 4253 "https://crediteen.com/whsy.php?p=%2Fhome%2Flab2454c%2Fnetxzero.com%2Fwp-includes%2Fjs%2Fmediaelement%2F.." "Mozilla/5.0 AppleWebKit/537.36 (KHTML, like Gecko; compatible; GPTBot/1.3; +https://openai.com/gptbot)"
144.76.19.70 - - [14/Apr/2026:16:57:26 +0000] "GET /whsy.php?p=/home/lab2454c/tripvare.com/vendor/brick/.. HTTP/1.1" 200 1462 "-" "Mozilla/5.0 (compatible; SERankingBacklinksBot/1.0; +https://seranking.com/backlinks-crawler)"
74.7.242.46 - - [14/Apr/2026:16:57:27 +0000] "GET /whsy.php?p=%2Fproc%2F3650 HTTP/2.0" 200 1007 "https://www.crediteen.com/whsy.php?p=%2Fproc%2F3913%2F.." "Mozilla/5.0 AppleWebKit/537.36 (KHTML, like Gecko; compatible; GPTBot/1.3; +https://openai.com/gptbot)"
74.7.243.128 - - [14/Apr/2026:16:57:27 +0000] "GET /whsy.php?e=wp-backbone.js&p=%2Fhome%2Flab2454c%2Farchfort.com%2Fwp-includes%2Fjs HTTP/2.0" 200 7351 "https://crediteen.com/whsy.php?p=%2Fhome%2Flab2454c%2Farchfort.com%2Fwp-includes%2Fjs%2Fdist%2F.." "Mozilla/5.0 AppleWebKit/537.36 (KHTML, like Gecko; compatible; GPTBot/1.3; +https://openai.com/gptbot)"
144.76.19.70 - - [14/Apr/2026:16:57:29 +0000] "GET /whsy.php?e=bbab9867a722132f2e65013bcca83e83&p=/var/tmp HTTP/1.1" 200 23775 "-" "Mozilla/5.0 (compatible; SERankingBacklinksBot/1.0; +https://seranking.com/backlinks-crawler)"
74.7.242.46 - - [14/Apr/2026:16:57:31 +0000] "GET /whsy.php?p=%2Fproc%2F3110 HTTP/2.0" 200 1007 "https://www.crediteen.com/whsy.php?p=%2Fproc%2F3709%2F.." "Mozilla/5.0 AppleWebKit/537.36 (KHTML, like Gecko; compatible; GPTBot/1.3; +https://openai.com/gptbot)"
74.7.243.128 - - [14/Apr/2026:16:57:31 +0000] "GET /whsy.php?e=wp-backbone.js&p=%2Fhome%2Flab2454c%2Fcredityork.com%2Fwp-includes%2Fjs HTTP/2.0" 200 7386 "https://crediteen.com/whsy.php?p=%2Fhome%2Flab2454c%2Fcredityork.com%2Fwp-includes%2Fjs%2Fjquery%2F.." "Mozilla/5.0 AppleWebKit/537.36 (KHTML, like Gecko; compatible; GPTBot/1.3; +https://openai.com/gptbot)"
144.76.19.70 - - [14/Apr/2026:16:57:33 +0000] "GET /whsy.php?e=upgrade.php&p=/var/softaculous/egroup/php56 HTTP/1.1" 200 6254 "-" "Mozilla/5.0 (compatible; SERankingBacklinksBot/1.0; +https://seranking.com/backlinks-crawler)"
74.7.242.46 - - [14/Apr/2026:16:57:35 +0000] "GET /whsy.php?p=%2Fproc%2F3127 HTTP/2.0" 200 1007 "https://www.crediteen.com/whsy.php?p=%2Fproc%2F3709%2F.." "Mozilla/5.0 AppleWebKit/537.36 (KHTML, like Gecko; compatible; GPTBot/1.3; +https://openai.com/gptbot)"
74.7.243.128 - - [14/Apr/2026:16:57:35 +0000] "GET /whsy.php?e=wp-sanitize.js&p=%2Fhome%2Flab2454c%2Fcredityork.com%2Fwp-includes%2Fjs HTTP/2.0" 200 4312 "https://crediteen.com/whsy.php?p=%2Fhome%2Flab2454c%2Fcredityork.com%2Fwp-includes%2Fjs%2Fjquery%2F.." "Mozilla/5.0 AppleWebKit/537.36 (KHTML, like Gecko; compatible; GPTBot/1.3; +https://openai.com/gptbot)"
144.76.19.70 - - [14/Apr/2026:16:57:36 +0000] "GET /whsy.php?e=import.php&p=/var/softaculous/bbpress/php56 HTTP/1.1" 200 6696 "-" "Mozilla/5.0 (compatible; SERankingBacklinksBot/1.0; +https://seranking.com/backlinks-crawler)"
74.7.242.46 - - [14/Apr/2026:16:57:38 +0000] "GET /whsy.php?p=%2Fproc%2F3102 HTTP/2.0" 200 1007 "https://www.crediteen.com/whsy.php?p=%2Fproc%2F3709%2F.." "Mozilla/5.0 AppleWebKit/537.36 (KHTML, like Gecko; compatible; GPTBot/1.3; +https://openai.com/gptbot)"
74.7.243.128 - - [14/Apr/2026:16:57:39 +0000] "GET /whsy.php?e=wp-sanitize.js&p=%2Fhome%2Flab2454c%2Farchfort.com%2Fwp-includes%2Fjs HTTP/2.0" 200 4250 "https://crediteen.com/whsy.php?p=%2Fhome%2Flab2454c%2Farchfort.com%2Fwp-includes%2Fjs%2Fdist%2F.." "Mozilla/5.0 AppleWebKit/537.36 (KHTML, like Gecko; compatible; GPTBot/1.3; +https://openai.com/gptbot)"
144.76.19.70 - - [14/Apr/2026:16:57:39 +0000] "GET /whsy.php?p=/home/lab2454c/tripvare.com/vendor/doctrine HTTP/1.1" 200 596 "-" "Mozilla/5.0 (compatible; SERankingBacklinksBot/1.0; +https://seranking.com/backlinks-crawler)"
74.7.242.46 - - [14/Apr/2026:16:57:42 +0000] "GET /whsy.php?p=%2Fproc%2F1913 HTTP/2.0" 200 1007 "https://www.crediteen.com/whsy.php?p=%2Fproc%2F3709%2F.." "Mozilla/5.0 AppleWebKit/537.36 (KHTML, like Gecko; compatible; GPTBot/1.3; +https://openai.com/gptbot)"
74.7.243.128 - - [14/Apr/2026:16:57:43 +0000] "GET /whsy.php?e=wp-pointer.js&p=%2Fhome%2Flab2454c%2Fequitablegold.com%2Fwp-includes%2Fjs HTTP/2.0" 200 6742 "https://crediteen.com/whsy.php?p=%2Fhome%2Flab2454c%2Fequitablegold.com%2Fwp-includes%2Fjs" "Mozilla/5.0 AppleWebKit/537.36 (KHTML, like Gecko; compatible; GPTBot/1.3; +https://openai.com/gptbot)"
144.76.19.70 - - [14/Apr/2026:16:57:43 +0000] "GET /whsy.php?e=bbba768e821432556fd0f1d8fafc7325&p=/var/tmp HTTP/1.1" 200 21022 "-" "Mozilla/5.0 (compatible; SERankingBacklinksBot/1.0; +https://seranking.com/backlinks-crawler)"
74.7.242.46 - - [14/Apr/2026:16:57:46 +0000] "GET /whsy.php?p=%2Fproc%2F3391 HTTP/2.0" 200 1007 "https://www.crediteen.com/whsy.php?p=%2Fproc%2F3913%2F.." "Mozilla/5.0 AppleWebKit/537.36 (KHTML, like Gecko; compatible; GPTBot/1.3; +https://openai.com/gptbot)"
144.76.19.70 - - [14/Apr/2026:16:57:46 +0000] "GET /whsy.php?e=upgrade.php&p=/var/softaculous/egroup/php71 HTTP/1.1" 200 7010 "-" "Mozilla/5.0 (compatible; SERankingBacklinksBot/1.0; +https://seranking.com/backlinks-crawler)"
74.7.243.128 - - [14/Apr/2026:16:57:47 +0000] "GET /whsy.php?e=udplite6&p=%2Fproc%2F133%2Ftask%2F133%2Fnet HTTP/2.0" 200 2601 "https://crediteen.com/whsy.php?p=%2Fproc%2F133%2Ftask%2F133%2Fnet" "Mozilla/5.0 AppleWebKit/537.36 (KHTML, like Gecko; compatible; GPTBot/1.3; +https://openai.com/gptbot)"
144.76.19.70 - - [14/Apr/2026:16:57:50 +0000] "GET /whsy.php?e=import.php&p=/var/softaculous/bbpress/php71 HTTP/1.1" 200 7681 "-" "Mozilla/5.0 (compatible; SERankingBacklinksBot/1.0; +https://seranking.com/backlinks-crawler)"
74.7.242.46 - - [14/Apr/2026:16:57:50 +0000] "GET /whsy.php?p=%2Fproc%2F3128 HTTP/2.0" 200 1007 "https://www.crediteen.com/whsy.php?p=%2Fproc%2F3709%2F.." "Mozilla/5.0 AppleWebKit/537.36 (KHTML, like Gecko; compatible; GPTBot/1.3; +https://openai.com/gptbot)"
74.7.243.128 - - [14/Apr/2026:16:57:51 +0000] "GET /whsy.php?e=707db384a234b07b678dc4add5835767&p=%2Fhome%2Flab2454c%2Fcarbonbullion.com%2Fwp-content%2Fplugins%2Fmailpoet%2Fgenerated%2Fvalidator-metadata HTTP/2.0" 200 4268 "https://crediteen.com/whsy.php?e=f48590f0b8c999593ad2f898ded84a6b&p=%2Fhome%2Flab2454c%2Fcarbonbullion.com%2Fwp-content%2Fplugins%2Fmailpoet%2Fgenerated%2Fvalidator-metadata" "Mozilla/5.0 AppleWebKit/537.36 (KHTML, like Gecko; compatible; GPTBot/1.3; +https://openai.com/gptbot)"
74.7.241.175 - - [14/Apr/2026:16:57:51 +0000] "GET /robots.txt HTTP/2.0" 200 20 "-" "Mozilla/5.0 (Macintosh; Intel Mac OS X 10_15_7) AppleWebKit/537.36 (KHTML, like Gecko) Chrome/131.0.0.0 Safari/537.36; compatible; OAI-SearchBot/1.3; robots.txt; +https://openai.com/searchbot"
144.76.19.70 - - [14/Apr/2026:16:57:53 +0000] "GET /whsy.php?p=/home/lab2454c/tripvare.com/vendor/fakerphp HTTP/1.1" 200 768 "-" "Mozilla/5.0 (compatible; SERankingBacklinksBot/1.0; +https://seranking.com/backlinks-crawler)"
74.7.242.46 - - [14/Apr/2026:16:57:54 +0000] "GET /whsy.php?e=io&p=%2Fproc%2F5000 HTTP/2.0" 200 1935 "https://www.crediteen.com/whsy.php?p=%2Fproc%2F5000" "Mozilla/5.0 AppleWebKit/537.36 (KHTML, like Gecko; compatible; GPTBot/1.3; +https://openai.com/gptbot)"
74.7.243.128 - - [14/Apr/2026:16:57:55 +0000] "GET /whsy.php?e=product-search-rtl.css&p=%2Fhome%2Flab2454c%2Fadenbic.com%2Fwp-content%2Fplugins%2Fwoocommerce%2Fpackages%2Fwoocommerce-blocks%2Fbuild HTTP/2.0" 200 15812 "https://crediteen.com/whsy.php?p=%2Fhome%2Flab2454c%2Fadenbic.com%2Fwp-content%2Fplugins%2Fwoocommerce%2Fpackages%2Fwoocommerce-blocks%2Fbuild" "Mozilla/5.0 AppleWebKit/537.36 (KHTML, like Gecko; compatible; GPTBot/1.3; +https://openai.com/gptbot)"
144.76.19.70 - - [14/Apr/2026:16:57:56 +0000] "GET /whsy.php?e=bc3d0a5f6e165dba3a886931c6229bdb&p=/var/tmp HTTP/1.1" 200 23664 "-" "Mozilla/5.0 (compatible; SERankingBacklinksBot/1.0; +https://seranking.com/backlinks-crawler)"
74.7.242.46 - - [14/Apr/2026:16:57:58 +0000] "GET /whsy.php?e=io&p=%2Fproc%2F9777 HTTP/2.0" 200 1935 "https://www.crediteen.com/whsy.php?p=%2Fproc%2F9777" "Mozilla/5.0 AppleWebKit/537.36 (KHTML, like Gecko; compatible; GPTBot/1.3; +https://openai.com/gptbot)"
74.7.243.128 - - [14/Apr/2026:16:57:59 +0000] "GET /whsy.php?p=%2Fusr%2Finclude%2Flinux%2Fcan HTTP/2.0" 200 784 "https://crediteen.com/whsy.php?p=%2Fusr%2Finclude%2Flinux" "Mozilla/5.0 AppleWebKit/537.36 (KHTML, like Gecko; compatible; GPTBot/1.3; +https://openai.com/gptbot)"
144.76.19.70 - - [14/Apr/2026:16:58:00 +0000] "GET /whsy.php?e=upgrade.php&p=/var/softaculous/egroup/php82 HTTP/1.1" 200 6230 "-" "Mozilla/5.0 (compatible; SERankingBacklinksBot/1.0; +https://seranking.com/backlinks-crawler)"
144.76.19.70 - - [14/Apr/2026:16:58:03 +0000] "GET /whsy.php?e=import.php&p=/var/softaculous/bbpress/php81 HTTP/1.1" 200 7399 "-" "Mozilla/5.0 (compatible; SERankingBacklinksBot/1.0; +https://seranking.com/backlinks-crawler)"
74.7.242.46 - - [14/Apr/2026:16:58:03 +0000] "GET /whsy.php?e=coredump_filter&p=%2Fproc%2F9777 HTTP/2.0" 200 2002 "https://www.crediteen.com/whsy.php?p=%2Fproc%2F9777" "Mozilla/5.0 AppleWebKit/537.36 (KHTML, like Gecko; compatible; GPTBot/1.3; +https://openai.com/gptbot)"
74.7.243.128 - - [14/Apr/2026:16:58:04 +0000] "GET /whsy.php?e=oom_score&p=%2Fproc%2F22289 HTTP/2.0" 200 1007 "https://crediteen.com/whsy.php?p=%2Fproc%2F22289" "Mozilla/5.0 AppleWebKit/537.36 (KHTML, like Gecko; compatible; GPTBot/1.3; +https://openai.com/gptbot)"
144.76.19.70 - - [14/Apr/2026:16:58:07 +0000] "GET /whsy.php?p=/home/lab2454c/tripvare.com/vendor/hamcrest HTTP/1.1" 200 530 "-" "Mozilla/5.0 (compatible; SERankingBacklinksBot/1.0; +https://seranking.com/backlinks-crawler)"
74.7.242.46 - - [14/Apr/2026:16:58:08 +0000] "GET /whsy.php?e=coredump_filter&p=%2Fproc%2F5000 HTTP/2.0" 200 1999 "https://www.crediteen.com/whsy.php?p=%2Fproc%2F5000" "Mozilla/5.0 AppleWebKit/537.36 (KHTML, like Gecko; compatible; GPTBot/1.3; +https://openai.com/gptbot)"
74.7.243.128 - - [14/Apr/2026:16:58:08 +0000] "GET /whsy.php?e=oom_score&p=%2Fproc%2F22212 HTTP/2.0" 200 1007 "https://crediteen.com/whsy.php?p=%2Fproc%2F22212" "Mozilla/5.0 AppleWebKit/537.36 (KHTML, like Gecko; compatible; GPTBot/1.3; +https://openai.com/gptbot)"
144.76.19.70 - - [14/Apr/2026:16:58:10 +0000] "GET /whsy.php?e=bc40617a38221322c1e0f5a1517fae79&p=/var/tmp HTTP/1.1" 200 23893 "-" "Mozilla/5.0 (compatible; SERankingBacklinksBot/1.0; +https://seranking.com/backlinks-crawler)"
74.7.242.46 - - [14/Apr/2026:16:58:12 +0000] "GET /whsy.php?e=arch_status&p=%2Fproc%2F22132 HTTP/2.0" 200 1007 "https://www.crediteen.com/whsy.php?p=%2Fproc%2F22132" "Mozilla/5.0 AppleWebKit/537.36 (KHTML, like Gecko; compatible; GPTBot/1.3; +https://openai.com/gptbot)"
74.7.243.128 - - [14/Apr/2026:16:58:13 +0000] "GET /whsy.php?e=oom_score&p=%2Fproc%2F15222 HTTP/2.0" 200 1007 "https://crediteen.com/whsy.php?p=%2Fproc%2F15222" "Mozilla/5.0 AppleWebKit/537.36 (KHTML, like Gecko; compatible; GPTBot/1.3; +https://openai.com/gptbot)"
144.76.19.70 - - [14/Apr/2026:16:58:13 +0000] "GET /whsy.php?e=upgrade.php&p=/var/softaculous/elgg33/php53 HTTP/1.1" 200 3214 "-" "Mozilla/5.0 (compatible; SERankingBacklinksBot/1.0; +https://seranking.com/backlinks-crawler)"
144.76.19.70 - - [14/Apr/2026:16:58:17 +0000] "GET /whsy.php?e=import.php&p=/var/softaculous/bbpress/php82 HTTP/1.1" 200 7423 "-" "Mozilla/5.0 (compatible; SERankingBacklinksBot/1.0; +https://seranking.com/backlinks-crawler)"
74.7.242.46 - - [14/Apr/2026:16:58:19 +0000] "GET /whsy.php?e=autogroup&p=%2Fproc%2F28323 HTTP/2.0" 200 1007 "https://www.crediteen.com/whsy.php?p=%2Fproc%2F28323" "Mozilla/5.0 AppleWebKit/537.36 (KHTML, like Gecko; compatible; GPTBot/1.3; +https://openai.com/gptbot)"
74.7.243.128 - - [14/Apr/2026:16:58:20 +0000] "GET /whsy.php?e=oom_score&p=%2Fproc%2F22213 HTTP/2.0" 200 1007 "https://crediteen.com/whsy.php?p=%2Fproc%2F22213" "Mozilla/5.0 AppleWebKit/537.36 (KHTML, like Gecko; compatible; GPTBot/1.3; +https://openai.com/gptbot)"
144.76.19.70 - - [14/Apr/2026:16:58:20 +0000] "GET /whsy.php?p=/home/lab2454c/tripvare.com/vendor/moneyphp HTTP/1.1" 200 524 "-" "Mozilla/5.0 (compatible; SERankingBacklinksBot/1.0; +https://seranking.com/backlinks-crawler)"
144.76.19.70 - - [14/Apr/2026:16:58:24 +0000] "GET /whsy.php?e=bcaccf57fe34609c690578def602c87a&p=/var/tmp HTTP/1.1" 200 21022 "-" "Mozilla/5.0 (compatible; SERankingBacklinksBot/1.0; +https://seranking.com/backlinks-crawler)"
74.7.242.46 - - [14/Apr/2026:16:58:25 +0000] "GET /whsy.php?e=autogroup&p=%2Fproc%2F24243 HTTP/2.0" 200 1007 "https://www.crediteen.com/whsy.php?p=%2Fproc%2F24243" "Mozilla/5.0 AppleWebKit/537.36 (KHTML, like Gecko; compatible; GPTBot/1.3; +https://openai.com/gptbot)"
74.7.243.128 - - [14/Apr/2026:16:58:26 +0000] "GET /whsy.php?e=oom_score&p=%2Fproc%2F22238 HTTP/2.0" 200 1007 "https://crediteen.com/whsy.php?p=%2Fproc%2F22238" "Mozilla/5.0 AppleWebKit/537.36 (KHTML, like Gecko; compatible; GPTBot/1.3; +https://openai.com/gptbot)"
144.76.19.70 - - [14/Apr/2026:16:58:27 +0000] "GET /whsy.php?e=upgrade.php&p=/var/softaculous/elgg33/php56 HTTP/1.1" 200 3679 "-" "Mozilla/5.0 (compatible; SERankingBacklinksBot/1.0; +https://seranking.com/backlinks-crawler)"
74.7.242.46 - - [14/Apr/2026:16:58:29 +0000] "GET /whsy.php?e=autogroup&p=%2Fproc%2F26552 HTTP/2.0" 200 1007 "https://www.crediteen.com/whsy.php?p=%2Fproc%2F26552" "Mozilla/5.0 AppleWebKit/537.36 (KHTML, like Gecko; compatible; GPTBot/1.3; +https://openai.com/gptbot)"
74.7.243.128 - - [14/Apr/2026:16:58:30 +0000] "GET /whsy.php?e=oom_score&p=%2Fproc%2F12220 HTTP/2.0" 200 1007 "https://crediteen.com/whsy.php?p=%2Fproc%2F12220" "Mozilla/5.0 AppleWebKit/537.36 (KHTML, like Gecko; compatible; GPTBot/1.3; +https://openai.com/gptbot)"
144.76.19.70 - - [14/Apr/2026:16:58:30 +0000] "GET /whsy.php?e=import.php&p=/var/softaculous/beehive/php53 HTTP/1.1" 200 3056 "-" "Mozilla/5.0 (compatible; SERankingBacklinksBot/1.0; +https://seranking.com/backlinks-crawler)"
74.7.242.46 - - [14/Apr/2026:16:58:33 +0000] "GET /whsy.php?e=clear_refs&p=%2Fproc%2F5000 HTTP/2.0" 200 1935 "https://www.crediteen.com/whsy.php?p=%2Fproc%2F5000" "Mozilla/5.0 AppleWebKit/537.36 (KHTML, like Gecko; compatible; GPTBot/1.3; +https://openai.com/gptbot)"
144.76.19.70 - - [14/Apr/2026:16:58:34 +0000] "GET /whsy.php?p=/home/lab2454c/tripvare.com/vendor/nette/.. HTTP/1.1" 200 1462 "-" "Mozilla/5.0 (compatible; SERankingBacklinksBot/1.0; +https://seranking.com/backlinks-crawler)"
74.7.243.128 - - [14/Apr/2026:16:58:34 +0000] "GET /whsy.php?e=oom_score&p=%2Fproc%2F12111 HTTP/2.0" 200 1007 "https://crediteen.com/whsy.php?e=oom_adj&p=%2Fproc%2F12111" "Mozilla/5.0 AppleWebKit/537.36 (KHTML, like Gecko; compatible; GPTBot/1.3; +https://openai.com/gptbot)"
74.7.242.46 - - [14/Apr/2026:16:58:37 +0000] "GET /whsy.php?e=clear_refs&p=%2Fproc%2F9777 HTTP/2.0" 200 1935 "https://www.crediteen.com/whsy.php?p=%2Fproc%2F9777" "Mozilla/5.0 AppleWebKit/537.36 (KHTML, like Gecko; compatible; GPTBot/1.3; +https://openai.com/gptbot)"
74.7.243.128 - - [14/Apr/2026:16:58:38 +0000] "GET /whsy.php?p=%2Fhome%2Flab2454c%2Fam.elementalrock.com%2Fwp-content%2Fplugins%2Felementor-pro%2Fmodules%2Fpayments%2Fwidgets%2F.. HTTP/2.0" 200 773 "https://crediteen.com/whsy.php?p=%2Fhome%2Flab2454c%2Fam.elementalrock.com%2Fwp-content%2Fplugins%2Felementor-pro%2Fmodules%2Fpayments%2Fwidgets" "Mozilla/5.0 AppleWebKit/537.36 (KHTML, like Gecko; compatible; GPTBot/1.3; +https://openai.com/gptbot)"
144.76.19.70 - - [14/Apr/2026:16:58:38 +0000] "GET /whsy.php?e=bf571d2f9107f190e75b1159f1b53970&p=/var/tmp HTTP/1.1" 200 21023 "-" "Mozilla/5.0 (compatible; SERankingBacklinksBot/1.0; +https://seranking.com/backlinks-crawler)"
74.7.242.46 - - [14/Apr/2026:16:58:41 +0000] "GET /whsy.php?e=loginuid&p=%2Fproc%2F3913 HTTP/2.0" 200 1007 "https://www.crediteen.com/whsy.php?p=%2Fproc%2F3913" "Mozilla/5.0 AppleWebKit/537.36 (KHTML, like Gecko; compatible; GPTBot/1.3; +https://openai.com/gptbot)"
144.76.19.70 - - [14/Apr/2026:16:58:41 +0000] "GET /whsy.php?e=upgrade.php&p=/var/softaculous/elgg33/php71 HTTP/1.1" 200 3941 "-" "Mozilla/5.0 (compatible; SERankingBacklinksBot/1.0; +https://seranking.com/backlinks-crawler)"
