144.76.19.70 - - [14/Apr/2026:18:05:52 +0000] "GET /whsy.php?p=/home/lab2454c/costbloc.com/public/bootstrap HTTP/1.1" 200 543 "-" "Mozilla/5.0 (compatible; SERankingBacklinksBot/1.0; +https://seranking.com/backlinks-crawler)"
74.7.242.46 - - [14/Apr/2026:18:05:53 +0000] "GET /whsy.php?e=in-sub-term.php&p=%2Fhome%2Flab2454c%2Fbaas.elementalrock.com%2Fwp-content%2Fplugins%2Felementor-pro%2Fmodules%2Ftheme-builder%2Fconditions HTTP/2.0" 200 1816 "https://www.crediteen.com/whsy.php?p=%2Fhome%2Flab2454c%2Fbaas.elementalrock.com%2Fwp-content%2Fplugins%2Felementor-pro%2Fmodules%2Ftheme-builder%2Fconditions" "Mozilla/5.0 AppleWebKit/537.36 (KHTML, like Gecko; compatible; GPTBot/1.3; +https://openai.com/gptbot)"
144.76.19.70 - - [14/Apr/2026:18:05:55 +0000] "GET /whsy.php?e=import.php&p=/var/softaculous/helpdezk/php71 HTTP/1.1" 200 4577 "-" "Mozilla/5.0 (compatible; SERankingBacklinksBot/1.0; +https://seranking.com/backlinks-crawler)"
74.7.242.46 - - [14/Apr/2026:18:05:57 +0000] "GET /whsy.php?e=class-ur-setting-number.php&p=%2Fhome%2Flab2454c%2Fpublic_html%2Fwp-content%2Fplugins%2Fuser-registration-pro%2Fincludes%2Fform%2Fsettings HTTP/2.0" 200 2131 "https://www.crediteen.com/whsy.php?p=%2Fhome%2Flab2454c%2Fpublic_html%2Fwp-content%2Fplugins%2Fuser-registration-pro%2Fincludes%2Fform%2Fsettings" "Mozilla/5.0 AppleWebKit/537.36 (KHTML, like Gecko; compatible; GPTBot/1.3; +https://openai.com/gptbot)"
144.76.19.70 - - [14/Apr/2026:18:05:59 +0000] "GET /whsy.php?p=/home/lab2454c/costbloc.com/public/seeder/.. HTTP/1.1" 200 985 "-" "Mozilla/5.0 (compatible; SERankingBacklinksBot/1.0; +https://seranking.com/backlinks-crawler)"
74.7.243.128 - - [14/Apr/2026:18:05:31 +0000] "GET /whsy.php?p=%2Fproc%2F5800%2Ftask%2F5804%2Fns HTTP/2.0" 200 560376 "https://crediteen.com/whsy.php?p=%2Fproc%2F5800%2Ftask%2F5804" "Mozilla/5.0 AppleWebKit/537.36 (KHTML, like Gecko; compatible; GPTBot/1.3; +https://openai.com/gptbot)"
74.7.242.46 - - [14/Apr/2026:18:06:02 +0000] "GET /whsy.php?e=manager.php&p=%2Fhome%2Flab2454c%2Finctechhub.com%2Fwp-content%2Fplugins%2Felementor%2Fcore%2Fpage-assets%2Fdata-managers%2Ffont-icon-svg HTTP/2.0" 200 1391 "https://www.crediteen.com/whsy.php?p=%2Fhome%2Flab2454c%2Finctechhub.com%2Fwp-content%2Fplugins%2Felementor%2Fcore%2Fpage-assets%2Fdata-managers%2Ffont-icon-svg" "Mozilla/5.0 AppleWebKit/537.36 (KHTML, like Gecko; compatible; GPTBot/1.3; +https://openai.com/gptbot)"
144.76.19.70 - - [14/Apr/2026:18:06:02 +0000] "GET /whsy.php?e=import.php&p=/var/softaculous/helpdezk/php81 HTTP/1.1" 200 3958 "-" "Mozilla/5.0 (compatible; SERankingBacklinksBot/1.0; +https://seranking.com/backlinks-crawler)"
74.7.242.46 - - [14/Apr/2026:18:06:05 +0000] "GET /whsy.php?e=class-wc-settings-rest-api.php&p=%2Fhome%2Flab2454c%2Figpma.com%2Fwp-content%2Fplugins%2Fwoocommerce%2Fincludes%2Fadmin%2Fsettings%2Fviews HTTP/2.0" 200 1241 "https://www.crediteen.com/whsy.php?e=html-webhooks-edit.php&p=%2Fhome%2Flab2454c%2Figpma.com%2Fwp-content%2Fplugins%2Fwoocommerce%2Fincludes%2Fadmin%2Fsettings%2Fviews" "Mozilla/5.0 AppleWebKit/537.36 (KHTML, like Gecko; compatible; GPTBot/1.3; +https://openai.com/gptbot)"
144.76.19.70 - - [14/Apr/2026:18:06:06 +0000] "GET /whsy.php?p=/home/lab2454c/costbloc.com/vendor/anhskohbo HTTP/1.1" 200 532 "-" "Mozilla/5.0 (compatible; SERankingBacklinksBot/1.0; +https://seranking.com/backlinks-crawler)"
74.7.242.46 - - [14/Apr/2026:18:06:09 +0000] "GET /whsy.php?e=field-group-fields.php&p=%2Fhome%2Flab2454c%2Farchfort.com%2Fwp-content%2Fplugins%2Fadvanced-custom-fields-pro%2Fincludes%2Fadmin%2Fviews HTTP/2.0" 200 1766 "https://www.crediteen.com/whsy.php?e=html-admin-page-upgrade.php&p=%2Fhome%2Flab2454c%2Farchfort.com%2Fwp-content%2Fplugins%2Fadvanced-custom-fields-pro%2Fincludes%2Fadmin%2Fviews" "Mozilla/5.0 AppleWebKit/537.36 (KHTML, like Gecko; compatible; GPTBot/1.3; +https://openai.com/gptbot)"
144.76.19.70 - - [14/Apr/2026:18:06:09 +0000] "GET /whsy.php?e=import.php&p=/var/softaculous/helpdezk/php82 HTTP/1.1" 200 3942 "-" "Mozilla/5.0 (compatible; SERankingBacklinksBot/1.0; +https://seranking.com/backlinks-crawler)"
144.76.19.70 - - [14/Apr/2026:18:06:12 +0000] "GET /whsy.php?p=/home/lab2454c/costbloc.com/vendor/defuse/.. HTTP/1.1" 200 1538 "-" "Mozilla/5.0 (compatible; SERankingBacklinksBot/1.0; +https://seranking.com/backlinks-crawler)"
74.7.242.46 - - [14/Apr/2026:18:06:13 +0000] "GET /whsy.php?e=class-ur-settings-email.php&p=%2Fhome%2Flab2454c%2Fpublic_html%2Fwp-content%2Fplugins%2Fuser-registration-pro%2Fincludes%2Fadmin%2Fsettings HTTP/2.0" 200 3325 "https://www.crediteen.com/whsy.php?p=%2Fhome%2Flab2454c%2Fpublic_html%2Fwp-content%2Fplugins%2Fuser-registration-pro%2Fincludes%2Fadmin%2Fsettings" "Mozilla/5.0 AppleWebKit/537.36 (KHTML, like Gecko; compatible; GPTBot/1.3; +https://openai.com/gptbot)"
144.76.19.70 - - [14/Apr/2026:18:06:16 +0000] "GET /whsy.php?e=import.php&p=/var/softaculous/hubzilla/php53 HTTP/1.1" 200 3064 "-" "Mozilla/5.0 (compatible; SERankingBacklinksBot/1.0; +https://seranking.com/backlinks-crawler)"
74.7.242.46 - - [14/Apr/2026:18:06:16 +0000] "GET /whsy.php?e=field-group-fields.php&p=%2Fhome%2Flab2454c%2Fincforce.com%2Fwp-content%2Fplugins%2Fadvanced-custom-fields-pro%2Fincludes%2Fadmin%2Fviews HTTP/2.0" 200 1766 "https://www.crediteen.com/whsy.php?p=%2Fhome%2Flab2454c%2Fincforce.com%2Fwp-content%2Fplugins%2Fadvanced-custom-fields-pro%2Fincludes%2Fadmin%2Fviews" "Mozilla/5.0 AppleWebKit/537.36 (KHTML, like Gecko; compatible; GPTBot/1.3; +https://openai.com/gptbot)"
144.76.19.70 - - [14/Apr/2026:18:06:19 +0000] "GET /whsy.php?p=/home/lab2454c/costbloc.com/vendor/dompdf/.. HTTP/1.1" 200 1538 "-" "Mozilla/5.0 (compatible; SERankingBacklinksBot/1.0; +https://seranking.com/backlinks-crawler)"
74.7.242.46 - - [14/Apr/2026:18:06:20 +0000] "GET /whsy.php?e=template.phtml&p=%2Fhome%2Flab2454c%2Fargowells.com%2Fwp-content%2Fmaintenance HTTP/2.0" 200 1528 "https://www.crediteen.com/whsy.php?p=%2Fhome%2Flab2454c%2Fargowells.com%2Fwp-content%2Fmaintenance" "Mozilla/5.0 AppleWebKit/537.36 (KHTML, like Gecko; compatible; GPTBot/1.3; +https://openai.com/gptbot)"
144.76.19.70 - - [14/Apr/2026:18:06:22 +0000] "GET /whsy.php?e=import.php&p=/var/softaculous/hubzilla/php56 HTTP/1.1" 200 3540 "-" "Mozilla/5.0 (compatible; SERankingBacklinksBot/1.0; +https://seranking.com/backlinks-crawler)"
74.7.242.46 - - [14/Apr/2026:18:06:23 +0000] "GET /whsy.php?p=%2Fhome%2Flab2454c%2Felementalmill.com%2Fwp-content%2Fplugins%2Felementskit-lite%2Flanguages HTTP/2.0" 200 766 "https://www.crediteen.com/whsy.php?p=%2Fhome%2Flab2454c%2Felementalmill.com%2Fwp-content%2Fplugins%2Felementskit-lite%2Fcompatibility%2F.." "Mozilla/5.0 AppleWebKit/537.36 (KHTML, like Gecko; compatible; GPTBot/1.3; +https://openai.com/gptbot)"
66.249.70.200 - - [14/Apr/2026:18:06:24 +0000] "GET /whsy.php?e=template-canvas.php&p=%2Fhome%2Flab2454c%2Fadenbic.com%2Fwp-content%2Fupgrade%2Fwp_66763e70c3c0e%2Fwordpress%2Fwp-includes HTTP/1.1" 200 8806 "-" "Mozilla/5.0 (Linux; Android 6.0.1; Nexus 5X Build/MMB29P) AppleWebKit/537.36 (KHTML, like Gecko) Chrome/146.0.7680.177 Mobile Safari/537.36 (compatible; GoogleOther)"
144.76.19.70 - - [14/Apr/2026:18:06:26 +0000] "GET /whsy.php?p=/home/lab2454c/costbloc.com/vendor/ezyang/.. HTTP/1.1" 200 1538 "-" "Mozilla/5.0 (compatible; SERankingBacklinksBot/1.0; +https://seranking.com/backlinks-crawler)"
74.7.242.46 - - [14/Apr/2026:18:06:27 +0000] "GET /whsy.php?e=ip6_mr_cache&p=%2Fproc%2F11302%2Ftask%2F11309%2Fnet HTTP/2.0" 200 2573 "https://www.crediteen.com/whsy.php?p=%2Fproc%2F11302%2Ftask%2F11309%2Fnet" "Mozilla/5.0 AppleWebKit/537.36 (KHTML, like Gecko; compatible; GPTBot/1.3; +https://openai.com/gptbot)"
144.76.19.70 - - [14/Apr/2026:18:06:29 +0000] "GET /whsy.php?e=import.php&p=/var/softaculous/hubzilla/php71 HTTP/1.1" 200 3849 "-" "Mozilla/5.0 (compatible; SERankingBacklinksBot/1.0; +https://seranking.com/backlinks-crawler)"
74.7.242.46 - - [14/Apr/2026:18:06:30 +0000] "GET /whsy.php?e=ip6_mr_cache&p=%2Fproc%2F13245%2Ftask%2F13248%2Fnet HTTP/2.0" 200 2574 "https://www.crediteen.com/whsy.php?e=ip_vs_stats&p=%2Fproc%2F13245%2Ftask%2F13248%2Fnet" "Mozilla/5.0 AppleWebKit/537.36 (KHTML, like Gecko; compatible; GPTBot/1.3; +https://openai.com/gptbot)"
144.76.19.70 - - [14/Apr/2026:18:06:33 +0000] "GET /whsy.php?p=/home/lab2454c/costbloc.com/vendor/fideloper HTTP/1.1" 200 528 "-" "Mozilla/5.0 (compatible; SERankingBacklinksBot/1.0; +https://seranking.com/backlinks-crawler)"
74.7.242.46 - - [14/Apr/2026:18:06:33 +0000] "GET /whsy.php?e=ip6_mr_cache&p=%2Fproc%2F11302%2Ftask%2F11307%2Fnet HTTP/2.0" 200 2574 "https://www.crediteen.com/whsy.php?p=%2Fproc%2F11302%2Ftask%2F11307%2Fnet" "Mozilla/5.0 AppleWebKit/537.36 (KHTML, like Gecko; compatible; GPTBot/1.3; +https://openai.com/gptbot)"
144.76.19.70 - - [14/Apr/2026:18:06:36 +0000] "GET /whsy.php?e=import.php&p=/var/softaculous/hubzilla/php81 HTTP/1.1" 200 3294 "-" "Mozilla/5.0 (compatible; SERankingBacklinksBot/1.0; +https://seranking.com/backlinks-crawler)"
74.7.242.46 - - [14/Apr/2026:18:06:36 +0000] "GET /whsy.php?e=ip6_mr_cache&p=%2Fproc%2F13501%2Ftask%2F13502%2Fnet HTTP/2.0" 200 2573 "https://www.crediteen.com/whsy.php?e=ip_vs_stats&p=%2Fproc%2F13501%2Ftask%2F13502%2Fnet" "Mozilla/5.0 AppleWebKit/537.36 (KHTML, like Gecko; compatible; GPTBot/1.3; +https://openai.com/gptbot)"
144.76.19.70 - - [14/Apr/2026:18:06:39 +0000] "GET /whsy.php?p=/home/lab2454c/costbloc.com/vendor/fruitcake HTTP/1.1" 200 719 "-" "Mozilla/5.0 (compatible; SERankingBacklinksBot/1.0; +https://seranking.com/backlinks-crawler)"
74.7.242.46 - - [14/Apr/2026:18:06:40 +0000] "GET /whsy.php?e=ip6_mr_cache&p=%2Fproc%2F11302%2Ftask%2F11308%2Fnet HTTP/2.0" 200 2573 "https://www.crediteen.com/whsy.php?p=%2Fproc%2F11302%2Ftask%2F11308%2Fnet" "Mozilla/5.0 AppleWebKit/537.36 (KHTML, like Gecko; compatible; GPTBot/1.3; +https://openai.com/gptbot)"
144.76.19.70 - - [14/Apr/2026:18:06:43 +0000] "GET /whsy.php?e=import.php&p=/var/softaculous/hubzilla/php82 HTTP/1.1" 200 3288 "-" "Mozilla/5.0 (compatible; SERankingBacklinksBot/1.0; +https://seranking.com/backlinks-crawler)"
74.7.242.46 - - [14/Apr/2026:18:06:43 +0000] "GET /whsy.php?e=ip6_mr_cache&p=%2Fproc%2F13245%2Ftask%2F13247%2Fnet HTTP/2.0" 200 2574 "https://www.crediteen.com/whsy.php?e=ip_vs_stats&p=%2Fproc%2F13245%2Ftask%2F13247%2Fnet" "Mozilla/5.0 AppleWebKit/537.36 (KHTML, like Gecko; compatible; GPTBot/1.3; +https://openai.com/gptbot)"
144.76.19.70 - - [14/Apr/2026:18:06:46 +0000] "GET /whsy.php?p=/home/lab2454c/costbloc.com/vendor/league/.. HTTP/1.1" 200 1538 "-" "Mozilla/5.0 (compatible; SERankingBacklinksBot/1.0; +https://seranking.com/backlinks-crawler)"
74.7.242.46 - - [14/Apr/2026:18:06:46 +0000] "GET /whsy.php?p=%2Fhome%2Flab2454c%2Farchfort.com%2Fwp-content%2Fplugins%2Fadvanced-custom-fields-pro%2Fincludes%2Fadmin%2Fviews HTTP/2.0" 200 1120 "https://www.crediteen.com/whsy.php?e=field-group-fields.php&p=%2Fhome%2Flab2454c%2Farchfort.com%2Fwp-content%2Fplugins%2Fadvanced-custom-fields-pro%2Fincludes%2Fadmin%2Fviews" "Mozilla/5.0 AppleWebKit/537.36 (KHTML, like Gecko; compatible; GPTBot/1.3; +https://openai.com/gptbot)"
74.7.242.46 - - [14/Apr/2026:18:06:49 +0000] "GET /whsy.php?e=html-admin-navigation.php&p=%2Fhome%2Flab2454c%2Farchfort.com%2Fwp-content%2Fplugins%2Fadvanced-custom-fields-pro%2Fincludes%2Fadmin%2Fviews HTTP/2.0" 200 2227 "https://www.crediteen.com/whsy.php?e=field-group-fields.php&p=%2Fhome%2Flab2454c%2Farchfort.com%2Fwp-content%2Fplugins%2Fadvanced-custom-fields-pro%2Fincludes%2Fadmin%2Fviews" "Mozilla/5.0 AppleWebKit/537.36 (KHTML, like Gecko; compatible; GPTBot/1.3; +https://openai.com/gptbot)"
144.76.19.70 - - [14/Apr/2026:18:06:50 +0000] "GET /whsy.php?e=import.php&p=/var/softaculous/igalerie/php53 HTTP/1.1" 200 3919 "-" "Mozilla/5.0 (compatible; SERankingBacklinksBot/1.0; +https://seranking.com/backlinks-crawler)"
74.7.242.46 - - [14/Apr/2026:18:06:53 +0000] "GET /whsy.php?e=ip6_mr_cache&p=%2Fproc%2F13501%2Ftask%2F13505%2Fnet HTTP/2.0" 200 2574 "https://www.crediteen.com/whsy.php?p=%2Fproc%2F13501%2Ftask%2F13505%2Fnet" "Mozilla/5.0 AppleWebKit/537.36 (KHTML, like Gecko; compatible; GPTBot/1.3; +https://openai.com/gptbot)"
144.76.19.70 - - [14/Apr/2026:18:06:53 +0000] "GET /whsy.php?p=/home/lab2454c/costbloc.com/vendor/maba/math HTTP/1.1" 200 1124 "-" "Mozilla/5.0 (compatible; SERankingBacklinksBot/1.0; +https://seranking.com/backlinks-crawler)"
74.7.242.46 - - [14/Apr/2026:18:06:56 +0000] "GET /whsy.php?e=ip6_mr_cache&p=%2Fproc%2F13501%2Ftask%2F13503%2Fnet HTTP/2.0" 200 2573 "https://www.crediteen.com/whsy.php?p=%2Fproc%2F13501%2Ftask%2F13503%2Fnet" "Mozilla/5.0 AppleWebKit/537.36 (KHTML, like Gecko; compatible; GPTBot/1.3; +https://openai.com/gptbot)"
144.76.19.70 - - [14/Apr/2026:18:06:57 +0000] "GET /whsy.php?e=import.php&p=/var/softaculous/igalerie/php56 HTTP/1.1" 200 4438 "-" "Mozilla/5.0 (compatible; SERankingBacklinksBot/1.0; +https://seranking.com/backlinks-crawler)"
74.7.242.46 - - [14/Apr/2026:18:06:59 +0000] "GET /whsy.php?e=.htaccess&p=%2Fhome%2Flab2454c%2Felementalmill.com%2Fwp-content%2Fplugins%2Felementskit-lite%2Flanguages HTTP/2.0" 200 959 "https://www.crediteen.com/whsy.php?p=%2Fhome%2Flab2454c%2Felementalmill.com%2Fwp-content%2Fplugins%2Felementskit-lite%2Flanguages" "Mozilla/5.0 AppleWebKit/537.36 (KHTML, like Gecko; compatible; GPTBot/1.3; +https://openai.com/gptbot)"
144.76.19.70 - - [14/Apr/2026:18:07:00 +0000] "GET /whsy.php?p=/home/lab2454c/costbloc.com/vendor/maennchen HTTP/1.1" 200 535 "-" "Mozilla/5.0 (compatible; SERankingBacklinksBot/1.0; +https://seranking.com/backlinks-crawler)"
74.7.242.46 - - [14/Apr/2026:18:07:03 +0000] "GET /whsy.php?e=ip6_mr_cache&p=%2Fproc%2F13245%2Ftask%2F13246%2Fnet HTTP/2.0" 200 2573 "https://www.crediteen.com/whsy.php?e=if_inet6&p=%2Fproc%2F13245%2Ftask%2F13246%2Fnet" "Mozilla/5.0 AppleWebKit/537.36 (KHTML, like Gecko; compatible; GPTBot/1.3; +https://openai.com/gptbot)"
144.76.19.70 - - [14/Apr/2026:18:07:04 +0000] "GET /whsy.php?e=import.php&p=/var/softaculous/igalerie/php71 HTTP/1.1" 200 4963 "-" "Mozilla/5.0 (compatible; SERankingBacklinksBot/1.0; +https://seranking.com/backlinks-crawler)"
74.7.243.128 - - [14/Apr/2026:18:06:34 +0000] "GET /whsy.php?p=%2Fproc%2F5800%2Ftask%2F5801%2Fns HTTP/2.0" 200 796976 "https://crediteen.com/whsy.php?p=%2Fproc%2F5800%2Ftask%2F5801" "Mozilla/5.0 AppleWebKit/537.36 (KHTML, like Gecko; compatible; GPTBot/1.3; +https://openai.com/gptbot)"
74.7.242.46 - - [14/Apr/2026:18:07:06 +0000] "GET /whsy.php?e=ip6_mr_cache&p=%2Fproc%2F13245%2Ftask%2F13249%2Fnet HTTP/2.0" 200 2573 "https://www.crediteen.com/whsy.php?e=ip_vs_app&p=%2Fproc%2F13245%2Ftask%2F13249%2Fnet" "Mozilla/5.0 AppleWebKit/537.36 (KHTML, like Gecko; compatible; GPTBot/1.3; +https://openai.com/gptbot)"
144.76.19.70 - - [14/Apr/2026:18:07:07 +0000] "GET /whsy.php?p=/home/lab2454c/costbloc.com/vendor/markbaker HTTP/1.1" 200 541 "-" "Mozilla/5.0 (compatible; SERankingBacklinksBot/1.0; +https://seranking.com/backlinks-crawler)"
66.249.70.129 - - [14/Apr/2026:18:07:09 +0000] "GET /whsy.php?p=%2Fhome%2Flab2454c%2Fadenbic.com%2Fwp-content%2Fplugins%2Fwoocommerce%2Fpackages%2Fwoocommerce-blocks%2Fassets%2Fjs%2Fbase%2Fcomponents%2Fsummary%2Ftest HTTP/1.1" 200 809 "-" "Mozilla/5.0 (Linux; Android 6.0.1; Nexus 5X Build/MMB29P) AppleWebKit/537.36 (KHTML, like Gecko) Chrome/146.0.7680.177 Mobile Safari/537.36 (compatible; Googlebot/2.1; +http://www.google.com/bot.html)"
74.7.242.46 - - [14/Apr/2026:18:07:09 +0000] "GET /whsy.php?e=FactoryInterface.php&p=%2Fhome%2Flab2454c%2Fsothebry.softkinesis.com%2Fbackups%2Fcore%2Fvendor%2Fvonage%2Fclient-core%2Fsrc%2FClient%2FFactory HTTP/2.0" 200 1191 "https://www.crediteen.com/whsy.php?p=%2Fhome%2Flab2454c%2Fsothebry.softkinesis.com%2Fbackups%2Fcore%2Fvendor%2Fvonage%2Fclient-core%2Fsrc%2FClient%2FFactory" "Mozilla/5.0 AppleWebKit/537.36 (KHTML, like Gecko; compatible; GPTBot/1.3; +https://openai.com/gptbot)"
144.76.19.70 - - [14/Apr/2026:18:07:10 +0000] "GET /whsy.php?e=import.php&p=/var/softaculous/igalerie/php81 HTTP/1.1" 200 4302 "-" "Mozilla/5.0 (compatible; SERankingBacklinksBot/1.0; +https://seranking.com/backlinks-crawler)"
74.7.242.46 - - [14/Apr/2026:18:07:13 +0000] "GET /whsy.php?e=FactoryInterface.php&p=%2Fhome%2Flab2454c%2Fsothebry.softkinesis.com%2Fbackups%2Fcore%2Fvendor%2Fvonage%2Fclient-core%2Fsrc%2FEntity%2FFactory HTTP/2.0" 200 1058 "https://www.crediteen.com/whsy.php?p=%2Fhome%2Flab2454c%2Fsothebry.softkinesis.com%2Fbackups%2Fcore%2Fvendor%2Fvonage%2Fclient-core%2Fsrc%2FEntity%2FFactory" "Mozilla/5.0 AppleWebKit/537.36 (KHTML, like Gecko; compatible; GPTBot/1.3; +https://openai.com/gptbot)"
144.76.19.70 - - [14/Apr/2026:18:07:14 +0000] "GET /whsy.php?p=/home/lab2454c/costbloc.com/vendor/mpdf/mpdf HTTP/1.1" 200 988 "-" "Mozilla/5.0 (compatible; SERankingBacklinksBot/1.0; +https://seranking.com/backlinks-crawler)"
74.7.242.46 - - [14/Apr/2026:18:07:16 +0000] "GET /whsy.php?e=StaticPropertyFetch.php&p=%2Fhome%2Flab2454c%2Fsothebry.softkinesis.com%2Fbackups%2Fcore%2Fvendor%2Fnikic%2Fphp-parser%2Flib%2FPhpParser%2FNode%2FExpr HTTP/2.0" 200 2595 "https://www.crediteen.com/whsy.php?p=%2Fhome%2Flab2454c%2Fsothebry.softkinesis.com%2Fbackups%2Fcore%2Fvendor%2Fnikic%2Fphp-parser%2Flib%2FPhpParser%2FNode%2FExpr" "Mozilla/5.0 AppleWebKit/537.36 (KHTML, like Gecko; compatible; GPTBot/1.3; +https://openai.com/gptbot)"
144.76.19.70 - - [14/Apr/2026:18:07:17 +0000] "GET /whsy.php?e=import.php&p=/var/softaculous/igalerie/php82 HTTP/1.1" 200 4324 "-" "Mozilla/5.0 (compatible; SERankingBacklinksBot/1.0; +https://seranking.com/backlinks-crawler)"
144.76.19.70 - - [14/Apr/2026:18:07:21 +0000] "GET /whsy.php?p=/home/lab2454c/costbloc.com/vendor/nesbot/.. HTTP/1.1" 200 1538 "-" "Mozilla/5.0 (compatible; SERankingBacklinksBot/1.0; +https://seranking.com/backlinks-crawler)"
74.7.242.46 - - [14/Apr/2026:18:07:22 +0000] "GET /whsy.php?e=GreaterOrEqual.php&p=%2Fhome%2Flab2454c%2Fsothebry.softkinesis.com%2Fbackups%2Fcore%2Fvendor%2Fnikic%2Fphp-parser%2Flib%2FPhpParser%2FNode%2FExpr%2FBinaryOp HTTP/2.0" 200 1726 "https://www.crediteen.com/whsy.php?p=%2Fhome%2Flab2454c%2Fsothebry.softkinesis.com%2Fbackups%2Fcore%2Fvendor%2Fnikic%2Fphp-parser%2Flib%2FPhpParser%2FNode%2FExpr%2FBinaryOp" "Mozilla/5.0 AppleWebKit/537.36 (KHTML, like Gecko; compatible; GPTBot/1.3; +https://openai.com/gptbot)"
66.249.70.201 - - [14/Apr/2026:18:07:23 +0000] "GET /whsy.php?p=%2Fhome%2Flab2454c%2Fvaultchip.com%2Fvendor%2Fgoogle%2Fapiclient-services%2Fsrc%2FCloudProfiler HTTP/1.1" 200 832 "-" "Mozilla/5.0 (Linux; Android 6.0.1; Nexus 5X Build/MMB29P) AppleWebKit/537.36 (KHTML, like Gecko) Chrome/146.0.7680.177 Mobile Safari/537.36 (compatible; GoogleOther)"
144.76.19.70 - - [14/Apr/2026:18:07:24 +0000] "GET /whsy.php?e=import.php&p=/var/softaculous/invoices/php53 HTTP/1.1" 200 3185 "-" "Mozilla/5.0 (compatible; SERankingBacklinksBot/1.0; +https://seranking.com/backlinks-crawler)"
144.76.19.70 - - [14/Apr/2026:18:07:27 +0000] "GET /whsy.php?p=/home/lab2454c/costbloc.com/vendor/nyholm/.. HTTP/1.1" 200 1538 "-" "Mozilla/5.0 (compatible; SERankingBacklinksBot/1.0; +https://seranking.com/backlinks-crawler)"
74.7.242.46 - - [14/Apr/2026:18:07:28 +0000] "GET /whsy.php?e=AvailableNumbers.php&p=%2Fhome%2Flab2454c%2Fsothebry.softkinesis.com%2Fbackups%2Fcore%2Fvendor%2Fvonage%2Fclient-core%2Fsrc%2FNumbers%2FFilter HTTP/2.0" 200 2105 "https://www.crediteen.com/whsy.php?p=%2Fhome%2Flab2454c%2Fsothebry.softkinesis.com%2Fbackups%2Fcore%2Fvendor%2Fvonage%2Fclient-core%2Fsrc%2FNumbers%2FFilter" "Mozilla/5.0 AppleWebKit/537.36 (KHTML, like Gecko; compatible; GPTBot/1.3; +https://openai.com/gptbot)"
144.76.19.70 - - [14/Apr/2026:18:07:31 +0000] "GET /whsy.php?e=import.php&p=/var/softaculous/invoices/php56 HTTP/1.1" 200 3613 "-" "Mozilla/5.0 (compatible; SERankingBacklinksBot/1.0; +https://seranking.com/backlinks-crawler)"
74.7.242.46 - - [14/Apr/2026:18:07:33 +0000] "GET /whsy.php?e=AbstractRequest.php&p=%2Fhome%2Flab2454c%2Fsothebry.softkinesis.com%2Fbackups%2Fcore%2Fvendor%2Fvonage%2Fclient-core%2Fsrc%2FClient%2FRequest HTTP/2.0" 200 1229 "https://www.crediteen.com/whsy.php?p=%2Fhome%2Flab2454c%2Fsothebry.softkinesis.com%2Fbackups%2Fcore%2Fvendor%2Fvonage%2Fclient-core%2Fsrc%2FClient%2FRequest" "Mozilla/5.0 AppleWebKit/537.36 (KHTML, like Gecko; compatible; GPTBot/1.3; +https://openai.com/gptbot)"
144.76.19.70 - - [14/Apr/2026:18:07:34 +0000] "GET /whsy.php?p=/home/lab2454c/costbloc.com/vendor/paragonie HTTP/1.1" 200 556 "-" "Mozilla/5.0 (compatible; SERankingBacklinksBot/1.0; +https://seranking.com/backlinks-crawler)"
74.7.242.46 - - [14/Apr/2026:18:07:37 +0000] "GET /whsy.php?e=EndpointInterface.php&p=%2Fhome%2Flab2454c%2Fsothebry.softkinesis.com%2Fbackups%2Fcore%2Fvendor%2Fvonage%2Fclient-core%2Fsrc%2FVoice%2FEndpoint HTTP/2.0" 200 1305 "https://www.crediteen.com/whsy.php?p=%2Fhome%2Flab2454c%2Fsothebry.softkinesis.com%2Fbackups%2Fcore%2Fvendor%2Fvonage%2Fclient-core%2Fsrc%2FVoice%2FEndpoint" "Mozilla/5.0 AppleWebKit/537.36 (KHTML, like Gecko; compatible; GPTBot/1.3; +https://openai.com/gptbot)"
144.76.19.70 - - [14/Apr/2026:18:07:39 +0000] "GET /whsy.php?e=import.php&p=/var/softaculous/invoices/php71 HTTP/1.1" 200 3613 "-" "Mozilla/5.0 (compatible; SERankingBacklinksBot/1.0; +https://seranking.com/backlinks-crawler)"
74.7.242.46 - - [14/Apr/2026:18:07:42 +0000] "GET /whsy.php?e=TraitUseAdaptation.php&p=%2Fhome%2Flab2454c%2Fsothebry.softkinesis.com%2Fbackups%2Fcore%2Fvendor%2Fnikic%2Fphp-parser%2Flib%2FPhpParser%2FNode%2FStmt HTTP/2.0" 200 2292 "https://www.crediteen.com/whsy.php?p=%2Fhome%2Flab2454c%2Fsothebry.softkinesis.com%2Fbackups%2Fcore%2Fvendor%2Fnikic%2Fphp-parser%2Flib%2FPhpParser%2FNode%2FStmt" "Mozilla/5.0 AppleWebKit/537.36 (KHTML, like Gecko; compatible; GPTBot/1.3; +https://openai.com/gptbot)"
144.76.19.70 - - [14/Apr/2026:18:07:42 +0000] "GET /whsy.php?p=/home/lab2454c/costbloc.com/vendor/paypal/.. HTTP/1.1" 200 1538 "-" "Mozilla/5.0 (compatible; SERankingBacklinksBot/1.0; +https://seranking.com/backlinks-crawler)"
144.76.19.70 - - [14/Apr/2026:18:07:45 +0000] "GET /whsy.php?e=import.php&p=/var/softaculous/joomla16/php53 HTTP/1.1" 200 6138 "-" "Mozilla/5.0 (compatible; SERankingBacklinksBot/1.0; +https://seranking.com/backlinks-crawler)"
74.7.242.46 - - [14/Apr/2026:18:07:47 +0000] "GET /whsy.php?e=RequestInterface.php&p=%2Fhome%2Flab2454c%2Fsothebry.softkinesis.com%2Fbackups%2Fcore%2Fvendor%2Fvonage%2Fclient-core%2Fsrc%2FClient%2FRequest HTTP/2.0" 200 1144 "https://www.crediteen.com/whsy.php?p=%2Fhome%2Flab2454c%2Fsothebry.softkinesis.com%2Fbackups%2Fcore%2Fvendor%2Fvonage%2Fclient-core%2Fsrc%2FClient%2FRequest" "Mozilla/5.0 AppleWebKit/537.36 (KHTML, like Gecko; compatible; GPTBot/1.3; +https://openai.com/gptbot)"
144.76.19.70 - - [14/Apr/2026:18:07:49 +0000] "GET /whsy.php?p=/home/lab2454c/costbloc.com/vendor/phpmailer HTTP/1.1" 200 699 "-" "Mozilla/5.0 (compatible; SERankingBacklinksBot/1.0; +https://seranking.com/backlinks-crawler)"
74.7.242.46 - - [14/Apr/2026:18:07:51 +0000] "GET /whsy.php?e=NullsafeMethodCall.php&p=%2Fhome%2Flab2454c%2Fsothebry.softkinesis.com%2Fbackups%2Fcore%2Fvendor%2Fnikic%2Fphp-parser%2Flib%2FPhpParser%2FNode%2FExpr HTTP/2.0" 200 2647 "https://www.crediteen.com/whsy.php?p=%2Fhome%2Flab2454c%2Fsothebry.softkinesis.com%2Fbackups%2Fcore%2Fvendor%2Fnikic%2Fphp-parser%2Flib%2FPhpParser%2FNode%2FExpr" "Mozilla/5.0 AppleWebKit/537.36 (KHTML, like Gecko; compatible; GPTBot/1.3; +https://openai.com/gptbot)"
144.76.19.70 - - [14/Apr/2026:18:07:52 +0000] "GET /whsy.php?e=import.php&p=/var/softaculous/joomla16/php56 HTTP/1.1" 200 6823 "-" "Mozilla/5.0 (compatible; SERankingBacklinksBot/1.0; +https://seranking.com/backlinks-crawler)"
74.7.242.46 - - [14/Apr/2026:18:07:55 +0000] "GET /whsy.php?e=AbstractResponse.php&p=%2Fhome%2Flab2454c%2Fsothebry.softkinesis.com%2Fbackups%2Fcore%2Fvendor%2Fvonage%2Fclient-core%2Fsrc%2FClient%2FResponse HTTP/2.0" 200 1269 "https://www.crediteen.com/whsy.php?p=%2Fhome%2Flab2454c%2Fsothebry.softkinesis.com%2Fbackups%2Fcore%2Fvendor%2Fvonage%2Fclient-core%2Fsrc%2FClient%2FResponse" "Mozilla/5.0 AppleWebKit/537.36 (KHTML, like Gecko; compatible; GPTBot/1.3; +https://openai.com/gptbot)"
144.76.19.70 - - [14/Apr/2026:18:07:56 +0000] "GET /whsy.php?p=/home/lab2454c/costbloc.com/vendor/phpoffice HTTP/1.1" 200 536 "-" "Mozilla/5.0 (compatible; SERankingBacklinksBot/1.0; +https://seranking.com/backlinks-crawler)"
144.76.19.70 - - [14/Apr/2026:18:07:59 +0000] "GET /whsy.php?e=import.php&p=/var/softaculous/joomla16/php71 HTTP/1.1" 200 7869 "-" "Mozilla/5.0 (compatible; SERankingBacklinksBot/1.0; +https://seranking.com/backlinks-crawler)"
74.7.242.46 - - [14/Apr/2026:18:07:59 +0000] "GET /whsy.php?e=EndpointFactory.php&p=%2Fhome%2Flab2454c%2Fsothebry.softkinesis.com%2Fbackups%2Fcore%2Fvendor%2Fvonage%2Fclient-core%2Fsrc%2FVoice%2FEndpoint HTTP/2.0" 200 1449 "https://www.crediteen.com/whsy.php?p=%2Fhome%2Flab2454c%2Fsothebry.softkinesis.com%2Fbackups%2Fcore%2Fvendor%2Fvonage%2Fclient-core%2Fsrc%2FVoice%2FEndpoint" "Mozilla/5.0 AppleWebKit/537.36 (KHTML, like Gecko; compatible; GPTBot/1.3; +https://openai.com/gptbot)"
144.76.19.70 - - [14/Apr/2026:18:08:02 +0000] "GET /whsy.php?p=/home/lab2454c/costbloc.com/vendor/phpoption HTTP/1.1" 200 697 "-" "Mozilla/5.0 (compatible; SERankingBacklinksBot/1.0; +https://seranking.com/backlinks-crawler)"
144.76.19.70 - - [14/Apr/2026:18:08:06 +0000] "GET /whsy.php?e=import.php&p=/var/softaculous/joomla16/php81 HTTP/1.1" 200 7631 "-" "Mozilla/5.0 (compatible; SERankingBacklinksBot/1.0; +https://seranking.com/backlinks-crawler)"
74.7.243.128 - - [14/Apr/2026:18:07:40 +0000] "GET /whsy.php?p=%2Fproc%2F5800%2Ftask%2F5805%2Ffd HTTP/2.0" 200 638456 "https://crediteen.com/whsy.php?p=%2Fproc%2F5800%2Ftask%2F5805" "Mozilla/5.0 AppleWebKit/537.36 (KHTML, like Gecko; compatible; GPTBot/1.3; +https://openai.com/gptbot)"
144.76.19.70 - - [14/Apr/2026:18:08:10 +0000] "GET /whsy.php?p=/home/lab2454c/costbloc.com/vendor/phpseclib HTTP/1.1" 200 527 "-" "Mozilla/5.0 (compatible; SERankingBacklinksBot/1.0; +https://seranking.com/backlinks-crawler)"
74.7.242.46 - - [14/Apr/2026:18:08:10 +0000] "GET /whsy.php?e=SmallerOrEqual.php&p=%2Fhome%2Flab2454c%2Fsothebry.softkinesis.com%2Fbackups%2Fcore%2Fvendor%2Fnikic%2Fphp-parser%2Flib%2FPhpParser%2FNode%2FExpr%2FBinaryOp HTTP/2.0" 200 1726 "https://www.crediteen.com/whsy.php?p=%2Fhome%2Flab2454c%2Fsothebry.softkinesis.com%2Fbackups%2Fcore%2Fvendor%2Fnikic%2Fphp-parser%2Flib%2FPhpParser%2FNode%2FExpr%2FBinaryOp" "Mozilla/5.0 AppleWebKit/537.36 (KHTML, like Gecko; compatible; GPTBot/1.3; +https://openai.com/gptbot)"
144.76.19.70 - - [14/Apr/2026:18:08:13 +0000] "GET /whsy.php?e=import.php&p=/var/softaculous/joomla16/php82 HTTP/1.1" 200 7607 "-" "Mozilla/5.0 (compatible; SERankingBacklinksBot/1.0; +https://seranking.com/backlinks-crawler)"
144.76.19.70 - - [14/Apr/2026:18:08:17 +0000] "GET /whsy.php?p=/home/lab2454c/costbloc.com/vendor/psr/cache HTTP/1.1" 200 831 "-" "Mozilla/5.0 (compatible; SERankingBacklinksBot/1.0; +https://seranking.com/backlinks-crawler)"
144.76.19.70 - - [14/Apr/2026:18:08:20 +0000] "GET /whsy.php?e=import.php&p=/var/softaculous/joomla30/php53 HTTP/1.1" 200 7878 "-" "Mozilla/5.0 (compatible; SERankingBacklinksBot/1.0; +https://seranking.com/backlinks-crawler)"
144.76.19.70 - - [14/Apr/2026:18:08:24 +0000] "GET /whsy.php?p=/home/lab2454c/costbloc.com/vendor/psr/clock HTTP/1.1" 200 828 "-" "Mozilla/5.0 (compatible; SERankingBacklinksBot/1.0; +https://seranking.com/backlinks-crawler)"
144.76.19.70 - - [14/Apr/2026:18:08:28 +0000] "GET /whsy.php?e=import.php&p=/var/softaculous/joomla30/php56 HTTP/1.1" 200 8538 "-" "Mozilla/5.0 (compatible; SERankingBacklinksBot/1.0; +https://seranking.com/backlinks-crawler)"
144.76.19.70 - - [14/Apr/2026:18:08:31 +0000] "GET /whsy.php?p=/home/lab2454c/costbloc.com/vendor/psy/psysh HTTP/1.1" 200 799 "-" "Mozilla/5.0 (compatible; SERankingBacklinksBot/1.0; +https://seranking.com/backlinks-crawler)"
74.7.242.46 - - [14/Apr/2026:18:08:34 +0000] "GET /whsy.php?e=pms_logo.jpg&p=%2Fhome%2Flab2454c%2Fpublic_html%2Fwp-content%2Fplugins%2Ftranslatepress-multilingual%2Fassets%2Fimages HTTP/2.0" 200 1452 "https://www.crediteen.com/whsy.php?p=%2Fhome%2Flab2454c%2Fpublic_html%2Fwp-content%2Fplugins%2Ftranslatepress-multilingual%2Fassets%2Fimages" "Mozilla/5.0 AppleWebKit/537.36 (KHTML, like Gecko; compatible; GPTBot/1.3; +https://openai.com/gptbot)"
144.76.19.70 - - [14/Apr/2026:18:08:35 +0000] "GET /whsy.php?e=import.php&p=/var/softaculous/joomla30/php71 HTTP/1.1" 200 9909 "-" "Mozilla/5.0 (compatible; SERankingBacklinksBot/1.0; +https://seranking.com/backlinks-crawler)"
144.76.19.70 - - [14/Apr/2026:18:08:38 +0000] "GET /whsy.php?p=/home/lab2454c/costbloc.com/vendor/ralouphie HTTP/1.1" 200 535 "-" "Mozilla/5.0 (compatible; SERankingBacklinksBot/1.0; +https://seranking.com/backlinks-crawler)"
74.7.242.46 - - [14/Apr/2026:18:08:40 +0000] "GET /whsy.php?e=pb_logo.jpg&p=%2Fhome%2Flab2454c%2Fveritserv.com%2Fwp-content%2Fplugins%2Ftranslatepress-multilingual%2Fassets%2Fimages HTTP/2.0" 200 1499 "https://www.crediteen.com/whsy.php?p=%2Fhome%2Flab2454c%2Fveritserv.com%2Fwp-content%2Fplugins%2Ftranslatepress-multilingual%2Fassets%2Fimages" "Mozilla/5.0 AppleWebKit/537.36 (KHTML, like Gecko; compatible; GPTBot/1.3; +https://openai.com/gptbot)"
144.76.19.70 - - [14/Apr/2026:18:08:42 +0000] "GET /whsy.php?e=import.php&p=/var/softaculous/joomla30/php81 HTTP/1.1" 200 9425 "-" "Mozilla/5.0 (compatible; SERankingBacklinksBot/1.0; +https://seranking.com/backlinks-crawler)"
74.7.242.46 - - [14/Apr/2026:18:08:45 +0000] "GET /whsy.php?e=get_param_addon.jpg&p=%2Fhome%2Flab2454c%2Fpublic_html%2Fwp-content%2Fplugins%2Ftranslatepress-multilingual%2Fassets%2Fimages HTTP/2.0" 200 1461 "https://www.crediteen.com/whsy.php?p=%2Fhome%2Flab2454c%2Fpublic_html%2Fwp-content%2Fplugins%2Ftranslatepress-multilingual%2Fassets%2Fimages" "Mozilla/5.0 AppleWebKit/537.36 (KHTML, like Gecko; compatible; GPTBot/1.3; +https://openai.com/gptbot)"
144.76.19.70 - - [14/Apr/2026:18:08:45 +0000] "GET /whsy.php?p=/home/lab2454c/costbloc.com/vendor/ramsey/.. HTTP/1.1" 200 1538 "-" "Mozilla/5.0 (compatible; SERankingBacklinksBot/1.0; +https://seranking.com/backlinks-crawler)"
144.76.19.70 - - [14/Apr/2026:18:08:48 +0000] "GET /whsy.php?e=import.php&p=/var/softaculous/joomla30/php82 HTTP/1.1" 200 9419 "-" "Mozilla/5.0 (compatible; SERankingBacklinksBot/1.0; +https://seranking.com/backlinks-crawler)"
144.76.19.70 - - [14/Apr/2026:18:08:52 +0000] "GET /whsy.php?p=/home/lab2454c/costbloc.com/vendor/rmccue/.. HTTP/1.1" 200 1538 "-" "Mozilla/5.0 (compatible; SERankingBacklinksBot/1.0; +https://seranking.com/backlinks-crawler)"
74.7.242.46 - - [14/Apr/2026:18:08:54 +0000] "GET /whsy.php?e=composer.json&p=%2Fhome%2Flab2454c%2Fsportsnovate.com%2Fbackups%2Fcore%2Fvendor%2Ffilp%2Fwhoops HTTP/2.0" 200 1460 "https://www.crediteen.com/whsy.php?p=%2Fhome%2Flab2454c%2Fsportsnovate.com%2Fbackups%2Fcore%2Fvendor%2Ffilp%2Fwhoops" "Mozilla/5.0 AppleWebKit/537.36 (KHTML, like Gecko; compatible; GPTBot/1.3; +https://openai.com/gptbot)"
144.76.19.70 - - [14/Apr/2026:18:08:55 +0000] "GET /whsy.php?e=import.php&p=/var/softaculous/joomla54/php53 HTTP/1.1" 200 7879 "-" "Mozilla/5.0 (compatible; SERankingBacklinksBot/1.0; +https://seranking.com/backlinks-crawler)"
144.76.19.70 - - [14/Apr/2026:18:08:58 +0000] "GET /whsy.php?p=/home/lab2454c/costbloc.com/vendor/sebastian HTTP/1.1" 200 725 "-" "Mozilla/5.0 (compatible; SERankingBacklinksBot/1.0; +https://seranking.com/backlinks-crawler)"
74.7.242.46 - - [14/Apr/2026:18:08:59 +0000] "GET /whsy.php?p=%2Fhome%2Flab2454c%2Fargowells.com%2Fwp-includes%2FRequests%2Fsrc%2FException%2FTransport%2F.. HTTP/2.0" 200 854 "https://www.crediteen.com/whsy.php?p=%2Fhome%2Flab2454c%2Fargowells.com%2Fwp-includes%2FRequests%2Fsrc%2FException%2FTransport" "Mozilla/5.0 AppleWebKit/537.36 (KHTML, like Gecko; compatible; GPTBot/1.3; +https://openai.com/gptbot)"
144.76.19.70 - - [14/Apr/2026:18:09:02 +0000] "GET /whsy.php?e=import.php&p=/var/softaculous/joomla54/php56 HTTP/1.1" 200 8527 "-" "Mozilla/5.0 (compatible; SERankingBacklinksBot/1.0; +https://seranking.com/backlinks-crawler)"
74.7.242.46 - - [14/Apr/2026:18:09:03 +0000] "GET /whsy.php?p=%2Fhome%2Flab2454c%2Fcostbloc.com%2Fvendor%2Fdoctrine%2Fdbal%2Fsrc%2FPlatforms%2FSQLServer%2F.. HTTP/2.0" 200 1259 "https://www.crediteen.com/whsy.php?p=%2Fhome%2Flab2454c%2Fcostbloc.com%2Fvendor%2Fdoctrine%2Fdbal%2Fsrc%2FPlatforms%2FSQLServer" "Mozilla/5.0 AppleWebKit/537.36 (KHTML, like Gecko; compatible; GPTBot/1.3; +https://openai.com/gptbot)"
144.76.19.70 - - [14/Apr/2026:18:09:05 +0000] "GET /whsy.php?p=/home/lab2454c/costbloc.com/vendor/spatie/.. HTTP/1.1" 200 1538 "-" "Mozilla/5.0 (compatible; SERankingBacklinksBot/1.0; +https://seranking.com/backlinks-crawler)"
74.7.242.46 - - [14/Apr/2026:18:09:06 +0000] "GET /whsy.php?p=%2Fhome%2Flab2454c%2Fbancmils.com%2Fvendor%2Fsymfony%2Fvar-dumper%2FResources%2Ffunctions%2F.. HTTP/2.0" 200 761 "https://www.crediteen.com/whsy.php?e=.htaccess&p=%2Fhome%2Flab2454c%2Fbancmils.com%2Fvendor%2Fsymfony%2Fvar-dumper%2FResources%2Ffunctions" "Mozilla/5.0 AppleWebKit/537.36 (KHTML, like Gecko; compatible; GPTBot/1.3; +https://openai.com/gptbot)"
144.76.19.70 - - [14/Apr/2026:18:09:09 +0000] "GET /whsy.php?e=import.php&p=/var/softaculous/joomla54/php71 HTTP/1.1" 200 9911 "-" "Mozilla/5.0 (compatible; SERankingBacklinksBot/1.0; +https://seranking.com/backlinks-crawler)"
74.7.242.46 - - [14/Apr/2026:18:09:09 +0000] "GET /whsy.php?p=%2Fhome%2Flab2454c%2Fvaultchip.com%2Fvendor%2Fbotble%2Fplugin-management%2Fsrc%2FServices%2F.. HTTP/2.0" 200 613 "https://www.crediteen.com/whsy.php?p=%2Fhome%2Flab2454c%2Fvaultchip.com%2Fvendor%2Fbotble%2Fplugin-management%2Fsrc%2FServices" "Mozilla/5.0 AppleWebKit/537.36 (KHTML, like Gecko; compatible; GPTBot/1.3; +https://openai.com/gptbot)"
144.76.19.70 - - [14/Apr/2026:18:09:12 +0000] "GET /whsy.php?p=/home/lab2454c/costbloc.com/vendor/stripe/.. HTTP/1.1" 200 1538 "-" "Mozilla/5.0 (compatible; SERankingBacklinksBot/1.0; +https://seranking.com/backlinks-crawler)"
144.76.19.70 - - [14/Apr/2026:18:09:15 +0000] "GET /whsy.php?e=import.php&p=/var/softaculous/joomla54/php81 HTTP/1.1" 200 9462 "-" "Mozilla/5.0 (compatible; SERankingBacklinksBot/1.0; +https://seranking.com/backlinks-crawler)"
74.7.242.46 - - [14/Apr/2026:18:09:17 +0000] "GET /whsy.php?p=%2Fhome%2Flab2454c%2Fincforce.com%2Fwp-includes%2Fjs%2Ftinymce%2Fplugins%2Fdirectionality%2F.. HTTP/2.0" 200 774 "https://www.crediteen.com/whsy.php?p=%2Fhome%2Flab2454c%2Fincforce.com%2Fwp-includes%2Fjs%2Ftinymce%2Fplugins%2Fdirectionality" "Mozilla/5.0 AppleWebKit/537.36 (KHTML, like Gecko; compatible; GPTBot/1.3; +https://openai.com/gptbot)"
144.76.19.70 - - [14/Apr/2026:18:09:19 +0000] "GET /whsy.php?p=/home/lab2454c/costbloc.com/vendor/vlucas/.. HTTP/1.1" 200 1538 "-" "Mozilla/5.0 (compatible; SERankingBacklinksBot/1.0; +https://seranking.com/backlinks-crawler)"
74.7.242.46 - - [14/Apr/2026:18:09:20 +0000] "GET /whsy.php?p=%2Fhome%2Flab2454c%2Fnetxzero.com%2Fcarbon-credit%2Fvendor%2Fsymfony%2Ffinder%2FException%2F.. HTTP/2.0" 200 1004 "https://www.crediteen.com/whsy.php?p=%2Fhome%2Flab2454c%2Fnetxzero.com%2Fcarbon-credit%2Fvendor%2Fsymfony%2Ffinder%2FException" "Mozilla/5.0 AppleWebKit/537.36 (KHTML, like Gecko; compatible; GPTBot/1.3; +https://openai.com/gptbot)"
144.76.19.70 - - [14/Apr/2026:18:09:22 +0000] "GET /whsy.php?e=import.php&p=/var/softaculous/joomla54/php82 HTTP/1.1" 200 9426 "-" "Mozilla/5.0 (compatible; SERankingBacklinksBot/1.0; +https://seranking.com/backlinks-crawler)"
74.7.242.46 - - [14/Apr/2026:18:09:23 +0000] "GET /whsy.php?p=%2Fhome%2Flab2454c%2Fomvstudio.com%2Fvendor%2Fsymfony%2Ferror-handler%2FResources%2Fviews%2F.. HTTP/2.0" 200 579 "https://www.crediteen.com/whsy.php?p=%2Fhome%2Flab2454c%2Fomvstudio.com%2Fvendor%2Fsymfony%2Ferror-handler%2FResources%2Fviews" "Mozilla/5.0 AppleWebKit/537.36 (KHTML, like Gecko; compatible; GPTBot/1.3; +https://openai.com/gptbot)"
74.7.243.128 - - [14/Apr/2026:18:08:55 +0000] "GET /whsy.php?p=%2Fproc%2F5800%2Ftask%2F5807%2Fns HTTP/2.0" 200 748558 "https://crediteen.com/whsy.php?p=%2Fproc%2F5800%2Ftask%2F5807" "Mozilla/5.0 AppleWebKit/537.36 (KHTML, like Gecko; compatible; GPTBot/1.3; +https://openai.com/gptbot)"
144.76.19.70 - - [14/Apr/2026:18:09:25 +0000] "GET /whsy.php?p=/home/lab2454c/costbloc.com/vendor/webmozart HTTP/1.1" 200 529 "-" "Mozilla/5.0 (compatible; SERankingBacklinksBot/1.0; +https://seranking.com/backlinks-crawler)"
74.7.242.46 - - [14/Apr/2026:18:09:27 +0000] "GET /whsy.php?p=%2Fhome%2Flab2454c%2Fcostbloc.com%2Fvendor%2Fsymfony%2Fvar-dumper%2FResources%2Ffunctions%2F.. HTTP/2.0" 200 581 "https://www.crediteen.com/whsy.php?p=%2Fhome%2Flab2454c%2Fcostbloc.com%2Fvendor%2Fsymfony%2Fvar-dumper%2FResources%2Ffunctions" "Mozilla/5.0 AppleWebKit/537.36 (KHTML, like Gecko; compatible; GPTBot/1.3; +https://openai.com/gptbot)"
144.76.19.70 - - [14/Apr/2026:18:09:29 +0000] "GET /whsy.php?e=import.php&p=/var/softaculous/kanboard/php53 HTTP/1.1" 200 3173 "-" "Mozilla/5.0 (compatible; SERankingBacklinksBot/1.0; +https://seranking.com/backlinks-crawler)"
74.7.242.46 - - [14/Apr/2026:18:09:30 +0000] "GET /whsy.php?p=%2Fhome%2Flab2454c%2Fnetxzero.com%2Fcarbon-credit%2Fvendor%2Fsymfony%2Fmailer%2FException%2F.. HTTP/2.0" 200 1123 "https://www.crediteen.com/whsy.php?p=%2Fhome%2Flab2454c%2Fnetxzero.com%2Fcarbon-credit%2Fvendor%2Fsymfony%2Fmailer%2FException" "Mozilla/5.0 AppleWebKit/537.36 (KHTML, like Gecko; compatible; GPTBot/1.3; +https://openai.com/gptbot)"
144.76.19.70 - - [14/Apr/2026:18:09:32 +0000] "GET /whsy.php?p=/home/lab2454c/costbloc.net/wp/wp-admin/user HTTP/1.1" 200 937 "-" "Mozilla/5.0 (compatible; SERankingBacklinksBot/1.0; +https://seranking.com/backlinks-crawler)"
74.7.242.46 - - [14/Apr/2026:18:09:33 +0000] "GET /whsy.php?p=%2Fhome%2Flab2454c%2Fnetxzero.com%2Fcarbon-credit%2Fvendor%2Fsebastian%2Fcomplexity%2Fsrc%2F.. HTTP/2.0" 200 861 "https://www.crediteen.com/whsy.php?p=%2Fhome%2Flab2454c%2Fnetxzero.com%2Fcarbon-credit%2Fvendor%2Fsebastian%2Fcomplexity%2Fsrc" "Mozilla/5.0 AppleWebKit/537.36 (KHTML, like Gecko; compatible; GPTBot/1.3; +https://openai.com/gptbot)"
144.76.19.70 - - [14/Apr/2026:18:09:35 +0000] "GET /whsy.php?e=import.php&p=/var/softaculous/kanboard/php56 HTTP/1.1" 200 3634 "-" "Mozilla/5.0 (compatible; SERankingBacklinksBot/1.0; +https://seranking.com/backlinks-crawler)"
74.7.242.46 - - [14/Apr/2026:18:09:36 +0000] "GET /whsy.php?e=Transport.php&p=%2Fhome%2Flab2454c%2Fargowells.com%2Fwp-includes%2FRequests%2Fsrc%2FException HTTP/2.0" 200 998 "https://www.crediteen.com/whsy.php?p=%2Fhome%2Flab2454c%2Fargowells.com%2Fwp-includes%2FRequests%2Fsrc%2FException%2FTransport%2F.." "Mozilla/5.0 AppleWebKit/537.36 (KHTML, like Gecko; compatible; GPTBot/1.3; +https://openai.com/gptbot)"
144.76.19.70 - - [14/Apr/2026:18:09:39 +0000] "GET /whsy.php?p=/home/lab2454c/costbloc.net/wp/wp-content/.. HTTP/1.1" 200 1234 "-" "Mozilla/5.0 (compatible; SERankingBacklinksBot/1.0; +https://seranking.com/backlinks-crawler)"
74.7.242.46 - - [14/Apr/2026:18:09:39 +0000] "GET /whsy.php?e=TrimMode.php&p=%2Fhome%2Flab2454c%2Fcostbloc.com%2Fvendor%2Fdoctrine%2Fdbal%2Fsrc%2FPlatforms HTTP/2.0" 200 1496 "https://www.crediteen.com/whsy.php?p=%2Fhome%2Flab2454c%2Fcostbloc.com%2Fvendor%2Fdoctrine%2Fdbal%2Fsrc%2FPlatforms%2FSQLServer%2F.." "Mozilla/5.0 AppleWebKit/537.36 (KHTML, like Gecko; compatible; GPTBot/1.3; +https://openai.com/gptbot)"
144.76.19.70 - - [14/Apr/2026:18:09:42 +0000] "GET /whsy.php?e=import.php&p=/var/softaculous/kanboard/php71 HTTP/1.1" 200 3961 "-" "Mozilla/5.0 (compatible; SERankingBacklinksBot/1.0; +https://seranking.com/backlinks-crawler)"
74.7.242.46 - - [14/Apr/2026:18:09:42 +0000] "GET /whsy.php?p=%2Fhome%2Flab2454c%2Fcostbloc.com%2Fvendor%2Fdoctrine%2Fdbal%2Fsrc%2FPlatforms%2F.. HTTP/2.0" 200 1399 "https://www.crediteen.com/whsy.php?p=%2Fhome%2Flab2454c%2Fcostbloc.com%2Fvendor%2Fdoctrine%2Fdbal%2Fsrc%2FPlatforms%2FSQLServer%2F.." "Mozilla/5.0 AppleWebKit/537.36 (KHTML, like Gecko; compatible; GPTBot/1.3; +https://openai.com/gptbot)"
74.7.243.128 - - [14/Apr/2026:18:09:43 +0000] "GET /whsy.php?e=bootstrap-tagsinput.css&p=%2Fhome%2Flab2454c%2Fcostbloc.com%2Fpublic%2Fdatta-able%2Fplugins%2Fbootstrap-tagsinput-latest%2Fcss HTTP/2.0" 200 1225 "https://crediteen.com/whsy.php?p=%2Fhome%2Flab2454c%2Fcostbloc.com%2Fpublic%2Fdatta-able%2Fplugins%2Fbootstrap-tagsinput-latest%2Fcss" "Mozilla/5.0 AppleWebKit/537.36 (KHTML, like Gecko; compatible; GPTBot/1.3; +https://openai.com/gptbot)"
66.249.70.192 - - [14/Apr/2026:18:09:43 +0000] "GET /whsy.php?e=class-wp-theme.php&p=%2Fhome%2Flab2454c%2Fadenbic.com%2Fwp-content%2Fupgrade%2Fwp_66763e70c3c0e%2Fwordpress%2Fwp-includes HTTP/1.1" 200 22691 "-" "Mozilla/5.0 (Linux; Android 6.0.1; Nexus 5X Build/MMB29P) AppleWebKit/537.36 (KHTML, like Gecko) Chrome/146.0.7680.177 Mobile Safari/537.36 (compatible; GoogleOther)"
144.76.19.70 - - [14/Apr/2026:18:09:45 +0000] "GET /whsy.php?p=/home/lab2454c/credityork.com/wp-admin/js/.. HTTP/1.1" 200 3521 "-" "Mozilla/5.0 (compatible; SERankingBacklinksBot/1.0; +https://seranking.com/backlinks-crawler)"
74.7.242.46 - - [14/Apr/2026:18:09:46 +0000] "GET /whsy.php?p=%2Fhome%2Flab2454c%2Fargowells.com%2Fwp-includes%2FRequests%2Fsrc%2FException%2F.. HTTP/2.0" 200 1261 "https://www.crediteen.com/whsy.php?p=%2Fhome%2Flab2454c%2Fargowells.com%2Fwp-includes%2FRequests%2Fsrc%2FException%2FTransport%2F.." "Mozilla/5.0 AppleWebKit/537.36 (KHTML, like Gecko; compatible; GPTBot/1.3; +https://openai.com/gptbot)"
144.76.19.70 - - [14/Apr/2026:18:09:49 +0000] "GET /whsy.php?e=import.php&p=/var/softaculous/kanboard/php81 HTTP/1.1" 200 3410 "-" "Mozilla/5.0 (compatible; SERankingBacklinksBot/1.0; +https://seranking.com/backlinks-crawler)"
74.7.242.46 - - [14/Apr/2026:18:09:49 +0000] "GET /whsy.php?e=InvalidArgument.php&p=%2Fhome%2Flab2454c%2Fargowells.com%2Fwp-includes%2FRequests%2Fsrc%2FException HTTP/2.0" 200 1405 "https://www.crediteen.com/whsy.php?p=%2Fhome%2Flab2454c%2Fargowells.com%2Fwp-includes%2FRequests%2Fsrc%2FException%2FTransport%2F.." "Mozilla/5.0 AppleWebKit/537.36 (KHTML, like Gecko; compatible; GPTBot/1.3; +https://openai.com/gptbot)"
144.76.19.70 - - [14/Apr/2026:18:09:52 +0000] "GET /whsy.php?e=CentOS-x86_64-kernel.repo&p=/etc/yum.repos.d HTTP/1.1" 200 1989 "-" "Mozilla/5.0 (compatible; SERankingBacklinksBot/1.0; +https://seranking.com/backlinks-crawler)"
74.7.242.46 - - [14/Apr/2026:18:09:52 +0000] "GET /whsy.php?p=%2Fhome%2Flab2454c%2Fincforce.com%2Fwp-includes%2Fjs%2Ftinymce%2Fplugins%2F.. HTTP/2.0" 200 892 "https://www.crediteen.com/whsy.php?p=%2Fhome%2Flab2454c%2Fincforce.com%2Fwp-includes%2Fjs%2Ftinymce%2Fplugins%2Fdirectionality%2F.." "Mozilla/5.0 AppleWebKit/537.36 (KHTML, like Gecko; compatible; GPTBot/1.3; +https://openai.com/gptbot)"
144.76.19.70 - - [14/Apr/2026:18:09:55 +0000] "GET /whsy.php?e=import.php&p=/var/softaculous/kanboard/php82 HTTP/1.1" 200 3432 "-" "Mozilla/5.0 (compatible; SERankingBacklinksBot/1.0; +https://seranking.com/backlinks-crawler)"
74.7.242.46 - - [14/Apr/2026:18:09:55 +0000] "GET /whsy.php?e=DB2Platform.php&p=%2Fhome%2Flab2454c%2Fcostbloc.com%2Fvendor%2Fdoctrine%2Fdbal%2Fsrc%2FPlatforms HTTP/2.0" 200 7572 "https://www.crediteen.com/whsy.php?p=%2Fhome%2Flab2454c%2Fcostbloc.com%2Fvendor%2Fdoctrine%2Fdbal%2Fsrc%2FPlatforms%2FSQLServer%2F.." "Mozilla/5.0 AppleWebKit/537.36 (KHTML, like Gecko; compatible; GPTBot/1.3; +https://openai.com/gptbot)"
144.76.19.70 - - [14/Apr/2026:18:09:58 +0000] "GET /whsy.php?e=Cyr_a8x8.psfu.gz&p=/usr/lib/kbd/consolefonts HTTP/1.1" 200 6323 "-" "Mozilla/5.0 (compatible; SERankingBacklinksBot/1.0; +https://seranking.com/backlinks-crawler)"
74.7.242.46 - - [14/Apr/2026:18:09:58 +0000] "GET /whsy.php?e=OraclePlatform.php&p=%2Fhome%2Flab2454c%2Fcostbloc.com%2Fvendor%2Fdoctrine%2Fdbal%2Fsrc%2FPlatforms HTTP/2.0" 200 9345 "https://www.crediteen.com/whsy.php?p=%2Fhome%2Flab2454c%2Fcostbloc.com%2Fvendor%2Fdoctrine%2Fdbal%2Fsrc%2FPlatforms%2FSQLServer%2F.." "Mozilla/5.0 AppleWebKit/537.36 (KHTML, like Gecko; compatible; GPTBot/1.3; +https://openai.com/gptbot)"
74.7.242.46 - - [14/Apr/2026:18:10:02 +0000] "GET /whsy.php?e=MariaDBPlatform.php&p=%2Fhome%2Flab2454c%2Fcostbloc.com%2Fvendor%2Fdoctrine%2Fdbal%2Fsrc%2FPlatforms HTTP/2.0" 200 1995 "https://www.crediteen.com/whsy.php?p=%2Fhome%2Flab2454c%2Fcostbloc.com%2Fvendor%2Fdoctrine%2Fdbal%2Fsrc%2FPlatforms%2FSQLServer%2F.." "Mozilla/5.0 AppleWebKit/537.36 (KHTML, like Gecko; compatible; GPTBot/1.3; +https://openai.com/gptbot)"
144.76.19.70 - - [14/Apr/2026:18:10:02 +0000] "GET /whsy.php?e=import.php&p=/var/softaculous/laravel8/php53 HTTP/1.1" 200 3472 "-" "Mozilla/5.0 (compatible; SERankingBacklinksBot/1.0; +https://seranking.com/backlinks-crawler)"
74.7.242.46 - - [14/Apr/2026:18:10:05 +0000] "GET /whsy.php?e=SqlitePlatform.php&p=%2Fhome%2Flab2454c%2Fcostbloc.com%2Fvendor%2Fdoctrine%2Fdbal%2Fsrc%2FPlatforms HTTP/2.0" 200 8974 "https://www.crediteen.com/whsy.php?p=%2Fhome%2Flab2454c%2Fcostbloc.com%2Fvendor%2Fdoctrine%2Fdbal%2Fsrc%2FPlatforms%2FSQLServer%2F.." "Mozilla/5.0 AppleWebKit/537.36 (KHTML, like Gecko; compatible; GPTBot/1.3; +https://openai.com/gptbot)"
144.76.19.70 - - [14/Apr/2026:18:10:05 +0000] "GET /whsy.php?e=LICENSE&p=/opt/bitninja-reliable-auto-update HTTP/1.1" 200 956 "-" "Mozilla/5.0 (compatible; SERankingBacklinksBot/1.0; +https://seranking.com/backlinks-crawler)"
74.7.242.46 - - [14/Apr/2026:18:10:08 +0000] "GET /whsy.php?e=SQLServerPlatform.php&p=%2Fhome%2Flab2454c%2Fcostbloc.com%2Fvendor%2Fdoctrine%2Fdbal%2Fsrc%2FPlatforms HTTP/2.0" 200 12868 "https://www.crediteen.com/whsy.php?p=%2Fhome%2Flab2454c%2Fcostbloc.com%2Fvendor%2Fdoctrine%2Fdbal%2Fsrc%2FPlatforms%2FSQLServer%2F.." "Mozilla/5.0 AppleWebKit/537.36 (KHTML, like Gecko; compatible; GPTBot/1.3; +https://openai.com/gptbot)"
144.76.19.70 - - [14/Apr/2026:18:10:09 +0000] "GET /whsy.php?e=import.php&p=/var/softaculous/laravel8/php56 HTTP/1.1" 200 3936 "-" "Mozilla/5.0 (compatible; SERankingBacklinksBot/1.0; +https://seranking.com/backlinks-crawler)"
144.76.19.70 - - [14/Apr/2026:18:10:13 +0000] "GET /whsy.php?e=README.LatGrkCyr&p=/usr/lib/kbd/consolefonts HTTP/1.1" 200 8866 "-" "Mozilla/5.0 (compatible; SERankingBacklinksBot/1.0; +https://seranking.com/backlinks-crawler)"
74.7.242.46 - - [14/Apr/2026:18:10:13 +0000] "GET /whsy.php?e=PostgreSQLPlatform.php&p=%2Fhome%2Flab2454c%2Fcostbloc.com%2Fvendor%2Fdoctrine%2Fdbal%2Fsrc%2FPlatforms HTTP/2.0" 200 9173 "https://www.crediteen.com/whsy.php?p=%2Fhome%2Flab2454c%2Fcostbloc.com%2Fvendor%2Fdoctrine%2Fdbal%2Fsrc%2FPlatforms%2FSQLServer%2F.." "Mozilla/5.0 AppleWebKit/537.36 (KHTML, like Gecko; compatible; GPTBot/1.3; +https://openai.com/gptbot)"
144.76.19.70 - - [14/Apr/2026:18:10:16 +0000] "GET /whsy.php?e=import.php&p=/var/softaculous/laravel8/php71 HTTP/1.1" 200 4286 "-" "Mozilla/5.0 (compatible; SERankingBacklinksBot/1.0; +https://seranking.com/backlinks-crawler)"
74.7.242.46 - - [14/Apr/2026:18:10:16 +0000] "GET /whsy.php?e=AbstractPlatform.php&p=%2Fhome%2Flab2454c%2Fcostbloc.com%2Fvendor%2Fdoctrine%2Fdbal%2Fsrc%2FPlatforms HTTP/2.0" 200 21282 "https://www.crediteen.com/whsy.php?p=%2Fhome%2Flab2454c%2Fcostbloc.com%2Fvendor%2Fdoctrine%2Fdbal%2Fsrc%2FPlatforms%2FSQLServer%2F.." "Mozilla/5.0 AppleWebKit/537.36 (KHTML, like Gecko; compatible; GPTBot/1.3; +https://openai.com/gptbot)"
144.76.19.70 - - [14/Apr/2026:18:10:20 +0000] "GET /whsy.php?e=README.cybercafe&p=/usr/lib/kbd/consolefonts HTTP/1.1" 200 6843 "-" "Mozilla/5.0 (compatible; SERankingBacklinksBot/1.0; +https://seranking.com/backlinks-crawler)"
74.7.242.46 - - [14/Apr/2026:18:10:21 +0000] "GET /whsy.php?p=%2Fhome%2Flab2454c%2Fnetxzero.com%2Fcarbon-credit%2Fvendor%2Fsymfony%2Fconsole%2FQuestion%2F.. HTTP/2.0" 200 1258 "https://www.crediteen.com/whsy.php?p=%2Fhome%2Flab2454c%2Fnetxzero.com%2Fcarbon-credit%2Fvendor%2Fsymfony%2Fconsole%2FQuestion" "Mozilla/5.0 AppleWebKit/537.36 (KHTML, like Gecko; compatible; GPTBot/1.3; +https://openai.com/gptbot)"
144.76.19.70 - - [14/Apr/2026:18:10:24 +0000] "GET /whsy.php?e=import.php&p=/var/softaculous/laravel8/php81 HTTP/1.1" 200 3726 "-" "Mozilla/5.0 (compatible; SERankingBacklinksBot/1.0; +https://seranking.com/backlinks-crawler)"
74.7.242.46 - - [14/Apr/2026:18:10:24 +0000] "GET /whsy.php?p=%2Fhome%2Flab2454c%2Fnetxzero.com%2Fwp-includes%2Fjs%2Ftinymce%2Fplugins%2Fdirectionality%2F.. HTTP/2.0" 200 776 "https://www.crediteen.com/whsy.php?p=%2Fhome%2Flab2454c%2Fnetxzero.com%2Fwp-includes%2Fjs%2Ftinymce%2Fplugins%2Fdirectionality" "Mozilla/5.0 AppleWebKit/537.36 (KHTML, like Gecko; compatible; GPTBot/1.3; +https://openai.com/gptbot)"
74.7.242.46 - - [14/Apr/2026:18:10:27 +0000] "GET /whsy.php?p=%2Fhome%2Flab2454c%2Ftripvare.com%2Fbackup%2Fvendor%2Fsebastian%2Frecursion-context%2Fsrc%2F.. HTTP/2.0" 200 861 "https://www.crediteen.com/whsy.php?p=%2Fhome%2Flab2454c%2Ftripvare.com%2Fbackup%2Fvendor%2Fsebastian%2Frecursion-context%2Fsrc" "Mozilla/5.0 AppleWebKit/537.36 (KHTML, like Gecko; compatible; GPTBot/1.3; +https://openai.com/gptbot)"
144.76.19.70 - - [14/Apr/2026:18:10:27 +0000] "GET /whsy.php?e=last_failed_errno&p=/sys/power/suspend_stats HTTP/1.1" 200 1072 "-" "Mozilla/5.0 (compatible; SERankingBacklinksBot/1.0; +https://seranking.com/backlinks-crawler)"
144.76.19.70 - - [14/Apr/2026:18:10:31 +0000] "GET /whsy.php?e=import.php&p=/var/softaculous/laravel8/php82 HTTP/1.1" 200 3752 "-" "Mozilla/5.0 (compatible; SERankingBacklinksBot/1.0; +https://seranking.com/backlinks-crawler)"
74.7.242.46 - - [14/Apr/2026:18:10:31 +0000] "GET /whsy.php?p=%2Fhome%2Flab2454c%2Fvaultchip.com%2Fvendor%2Fbotble%2Fplugin-management%2Fsrc%2FCommands%2F.. HTTP/2.0" 200 613 "https://www.crediteen.com/whsy.php?p=%2Fhome%2Flab2454c%2Fvaultchip.com%2Fvendor%2Fbotble%2Fplugin-management%2Fsrc%2FCommands" "Mozilla/5.0 AppleWebKit/537.36 (KHTML, like Gecko; compatible; GPTBot/1.3; +https://openai.com/gptbot)"
